{"text_format":"1","workbook":"xlsx","n_sheets":36,"sheets":["LDC Info","Index","App.2-A_Capital Projects","App.2-B_Fixed Asset Continuity","App.2-CA_CGAAP_DepExp_2011","App.2-CB_MIFRS_DepExp_2011","App.2-CC_MIFRS_DepExp_2012","App.2-CD_MIFRS_DepExp_2013","App.2-CE_CGAAP_DepExp_2011","App.2-CF_CGAAP_DepExp_2012","App.2-CG_MIFRS_DepExp_2012","App.2-CH_MIFRS_DepExp_2013","App.2-CI_AltAccStd_DepExp","App.2-D_Overhead","App.2-EA_PP&E Deferral Account","App.2-EB_PP&E Deferral Account","App.2-F_Other_Oper_Rev","App.2-G_Detailed_OM&A_Expenses","App.2-H_OM&A_Detailed_Analysis","App.2-I_OM&A_Summary_Analys","App.2-J_OM&A_Cost _Drivers","App.2-K_Employee Costs","App.2-L_OM&A_per_Cust_FTEE","App.2-M_Regulatory_Costs","App.2-N_Corp_Cost_Allocation","App.2-OA Capital Structure","App.2-OB_Debt Instruments","App.2-P_Cost_Allocation","App.2-Q_Cost of Serv. Emb. Dx","App.2-R_Loss Factors","App.2-S_Stranded Meters","App.2-T_1592_Tax_Variance","App.2-U_IFRS Transition Costs","App.2-V_Rev_Reconciliation","App.2-W_Bill Impacts","App.2-X_CoS_Flowchart"],"not_rendered":{"charts":0,"images":3,"macros":1,"external_links":2,"defined_names":37,"comments":0,"pivot_tables":0},"unopened":[],"bounds":{"document_bytes":16777216,"sheet_cells":100000,"rows_first":2000,"rows_last":500,"rows_between":2000,"halvings":0,"cell_chars":16384,"cell_head_chars":4096},"cells_cut":0,"cells_raw":0,"read":"whole","date_system":"1900"}

{"sheet":"LDC Info","index":0,"n_rows":80,"n_cols":27,"rows_kept":80,"cut":false,"hidden":false,"merged":[[19,4,19,10],[33,2,33,11],[37,2,37,12],[13,4,13,10],[15,4,15,8],[17,4,17,8],[21,4,21,8],[23,4,23,8],[25,4,25,6],[27,4,27,6],[35,2,35,13],[29,4,29,6]]}
[]
[]
[null,null,null,null,null,null,null,null,null,null,null,null,null,null,null,null,null,null,null,null,null,null,null,null,null,null,"Algoma Power Inc."]
[null,null,null,null,null,null,null,null,null,null,null,null,null,null,null,null,null,null,null,null,null,null,null,null,null,null,"Atikokan Hydro Inc."]
[null,null,null,null,null,null,null,null,null,null,null,null,null,null,null,null,null,null,null,null,null,null,null,null,null,null,"Attawapiskat Power Corporation"]
[null,null,null,null,null,null,null,null,null,null,null,null,null,null,null,null,null,null,null,null,null,null,null,null,null,null,"Bluewater Power Distribution Corp."]
[null,null,null,null,null,null,null,null,null,null,null,null,null,null,null,null,null,null,null,null,null,null,null,null,null,null,"Brant County Power"]
[null,null,null,null,null,null,null,null,null,null,null,null,null,null,null,null,null,null,null,null,null,null,null,null,null,null,"Brantford Power Inc."]
[null,null,null,null,null,null,null,null,null,null,null,null,null,null,null,null,null,null,null,null,null,null,null,null,null,null,"Burlington Hydro Inc."]
[null,null,null,null,null,null,null,null,null,null,null,null,null,null,null,null,null,null,null,null,null,null,null,null,null,null,"Cambridge and North Dumfries Hydro"]
[null,null,null,null,null,null,null,null,null,null,null,null,null,null,null,null,null,null,null,null,null,null,null,null,null,null,"Canadian Niagara Power Inc. – Eastern Ontario Power/Fort Erie/Port Colborne"]
[null,null,null,null,null,null,null,null,null,null,null,null,null,null,null,null,null,null,null,null,null,null,null,null,null,null,"Centre Wellington Hydro Ltd."]
[null,null,null,null,null,null,null,null,null,null,null,null,null,null,null,null,null,null,null,null,null,null,null,null,null,null,"Chapleau Public Utilities Corporation"]
[null,null,null,"Utility Name   ","Midland Power Utility Corporation",null,null,null,null,null,null,null,null,null,null,null,null,null,null,null,null,null,null,null,null,null,"COLLUS Power Corp."]
[null,null,null,null,null,null,null,null,null,null,null,null,null,null,null,null,null,null,null,null,null,null,null,null,null,null,"Cooperative Hydro Embrun Inc."]
[null,null,null,"Service Territory","Town of Midland",null,null,null,null,null,null,null,null,null,null,null,null,null,null,null,null,null,null,null,null,null,"E.L.K. Energy Inc."]
[null,null,null,null,null,null,null,null,null,null,null,null,null,null,null,null,null,null,null,null,null,null,null,null,null,null,"Enersource Hydro Mississauga Inc."]
[null,null,null,"Assigned EB Number","EB-2012-0147",null,null,null,null,null,null,null,null,null,null,null,null,null,null,null,null,null,null,null,null,null,"Entegrus Powerlines Inc."]
[null,null,null,null,null,null,null,null,null,null,null,null,null,null,null,null,null,null,null,null,null,null,null,null,null,null,"ENWIN Utilities Ltd."]
[null,null,null,"Name of Contact and Title","Christine Bell, CFO",null,null,null,null,null,null,null,null,null,null,null,null,null,null,null,null,null,null,null,null,null,"Erie Thames Powerlines Corp."]
[null,null,null,null,null,null,null,null,null,null,null,null,null,null,null,null,null,null,null,null,null,null,null,null,null,null,"Espanola Regional Hydro Distribution Corporation"]
[null,null,null,"Phone Number   ","705-526-9362 ext 219",null,null,null,null,null,null,null,null,null,null,null,null,null,null,null,null,null,null,null,null,null,"Essex Powerlines Corporation"]
[null,null,null,null,null,null,null,null,null,null,null,null,null,null,null,null,null,null,null,null,null,null,null,null,null,null,"Festival Hydro Inc."]
[null,null,null,"Email Address   ","cbell@midlandpuc.on.ca",null,null,null,null,null,null,null,null,null,null,null,null,null,null,null,null,null,null,null,null,null,"Fort Albany Power Corporation"]
[null,null,null,null,null,null,null,null,null,null,null,null,null,null,null,null,null,null,null,null,null,null,null,null,null,null,"Fort Frances Power Corporation"]
[null,null,null,"Bridge Year",2012,null,null,null,null,null,null,null,null,null,null,null,null,null,null,null,null,null,null,null,null,null,"Greater Sudbury Hydro Inc."]
[null,null,null,null,null,null,null,null,null,null,null,null,null,null,null,null,null,null,null,null,null,null,null,null,null,null,"Grimsby Power Inc."]
[null,null,null,"Test Year",2013,null,null,null,null,null,null,null,null,null,null,null,null,null,null,null,null,null,null,null,null,null,"Guelph Hydro Electric Systems Inc."]
[null,null,null,null,null,null,null,null,null,null,null,null,null,null,null,null,null,null,null,null,null,null,null,null,null,null,"Haldimand County Hydro Inc."]
[null,null,null,"Last Rebasing Year",2009,null,null,null,null,null,null,null,null,null,null,null,null,null,null,null,null,null,null,null,null,null,"Guelph Hydro Electric Systems Inc."]
[null,null,null,null,null,null,null,null,null,null,null,null,null,null,null,null,null,null,null,null,null,null,null,null,null,null,"Halton Hills Hydro Inc."]
[null,"Notes",null,null,null,null,null,null,null,null,null,null,null,null,null,null,null,null,null,null,null,null,null,null,null,null,"Hearst Power Distribution Co. Ltd."]
[null,null,null,null,null,null,null,null,null,null,null,null,null,null,null,null,null,null,null,null,null,null,null,null,null,null,"Horizon Utilities Corporation"]
[null,null,"Pale green cells represent input cells.",null,null,null,null,null,null,null,null,null,null,null,null,null,null,null,null,null,null,null,null,null,null,null,"Hydro 2000 Inc."]
[null,null,null,null,null,null,null,null,null,null,null,null,null,null,null,null,null,null,null,null,null,null,null,null,null,null,"Hydro Hawkesbury Inc."]
[null,null,"Pale blue cells represent drop-down lists.  The applicant should select the appropriate item from the drop-down list.",null,null,null,null,null,null,null,null,null,null,null,null,null,null,null,null,null,null,null,null,null,null,null,"Hydro One Brampton Networks Inc."]
[null,null,null,null,null,null,null,null,null,null,null,null,null,null,null,null,null,null,null,null,null,null,null,null,null,null,"Hydro One Networks Inc."]
[null,null,"White cells contain fixed values, automatically generated values or formulae. ",null,null,null,null,null,null,null,null,null,null,null,null,null,null,null,null,null,null,null,null,null,null,null,"Hydro One Remote Communities Inc."]
[null,null,null,null,null,null,null,null,null,null,null,null,null,null,null,null,null,null,null,null,null,null,null,null,null,null,"Hydro Ottawa Limited"]
[null,null,null,null,null,null,null,null,null,null,null,null,null,null,null,null,null,null,null,null,null,null,null,null,null,null,"Innisfil Hydro Dist. Systems Limited"]
[null,null,null,null,null,null,null,null,null,null,null,null,null,null,null,null,null,null,null,null,null,null,null,null,null,null,"Kashechewan Power Corporation"]
[null,null,null,null,null,null,null,null,null,null,null,null,null,null,null,null,null,null,null,null,null,null,null,null,null,null,"Kenora Hydro Electric Corporation Ltd."]
[null,null,null,null,null,null,null,null,null,null,null,null,null,null,null,null,null,null,null,null,null,null,null,null,null,null,"Kingston Hydro Corporation"]
[null,null,null,null,null,null,null,null,null,null,null,null,null,null,null,null,null,null,null,null,null,null,null,null,null,null,"Kitchener-Wilmot Hydro Inc."]
[null,null,null,null,null,null,null,null,null,null,null,null,null,null,null,null,null,null,null,null,null,null,null,null,null,null,"Lakefront Utilities Inc."]
[null,null,null,null,null,null,null,null,null,null,null,null,null,null,null,null,null,null,null,null,null,null,null,null,null,null,"Lakeland Power Distribution Ltd."]
[null,null,null,null,null,null,null,null,null,null,null,null,null,null,null,null,null,null,null,null,null,null,null,null,null,null,"London Hydro Inc."]
[null,null,null,null,null,null,null,null,null,null,null,null,null,null,null,null,null,null,null,null,null,null,null,null,null,null,"Midland Power Utility Corporation"]
[null,null,null,null,null,null,null,null,null,null,null,null,null,null,null,null,null,null,null,null,null,null,null,null,null,null,"Milton Hydro Distribution Inc."]
[null,null,null,null,null,null,null,null,null,null,null,null,null,null,null,null,null,null,null,null,null,null,null,null,null,null,"Newmarket – Tay Power Distribution Ltd."]
[null,null,null,null,null,null,null,null,null,null,null,null,null,null,null,null,null,null,null,null,null,null,null,null,null,null,"Niagara Peninsula Energy Inc."]
[null,null,null,null,null,null,null,null,null,null,null,null,null,null,null,null,null,null,null,null,null,null,null,null,null,null,"Niagara-on-the-Lake Hydro Inc."]
[null,null,null,null,null,null,null,null,null,null,null,null,null,null,null,null,null,null,null,null,null,null,null,null,null,null,"Norfolk Power Distribution Ltd."]
[null,null,null,null,null,null,null,null,null,null,null,null,null,null,null,null,null,null,null,null,null,null,null,null,null,null,"North Bay Hydro Distribution Limited"]
[null,null,null,null,null,null,null,null,null,null,null,null,null,null,null,null,null,null,null,null,null,null,null,null,null,null,"Northern Ontario Wires Inc."]
[null,null,null,null,null,null,null,null,null,null,null,null,null,null,null,null,null,null,null,null,null,null,null,null,null,null,"Oakville Hydro Distribution Inc."]
[null,null,null,null,null,null,null,null,null,null,null,null,null,null,null,null,null,null,null,null,null,null,null,null,null,null,"Orangeville Hydro Limited"]
[null,null,null,null,null,null,null,null,null,null,null,null,null,null,null,null,null,null,null,null,null,null,null,null,null,null,"Orillia Power Distribution Corp."]
[null,null,null,null,null,null,null,null,null,null,null,null,null,null,null,null,null,null,null,null,null,null,null,null,null,null,"Oshawa PUC Networks Inc."]
[null,null,null,null,null,null,null,null,null,null,null,null,null,null,null,null,null,null,null,null,null,null,null,null,null,null,"Ottawa River Power Corporation"]
[null,null,null,null,null,null,null,null,null,null,null,null,null,null,null,null,null,null,null,null,null,null,null,null,null,null,"Parry Sound Power Corporation"]
[null,null,null,null,null,null,null,null,null,null,null,null,null,null,null,null,null,null,null,null,null,null,null,null,null,null,"Peterborough Distribution Inc."]
[null,null,null,null,null,null,null,null,null,null,null,null,null,null,null,null,null,null,null,null,null,null,null,null,null,null,"PowerStream Inc."]
[null,null,null,null,null,null,null,null,null,null,null,null,null,null,null,null,null,null,null,null,null,null,null,null,null,null,"PUC Distribution Inc."]
[null,null,null,null,null,null,null,null,null,null,null,null,null,null,null,null,null,null,null,null,null,null,null,null,null,null,"Renfrew Hydro Inc."]
[null,null,null,null,null,null,null,null,null,null,null,null,null,null,null,null,null,null,null,null,null,null,null,null,null,null,"Rideau St. Lawrence Distribution Inc."]
[null,null,null,null,null,null,null,null,null,null,null,null,null,null,null,null,null,null,null,null,null,null,null,null,null,null,"St. Thomas Energy Inc."]
[null,null,null,null,null,null,null,null,null,null,null,null,null,null,null,null,null,null,null,null,null,null,null,null,null,null,"Sioux Lookout Hydro Inc."]
[null,null,null,null,null,null,null,null,null,null,null,null,null,null,null,null,null,null,null,null,null,null,null,null,null,null,"Thunder Bay Hydro Electricity Distribution"]
[null,null,null,null,null,null,null,null,null,null,null,null,null,null,null,null,null,null,null,null,null,null,null,null,null,null,"Tillsonburg Hydro Inc."]
[null,null,null,null,null,null,null,null,null,null,null,null,null,null,null,null,null,null,null,null,null,null,null,null,null,null,"Toronto Hydro-Electric System Limited"]
[null,null,null,null,null,null,null,null,null,null,null,null,null,null,null,null,null,null,null,null,null,null,null,null,null,null,"Veridian Connections Inc."]
[null,null,null,null,null,null,null,null,null,null,null,null,null,null,null,null,null,null,null,null,null,null,null,null,null,null,"Wasaga Distribution Inc."]
[null,null,null,null,null,null,null,null,null,null,null,null,null,null,null,null,null,null,null,null,null,null,null,null,null,null,"Waterloo North Hydro Inc."]
[null,null,null,null,null,null,null,null,null,null,null,null,null,null,null,null,null,null,null,null,null,null,null,null,null,null,"Welland Hydro Electric System Corp."]
[null,null,null,null,null,null,null,null,null,null,null,null,null,null,null,null,null,null,null,null,null,null,null,null,null,null,"Wellington North Power Inc."]
[null,null,null,null,null,null,null,null,null,null,null,null,null,null,null,null,null,null,null,null,null,null,null,null,null,null,"West Coast Huron Energy Inc."]
[null,null,null,null,null,null,null,null,null,null,null,null,null,null,null,null,null,null,null,null,null,null,null,null,null,null,"Westario Power Inc."]
[null,null,null,null,null,null,null,null,null,null,null,null,null,null,null,null,null,null,null,null,null,null,null,null,null,null,"Whitby Hydro Electric Corporation"]
[null,null,null,null,null,null,null,null,null,null,null,null,null,null,null,null,null,null,null,null,null,null,null,null,null,null,"Woodstock Hydro Services Inc."]

{"sheet":"Index","index":1,"n_rows":32,"n_cols":6,"rows_kept":32,"cut":false,"hidden":false,"merged":[]}
[]
[]
[]
[]
[]
[]
[]
[]
[]
[]
[]
[]
[]
[]
[1,"LDC Information Sheet",null,null,19,"Appendix 2-H OM&A Detailed Analysis"]
[2,"Index",null,null,20,"Appendix 2-I OM&A Summary Analysis"]
[3,"Appendix 2-A Capital Projects",null,null,21,"Appendix 2-J OM&A Cost  Drivers"]
[4,"Appendix 2-B Fixed Asset Continuity",null,null,22,"Appendix 2-K Employee Costs"]
[5,"Appendix 2-CA CGAAP Depreciation Expense 2011",null,null,23,"Appendix 2-L OM&A per Cust FTEE"]
[6,"Appendix 2-CB MIFRS Depreciation Expense 2011",null,null,24,"Appendix 2-M Regulatory Costs"]
[7,"Appendix 2-CC MIFRS Depreciation Expense 2012",null,null,25,"Appendix 2-N Corp Cost Allocation"]
[8,"Appendix 2-CD MIFRS Depreciation Expense 2013",null,null,26,"Appendix 2-OA Capital Structure and Cost of Capital"]
[9,"Appendix 2-CE CGAAP Depreciation Expense 2011",null,null,27,"Appendix 2-OB Debt Instruments"]
[10,"Appendix 2-CF CGAAP Depreciation Expense 2012",null,null,28,"Appendix 2-P Cost Allocation"]
[11,"Appendix 2-CG MIFRS Depreciation Expense 2012",null,null,29,"Appendix 2-Q Cost of Service Embedded Distributor"]
[12,"Appendix 2-CH MIFRS Depreciation Expense 2013",null,null,30,"Appendix 2-R Loss Factors"]
[13,"Appendix 2-CI Alternative Accounting Standards Depreciation Expense",null,null,31,"Appendix 2-S Stranded Meters"]
[14,"Appendix 2-D Overhead",null,null,32,"Appendix 2-T 1592 Tax Variance"]
[15,"Appendix 2-EA PP&E Deferral Account - 2012 IFRS Adopters",null,null,33,"Appendix 2-U IFRS Transition Costs"]
[16,"Appendix 2-EB PP&E Deferral Account - 2013 IFRS Adopters",null,null,34,"Appendix 2-V Rev Reconciliation"]
[17,"Appendix 2-F Other Operating Revenue",null,null,35,"Appendix 2-W Bill Impacts"]
[18,"Appendix 2-G Detailed OM&A Expenses",null,null,36,"Appendix 2-X CoS Flowchart"]

{"sheet":"App.2-A_Capital Projects","index":2,"n_rows":79,"n_cols":8,"rows_kept":79,"cut":false,"hidden":false,"merged":[[76,0,76,7]]}
[null,null,null,null,null,null,"File Number:",{"$f":"'LDC Info'!$E$18","v":"EB-2012-0147"}]
[null,null,null,null,null,null,"Exhibit:",2]
[null,null,null,null,null,null,"Tab:",3]
[null,null,null,null,null,null,"Schedule:",1]
[null,null,null,null,null,null,"Page:","4 & 5 of 7"]
[]
[null,null,null,null,null,null,"Date:","2012-08-31"]
[]
["Appendix 2-A"]
["Capital Projects Table",null,null,"TABLE 2.3.1 (a)"]
[]
[]
["Projects",{"$f":"IF(ISBLANK('LDC Info'!E26), \"Year 1\", 'LDC Info'!E26-5)","v":2007},{"$f":"IF(ISBLANK('LDC Info'!E26), \"Year 2\", 'LDC Info'!E26-4)","v":2008},{"$f":"IF(ISBLANK('LDC Info'!E26), \"Year 3\", 'LDC Info'!E26-3)","v":2009},{"$f":"IF(ISBLANK('LDC Info'!E26), \"Year 4\", 'LDC Info'!E26-2)","v":2010},{"$f":"IF(ISBLANK('LDC Info'!E26), \"Year 5\", 'LDC Info'!E26-1)","v":2011},{"$f":"'LDC Info'!E26 & \" Bridge Year\"","v":"2012 Bridge Year"},{"$f":"'LDC Info'!E28 & \" Test Year\"","v":"2013 Test Year"}]
["Reporting Basis","CGAAP","CGAAP","CGAAP","CGAAP","CGAAP","MIFRS","MIFRS"]
["Substation Projects",null,null,null,null,null,"& CGAAP"]
["Scott/Brandon",743693.46999999986,1322652.44]
["Project 1:  Fourth St Substation",null,null,1072526.54,179886.03000000003]
["Project 5:  Montreal Substation",null,null,59179.329999999994]
["Project 6:  Brandon St Substation",null,null,-230007.16]
["Project 2:  Dorion St Substation",null,null,null,1178363.7100000002]
["Project 1: Montreal St Substation",null,null,null,null,null,512294]
["Project 1: Queen St Substation",null,null,null,null,null,null,896700]
[]
["Sub-Total",{"$f":"SUM(B16:B23)","v":743693.46999999986},1322652.44,901698.71000000008,1358249.7400000002,0,512294,896700]
["Pole Line Projects"]
["Pole Line construction",235703.06,404610.85]
["Project 2:  Yonge St Pole Line",null,null,246173.45999999996]
["Project 3:  Sunnyside Pole Line",null,null,88237.21]
["Project 4:  Miscellaneous Pole Replacements",null,null,52075.93]
["Project 4:  Hugel Ave Pole Line",null,null,null,120002.64999999998]
["Project 7:  Tornado Rebuild",null,null,null,127658.63]
["Project 1: Gloucester Pole Line",null,null,null,null,56552.17]
["Project 2:  Bay St Pole Line",null,null,null,null,95558.59]
["Project 3:  Albert St Pole Line",null,null,null,null,65742.25]
["Project 4:  Pole Replacements Misc",null,null,null,null,70326.089999999982]
["Project 6: Tornado Rebuild",null,null,null,null,228214.55]
["Project 2:  William St. North Pole Line",null,null,null,null,null,125499.11]
["Project 3:  Pratt's Field Pole Line",null,null,null,null,null,71400]
["Project 4:  Selected Pole Replacements",null,null,null,null,null,84100]
["Project 2: William St. South Pole Line",null,null,null,null,null,null,162900]
["Project 3:  Fourth St Pole Line",null,null,null,null,null,null,117600]
["Project 4:  Selected Pole Replacements",null,null,null,null,null,null,84100]
[]
["Sub-Total",{"$f":"SUM(B26:B43)","v":235703.06},404610.85,386486.6,247661.27999999997,516393.64999999997,280999.11,364600]
["Transformers"]
["Pad Mount and Pole Top",48816.75,106437.55,null,54059.33,null,87200,87200]
["Project 3:  Bourgeois Lane Kiosk",null,null,null,79274.710000000006]
[]
["Sub-Total",{"$f":"SUM(B45:B48)","v":48816.75},106437.55,0,133334.04,0,87200,87200]
["Economic Evaluations - System Expansions"]
[{"$f":"A50","v":"Economic Evaluations - System Expansions"},null,null,116132,35272,-141484,80459,100000]
[]
["Sub-Total",{"$f":"SUM(B50:B52)","v":0},0,116132,35272,-141484,80459,100000]
["Vehicles"]
["Large and Small Trucks",151987.28,43924.649999999994]
["Project 9:  Truck Purchase",null,null,377619.86]
["Project 9: Vehicles",null,null,null,null,null,536200]
[]
["Sub-Total",{"$f":"SUM(B55:B58)","v":151987.28},{"$f":"SUM(C55:C55)","v":43924.649999999994},{"$f":"SUM(D55:D58)","v":377619.86},{"$f":"SUM(E55:E58)","v":0},{"$f":"SUM(F55:F58)","v":0},{"$f":"SUM(G55:G58)","v":536200},{"$f":"SUM(H55:H58)","v":0}]
["Software/Hardware"]
["CIS System",142023.94999999998]
["Project 5:  Mapping & Asset Management",null,null,null,107668.46,110198.45999999999]
["Project 8:  Scada",null,null,null,null,null,null,132300]
["Project 9:  Harris CIS Upgrade",null,null,null,null,null,null,55000]
[]
["Sub-Total",{"$f":"SUM(B61:B65)","v":142023.94999999998},0,0,107668.46,110198.45999999999,0,187300]
["Metering Infrastructure"]
["Project 7:  Smart Meter Infrastructure Implementation",null,null,null,null,null,1291250.55]
[]
["Sub-Total",{"$f":"SUM(B68:B69)","v":0},0,0,0,0,1291250.55,0]
["Miscellaneous",129612.34999999999,111957.46,246809.22999999998,264601.13000000006,289747.25799999997,157000,115100]
["Total",{"$f":"SUMPRODUCT(--($A15:$A71=\"Sub-Total\"), B$15:B$71)+B71","v":1451836.8599999999},1989582.95,2028746.4,2146786.6500000004,774855.36800000002,2945402.66,1750900]
[]
[]
["Notes:"]
[]
["1   Please provide a breakdown of the major components of each capital project.  Please ensure that all projects below the materiality threshold are included in the miscellaneous line.  Add more projects as required."]
[]
["2   Amounts should be reported on a MIFRS basis for the adoption year and any subsequent years, only."]

{"sheet":"App.2-B_Fixed Asset Continuity","index":3,"n_rows":432,"n_cols":15,"rows_kept":432,"cut":false,"hidden":false,"merged":[[332,4,332,7],[385,4,385,7],[75,4,75,7],[124,4,124,7],[176,4,176,7],[228,4,228,7],[281,4,281,7],[9,0,9,13],[8,0,8,13],[62,1,63,13],[68,1,68,13],[13,4,13,7],[65,1,66,13]]}
[null,null,null,null,null,null,null,null,null,null,null,null,"File Number:",{"$f":"'LDC Info'!$E$18","v":"EB-2012-0147"}]
[null,null,null,null,null,null,null,null,null,null,null,null,"Exhibit:",2]
[null,null,null,null,null,null,null,null,null,null,null,null,"Tab:",2]
[null,null,null,null,null,null,null,null,null,null,null,null,"Schedule:",1]
[null,null,null,null,null,null,null,null,null,null,null,null,"Page:","7 - 13 of 13"]
[]
[null,null,null,null,null,null,null,null,null,null,null,null,"Date:","2012-08-31"]
[]
["Appendix 2-B"]
["Fixed Asset Continuity Schedule"]
[]
[null,null,"Table 2.2.1",null,null,"Year ",2009]
[]
[null,null,null,null,"Cost",null,null,null,null,null,"Accumulated Depreciation"]
["CCA Class","OEB","Description","Depreciation Rate","Opening Balance","Additions","Disposals","Closing Balance",null,"Opening Balance","Additions","Disposals","Closing Balance","Net Book Value"]
[12,1611,"Computer Software (Formally known as Account 1925)",null,null,null,null,{"$f":"E16+F16+G16","v":0},null,null,null,null,{"$f":"J16+K16+L16","v":0},{"$f":"H16+M16","v":0}]
["CEC",1612,"Land Rights (Formally known as Account 1906)",null,null,null,null,{"$f":"E17+F17+G17","v":0},null,null,null,null,{"$f":"J17+K17+L17","v":0},{"$f":"H17+M17","v":0}]
["N/A",1805,"Land",null,365297.97,16439.7,null,{"$f":"E18+F18+G18","v":381737.67},null,0,0,0,{"$f":"J18+K18+L18","v":0},{"$f":"H18-M18","v":381737.67}]
[47,1806,"Land Rights",null,32555.43,null,null,{"$f":"E19+F19+G19","v":32555.43},null,15060.22,0,0,{"$f":"J19+K19+L19","v":15060.22},{"$f":"H19-M19","v":17495.21}]
[47,1815,"Transformer Station Equipment >50 kV",null,0,null,null,0,null,null,0,0,0,0]
[47,1820,"Distribution Station Equipment <50 kV",null,2533665.87,81349.079999999987,null,2615014.9500000002,null,931477.8600000001,84953.55,0,1016431.4100000001,1598583.54]
[47,1825,"Storage Battery Equipment",null,0,null,null,0,null,0,0,0,0,0]
[47,1830,"Poles, Towers & Fixtures",null,3605488.37,433638.24,null,4039126.6100000003,null,1899569.7764000001,117398.4921,0,2016968.2685,2022158.3415000003]
[47,1835,"Overhead Conductors & Devices",null,1950198.69,-100490.97,null,1849707.72,null,935705.40359999996,57823.137900000002,0,993528.54149999993,856179.17850000004]
[47,1840,"Underground Conduit",null,0,0,null,0,null,0,0,0,0,0]
[47,1845,"Underground Conductors & Devices",null,2757214.29,302531.84999999998,null,3059746.14,null,1815120.22,110422.5,0,1925542.72,1134203.4200000002]
[47,1850,"Line Transformers",null,2915561.69,205336.66,null,3120898.35,null,1641447.41,103924.5,0,1745371.91,1375526.4400000002]
[47,1855,"Services (Overhead & Underground)",null,106379.31,61583.16,null,167962.47,null,0,5424.5,0,5424.5,162537.97]
[47,1860,"Meters",null,1040199.78,4092.08,null,1044291.86,null,593996.76,35879,0,629875.76,414416.1]
[47,1860,"Meters (Smart Meters)",null,0,null,null,0,null,null,0,0,0,0]
["N/A",1905,"Land",null,null,null,null,0,null,null,0,0,0,0]
[1,1908,"Buildings & Fixtures",null,942340.58,23865.33,null,966205.90999999992,null,349199.14,30849.5,0,380048.64000000001,586157.2699999999]
[13,1910,"Leasehold Improvements",null,0,0,null,0,null,0,0,0,0,0]
[8,1915,"Office Furniture & Equipment (10 years)",null,249143.76,null,null,249143.76,null,215419.81999999998,6816.5,0,222236.31999999998,26907.440000000031]
[8,1915,"Office Furniture & Equipment (5 years)",null,0,2086.71,null,2086.71,null,0,0,0,0,2086.71]
[50,1920,"Computer Equipment - Hardware",null,398812.42,31528.94,null,430341.36,null,371608.43,12968,0,384576.43,45764.929999999993]
[45,1920,"Computer Equip.-Hardware(Post Mar. 22/04)",null,0,null,null,0,null,0,0,0,0,0]
[50,1920,"Computer Equip.-Hardware(Post Mar. 19/07)",null,0,null,null,0,null,0,0,0,0,0]
[12,1925,"Software",null,282536.52,23217.66,null,305754.18,null,150773.01,46205,0,196978.01,108776.16999999998]
[10,1930,"Transportation Equipment",null,847466.35000000009,377619.86,-177812.27999999997,{"$f":"E40+F40+G40","v":1047273.9299999999},null,509362.99000000011,87320.67,-177812.27999999997,418871.38000000018,628402.54999999981]
[8,1935,"Stores Equipment",null,8609.7800000000007,null,null,8609.7800000000007,null,8486.77,123,0,8609.77,1.0000000000218279E-2]
[8,1940,"Tools, Shop & Garage Equipment",null,242711.87,17152.7,null,259864.57,null,178701.94,8747.5,0,187449.44,72415.13]
[8,1945,"Measurement & Testing Equipment",null,2634.03,0,null,2634.03,null,2634.03,0,0,2634.03,0]
[8,1950,"Power Operated Equipment",null,0,null,null,0,null,0,0,0,0,0]
[8,1955,"Communications Equipment",null,132252.74,0,null,132252.74,null,128160.73999999999,2046,0,130206.73999999999,2046]
[8,1955,"Communication Equipment (Smart Meters)",null,0,null,null,0,null,0,0,0,0,0]
[8,1960,"Miscellaneous Equipment ",null,19219.52,0,null,19219.52,null,17485.82,592,0,18077.82,1141.7000000000007]
[47,1975,"Load Management Controls Utility Premises",null,0,null,null,null,null,0,0,0,0,0]
[12,1980,"System Supervisor Equipment",null,357011.9,0,null,{"$f":"E49+F49+G49","v":357011.9},null,226695.27,22104,0,248799.27,108212.63000000003]
[47,1985,"Miscellaneous Fixed Assets",null,0,null,null,null,null,0,0,0,0,0]
[47,1995,"Contributions & Grants",null,-784980.37,-523731.14,48845.17,{"$f":"E51+F51+G51","v":-1259866.3400000001},null,0,-48845.17,48845.17,0,-1259866.3400000001]
["WIP",null,"Work In Process",null,null,1072527,null,{"$f":"E53+F52+G52","v":1072527},null,0,null,0,0,1072527]
[null,null,null,null,null,null,null,null,null,null,null,null,null,0]
[null,null,"Total",null,{"$f":"SUM(E16:E51)","v":18004320.5},{"$f":"SUM(F16:F52)","v":2028746.8599999999},-128967.10999999997,{"$f":"SUM(H16:H53)","v":19904100.25},null,9990905.6099999975,684752.68,-128967.10999999997,10546691.18,9357409.0700000003]
[]
[null,null,null,null,null,null,null,null,null,"Less: Fully Allocated Depreciation"]
[10,null,"Transportation",null,null,null,null,null,null,"Transportation"]
[8,null,"Stores Equipment",null,null,null,null,null,null,"Stores Equipment"]
[null,null,null,null,null,null,null,null,null,"Net Depreciation",null,{"$f":"K54-L57-L58","v":684752.68}]
[]
["Notes:"]
[]
[1,"Tables in the format outlined above covering all fixed asset accounts should be submitted for the Test Year, Bridge Year and all relevant historical years.  At a minimum , the applicant must provide data for the earlier of: 1) all historical years back to its last rebasing; or 2) at least three years of historical actuals, in addition to Bridge Year and Test Year forecasts."]
[]
[]
[2,"The \"CCA Class\" for fixed assets should agree with the CCA Class used for tax purposes in Tax Returns. Fixed Assets sub-components may be used where the underlying asset components are classified under multiple CCA Classes for tax purposes. If an applicant uses any different classes from those shown in the table, an explanation should be provided. (also see note 3 below)."]
[]
[]
[3,"The table may need to be customized for a utility's asset categories or for any new asset accounts announced or authorized by the Board."]
[]
[4,"The depreciation column (D) is not required as the relevant information will be provided in the following 2-C series of appendices."]
[]
[]
[null,null,"Table 2.2.2",null,null,"Year ",2010]
[]
[null,null,null,null,"Cost",null,null,null,null,null,"Accumulated Depreciation"]
["CCA Class","OEB","Description","Depreciation Rate","Opening Balance","Additions","Disposals","Closing Balance",null,"Opening Balance","Additions","Disposals","Closing Balance","Net Book Value"]
[12,1611,"Computer Software (Formally known as Account 1925)",null,0,0,0,{"$f":"E78+F78+G78","v":0},null,0,0,0,{"$f":"J78+K78+L78","v":0},{"$f":"H78+M78","v":0}]
["CEC",1612,"Land Rights (Formally known as Account 1906)",null,0,0,0,{"$f":"E79+F79+G79","v":0},null,0,0,0,{"$f":"J79+K79+L79","v":0},{"$f":"H79+M79","v":0}]
["N/A",1805,"Land",null,381737.67,0,0,{"$f":"E80+F80+G80","v":381737.67},null,0,0,0,0,{"$f":"H80-M80","v":381737.67}]
[47,1806,"Land Rights",null,32555.43,0,0,{"$f":"E81+F81+G81","v":32555.43},null,15060.22,0,0,15060.22,{"$f":"H81-M81","v":17495.21}]
[47,1815,"Transformer Station Equipment >50 kV",null,0,0,0,0,null,0,0,0,0,0]
[47,1820,"Distribution Station Equipment <50 kV",null,2615014.9500000002,2408290.81,0,5023305.76,null,1016431.4100000001,134725.99,0,1151157.4000000001,3872148.3599999994]
[47,1825,"Storage Battery Equipment",null,0,0,0,0,null,0,0,0,0,0]
[47,1830,"Poles, Towers & Fixtures",null,4039126.6100000003,175868.16,0,4214994.7700000005,null,2016968.2685,123015.09080000001,0,2139983.3593000001,2075011.4107000004]
[47,1835,"Overhead Conductors & Devices",null,1849707.72,199841.09000000003,0,2049548.81,null,993528.54149999993,60597.6492,0,1054126.1906999999,995422.61930000014]
[47,1840,"Underground Conduit",null,0,2091.64,0,2091.64,null,0,0,0,0,2091.64]
[47,1845,"Underground Conductors & Devices",null,3059746.14,202640.79,0,3262386.93,null,1925542.72,120567.5,0,2046110.22,1216276.7100000002]
[47,1850,"Line Transformers",null,3120898.35,225108.66,0,3346007.0100000002,null,1745371.91,111062,0,1856433.91,1489573.1000000003]
[47,1855,"Services (Overhead & Underground)",null,167962.47,15005.300000000001,0,182967.77,null,5424.5,6962,0,12386.5,170581.27]
[47,1860,"Meters",null,1044291.86,21353.71,0,1065645.57,null,629875.76,36388,0,666263.76,399381.81000000006]
[47,1860,"Meters (Smart Meters)",null,0,0,0,0,null,0,0,0,0,0]
["N/A",1905,"Land",null,0,0,0,0,null,0,0,0,0,0]
[1,1908,"Buildings & Fixtures",null,966205.90999999992,23597.51,-5442.11,984361.30999999994,null,380048.64000000001,32036,-1058.43,411026.21,573335.09999999986]
[13,1910,"Leasehold Improvements",null,0,0,0,0,null,0,0,0,0,0]
[8,1915,"Office Furniture & Equipment (10 years)",null,251230.47,7798.63,0,259029.1,null,222236.31999999998,6464,0,228700.31999999998,30328.780000000028]
[8,1915,"Office Furniture & Equipment (5 years)",null,0,0,0,0,null,0,0,0,0,0]
[52,1920,"Computer Equipment - Hardware",null,430341.36,28566.87,0,458908.23,null,384576.43,16279.54,0,400855.97,58052.260000000009]
[45,1920,"Computer Equip.-Hardware(Post Mar. 22/04)",null,0,0,0,0,null,0,0,0,0,0]
[52,1920,"Computer Equip.-Hardware(Post Mar. 19/07)",null,0,0,0,0,null,0,0,0,0,0]
[12,1925,"Software",null,305754.18,39999.65,0,345753.83,null,196978.01,47139.57,0,244117.58000000002,101636.25]
[10,1930,"Transportation Equipment",null,1047273.9299999999,0,0,{"$f":"E102+F102+G102","v":1047273.9299999999},null,418871.38000000018,108389.36,0,527260.74000000022,520013.18999999971]
[8,1935,"Stores Equipment",null,8609.7800000000007,0,0,{"$f":"E103+F103+G103","v":8609.7800000000007},null,8609.77,0,0,8609.77,1.0000000000218279E-2]
[8,1940,"Tools, Shop & Garage Equipment",null,259864.57,6263.45,0,266128.02,null,187449.44,9918,0,197367.44,68760.580000000016]
[8,1945,"Measurement & Testing Equipment",null,2634.03,0,0,2634.03,null,2634.03,0,0,2634.03,0]
[8,1950,"Power Operated Equipment",null,0,0,0,0,null,0,0,0,0,0]
[8,1955,"Communications Equipment",null,132252.74,1857,0,134109.74,null,130206.73999999999,1524,0,131730.74,2379]
[8,1955,"Communication Equipment (Smart Meters)",null,0,0,0,0,null,0,0,0,0,0]
[8,1960,"Miscellaneous Equipment ",null,19219.52,0,0,19219.52,null,18077.82,522.84,0,18600.66,618.86000000000058]
[47,1975,"Load Management Controls Utility Premises",null,0,0,0,null,null,0,0,0,0,0]
[12,1980,"System Supervisor Equipment",null,357011.9,95117.2,0,{"$f":"E111+F111+G111","v":452129.10000000003},null,248799.27,21852.5,0,270651.77,181477.33000000002]
[47,1985,"Miscellaneous Fixed Assets",null,0,0,0,null,null,0,0,0,0,0]
[47,1995,"Contributions & Grants",null,-1259866.3400000001,-234087.26,64001.53,{"$f":"E113+F113+G113","v":-1429952.07},null,0,-64001.53,64001.53,0,-1429952.07]
["WIP",null,"Work in Process",null,1072527,0,-1072527,{"$f":"E114+F114+G114","v":0},null,0,0,0,0,{"$f":"H114+M114","v":0}]
[]
[null,null,"Total",null,{"$f":"SUM(E78:E114)","v":19904100.249999996},{"$f":"SUM(F78:F114)","v":3219313.21},{"$f":"SUM(G78:G114)","v":-1013967.58},{"$f":"SUM(H78:H114)","v":22109445.879999999},null,{"$f":"SUM(J78:J114)","v":10546691.18},{"$f":"SUM(K78:K114)","v":773442.50999999989},{"$f":"SUM(L78:L114)","v":62943.1},{"$f":"SUM(M78:M114)","v":11383076.790000001},{"$f":"SUM(N78:N114)","v":10726369.089999996}]
[]
[null,null,null,null,null,null,null,null,null,"Less: Fully Allocated Depreciation"]
[10,null,"Transportation",null,null,null,null,null,null,"Transportation"]
[8,null,"Stores Equipment",null,null,null,null,null,null,"Stores Equipment"]
[null,null,null,null,null,null,null,null,null,"Net Depreciation",null,{"$f":"K116-L119-L120","v":773442.50999999989}]
[]
[null,null,"Table 2.2.3",null,null,"Year ",2011]
[]
[null,null,null,null,"Cost",null,null,null,null,null,"Accumulated Depreciation"]
["CCA Class","OEB","Description","Depreciation Rate","Opening Balance","Additions","Disposals","Closing Balance",null,"Opening Balance","Additions","Disposals","Closing Balance","Net Book Value"]
[12,1611,"Computer Software (Formally known as Account 1925)",null,0,0,0,{"$f":"E127+F127+G127","v":0},null,0,0,0,{"$f":"J127+K127+L127","v":0},{"$f":"H127+M127","v":0}]
["CEC",1612,"Land Rights (Formally known as Account 1906)",null,0,0,0,{"$f":"E128+F128+G128","v":0},null,0,0,0,{"$f":"J128+K128+L128","v":0},{"$f":"H128+M128","v":0}]
["N/A",1805,"Land",null,381737.67,0,0,{"$f":"E129+F129+G129","v":381737.67},null,0,0,0,{"$f":"J129+K129+L129","v":0},{"$f":"H129-M129","v":381737.67}]
[47,1806,"Land Rights",null,32555.43,0,0,{"$f":"E130+F130+G130","v":32555.43},null,15060.22,0,0,{"$f":"J130+K130+L130","v":15060.22},{"$f":"H130-M130","v":17495.21}]
[47,1815,"Transformer Station Equipment >50 kV",null,0,0,0,0,null,0,0,0,0,0]
[47,1820,"Distribution Station Equipment <50 kV",null,5023305.76,18426.91,0,5041732.67,null,1151157.4000000001,183578.49000000002,0,1334735.8900000001,3706996.78]
[47,1825,"Storage Battery Equipment",null,0,0,0,0,null,0,0,0,0,0]
[47,1830,"Poles, Towers & Fixtures",null,4214994.7700000005,368740.20000000007,0,4583734.9700000007,null,2139983.3593000001,136175.00090000001,0,2276158.3602,2307576.6098000007]
[47,1835,"Overhead Conductors & Devices",null,2049548.81,148122.57,0,2197671.38,null,1054126.1906999999,67071.269100000005,0,1121197.4597999998,1076473.9202000001]
[47,1840,"Underground Conduit",null,2091.64,1513.75,0,3605.39,null,0,0,0,0,3605.39]
[47,1845,"Underground Conductors & Devices",null,3262386.93,65680.070000000007,-2407,3325660,null,2046110.22,124523,-2407,2168226.2199999997,1157433.7800000003]
[47,1850,"Line Transformers",null,3346007.0100000002,77346.2,0,3423353.2100000004,null,1856433.91,114494,0,1970927.91,1452425.3000000005]
[47,1855,"Services (Overhead & Underground)",null,182967.77,121454.93000000001,0,304422.7,null,12386.5,12642.28,0,25028.78,279393.92000000004]
[47,1860,"Meters",null,1065645.57,38813.08,0,1104458.6500000001,null,666263.76,36830.5,0,703094.26,401364.39000000013]
[47,1860,"Meters (Smart Meters)",null,0,0,0,0,null,0,0,0,0,0]
["N/A",1905,"Land",null,0,0,0,0,null,0,0,0,0,0]
[1,1908,"Buildings & Fixtures",null,984361.30999999994,41410.75,0,1025772.0599999999,null,411026.21,33389,0,444415.21,581356.84999999986]
[13,1910,"Leasehold Improvements",null,0,0,0,0,null,0,0,0,0,0]
[8,1915,"Office Furniture & Equipment (10 years)",null,259029.1,16518.989999999998,-15523.92,260024.17,null,228700.31999999998,7419,-10090.549999999999,226028.77,33995.400000000023]
[8,1915,"Office Furniture & Equipment (5 years)",null,0,0,0,0,null,0,0,0,0,0]
[52,1920,"Computer Equipment - Hardware",null,458908.23,6074.75,0,464982.98,null,400855.97,18419.39,0,419275.36,45707.619999999995]
[45,1920,"Computer Equip.-Hardware(Post Mar. 22/04)",null,0,0,0,0,null,0,0,0,0,0]
[52,1920,"Computer Equip.-Hardware(Post Mar. 19/07)",null,0,0,0,0,null,0,0,0,0,0]
[12,1925,"Software",null,345753.83,17302.509999999998,0,363056.34,null,244117.58000000002,48328.959999999999,0,292446.54000000004,70609.799999999988]
[10,1930,"Transportation Equipment - Large Vehicles",null,858183.34000000008,0,0,858183.34000000008,null,392906.55125000002,90055.737500000003,0,482962.28875000001,375221.05125000008]
[10,1930,"Transportation Equipment - Small Vehicles",null,189090.59,2425,-30492.15,161023.44,null,134354.442625,18333.365374999998,-30492.15,{"$f":"J152+K152+L152","v":122195.658},{"$f":"H152-M152","v":38827.782000000007}]
[8,1935,"Stores Equipment",null,8609.7800000000007,0,0,8609.7800000000007,null,8609.77,0,0,8609.77,1.0000000000218279E-2]
[8,1940,"Tools, Shop & Garage Equipment",null,266128.02,6696.6,0,272824.62,null,197367.44,10523,0,207890.44,64934.179999999993]
[8,1945,"Measurement & Testing Equipment",null,2634.03,0,0,2634.03,null,2634.03,0,0,2634.03,0]
[8,1950,"Power Operated Equipment",null,0,0,0,0,null,0,0,0,0,0]
[8,1955,"Communications Equipment",null,134109.74,0,0,134109.74,null,131730.74,300,0,132030.74,2079]
[8,1955,"Communication Equipment (Smart Meters)",null,0,0,0,0,null,0,0,0,0,0]
[8,1960,"Miscellaneous Equipment ",null,19219.52,0,0,19219.52,null,18600.66,177,0,18777.66,441.86000000000058]
[47,1975,"Load Management Controls Utility Premises",null,0,0,0,0,null,0,0,0,0,0]
[12,1980,"System Supervisor Equipment",null,452129.10000000003,110198.46,0,562327.56000000006,null,270651.77,27745,0,298396.77,263930.79000000004]
[47,1985,"Miscellaneous Fixed Assets",null,null,null,0,0,null,0,0,0,0,0,{"$f":"10639787-N166","v":0.3267500028014183}]
[47,1995,"Contributions & Grants",null,-1429952.07,-265869.23,74000.66,-1621820.6400000001,null,0,-74000.66,74000.66,0,-1621820.6400000001]
[null,"etc.",null,null,null,null,null,{"$f":"E165+F164+G164","v":0},null,null,null,null,0,{"$f":"H164+M164","v":0}]
[]
[null,null,"Total",null,{"$f":"SUM(E127:E163)","v":22109445.879999999},{"$f":"SUM(F127:F164)","v":774855.53999999992},{"$f":"SUM(G127:G164)","v":25577.590000000004},{"$f":"SUM(H127:H164)","v":22909879.010000002},null,{"$f":"SUM(J127:J164)","v":11383077.043875},{"$f":"SUM(K127:K164)","v":856004.33287500008},{"$f":"SUM(L127:L164)","v":31010.960000000006},{"$f":"SUM(M127:M164)","v":12270092.336749995},{"$f":"SUM(N127:N164)","v":10639786.673249997}]
[]
[null,null,null,null,null,null,null,null,null,"Less: Fully Allocated Depreciation"]
[10,null,"Transportation",null,null,null,null,null,null,"Transportation"]
[8,null,"Stores Equipment",null,null,null,null,null,null,"Stores Equipment"]
[null,null,null,null,null,null,null,null,null,"Net Depreciation",null,{"$f":"K166-L169-L170","v":856004.33287500008}]
[]
[]
[]
[null,null,"Table 2.2.4(a)",null,null,"Year ",2012,"CGAAP"]
[]
[null,null,null,null,"Cost",null,null,null,null,null,"Accumulated Depreciation"]
["CCA Class","OEB","Description","Depreciation Rate","Opening Balance","Additions","Disposals","Closing Balance",null,"Opening Balance","Additions","Disposals","Closing Balance","Net Book Value"]
[12,1611,"Computer Software (Formally known as Account 1925)",null,0,0,0,{"$f":"E179+F179+G179","v":0},null,0,0,0,{"$f":"J179+K179+L179","v":0},{"$f":"H179+M179","v":0}]
["CEC",1612,"Land Rights (Formally known as Account 1906)",null,32555.43,0,0,{"$f":"E180+F180+G180","v":32555.43},null,15060.22,0,0,{"$f":"J180+K180+L180","v":15060.22},{"$f":"H180+M180","v":47615.65}]
["N/A",1805,"Land",null,381737.67,0,0,381737.67,null,0,0,0,{"$f":"J181+K181+L181","v":0},{"$f":"H181-M181","v":381737.67}]
[47,1806,"Land Rights",null,0,0,0,0,null,0,0,0,{"$f":"J182+K182+L182","v":0},{"$f":"H182-M182","v":0}]
[47,1815,"Transformer Station Equipment >50 kV",null,0,0,0,0,null,0,0,0,0,0]
[47,1820,"Distribution Station Equipment <50 kV",null,5041732.67,512294,0,5554026.6699999999,null,1334735.8900000001,193895.24839999998,0,1528631.1384000001,4025395.5315999999]
[47,1825,"Storage Battery Equipment",null,0,0,0,0,null,0,0,0,0,0]
[47,1830,"Poles, Towers & Fixtures",null,4583734.9700000007,271798,0,4855532.9700000007,null,2276158.3602,136596.77608400001,0,2412755.1362840002,2442777.8337160004]
[47,1835,"Overhead Conductors & Devices",null,2197671.38,91160,0,2288831.38,null,1121197.4597999998,67279.009116000001,0,1188476.4689159999,1100354.911084]
[47,1840,"Underground Conduit",null,1948941,0,0,1948941,null,1330391.8770879577,72830.139259397387,0,1403222.016347355,545718.98365264502]
[47,1845,"Underground Conductors & Devices",null,1380324.07,392500,0,1772824.07,null,837834.02291204222,45865.860740602613,0,883699.88365264481,889124.18634735525]
[47,1850,"Line Transformers",null,3423353.2100000004,303600,0,3726953.2100000004,null,1970927.91,114630,0,2085557.91,1641395.3000000005]
[47,1855,"Services (Overhead & Underground)",null,304422.7,30900,0,335322.7,null,25028.78,12737,0,37765.78,297556.92000000004]
[47,1860,"Meters",null,1104458.6500000001,11000,0,1115458.6500000001,null,703094.26,35948,0,739042.26,376416.39000000013]
[47,1860,"Meters (Smart Meters)",null,0,1204470.5900000001,0,1204470.5900000001,null,172163.82333333333,79696.98,0,251860.80333333334,952609.78666666674]
["N/A",1905,"Land",null,0,0,0,0,null,0,0,0,0,0]
[1,1908,"Buildings & Fixtures",null,1025772.0599999999,42200,0,1067972.06,null,444415.21,35351,0,479766.21,588205.85000000009]
[13,1910,"Leasehold Improvements",null,0,0,0,0,null,0,0,0,0,0]
[8,1915,"Office Furniture & Equipment (10 years)",null,260024.17,0,0,260024.17,null,226028.77,7499,0,233527.77,26496.400000000023]
[8,1915,"Office Furniture & Equipment (5 years)",null,0,0,0,0,null,0,0,0,0,0]
[52,1920,"Computer Equipment - Hardware",null,464982.98,29500,0,494482.98,null,419275.36,19648.8,0,438924.16,55558.820000000007]
[50,1920,"Computer Equip.-Hardware(Smart Meters)",null,0,18763.96,0,18763.96,null,7379.1959999999999,3752.7919999999999,0,11131.987999999999,7631.9719999999998]
[12,1925,"Software",null,363056.34,10200,0,373256.34,null,292446.54000000004,32288.58,0,324735.12000000005,48521.219999999972]
[12,1925,"Software (Smart Meters)",null,0,68016,0,68016,null,21832,13603.2,0,35435.199999999997,32580.800000000003]
[10,1930,"Transportation Equipment - Large Vehicles",null,858183.34000000008,525400,-372388.12,1011195.2200000001,null,482962.28875000001,93561.902499999997,-297555.98,278968.21125000005,732227.00875000004]
[10,1930,"Transportation Equipment - Small Vehicles",null,161023.44,10799.99,0,171823.43,null,122195.658,16179.931999999999,0,{"$f":"J204+K204+L204","v":138375.59},{"$f":"H204-M204","v":33447.839999999997}]
[8,1935,"Stores Equipment",null,8609.7800000000007,0,0,8609.7800000000007,null,8609.77,0,0,8609.77,1.0000000000218279E-2]
[8,1940,"Tools, Shop & Garage Equipment",null,272824.62,16900,0,289724.62,null,207890.44,11616,0,219506.44,70218.179999999993]
[8,1945,"Measurement & Testing Equipment",null,2634.03,0,0,2634.03,null,2634.03,0,0,2634.03,0]
[8,1950,"Power Operated Equipment",null,0,0,0,0,null,0,0,0,0,0]
[8,1955,"Communications Equipment",null,134109.74,0,0,134109.74,null,132030.74,300,0,132330.74,1779]
[8,1955,"Communication Equipment (Smart Meters)",null,0,0,0,0,null,0,0,0,0,0]
[8,1960,"Miscellaneous Equipment ",null,19219.52,0,0,19219.52,null,18777.66,177,0,18954.66,264.86000000000058]
[47,1975,"Load Management Controls Utility Premises",null,0,0,0,0,null,0,0,0,0,0]
[12,1980,"System Supervisor Equipment",null,562327.56000000006,0,0,562327.56000000006,null,298396.77,26580,0,324976.77,237350.79000000004]
[47,1985,"Miscellaneous Fixed Assets",null,0,0,0,0,null,0,0,0,0,0]
[47,1995,"Contributions & Grants",null,-1621820.6400000001,-594100,85200,-2130720.64,null,0,-85200,85200,{"$f":"J215+K215+L215","v":0},-2130720.64]
[null,"etc.",null,null,null,null,null,{"$f":"E217+F216+G216","v":0},null,null,null,null,0,0]
[null,null,null,null,null,null,null,null,null,null,null,null,null,0]
[null,null,"Total",null,{"$f":"SUM(E179:E215)","v":22909878.690000001},{"$f":"SUM(F179:F216)","v":2945402.54},{"$f":"SUM(G179:G216)","v":-287188.12},{"$f":"SUM(H179:H216)","v":25568093.109999999},null,{"$f":"SUM(J179:J216)","v":12471467.036083331},{"$f":"SUM(K179:K216)","v":934837.22009999992},{"$f":"SUM(L179:L216)","v":-212355.97999999998},{"$f":"SUM(M179:M216)","v":13193948.27618333},12374144.83381667]
[]
[null,null,null,null,null,null,null,null,null,"Less: Fully Allocated Depreciation"]
[10,null,"Transportation",null,null,null,null,null,null,"Transportation"]
[8,null,"Stores Equipment",null,null,null,null,null,null,"Stores Equipment"]
[null,null,null,null,null,null,null,null,null,"Net Depreciation",null,{"$f":"K218-L221-L222","v":934837.22009999992}]
[]
[]
[]
[null,null,"Table 2.2.5(a)",null,null,"Year ",2013,"CGAAP"]
[]
[null,null,null,null,"Cost",null,null,null,null,null,"Accumulated Depreciation"]
["CCA Class","OEB","Description","Depreciation Rate","Opening Balance","Additions","Disposals","Closing Balance",null,"Opening Balance","Additions","Disposals","Closing Balance","Net Book Value"]
[12,1611,"Computer Software (Formally known as Account 1925)",null,0,0,0,{"$f":"E231+F231+G231","v":0},null,0,0,0,{"$f":"J231+K231+L231","v":0},{"$f":"H231+M231","v":0}]
["CEC",1612,"Land Rights (Formally known as Account 1906)",null,32555.43,0,0,{"$f":"E232+F232+G232","v":32555.43},null,15060.22,0,0,{"$f":"J232+K232+L232","v":15060.22},{"$f":"H232-M232","v":17495.21}]
["N/A",1805,"Land",null,381737.67,0,0,{"$f":"E233+F233+G233","v":381737.67},null,0,0,0,{"$f":"J233+K233+L233","v":0},{"$f":"H233-M233","v":381737.67}]
[47,1806,"Land Rights",null,0,0,0,{"$f":"E234+F234+G234","v":0},null,0,0,0,{"$f":"J234+K234+L234","v":0},{"$f":"H234-M234","v":0}]
[13,1810,"Leasehold Improvements",null,0,0,0,0,null,0,0,0,0,0]
[47,1815,"Transformer Station Equipment >50 kV",null,0,0,0,0,null,0,0,0,0,0]
[47,1820,"Distribution Station Equipment <50 kV",null,5554026.6699999999,896700,0,6450726.6699999999,null,1528631.1384000001,224111.24839999998,0,1752742.3868,4697984.2831999995]
[47,1825,"Storage Battery Equipment",null,0,0,0,0,null,0,0,0,0,0]
[47,1830,"Poles, Towers & Fixtures",null,4855532.9700000007,353100,0,5208632.9700000007,null,2412755.1362840002,146837.72608399999,0,2559592.8623680002,2649040.1076320005]
[47,1835,"Overhead Conductors & Devices",null,2288831.38,99700,0,2388531.38,null,1188476.4689159999,72323.059116000004,0,1260799.5280319999,1127731.8519679999]
[47,1840,"Underground Conduit",null,1948941,0,0,1948941,null,1403222.016347355,71983.391330419428,0,1475205.4076777743,473735.59232222568]
[47,1845,"Underground Conductors & Devices",null,1772824.07,387500,0,2160324.0700000003,null,883699.88365264481,45332.608669580579,0,929032.49232222536,1231291.5776777749]
[47,1850,"Line Transformers",null,3726953.2100000004,318900,0,4045853.2100000004,null,2085557.91,117279,0,2202836.91,1843016.3000000003]
[47,1855,"Services (Overhead & Underground)",null,335322.7,30900,0,366222.7,null,37765.78,14093,0,51858.78,314363.92000000004]
[47,1860,"Meters",null,1115458.6500000001,10000,-801101.62600000005,324357.02400000009,null,739042.26,33914,-543985.69192800007,228970.56807199994,95386.455928000156]
[47,1860,"Meters (Smart Meters)",null,1204470.5900000001,0,0,1204470.5900000001,null,251860.80333333334,79696.98,0,331557.78333333333,872912.80666666676]
["N/A",1905,"Land",null,0,0,0,0,null,0,0,0,0,0]
[1,1908,"Buildings & Fixtures",null,1067972.06,25000,0,1092972.06,null,479766.21,37171,0,516937.21,576034.85000000009]
[13,1910,"Leasehold Improvements",null,0,0,0,0,null,0,0,0,0,0]
[8,1915,"Office Furniture & Equipment (10 years)",null,260024.17,0,0,260024.17,null,233527.77,6566,0,{"$f":"J250+K250+L250","v":240093.77},{"$f":"H250-M250","v":19930.400000000023}]
[8,1915,"Office Furniture & Equipment (5 years)",null,0,0,0,0,null,0,0,0,{"$f":"J251+K251+L251","v":0},{"$f":"H251-M251","v":0}]
[52,1920,"Computer Equipment - Hardware",null,494482.98,22200,0,516682.98,null,438924.16,20147.32,0,459071.48,57611.5]
[50,1920,"Computer Equip.-Hardware(Smart Meters)",null,18763.96,0,0,18763.96,null,11131.987999999999,5972.7919999999995,0,17104.78,1659.1800000000003]
[12,1925,"Software",null,373256.34,65000,0,438256.34,null,324735.12000000005,24911.4,0,349646.52000000008,88609.819999999949]
[12,1925,"Software (Smart Meters)",null,68016,0,0,68016,null,35435.199999999997,13603.2,0,49038.399999999994,18977.600000000006]
[10,1930,"Transportation Equipment - Large Vehicles",null,1011195.2200000001,0,0,{"$f":"E256+F256+G256","v":1011195.2200000001},null,278968.21125000005,126399.4025,0,405367.61375000002,605827.60625000007]
[10,1930,"Transportation Equipment - Small Vehicles",null,171823.43,0,0,{"$f":"E257+F257+G257","v":171823.43},null,138375.59,13421.183000000001,0,151796.77299999999,20026.657000000007]
[8,1935,"Stores Equipment",null,8609.7800000000007,0,0,8609.7800000000007,null,8609.77,0,0,8609.77,1.0000000000218279E-2]
[8,1940,"Tools, Shop & Garage Equipment",null,289724.62,10000,0,299724.62,null,219506.44,12961,0,232467.44,67257.179999999993]
[8,1945,"Measurement & Testing Equipment",null,2634.03,0,0,2634.03,null,2634.03,0,0,2634.03,0]
[8,1950,"Power Operated Equipment",null,0,0,0,0,null,0,0,0,0,0]
[8,1955,"Communications Equipment",null,134109.74,0,0,134109.74,null,132330.74,300,0,132630.74,1479]
[8,1955,"Communication Equipment (Smart Meters)",null,0,0,0,0,null,0,0,0,0,0]
[8,1960,"Miscellaneous Equipment ",null,19219.52,0,0,19219.52,null,18954.66,177,0,19131.66,87.860000000000582]
[47,1975,"Load Management Controls Utility Premises",null,0,0,0,0,null,0,0,0,0,0]
[12,1980,"System Supervisor Equipment",null,562327.56000000006,120000,0,682327.56,null,324976.77,29948,0,354924.77,327402.79000000004]
[47,1985,"Miscellaneous Fixed Assets",null,0,0,0,0,null,0,0,0,0,0]
[47,1995,"Contributions & Grants",null,-2130720.64,-588100,96964.04879999999,-2621856.5912000001,null,0,-96964.04879999999,96964.04879999999,0,-2621856.5912000001]
[null,"etc.",null,null,null,null,null,null,null,null,null,null,0,0]
[]
[null,null,"Total",null,{"$f":"SUM(E231:E268)","v":25568093.109999999},{"$f":"SUM(F231:F269)","v":1750900},{"$f":"SUM(G231:G269)","v":-704137.57720000006},{"$f":"SUM(H231:H269)","v":26614855.5328},null,{"$f":"SUM(J231:J269)","v":13193948.27618333},{"$f":"SUM(K231:K269)","v":1000185.2622999998},{"$f":"SUM(L231:L269)","v":-447021.64312800008},{"$f":"SUM(M231:M269)","v":13747111.895355331},{"$f":"SUM(N231:N269)","v":12867743.637444666}]
[]
[null,null,null,null,null,null,null,null,null,"Less: Fully Allocated Depreciation"]
[10,null,"Transportation",null,null,null,null,null,null,"Transportation"]
[8,null,"Stores Equipment",null,null,null,null,null,null,"Stores Equipment"]
[null,null,null,null,null,null,null,null,null,"Net Depreciation",null,{"$f":"K271-L274-L275","v":1000185.2622999998}]
[]
[]
[]
[null,null,"Table 2.2.4(b)",null,null,"Year ","2012 MIFRS"]
[]
[null,null,null,null,"Cost",null,null,null,null,null,"Accumulated Depreciation"]
["CCA Class","OEB","Description","Depreciation Rate","Opening Balance","Additions","Disposals","Closing Balance",null,"Opening Balance","Additions","Disposals","Closing Balance","Net Book Value"]
[12,1611,"Computer Software (Formally known as Account 1925)",null,0,0,0,{"$f":"E284+F284+G284","v":0},null,0,0,0,{"$f":"J284+K284+L284","v":0},{"$f":"H284+M284","v":0}]
["CEC",1612,"Land Rights (Formally known as Account 1906)",null,32555.43,0,0,{"$f":"E285+F285+G285","v":32555.43},null,15060.22,0,0,{"$f":"J285+K285+L285","v":15060.22},{"$f":"H285-M285","v":17495.21}]
["N/A",1805,"Land",null,381737.67,0,0,{"$f":"E286+F286+G286","v":381737.67},null,0,0,0,{"$f":"J286+K286+L286","v":0},{"$f":"H286-M286","v":381737.67}]
[47,1806,"Land Rights",null,0,0,0,{"$f":"E287+F287+G287","v":0},null,0,0,0,0,0]
[13,1810,"Leasehold Improvements",null,0,0,0,0,null,0,0,0,0,0]
[47,1815,"Transformer Station Equipment >50 kV",null,0,0,0,0,null,0,0,0,0,0]
[47,1820,"Distribution Station Equipment <50 kV",null,5041732.67,512294,0,5554026.6699999999,null,1334735.8900000001,153110.92300758741,0,1487846.8130075876,4066179.8569924124]
[47,1825,"Storage Battery Equipment",null,0,0,0,0,null,0,0,0,0,0]
[47,1830,"Poles, Towers & Fixtures",null,4583734.9700000007,271798,0,4855532.9700000007,null,2276158.3416999998,71314.195433878296,0,2347472.5371338781,2508060.4328661226]
[47,1835,"Overhead Conductors & Devices",null,2197671.38,91160,0,2288831.38,null,1121197.4583000001,25068.654272568874,0,1146266.1125725689,1142565.267427431]
[47,1840,"Underground Conduit",null,1948941,0,0,1948941,null,1330391.8770879577,16021.253703798286,0,1346413.1307917561,602527.86920824391]
[47,1845,"Underground Conductors & Devices",null,1380324.07,392500,0,1772824.07,null,837834.02291204222,30372.397258257537,0,868206.42017029971,904617.64982970036]
[47,1850,"Line Transformers",null,3423353.2100000004,303600.2,0,3726953.4100000006,null,1970927.91,56296.020841137943,0,2027223.9308411379,1699729.4791588627]
[47,1855,"Services (Overhead & Underground)",null,304422.7,30900,0,335322.7,null,25028.78,4989.9400105305176,0,30018.720010530516,305303.97998946952]
[47,1860,"Meters",null,1104458.6499999999,11000,0,1115458.6499999999,null,703094.26,35948,0,739042.26,376416.3899999999]
[47,1860,"Meters (Smart Meters)",null,0,1204470.5900000001,0,1204470.5900000001,null,172163.82333333333,75774.120820512821,0,247937.94415384615,956532.64584615396]
["N/A",1905,"Land",null,0,0,0,0,null,0,0,0,0,0]
[1,1908,"Buildings & Fixtures",null,1025772.0599999999,42200,0,1067972.06,null,444415.21,16764.37793187522,0,461179.58793187526,606792.4720681248]
[13,1910,"Leasehold Improvements",null,0,0,0,0,null,0,0,0,0,0]
[8,1915,"Office Furniture & Equipment (10 years)",null,260024.17,0,0,260024.17,null,226028.77,5379.13,0,231407.9,28616.270000000019]
[8,1915,"Office Furniture & Equipment (5 years)",null,0,0,0,0,null,0,0,0,0,0]
[52,1920,"Computer Equipment - Hardware",null,464982.98,29500,0,494482.98,null,419275.36,19648.8,0,438924.16,55558.820000000007]
[45,1920,"Computer Equip.-Hardware(Smart Meters)",null,0,18763.96,0,18763.96,null,7379.1959999999999,3752.7919999999999,0,11131.987999999999,7631.9719999999998]
[52,1925,"Software",null,363056.34,10200,0,373256.34,null,292446.54000000004,32288.579999999998,0,324735.12000000005,48521.219999999972]
[12,1925,"Software (Smart Meters)",null,0,68016,0,68016,null,21832,13603.2,0,35435.199999999997,32580.800000000003]
[10,1930,"Transportation Equipment - Large Vehicles",null,858183.34000000008,525400,-372388.12,1011195.2200000001,null,482962.28875000001,93561.902499999997,-297555.98,278968.21125000005,732227.00875000004]
[null,1930,"Transportation Equipment - Small Vehicles",null,161023.44,10799.99,0,171823.43,null,122195.658,9600.8502020202031,0,131796.5082020202,40026.921797979798]
[8,1935,"Stores Equipment",null,8609.7800000000007,0,0,8609.7800000000007,null,8609.8000000000011,0,0,8609.8000000000011,-2.0000000000436557E-2]
[8,1940,"Tools, Shop & Garage Equipment",null,272824.62,16900,0,289724.62,null,207890.44,11616,0,219506.44,70218.179999999993]
[8,1945,"Measurement & Testing Equipment",null,2634.03,0,0,2634.03,null,2634.03,0,0,2634.03,0]
[8,1950,"Power Operated Equipment",null,0,0,0,0,null,0,0,0,0,0]
[8,1955,"Communications Equipment",null,134109.74,0,0,134109.74,null,132030.74,300,0,132330.74,1779]
[8,1955,"Communication Equipment (Smart Meters)",null,0,0,0,0,null,0,0,0,0,0]
[8,1960,"Miscellaneous Equipment ",null,19219.52,0,0,19219.52,null,18777.66,177,0,18954.66,264.86000000000058]
[47,1975,"Load Management Controls Utility Premises",null,0,0,0,0,null,0,0,0,0,0]
[12,1980,"System Supervisor Equipment",null,562327.56000000006,0,0,562327.56000000006,null,298396.77,16047.47614323342,0,314444.24614323344,247883.31385676662]
[47,1985,"Miscellaneous Fixed Assets",null,0,0,0,0,null,0,0,0,0,{"$f":"H320-M320","v":0}]
[47,1995,"Contributions & Grants",null,-1621820.64,-594100,49724.107156685146,-2166196.5328433146,null,0,-49724.107156685146,49724.107156685146,0,-2166196.5328433146]
[null,"etc.",null,null,null,null,null,{"$f":"E323+F322+G322","v":0},null,null,null,null,0,{"$f":"H322-M322","v":0}]
[]
[null,null,"Total",null,{"$f":"SUM(E284:E321)","v":22909878.690000001},{"$f":"SUM(F284:F322)","v":2945402.74},{"$f":"SUM(G284:G322)","v":-322664.01284331485},{"$f":"SUM(H284:H322)","v":25532617.417156685},null,{"$f":"SUM(J284:J322)","v":12471467.046083333},{"$f":"SUM(K284:K322)","v":641911.50696871546},{"$f":"SUM(L284:L322)","v":-247831.87284331484},{"$f":"SUM(M284:M322)","v":12865546.68020873},{"$f":"SUM(N284:N322)","v":12667070.736947956}]
[]
[null,null,null,null,null,null,null,null,null,"Less: Fully Allocated Depreciation"]
[10,null,"Transportation",null,null,null,null,null,null,"Transportation"]
[8,null,"Stores Equipment",null,null,null,null,null,null,"Stores Equipment"]
[null,null,null,null,null,null,null,null,null,"Net Depreciation",null,{"$f":"+K324","v":641911.50696871546}]
[]
[null,null,"Table 2.2.5(b)",null,null,"Year ","2013 MIFRS"]
[]
[null,null,null,null,"Cost",null,null,null,null,null,"Accumulated Depreciation"]
["CCA Class","OEB","Description","Depreciation Rate","Opening Balance","Additions","Disposals","Closing Balance",null,"Opening Balance","Additions","Disposals","Closing Balance","Net Book Value"]
[12,1611,"Computer Software (Formally known as Account 1925)",null,0,0,0,{"$f":"E335+F335+G335","v":0},null,0,0,0,{"$f":"J335+K335+L335","v":0},{"$f":"H335+M335","v":0}]
["CEC",1612,"Land Rights (Formally known as Account 1906)",null,32555.43,0,0,{"$f":"E336+F336+G336","v":32555.43},null,15060.22,0,0,{"$f":"J336+K336+L336","v":15060.22},{"$f":"H336-M336","v":17495.21}]
["N/A",1805,"Land",null,381737.67,0,0,{"$f":"E337+F337+G337","v":381737.67},null,0,0,0,{"$f":"J337+K337+L337","v":0},{"$f":"H337-M337","v":381737.67}]
[47,1806,"Land Rights",null,0,0,0,{"$f":"E338+F338+G338","v":0},null,0,0,0,{"$f":"J338+K338+L338","v":0},0]
[13,1810,"Leasehold Improvements",null,0,0,0,0,null,0,0,0,0,0]
[47,1815,"Transformer Station Equipment >50 kV",null,0,0,0,0,null,0,0,0,0,0]
[47,1820,"Distribution Station Equipment <50 kV",null,5554026.6699999999,896700,0,6450726.6699999999,null,1487846.8130075876,165069.19154518202,1.8264840200572507E-3,1652916.0063792535,4797810.6636207467]
[47,1825,"Storage Battery Equipment",null,0,0,0,0,null,0,0,0,0,0]
[47,1830,"Poles, Towers & Fixtures",null,4855532.9700000007,353100,0,5208632.9700000007,null,2347472.5371338781,78257.506544989388,0,2425730.0436788676,2782902.926321133]
[47,1835,"Overhead Conductors & Devices",null,2288831.38,99700,0,2388531.38,null,1146266.1125725689,26659.154272568871,0,1172925.2668451378,1215606.1131548621]
[47,1840,"Underground Conduit",null,1948941,0,0,1948941,null,1346413.1307917561,16021.253703798286,0,1362434.3844955545,586506.61550444551]
[47,1845,"Underground Conductors & Devices",null,1772824.07,387500,0,2160324.0700000003,null,868206.42017029971,40122.40175825754,0,908328.82192855724,1251995.2480714431]
[47,1850,"Line Transformers",null,3726953.4100000006,318900,0,4045853.4100000006,null,2027223.9308411379,64077.273341137945,0,2091301.2041822758,1954552.2058177248]
[47,1855,"Services (Overhead & Underground)",null,335322.7,30900,0,366222.7,null,30018.720010530516,5625.5200105305175,0,35644.240021061036,330578.45997893898]
[47,1860,"Meters",null,1115458.6499999999,10000,-801101.62600000005,324357.02399999986,null,739042.26,33834,-543985.69192800007,228890.56807199994,95466.455927999923]
[47,1860,"Meters (Smart Meters)",null,1204470.5900000001,0,0,1204470.5900000001,null,247937.94415384615,75774.120820512821,0,323712.064974359,880758.52502564108]
["N/A",1905,"Land",null,0,0,0,0,null,0,0,0,{"$f":"J351+K351+L350","v":0},0]
[1,1908,"Buildings & Fixtures",null,1067972.06,25000,0,1092972.06,null,461179.58793187526,16493.94793187522,0,477673.5358637505,615298.52413624956]
[13,1910,"Leasehold Improvements",null,0,0,0,0,null,0,0,0,0,0]
[8,1915,"Office Furniture & Equipment (10 years)",null,260024.17,0,0,260024.17,null,231407.9,4357,0,235764.9,24259.270000000019]
[8,1915,"Office Furniture & Equipment (5 years)",null,0,0,0,0,null,0,0,0,0,0]
[52,1920,"Computer Equipment - Hardware",null,494482.98,22200,0,516682.98,null,438924.16,22367.32,0,461291.48,55391.5]
[45,1920,"Computer Equip.-Hardware(Smart Meters)",null,18763.96,0,0,18763.96,null,11131.987999999999,3752.7919999999999,0,14884.779999999999,3879.1800000000003]
[52,1925,"Software",null,373256.34,65000,0,438256.34,null,324735.12000000005,24911.400000000005,0,349646.52000000008,88609.819999999949]
[12,1925,"Software (Smart Meters)",null,68016,0,0,68016,null,35435.199999999997,13603.2,0,49038.399999999994,18977.600000000006]
[10,1930,"Transportation Equipment - Large Vehicles",null,1011195.2200000001,0,0,{"$f":"E360+F360+G360","v":1011195.2200000001},null,278968.21125000005,126399.4025,0,405367.61375000002,605827.60625000007]
[null,1930,"Transportation Equipment - Small Vehicles",null,171823.43,0,0,{"$f":"E361+F361+G361","v":171823.43},null,131796.5082020202,9486.7752020202024,0,141283.28340404038,30540.14659595961]
[8,1935,"Stores Equipment",null,8609.7800000000007,0,0,{"$f":"E362+F362+G362","v":8609.7800000000007},null,8609.8000000000011,0,0,8609.8000000000011,-2.0000000000436557E-2]
[8,1940,"Tools, Shop & Garage Equipment",null,289724.62,10000,0,299724.62,null,219506.44,12961,0,232467.44,67257.179999999993]
[8,1945,"Measurement & Testing Equipment",null,2634.03,0,0,2634.03,null,2634.03,0,0,2634.03,0]
[8,1950,"Power Operated Equipment",null,0,0,0,0,null,0,0,0,0,0]
[8,1955,"Communications Equipment",null,134109.74,0,0,134109.74,null,132330.74,300,0,132630.74,1479]
[8,1955,"Communication Equipment (Smart Meters)",null,0,0,0,0,null,0,0,0,0,0]
[8,1960,"Miscellaneous Equipment ",null,19219.52,0,0,19219.52,null,18954.66,177,0,19131.66,87.860000000000582]
[47,1975,"Load Management Controls Utility Premises",null,0,0,0,null,null,0,0,0,0,0]
[12,1980,"System Supervisor Equipment",null,562327.56000000006,120000,0,{"$f":"E370+F370+G370","v":682327.56},null,314444.24614323344,19047.47614323342,0,333491.72228646686,348835.8377135332]
[47,1985,"Miscellaneous Fixed Assets",null,0,0,0,null,null,0,0,0,0,0]
[47,1995,"Contributions & Grants",null,-2166196.5328433146,-588100,64211.107156685146,{"$f":"E372+F372+G372","v":-2690085.4256866295},null,0,-64211.107156685146,64211.107156685146,0,-2690085.4256866295]
[null,"etc.",null,null,null,null,null,null,null,null,null,null,0,0]
[]
[null,null,"Total",null,{"$f":"SUM(E335:E372)","v":25532617.417156685},{"$f":"SUM(F335:F373)","v":1750900},{"$f":"SUM(G335:G373)","v":-736890.51884331484},{"$f":"SUM(H335:H373)","v":26546626.898313373},null,{"$f":"SUM(J335:J373)","v":12865546.68020873},{"$f":"SUM(K335:K373)","v":695086.62861742103},{"$f":"SUM(L335:L373)","v":-479774.58294483094},{"$f":"SUM(M335:M373)","v":13080858.725881323},{"$f":"SUM(N335:N373)","v":13465768.172432048}]
[]
[null,null,null,null,null,null,null,null,null,"Less: Fully Allocated Depreciation"]
[10,null,"Transportation",null,null,null,null,null,null,"Transportation"]
[8,null,"Stores Equipment",null,null,null,null,null,null,"Stores Equipment"]
[null,null,null,null,null,null,null,null,null,"PP&E Dispostion",null,{"$f":"+'App.2-EB_PP&E Deferral Account'!F45","v":0}]
[null,null,null,null,null,null,null,null,null,"Net Depreciation",null,{"$f":"+K375+L380","v":695086.62861742103}]
[]
[null,null,null,null,null,null,null,"Dep'n Reduction (CGAAP to IFRS)",null,null,null,{"$f":"K271-K375","v":305098.6336825788}]
[null,null,null,null,null,"Year "]
[]
[null,null,null,null,"Cost",null,null,null,null,null,"Accumulated Depreciation"]
["CCA Class","OEB","Description","Depreciation Rate","Opening Balance","Additions","Disposals","Closing Balance",null,"Opening Balance","Additions","Disposals","Closing Balance","Net Book Value"]
[12,1611,"Computer Software (Formally known as Account 1925)",null,null,null,null,{"$f":"E388+F388+G388","v":0},null,null,null,null,{"$f":"J388+K388+L388","v":0},{"$f":"H388+M388","v":0}]
["CEC",1612,"Land Rights (Formally known as Account 1906)",null,null,null,null,{"$f":"E389+F389+G389","v":0},null,null,null,null,{"$f":"J389+K389+L389","v":0},{"$f":"H389+M389","v":0}]
["N/A",1805,"Land",null,0,null,null,{"$f":"E390+F390+G390","v":0},null,0,null,null,{"$f":"J390+K390+L390","v":0},{"$f":"H390+M390","v":0}]
[47,1806,"Land Rights",null,0,null,null,{"$f":"E391+F391+G391","v":0},null,0,null,null,{"$f":"J391+K391+L391","v":0},{"$f":"H391+M391","v":0}]
[13,1810,"Leasehold Improvements",null,0,null,null,0,null,0,null,null,0,0]
[47,1815,"Transformer Station Equipment >50 kV",null,0,null,null,0,null,0,null,null,0,0]
[47,1820,"Distribution Station Equipment <50 kV",null,0,0,null,0,null,0,0,null,0,0]
[47,1825,"Storage Battery Equipment",null,0,null,null,0,null,0,0,null,0,0]
[47,1830,"Poles, Towers & Fixtures",null,0,0,null,0,null,0,0,null,0,0]
[47,1835,"Overhead Conductors & Devices",null,0,0,null,0,null,0,0,null,0,0]
[47,1840,"Underground Conduit",null,0,0,null,0,null,0,0,null,0,0]
[47,1845,"Underground Conductors & Devices",null,0,0,null,0,null,0,0,null,0,0]
[47,1850,"Line Transformers",null,0,0,null,0,null,0,0,null,0,0]
[47,1855,"Services (Overhead & Underground)",null,0,0,null,0,null,0,null,null,0,0]
[47,1860,"Meters",null,0,0,null,0,null,0,null,null,0,0]
[47,1860,"Meters (Smart Meters)",null,null,null,null,0,null,0,null,null,0,0]
["N/A",1905,"Land",null,0,null,null,0,null,0,null,null,0,0]
[1,1908,"Buildings & Fixtures",null,0,0,null,0,null,0,null,null,0,0]
[13,1910,"Leasehold Improvements",null,0,0,null,0,null,0,null,null,0,0]
[8,1915,"Office Furniture & Equipment (10 years)",null,null,null,null,0,null,null,null,null,0,0]
[8,1915,"Office Furniture & Equipment (5 years)",null,0,0,null,0,null,0,null,null,0,0]
[52,1920,"Computer Equipment - Hardware",null,0,0,null,0,null,0,null,null,0,0]
[45,1920,"Computer Equip.-Hardware(Post Mar. 22/04)",null,null,null,null,0,null,null,null,null,0,0]
[52,1920,"Computer Equip.-Hardware(Post Mar. 19/07)",null,null,null,null,0,null,null,null,null,0,0]
[12,1925,"Software",null,0,0,null,0,null,0,null,null,0]
[10,1930,"Transportation Equipment",null,0,0,null,{"$f":"E413+F413+G413","v":0},null,null,null,null,0,{"$f":"H413+M413","v":0}]
[8,1935,"Stores Equipment",null,0,0,null,{"$f":"E414+F414+G414","v":0},null,null,null,null,0,0]
[8,1940,"Tools, Shop & Garage Equipment",null,0,0,null,0,null,null,null,null,0,0]
[8,1945,"Measurement & Testing Equipment",null,0,0,null,0,null,null,null,null,0,0]
[8,1950,"Power Operated Equipment",null,0,0,null,0,null,null,null,null,0,0]
[8,1955,"Communications Equipment",null,0,0,null,0,null,null,null,null,0,0]
[8,1955,"Communication Equipment (Smart Meters)",null,null,0,null,0,null,null,null,null,0,0]
[8,1960,"Miscellaneous Equipment ",null,0,0,null,0,null,null,null,null,0,0]
[47,1975,"Load Management Controls Utility Premises",null,0,null,null,null,null,null,null,null,0,0]
[12,1980,"System Supervisor Equipment",null,0,null,null,{"$f":"E422+F422+G422","v":0},null,null,null,null,0,0]
[47,1985,"Miscellaneous Fixed Assets",null,0,null,null,null,null,null,null,null,0,0]
[47,1995,"Contributions & Grants",null,null,null,null,{"$f":"E424+F424+G424","v":0},null,0,-48845.17,48845.17,0,0]
[null,"etc.",null,null,null,null,null,{"$f":"E426+F425+G425","v":0},null,null,null,null,0,0]
[]
[null,null,"Total",null,{"$f":"SUM(E388:E424)","v":0},{"$f":"SUM(F388:F425)","v":0},{"$f":"SUM(G388:G425)","v":0},{"$f":"SUM(H388:H425)","v":0},null,{"$f":"SUM(J388:J425)","v":0},{"$f":"SUM(K388:K425)","v":-48845.17},{"$f":"SUM(L388:L425)","v":48845.17},{"$f":"SUM(M388:M425)","v":0},{"$f":"SUM(N388:N425)","v":0}]
[]
[null,null,null,null,null,null,null,null,null,"Less: Fully Allocated Depreciation"]
[10,null,"Transportation",null,null,null,null,null,null,"Transportation"]
[8,null,"Stores Equipment",null,null,null,null,null,null,"Stores Equipment"]
[null,null,null,null,null,null,null,null,null,"Net Depreciation",null,{"$f":"L427-L430-L431","v":48845.17}]

{"sheet":"App.2-CA_CGAAP_DepExp_2011","index":4,"n_rows":62,"n_cols":10,"rows_kept":62,"cut":false,"hidden":true,"merged":[[10,0,10,9],[8,0,8,9],[9,0,9,9],[58,1,58,9],[61,1,62,9],[59,1,60,7],[13,0,14,0],[13,1,14,1],[13,8,14,8],[57,1,57,7]]}
[null,null,null,null,null,null,null,null,"File Number:",{"$f":"'LDC Info'!$E$18","v":"EB-2012-0147"}]
[null,null,null,null,null,null,null,null,"Exhibit:"]
[null,null,null,null,null,null,null,null,"Tab:"]
[null,null,null,null,null,null,null,null,"Schedule:"]
[null,null,null,null,null,null,null,null,"Page:"]
[]
[null,null,null,null,null,null,null,null,"Date:"]
[null,null,"Midland PUC is adopting in 2013 - therefore no inputs on this schedule"]
["Appendix 2-CA"]
["Depreciation and Amortization Expense"]
["Assumes the applicant adopted IFRS for financial reporting purposes January 1, 2012"]
[null,null,"Year",null,"CGAAP"]
[]
["Account","Description","Opening NBV as at Jan 1, 2011 1","Additions","Total for Depreciation","Years","Depreciation Rate","Depreciation Expense","2011 Depreciation Expense per Appendix 2-B Fixed Assets, Columns K & L\n (l)","Variance 3"]
[null,null,"(a)","(d)","(e) = (a) + ½ x (d) 2","(f)","(g) = 1 / (f)","(h) = (e) / (f)",null,"(m) = (h) - (l)"]
[1611,"Computer Software (Formally known as Account 1925)",null,null,{"$f":"C16+0.5*D16","v":0},null,{"$f":"IF(F16=0,0,1/F16)","v":0},{"$f":"IF(F16=0,0,E16/F16)","v":0},null,{"$f":"IF(ISERROR(+H16-I16), 0, +H16-I16)","v":0}]
[1612,"Land Rights (Formally known as Account 1906)",null,null,0,null,0,0,null,0]
[1805,"Land",null,null,0,null,0,0,null,0]
[1808,"Buildings",null,null,0,null,0,0,null,0]
[1810,"Leasehold Improvements",null,null,0,null,0,0,null,0]
[1815,"Transformer Station Equipment >50 kV",null,null,0,null,0,0,null,0]
[1820,"Distribution Station Equipment <50 kV",null,null,0,null,0,0,null,0]
[1825,"Storage Battery Equipment",null,null,0,null,0,0,null,0]
[1830,"Poles, Towers & Fixtures",null,null,0,null,0,0,null,0]
[1835,"Overhead Conductors & Devices",null,null,0,null,0,0,null,0]
[1840,"Underground Conduit",null,null,0,null,0,0,null,0]
[1845,"Underground Conductors & Devices",null,null,0,null,0,0,null,0]
[1850,"Line Transformers",null,null,0,null,0,0,null,0]
[1855,"Services (Overhead & Underground)",null,null,0,null,0,0,null,0]
[1860,"Meters",null,null,0,null,0,0,null,0]
[1860,"Meters (Smart Meters)",null,null,0,null,0,0,null,0]
[1905,"Land",null,null,0,null,0,0,null,0]
[1908,"Buildings & Fixtures",null,null,0,null,0,0,null,0]
[1910,"Leasehold Improvements",null,null,0,null,0,0,null,0]
[1915,"Office Furniture & Equipment (10 years)",null,null,0,null,0,0,null,0]
[1915,"Office Furniture & Equipment (5 years)",null,null,0,null,0,0,null,0]
[1920,"Computer Equipment - Hardware",null,null,0,null,0,0,null,0]
[1920,"Computer Equip.-Hardware(Post Mar. 22/04)",null,null,0,null,0,0,null,0]
[1920,"Computer Equip.-Hardware(Post Mar. 19/07)",null,null,0,null,0,0,null,0]
[1930,"Transportation Equipment",null,null,0,null,0,0,null,0]
[1935,"Stores Equipment",null,null,0,null,0,0,null,0]
[1940,"Tools, Shop & Garage Equipment",null,null,0,null,0,0,null,0]
[1945,"Measurement & Testing Equipment",null,null,0,null,0,0,null,0]
[1950,"Power Operated Equipment",null,null,0,null,0,0,null,0]
[1955,"Communications Equipment",null,null,0,null,0,0,null,0]
[1955,"Communication Equipment (Smart Meters)",null,null,0,null,0,0,null,0]
[1960,"Miscellaneous Equipment ",null,null,0,null,0,0,null,0]
[1975,"Load Management Controls Utility Premises",null,null,0,null,0,0,null,0]
[1980,"System Supervisor Equipment",null,null,0,null,0,0,null,0]
[1985,"Miscellaneous Fixed Assets",null,null,0,null,0,0,null,0]
[1995,"Contributions & Grants",null,null,0,null,0,0,null,0]
["etc.",null,null,null,0,null,0,0,null,0]
[null,null,null,null,0,null,0,0,null,0]
[null,"Total",{"$f":"SUM(C16:C53)","v":0},{"$f":"SUM(D16:D53)","v":0},{"$f":"SUM(E16:E53)","v":0},null,null,{"$f":"SUM(H16:H53)","v":0},{"$f":"SUM(I16:I53)","v":0},{"$f":"SUM(J16:J53)","v":0}]
[]
["Notes:"]
[]
[1,"NBV must exclude assets still on the books but which have been fully amortized or depreciated."]
[2,"Board policy of the \"half-year\" rule - the applicant must ensure that additions in the year attract a half-year depreciation expense in the first year.  Deviations from this standard practice must be supported in the application."]
[3,"The applicant must provide an explanation of material variances in evidence"]
[]
["General","Applicants must provide a breakdown of depreciation and amortization expense in the above format for all relevant accounts.  Asset Retirement Obligations (AROs), depreciation and accretion expense should be disclosed separately consistent with the Notes of historical Audited Financial Statements."]

{"sheet":"App.2-CB_MIFRS_DepExp_2011","index":5,"n_rows":64,"n_cols":14,"rows_kept":64,"cut":false,"hidden":true,"merged":[[8,0,8,13],[9,0,9,13],[10,0,10,13],[61,1,61,13],[63,1,64,13],[57,1,57,13],[58,1,58,13],[59,1,59,13],[60,1,60,13],[13,0,14,0],[13,1,14,1],[13,10,14,10]]}
[null,null,null,null,null,null,null,null,null,null,null,null,"File Number:",{"$f":"'LDC Info'!$E$18","v":"EB-2012-0147"}]
[null,null,null,null,null,null,null,null,null,null,null,null,"Exhibit:"]
[null,null,null,null,null,null,null,null,null,null,null,null,"Tab:"]
[null,null,null,null,null,null,null,null,null,null,null,null,"Schedule:"]
[null,null,null,null,null,null,null,null,null,null,null,null,"Page:"]
[]
[null,null,null,null,null,null,null,null,null,null,null,null,"Date:"]
[null,null,null,null,"Midland PUC is adopting in 2013 - therefore no inputs on this schedule"]
["Appendix 2-CB"]
["Depreciation and Amortization Expense"]
["Assumes the applicant adopted IFRS for financial reporting purposes January 1, 2012"]
[null,null,"Year",null,"MIFRS"]
[]
["Account","Description","Opening NBV as at Jan 1, 2011 5","Additions","Average Remaining Life of Opening NBV 4","Years (new additions only) 3","Depreciation Rate on New Additions","Depreciation Expense on Opening NBV","Depreciation Expense on Additions 1","2011 Depreciation Expense","2011 Depreciation Expense per Appendix 2-B Fixed Assets, Columns K & L\n (l)","Variance 2","Depreciation Expense on 2011 Full Year Additions","2011 Full Year Depreciation"]
[null,null,"(a)","(d)","(i)","(f)","(g) = 1 / (f)","(j) = (a) / (i)","(h)=((d)*0.5)/(f) ","(k) = (j) + (h)",null,"(m) = (k) - (l)","(n) = (d)/(f) ","(o) = (j) + (n)"]
[1611,"Computer Software (Formally known as Account 1925)",null,null,null,null,{"$f":"IF(F16=0,0,1/F16)","v":0},{"$f":"IF(E16=0,0,+C16/E16)","v":0},{"$f":"IF(F16=0,0,+(D16*0.5)/F16)","v":0},{"$f":"IF(ISERROR(+H16+I16), 0, +H16+I16)","v":0},null,{"$f":"IF(ISERROR(+J16-K16), 0, +J16-K16)","v":0},{"$f":"IF(F16=0,0,+(D16)/F16)","v":0},{"$f":"IF(ISERROR(+M16+H16), 0, +M16+H16)","v":0}]
[1612,"Land Rights (Formally known as Account 1906)",null,null,null,null,0,0,0,0,null,0,0,0]
[1805,"Land",null,null,null,null,0,0,0,0,null,0,0,0]
[1808,"Buildings",null,null,null,null,0,0,0,0,null,0,0,0]
[1810,"Leasehold Improvements",null,null,null,null,0,0,0,0,null,0,0,0]
[1815,"Transformer Station Equipment >50 kV",null,null,null,null,0,0,0,0,null,0,0,0]
[1820,"Distribution Station Equipment <50 kV",null,null,null,null,0,0,0,0,null,0,0,0]
[1825,"Storage Battery Equipment",null,null,null,null,0,0,0,0,null,0,0,0]
[1830,"Poles, Towers & Fixtures",null,null,null,null,0,0,0,0,null,0,0,0]
[1835,"Overhead Conductors & Devices",null,null,null,null,0,0,0,0,null,0,0,0]
[1840,"Underground Conduit",null,null,null,null,0,0,0,0,null,0,0,0]
[1845,"Underground Conductors & Devices",null,null,null,null,0,0,0,0,null,0,0,0]
[1850,"Line Transformers",null,null,null,null,0,0,0,0,null,0,0,0]
[1855,"Services (Overhead & Underground)",null,null,null,null,0,0,0,0,null,0,0,0]
[1860,"Meters",null,null,null,null,0,0,0,0,null,0,0,0]
[1860,"Meters (Smart Meters)",null,null,null,null,0,0,0,0,null,0,0,0]
[1905,"Land",null,null,null,null,0,0,0,0,null,0,0,0]
[1908,"Buildings & Fixtures",null,null,null,null,0,0,0,0,null,0,0,0]
[1910,"Leasehold Improvements",null,null,null,null,0,0,0,0,null,0,0,0]
[1915,"Office Furniture & Equipment (10 years)",null,null,null,null,0,0,0,0,null,0,0,0]
[1915,"Office Furniture & Equipment (5 years)",null,null,null,null,0,0,0,0,null,0,0,0]
[1920,"Computer Equipment - Hardware",null,null,null,null,0,0,0,0,null,0,0,0]
[1920,"Computer Equip.-Hardware(Post Mar. 22/04)",null,null,null,null,0,0,0,0,null,0,0,0]
[1920,"Computer Equip.-Hardware(Post Mar. 19/07)",null,null,null,null,0,0,0,0,null,0,0,0]
[1930,"Transportation Equipment",null,null,null,null,0,0,0,0,null,0,0,0]
[1935,"Stores Equipment",null,null,null,null,0,0,0,0,null,0,0,0]
[1940,"Tools, Shop & Garage Equipment",null,null,null,null,0,0,0,0,null,0,0,0]
[1945,"Measurement & Testing Equipment",null,null,null,null,0,0,0,0,null,0,0,0]
[1950,"Power Operated Equipment",null,null,null,null,0,0,0,0,null,0,0,0]
[1955,"Communications Equipment",null,null,null,null,0,0,0,0,null,0,0,0]
[1955,"Communication Equipment (Smart Meters)",null,null,null,null,0,0,0,0,null,0,0,0]
[1960,"Miscellaneous Equipment ",null,null,null,null,0,0,0,0,null,0,0,0]
[1975,"Load Management Controls Utility Premises",null,null,null,null,0,0,0,0,null,0,0,0]
[1980,"System Supervisor Equipment",null,null,null,null,0,0,0,0,null,0,0,0]
[1985,"Miscellaneous Fixed Assets",null,null,null,null,0,0,0,0,null,0,0,0]
[1995,"Contributions & Grants",null,null,null,null,0,0,0,0,null,0,0,0]
["etc.",null,null,null,null,null,0,0,0,0,null,0,0,0]
[null,null,null,null,null,null,0,0,0,0,null,0,0,0]
[null,"Total",{"$f":"SUM(C16:C53)","v":0},{"$f":"SUM(D16:D53)","v":0},null,null,null,{"$f":"SUM(H16:H53)","v":0},0,0,0,0,0,0]
[]
["Notes:"]
[]
[1,"Board policy of the \"half-year\" rule - the applicant must ensure that additions in the year attract a half-year depreciation expense in the first year.  Deviations from this standard practice must be supported in the application."]
[2,"The applicant must provide an explanation of material variances in evidence"]
[3,"The applicant should ensure that the years for new additions of assets are the asset useful lives determined by management in accordance with IFRS. "]
[4,"A recalculation should be performed to determine the average remaining life of opening balance of assets (i.e. excluding 2011 additions) under IFRS.  For example, Asset A had a useful life of 20 years under CGAAP.  On January 1, 2011, the date of transition, Asset A was 3 years depreciated. As a result, Asset A would have a remaining service life of 17 years (20 years less 3 years) under CGAAP as of January 1, 2011.  Due to the transition to IFRS, management re-assessed the asset useful lives under IFRS principles and concluded that the revised useful life of Asset A is now 30 years. Therefore, the average remaining useful life of opening balance of Asset A is determined to be 27 years (30 years less 3 years) under IFRS as of January 1, 2011."]
[5," NBV must exclude assets still on the books but which have been fully amortized or depreciated."]
[]
["General:","Applicants must provide a breakdown of depreciation and amortization expense in the above format for all relevant accounts.  Asset Retirement Obligations (AROs), depreciation and accretion expense should be disclosed separately consistent with the Notes of historical Audited Financial Statements."]

{"sheet":"App.2-CC_MIFRS_DepExp_2012","index":6,"n_rows":61,"n_cols":10,"rows_kept":61,"cut":false,"hidden":true,"merged":[[8,0,8,9],[56,1,56,9],[57,1,57,9],[58,1,58,9],[60,1,61,9],[13,0,14,0],[13,1,14,1],[13,6,14,6],[10,0,10,9],[9,0,9,9]]}
[null,null,null,null,null,null,null,null,"File Number:",{"$f":"'LDC Info'!$E$18","v":"EB-2012-0147"}]
[null,null,null,null,null,null,null,null,"Exhibit:"]
[null,null,null,null,null,null,null,null,"Tab:"]
[null,null,null,null,null,null,null,null,"Schedule:"]
[null,null,null,null,null,null,null,null,"Page:"]
[]
[null,null,null,null,null,null,null,null,"Date:"]
[null,null,"Midland PUC is adopting in 2013 - therefore no inputs on this schedule"]
["Appendix 2-CC"]
["Depreciation and Amortization Expense"]
["Assumes the applicant adopted IFRS for financial reporting purposes January 1, 2012"]
[null,null,null,"MIFRS"]
[]
["Account","Description","Additions","Years (new additions only)","Depreciation Rate on New Additions","2012 Depreciation Expense 1","2012 Depreciation Expense per Apppendix 2-B Fixed Assets, Columns K & L\n (l)","Variance 2","Depreciation Expense on 2012 Full Year Additions","2012 Full Year Depreciation"]
[null,null,"(d)","(f)","(g) = 1 / (f)","(h)=2011 Full Year Deprecation 3 + ((d)*0.5)/(f) ",null,"(m) = (h) - (l)","(n)=((d))/(f) ","(o) = 2011 Full Year Depreciation 3 + (n)"]
[1611,"Computer Software (Formally known as Account 1925)",null,null,{"$f":"IF(D16=0,0,1/D16)","v":0},{"$f":"IF(D16=0,+'App.2-CB_MIFRS_DepExp_2011'!N16,+'App.2-CB_MIFRS_DepExp_2011'!N16+((C16*0.5)/D16))","v":0},null,{"$f":"IF(ISERROR(+F16-G16), 0, +F16-G16)","v":0},{"$f":"IF(D16=0,0,+(C16)/D16)","v":0},{"$f":"IF(ISERROR(+I16+'App.2-CB_MIFRS_DepExp_2011'!N16), 0, +I16+'App.2-CB_MIFRS_DepExp_2011'!N16)","v":0}]
[1612,"Land Rights (Formally known as Account 1906)",null,null,0,{"$f":"IF(D17=0,+'App.2-CB_MIFRS_DepExp_2011'!N17,+'App.2-CB_MIFRS_DepExp_2011'!N17+((C17*0.5)/D17))","v":0},null,0,0,{"$f":"IF(ISERROR(+I17+'App.2-CB_MIFRS_DepExp_2011'!N17), 0, +I17+'App.2-CB_MIFRS_DepExp_2011'!N17)","v":0}]
[1805,"Land",null,null,0,{"$f":"IF(D18=0,+'App.2-CB_MIFRS_DepExp_2011'!N18,+'App.2-CB_MIFRS_DepExp_2011'!N18+((C18*0.5)/D18))","v":0},null,0,0,{"$f":"IF(ISERROR(+I18+'App.2-CB_MIFRS_DepExp_2011'!N18), 0, +I18+'App.2-CB_MIFRS_DepExp_2011'!N18)","v":0}]
[1808,"Buildings",null,null,0,{"$f":"IF(D19=0,+'App.2-CB_MIFRS_DepExp_2011'!N19,+'App.2-CB_MIFRS_DepExp_2011'!N19+((C19*0.5)/D19))","v":0},null,0,0,{"$f":"IF(ISERROR(+I19+'App.2-CB_MIFRS_DepExp_2011'!N19), 0, +I19+'App.2-CB_MIFRS_DepExp_2011'!N19)","v":0}]
[1810,"Leasehold Improvements",null,null,0,{"$f":"IF(D20=0,+'App.2-CB_MIFRS_DepExp_2011'!N20,+'App.2-CB_MIFRS_DepExp_2011'!N20+((C20*0.5)/D20))","v":0},null,0,0,{"$f":"IF(ISERROR(+I20+'App.2-CB_MIFRS_DepExp_2011'!N20), 0, +I20+'App.2-CB_MIFRS_DepExp_2011'!N20)","v":0}]
[1815,"Transformer Station Equipment >50 kV",null,null,0,{"$f":"IF(D21=0,+'App.2-CB_MIFRS_DepExp_2011'!N21,+'App.2-CB_MIFRS_DepExp_2011'!N21+((C21*0.5)/D21))","v":0},null,0,0,{"$f":"IF(ISERROR(+I21+'App.2-CB_MIFRS_DepExp_2011'!N21), 0, +I21+'App.2-CB_MIFRS_DepExp_2011'!N21)","v":0}]
[1820,"Distribution Station Equipment <50 kV",null,null,0,{"$f":"IF(D22=0,+'App.2-CB_MIFRS_DepExp_2011'!N22,+'App.2-CB_MIFRS_DepExp_2011'!N22+((C22*0.5)/D22))","v":0},null,0,0,{"$f":"IF(ISERROR(+I22+'App.2-CB_MIFRS_DepExp_2011'!N22), 0, +I22+'App.2-CB_MIFRS_DepExp_2011'!N22)","v":0}]
[1825,"Storage Battery Equipment",null,null,0,{"$f":"IF(D23=0,+'App.2-CB_MIFRS_DepExp_2011'!N23,+'App.2-CB_MIFRS_DepExp_2011'!N23+((C23*0.5)/D23))","v":0},null,0,0,{"$f":"IF(ISERROR(+I23+'App.2-CB_MIFRS_DepExp_2011'!N23), 0, +I23+'App.2-CB_MIFRS_DepExp_2011'!N23)","v":0}]
[1830,"Poles, Towers & Fixtures",null,null,0,{"$f":"IF(D24=0,+'App.2-CB_MIFRS_DepExp_2011'!N24,+'App.2-CB_MIFRS_DepExp_2011'!N24+((C24*0.5)/D24))","v":0},null,0,0,{"$f":"IF(ISERROR(+I24+'App.2-CB_MIFRS_DepExp_2011'!N24), 0, +I24+'App.2-CB_MIFRS_DepExp_2011'!N24)","v":0}]
[1835,"Overhead Conductors & Devices",null,null,0,{"$f":"IF(D25=0,+'App.2-CB_MIFRS_DepExp_2011'!N25,+'App.2-CB_MIFRS_DepExp_2011'!N25+((C25*0.5)/D25))","v":0},null,0,0,{"$f":"IF(ISERROR(+I25+'App.2-CB_MIFRS_DepExp_2011'!N25), 0, +I25+'App.2-CB_MIFRS_DepExp_2011'!N25)","v":0}]
[1840,"Underground Conduit",null,null,0,{"$f":"IF(D26=0,+'App.2-CB_MIFRS_DepExp_2011'!N26,+'App.2-CB_MIFRS_DepExp_2011'!N26+((C26*0.5)/D26))","v":0},null,0,0,{"$f":"IF(ISERROR(+I26+'App.2-CB_MIFRS_DepExp_2011'!N26), 0, +I26+'App.2-CB_MIFRS_DepExp_2011'!N26)","v":0}]
[1845,"Underground Conductors & Devices",null,null,0,{"$f":"IF(D27=0,+'App.2-CB_MIFRS_DepExp_2011'!N27,+'App.2-CB_MIFRS_DepExp_2011'!N27+((C27*0.5)/D27))","v":0},null,0,0,{"$f":"IF(ISERROR(+I27+'App.2-CB_MIFRS_DepExp_2011'!N27), 0, +I27+'App.2-CB_MIFRS_DepExp_2011'!N27)","v":0}]
[1850,"Line Transformers",null,null,0,{"$f":"IF(D28=0,+'App.2-CB_MIFRS_DepExp_2011'!N28,+'App.2-CB_MIFRS_DepExp_2011'!N28+((C28*0.5)/D28))","v":0},null,0,0,{"$f":"IF(ISERROR(+I28+'App.2-CB_MIFRS_DepExp_2011'!N28), 0, +I28+'App.2-CB_MIFRS_DepExp_2011'!N28)","v":0}]
[1855,"Services (Overhead & Underground)",null,null,0,{"$f":"IF(D29=0,+'App.2-CB_MIFRS_DepExp_2011'!N29,+'App.2-CB_MIFRS_DepExp_2011'!N29+((C29*0.5)/D29))","v":0},null,0,0,{"$f":"IF(ISERROR(+I29+'App.2-CB_MIFRS_DepExp_2011'!N29), 0, +I29+'App.2-CB_MIFRS_DepExp_2011'!N29)","v":0}]
[1860,"Meters",null,null,0,{"$f":"IF(D30=0,+'App.2-CB_MIFRS_DepExp_2011'!N30,+'App.2-CB_MIFRS_DepExp_2011'!N30+((C30*0.5)/D30))","v":0},null,0,0,{"$f":"IF(ISERROR(+I30+'App.2-CB_MIFRS_DepExp_2011'!N30), 0, +I30+'App.2-CB_MIFRS_DepExp_2011'!N30)","v":0}]
[1860,"Meters (Smart Meters)",null,null,0,{"$f":"IF(D31=0,+'App.2-CB_MIFRS_DepExp_2011'!N31,+'App.2-CB_MIFRS_DepExp_2011'!N31+((C31*0.5)/D31))","v":0},null,0,0,{"$f":"IF(ISERROR(+I31+'App.2-CB_MIFRS_DepExp_2011'!N31), 0, +I31+'App.2-CB_MIFRS_DepExp_2011'!N31)","v":0}]
[1905,"Land",null,null,0,{"$f":"IF(D32=0,+'App.2-CB_MIFRS_DepExp_2011'!N32,+'App.2-CB_MIFRS_DepExp_2011'!N32+((C32*0.5)/D32))","v":0},null,0,0,{"$f":"IF(ISERROR(+I32+'App.2-CB_MIFRS_DepExp_2011'!N32), 0, +I32+'App.2-CB_MIFRS_DepExp_2011'!N32)","v":0}]
[1908,"Buildings & Fixtures",null,null,0,{"$f":"IF(D33=0,+'App.2-CB_MIFRS_DepExp_2011'!N33,+'App.2-CB_MIFRS_DepExp_2011'!N33+((C33*0.5)/D33))","v":0},null,0,0,{"$f":"IF(ISERROR(+I33+'App.2-CB_MIFRS_DepExp_2011'!N33), 0, +I33+'App.2-CB_MIFRS_DepExp_2011'!N33)","v":0}]
[1910,"Leasehold Improvements",null,null,0,{"$f":"IF(D34=0,+'App.2-CB_MIFRS_DepExp_2011'!N34,+'App.2-CB_MIFRS_DepExp_2011'!N34+((C34*0.5)/D34))","v":0},null,0,0,{"$f":"IF(ISERROR(+I34+'App.2-CB_MIFRS_DepExp_2011'!N34), 0, +I34+'App.2-CB_MIFRS_DepExp_2011'!N34)","v":0}]
[1915,"Office Furniture & Equipment (10 years)",null,null,0,{"$f":"IF(D35=0,+'App.2-CB_MIFRS_DepExp_2011'!N35,+'App.2-CB_MIFRS_DepExp_2011'!N35+((C35*0.5)/D35))","v":0},null,0,0,{"$f":"IF(ISERROR(+I35+'App.2-CB_MIFRS_DepExp_2011'!N35), 0, +I35+'App.2-CB_MIFRS_DepExp_2011'!N35)","v":0}]
[1915,"Office Furniture & Equipment (5 years)",null,null,0,{"$f":"IF(D36=0,+'App.2-CB_MIFRS_DepExp_2011'!N36,+'App.2-CB_MIFRS_DepExp_2011'!N36+((C36*0.5)/D36))","v":0},null,0,0,{"$f":"IF(ISERROR(+I36+'App.2-CB_MIFRS_DepExp_2011'!N36), 0, +I36+'App.2-CB_MIFRS_DepExp_2011'!N36)","v":0}]
[1920,"Computer Equipment - Hardware",null,null,0,{"$f":"IF(D37=0,+'App.2-CB_MIFRS_DepExp_2011'!N37,+'App.2-CB_MIFRS_DepExp_2011'!N37+((C37*0.5)/D37))","v":0},null,0,0,{"$f":"IF(ISERROR(+I37+'App.2-CB_MIFRS_DepExp_2011'!N37), 0, +I37+'App.2-CB_MIFRS_DepExp_2011'!N37)","v":0}]
[1920,"Computer Equip.-Hardware(Post Mar. 22/04)",null,null,0,{"$f":"IF(D38=0,+'App.2-CB_MIFRS_DepExp_2011'!N38,+'App.2-CB_MIFRS_DepExp_2011'!N38+((C38*0.5)/D38))","v":0},null,0,0,{"$f":"IF(ISERROR(+I38+'App.2-CB_MIFRS_DepExp_2011'!N38), 0, +I38+'App.2-CB_MIFRS_DepExp_2011'!N38)","v":0}]
[1920,"Computer Equip.-Hardware(Post Mar. 19/07)",null,null,0,{"$f":"IF(D39=0,+'App.2-CB_MIFRS_DepExp_2011'!N39,+'App.2-CB_MIFRS_DepExp_2011'!N39+((C39*0.5)/D39))","v":0},null,0,0,{"$f":"IF(ISERROR(+I39+'App.2-CB_MIFRS_DepExp_2011'!N39), 0, +I39+'App.2-CB_MIFRS_DepExp_2011'!N39)","v":0}]
[1930,"Transportation Equipment",null,null,0,{"$f":"IF(D40=0,+'App.2-CB_MIFRS_DepExp_2011'!N40,+'App.2-CB_MIFRS_DepExp_2011'!N40+((C40*0.5)/D40))","v":0},null,0,0,{"$f":"IF(ISERROR(+I40+'App.2-CB_MIFRS_DepExp_2011'!N40), 0, +I40+'App.2-CB_MIFRS_DepExp_2011'!N40)","v":0}]
[1935,"Stores Equipment",null,null,0,{"$f":"IF(D41=0,+'App.2-CB_MIFRS_DepExp_2011'!N41,+'App.2-CB_MIFRS_DepExp_2011'!N41+((C41*0.5)/D41))","v":0},null,0,0,{"$f":"IF(ISERROR(+I41+'App.2-CB_MIFRS_DepExp_2011'!N41), 0, +I41+'App.2-CB_MIFRS_DepExp_2011'!N41)","v":0}]
[1940,"Tools, Shop & Garage Equipment",null,null,0,{"$f":"IF(D42=0,+'App.2-CB_MIFRS_DepExp_2011'!N42,+'App.2-CB_MIFRS_DepExp_2011'!N42+((C42*0.5)/D42))","v":0},null,0,0,{"$f":"IF(ISERROR(+I42+'App.2-CB_MIFRS_DepExp_2011'!N42), 0, +I42+'App.2-CB_MIFRS_DepExp_2011'!N42)","v":0}]
[1945,"Measurement & Testing Equipment",null,null,0,{"$f":"IF(D43=0,+'App.2-CB_MIFRS_DepExp_2011'!N43,+'App.2-CB_MIFRS_DepExp_2011'!N43+((C43*0.5)/D43))","v":0},null,0,0,{"$f":"IF(ISERROR(+I43+'App.2-CB_MIFRS_DepExp_2011'!N43), 0, +I43+'App.2-CB_MIFRS_DepExp_2011'!N43)","v":0}]
[1950,"Power Operated Equipment",null,null,0,{"$f":"IF(D44=0,+'App.2-CB_MIFRS_DepExp_2011'!N44,+'App.2-CB_MIFRS_DepExp_2011'!N44+((C44*0.5)/D44))","v":0},null,0,0,{"$f":"IF(ISERROR(+I44+'App.2-CB_MIFRS_DepExp_2011'!N44), 0, +I44+'App.2-CB_MIFRS_DepExp_2011'!N44)","v":0}]
[1955,"Communications Equipment",null,null,0,{"$f":"IF(D45=0,+'App.2-CB_MIFRS_DepExp_2011'!N45,+'App.2-CB_MIFRS_DepExp_2011'!N45+((C45*0.5)/D45))","v":0},null,0,0,{"$f":"IF(ISERROR(+I45+'App.2-CB_MIFRS_DepExp_2011'!N45), 0, +I45+'App.2-CB_MIFRS_DepExp_2011'!N45)","v":0}]
[1955,"Communication Equipment (Smart Meters)",null,null,0,{"$f":"IF(D46=0,+'App.2-CB_MIFRS_DepExp_2011'!N46,+'App.2-CB_MIFRS_DepExp_2011'!N46+((C46*0.5)/D46))","v":0},null,0,0,{"$f":"IF(ISERROR(+I46+'App.2-CB_MIFRS_DepExp_2011'!N46), 0, +I46+'App.2-CB_MIFRS_DepExp_2011'!N46)","v":0}]
[1960,"Miscellaneous Equipment ",null,null,0,{"$f":"IF(D47=0,+'App.2-CB_MIFRS_DepExp_2011'!N47,+'App.2-CB_MIFRS_DepExp_2011'!N47+((C47*0.5)/D47))","v":0},null,0,0,{"$f":"IF(ISERROR(+I47+'App.2-CB_MIFRS_DepExp_2011'!N47), 0, +I47+'App.2-CB_MIFRS_DepExp_2011'!N47)","v":0}]
[1975,"Load Management Controls Utility Premises",null,null,0,{"$f":"IF(D48=0,+'App.2-CB_MIFRS_DepExp_2011'!N48,+'App.2-CB_MIFRS_DepExp_2011'!N48+((C48*0.5)/D48))","v":0},null,0,0,{"$f":"IF(ISERROR(+I48+'App.2-CB_MIFRS_DepExp_2011'!N48), 0, +I48+'App.2-CB_MIFRS_DepExp_2011'!N48)","v":0}]
[1980,"System Supervisor Equipment",null,null,0,{"$f":"IF(D49=0,+'App.2-CB_MIFRS_DepExp_2011'!N49,+'App.2-CB_MIFRS_DepExp_2011'!N49+((C49*0.5)/D49))","v":0},null,0,0,{"$f":"IF(ISERROR(+I49+'App.2-CB_MIFRS_DepExp_2011'!N49), 0, +I49+'App.2-CB_MIFRS_DepExp_2011'!N49)","v":0}]
[1985,"Miscellaneous Fixed Assets",null,null,0,{"$f":"IF(D50=0,+'App.2-CB_MIFRS_DepExp_2011'!N50,+'App.2-CB_MIFRS_DepExp_2011'!N50+((C50*0.5)/D50))","v":0},null,0,0,{"$f":"IF(ISERROR(+I50+'App.2-CB_MIFRS_DepExp_2011'!N50), 0, +I50+'App.2-CB_MIFRS_DepExp_2011'!N50)","v":0}]
[1995,"Contributions & Grants",null,null,0,{"$f":"IF(D51=0,+'App.2-CB_MIFRS_DepExp_2011'!N51,+'App.2-CB_MIFRS_DepExp_2011'!N51+((C51*0.5)/D51))","v":0},null,0,0,{"$f":"IF(ISERROR(+I51+'App.2-CB_MIFRS_DepExp_2011'!N51), 0, +I51+'App.2-CB_MIFRS_DepExp_2011'!N51)","v":0}]
["etc.",null,null,null,0,{"$f":"IF(D52=0,+'App.2-CB_MIFRS_DepExp_2011'!N52,+'App.2-CB_MIFRS_DepExp_2011'!N52+((C52*0.5)/D52))","v":0},null,0,0,{"$f":"IF(ISERROR(+I52+'App.2-CB_MIFRS_DepExp_2011'!N52), 0, +I52+'App.2-CB_MIFRS_DepExp_2011'!N52)","v":0}]
[null,null,null,null,0,{"$f":"IF(D53=0,+'App.2-CB_MIFRS_DepExp_2011'!N53,+'App.2-CB_MIFRS_DepExp_2011'!N53+((C53*0.5)/D53))","v":0},null,0,0,{"$f":"IF(ISERROR(+I53+'App.2-CB_MIFRS_DepExp_2011'!N53), 0, +I53+'App.2-CB_MIFRS_DepExp_2011'!N53)","v":0}]
[null,"Total",{"$f":"SUM(C16:C53)","v":0},null,0,{"$f":"SUM(F16:F53)","v":0},{"$f":"SUM(G16:G53)","v":0},{"$f":"SUM(H16:H53)","v":0},{"$f":"SUM(I16:I53)","v":0},{"$f":"SUM(J16:J53)","v":0}]
[]
["Notes:"]
[1,"Board policy of the \"half-year\" rule - the applicant must ensure that additions in the year attract a half-year depreciation expense in the first year.  Deviations from this standard practice must be supported in the application."]
[2,"The applicant must provide an explanation of material variances in evidence"]
[3,"If the assets are fully depreciated as of the end of 2011, the applicant must exclude the depreciation expense of these assets in the calculation of the 2012 depreciation expense."]
[]
["General:","Applicants must provide a breakdown of depreciation and amortization expense in the above format for all relevant accounts.  Asset Retirement Obligations (AROs), depreciation and accretion expense should be disclosed separately consistent with the Notes of historical Audited Financial Statements."]

{"sheet":"App.2-CD_MIFRS_DepExp_2013","index":7,"n_rows":63,"n_cols":10,"rows_kept":63,"cut":false,"hidden":true,"merged":[[54,1,54,4],[13,1,14,1],[13,6,14,6],[8,0,8,9],[9,0,9,9],[10,0,10,9],[59,1,59,9],[58,1,58,9],[57,1,57,9],[62,1,63,9],[55,1,55,4]]}
[null,null,null,null,null,null,null,null,"File Number:",{"$f":"'LDC Info'!$E$18","v":"EB-2012-0147"}]
[null,null,null,null,null,null,null,null,"Exhibit:"]
[null,null,null,null,null,null,null,null,"Tab:"]
[null,null,null,null,null,null,null,null,"Schedule:"]
[null,null,null,null,null,null,null,null,"Page:"]
[]
[null,null,null,null,null,null,null,null,"Date:"]
[null,null,"Midland PUC is adopting in 2013 - therefore no inputs on this schedule"]
["Appendix 2-CD"]
["Depreciation and Amortization Expense"]
["Assumes the applicant adopted IFRS for financial reporting purposes January 1, 2012"]
[null,null,null,"MIFRS"]
[]
["Account","Description","Additions","Years (new additions only)","Depreciation Rate on New Additions","2013 Depreciation Expense 1","2013 Depreciation Expense per Appendix 2-B Fixed Assets, Columns K & L\n (l)","Variance 2","Depreciation Expense on 2013 Full Year Additions","2013 Full Year Depreciation"]
[null,null,"(d)","(f)","(g) = 1 / (f)","(h)=2012 Full Year Depreciation 3 + ((d)*0.5)/(f) ",null,"(m) = (h) - (l)","(n)=((d))/(f) ","(o) = 2012 Full Year Depreciation 3 + (n)"]
[1611,"Computer Software (Formally known as Account 1925)",null,null,{"$f":"IF(D16=0,0,1/D16)","v":0},{"$f":"IF(D16=0,'App.2-CC_MIFRS_DepExp_2012'!J16,+'App.2-CC_MIFRS_DepExp_2012'!J16+((C16*0.5)/D16))","v":0},null,{"$f":"IF(ISERROR(+F16-G16), 0, +F16-G16)","v":0},{"$f":"IF(D16=0,0,+(C16)/D16)","v":0},{"$f":"IF(ISERROR(+I16+'App.2-CC_MIFRS_DepExp_2012'!J16), 0, +I16+'App.2-CC_MIFRS_DepExp_2012'!J16)","v":0}]
[1612,"Land Rights (Formally known as Account 1906)",null,null,0,{"$f":"IF(D17=0,'App.2-CC_MIFRS_DepExp_2012'!J17,+'App.2-CC_MIFRS_DepExp_2012'!J17+((C17*0.5)/D17))","v":0},null,0,0,{"$f":"IF(ISERROR(+I17+'App.2-CC_MIFRS_DepExp_2012'!J17), 0, +I17+'App.2-CC_MIFRS_DepExp_2012'!J17)","v":0}]
[1805,"Land",null,null,0,{"$f":"IF(D18=0,'App.2-CC_MIFRS_DepExp_2012'!J18,+'App.2-CC_MIFRS_DepExp_2012'!J18+((C18*0.5)/D18))","v":0},null,0,0,{"$f":"IF(ISERROR(+I18+'App.2-CC_MIFRS_DepExp_2012'!J18), 0, +I18+'App.2-CC_MIFRS_DepExp_2012'!J18)","v":0}]
[1808,"Buildings",null,null,0,{"$f":"IF(D19=0,'App.2-CC_MIFRS_DepExp_2012'!J19,+'App.2-CC_MIFRS_DepExp_2012'!J19+((C19*0.5)/D19))","v":0},null,0,0,{"$f":"IF(ISERROR(+I19+'App.2-CC_MIFRS_DepExp_2012'!J19), 0, +I19+'App.2-CC_MIFRS_DepExp_2012'!J19)","v":0}]
[1810,"Leasehold Improvements",null,null,0,{"$f":"IF(D20=0,'App.2-CC_MIFRS_DepExp_2012'!J20,+'App.2-CC_MIFRS_DepExp_2012'!J20+((C20*0.5)/D20))","v":0},null,0,0,{"$f":"IF(ISERROR(+I20+'App.2-CC_MIFRS_DepExp_2012'!J20), 0, +I20+'App.2-CC_MIFRS_DepExp_2012'!J20)","v":0}]
[1815,"Transformer Station Equipment >50 kV",null,null,0,{"$f":"IF(D21=0,'App.2-CC_MIFRS_DepExp_2012'!J21,+'App.2-CC_MIFRS_DepExp_2012'!J21+((C21*0.5)/D21))","v":0},null,0,0,{"$f":"IF(ISERROR(+I21+'App.2-CC_MIFRS_DepExp_2012'!J21), 0, +I21+'App.2-CC_MIFRS_DepExp_2012'!J21)","v":0}]
[1820,"Distribution Station Equipment <50 kV",null,null,0,{"$f":"IF(D22=0,'App.2-CC_MIFRS_DepExp_2012'!J22,+'App.2-CC_MIFRS_DepExp_2012'!J22+((C22*0.5)/D22))","v":0},null,0,0,{"$f":"IF(ISERROR(+I22+'App.2-CC_MIFRS_DepExp_2012'!J22), 0, +I22+'App.2-CC_MIFRS_DepExp_2012'!J22)","v":0}]
[1825,"Storage Battery Equipment",null,null,0,{"$f":"IF(D23=0,'App.2-CC_MIFRS_DepExp_2012'!J23,+'App.2-CC_MIFRS_DepExp_2012'!J23+((C23*0.5)/D23))","v":0},null,0,0,{"$f":"IF(ISERROR(+I23+'App.2-CC_MIFRS_DepExp_2012'!J23), 0, +I23+'App.2-CC_MIFRS_DepExp_2012'!J23)","v":0}]
[1830,"Poles, Towers & Fixtures",null,null,0,{"$f":"IF(D24=0,'App.2-CC_MIFRS_DepExp_2012'!J24,+'App.2-CC_MIFRS_DepExp_2012'!J24+((C24*0.5)/D24))","v":0},null,0,0,{"$f":"IF(ISERROR(+I24+'App.2-CC_MIFRS_DepExp_2012'!J24), 0, +I24+'App.2-CC_MIFRS_DepExp_2012'!J24)","v":0}]
[1835,"Overhead Conductors & Devices",null,null,0,{"$f":"IF(D25=0,'App.2-CC_MIFRS_DepExp_2012'!J25,+'App.2-CC_MIFRS_DepExp_2012'!J25+((C25*0.5)/D25))","v":0},null,0,0,{"$f":"IF(ISERROR(+I25+'App.2-CC_MIFRS_DepExp_2012'!J25), 0, +I25+'App.2-CC_MIFRS_DepExp_2012'!J25)","v":0}]
[1840,"Underground Conduit",null,null,0,{"$f":"IF(D26=0,'App.2-CC_MIFRS_DepExp_2012'!J26,+'App.2-CC_MIFRS_DepExp_2012'!J26+((C26*0.5)/D26))","v":0},null,0,0,{"$f":"IF(ISERROR(+I26+'App.2-CC_MIFRS_DepExp_2012'!J26), 0, +I26+'App.2-CC_MIFRS_DepExp_2012'!J26)","v":0}]
[1845,"Underground Conductors & Devices",null,null,0,{"$f":"IF(D27=0,'App.2-CC_MIFRS_DepExp_2012'!J27,+'App.2-CC_MIFRS_DepExp_2012'!J27+((C27*0.5)/D27))","v":0},null,0,0,{"$f":"IF(ISERROR(+I27+'App.2-CC_MIFRS_DepExp_2012'!J27), 0, +I27+'App.2-CC_MIFRS_DepExp_2012'!J27)","v":0}]
[1850,"Line Transformers",null,null,0,{"$f":"IF(D28=0,'App.2-CC_MIFRS_DepExp_2012'!J28,+'App.2-CC_MIFRS_DepExp_2012'!J28+((C28*0.5)/D28))","v":0},null,0,0,{"$f":"IF(ISERROR(+I28+'App.2-CC_MIFRS_DepExp_2012'!J28), 0, +I28+'App.2-CC_MIFRS_DepExp_2012'!J28)","v":0}]
[1855,"Services (Overhead & Underground)",null,null,0,{"$f":"IF(D29=0,'App.2-CC_MIFRS_DepExp_2012'!J29,+'App.2-CC_MIFRS_DepExp_2012'!J29+((C29*0.5)/D29))","v":0},null,0,0,{"$f":"IF(ISERROR(+I29+'App.2-CC_MIFRS_DepExp_2012'!J29), 0, +I29+'App.2-CC_MIFRS_DepExp_2012'!J29)","v":0}]
[1860,"Meters",null,null,0,{"$f":"IF(D30=0,'App.2-CC_MIFRS_DepExp_2012'!J30,+'App.2-CC_MIFRS_DepExp_2012'!J30+((C30*0.5)/D30))","v":0},null,0,0,{"$f":"IF(ISERROR(+I30+'App.2-CC_MIFRS_DepExp_2012'!J30), 0, +I30+'App.2-CC_MIFRS_DepExp_2012'!J30)","v":0}]
[1860,"Meters (Smart Meters)",null,null,0,{"$f":"IF(D31=0,'App.2-CC_MIFRS_DepExp_2012'!J31,+'App.2-CC_MIFRS_DepExp_2012'!J31+((C31*0.5)/D31))","v":0},null,0,0,{"$f":"IF(ISERROR(+I31+'App.2-CC_MIFRS_DepExp_2012'!J31), 0, +I31+'App.2-CC_MIFRS_DepExp_2012'!J31)","v":0}]
[1905,"Land",null,null,0,{"$f":"IF(D32=0,'App.2-CC_MIFRS_DepExp_2012'!J32,+'App.2-CC_MIFRS_DepExp_2012'!J32+((C32*0.5)/D32))","v":0},null,0,0,{"$f":"IF(ISERROR(+I32+'App.2-CC_MIFRS_DepExp_2012'!J32), 0, +I32+'App.2-CC_MIFRS_DepExp_2012'!J32)","v":0}]
[1908,"Buildings & Fixtures",null,null,0,{"$f":"IF(D33=0,'App.2-CC_MIFRS_DepExp_2012'!J33,+'App.2-CC_MIFRS_DepExp_2012'!J33+((C33*0.5)/D33))","v":0},null,0,0,{"$f":"IF(ISERROR(+I33+'App.2-CC_MIFRS_DepExp_2012'!J33), 0, +I33+'App.2-CC_MIFRS_DepExp_2012'!J33)","v":0}]
[1910,"Leasehold Improvements",null,null,0,{"$f":"IF(D34=0,'App.2-CC_MIFRS_DepExp_2012'!J34,+'App.2-CC_MIFRS_DepExp_2012'!J34+((C34*0.5)/D34))","v":0},null,0,0,{"$f":"IF(ISERROR(+I34+'App.2-CC_MIFRS_DepExp_2012'!J34), 0, +I34+'App.2-CC_MIFRS_DepExp_2012'!J34)","v":0}]
[1915,"Office Furniture & Equipment (10 years)",null,null,0,{"$f":"IF(D35=0,'App.2-CC_MIFRS_DepExp_2012'!J35,+'App.2-CC_MIFRS_DepExp_2012'!J35+((C35*0.5)/D35))","v":0},null,0,0,{"$f":"IF(ISERROR(+I35+'App.2-CC_MIFRS_DepExp_2012'!J35), 0, +I35+'App.2-CC_MIFRS_DepExp_2012'!J35)","v":0}]
[1915,"Office Furniture & Equipment (5 years)",null,null,0,{"$f":"IF(D36=0,'App.2-CC_MIFRS_DepExp_2012'!J36,+'App.2-CC_MIFRS_DepExp_2012'!J36+((C36*0.5)/D36))","v":0},null,0,0,{"$f":"IF(ISERROR(+I36+'App.2-CC_MIFRS_DepExp_2012'!J36), 0, +I36+'App.2-CC_MIFRS_DepExp_2012'!J36)","v":0}]
[1920,"Computer Equipment - Hardware",null,null,0,{"$f":"IF(D37=0,'App.2-CC_MIFRS_DepExp_2012'!J37,+'App.2-CC_MIFRS_DepExp_2012'!J37+((C37*0.5)/D37))","v":0},null,0,0,{"$f":"IF(ISERROR(+I37+'App.2-CC_MIFRS_DepExp_2012'!J37), 0, +I37+'App.2-CC_MIFRS_DepExp_2012'!J37)","v":0}]
[1920,"Computer Equip.-Hardware(Post Mar. 22/04)",null,null,0,{"$f":"IF(D38=0,'App.2-CC_MIFRS_DepExp_2012'!J38,+'App.2-CC_MIFRS_DepExp_2012'!J38+((C38*0.5)/D38))","v":0},null,0,0,{"$f":"IF(ISERROR(+I38+'App.2-CC_MIFRS_DepExp_2012'!J38), 0, +I38+'App.2-CC_MIFRS_DepExp_2012'!J38)","v":0}]
[1920,"Computer Equip.-Hardware(Post Mar. 19/07)",null,null,0,{"$f":"IF(D39=0,'App.2-CC_MIFRS_DepExp_2012'!J39,+'App.2-CC_MIFRS_DepExp_2012'!J39+((C39*0.5)/D39))","v":0},null,0,0,{"$f":"IF(ISERROR(+I39+'App.2-CC_MIFRS_DepExp_2012'!J39), 0, +I39+'App.2-CC_MIFRS_DepExp_2012'!J39)","v":0}]
[1930,"Transportation Equipment",null,null,0,{"$f":"IF(D40=0,'App.2-CC_MIFRS_DepExp_2012'!J40,+'App.2-CC_MIFRS_DepExp_2012'!J40+((C40*0.5)/D40))","v":0},null,0,0,{"$f":"IF(ISERROR(+I40+'App.2-CC_MIFRS_DepExp_2012'!J40), 0, +I40+'App.2-CC_MIFRS_DepExp_2012'!J40)","v":0}]
[1935,"Stores Equipment",null,null,0,{"$f":"IF(D41=0,'App.2-CC_MIFRS_DepExp_2012'!J41,+'App.2-CC_MIFRS_DepExp_2012'!J41+((C41*0.5)/D41))","v":0},null,0,0,{"$f":"IF(ISERROR(+I41+'App.2-CC_MIFRS_DepExp_2012'!J41), 0, +I41+'App.2-CC_MIFRS_DepExp_2012'!J41)","v":0}]
[1940,"Tools, Shop & Garage Equipment",null,null,0,{"$f":"IF(D42=0,'App.2-CC_MIFRS_DepExp_2012'!J42,+'App.2-CC_MIFRS_DepExp_2012'!J42+((C42*0.5)/D42))","v":0},null,0,0,{"$f":"IF(ISERROR(+I42+'App.2-CC_MIFRS_DepExp_2012'!J42), 0, +I42+'App.2-CC_MIFRS_DepExp_2012'!J42)","v":0}]
[1945,"Measurement & Testing Equipment",null,null,0,{"$f":"IF(D43=0,'App.2-CC_MIFRS_DepExp_2012'!J43,+'App.2-CC_MIFRS_DepExp_2012'!J43+((C43*0.5)/D43))","v":0},null,0,0,{"$f":"IF(ISERROR(+I43+'App.2-CC_MIFRS_DepExp_2012'!J43), 0, +I43+'App.2-CC_MIFRS_DepExp_2012'!J43)","v":0}]
[1950,"Power Operated Equipment",null,null,0,{"$f":"IF(D44=0,'App.2-CC_MIFRS_DepExp_2012'!J44,+'App.2-CC_MIFRS_DepExp_2012'!J44+((C44*0.5)/D44))","v":0},null,0,0,{"$f":"IF(ISERROR(+I44+'App.2-CC_MIFRS_DepExp_2012'!J44), 0, +I44+'App.2-CC_MIFRS_DepExp_2012'!J44)","v":0}]
[1955,"Communications Equipment",null,null,0,{"$f":"IF(D45=0,'App.2-CC_MIFRS_DepExp_2012'!J45,+'App.2-CC_MIFRS_DepExp_2012'!J45+((C45*0.5)/D45))","v":0},null,0,0,{"$f":"IF(ISERROR(+I45+'App.2-CC_MIFRS_DepExp_2012'!J45), 0, +I45+'App.2-CC_MIFRS_DepExp_2012'!J45)","v":0}]
[1955,"Communication Equipment (Smart Meters)",null,null,0,{"$f":"IF(D46=0,'App.2-CC_MIFRS_DepExp_2012'!J46,+'App.2-CC_MIFRS_DepExp_2012'!J46+((C46*0.5)/D46))","v":0},null,0,0,{"$f":"IF(ISERROR(+I46+'App.2-CC_MIFRS_DepExp_2012'!J46), 0, +I46+'App.2-CC_MIFRS_DepExp_2012'!J46)","v":0}]
[1960,"Miscellaneous Equipment ",null,null,0,{"$f":"IF(D47=0,'App.2-CC_MIFRS_DepExp_2012'!J47,+'App.2-CC_MIFRS_DepExp_2012'!J47+((C47*0.5)/D47))","v":0},null,0,0,{"$f":"IF(ISERROR(+I47+'App.2-CC_MIFRS_DepExp_2012'!J47), 0, +I47+'App.2-CC_MIFRS_DepExp_2012'!J47)","v":0}]
[1975,"Load Management Controls Utility Premises",null,null,0,{"$f":"IF(D48=0,'App.2-CC_MIFRS_DepExp_2012'!J48,+'App.2-CC_MIFRS_DepExp_2012'!J48+((C48*0.5)/D48))","v":0},null,0,0,{"$f":"IF(ISERROR(+I48+'App.2-CC_MIFRS_DepExp_2012'!J48), 0, +I48+'App.2-CC_MIFRS_DepExp_2012'!J48)","v":0}]
[1980,"System Supervisor Equipment",null,null,0,{"$f":"IF(D49=0,'App.2-CC_MIFRS_DepExp_2012'!J49,+'App.2-CC_MIFRS_DepExp_2012'!J49+((C49*0.5)/D49))","v":0},null,0,0,{"$f":"IF(ISERROR(+I49+'App.2-CC_MIFRS_DepExp_2012'!J49), 0, +I49+'App.2-CC_MIFRS_DepExp_2012'!J49)","v":0}]
[1985,"Miscellaneous Fixed Assets",null,null,0,{"$f":"IF(D50=0,'App.2-CC_MIFRS_DepExp_2012'!J50,+'App.2-CC_MIFRS_DepExp_2012'!J50+((C50*0.5)/D50))","v":0},null,0,0,{"$f":"IF(ISERROR(+I50+'App.2-CC_MIFRS_DepExp_2012'!J50), 0, +I50+'App.2-CC_MIFRS_DepExp_2012'!J50)","v":0}]
[1995,"Contributions & Grants",null,null,0,{"$f":"IF(D51=0,'App.2-CC_MIFRS_DepExp_2012'!J51,+'App.2-CC_MIFRS_DepExp_2012'!J51+((C51*0.5)/D51))","v":0},null,0,0,{"$f":"IF(ISERROR(+I51+'App.2-CC_MIFRS_DepExp_2012'!J51), 0, +I51+'App.2-CC_MIFRS_DepExp_2012'!J51)","v":0}]
["etc.",null,null,null,0,{"$f":"IF(D52=0,'App.2-CC_MIFRS_DepExp_2012'!J52,+'App.2-CC_MIFRS_DepExp_2012'!J52+((C52*0.5)/D52))","v":0},null,0,0,{"$f":"IF(ISERROR(+I52+'App.2-CC_MIFRS_DepExp_2012'!J52), 0, +I52+'App.2-CC_MIFRS_DepExp_2012'!J52)","v":0}]
[null,null,null,null,0,{"$f":"IF(D53=0,'App.2-CC_MIFRS_DepExp_2012'!J53,+'App.2-CC_MIFRS_DepExp_2012'!J53+((C53*0.5)/D53))","v":0},null,0,0,{"$f":"IF(ISERROR(+I53+'App.2-CC_MIFRS_DepExp_2012'!J53), 0, +I53+'App.2-CC_MIFRS_DepExp_2012'!J53)","v":0}]
[null,"Total",{"$f":"SUM(C16:C53)","v":0},null,0,{"$f":"SUM(F16:F53)","v":0},{"$f":"SUM(G16:G53)","v":0},{"$f":"SUM(H16:H53)","v":0},{"$f":"SUM(I16:I53)","v":0},{"$f":"SUM(J16:J53)","v":0}]
[null,"Depreciation expense adjustment resulting from  amortization of Account 1575",null,null,null,0]
[null,"Total Depreciation expense to be included in the test year revenue requirement",null,null,null,{"$f":"+F54+F55","v":0}]
["Notes:"]
[1,"Board policy of the \"half-year\" rule - the applicant must ensure that additions in the year attract a half-year depreciation expense in the first year.  Deviations from this standard practice must be supported in the application."]
[2,"The applicant must provide an explanation of material variances in evidence"]
[3,"If the assets are fully depreciated as of the end of 2012, the applicant must exclude the depreciation expense of these assets in the calculation of the 2013 depreciation expense."]
[]
[]
["General:","Applicants must provide a breakdown of depreciation and amortization expense in the above format for all relevant accounts.  Asset Retirement Obligations (AROs), depreciation and accretion expense should be disclosed separately consistent with the Notes of historical Audited Financial Statements."]

{"sheet":"App.2-CE_CGAAP_DepExp_2011","index":8,"n_rows":62,"n_cols":12,"rows_kept":62,"cut":false,"hidden":false,"merged":[[61,1,63,11],[9,0,9,11],[66,1,68,11],[8,0,8,11],[60,1,60,11],[59,1,59,11],[13,0,14,0],[13,1,14,1],[13,10,14,10],[10,0,10,11]]}
[null,null,null,null,null,null,null,null,"File Number:",{"$f":"'LDC Info'!$E$18","v":"EB-2012-0147"}]
[null,null,null,null,null,null,null,null,"Exhibit:",4]
[null,null,null,null,null,null,null,null,"Tab:",2]
[null,null,null,null,null,null,null,null,"Schedule:",7]
[null,null,null,null,null,null,null,null,"Page:","4 of 10"]
[]
[null,null,null,null,null,null,null,null,"Date:","2012-08-31"]
[null,null,null,null,"Table 4.2.29"]
["Appendix 2-CE"]
["Depreciation and Amortization Expense"]
["Assumes the applicant adopted IFRS for financial reporting purposes January 1, 2013"]
[null,null,"Year",2011,"CGAAP"]
[]
["Account","Description","Opening Regulatory Gross PP&E as at Jan 1, 2011","Less Fully Depreciated","Net for Depreciation","Additions","Total for Depreciation","Years","Depreciation Rate","2011 Depreciation Expense","2011 Depreciation Expense per Appendix 2-B Fixed Assets, Column K\n (l)","Variance 2"]
[null,null,"(a)","(b)","(c)","(d)","(e) = (c) + ½ x (d) 1","(f)","(g) = 1 / (f)","(h) = (e) / (f)",null,"(m) = (h) - (l)"]
[1611,"Computer Software (Formally known as Account 1925)",{"$f":"'App.2-B_Fixed Asset Continuity'!E127","v":0},null,{"$f":"C16-D16","v":0},{"$f":"'App.2-B_Fixed Asset Continuity'!F127","v":0},{"$f":"E16+0.5*F16","v":0},null,{"$f":"IF(H16=0,\"\",1/H16)","v":""},{"$f":"IF(H16=0,0,G16/H16)","v":0},{"$f":"'App.2-B_Fixed Asset Continuity'!K127","v":0},{"$f":"IF(ISERROR(+J16-K16),\"\",+J16-K16)","v":0}]
[1612,"Land Rights (Formally known as Account 1906)",{"$f":"'App.2-B_Fixed Asset Continuity'!E128","v":0},null,{"$f":"C17-D17","v":0},{"$f":"'App.2-B_Fixed Asset Continuity'!F128","v":0},{"$f":"E17+0.5*F17","v":0},null,{"$f":"IF(H17=0,\"\",1/H17)","v":""},{"$f":"IF(H17=0,0,G17/H17)","v":0},{"$f":"'App.2-B_Fixed Asset Continuity'!K128","v":0},{"$f":"IF(ISERROR(+J17-K17),\"\",+J17-K17)","v":0}]
[1805,"Land",{"$f":"'App.2-B_Fixed Asset Continuity'!E129","v":381737.67},null,381737.67,{"$f":"'App.2-B_Fixed Asset Continuity'!F129","v":0},381737.67,0,"",0,{"$f":"'App.2-B_Fixed Asset Continuity'!K129","v":0},0]
[1806,"Land Rights",{"$f":"'App.2-B_Fixed Asset Continuity'!E130","v":32555.43},null,32555.43,{"$f":"'App.2-B_Fixed Asset Continuity'!F130","v":0},32555.43,0,"",0,{"$f":"'App.2-B_Fixed Asset Continuity'!K130","v":0},0]
[1815,"Transformer Station Equipment >50 kV",{"$f":"'App.2-B_Fixed Asset Continuity'!E131","v":0},null,0,{"$f":"'App.2-B_Fixed Asset Continuity'!F131","v":0},0,null,"",0,{"$f":"'App.2-B_Fixed Asset Continuity'!K131","v":0},0]
[1820,"Distribution Station Equipment <50 kV",{"$f":"'App.2-B_Fixed Asset Continuity'!E132","v":5023305.76},502009.48,4521296.2799999993,{"$f":"'App.2-B_Fixed Asset Continuity'!F132","v":18426.91},4530509.7349999994,{"$f":"G21/K21","v":24.678870247816064},4.052049344067904E-2,183578.49000000002,{"$f":"'App.2-B_Fixed Asset Continuity'!K132","v":183578.49000000002},0]
[1825,"Storage Battery Equipment",{"$f":"'App.2-B_Fixed Asset Continuity'!E133","v":0},0,0,{"$f":"'App.2-B_Fixed Asset Continuity'!F133","v":0},0,null,"",0,{"$f":"'App.2-B_Fixed Asset Continuity'!K133","v":0},0]
[1830,"Poles, Towers & Fixtures",{"$f":"'App.2-B_Fixed Asset Continuity'!E134","v":4214994.7700000005},1057428.9606000001,3157565.8094000006,{"$f":"'App.2-B_Fixed Asset Continuity'!F134","v":368740.20000000007},3341935.9094000007,{"$f":"G23/K23","v":24.541478886085326},4.0747340640786972E-2,136175.00090000001,{"$f":"'App.2-B_Fixed Asset Continuity'!K134","v":136175.00090000001},0]
[1835,"Overhead Conductors & Devices",{"$f":"'App.2-B_Fixed Asset Continuity'!E135","v":2049548.81},520823.2194,1528725.5906,{"$f":"'App.2-B_Fixed Asset Continuity'!F135","v":148122.57},1602786.8755999999,23.896772747960419,4.1846654799248977E-2,67071.269100000005,{"$f":"'App.2-B_Fixed Asset Continuity'!K135","v":67071.269100000005},0]
[1840,"Underground Conduit",{"$f":"'App.2-B_Fixed Asset Continuity'!E136","v":2091.64},null,2091.64,{"$f":"'App.2-B_Fixed Asset Continuity'!F136","v":1513.75},2848.5149999999999,null,"",0,{"$f":"'App.2-B_Fixed Asset Continuity'!K136","v":0},0]
[1845,"Underground Conductors & Devices",{"$f":"'App.2-B_Fixed Asset Continuity'!E137","v":3262386.93},460019.25,2802367.68,{"$f":"'App.2-B_Fixed Asset Continuity'!F137","v":65680.070000000007},2835207.7150000003,22.768546493418889,4.3920238838655951E-2,124523,{"$f":"'App.2-B_Fixed Asset Continuity'!K137","v":124523},0]
[1850,"Line Transformers",{"$f":"'App.2-B_Fixed Asset Continuity'!E138","v":3346007.0100000002},711367.55,2634639.46,{"$f":"'App.2-B_Fixed Asset Continuity'!F138","v":77346.2},2673312.56,23.348931472391566,4.2828512353228161E-2,114494,{"$f":"'App.2-B_Fixed Asset Continuity'!K138","v":114494},0]
[1855,"Services (Overhead & Underground)",{"$f":"'App.2-B_Fixed Asset Continuity'!E139","v":182967.77},1556.05,181411.72,{"$f":"'App.2-B_Fixed Asset Continuity'!F139","v":121454.93000000001},242139.185,19.15312625570704,5.2210797686462848E-2,12642.28,{"$f":"'App.2-B_Fixed Asset Continuity'!K139","v":12642.28},0]
[1860,"Meters",{"$f":"'App.2-B_Fixed Asset Continuity'!E140","v":1065645.57},226264.13,839381.44000000006,{"$f":"'App.2-B_Fixed Asset Continuity'!F140","v":38813.08},858787.9800000001,23.31730440803139,4.2886603978784139E-2,36830.5,{"$f":"'App.2-B_Fixed Asset Continuity'!K140","v":36830.5},0]
[1860,"Meters (Smart Meters)",{"$f":"'App.2-B_Fixed Asset Continuity'!E141","v":0},null,0,{"$f":"'App.2-B_Fixed Asset Continuity'!F141","v":0},0,null,"",0,{"$f":"'App.2-B_Fixed Asset Continuity'!K141","v":0},0]
[1905,"Land",{"$f":"'App.2-B_Fixed Asset Continuity'!E142","v":0},null,0,{"$f":"'App.2-B_Fixed Asset Continuity'!F142","v":0},0,null,"",0,{"$f":"'App.2-B_Fixed Asset Continuity'!K142","v":0},0]
[1908,"Buildings & Fixtures",{"$f":"'App.2-B_Fixed Asset Continuity'!E143","v":984361.30999999994},0,984361.30999999994,{"$f":"'App.2-B_Fixed Asset Continuity'!F143","v":41410.75},1005066.6849999999,30.101730659798136,3.3220681272506811E-2,33389,{"$f":"'App.2-B_Fixed Asset Continuity'!K143","v":33389},0]
[1910,"Leasehold Improvements",{"$f":"'App.2-B_Fixed Asset Continuity'!E144","v":0},null,0,{"$f":"'App.2-B_Fixed Asset Continuity'!F144","v":0},0,null,"",0,{"$f":"'App.2-B_Fixed Asset Continuity'!K144","v":0},0]
[1915,"Office Furniture & Equipment (10 years)",{"$f":"'App.2-B_Fixed Asset Continuity'!E145","v":259029.1},193100.16000000003,65928.939999999973,{"$f":"'App.2-B_Fixed Asset Continuity'!F145","v":16518.989999999998},74188.434999999969,9.9997890551287192,0.10000210949321149,7419,{"$f":"'App.2-B_Fixed Asset Continuity'!K145","v":7419},0]
[1915,"Office Furniture & Equipment (5 years)",{"$f":"'App.2-B_Fixed Asset Continuity'!E146","v":0},null,0,{"$f":"'App.2-B_Fixed Asset Continuity'!F146","v":0},0,null,"",0,{"$f":"'App.2-B_Fixed Asset Continuity'!K146","v":0},0]
[1920,"Computer Equipment - Hardware",{"$f":"'App.2-B_Fixed Asset Continuity'!E147","v":458908.23},365420.41,93487.82,{"$f":"'App.2-B_Fixed Asset Continuity'!F147","v":6074.75},96525.195000000007,5.2404121417701681,0.19082468572065558,18419.39,{"$f":"'App.2-B_Fixed Asset Continuity'!K147","v":18419.39},0]
[1920,"Computer Equip.-Hardware(Post Mar. 22/04)",{"$f":"'App.2-B_Fixed Asset Continuity'!E148","v":0},null,0,{"$f":"'App.2-B_Fixed Asset Continuity'!F148","v":0},0,null,"",0,{"$f":"'App.2-B_Fixed Asset Continuity'!K148","v":0},0]
[1920,"Computer Equip.-Hardware(Post Mar. 19/07)",{"$f":"'App.2-B_Fixed Asset Continuity'!E149","v":0},null,0,{"$f":"'App.2-B_Fixed Asset Continuity'!F149","v":0},0,null,"",0,{"$f":"'App.2-B_Fixed Asset Continuity'!K149","v":0},0]
[1925,"Software",{"$f":"'App.2-B_Fixed Asset Continuity'!E150","v":345753.83},91946.579999999958,253807.25000000006,{"$f":"'App.2-B_Fixed Asset Continuity'!F150","v":17302.509999999998},262458.50500000006,5.430667347279976,0.18413943186943013,48328.959999999999,{"$f":"'App.2-B_Fixed Asset Continuity'!K150","v":48328.959999999999},0]
[1930,"Transportation Equipment - Large Vehicles",{"$f":"'App.2-B_Fixed Asset Continuity'!E151","v":858183.34000000008},140525.28,717658.06,{"$f":"'App.2-B_Fixed Asset Continuity'!F151","v":0},717658.06,7.9690431717357271,0.12548557944155186,90055.737500000003,{"$f":"'App.2-B_Fixed Asset Continuity'!K151","v":90055.737500000003},0]
[1930,"Transportation Equipment - Small Vehicles",{"$f":"'App.2-B_Fixed Asset Continuity'!E152","v":189090.59},68897.55,120193.04,{"$f":"'App.2-B_Fixed Asset Continuity'!F152","v":2425},121405.54,6.6221087899962292,0.15100929805180224,18333.365374999998,{"$f":"'App.2-B_Fixed Asset Continuity'!K152","v":18333.365374999998},0]
[1935,"Stores Equipment",{"$f":"'App.2-B_Fixed Asset Continuity'!E153","v":8609.7800000000007},8610,-0.21999999999934516,{"$f":"'App.2-B_Fixed Asset Continuity'!F153","v":0},{"$f":"E42+0.5*F42","v":-0.21999999999934516},null,"",0,{"$f":"'App.2-B_Fixed Asset Continuity'!K153","v":0},0]
[1940,"Tools, Shop & Garage Equipment",{"$f":"'App.2-B_Fixed Asset Continuity'!E154","v":266128.02},164230.86000000004,101897.15999999997,{"$f":"'App.2-B_Fixed Asset Continuity'!F154","v":6696.6},105245.45999999998,10.001469162786275,9.9985310530259483E-2,10523,{"$f":"'App.2-B_Fixed Asset Continuity'!K154","v":10523},0]
[1945,"Measurement & Testing Equipment",{"$f":"'App.2-B_Fixed Asset Continuity'!E155","v":2634.03},2634,3.0000000000200089E-2,{"$f":"'App.2-B_Fixed Asset Continuity'!F155","v":0},3.0000000000200089E-2,null,"",0,{"$f":"'App.2-B_Fixed Asset Continuity'!K155","v":0},0]
[1950,"Power Operated Equipment",{"$f":"'App.2-B_Fixed Asset Continuity'!E156","v":0},null,0,{"$f":"'App.2-B_Fixed Asset Continuity'!F156","v":0},0,null,"",0,{"$f":"'App.2-B_Fixed Asset Continuity'!K156","v":0},0]
[1955,"Communications Equipment",{"$f":"'App.2-B_Fixed Asset Continuity'!E157","v":134109.74},131113.74,2996,{"$f":"'App.2-B_Fixed Asset Continuity'!F157","v":0},2996,9.9866666666666664,0.10013351134846463,300,{"$f":"'App.2-B_Fixed Asset Continuity'!K157","v":300},0]
[1955,"Communication Equipment (Smart Meters)",{"$f":"'App.2-B_Fixed Asset Continuity'!E158","v":0},null,0,{"$f":"'App.2-B_Fixed Asset Continuity'!F158","v":0},0,null,"",0,{"$f":"'App.2-B_Fixed Asset Continuity'!K158","v":0},0]
[1960,"Miscellaneous Equipment ",{"$f":"'App.2-B_Fixed Asset Continuity'!E159","v":19219.52},17450.16,1769.3600000000006,{"$f":"'App.2-B_Fixed Asset Continuity'!F159","v":0},1769.3600000000006,9.9963841807909635,0.10003617127096801,177,{"$f":"'App.2-B_Fixed Asset Continuity'!K159","v":177},0]
[1975,"Load Management Controls Utility Premises",{"$f":"'App.2-B_Fixed Asset Continuity'!E160","v":0},null,0,{"$f":"'App.2-B_Fixed Asset Continuity'!F160","v":0},0,null,"",0,{"$f":"'App.2-B_Fixed Asset Continuity'!K160","v":0},0]
[1980,"System Supervisor Equipment",{"$f":"'App.2-B_Fixed Asset Continuity'!E161","v":452129.10000000003},97458.689999999886,354670.41000000015,{"$f":"'App.2-B_Fixed Asset Continuity'!F161","v":110198.46},409769.64000000013,14.769134618850249,6.7708774129776897E-2,27745,{"$f":"'App.2-B_Fixed Asset Continuity'!K161","v":27745},0]
[1985,"Miscellaneous Fixed Assets",{"$f":"'App.2-B_Fixed Asset Continuity'!E162","v":0},null,0,{"$f":"'App.2-B_Fixed Asset Continuity'!F162","v":0},0,null,"",0,{"$f":"'App.2-B_Fixed Asset Continuity'!K162","v":0},0]
[1995,"Contributions & Grants",{"$f":"'App.2-B_Fixed Asset Continuity'!E163","v":-1429952.07},0,-1429952.07,{"$f":"'App.2-B_Fixed Asset Continuity'!F163","v":-265869.23},-1562886.6850000001,21.119901971144582,4.7348704618338983E-2,-74000.66,{"$f":"'App.2-B_Fixed Asset Continuity'!K163","v":-74000.66},0]
[]
[]
[]
[]
[null,"Total",{"$f":"SUM(C16:C56)","v":22109445.879999999},{"$f":"SUM(D16:D56)","v":4760856.07},{"$f":"SUM(E16:E56)","v":17348589.809999999},{"$f":"SUM(F16:F56)","v":774855.53999999992},{"$f":"SUM(G16:G56)","v":17736017.580000002},null,null,{"$f":"SUM(J16:J56)","v":856004.33287500008},{"$f":"SUM(K16:K56)","v":856004.33287500008},{"$f":"SUM(L16:L56)","v":0}]
[]
["Notes:"]
[1,"Board policy of the \"half-year\" rule - the applicant must ensure that additions in the year attract a half-year depreciation expense in the first year.  Deviations from this standard practice must be supported in the application."]
[2,"The applicant must provide an explanation of material variances in evidence"]
["General:","Applicants must provide a breakdown of depreciation and amortization expense in the above format for all relevant accounts.  Asset Retirement Obligations (AROs), depreciation and accretion expense should be disclosed separately consistent with the Notes of historical Audited Financial Statements."]

{"sheet":"App.2-CF_CGAAP_DepExp_2012","index":9,"n_rows":62,"n_cols":12,"rows_kept":62,"cut":false,"hidden":false,"merged":[[9,0,9,9],[8,0,8,9],[13,0,14,0],[13,1,14,1],[10,0,10,9],[13,10,14,10],[59,1,59,11],[60,1,60,11],[61,1,63,11],[66,1,68,11]]}
[null,null,null,null,null,null,null,null,"File Number:",{"$f":"'LDC Info'!$E$18","v":"EB-2012-0147"}]
[null,null,null,null,null,null,null,null,"Exhibit:",4]
[null,null,null,null,null,null,null,null,"Tab:",2]
[null,null,null,null,null,null,null,null,"Schedule:",7]
[null,null,null,null,null,null,null,null,"Page:","6 of 10"]
[]
[null,null,null,null,null,null,null,null,"Date:","2012-08-31"]
[null,null,null,null,"Table 4.2.30"]
["Appendix 2-CF"]
["Depreciation and Amortization Expense"]
["Assumes the applicant adopted IFRS for financial reporting purposes January 1, 2013"]
[null,null,"Year",2012,"CGAAP"]
[]
["Account","Description","Opening Regulatory Gross PP&E as at Jan 1, 2012","Less Fully Depreciated","Net for Depreciation","Additions","Total for Depreciation","Years","Depreciation Rate","2012 Depreciation Expense","2012 Depreciation Expense per Appendix 2-B Fixed Assets, Column K\n (l)","Variance 2"]
[null,null,"(a)","(b)","(c)","(d)","(e) = (c) + ½ x (d) 1","(f)","(g) = 1 / (f)","(h) = (e) / (f)",null,"(m) = (h) - (l)"]
[1611,"Computer Software (Formally known as Account 1925)",{"$f":"'App.2-B_Fixed Asset Continuity'!E179","v":0},null,{"$f":"C16-D16","v":0},{"$f":"'App.2-B_Fixed Asset Continuity'!F179","v":0},{"$f":"E16+0.5*F16","v":0},null,{"$f":"IF(H16=0,\"\",1/H16)","v":""},{"$f":"IF(H16=0,0,G16/H16)","v":0},{"$f":"'App.2-B_Fixed Asset Continuity'!K179","v":0},{"$f":"IF(ISERROR(+J16-K16),\"\",+J16-K16)","v":0}]
[1612,"Land Rights (Formally known as Account 1906)",{"$f":"'App.2-B_Fixed Asset Continuity'!E180","v":32555.43},null,{"$f":"C17-D17","v":32555.43},{"$f":"'App.2-B_Fixed Asset Continuity'!F180","v":0},{"$f":"E17+0.5*F17","v":32555.43},null,{"$f":"IF(H17=0,\"\",1/H17)","v":""},{"$f":"IF(H17=0,0,G17/H17)","v":0},{"$f":"'App.2-B_Fixed Asset Continuity'!K180","v":0},{"$f":"IF(ISERROR(+J17-K17),\"\",+J17-K17)","v":0}]
[1805,"Land",{"$f":"'App.2-B_Fixed Asset Continuity'!E181","v":381737.67},null,381737.67,{"$f":"'App.2-B_Fixed Asset Continuity'!F181","v":0},381737.67,null,"",0,{"$f":"'App.2-B_Fixed Asset Continuity'!K181","v":0},0]
[1806,"Land Rights",{"$f":"'App.2-B_Fixed Asset Continuity'!E182","v":0},null,null,{"$f":"'App.2-B_Fixed Asset Continuity'!F182","v":0},0,null,"",0,{"$f":"'App.2-B_Fixed Asset Continuity'!K182","v":0},0]
[1815,"Transformer Station Equipment >50 kV",{"$f":"'App.2-B_Fixed Asset Continuity'!E183","v":0},null,{"$f":"C20-D20","v":0},{"$f":"'App.2-B_Fixed Asset Continuity'!F183","v":0},0,null,"",0,{"$f":"'App.2-B_Fixed Asset Continuity'!K183","v":0},0]
[1820,"Distribution Station Equipment <50 kV",{"$f":"'App.2-B_Fixed Asset Continuity'!E184","v":5041732.67},502009.48,4539723.1899999995,{"$f":"'App.2-B_Fixed Asset Continuity'!F184","v":512294},4795870.1899999995,{"$f":"G21/K21","v":24.734335831202348},4.0429628142207914E-2,193895.24839999998,{"$f":"'App.2-B_Fixed Asset Continuity'!K184","v":193895.24839999998},0]
[1825,"Storage Battery Equipment",{"$f":"'App.2-B_Fixed Asset Continuity'!E185","v":0},null,0,{"$f":"'App.2-B_Fixed Asset Continuity'!F185","v":0},0,null,"",0,{"$f":"'App.2-B_Fixed Asset Continuity'!K185","v":0},0]
[1830,"Poles, Towers & Fixtures",{"$f":"'App.2-B_Fixed Asset Continuity'!E186","v":4583734.9700000007},1106833.8293000001,3476901.1407000003,{"$f":"'App.2-B_Fixed Asset Continuity'!F186","v":271798},3612800.1407000003,26.448648674389748,3.7809115025536293E-2,136596.77608400001,{"$f":"'App.2-B_Fixed Asset Continuity'!K186","v":136596.77608400001},0]
[1835,"Overhead Conductors & Devices",{"$f":"'App.2-B_Fixed Asset Continuity'!E187","v":2197671.38},545156.96070000005,1652514.4192999997,{"$f":"'App.2-B_Fixed Asset Continuity'!F187","v":91160},1698094.4192999997,25.239587229535555,3.962029929038588E-2,67279.009116000001,{"$f":"'App.2-B_Fixed Asset Continuity'!K187","v":67279.009116000001},0]
[1840,"Underground Conduit",{"$f":"'App.2-B_Fixed Asset Continuity'!E188","v":1948941},276011.55,1672929.45,{"$f":"'App.2-B_Fixed Asset Continuity'!F188","v":0},1672929.45,22.970290418388007,4.353449528872684E-2,72830.139259397387,{"$f":"'App.2-B_Fixed Asset Continuity'!K188","v":72830.139259397387},0]
[1845,"Underground Conductors & Devices",{"$f":"'App.2-B_Fixed Asset Continuity'!E189","v":1380324.07},184007.7,1196316.3700000001,{"$f":"'App.2-B_Fixed Asset Continuity'!F189","v":392500},1392566.37,30.361718880100184,3.2936211679880367E-2,45865.860740602613,{"$f":"'App.2-B_Fixed Asset Continuity'!K189","v":45865.860740602613},0]
[1850,"Line Transformers",{"$f":"'App.2-B_Fixed Asset Continuity'!E190","v":3423353.2100000004},711367.55,2711985.66,{"$f":"'App.2-B_Fixed Asset Continuity'!F190","v":303600},2863785.66,24.98286364825962,4.0027436969567058E-2,114630,{"$f":"'App.2-B_Fixed Asset Continuity'!K190","v":114630},0]
[1855,"Services (Overhead & Underground)",{"$f":"'App.2-B_Fixed Asset Continuity'!E191","v":304422.7},1556.05,302866.65000000002,{"$f":"'App.2-B_Fixed Asset Continuity'!F191","v":30900},318316.65000000002,24.9914932872733,4.0013615373245472E-2,12737,{"$f":"'App.2-B_Fixed Asset Continuity'!K191","v":12737},0]
[1860,"Meters",{"$f":"'App.2-B_Fixed Asset Continuity'!E192","v":1104458.6500000001},226264.13,878194.52000000014,{"$f":"'App.2-B_Fixed Asset Continuity'!F192","v":11000},883694.52000000014,24.582578168465567,4.0679215709066512E-2,35948,{"$f":"'App.2-B_Fixed Asset Continuity'!K192","v":35948},0]
[1860,"Meters (Smart Meters)",{"$f":"'App.2-B_Fixed Asset Continuity'!E193","v":0},null,1204471,{"$f":"'App.2-B_Fixed Asset Continuity'!F193","v":1204470.5900000001},{"$f":"+E30","v":1204471},15.113132266743358,6.6167620474050434E-2,79696.98,{"$f":"'App.2-B_Fixed Asset Continuity'!K193","v":79696.98},0]
[1905,"Land",{"$f":"'App.2-B_Fixed Asset Continuity'!E194","v":0},null,0,{"$f":"'App.2-B_Fixed Asset Continuity'!F194","v":0},0,null,"",0,{"$f":"'App.2-B_Fixed Asset Continuity'!K194","v":0},0]
[1908,"Buildings & Fixtures",{"$f":"'App.2-B_Fixed Asset Continuity'!E195","v":1025772.0599999999},0,1025772.0599999999,{"$f":"'App.2-B_Fixed Asset Continuity'!F195","v":42200},1046872.0599999999,29.613647704449662,3.376821423622673E-2,35351,{"$f":"'App.2-B_Fixed Asset Continuity'!K195","v":35351},0]
[1910,"Leasehold Improvements",{"$f":"'App.2-B_Fixed Asset Continuity'!E196","v":0},null,0,{"$f":"'App.2-B_Fixed Asset Continuity'!F196","v":0},0,null,"",0,{"$f":"'App.2-B_Fixed Asset Continuity'!K196","v":0},0]
[1915,"Office Furniture & Equipment (10 years)",{"$f":"'App.2-B_Fixed Asset Continuity'!E197","v":260024.17},185039.91,74984.260000000009,{"$f":"'App.2-B_Fixed Asset Continuity'!F197","v":0},74984.260000000009,9.9992345646086154,0.10000765493985003,7499,{"$f":"'App.2-B_Fixed Asset Continuity'!K197","v":7499},0]
[1915,"Office Furniture & Equipment (5 years)",{"$f":"'App.2-B_Fixed Asset Continuity'!E198","v":0},null,0,{"$f":"'App.2-B_Fixed Asset Continuity'!F198","v":0},0,null,"",0,{"$f":"'App.2-B_Fixed Asset Continuity'!K198","v":0},0]
[1920,"Computer Equipment - Hardware",{"$f":"'App.2-B_Fixed Asset Continuity'!E199","v":464982.98},374286.3,90696.68,{"$f":"'App.2-B_Fixed Asset Continuity'!F199","v":29500},105446.68,5.3665709865233495,0.18633872588496861,19648.8,{"$f":"'App.2-B_Fixed Asset Continuity'!K199","v":19648.8},0]
[1920,"Computer Equip.-Hardware(Smart Meters)",{"$f":"'App.2-B_Fixed Asset Continuity'!E200","v":0},0,{"$f":"+F37","v":18763.96},{"$f":"'App.2-B_Fixed Asset Continuity'!F200","v":18763.96},{"$f":"E37","v":18763.96},5,0.2,3752.7919999999999,{"$f":"'App.2-B_Fixed Asset Continuity'!K200","v":3752.7919999999999},0]
[1925,"Software",{"$f":"'App.2-B_Fixed Asset Continuity'!E201","v":363056.34},133587.53999999995,229468.80000000008,{"$f":"'App.2-B_Fixed Asset Continuity'!F201","v":10200},234568.80000000008,7.2647604818793541,0.1376507873169833,32288.58,{"$f":"'App.2-B_Fixed Asset Continuity'!K201","v":32288.58},0]
[1925,"Software (Smart Meters)",{"$f":"'App.2-B_Fixed Asset Continuity'!E202","v":0},null,{"$f":"+F39","v":68016},{"$f":"'App.2-B_Fixed Asset Continuity'!F202","v":68016},{"$f":"E39","v":68016},5,0.2,13603.2,{"$f":"'App.2-B_Fixed Asset Continuity'!K202","v":13603.2},0]
[1930,"Transportation Equipment - Large Vehicles",{"$f":"'App.2-B_Fixed Asset Continuity'!E203","v":858183.34000000008},372388.12,485795.22000000009,{"$f":"'App.2-B_Fixed Asset Continuity'!F203","v":525400},748495.22000000009,8.0000000000000018,0.12499999999999997,93561.902499999997,{"$f":"'App.2-B_Fixed Asset Continuity'!K203","v":93561.902499999997},0]
[1930,"Transportation Equipment - Small Vehicles",{"$f":"'App.2-B_Fixed Asset Continuity'!E204","v":161023.44},40575.79,120447.65,{"$f":"'App.2-B_Fixed Asset Continuity'!F204","v":10799.99},125847.64499999999,7.778008275930949,0.12856761840875133,16179.931999999999,{"$f":"'App.2-B_Fixed Asset Continuity'!K204","v":16179.931999999999},0]
[1935,"Stores Equipment",{"$f":"'App.2-B_Fixed Asset Continuity'!E205","v":8609.7800000000007},8610,-0.21999999999934516,{"$f":"'App.2-B_Fixed Asset Continuity'!F205","v":0},-0.21999999999934516,null,"",0,{"$f":"'App.2-B_Fixed Asset Continuity'!K205","v":0},0]
[1940,"Tools, Shop & Garage Equipment",{"$f":"'App.2-B_Fixed Asset Continuity'!E206","v":272824.62},165102.91000000003,107721.70999999996,{"$f":"'App.2-B_Fixed Asset Continuity'!F206","v":16900},116171.70999999996,10.001008092286499,9.9989920093282628E-2,11615.999999999998,{"$f":"'App.2-B_Fixed Asset Continuity'!K206","v":11616},-1.8189894035458565E-12]
[1945,"Measurement & Testing Equipment",{"$f":"'App.2-B_Fixed Asset Continuity'!E207","v":2634.03},2634,3.0000000000200089E-2,{"$f":"'App.2-B_Fixed Asset Continuity'!F207","v":0},3.0000000000200089E-2,null,"",0,{"$f":"'App.2-B_Fixed Asset Continuity'!K207","v":0},0]
[1950,"Power Operated Equipment",{"$f":"'App.2-B_Fixed Asset Continuity'!E208","v":0},null,0,{"$f":"'App.2-B_Fixed Asset Continuity'!F208","v":0},0,null,"",0,{"$f":"'App.2-B_Fixed Asset Continuity'!K208","v":0},0]
[1955,"Communications Equipment",{"$f":"'App.2-B_Fixed Asset Continuity'!E209","v":134109.74},131113.74,2996,{"$f":"'App.2-B_Fixed Asset Continuity'!F209","v":0},2996,9.9866666666666664,0.10013351134846463,300,{"$f":"'App.2-B_Fixed Asset Continuity'!K209","v":300},0]
[1955,"Communication Equipment (Smart Meters)",{"$f":"'App.2-B_Fixed Asset Continuity'!E210","v":0},null,0,{"$f":"'App.2-B_Fixed Asset Continuity'!F210","v":0},0,null,"",0,{"$f":"'App.2-B_Fixed Asset Continuity'!K210","v":0},0]
[1960,"Miscellaneous Equipment ",{"$f":"'App.2-B_Fixed Asset Continuity'!E211","v":19219.52},17450.16,1769.3600000000006,{"$f":"'App.2-B_Fixed Asset Continuity'!F211","v":0},1769.3600000000006,9.9963841807909635,0.10003617127096801,177,{"$f":"'App.2-B_Fixed Asset Continuity'!K211","v":177},0]
[1975,"Load Management Controls Utility Premises",{"$f":"'App.2-B_Fixed Asset Continuity'!E212","v":0},null,0,{"$f":"'App.2-B_Fixed Asset Continuity'!F212","v":0},0,null,"",0,{"$f":"'App.2-B_Fixed Asset Continuity'!K212","v":0},0]
[1980,"System Supervisor Equipment",{"$f":"'App.2-B_Fixed Asset Continuity'!E213","v":562327.56000000006},163617.30999999988,398710.25000000017,{"$f":"'App.2-B_Fixed Asset Continuity'!F213","v":0},398710.25000000017,15.000385628291955,6.6664952807207717E-2,26580,{"$f":"'App.2-B_Fixed Asset Continuity'!K213","v":26580},0]
[1985,"Miscellaneous Fixed Assets",{"$f":"'App.2-B_Fixed Asset Continuity'!E214","v":0},null,0,{"$f":"'App.2-B_Fixed Asset Continuity'!F214","v":0},0,null,"",0,{"$f":"'App.2-B_Fixed Asset Continuity'!K214","v":0},0]
[1995,"Contributions & Grants",{"$f":"'App.2-B_Fixed Asset Continuity'!E215","v":-1621820.6400000001},null,-1621820.6400000001,{"$f":"'App.2-B_Fixed Asset Continuity'!F215","v":-594100},-1918870.6400000001,22.521955868544602,4.44011171070917E-2,-85200,{"$f":"'App.2-B_Fixed Asset Continuity'!K215","v":-85200},0]
[]
[]
[]
[]
[null,"Total",{"$f":"SUM(C16:C56)","v":22909878.690000001},{"$f":"SUM(D16:D56)","v":5147613.03},{"$f":"SUM(E16:E56)","v":19053516.620000001},{"$f":"SUM(F16:F56)","v":2945402.54},{"$f":"SUM(G16:G56)","v":19880592.615000002},null,null,{"$f":"SUM(J16:J56)","v":934837.22009999992},{"$f":"SUM(K16:K56)","v":934837.22009999992},{"$f":"SUM(L16:L56)","v":-1.8189894035458565E-12}]
[]
["Notes:"]
[1,"Board policy of the \"half-year\" rule - the applicant must ensure that additions in the year attract a half-year depreciation expense in the first year.  Deviations from this standard practice must be supported in the application."]
[2,"The applicant must provide an explanation of material variances in evidence"]
["General:","Applicants must provide a breakdown of depreciation and amortization expense in the above format for all relevant accounts.  Asset Retirement Obligations (AROs), depreciation and accretion expense should be disclosed separately consistent with the Notes of historical Audited Financial Statements."]

{"sheet":"App.2-CG_MIFRS_DepExp_2012","index":10,"n_rows":71,"n_cols":15,"rows_kept":71,"cut":false,"hidden":false,"merged":[[75,1,77,11],[70,1,72,11],[9,0,9,14],[8,0,8,14],[10,0,10,14],[67,1,67,14],[66,1,66,14],[65,1,65,14],[64,1,64,14],[63,1,63,14],[13,0,14,0],[13,1,14,1],[13,10,14,10],[13,13,14,13],[68,1,68,14]]}
[null,null,null,null,null,null,null,null,null,null,null,null,null,"File Number:",0]
[null,null,null,null,null,null,null,null,null,null,null,null,null,"Exhibit:",4]
[null,null,null,null,null,null,null,null,null,null,null,null,null,"Tab:",2]
[null,null,null,null,null,null,null,null,null,null,null,null,null,"Schedule:",7]
[null,null,null,null,null,null,null,null,null,null,null,null,null,"Page:","9 of 10"]
[]
[null,null,null,null,null,null,null,null,null,null,null,null,null,"Date:","2012-08-31"]
[]
["Appendix 2-CG"]
["Depreciation and Amortization Expense"]
["Assumes the applicant adopted IFRS for financial reporting purposes January 1, 2013"]
[null,null,"Year",2012,"MIFRS"]
[]
["Account","Description","Opening NBV as at Jan 1, 2012 5","Additions","Average Remaining Life of Opening NBV 4","Years (new additions only) 3","Depreciation Rate on New Additions","Depreciation Expense on Opening NBV","Depreciation Expense on Additions 1","2012 Depreciation Expense","2012 Depreciation Expense per Appendix 2-B Fixed Assets, Column K\n (l)","Variance 2","Depreciation Expense on 2012 Full Year Additions","Less Depreciation Expense on Assets Fully Depreciated during the year\n(o)","2012 Full Year Depreciation 6"]
[null,null,"(a)","(d)","(i)","(f)","(g) = 1 / (f)","(j) = (a) / (i)","(h)=((d)*0.5)/(f) ","(k) = (j) + (h)",null,"(m) = (k) - (l)","(n)=((d))/(f) ",null,"(p) = (j) + (n) - (o)"]
[1611,"Computer Software (Formally known as Account 1925)",{"$f":"'App.2-B_Fixed Asset Continuity'!E284-'App.2-B_Fixed Asset Continuity'!J284","v":0},null,null,null,{"$f":"IF(F16=0,0,1/F16)","v":0},{"$f":"IF(E16=0,0,+C16/E16)","v":0},{"$f":"IF(F16=0,0,+(D16*0.5)/F16)","v":0},{"$f":"IF(ISERROR(+H16+I16),0,+H16+I16)","v":0},null,{"$f":"IF(ISERROR(+J16-K16),0,+J16-K16)","v":0},{"$f":"IF(F16=0,0,+(D16)/F16)","v":0},null,{"$f":"IF(ISERROR(+M16+H16-N16),0,+M16+H16-N16)","v":0}]
[1612,"Land Rights (Formally known as Account 1906)",{"$f":"'App.2-B_Fixed Asset Continuity'!E285-'App.2-B_Fixed Asset Continuity'!J232","v":17495.21},null,null,null,{"$f":"IF(F17=0,0,1/F17)","v":0},{"$f":"IF(E17=0,0,+C17/E17)","v":0},{"$f":"IF(F17=0,0,+(D17*0.5)/F17)","v":0},{"$f":"IF(ISERROR(+H17+I17),0,+H17+I17)","v":0},null,{"$f":"IF(ISERROR(+J17-K17),0,+J17-K17)","v":0},{"$f":"IF(F17=0,0,+(D17)/F17)","v":0},null,{"$f":"IF(ISERROR(+M17+H17-N17),0,+M17+H17-N17)","v":0}]
[1805,"Land",{"$f":"'App.2-B_Fixed Asset Continuity'!E286-'App.2-B_Fixed Asset Continuity'!J233","v":381737.67},null,null,null,0,0,0,0,null,0,0,null,0]
[1806,"Land Rights",null,null,null,null,0,0,0,0,null,0,0,null,0]
[1815,"Transformer Station Equipment >50 kV",null,null,null,null,0,0,0,0,null,0,0,null,0]
[1820,"Distribution Station Equipment <50 kV",{"$f":"'App.2-B_Fixed Asset Continuity'!E290-'App.2-B_Fixed Asset Continuity'!J290","v":3706996.78},{"$f":"'App.2-B_Fixed Asset Continuity'!F290","v":512294},25.310312160295943,38.65,2.5873221216041398E-2,146461.91467425408,6627.3479948253562,153089.26266907944,{"$f":"'App.2-B_Fixed Asset Continuity'!K290","v":153110.92300758741},-21.660338507965207,13254.695989650712,5604.4648790721003,154112.14578483268]
[1825,"Storage Battery Equipment",{"$f":"'App.2-B_Fixed Asset Continuity'!E291-'App.2-B_Fixed Asset Continuity'!J291","v":0},{"$f":"'App.2-B_Fixed Asset Continuity'!F291","v":0},null,null,0,0,0,0,{"$f":"'App.2-B_Fixed Asset Continuity'!K291","v":0},0,0,null,0]
[1830,"Poles, Towers & Fixtures",{"$f":"'App.2-B_Fixed Asset Continuity'!E292-'App.2-B_Fixed Asset Continuity'!J292","v":2307576.6283000009},{"$f":"'App.2-B_Fixed Asset Continuity'!F292","v":271798},33.788755585720835,45,2.2222222222222223E-2,68294.217656100518,3019.9777777777776,71314.195433878296,{"$f":"'App.2-B_Fixed Asset Continuity'!K292","v":71314.195433878296},0,6039.9555555555553,351.73401680628342,73982.439194849794]
[1835,"Overhead Conductors & Devices",{"$f":"'App.2-B_Fixed Asset Continuity'!E293-'App.2-B_Fixed Asset Continuity'!J293","v":1076473.9216999998},{"$f":"'App.2-B_Fixed Asset Continuity'!F293","v":91160},44.282959831639907,60,1.6666666666666666E-2,24308.987605902206,759.66666666666663,25068.654272568874,{"$f":"'App.2-B_Fixed Asset Continuity'!K293","v":25068.654272568874},0,1519.3333333333333,null,25828.320939235538]
[1840,"Underground Conduit",{"$f":"'App.2-B_Fixed Asset Continuity'!E294-'App.2-B_Fixed Asset Continuity'!J294","v":618549.12291204231},{"$f":"'App.2-B_Fixed Asset Continuity'!F294","v":0},38.608034948313559,40,2.5000000000000001E-2,16021.253703798287,0,16021.253703798287,{"$f":"'App.2-B_Fixed Asset Continuity'!K294","v":16021.253703798286},1.8189894035458565E-12,0,null,16021.253703798287]
[1845,"Underground Conductors & Devices",{"$f":"'App.2-B_Fixed Asset Continuity'!E295-'App.2-B_Fixed Asset Continuity'!J295","v":542490.04708795785},{"$f":"'App.2-B_Fixed Asset Continuity'!F295","v":392500},21.302403439643502,40,2.5000000000000001E-2,25466.142758257538,4906.25,30372.392758257538,{"$f":"'App.2-B_Fixed Asset Continuity'!K295","v":30372.397258257537},-4.4999999990977813E-3,9812.5,null,35278.642758257542]
[1850,"Line Transformers",{"$f":"'App.2-B_Fixed Asset Continuity'!E296-'App.2-B_Fixed Asset Continuity'!J296","v":1452425.3000000005},{"$f":"'App.2-B_Fixed Asset Continuity'!F296","v":303600.2},27.664707197916034,40,2.5000000000000001E-2,52501.01834113794,3795.0025000000001,56296.020841137943,{"$f":"'App.2-B_Fixed Asset Continuity'!K296","v":56296.020841137943},0,7590.0050000000001,0,60091.023341137938]
[1855,"Services (Overhead & Underground)",{"$f":"'App.2-B_Fixed Asset Continuity'!E297-'App.2-B_Fixed Asset Continuity'!J297","v":279393.92000000004},{"$f":"'App.2-B_Fixed Asset Continuity'!F297","v":30900},59.03802676384678,60,1.6666666666666666E-2,4732.4400105305176,257.5,4989.9400105305176,{"$f":"'App.2-B_Fixed Asset Continuity'!K297","v":4989.9400105305176},0,515,-120.58,5368.0200105305175]
[1860,"Meters",{"$f":"'App.2-B_Fixed Asset Continuity'!E298-'App.2-B_Fixed Asset Continuity'!J298","v":401364.3899999999},{"$f":"'App.2-B_Fixed Asset Continuity'!F298","v":11000},11.233889106583069,25,0.04,35728,220,35948,{"$f":"'App.2-B_Fixed Asset Continuity'!K298","v":35948},0,440,2534,33634]
[1860,"Meters (Smart Meters)",0,{"$f":"'App.2-B_Fixed Asset Continuity'!F299","v":1204470.5900000001},null,{"$f":"+D30/K30","v":15.895540284169654},6.2910727293484861E-2,0,{"$f":"IF(F30=0,0,+(D30)/F30)","v":75774.120820512821},75774.120820512821,{"$f":"'App.2-B_Fixed Asset Continuity'!K299","v":75774.120820512821},0,75774.120820512821,null,75774.120820512821]
[1905,"Land",{"$f":"'App.2-B_Fixed Asset Continuity'!E300-'App.2-B_Fixed Asset Continuity'!J300","v":0},{"$f":"'App.2-B_Fixed Asset Continuity'!F300","v":0},null,null,0,0,0,0,{"$f":"'App.2-B_Fixed Asset Continuity'!K300","v":0},0,0,null,0]
[1908,"Buildings & Fixtures",{"$f":"'App.2-B_Fixed Asset Continuity'!E301-'App.2-B_Fixed Asset Continuity'!J301","v":581356.84999999986},{"$f":"'App.2-B_Fixed Asset Continuity'!F301","v":42200},35.573577628876407,50,0.02,16342.377931875222,422,16764.37793187522,{"$f":"'App.2-B_Fixed Asset Continuity'!K301","v":16764.37793187522},0,844,942.43,16243.94793187522]
[1910,"Leasehold Improvements",{"$f":"'App.2-B_Fixed Asset Continuity'!E302-'App.2-B_Fixed Asset Continuity'!J302","v":0},{"$f":"'App.2-B_Fixed Asset Continuity'!F302","v":0},null,null,0,0,0,0,{"$f":"'App.2-B_Fixed Asset Continuity'!K302","v":0},0,0,null,0]
[1915,"Office Furniture & Equipment (10 years)",{"$f":"'App.2-B_Fixed Asset Continuity'!E303-'App.2-B_Fixed Asset Continuity'!J303","v":33995.400000000023},{"$f":"'App.2-B_Fixed Asset Continuity'!F303","v":0},{"$f":"C34/K34","v":6.3198695699862286},10,0.1,5379.13,0,5379.13,{"$f":"'App.2-B_Fixed Asset Continuity'!K303","v":5379.13},0,0,1022.1300000000001,4357]
[1915,"Office Furniture & Equipment (5 years)",{"$f":"'App.2-B_Fixed Asset Continuity'!E304-'App.2-B_Fixed Asset Continuity'!J304","v":0},{"$f":"'App.2-B_Fixed Asset Continuity'!F304","v":0},null,null,0,0,0,0,{"$f":"'App.2-B_Fixed Asset Continuity'!K304","v":0},0,0,null,0]
[1920,"Computer Equipment - Hardware",{"$f":"'App.2-B_Fixed Asset Continuity'!E305-'App.2-B_Fixed Asset Continuity'!J305","v":45707.619999999995},{"$f":"'App.2-B_Fixed Asset Continuity'!F305","v":29500},2.7371799171197928,5,0.2,16698.8,2950,19648.8,{"$f":"'App.2-B_Fixed Asset Continuity'!K305","v":19648.8},0,5900,2450.12,20148.68]
[1920,"Computer Equip.-Hardware(Smart Meters)",0,{"$f":"'App.2-B_Fixed Asset Continuity'!F306","v":18763.96},null,{"$f":"+D37/K37","v":5},0.2,0,{"$f":"IF(F37=0,0,+(D37)/F37)","v":3752.7919999999999},3752.7919999999999,{"$f":"'App.2-B_Fixed Asset Continuity'!K306","v":3752.7919999999999},0,3752.7919999999999,null,3752.7919999999999]
[1925,"Software",{"$f":"'App.2-B_Fixed Asset Continuity'!E307-'App.2-B_Fixed Asset Continuity'!J307","v":70609.799999999988},{"$f":"'App.2-B_Fixed Asset Continuity'!F307","v":10200},2.2581709818610243,5,0.2,31268.58,1020,32288.58,{"$f":"'App.2-B_Fixed Asset Continuity'!K307","v":32288.579999999998},3.637978807091713E-12,2040,14893.98,18414.600000000002]
[1925,"Software (Smart Meters)",0,{"$f":"'App.2-B_Fixed Asset Continuity'!F308","v":68016},null,{"$f":"+D39/K39","v":5},0.2,0,{"$f":"IF(F39=0,0,+(D39)/F39)","v":13603.2},13603.2,{"$f":"'App.2-B_Fixed Asset Continuity'!K308","v":13603.2},0,13603.2,null,13603.2]
[1930,"Transportation Equipment - Large Vehicles",{"$f":"'App.2-B_Fixed Asset Continuity'!E309-'App.2-B_Fixed Asset Continuity'!J309","v":375221.05125000008},{"$f":"'App.2-B_Fixed Asset Continuity'!F309","v":525400},6.179081815584766,8,0.125,60724.402499999997,32837.5,93561.902499999997,{"$f":"'App.2-B_Fixed Asset Continuity'!K309","v":93561.902499999997},0,65675,null,126399.4025]
[1930,"Transportation Equipment - Small Vehicles",{"$f":"'App.2-B_Fixed Asset Continuity'!E310-'App.2-B_Fixed Asset Continuity'!J310","v":38827.782000000007},{"$f":"'App.2-B_Fixed Asset Continuity'!F310","v":10799.99},4.3500373769674114,8,0.125,8925.8502020202031,674.99937499999999,9600.8495770202026,{"$f":"'App.2-B_Fixed Asset Continuity'!K310","v":9600.8502020202031},-6.2500000058207661E-4,1349.99875,789.07500000000005,9486.7739520202031]
[1935,"Stores Equipment",{"$f":"'App.2-B_Fixed Asset Continuity'!E311-'App.2-B_Fixed Asset Continuity'!J311","v":-2.0000000000436557E-2},{"$f":"'App.2-B_Fixed Asset Continuity'!F311","v":0},null,null,0,0,0,0,{"$f":"'App.2-B_Fixed Asset Continuity'!K311","v":0},0,0,null,0]
[1940,"Tools, Shop & Garage Equipment",{"$f":"'App.2-B_Fixed Asset Continuity'!E312-'App.2-B_Fixed Asset Continuity'!J312","v":64934.179999999993},{"$f":"'App.2-B_Fixed Asset Continuity'!F312","v":16900},6.0286120137405987,10,0.1,10771,845,11616,{"$f":"'App.2-B_Fixed Asset Continuity'!K312","v":11616},0,1690,null,12461]
[1945,"Measurement & Testing Equipment",{"$f":"'App.2-B_Fixed Asset Continuity'!E313-'App.2-B_Fixed Asset Continuity'!J313","v":0},{"$f":"'App.2-B_Fixed Asset Continuity'!F313","v":0},null,null,0,0,0,0,{"$f":"'App.2-B_Fixed Asset Continuity'!K313","v":0},0,0,null,0]
[1950,"Power Operated Equipment",{"$f":"'App.2-B_Fixed Asset Continuity'!E314-'App.2-B_Fixed Asset Continuity'!J314","v":0},{"$f":"'App.2-B_Fixed Asset Continuity'!F314","v":0},null,null,0,0,0,0,{"$f":"'App.2-B_Fixed Asset Continuity'!K314","v":0},0,0,null,0]
[1955,"Communications Equipment",{"$f":"'App.2-B_Fixed Asset Continuity'!E315-'App.2-B_Fixed Asset Continuity'!J315","v":2079},{"$f":"'App.2-B_Fixed Asset Continuity'!F315","v":0},{"$f":"+C46/K46","v":6.93},10,0.1,300,0,300,{"$f":"'App.2-B_Fixed Asset Continuity'!K315","v":300},0,0,null,300]
[1955,"Communication Equipment (Smart Meters)",{"$f":"'App.2-B_Fixed Asset Continuity'!E316-'App.2-B_Fixed Asset Continuity'!J316","v":0},{"$f":"'App.2-B_Fixed Asset Continuity'!F316","v":0},null,null,0,0,0,0,{"$f":"'App.2-B_Fixed Asset Continuity'!K316","v":0},0,0,null,0]
[1960,"Miscellaneous Equipment ",{"$f":"'App.2-B_Fixed Asset Continuity'!E317-'App.2-B_Fixed Asset Continuity'!J317","v":441.86000000000058},{"$f":"'App.2-B_Fixed Asset Continuity'!F317","v":0},2.4963841807909639,null,0,177,0,177,{"$f":"'App.2-B_Fixed Asset Continuity'!K317","v":177},0,0,null,177]
[1975,"Load Management Controls Utility Premises",{"$f":"'App.2-B_Fixed Asset Continuity'!E318-'App.2-B_Fixed Asset Continuity'!J318","v":0},{"$f":"'App.2-B_Fixed Asset Continuity'!F318","v":0},null,null,0,0,0,0,{"$f":"'App.2-B_Fixed Asset Continuity'!K318","v":0},0,0,null,0]
[1980,"System Supervisor Equipment",{"$f":"'App.2-B_Fixed Asset Continuity'!E319-'App.2-B_Fixed Asset Continuity'!J319","v":263930.79000000004},{"$f":"'App.2-B_Fixed Asset Continuity'!F319","v":0},16.446872246093921,20,{"$f":"IF(F50=0,0,1/F50)","v":0.05},{"$f":"IF(E50=0,0,+C50/E50)","v":16047.47614323342},{"$f":"IF(F50=0,0,+(D50*0.5)/F50)","v":0},{"$f":"IF(ISERROR(+H50+I50),0,+H50+I50)","v":16047.47614323342},{"$f":"'App.2-B_Fixed Asset Continuity'!K319","v":16047.47614323342},{"$f":"IF(ISERROR(+J50-K50),0,+J50-K50)","v":0},{"$f":"IF(F50=0,0,+(D50)/F50)","v":0},null,{"$f":"IF(ISERROR(+M50+H50-N50),0,+M50+H50-N50)","v":16047.47614323342}]
[1985,"Miscellaneous Fixed Assets",{"$f":"'App.2-B_Fixed Asset Continuity'!E320-'App.2-B_Fixed Asset Continuity'!J320","v":0},{"$f":"'App.2-B_Fixed Asset Continuity'!F320","v":0},null,null,0,0,0,0,{"$f":"'App.2-B_Fixed Asset Continuity'!K320","v":0},0,0,null,0]
[1995,"Contributions & Grants",{"$f":"'App.2-B_Fixed Asset Continuity'!E321-'App.2-B_Fixed Asset Continuity'!J321","v":-1621820.64},{"$f":"'App.2-B_Fixed Asset Continuity'!F321","v":-594100},38.208937135582943,40.814784281395987,2.4500925770072381E-2,-42446.107156685146,-7278,-49724.107156685146,{"$f":"'App.2-B_Fixed Asset Continuity'!K321","v":-49724.107156685146},0,-14556,null,-57002.107156685146]
[]
[]
[]
[null,null,null,null,null,null,0,0,0,0,null,0,0,null,0]
[null,null,null,null,null,null,0,0,0,0,null,0,0,null,0]
[null,null,null,null,null,null,0,0,0,0,null,0,0,null,0]
[null,null,null,null,null,null,0,0,0,0,null,{"$f":"IF(ISERROR(+J59-K59),0,+J59-K59)","v":0},0,null,0]
[null,"Total",{"$f":"SUM(C16:C59)","v":10639786.663249999},{"$f":"SUM(D16:D59)","v":2945402.74},388.75781190056375,541.36032456556563,null,{"$f":"SUM(H16:H59)","v":497702.48437042482},{"$f":"SUM(I16:I59)","v":144187.35713478265},641889.84150520735,641911.50696871546,-21.66546350795943,195244.60144905242,28467.353895878383,664479.7319235988]
[null,null,{"$f":"'App.2-B_Fixed Asset Continuity'!E324-'App.2-B_Fixed Asset Continuity'!J324","v":10438411.643916668}]
["Notes:",null,{"$f":"C61-C60","v":-201375.01933333091}]
[]
[1,"Board policy of the \"half-year\" rule - the applicant must ensure that additions in the year attract a half-year depreciation expense in the first year.  Deviations from this standard practice must be supported in the application."]
[2,"The applicant must provide an explanation of material variances in evidence"]
[3,"The applicant should ensure that the years for new additions of assets are the asset useful lives determined by management in accordance with IFRS. "]
[4,"A recalculation should be performed to determine the average remaining life of opening balance of assets (i.e. excluding 2012 additions) under IFRS.  For example, Asset A had a useful life of 20 years under CGAAP.  On January 1, 2012, the date of transition, Asset A was 3 years depreciated. As a result, Asset A would have a remaining service life of 17 years (20 years less 3 years) under CGAAP as of January 1, 2012.  Due to the transition to IFRS, management re-assessed the asset useful lives under IFRS principles and concluded that the revised useful life of Asset A is now 30 years. Therefore, the average remaining useful life of opening balance of Asset A is determined to be 27 years (30 years less 3 years) under IFRS as of January 1, 2012."]
[5,"NBV must exclude assets still on the books but which have been fully amortized or depreciated."]
[6,"This column refers to the calculated full year depreciation but excludes the depreciation expense on assets fully depreciated during the year.  This column is used for the purpose of calculating depreciation expense in the following year on the next worksheet."]
[]
["General:","Applicants must provide a breakdown of depreciation and amortization expense in the above format for all relevant accounts.  Asset Retirement Obligations (AROs), depreciation and accretion expense should be disclosed separately consistent with the Notes of historical Audited Financial Statements."]

{"sheet":"App.2-CH_MIFRS_DepExp_2013","index":11,"n_rows":63,"n_cols":10,"rows_kept":63,"cut":false,"hidden":false,"merged":[[55,1,55,4],[62,1,63,9],[59,1,59,9],[58,1,58,9],[8,0,8,9],[13,0,14,0],[13,1,14,1],[13,6,14,6],[10,0,10,9],[9,0,9,9]]}
[null,null,null,null,null,null,null,null,"File Number:",0]
[null,null,null,null,null,null,null,null,"Exhibit:",4]
[null,null,null,null,null,null,null,null,"Tab:",2]
[null,null,null,null,null,null,null,null,"Schedule:",7]
[null,null,null,null,null,null,null,null,"Page:","10 of 10"]
[]
[null,null,null,null,null,null,null,null,"Date:","2012-08-31"]
[]
["Appendix 2-CH"]
["Depreciation and Amortization Expense"]
["Assumes the applicant adopted IFRS for financial reporting purposes January 1, 2013"]
[null,null,"Year",2013,"MIFRS"]
[]
["Account","Description","Additions","Years (new additions only)","Depreciation Rate on New Additions","2013 Depreciation Expense 1","2013 Depreciation Expense per Appendix 2-B Fixed Assets, Column K\n (l)","Variance 2"]
[null,null,"(d)","(f)","(g) = 1 / (f)","(h)=2012 Full Year Depreciation + ((d)*0.5)/(f) ",null,"(m) = (h) - (l)"]
[1611,"Computer Software (Formally known as Account 1925)",null,null,{"$f":"IF(D16=0,0,1/D16)","v":0},{"$f":"IF(D16=0,'App.2-CG_MIFRS_DepExp_2012'!O16,+'App.2-CG_MIFRS_DepExp_2012'!O16+((C16*0.5)/D16))","v":0},{"$f":"+'App.2-B_Fixed Asset Continuity'!K335","v":0},{"$f":"IF(ISERROR(+F16-G16),0,+F16-G16)","v":0}]
[1612,"Land Rights (Formally known as Account 1906)",null,null,{"$f":"IF(D17=0,0,1/D17)","v":0},{"$f":"IF(D17=0,'App.2-CG_MIFRS_DepExp_2012'!O17,+'App.2-CG_MIFRS_DepExp_2012'!O17+((C17*0.5)/D17))","v":0},{"$f":"+'App.2-B_Fixed Asset Continuity'!K336","v":0},{"$f":"IF(ISERROR(+F17-G17),0,+F17-G17)","v":0}]
[1805,"Land",null,null,0,{"$f":"IF(D18=0,'App.2-CG_MIFRS_DepExp_2012'!O18,+'App.2-CG_MIFRS_DepExp_2012'!O18+((C18*0.5)/D18))","v":0},{"$f":"+'App.2-B_Fixed Asset Continuity'!K337","v":0},0]
[1806,"Land Rights",null,null,0,{"$f":"IF(D19=0,'App.2-CG_MIFRS_DepExp_2012'!O19,+'App.2-CG_MIFRS_DepExp_2012'!O19+((C19*0.5)/D19))","v":0},{"$f":"+'App.2-B_Fixed Asset Continuity'!K338","v":0},0]
[1815,"Transformer Station Equipment >50 kV",null,null,0,{"$f":"IF(D20=0,'App.2-CG_MIFRS_DepExp_2012'!O20,+'App.2-CG_MIFRS_DepExp_2012'!O20+((C20*0.5)/D20))","v":0},{"$f":"+'App.2-B_Fixed Asset Continuity'!K340","v":0},0]
[1820,"Distribution Station Equipment <50 kV",{"$f":"+'App.2-B_Fixed Asset Continuity'!F341","v":896700},41.081298692843959,2.4341976320582877E-2,{"$f":"IF(D21=0,'App.2-CG_MIFRS_DepExp_2012'!O21,+'App.2-CG_MIFRS_DepExp_2012'!O21+((C21*0.5)/D21))","v":165025.87086816601},{"$f":"+'App.2-B_Fixed Asset Continuity'!K341","v":165069.19154518202},-43.320677016017726]
[1825,"Storage Battery Equipment",null,null,0,{"$f":"IF(D22=0,'App.2-CG_MIFRS_DepExp_2012'!O22,+'App.2-CG_MIFRS_DepExp_2012'!O22+((C22*0.5)/D22))","v":0},{"$f":"+'App.2-B_Fixed Asset Continuity'!K342","v":0},0]
[1830,"Poles, Towers & Fixtures",{"$f":"+'App.2-B_Fixed Asset Continuity'!F343","v":353100},{"$f":"+'App.2-CG_MIFRS_DepExp_2012'!F23","v":45},2.2222222222222223E-2,{"$f":"IF(D23=0,'App.2-CG_MIFRS_DepExp_2012'!O23,+'App.2-CG_MIFRS_DepExp_2012'!O23+((C23*0.5)/D23))","v":77905.772528183123},{"$f":"+'App.2-B_Fixed Asset Continuity'!K343","v":78257.506544989388},-351.73401680626557]
[1835,"Overhead Conductors & Devices",{"$f":"+'App.2-B_Fixed Asset Continuity'!F344","v":99700},{"$f":"+'App.2-CG_MIFRS_DepExp_2012'!F24","v":60},1.6666666666666666E-2,{"$f":"IF(D24=0,'App.2-CG_MIFRS_DepExp_2012'!O24,+'App.2-CG_MIFRS_DepExp_2012'!O24+((C24*0.5)/D24))","v":26659.154272568871},{"$f":"+'App.2-B_Fixed Asset Continuity'!K344","v":26659.154272568871},0]
[1840,"Underground Conduit",{"$f":"+'App.2-B_Fixed Asset Continuity'!F345","v":0},{"$f":"+'App.2-CG_MIFRS_DepExp_2012'!F25","v":40},2.5000000000000001E-2,{"$f":"IF(D25=0,'App.2-CG_MIFRS_DepExp_2012'!O25,+'App.2-CG_MIFRS_DepExp_2012'!O25+((C25*0.5)/D25))","v":16021.253703798287},{"$f":"+'App.2-B_Fixed Asset Continuity'!K345","v":16021.253703798286},1.8189894035458565E-12]
[1845,"Underground Conductors & Devices",{"$f":"+'App.2-B_Fixed Asset Continuity'!F346","v":387500},{"$f":"+'App.2-CG_MIFRS_DepExp_2012'!F26","v":40},2.5000000000000001E-2,{"$f":"IF(D26=0,'App.2-CG_MIFRS_DepExp_2012'!O26,+'App.2-CG_MIFRS_DepExp_2012'!O26+((C26*0.5)/D26))","v":40122.392758257542},{"$f":"+'App.2-B_Fixed Asset Continuity'!K346","v":40122.40175825754},-8.9999999981955625E-3]
[1850,"Line Transformers",{"$f":"+'App.2-B_Fixed Asset Continuity'!F347","v":318900},{"$f":"+'App.2-CG_MIFRS_DepExp_2012'!F27","v":40},2.5000000000000001E-2,{"$f":"IF(D27=0,'App.2-CG_MIFRS_DepExp_2012'!O27,+'App.2-CG_MIFRS_DepExp_2012'!O27+((C27*0.5)/D27))","v":64077.273341137938},{"$f":"+'App.2-B_Fixed Asset Continuity'!K347","v":64077.273341137945},-7.2759576141834259E-12]
[1855,"Services (Overhead & Underground)",{"$f":"+'App.2-B_Fixed Asset Continuity'!F348","v":30900},60,1.6666666666666666E-2,{"$f":"IF(D28=0,'App.2-CG_MIFRS_DepExp_2012'!O28,+'App.2-CG_MIFRS_DepExp_2012'!O28+((C28*0.5)/D28))","v":5625.5200105305175},{"$f":"+'App.2-B_Fixed Asset Continuity'!K348","v":5625.5200105305175},0]
[1860,"Meters",{"$f":"+'App.2-B_Fixed Asset Continuity'!F349","v":10000},25,0.04,{"$f":"IF(D29=0,'App.2-CG_MIFRS_DepExp_2012'!O29,+'App.2-CG_MIFRS_DepExp_2012'!O29+((C29*0.5)/D29))","v":33834},{"$f":"+'App.2-B_Fixed Asset Continuity'!K349","v":33834},0]
[1860,"Meters (Smart Meters)",{"$f":"+'App.2-B_Fixed Asset Continuity'!F350","v":0},15,6.6666666666666666E-2,{"$f":"IF(D30=0,'App.2-CG_MIFRS_DepExp_2012'!O30,+'App.2-CG_MIFRS_DepExp_2012'!O30+((C30*0.5)/D30))","v":75774.120820512821},{"$f":"+'App.2-B_Fixed Asset Continuity'!K350","v":75774.120820512821},0]
[1905,"Land",null,null,0,{"$f":"IF(D31=0,'App.2-CG_MIFRS_DepExp_2012'!O31,+'App.2-CG_MIFRS_DepExp_2012'!O31+((C31*0.5)/D31))","v":0},{"$f":"+'App.2-B_Fixed Asset Continuity'!K351","v":0},0]
[1908,"Buildings & Fixtures",{"$f":"+'App.2-B_Fixed Asset Continuity'!F352","v":25000},50,0.02,{"$f":"IF(D32=0,'App.2-CG_MIFRS_DepExp_2012'!O32,+'App.2-CG_MIFRS_DepExp_2012'!O32+((C32*0.5)/D32))","v":16493.94793187522},{"$f":"+'App.2-B_Fixed Asset Continuity'!K352","v":16493.94793187522},0]
[1910,"Leasehold Improvements",null,null,0,{"$f":"IF(D33=0,'App.2-CG_MIFRS_DepExp_2012'!O33,+'App.2-CG_MIFRS_DepExp_2012'!O33+((C33*0.5)/D33))","v":0},{"$f":"+'App.2-B_Fixed Asset Continuity'!K353","v":0},0]
[1915,"Office Furniture & Equipment (10 years)",{"$f":"+'App.2-B_Fixed Asset Continuity'!F354","v":0},10,0.1,{"$f":"IF(D34=0,'App.2-CG_MIFRS_DepExp_2012'!O34,+'App.2-CG_MIFRS_DepExp_2012'!O34+((C34*0.5)/D34))","v":4357},{"$f":"+'App.2-B_Fixed Asset Continuity'!K354","v":4357},0]
[1915,"Office Furniture & Equipment (5 years)",null,null,0,{"$f":"IF(D35=0,'App.2-CG_MIFRS_DepExp_2012'!O35,+'App.2-CG_MIFRS_DepExp_2012'!O35+((C35*0.5)/D35))","v":0},{"$f":"+'App.2-B_Fixed Asset Continuity'!K355","v":0},0]
[1920,"Computer Equipment - Hardware",{"$f":"+'App.2-B_Fixed Asset Continuity'!F356","v":22200},5,0.2,{"$f":"IF(D36=0,'App.2-CG_MIFRS_DepExp_2012'!O36,+'App.2-CG_MIFRS_DepExp_2012'!O36+((C36*0.5)/D36))","v":22368.68},{"$f":"+'App.2-B_Fixed Asset Continuity'!K356","v":22367.32},1.3600000000005821]
[1920,"Computer Equip.-Hardware(Smart Meters)",{"$f":"+'App.2-B_Fixed Asset Continuity'!F357","v":0},null,0,{"$f":"IF(D37=0,'App.2-CG_MIFRS_DepExp_2012'!O37,+'App.2-CG_MIFRS_DepExp_2012'!O37+((C37*0.5)/D37))","v":3752.7919999999999},{"$f":"+'App.2-B_Fixed Asset Continuity'!K357","v":3752.7919999999999},0]
[1925,"Software",{"$f":"+'App.2-B_Fixed Asset Continuity'!F358","v":65000},5,0.2,{"$f":"IF(D38=0,'App.2-CG_MIFRS_DepExp_2012'!O38,+'App.2-CG_MIFRS_DepExp_2012'!O38+((C38*0.5)/D38))","v":24914.600000000002},{"$f":"+'App.2-B_Fixed Asset Continuity'!K358","v":24911.400000000005},3.1999999999970896]
[1925,"Software (Smart Meters)",{"$f":"+'App.2-B_Fixed Asset Continuity'!F359","v":0},5,0.2,{"$f":"IF(D39=0,'App.2-CG_MIFRS_DepExp_2012'!O39,+'App.2-CG_MIFRS_DepExp_2012'!O39+((C39*0.5)/D39))","v":13603.2},{"$f":"+'App.2-B_Fixed Asset Continuity'!K359","v":13603.2},0]
[1930,"Transportation Equipment - Large Vehicles",{"$f":"+'App.2-B_Fixed Asset Continuity'!F360","v":0},8,0.125,{"$f":"IF(D40=0,'App.2-CG_MIFRS_DepExp_2012'!O40,+'App.2-CG_MIFRS_DepExp_2012'!O40+((C40*0.5)/D40))","v":126399.4025},{"$f":"+'App.2-B_Fixed Asset Continuity'!K360","v":126399.4025},0]
[1930,"Transportation Equipment - Small Vehicles",{"$f":"+'App.2-B_Fixed Asset Continuity'!F361","v":0},8,0.125,{"$f":"IF(D41=0,'App.2-CG_MIFRS_DepExp_2012'!O41,+'App.2-CG_MIFRS_DepExp_2012'!O41+((C41*0.5)/D41))","v":9486.7739520202031},{"$f":"+'App.2-B_Fixed Asset Continuity'!K361","v":9486.7752020202024},-1.2499999993451638E-3]
[1935,"Stores Equipment",null,null,0,{"$f":"IF(D42=0,'App.2-CG_MIFRS_DepExp_2012'!O42,+'App.2-CG_MIFRS_DepExp_2012'!O42+((C42*0.5)/D42))","v":0},{"$f":"+'App.2-B_Fixed Asset Continuity'!K362","v":0},0]
[1940,"Tools, Shop & Garage Equipment",{"$f":"+'App.2-B_Fixed Asset Continuity'!F363","v":10000},10,0.1,{"$f":"IF(D43=0,'App.2-CG_MIFRS_DepExp_2012'!O43,+'App.2-CG_MIFRS_DepExp_2012'!O43+((C43*0.5)/D43))","v":12961},{"$f":"+'App.2-B_Fixed Asset Continuity'!K363","v":12961},0]
[1945,"Measurement & Testing Equipment",null,null,0,{"$f":"IF(D44=0,'App.2-CG_MIFRS_DepExp_2012'!O44,+'App.2-CG_MIFRS_DepExp_2012'!O44+((C44*0.5)/D44))","v":0},{"$f":"+'App.2-B_Fixed Asset Continuity'!K364","v":0},0]
[1950,"Power Operated Equipment",null,null,0,{"$f":"IF(D45=0,'App.2-CG_MIFRS_DepExp_2012'!O45,+'App.2-CG_MIFRS_DepExp_2012'!O45+((C45*0.5)/D45))","v":0},{"$f":"+'App.2-B_Fixed Asset Continuity'!K365","v":0},0]
[1955,"Communications Equipment",{"$f":"+'App.2-B_Fixed Asset Continuity'!F366","v":0},null,0,{"$f":"IF(D46=0,'App.2-CG_MIFRS_DepExp_2012'!O46,+'App.2-CG_MIFRS_DepExp_2012'!O46+((C46*0.5)/D46))","v":300},{"$f":"+'App.2-B_Fixed Asset Continuity'!K366","v":300},0]
[1955,"Communication Equipment (Smart Meters)",null,null,0,{"$f":"IF(D47=0,'App.2-CG_MIFRS_DepExp_2012'!O47,+'App.2-CG_MIFRS_DepExp_2012'!O47+((C47*0.5)/D47))","v":0},{"$f":"+'App.2-B_Fixed Asset Continuity'!K367","v":0},0]
[1960,"Miscellaneous Equipment ",{"$f":"+'App.2-B_Fixed Asset Continuity'!F368","v":0},null,0,{"$f":"IF(D48=0,'App.2-CG_MIFRS_DepExp_2012'!O48,+'App.2-CG_MIFRS_DepExp_2012'!O48+((C48*0.5)/D48))","v":177},{"$f":"+'App.2-B_Fixed Asset Continuity'!K368","v":177},0]
[1975,"Load Management Controls Utility Premises",null,null,0,{"$f":"IF(D49=0,'App.2-CG_MIFRS_DepExp_2012'!O49,+'App.2-CG_MIFRS_DepExp_2012'!O49+((C49*0.5)/D49))","v":0},{"$f":"+'App.2-B_Fixed Asset Continuity'!K369","v":0},0]
[1980,"System Supervisor Equipment",{"$f":"+'App.2-B_Fixed Asset Continuity'!F370","v":120000},20,0.05,{"$f":"IF(D50=0,'App.2-CG_MIFRS_DepExp_2012'!O50,+'App.2-CG_MIFRS_DepExp_2012'!O50+((C50*0.5)/D50))","v":19047.47614323342},{"$f":"+'App.2-B_Fixed Asset Continuity'!K370","v":19047.47614323342},0]
[1985,"Miscellaneous Fixed Assets",null,null,0,{"$f":"IF(D51=0,'App.2-CG_MIFRS_DepExp_2012'!O57,+'App.2-CG_MIFRS_DepExp_2012'!O57+((C51*0.5)/D51))","v":0},{"$f":"+'App.2-B_Fixed Asset Continuity'!K371","v":0},0]
[1995,"Contributions & Grants",{"$f":"+'App.2-B_Fixed Asset Continuity'!F372","v":-588100},40.800610517552379,2.4509437170549226E-2,{"$f":"IF(D52=0,'App.2-CG_MIFRS_DepExp_2012'!O52,+'App.2-CG_MIFRS_DepExp_2012'!O52+((C52*0.5)/D52))","v":-64209.107156685146},{"$f":"+'App.2-B_Fixed Asset Continuity'!K372","v":-64211.107156685146},2]
[null,null,null,null,0,{"$f":"IF(D53=0,'App.2-CG_MIFRS_DepExp_2012'!O59,+'App.2-CG_MIFRS_DepExp_2012'!O59+((C53*0.5)/D53))","v":0},{"$f":"+'App.2-B_Fixed Asset Continuity'!K373","v":0},0]
[null,"Total",{"$f":"SUM(C16:C53)","v":1750900},null,null,{"$f":"SUM(F16:F53)","v":694698.12367359875},{"$f":"SUM(G16:G53)","v":695086.62861742103},-388.50494382228862]
[null,"Depreciation expense adjustment resulting from  amortization of Account 1575",null,null,null,{"$f":"+'App.2-EB_PP&E Deferral Account'!F43","v":0}]
[null,"Total Depreciation expense to be included in the test year revenue requirement",null,null,null,{"$f":"F55+F54","v":694698.12367359875}]
[]
["Notes:"]
[1,"Board policy of the \"half-year\" rule - the applicant must ensure that additions in the year attract a half-year depreciation expense in the first year.  Deviations from this standard practice must be supported in the application."]
[2,"The applicant must provide an explanation of material variances in evidence"]
[]
[]
["General:","Applicants must provide a breakdown of depreciation and amortization expense in the above format for all relevant accounts.  Asset Retirement Obligations (AROs), depreciation and accretion expense should be disclosed separately consistent with the Notes of historical Audited Financial Statements."]

{"sheet":"App.2-CI_AltAccStd_DepExp","index":12,"n_rows":63,"n_cols":10,"rows_kept":63,"cut":false,"hidden":true,"merged":[[9,0,9,9],[8,0,8,9],[11,4,11,5],[13,0,14,0],[13,1,14,1],[13,8,14,8],[59,1,59,9],[58,1,58,9],[57,1,57,9],[62,1,63,9],[10,0,10,9]]}
[null,null,null,null,null,null,null,null,"File Number:",{"$f":"'LDC Info'!$E$18","v":"EB-2012-0147"}]
[null,null,null,null,null,null,null,null,"Exhibit:"]
[null,null,null,null,null,null,null,null,"Tab:"]
[null,null,null,null,null,null,null,null,"Schedule:"]
[null,null,null,null,null,null,null,null,"Page:"]
[]
[null,"MIDLAND PUC HAS ADOPTED IFRS - THIS SCHEDULE NOT REQUIRED",null,null,null,null,null,null,"Date:"]
[]
["Appendix 2-CI"]
["Depreciation and Amortization Expense"]
["Assumes the applicant adopted an alternate accounting standard other than IFRS for financial reporting purposes.  For applicants adopting an Alternate Accounting Standard for financial reporting purposes January 1, 2012, applicants must complete 4 versions of the table below (2011 CGAAP, 2011 Alternate Accounting Standard, 2012 Alternate Accounting Standard and 2013 Alternate Accounting Standard).  For applicants adopting an Alternate Accounting Standard for financial reporting purposes January 1, 2013, applicants must complete 4 versions of the table below (2011 CGAAP, 2012 CGAAP, 2012 Alternate Accounting Standard and 2013 Alternate Accounting Standard)."]
[null,"Year",null,null,"Accounting Standard"]
[]
["Account","Description","Opening\nNBV  1","Additions","Total for Depreciation","Years","Depreciation Rate","Depreciation Expense","Depreciation Expense per Appendix 2-B Fixed Assets, Columns K & L\n (l)","Variance 3"]
[null,null,"(a)","(d)","(e) = (a) + ½ x (d) 2","(f)","(g) = 1 / (f)","(h) = (e) / (f)",null,"(m) = (h) - (l)"]
[1611,"Computer Software (Formally known as Account 1925)",null,null,{"$f":"C16+0.5*D16","v":0},null,{"$f":"IF(F16=0,0,1/F16)","v":0},{"$f":"IF(F16=0,0,E16/F16)","v":0},null,{"$f":"IF(ISERROR(+H16-I16), 0, +H16-I16)","v":0}]
[1612,"Land Rights (Formally known as Account 1906)",null,null,0,null,0,0,null,0]
[1805,"Land",null,null,0,null,0,0,null,0]
[1808,"Buildings",null,null,0,null,0,0,null,0]
[1810,"Leasehold Improvements",null,null,0,null,0,0,null,0]
[1815,"Transformer Station Equipment >50 kV",null,null,0,null,0,0,null,0]
[1820,"Distribution Station Equipment <50 kV",null,null,0,null,0,0,null,0]
[1825,"Storage Battery Equipment",null,null,0,null,0,0,null,0]
[1830,"Poles, Towers & Fixtures",null,null,0,null,0,0,null,0]
[1835,"Overhead Conductors & Devices",null,null,0,null,0,0,null,0]
[1840,"Underground Conduit",null,null,0,null,0,0,null,0]
[1845,"Underground Conductors & Devices",null,null,0,null,0,0,null,0]
[1850,"Line Transformers",null,null,0,null,0,0,null,0]
[1855,"Services (Overhead & Underground)",null,null,0,null,0,0,null,0]
[1860,"Meters",null,null,0,null,0,0,null,0]
[1860,"Meters (Smart Meters)",null,null,0,null,0,0,null,0]
[1905,"Land",null,null,0,null,0,0,null,0]
[1908,"Buildings & Fixtures",null,null,0,null,0,0,null,0]
[1910,"Leasehold Improvements",null,null,0,null,0,0,null,0]
[1915,"Office Furniture & Equipment (10 years)",null,null,0,null,0,0,null,0]
[1915,"Office Furniture & Equipment (5 years)",null,null,0,null,0,0,null,0]
[1920,"Computer Equipment - Hardware",null,null,0,null,0,0,null,0]
[1920,"Computer Equip.-Hardware(Post Mar. 22/04)",null,null,0,null,0,0,null,0]
[1920,"Computer Equip.-Hardware(Post Mar. 19/07)",null,null,0,null,0,0,null,0]
[1930,"Transportation Equipment",null,null,0,null,0,0,null,0]
[1935,"Stores Equipment",null,null,0,null,0,0,null,0]
[1940,"Tools, Shop & Garage Equipment",null,null,0,null,0,0,null,0]
[1945,"Measurement & Testing Equipment",null,null,0,null,0,0,null,0]
[1950,"Power Operated Equipment",null,null,0,null,0,0,null,0]
[1955,"Communications Equipment",null,null,0,null,0,0,null,0]
[1955,"Communication Equipment (Smart Meters)",null,null,0,null,0,0,null,0]
[1960,"Miscellaneous Equipment ",null,null,0,null,0,0,null,0]
[1975,"Load Management Controls Utility Premises",null,null,0,null,0,0,null,0]
[1980,"System Supervisor Equipment",null,null,0,null,0,0,null,0]
[1985,"Miscellaneous Fixed Assets",null,null,0,null,0,0,null,0]
[1995,"Contributions & Grants",null,null,0,null,0,0,null,0]
["etc.",null,null,null,0,null,0,0,null,0]
[null,null,null,null,0,null,0,0,null,0]
[null,"Total",{"$f":"SUM(C16:C53)","v":0},{"$f":"SUM(D16:D53)","v":0},{"$f":"SUM(E16:E53)","v":0},null,null,{"$f":"SUM(H16:H53)","v":0},{"$f":"SUM(I16:I53)","v":0},{"$f":"SUM(J16:J53)","v":0}]
[]
["Notes:"]
[]
[1,"NBV must exclude assets still on the books but which have been fully amortized or depreciated."]
[2,"Board policy of the \"half-year\" rule - the applicant must ensure that additions in the year attract a half-year depreciation expense in the first year.  Deviations from this standard practice must be supported in the application."]
[3,"The applicant must provide an explanation of material variances in evidence"]
[]
[]
["General:","Applicants must provide a breakdown of depreciation and amortization expense in the above format for all relevant accounts.  Asset Retirement Obligations (AROs), depreciation and accretion expense should be disclosed separately consistent with the Notes of historical Audited Financial Statements."]

{"sheet":"App.2-D_Overhead","index":13,"n_rows":56,"n_cols":13,"rows_kept":56,"cut":false,"hidden":false,"merged":[[8,0,8,12],[9,0,9,12],[11,0,11,12],[13,0,15,2],[13,10,13,12],[14,10,14,12],[15,10,15,12],[22,0,22,2],[22,10,22,12],[16,0,16,2],[16,10,16,12],[17,0,17,2],[17,10,17,12],[18,0,18,2],[18,10,18,12],[19,0,19,2],[19,10,19,12],[20,0,20,2],[20,10,20,12],[21,10,21,12],[23,0,23,2],[23,10,23,12],[24,0,24,2],[24,10,24,12],[25,0,25,2],[25,10,25,12],[35,0,37,2],[35,10,35,12],[36,10,36,12],[37,10,37,12],[26,0,26,2],[26,10,26,12],[27,0,27,2],[27,10,27,12],[28,0,28,2],[28,10,28,12],[29,0,29,2],[29,10,29,12],[30,0,30,2],[30,10,30,12],[33,0,33,12],[44,0,44,2],[44,10,44,12],[38,0,38,2],[38,10,38,12],[39,0,39,2],[39,10,39,12],[40,0,40,2],[40,10,40,12],[41,0,41,2],[41,10,41,12],[42,0,42,2],[42,10,42,12],[43,10,43,12],[45,0,45,2],[45,10,45,12],[46,0,46,2],[46,10,46,12],[47,0,47,2],[47,10,47,12],[48,0,48,2],[48,10,48,12],[49,0,49,2],[49,10,49,12],[50,0,50,2],[50,10,50,12],[51,0,51,2],[51,10,51,12],[52,0,52,2],[52,10,52,12],[57,0,58,0],[57,1,58,4],[55,1,56,12],[68,0,71,0],[73,0,74,0],[60,0,61,0],[60,1,60,4],[62,0,63,0],[65,0,66,0]]}
[null,null,null,null,null,null,null,null,null,null,null,"File Number:",{"$f":"'LDC Info'!$E$18","v":"EB-2012-0147"}]
[null,null,null,null,null,null,null,null,null,null,null,"Exhibit:"]
[null,null,null,null,null,null,null,null,null,null,null,"Tab:"]
[null,null,null,null,null,null,null,null,null,null,null,"Schedule:"]
[null,null,null,null,null,null,null,null,null,null,null,"Page:"]
[]
[null,null,null,null,null,null,null,null,null,null,null,"Date:","2012-08-31"]
[]
["Appendix 2-D"]
["Overhead Expense"]
[]
["The following table should be completed based on the information requested below. An explanation should be provided for any blank entries.  The entries should include overhead costs that are currently capitalized on self-constructed assets under MIFRS or an alternate accounting standard."]
[null,null,null,null,"(A) 1","(B)","(C)","(D)","(E) 1","(F)","(G)"]
["Nature of the Overhead Costs",null,null,null,"Dollar","Dollar","Dollar","Dollar Impact - ","Dollar Impact - ","Directly","Reasons why the overhead costs are allowed to be"]
[null,null,null,null,"Impact on PP&E","Impact on PP&E","Impact on PP&E","PP&E Variance","PP&E Variance","Attributable?","capitalized under MIFRS or an alternate accounting"]
[null,null,null,null,"Historic Year","Bridge Year","Test Year","Test versus Bridge","Test versus Historic","(Y/N)","standard given limitations on capitalized overhead"]
["employee benefits",null,null,null,null,null,null,{"$f":"+G17-F17","v":0},{"$f":"+G17-E17","v":0},null,"Midland PUC capitalizes direct benefits per labour hour worked on capital projects only under CGAAP and MIFRS.  Direct labour benefits include EI, CPP, OMERS, WSIB & EHT."]
["costs of site preparation",null,null,null,null,null,null,0,0]
["initial delivery and handling costs",null,null,null,null,null,null,0,0]
["costs of testing whether the asset is functioning properly",null,null,null,null,null,null,0,0]
["professional fees",null,null,null,null,null,null,0,0]
[null,null,null,null,null,null,null,0,0]
["costs of opening a new facility",null,null,null,null,null,null,0,0]
["costs of introducing a new product or service (including costs of advertising and promotional activities)",null,null,null,null,null,null,0,0]
["costs of conducting business in a new location or with a new class of customer (including costs of staff training)",null,null,null,null,null,null,0,0]
["administration and other general overhead costs",null,null,null,null,null,null,0,0]
[null,null,null,null,null,null,null,0,0]
[null,null,null,null,null,null,null,0,0]
[null,null,null,null,null,null,null,0,0]
["Insert description of additional item(s) and new rows if needed.",null,null,null,null,null,null,0,0]
["Total",null,null,null,{"$f":"SUM(E17:E30)","v":0},{"$f":"SUM(F17:F30)","v":0},{"$f":"SUM(G17:G30)","v":0},{"$f":"SUM(H17:H30)","v":0},{"$f":"SUM(I17:I30)","v":0}]
[]
[]
["The following table should be completed based on the information requested below. An explanation should be provided for any blank entries.  The entries should include overhead costs that were capitalized on self-constructed assets under CGAAP but are no longer capitalized under MIFRS or an alternate accounting standard and are included in OM&A."]
[null,null,null,null,"(A) 1","(B)","(C)","(D)","(E) 1","(F)","(G)"]
["Nature of the Overhead Costs",null,null,null,"Dollar","Dollar","Dollar","Dollar Impact - ","Dollar Impact - ","Directly","Reasons why the overhead costs are not allowed to be"]
[null,null,null,null,"Impact on OM&A","Impact on OM&A","Impact on OM&A","OM&A Variance","OM&A Variance","Attributable?","capitalized under MIFRS or an alternate accounting"]
[null,null,null,null,"Historic Year","Bridge Year","Test Year","Test versus Bridge","Test versus Historic","(Y/N)","standard given limitations on capitalized overhead"]
["employee benefits",null,null,null,null,null,null,{"$f":"+G39-F39","v":0},{"$f":"+G39-E39","v":0},null,"Midland PUC's overhead policy has not changed from CGAAP to IFRS, therefore no changes are required."]
["costs of site preparation",null,null,null,null,null,null,{"$f":"+G40-F40","v":0},{"$f":"+G40-E40","v":0}]
["initial delivery and handling costs",null,null,null,null,null,null,{"$f":"+G41-F41","v":0},{"$f":"+G41-E41","v":0}]
["costs of testing whether the asset is functioning properly",null,null,null,null,null,null,{"$f":"+G42-F42","v":0},{"$f":"+G42-E42","v":0}]
["professional fees",null,null,null,null,null,null,{"$f":"+G43-F43","v":0},{"$f":"+G43-E43","v":0}]
[]
["costs of opening a new facility",null,null,null,null,null,null,{"$f":"+G45-F45","v":0},{"$f":"+G45-E45","v":0}]
["costs of introducing a new product or service (including costs of advertising and promotional activities)",null,null,null,null,null,null,0,0]
["costs of conducting business in a new location or with a new class of customer (including costs of staff training)",null,null,null,null,null,null,0,0]
["administration and other general overhead costs",null,null,null,null,null,null,0,0]
[null,null,null,null,null,null,null,0,0]
[null,null,null,null,null,null,null,0,0]
[null,null,null,null,null,null,null,0,0]
["Insert description of additional item(s) and new rows if needed.",null,null,null,null,null,null,0,0]
["Total",null,null,null,{"$f":"SUM(E39:E52)","v":0},{"$f":"SUM(F39:F52)","v":0},{"$f":"SUM(G39:G52)","v":0},{"$f":"SUM(H39:H52)","v":0},{"$f":"SUM(I39:I52)","v":0}]
[]
["Notes:"]
[1,"If the applicant chooses to adopt IFRS or an alternate accounting standard for financial reporting purposes in 2013, the applicant does not need to complete Columns A, E.  If the applicant adopts IFRS or an alternate accounting standard for financial reporting purposes in 2012, the applicant must complete all columns."]

{"sheet":"App.2-EA_PP&E Deferral Account","index":14,"n_rows":55,"n_cols":10,"rows_kept":55,"cut":false,"hidden":true,"merged":[[54,0,55,8],[33,1,34,2],[25,1,26,2],[20,1,20,8],[19,1,19,2],[19,5,19,8],[25,5,26,8],[31,5,31,8],[31,1,31,2],[8,0,8,8],[9,0,9,8],[10,0,10,8],[14,0,14,8],[12,0,12,8]]}
[null,null,null,null,null,null,null,"File Number:",{"$f":"'LDC Info'!$E$18","v":"EB-2012-0147"}]
[null,null,null,null,null,null,null,"Exhibit:"]
[null,null,null,null,null,null,null,"Tab:"]
[null,null,null,null,null,null,null,"Schedule:"]
[null,null,null,null,null,null,null,"Page:"]
[]
[null,null,null,null,null,null,null,"Date:"]
["Midland PUC is adopting in 2013 - therefore no inputs on this schedule"]
["Appendix 2-EA"]
["IFRS-CGAAP Transitional PP&E Amounts"]
["2012 Adopters of IFRS for Financial Reporting Purposes"]
[]
["For applicants that adopt IFRS on January 1, 2012 for financial reporting purposes"]
[]
["Note: this sheet should be filled out if the applicant adopts IFRS for its financial reporting purpose as of January 1, 2012. "]
[]
[null,"2009 Rebasing Year",2010,2011,2012,"2013 Rebasing Year",2014,2015,2016]
["Reporting Basis","CGAAP","IRM","IRM","IRM","MIFRS","IRM","IRM","IRM"]
["Forecast vs. Actual Used in Rebasing Year","Forecast","Actual","Actual","Forecast","Forecast"]
[null,null,null,"$","$"]
["PP&E Values under CGAAP"]
["            Opening net PP&E - Note 1"]
["            Additions"]
["            Depreciation (amounts should be negative)"]
["            Closing net PP&E (1)",null,null,{"$f":"D22+D23+D24","v":0},{"$f":"E22+E23+E24","v":0}]
[]
["PP&E Values under MIFRS (Starts from 2011, the transition year)"]
["            Opening net PP&E  - Note 1"]
["            Additions"]
["            Depreciation (amounts should be negative)"]
["            Closing net PP&E (2)",null,null,{"$f":"SUM(D28:D30)","v":0},{"$f":"SUM(E28:E30)","v":0}]
[]
["Difference in Closing net PP&E, CGAAP vs. MIFRS (Shown as adjustment to rate base on rebasing)",null,null,{"$f":"D25-D31","v":0},{"$f":"E25-E31","v":0}]
[]
["Account 1575 - IFRS-CGAAP Transitional PP&E Amounts"]
["Opening balance ",null,null,0,{"$f":"D40","v":0},{"$f":"E40","v":0},{"$f":"F40","v":0},{"$f":"G40","v":0},{"$f":"H40","v":0}]
["Amounts added in the year",null,null,{"$f":"D33","v":0},{"$f":"E33-D33","v":0}]
["Sub-total",null,null,{"$f":"D36+D37","v":0},0,0,0,0,0]
["Amount of amortization, included in  depreciation expense  - Note 2",null,null,null,null,{"$f":"IF(ISERROR(-E33/I44), 0, -E33/I44)","v":0},{"$f":"+F39","v":0},{"$f":"+F39","v":0},{"$f":"+F39","v":0}]
["          Closing balance in deferral account",null,null,{"$f":"D38+D39","v":0},0,{"$f":"IF(ISERROR(F38+F39), 0, F38+F39)","v":0},0,0,0]
[]
["Effect on Revenue Requirement"]
["Amortization of deferred balance as above - Note 2",null,null,null,null,{"$f":"IF(ISERROR(E33/I44), 0, E33/I44)","v":0},null,"WACC"]
["Return on Rate Base Associated with deferred PP&E balance at WACC  - Note 3 ",null,null,null,null,{"$f":"E33*I43","v":0},null,"Disposition Period - Note 4",4,"Years"]
["     Amount included in Revenue Requirement on rebasing",null,null,null,null,{"$f":"F43+F44","v":0}]
[]
["Notes:"]
["1  For an applicant that adopts IFRS on January 1, 2012, the PP&E values as of January 1, 2011 under both CGAAP and MIFRS should be the same. "]
["2  Amortization of the deferred balance in Account 1575 will start from the rebasing year. "]
["    Assume the utility requests for a certain disposition period, the amortization that should be included in the depreciation expense is calculated as:"]
["   the opening balance of Account 1575 / the approved disposition period"]
["3  Return on rate base associated with deferred balance is calculated as:"]
["     the deferred account opening balance as of 2013 rebasing year x WACC"]
["     * Please note that the calculation should be adjusted once WACC is updated and finalized in the rate application."]
["4  Consistent with the 4 year normal rate cycle, the model is using a 4 year amortization period as a default selection to \"clear\" the PP&E deferral account through a one-time adjustment to ratebase to capture and remove the impact of the accounting policy changes as caused by the transition from CGAAP to MIFRS."]

{"sheet":"App.2-EB_PP&E Deferral Account","index":15,"n_rows":55,"n_cols":10,"rows_kept":55,"cut":false,"hidden":false,"merged":[[54,0,55,8],[20,1,20,8],[8,0,8,8],[9,0,9,8],[10,0,10,8],[14,0,14,8],[12,0,12,8]]}
[null,null,null,null,null,null,null,"File Number:",{"$f":"'LDC Info'!$E$18","v":"EB-2012-0147"}]
[null,null,null,null,null,null,null,"Exhibit:",2]
[null,null,null,null,null,null,null,"Tab:",5]
[null,null,null,null,null,null,null,"Schedule:",3]
[null,null,null,null,null,null,null,"Page:","1 of 2"]
[]
[null,null,null,null,null,null,null,"Date:","2012-08-31"]
[]
["Table 2.5.2:  Appendix 2-EB"]
["IFRS-CGAAP Transitional PP&E Amounts"]
["2013 Adopters of IFRS for Financial Reporting Purposes"]
[]
["For applicants that adopt IFRS on January 1, 2013 for financial reporting purposes"]
[]
["Note: this sheet should be filled out if the applicant adopts IFRS for its financial reporting purpose as of January 1, 2013. "]
[]
[null,"2009 Rebasing Year",2010,2011,2012,"2013 Rebasing Year",2014,2015,2016]
["Reporting Basis","CGAAP","IRM","IRM","IRM","MIFRS","IRM","IRM","IRM"]
["Forecast vs. Actual Used in Rebasing Year","Forecast","Actual","Actual","Forecast","Forecast"]
[null,null,null,"$","$","$","$","$","$"]
["PP&E Values under CGAAP"]
["            Opening net PP&E - Note 1"]
["            Additions less Disposals"]
["            Depreciation (amounts should be negative)"]
["            Closing net PP&E (1)"]
[]
["PP&E Values under MIFRS (Starts from 2012, the transition year)"]
["            Opening net PP&E  - Note 1"]
["            Additions less Disposals"]
["            Depreciation (amounts should be negative)"]
["            Closing net PP&E (2)",null,null,null,{"$f":"SUM(E28:E30)","v":0}]
[]
["Difference in Closing net PP&E, CGAAP vs. MIFRS (Shown as adjustment to rate base on rebasing)",null,null,null,{"$f":"E25-E31","v":0}]
[]
["Account 1575 - IFRS-CGAAP Transitional PP&E Amounts"]
["          Opening balance ",null,null,null,{"$f":"D40","v":0},{"$f":"E40","v":0},{"$f":"F40","v":0},{"$f":"G40","v":0},{"$f":"H40","v":0}]
["          Amounts added in the year",null,null,null,{"$f":"E33-D33","v":0}]
["Sub-total",null,null,null,{"$f":"E36+E37","v":0},{"$f":"F36+F37","v":0},{"$f":"G36+G37","v":0},{"$f":"H36+H37","v":0},{"$f":"I36+I37","v":0}]
["Amount of amortization, included in  depreciation expense  - Note 2",null,null,null,null,{"$f":"IF(ISERROR(-E33/I44), 0, -E33/I44)","v":0},{"$f":"+F39","v":0},{"$f":"+F39","v":0},{"$f":"+F39","v":0}]
["          Closing balance in deferral account",null,null,null,{"$f":"E38+E39","v":0},{"$f":"IF(ISERROR(F38+F39), 0, F38+F39)","v":0},{"$f":"G38+G39","v":0},{"$f":"H38+H39","v":0},{"$f":"I38+I39","v":0}]
[]
["Effect on Revenue Requirement"]
["        Amortization of deferred balance as above - Note 2",null,null,null,null,{"$f":"IF(ISERROR(E33/I44), 0, E33/I44)","v":0},null,"WACC",5.6756410139456925E-2]
["Return on Rate Base Associated with deferred PP&E balance at WACC  - Note 3 ",null,null,null,null,{"$f":"E33*I43","v":0},null,"Disposition Period - Note 4",4,"Years"]
["     Amount included in Revenue Requirement on rebasing",null,null,null,null,{"$f":"F43+F44","v":0}]
[]
["Notes:"]
["1  For an applicant that adopts IFRS on January 1, 2013, the PP&E values as of January 1, 2012 under both CGAAP and MIFRS should be the same. "]
["2  Amortization of the deferred balance in Account 1575 will start from the rebasing year. "]
["    Assume the utility requests for a certain disposition period, the amortization that should be included in the depreciation expense is calculated as:"]
["   the opening balance of Account 1575 / the approved disposition period"]
["3  Return on rate base associated with deferred balance is calculated as:"]
["     the deferred account opening balance as of 2013 rebasing year x WACC "]
["     * Please note that the calculation should be adjusted once WACC is updated and finalized in the rate application."]
["4  Consistent with the 4 year normal rate cycle, the model is using a 4 year amortization period as a default selection to \"clear\" the PP&E deferral account through a one-time adjustment to ratebase to capture and remove the impact of the accounting policy changes as caused by the transition from CGAAP to MIFRS."]

{"sheet":"App.2-F_Other_Oper_Rev","index":16,"n_rows":216,"n_cols":10,"rows_kept":216,"cut":false,"hidden":false,"merged":[[124,0,124,1],[125,0,125,1],[126,0,126,1],[127,0,127,1],[43,0,44,7],[48,0,49,7],[53,0,53,1],[59,0,59,1],[55,0,55,1],[56,0,56,1],[57,0,57,1],[58,0,58,1],[71,0,71,1],[72,0,72,1],[64,1,64,7],[65,1,65,7],[30,0,30,1],[31,0,31,1],[8,0,8,7],[9,0,9,7],[28,0,28,7],[29,0,29,1],[38,2,38,7],[39,2,40,7],[32,0,32,1],[33,0,33,1],[36,0,36,1],[37,0,37,1],[38,0,38,1],[39,0,39,1],[54,0,54,1],[73,0,73,1],[74,0,74,1],[80,0,80,1],[81,0,81,1],[82,0,82,1],[91,0,91,1],[92,0,92,1],[83,0,83,1],[84,0,84,1],[90,0,90,1],[100,0,100,1],[101,0,101,1],[107,0,107,1],[93,0,93,1],[98,0,98,1],[99,0,99,1],[164,0,164,1],[165,0,165,1],[152,0,152,1],[153,0,153,1],[154,0,154,1],[155,0,155,1],[156,0,156,1],[108,0,108,1],[109,0,109,1],[157,0,157,1],[162,0,162,1],[163,0,163,1],[144,0,144,1],[145,0,145,1],[151,0,151,1],[135,0,135,1],[136,0,136,1],[142,0,142,1],[143,0,143,1],[133,0,133,1],[134,0,134,1],[117,0,117,1],[118,0,118,1],[174,0,174,1],[175,0,175,1],[166,0,166,1],[167,0,167,1],[168,0,168,1],[184,0,184,1],[185,0,185,1],[186,0,186,1],[187,0,187,1],[176,0,176,1],[177,0,177,1],[178,0,178,1],[198,0,198,1],[199,0,199,1],[200,0,200,1],[209,0,209,1],[188,0,188,1],[189,0,189,1],[195,0,195,1],[196,0,196,1],[197,0,197,1],[215,0,215,1],[210,0,210,1],[211,0,211,1],[212,0,212,1],[213,0,213,1],[214,0,214,1]]}
[null,null,null,null,null,null,"File Number:",{"$f":"'LDC Info'!$E$18","v":"EB-2012-0147"}]
[null,null,null,null,null,null,"Exhibit:",3]
[null,null,null,null,null,null,"Tab:",3]
[null,null,null,null,null,null,"Schedule:",2]
[null,null,null,null,null,null,"Page:","1 of 7"]
[]
[null,null,null,null,null,null,"Date:","2012-08-31"]
[null,null,"Table 3.3.11"]
["Appendix 2-F"]
["Other Operating Revenue"]
[]
["USoA #","USoA Description",{"$f":"F13-3 & \" Actual\"","v":"2009 Actual"},{"$f":"F13-2 & \" Actual\"","v":"2010 Actual"},{"$f":"F13-1 & \" Actual\"& CHAR(178)","v":"2011 Actual²"},{"$f":"\"Bridge Year\" & CHAR(179)","v":"Bridge Year³"},{"$f":"\"Bridge Year\" & CHAR(179)","v":"Bridge Year³"},"Test Year"]
[null,null,null,null,null,{"$f":"'LDC Info'!E26","v":2012},{"$f":"'LDC Info'!E26","v":2012},{"$f":"'LDC Info'!E28","v":2013}]
[null,"Reporting Basis",null,null,null,"CGAAP","MIFRS","MIFRS"]
[4080,"Standard Supply Admin Chg ($.25)",-16935.010000000002,-17355.36,-17882.71,-19500,-19500,-19500]
[4210,"Rent from Electric Property",-90166.03,-82894.61,-80638.12,-77300,-77300,-78200]
[4220,"Other Electric Revenues",-1362.9,-835.46,-5664,-5600,-5600,-5600]
[4225,"Late Payment Charges",-20870.64,-19795.05,-22518.080000000002,-23400,-23400,-23400]
[4310,"Regulatory Credits",null,null,null,null,null,0]
[4235,"Specific Service Charges",-105669.64,-108001.73,-121896.73000000001,-122100,-122100,-108600]
[4325,"Rev From Merchandising, Jobbing",-34899.94,-85866.63,-78046.429999999993,-92500,-92500,-94300]
[4330,"Costs and Exp Merchandising, Jobbing",18635.61,63870.31,54179.54,63000,63000,64500]
[4357,"Gain from Retirement of Utility and Other Property",-13025,0,0,-26855.260000000017,-26855.260000000017,0]
[4362,"Loss from Retirement of Utility and Other Property",0,2542.62,2433.37,0,0,0]
[4375,"Rev from Non-Utility Operations",-303650.12,-225317.8,-60591.46,-57600,-57600,-58800]
[4380,"Expenses from Non-Utility Op'n",229702.22999999995,177889.05,42125.47,36800,36800,37700]
[4405,"Interest & Dividend Income",-37483.17,-33634.620000000003,-51417.38,-5600,-5600,-5600]
[]
[]
["Specific Service Charges",null,{"$f":"C20","v":-105669.64},-108001.73,-121896.73000000001,-122100,-122100,-108600]
["Late Payment Charges",null,{"$f":"C18","v":-20870.64},-19795.05,-22518.080000000002,-23400,-23400,-23400]
["Other Operating Revenues",null,{"$f":"C15+C16+C17","v":-108463.94},-101085.43000000001,-104184.82999999999,-102400,-102400,-103300]
["Other Income or Deductions",null,{"$f":"C21+C22+C23+C25+C26+C27","v":-140720.39000000007},{"$f":"D21+D22+D23+D24+D25+D26+D27","v":-100517.07},{"$f":"E21+E22+E23+E24+E25+E26+E27","v":-91316.889999999985},{"$f":"F21+F22+F23+F24+F25+F26+F27","v":-82755.260000000009},{"$f":"G21+G22+G23+G24+G25+G26+G27","v":-82755.260000000009},{"$f":"H21+H22+H23+H24+H25+H26+H27+H19","v":-56500}]
["Total",null,{"$f":"SUM(C30:C33)","v":-375724.6100000001},-329399.28000000003,-339916.52999999997,-330655.26,-330655.26,-291800]
[]
["Description",null,"Account(s)"]
["Specific Service Charges:",null,4235]
["Late Payment Charges:",null,4225]
["Other Distribution Revenues:",null,"4080, 4082, 4084, 4090, 4205, 4210, 4215, 4220, 4240, 4245"]
["Other Income and Expenses:",null,"4305, 4310, 4315, 4320, 4325, 4330, 4335, 4340, 4345, 4350, 4355, 4360, 4365, 4370, 4375, 4380, 4385, 4390, 4395, 4398, 4405, 4415"]
[]
[]
["Note: Add all applicable accounts listed above to the table and include all relevant information."]
["The above table assumes adoption of MIFRS as of January 1, 2013.  If the adoption year differs, please adjust the table accordingly."]
[]
[]
["Account Breakdown Details"]
[]
["For each \"Other Operating Revenue\" and \"Other Income or Deductions\" Account, a detailed breakdown of the account components is required.  See the example below for Account 4405, Interest and Dividend Income."]
[]
[]
["Account 4405 - Interest and Dividend Income"]
[null,null,{"$f":"C12","v":"2009 Actual"},{"$f":"D12","v":"2010 Actual"},{"$f":"E12","v":"2011 Actual²"},"Bridge Year","Bridge Year","Test Year"]
["Reporting Basis",null,{"$f":"IF(ISBLANK(C14), \"\", C14)","v":""},"","","CGAAP","MIFRS","MIFRS"]
["Short-term Investment Interest"]
["Bank Deposit Interest"]
["Miscellaneous Interest Revenue"]
["etc.1"]
[]
["Total",null,{"$f":"SUM(C55:C59)","v":0},0,0,0,0,0]
[]
[]
["Notes:"]
[1,"List and specify any other interest revenue"]
[2,"If the applicant is adopting IFRS or an alternate accounting standard as of January 1, 2012 for financial reporting purposes, 2011 must be presented on both a CGAAP and MIFRS (or alternate accounting standard) basis."]
[3,"If the applicant is adopting IFRS or an alternate accounting standard as of January 1, 2013 for financial reporting purposes, 2012 must be presented on both a CGAAP and MIFRS (or alternate accounting standard) basis."]
[]
[]
[]
["Account 4080 - Standard Supply Service - Admin Charge"]
[null,null,"2009 Actual","2010 Actual","2011 Actual","Bridge Year","Bridge Year","Test Year"]
["Reporting Basis",null,null,null,null,"CGAAP","MIFRS","MIFRS",null,"Table 3.3.17"]
[{"$f":"B15","v":"Standard Supply Admin Chg ($.25)"},null,{"$f":"C15","v":-16935.010000000002},-17355.36,-17882.71,-19500,-19500,-19500]
[]
["Total",null,{"$f":"SUM(C73:C74)","v":-16935.010000000002},-17355.36,-17882.71,-19500,-19500,-19500]
[]
[]
[]
["Account 4210 - Rent from Electric Property"]
[null,null,"2009 Actual","2010 Actual","2011 Actual","Bridge Year","Bridge Year","Test Year",null,"Table 3.3.18"]
["Reporting Basis",null,null,null,null,"CGAAP","MIFRS","MIFRS"]
["Building Rental",null,-53148.06,-50940.47,-48833.97,-45500,-45500,-46400]
["Pole Rental",null,-37017.97,-31954.14,-31804.15,-31800,-31800,-31800]
[]
["Total",null,{"$f":"SUM(C82:C84)","v":-90166.03},-82894.61,-80638.12,-77300,-77300,-78200]
[]
[]
[]
["Account 4220 - Other Electric Revenues"]
[null,null,"2009 Actual","2010 Actual","2011 Actual","Bridge Year","Bridge Year","Test Year",null,"Table 3.3.19"]
["Reporting Basis",null,null,null,null,"CGAAP","MIFRS","MIFRS"]
[" Scrap Metal Revenues",null,{"$f":"C17","v":-1362.9},{"$f":"D17","v":-835.46},{"$f":"E17","v":-5664},{"$f":"F17","v":-5600},{"$f":"G17","v":-5600},{"$f":"G92","v":-5600}]
[]
["Total",null,{"$f":"SUM(C92:C93)","v":-1362.9},-835.46,-5664,-5600,-5600,-5600]
[]
[]
["Account 4225 - Late Payment Charges"]
[null,null,"2009 Actual","2010 Actual","2011 Actual","Bridge Year","Bridge Year","Test Year"]
["Reporting Basis",null,null,null,null,"CGAAP","MIFRS","MIFRS",null,"Table 3.3.20"]
["Late Payment Fees paid by Customers",null,{"$f":"C18","v":-20870.64},-19795.05,-22518.080000000002,-23400,-23400,-23400]
[]
["Total",null,{"$f":"SUM(C100:C101)","v":-20870.64},-19795.05,-22518.080000000002,-23400,-23400,-23400]
[]
[]
[]
["Account 4235 - Miscellaneous Service Revenues"]
[null,null,"2009 Actual","2010 Actual","2011 Actual","Bridge Year","Bridge Year","Test Year"]
["Reporting Basis",null,null,null,null,"CGAAP","MIFRS","MIFRS",null,"Table 3.3.13"]
["NSF Charges",null,-1382.5,-1980,-1755,-1800,-1800,-1800]
["Account Set Up Charges",null,-33690,-36510,-34470,-34200,-34200,-34200]
["Interval Meter Load Management Tool",null,-3626.37,-2358.2000000000003,-4484.63,-5400,-5400,-5400]
["Account History",null,-360,0,-30,-100,-100,-100]
["Lawyer Letters",null,-85.68,-44.28,-45,-100,-100,-100]
["Reconnection Fee",null,-10120,-9220,-6880,-7000,-7000,-7000]
["Notice Letter Charge",null,-55205.09,-57889.25,-55680,-59400,-59400,-59400]
["Temporary Services - Underground",null,-1200,0,-300,-600,-600,-600]
["Late Payment Penalty Assessment",null,0,0,-18252.100000000002,-13500,-13500,0]
[]
["Total",null,{"$f":"SUM(C109:C118)","v":-105669.64},-108001.73,-121896.73000000001,-122100,-122100,-108600]
[]
[]
[]
["Account 4310 - Regulatory Credits"]
[null,null,"2009 Actual","2010 Actual","2011 Actual","Bridge Year","Bridge Year","Test Year"]
["Reporting Basis",null,null,null,null,"CGAAP","MIFRS","MIFRS"]
[null,null,null,null,null,null,null,{"$f":"+H19","v":0}]
[]
["Total",null,{"$f":"SUM(C126:C127)","v":0},0,0,0,0,0]
[]
[]
[]
["Account 4325 - Revenues from Merchandising, Jobbing"]
[null,null,"2009 Actual","2010 Actual","2011 Actual","Bridge Year","Bridge Year","Test Year"]
["Reporting Basis",null,null,null,null,"CGAAP","MIFRS","MIFRS"]
[{"$f":"B21","v":"Rev From Merchandising, Jobbing"},null,{"$f":"C21","v":-34899.94},-85866.63,-78046.429999999993,-92500,-92500,-94300,null,"Table 3.3.14"]
[]
["Total",null,{"$f":"SUM(C135:C136)","v":-34899.94},-85866.63,-78046.429999999993,-92500,-92500,-94300]
[]
[]
[]
["Account 4330 - Expenses from Merchandising, Jobbing"]
[null,null,"2009 Actual","2010 Actual","2011 Actual","Bridge Year","Bridge Year","Test Year"]
["Reporting Basis",null,null,null,null,"CGAAP","MIFRS","MIFRS",null,"Table 3.3.14"]
[{"$f":"B22","v":"Costs and Exp Merchandising, Jobbing"},null,{"$f":"C22","v":18635.61},63870.31,54179.54,63000,63000,64500]
[]
["Total",null,{"$f":"SUM(C144:C145)","v":18635.61},63870.31,54179.54,63000,63000,64500]
[]
[]
[]
["Account 4357 Gain on Retirement of Utility and Other Property"]
[null,null,"2009 Actual","2010 Actual","2011 Actual","Bridge Year","Bridge Year","Test Year"]
["Reporting Basis",null,null,null,null,"CGAAP","MIFRS","MIFRS",null,"Table 3.3.21"]
["Gain on disposal of vehicle",null,-525]
["Gain on disposal of truck",null,-12500,null,null,-26855.260000000017,{"$f":"+G23","v":-26855.260000000017},{"$f":"+H23","v":0}]
[]
[]
[]
["Total",null,{"$f":"SUM(C153:C157)","v":-13025},0,0,-26855.260000000017,-26855.260000000017,0]
[]
[]
["Account 4362 - Loss on Retirement of Utility and Other Property"]
[null,null,"2009 Actual","2010 Actual","2011 Actual","Bridge Year","Bridge Year","Test Year"]
["Reporting Basis",null,null,null,null,"CGAAP","MIFRS","MIFRS",null,"Table 3.3.22"]
["Gain on Enerconnect Limited Partnership redemption",null,null,-1841.06]
["Loss on disposal of generator",null,null,4383.68]
["Loss on disposal of vehicle",null,null,null,2433.37]
["Loss on disposal of distribution assets",null,null,null,null,null,{"$f":"+G24","v":0},{"$f":"+H24","v":0}]
[]
["Total",null,{"$f":"SUM(C164:C168)","v":0},2542.6200000000003,2433.37,0,0,0]
[]
[]
[]
["Account 4375 - Revenues from Non-Utility Operations"]
[null,null,"2009 Actual","2010 Actual","2011 Actual","Bridge Year","Bridge Year","Test Year",null,"Table 3.3.15"]
["Reporting Basis",null,null,null,null,"CGAAP","MIFRS","MIFRS"]
["Streetlight Revenues",null,-67851.259999999995,-49782.229999999996,-60591.46,-57600,-57600,-58800]
["OPA Revenues - Conservation Programs",null,-235798.86,-175535.57]
[]
["Total",null,{"$f":"SUM(C176:C178)","v":-303650.12},-225317.8,-60591.46,-57600,-57600,-58800]
[]
[]
[]
["Account 4380 - Expenses  from Non-Utility Operations"]
[null,null,"2009 Actual","2010 Actual","2011 Actual","Bridge Year","Bridge Year","Test Year"]
["Reporting Basis",null,null,null,null,"CGAAP","MIFRS","MIFRS",null,"Table 3.3.15"]
["Streetlight Expenses",null,40497.43,36599.410000000003,42125.47,{"$f":"F26","v":36800},{"$f":"G26","v":36800},{"$f":"H26","v":37700}]
["OPA Expenses - Conservation Programs",null,189204.80000000002,135694.56]
["Community Initiatives Funding",null,null,5595.08]
[]
["Total",null,{"$f":"SUM(C186:C189)","v":229702.23},177889.05,42125.47,36800,36800,37700]
[]
[]
[]
["Account 4405 - Interest and Dividend Income"]
[null,null,"2009 Actual","2010 Actual","2011 Actual","Bridge Year","Bridge Year","Test Year"]
["Reporting Basis",null,null,null,null,"CGAAP","MIFRS","MIFRS"]
["Bank Deposit Interest",null,-1018.5300000000002,-3361.9900000000002,-7038.13,-5600,-5600,-5600]
["Interest on PILS paid from CRA",null,-5735.64,0,0,null,null,null,null,"Table 3.3.16"]
["Regulatory Asset Interest",null,-30729,-30272.63,-44379.25]
[]
["Total",null,{"$f":"SUM(C197:C200)","v":-37483.17},-33634.620000000003,-51417.38,-5600,-5600,-5600]
[]
[]
[]
["TOTALS",null,{"$f":"C201+C190+C179+C169+C158+C146+C137+C119+C102+C94+C85+C75","v":-375724.6100000001},{"$f":"D201+D190+D179+D169+D158+D146+D137+D119+D102+D94+D85+D75","v":-329399.27999999997},{"$f":"E201+E190+E179+E169+E158+E146+E137+E119+E102+E94+E85+E75","v":-339916.53},{"$f":"F201+F190+F179+F169+F158+F146+F137+F119+F102+F94+F85+F75","v":-330655.26},{"$f":"G201+G190+G179+G169+G158+G146+G137+G119+G102+G94+G85+G75","v":-330655.26},{"$f":"H201+H190+H179+H169+H158+H146+H137+H119+H102+H94+H85+H75+H128","v":-291800}]
["TOTALS FROM ABOVE",null,{"$f":"C34","v":-375724.6100000001},-329399.28000000003,-339916.52999999997,-330655.26,-330655.26,-291800]
["VARIANCE",null,{"$f":"C205-C206","v":0},0,0,0,0,0]
[]
[null,null,"2009 Actual","2010 Actual","2011 Actual","Bridge Year","Bridge Year","Test Year"]
["Reporting Basis",null,null,null,null,"CGAAP","MIFRS","MIFRS"]
[]
[]
[]
[]
[]
["Total",null,{"$f":"SUM(C211:C215)","v":0},0,0,0,0,0]

{"sheet":"App.2-G_Detailed_OM&A_Expenses","index":17,"n_rows":126,"n_cols":10,"rows_kept":126,"cut":false,"hidden":false,"merged":[[118,0,118,1],[60,0,60,1],[124,1,124,7],[125,1,125,7],[123,1,123,7],[111,0,111,1],[71,0,71,1],[8,0,8,7],[9,0,9,7],[10,0,10,7],[39,0,39,1],[15,0,15,7],[12,5,12,6]]}
[null,null,null,null,null,null,"File Number:",{"$f":"'LDC Info'!$E$18","v":"EB-2012-0147"}]
[null,null,null,null,null,null,"Exhibit:",4]
[null,null,null,null,null,null,"Tab:",2]
[null,null,null,null,null,null,"Schedule:",2]
[null,null,null,null,null,null,"Page:","1 & 2 of 2"]
[]
[null,null,null,null,null,null,"Date:","2012-08-31"]
[]
["Appendix 2-G"]
["Detailed, Account by Account, OM&A Expense Table"]
["(excluding Depreciation and Amortization)"]
[]
[]
["Account","Description",{"$f":"\"Last Rebasing Year (\" & 'LDC Info'!E30 & \" Actuals)\"","v":"Last Rebasing Year (2009 Actuals)"},{"$f":"'LDC Info'!E26-2 & \" Actual\"","v":"2010 Actual"},{"$f":"'LDC Info'!E26-1 & \" Actual\" & CHAR(178)","v":"2011 Actual²"},{"$f":"\"Bridge Year \" & 'LDC Info'!E26& CHAR(179)","v":"Bridge Year 2012³"},{"$f":"\"Bridge Year \" & 'LDC Info'!E26& CHAR(179)","v":"Bridge Year 2012³"},{"$f":"\"Test Year \" & 'LDC Info'!E28","v":"Test Year 2013"}]
["Reporting Basis",null,null,null,null,"CGAAP","MIFRS","MIFRS"]
["Operations"]
[5005,"Operation Supervision and Engineering",242508.85,127990.69000000002,173956.64,277900,277900,289509,null,"Table 4.2.7"]
[5010,"Load Dispatching",13547.443939427576,5930.82,1989.3,4000,4000,4080]
[5012,"Station Buildings and Fixtures Expense",0,0,0,0,0,0]
[5014,"Transformer Station Equipment - Operation Labour",0,0,0,0,0,0]
[5015,"Transformer Station Equipment - Operation Supplies and Expenses",0,0,0,0,0,0]
[5016,"Distribution Station Equipment - Operation Labour",5010.2826945960987,3633.3521362302672,1358.4077997614168,3981.3188653714042,3981.3188653714042,4660.2028585235257]
[5017,"Distribution Station Equipment - Operation Supplies and Expenses",20405,10293.14,19040,15900,15900,21100]
[5020,"Overhead Distribution Lines and Feeders - Operation Labour",0,0,0,0,0,0]
[5025,"Overhead Distribution Lines and Feeders - Operation Supplies and Expenses",0,0,0,0,0,0]
[5030,"Overhead Sub-transmission Feeders - Operation",0,0,0,0,0,0]
[5035,"Overhead Distribution Transformers - Operation",2287.3199999999997,52.5,0,1800,1800,1800]
[5040,"Underground Distribution Lines and Feeders - Operation Labour",0,0,0,0,0,0]
[5045,"Underground Distribution Lines and Feeders - Operation Supplies and Expenses",0,0,0,0,0,0]
[5050,"Underground Sub-transmission Feeders - Operation",0,0,0,0,0,0]
[5055,"Underground Distribution Transformers - Operation",0,0,0,0,0,0]
[5060,"Street Lighting and Signal System Expense",0,0,0,0,0,0]
[5065,"Meter Expense",7776.062840314642,2547.2911696706897,2204.6328408436384,4748.312265377861,4748.312265377861,5557.9819503384515]
[5070,"Customer Premises - Operation Labour",31889.588081496906,37261.582158538004,28362.395482922358,38815.331345936189,38815.331345936189,45434.019280943787]
[5075,"Customer Premises - Operation Materials and Expenses",2362.7199999999998,3911.67,1886.18,2453.7368282336101,2453.7368282336101,2510.8998904660443]
[5085,"Miscellaneous Distribution Expenses",0,0,0,0,0,0]
[5090,"Underground Distribution Lines and Feeders - Rental Paid",0,0,0,0,0,0]
[5095,"Overhead Distribution Lines and Feeders - Rental Paid",0,0,0,0,0,0]
[5096,"Other Rent"]
["Total - Operations",null,{"$f":"SUM(C17:C39)","v":325787.26755583519},191621.045464439,228797.55612352741,349598.69930491899,349598.69930491899,374652.10398027184]
["Account","Description",{"$f":"C14","v":"Last Rebasing Year (2009 Actuals)"},"2010 Actual","2011 Actual²","Bridge Year 2012³","Bridge Year 2012³","Test Year 2013"]
["Maintenance",null,null,null,null,"CGAAP","MIFRS","MIFRS",null,"Table 4.2.8"]
[5105,"Maintenance Supervision and Engineering",42218.98055786331,95732.211983278001,90255.590532164104,91824.929668929472,91824.929668929472,110659.48798010877]
[5110,"Maintenance of Buildings and Fixtures - Distribution Stations",69149.97,0,0,0,0,0]
[5112,"Maintenance of Transformer Station Equipment",0,0,0,0,0,0]
[5114,"Maintenance of Distribution Station Equipment",444.71623086678721,77210.801860575244,80404.28954542226,83969.123882298416,83969.123882298416,86937.187100468509]
[5120,"Maintenance of Poles, Towers and Fixtures",12578.465690787147,28904.443679263495,2983.8874487937392,16769.065134216893,16769.065134216893,18344.980840684861]
[5125,"Maintenance of Overhead Conductors and Devices",66414.300428469927,70917.207923918453,83042.841268891221,75152.315087563984,75152.315087563984,84780.638650049135]
[5130,"Maintenance of Overhead Services",0,0,0,0,0,0]
[5135,"Overhead Distribution Lines and Feeders - Right of Way",12660.102172842977,13914.652469355613,36649.675627679106,25706.02204111396,25706.02204111396,29336.758312411326]
[5145,"Maintenance of Underground Conduit",0,0,0,0,0,0]
[5150,"Maintenance of Underground Conductors and Devices",59242.540875217783,54608.252230069273,54497.2718645766,64912.952056064685,64912.952056064685,74167.322150383014]
[5155,"Maintenance of Underground Services",0,0,0,0,0,0]
[5160,"Maintenance of Line Transformers",7007.2498003040901,2937.1888076483897,4819.9928472754327,6239.3492930428711,6239.3492930428711,7132.7493169688314]
[5165,"Maintenance of Street Lighting and Signal Systems",0,0,0,0,0,0]
[5170,"Sentinel Lights - Labour",0,0,0,0,0,0]
[5172,"Sentinel Lights - Materials and Expenses",0,0,0,0,0,0]
[5175,"Maintenance of Meters",68147.118484968873,92158.598209868331,87494.277246181082,92815.575838406381,92815.575838406381,108208.84617221272]
[5178,"Customer Installations Expenses - Leased Property",0,0,0,0,0,0]
[5195,"Maintenance of Other Installations on Customer Premises",0,0,0,0,0,0]
["Total - Maintenance",null,{"$f":"SUM(C43:C60)","v":337863.44424132083},436383.35716397676,440147.82638098358,457389.33300163661,457389.33300163661,519567.97052328713]
["Account","Description",{"$f":"C41","v":"Last Rebasing Year (2009 Actuals)"},"2010 Actual","2011 Actual²","Bridge Year 2012³","Bridge Year 2012³","Test Year 2013"]
["Billing and Collecting",null,null,null,null,"CGAAP","MIFRS","MIFRS"]
[5305,"Supervision",0,0,0,0,0,0,null,"Table 4.2.9"]
[5310,"Meter Reading Expense",117880.99113845748,84964.156114953847,76885.064600269325,172885.94735014188,172885.94735014188,180526.93296886052]
[5315,"Customer Billing",167832.5,172499.5,188336.55000000002,202600,202600,206979]
[5320,"Collecting",68030.33,76036.160000000003,61599.57,78200,78200,83177]
[5325,"Collecting - Cash Over and Short",-227.13,-21.89,109.84,100,100,102]
[5330,"Collection Charges",720.86,800.74,1143.4100000000001,900,900,918]
[5335,"Bad Debt Expense",80000,79999.820000000007,-88094.49,25000,25000,25000]
[5340,"Miscellaneous Customer Accounts Expenses",0,0,0,0,0,0]
["Total - Billing and Collecting",null,{"$f":"SUM(C64:C71)","v":434237.55113845749},414278.48611495382,239979.94460026937,479685.94735014188,479685.94735014188,496702.93296886049]
["Account","Description",{"$f":"C62","v":"Last Rebasing Year (2009 Actuals)"},"2010 Actual","2011 Actual²","Bridge Year 2012³","Bridge Year 2012³","Test Year 2013"]
["Community Relations",null,null,null,null,"CGAAP","MIFRS","MIFRS"]
[5405,"Supervision",0,0,0,0,0,0,null,"Table 4.2.10"]
[5410,"Community Relations - Sundry",1315.5121796108381,3900.0441105355367,3728.1614956313988,3527.3442314686404,3527.3442314686404,4128.8176672965792]
[5415,"Energy Conservation",0,0,0,0,0,0]
[5420,"Community Safety Program",0,0,0,0,0,0]
[5425,"Miscellaneous Customer Service and Informational Expenses",0,0,0,0,0,0]
[5505,"Supervision",0,0,0,0,0,0]
[5510,"Demonstrating and Selling Expense",0,0,0,0,0,0]
[5515,"Advertising Expenses",0,0,0,0,0,0]
[5520,"Miscellaneous Sales Expense"]
["Total - Community Relations",null,{"$f":"SUM(C75:C83)","v":1315.5121796108381},3900.0441105355367,3728.1614956313988,3527.3442314686404,3527.3442314686404,4128.8176672965792]
["Account","Description",{"$f":"C73","v":"Last Rebasing Year (2009 Actuals)"},"2010 Actual","2011 Actual²","Bridge Year 2012³","Bridge Year 2012³","Test Year 2013"]
["Administrative and General Expenses",null,null,null,null,"CGAAP","MIFRS","MIFRS"]
[5605,"Executive Salaries and Expenses",27590.93,28485.54,27402.260000000002,27500,27500,27524,null,"Table 4.2.11"]
[5610,"Management Salaries and Expenses",262316.07,266380.33,320502.23,373900,373900,506320]
[5615,"General Administrative Salaries and Expenses",18447.969999999994,69568.17,52134.490000000005,60658,60658,62345]
[5620,"Office Supplies and Expenses",105531.04999999999,117358.93000000001,116037.88,108200,108200,110192]
[5625,"Administrative Expense Transferred - Credit",0,0,0,0,0,0]
[5630,"Outside Services Employed",62208.31,36705.67,45339.57,49500,49500,50500]
[5635,"Property Insurance",23227.83,45397.64,41465.520000000004,26700,26700,27234]
[5640,"Injuries and Damages",18731.04,10849.68,19165.920000000002,15800,15800,16116]
[5645,"OMERS Pensions and Benefits",0,0,0,0,0,0]
[5646,"Employee Pensions and OPEB",0,0,0,0,0,0]
[5647,"Employee Sick Leave"]
[5650,"Franchise Requirements"]
[5655,"Regulatory Expenses",39959.129999999997,51926.66,62720.770000000004,95181.624166666676,95181.624166666676,100696.58773333333]
[5660,"General Advertising Expenses",0,0,0,0,0,0]
[5665,"Miscellaneous General Expenses",43586.22,43539.81,45931.38,46200,46200,47124]
[5670,"Rent",0]
[5672,"Lease Payment Charge"]
[5675,"Maintenance of General Plant",83912.804884775556,127616.43714609501,142836.05139958829,121459.01076871726,121459.01076871726,128818.99089098648]
[5680,"Electrical Safety Authority Fees",3859.68,3844.8,5613.82,5100,5100,5202]
[5681,"Special Purpose Charge Expense",0]
[5685,"Independent Electricity System Operator Fees and Penalties",0]
[5695,"OM&A Contra Account"]
[6205,"Donations"]
[6205,"Donations, Sub-account LEAP Funding"]
["Total - Administrative and General Expenses",null,{"$f":"SUM(C87:C110)","v":689371.03488477552},801673.66714609496,879149.89139958832,930198.63493538392,930198.63493538392,1082072.5786243198]
["Total OM&A",null,{"$f":"C40+C61+C72+C84+C111","v":1788574.8099999998},1847856.6,1791803.3800000001,2220399.95882355,2220399.95882355,2477124.4037640356]
["Adjustments for non-recoverable items",null,null,null,null,"CGAAP","MIFRS","MIFRS"]
[5681,"Special Purpose Charge Expense"]
[6205,"Donations1"]
[]
[]
[]
["Total Recoverable OM&A",null,{"$f":"C112-SUM(C114:C118)","v":1788574.8099999998},1847856.6,1791803.3800000001,2220399.95882355,2220399.95882355,2477124.4037640356]
[]
["1 Account 6205 - Donations is generally non-recoverable.  However, the sub-account LEAP funding of account 6205 is generally recoverable."]
[]
["Note:"]
[1,"If it has been more than three years since the applicant last filed a cost of service application, additional years of historical actuals should be incorporated into the table, as necessary, to go back to the last cost of service application.  If the applicant last filed a cost of service application less than three years ago, a minimum of three years of actual information is required."]
[2,"If the applicant is adopting IFRS or an alternate accounting standard as of January 1, 2012 for financial reporting purposes, 2011 must be presented on both a CGAAP and MIFRS (or alternate accounting standard) basis."]
[3,"If the applicant is adopting IFRS or an alternate accounting standard as of January 1, 2013 for financial reporting purposes, 2012 must be presented on both a CGAAP and MIFRS (or alternate accounting standard) basis."]

{"sheet":"App.2-H_OM&A_Detailed_Analysis","index":18,"n_rows":136,"n_cols":11,"rows_kept":136,"cut":false,"hidden":false,"merged":[[77,0,78,0],[77,1,78,1],[77,2,78,2],[77,3,78,3],[77,4,78,4],[64,3,65,3],[64,4,65,4],[64,5,64,6],[64,7,64,8],[77,5,77,6],[77,7,77,8],[8,0,8,8],[9,0,9,8],[10,0,10,8],[40,0,40,1],[16,0,16,8],[13,0,14,0],[13,1,14,1],[13,2,14,2],[13,3,14,3],[13,4,14,4],[13,7,13,8],[13,5,13,6],[41,0,42,0],[41,1,42,1],[41,2,42,2],[127,0,127,1],[121,0,121,1],[67,0,67,8],[76,0,76,1],[63,0,63,1],[41,3,42,3],[41,4,42,4],[41,5,41,6],[41,7,41,8],[44,0,44,8],[64,0,65,0],[64,1,65,1],[64,2,65,2],[134,1,134,8],[135,1,135,8],[120,0,120,1],[80,0,80,8],[94,0,94,8],[91,0,92,0],[91,1,92,1],[91,2,92,2],[91,3,92,3],[91,4,92,4],[91,5,91,6],[91,7,91,8]]}
[null,null,null,null,null,null,null,"File Number:",{"$f":"'LDC Info'!$E$18","v":"EB-2012-0147"}]
[null,null,null,null,null,null,null,"Exhibit:",4]
[null,null,null,null,null,null,null,"Tab:",2]
[null,null,null,null,null,null,null,"Schedule:",3]
[null,null,null,null,null,null,null,"Page:","14-16 of  26"]
[]
[null,null,null,null,null,null,null,"Date:","2012-08-31"]
[]
["Appendix 2-H"]
["OM&A Detailed Variance Analysis"]
["(excluding Depreciation and Amortization)"]
[]
[]
["Account","Description",{"$f":"\"Last Board-approved Rebasing Year (\"&'LDC Info'!E30&\" Year)\"","v":"Last Board-approved Rebasing Year (2009 Year)"},"Most Current Actuals               Year 2011",{"$f":"\"Test Year \" & 'LDC Info'!E28","v":"Test Year 2013"},"Test Year Versus Last Rebasing",null,"Test Year Versus Most Current Actuals"]
[null,null,null,null,null,"Variance ($)","Percentage Change (%)","Variance ($)","Percentage Change (%)"]
["Reporting Basis",null,"CGAAP","CGAAP","MIFRS"]
["Operations"]
[5005,"Operation Supervision and Engineering",{"$f":"'App.2-G_Detailed_OM&A_Expenses'!C17","v":242508.85},{"$f":"'App.2-G_Detailed_OM&A_Expenses'!E17","v":173956.64},{"$f":"'App.2-G_Detailed_OM&A_Expenses'!H17","v":289509},{"$f":"E18-C18","v":47000.149999999994},{"$f":"IF(C18=0,\"\",(E18/C18)-1)","v":0.19380797855418463},{"$f":"E18-D18","v":115552.35999999999},{"$f":"IF(D18=0,\"\",(E18/D18)-1)","v":0.66425955341514986},null,"Table 4.2.15"]
[5010,"Load Dispatching",{"$f":"'App.2-G_Detailed_OM&A_Expenses'!C18","v":13547.443939427576},{"$f":"'App.2-G_Detailed_OM&A_Expenses'!E18","v":1989.3},{"$f":"'App.2-G_Detailed_OM&A_Expenses'!H18","v":4080},{"$f":"E19-C19","v":-9467.443939427576},{"$f":"IF(C19=0,\"\",(E19/C19)-1)","v":-0.69883617764042993},{"$f":"E19-D19","v":2090.6999999999998},{"$f":"IF(D19=0,\"\",(E19/D19)-1)","v":1.0509727039662193}]
[5012,"Station Buildings and Fixtures Expense",{"$f":"'App.2-G_Detailed_OM&A_Expenses'!C19","v":0},{"$f":"'App.2-G_Detailed_OM&A_Expenses'!E19","v":0},{"$f":"'App.2-G_Detailed_OM&A_Expenses'!H19","v":0},0,"",0,""]
[5014,"Transformer Station Equipment - Operation Labour",{"$f":"'App.2-G_Detailed_OM&A_Expenses'!C20","v":0},{"$f":"'App.2-G_Detailed_OM&A_Expenses'!E20","v":0},{"$f":"'App.2-G_Detailed_OM&A_Expenses'!H20","v":0},0,"",0,""]
[5015,"Transformer Station Equipment - Operation Supplies and Expenses",{"$f":"'App.2-G_Detailed_OM&A_Expenses'!C21","v":0},{"$f":"'App.2-G_Detailed_OM&A_Expenses'!E21","v":0},{"$f":"'App.2-G_Detailed_OM&A_Expenses'!H21","v":0},0,"",0,""]
[5016,"Distribution Station Equipment - Operation Labour",{"$f":"'App.2-G_Detailed_OM&A_Expenses'!C22","v":5010.2826945960987},{"$f":"'App.2-G_Detailed_OM&A_Expenses'!E22","v":1358.4077997614168},{"$f":"'App.2-G_Detailed_OM&A_Expenses'!H22","v":4660.2028585235257},-350.07983607257302,-6.9872272167427973E-2,3301.795058762109,2.4306361162988153]
[5017,"Distribution Station Equipment - Operation Supplies and Expenses",{"$f":"'App.2-G_Detailed_OM&A_Expenses'!C23","v":20405},{"$f":"'App.2-G_Detailed_OM&A_Expenses'!E23","v":19040},{"$f":"'App.2-G_Detailed_OM&A_Expenses'!H23","v":21100},695,3.406027934329825E-2,2060,0.10819327731092443]
[5020,"Overhead Distribution Lines and Feeders - Operation Labour",{"$f":"'App.2-G_Detailed_OM&A_Expenses'!C24","v":0},{"$f":"'App.2-G_Detailed_OM&A_Expenses'!E24","v":0},{"$f":"'App.2-G_Detailed_OM&A_Expenses'!H24","v":0},0,"",0,""]
[5025,"Overhead Distribution Lines and Feeders - Operation Supplies and Expenses",{"$f":"'App.2-G_Detailed_OM&A_Expenses'!C25","v":0},{"$f":"'App.2-G_Detailed_OM&A_Expenses'!E25","v":0},{"$f":"'App.2-G_Detailed_OM&A_Expenses'!H25","v":0},0,"",0,""]
[5030,"Overhead Sub-transmission Feeders - Operation",{"$f":"'App.2-G_Detailed_OM&A_Expenses'!C26","v":0},{"$f":"'App.2-G_Detailed_OM&A_Expenses'!E26","v":0},{"$f":"'App.2-G_Detailed_OM&A_Expenses'!H26","v":0},0,"",0,""]
[5035,"Overhead Distribution Transformers - Operation",{"$f":"'App.2-G_Detailed_OM&A_Expenses'!C27","v":2287.3199999999997},{"$f":"'App.2-G_Detailed_OM&A_Expenses'!E27","v":0},{"$f":"'App.2-G_Detailed_OM&A_Expenses'!H27","v":1800},-487.31999999999971,-0.21305283038665324,1800,""]
[5040,"Underground Distribution Lines and Feeders - Operation Labour",{"$f":"'App.2-G_Detailed_OM&A_Expenses'!C28","v":0},{"$f":"'App.2-G_Detailed_OM&A_Expenses'!E28","v":0},{"$f":"'App.2-G_Detailed_OM&A_Expenses'!H28","v":0},0,"",0,""]
[5045,"Underground Distribution Lines and Feeders - Operation Supplies and Expenses",{"$f":"'App.2-G_Detailed_OM&A_Expenses'!C29","v":0},{"$f":"'App.2-G_Detailed_OM&A_Expenses'!E29","v":0},{"$f":"'App.2-G_Detailed_OM&A_Expenses'!H29","v":0},0,"",0,""]
[5050,"Underground Sub-transmission Feeders - Operation",{"$f":"'App.2-G_Detailed_OM&A_Expenses'!C30","v":0},{"$f":"'App.2-G_Detailed_OM&A_Expenses'!E30","v":0},{"$f":"'App.2-G_Detailed_OM&A_Expenses'!H30","v":0},0,"",0,""]
[5055,"Underground Distribution Transformers - Operation",{"$f":"'App.2-G_Detailed_OM&A_Expenses'!C31","v":0},{"$f":"'App.2-G_Detailed_OM&A_Expenses'!E31","v":0},{"$f":"'App.2-G_Detailed_OM&A_Expenses'!H31","v":0},0,"",0,""]
[5060,"Street Lighting and Signal System Expense",{"$f":"'App.2-G_Detailed_OM&A_Expenses'!C32","v":0},{"$f":"'App.2-G_Detailed_OM&A_Expenses'!E32","v":0},{"$f":"'App.2-G_Detailed_OM&A_Expenses'!H32","v":0},0,"",0,""]
[5065,"Meter Expense",{"$f":"'App.2-G_Detailed_OM&A_Expenses'!C33","v":7776.062840314642},{"$f":"'App.2-G_Detailed_OM&A_Expenses'!E33","v":2204.6328408436384},{"$f":"'App.2-G_Detailed_OM&A_Expenses'!H33","v":5557.9819503384515},-2218.0808899761905,-0.28524472287912228,3353.3491094948131,1.5210465195699432]
[5070,"Customer Premises - Operation Labour",{"$f":"'App.2-G_Detailed_OM&A_Expenses'!C34","v":31889.588081496906},{"$f":"'App.2-G_Detailed_OM&A_Expenses'!E34","v":28362.395482922358},{"$f":"'App.2-G_Detailed_OM&A_Expenses'!H34","v":45434.019280943787},13544.431199446881,0.42472894804513572,17071.623798021428,0.60191050534855695]
[5075,"Customer Premises - Operation Materials and Expenses",{"$f":"'App.2-G_Detailed_OM&A_Expenses'!C35","v":2362.7199999999998},{"$f":"'App.2-G_Detailed_OM&A_Expenses'!E35","v":1886.18},{"$f":"'App.2-G_Detailed_OM&A_Expenses'!H35","v":2510.8998904660443},148.17989046604453,6.2715806556022047E-2,624.71989046604426,0.33120905240541432]
[5085,"Miscellaneous Distribution Expenses",{"$f":"'App.2-G_Detailed_OM&A_Expenses'!C36","v":0},{"$f":"'App.2-G_Detailed_OM&A_Expenses'!E36","v":0},{"$f":"'App.2-G_Detailed_OM&A_Expenses'!H36","v":0},0,"",0,""]
[5090,"Underground Distribution Lines and Feeders - Rental Paid",{"$f":"'App.2-G_Detailed_OM&A_Expenses'!C37","v":0},{"$f":"'App.2-G_Detailed_OM&A_Expenses'!E37","v":0},{"$f":"'App.2-G_Detailed_OM&A_Expenses'!H37","v":0},0,"",0,""]
[5095,"Overhead Distribution Lines and Feeders - Rental Paid",{"$f":"'App.2-G_Detailed_OM&A_Expenses'!C38","v":0},{"$f":"'App.2-G_Detailed_OM&A_Expenses'!E38","v":0},{"$f":"'App.2-G_Detailed_OM&A_Expenses'!H38","v":0},0,"",0,""]
[5096,"Other Rent",{"$f":"'App.2-G_Detailed_OM&A_Expenses'!C39","v":0},{"$f":"'App.2-G_Detailed_OM&A_Expenses'!E39","v":0},{"$f":"'App.2-G_Detailed_OM&A_Expenses'!H39","v":0},0,"",0,""]
["Total - Operations",null,{"$f":"SUM(C18:C40)","v":325787.26755583519},{"$f":"SUM(D18:D40)","v":228797.55612352741},{"$f":"SUM(E18:E40)","v":374652.10398027184},48864.836424436653,0.14999001278053914,145854.54785674444,0.63748297983566671]
["Account","Description",{"$f":"\"Last Board-approved Rebasing Year (\"&'LDC Info'!E58&\" Year)\"","v":"Last Board-approved Rebasing Year ( Year)"},"Most Current Actuals               Year 2011",{"$f":"\"Test Year \" & 'LDC Info'!E56","v":"Test Year "},"Test Year Versus Last Rebasing",null,"Test Year Versus Most Current Actuals"]
[null,null,null,null,null,"Variance ($)","Percentage Change (%)","Variance ($)","Percentage Change (%)"]
["Reporting Basis",null,"CGAAP","CGAAP","MIFRS"]
["Maintenance"]
[5105,"Maintenance Supervision and Engineering",{"$f":"'App.2-G_Detailed_OM&A_Expenses'!C43","v":42218.98055786331},{"$f":"'App.2-G_Detailed_OM&A_Expenses'!E43","v":90255.590532164104},{"$f":"'App.2-G_Detailed_OM&A_Expenses'!H43","v":110659.48798010877},{"$f":"E46-C46","v":68440.507422245457},{"$f":"IF(C46=0,\"\",(E46/C46)-1)","v":1.6210838470730997},{"$f":"E46-D46","v":20403.897447944662},{"$f":"IF(D46=0,\"\",(E46/D46)-1)","v":0.22606796241251548},null,"Table 4.2.16"]
[5110,"Maintenance of Buildings and Fixtures - Distribution Stations",{"$f":"'App.2-G_Detailed_OM&A_Expenses'!C44","v":69149.97},{"$f":"'App.2-G_Detailed_OM&A_Expenses'!E44","v":0},{"$f":"'App.2-G_Detailed_OM&A_Expenses'!H44","v":0},-69149.97,-1,0,""]
[5112,"Maintenance of Transformer Station Equipment",{"$f":"'App.2-G_Detailed_OM&A_Expenses'!C45","v":0},{"$f":"'App.2-G_Detailed_OM&A_Expenses'!E45","v":0},{"$f":"'App.2-G_Detailed_OM&A_Expenses'!H45","v":0},0,"",0,""]
[5114,"Maintenance of Distribution Station Equipment",{"$f":"'App.2-G_Detailed_OM&A_Expenses'!C46","v":444.71623086678721},{"$f":"'App.2-G_Detailed_OM&A_Expenses'!E46","v":80404.28954542226},{"$f":"'App.2-G_Detailed_OM&A_Expenses'!H46","v":86937.187100468509},86492.470869601719,194.48912557344946,6532.8975550462492,8.1250609786877925E-2]
[5120,"Maintenance of Poles, Towers and Fixtures",{"$f":"'App.2-G_Detailed_OM&A_Expenses'!C47","v":12578.465690787147},{"$f":"'App.2-G_Detailed_OM&A_Expenses'!E47","v":2983.8874487937392},{"$f":"'App.2-G_Detailed_OM&A_Expenses'!H47","v":18344.980840684861},5766.5151498977139,0.458443445461022,15361.093391891121,5.1480136752815424]
[5125,"Maintenance of Overhead Conductors and Devices",{"$f":"'App.2-G_Detailed_OM&A_Expenses'!C48","v":66414.300428469927},{"$f":"'App.2-G_Detailed_OM&A_Expenses'!E48","v":83042.841268891221},{"$f":"'App.2-G_Detailed_OM&A_Expenses'!H48","v":84780.638650049135},18366.338221579208,0.27654192098824071,1737.7973811579141,2.0926516417362873E-2]
[5130,"Maintenance of Overhead Services",{"$f":"'App.2-G_Detailed_OM&A_Expenses'!C49","v":0},{"$f":"'App.2-G_Detailed_OM&A_Expenses'!E49","v":0},{"$f":"'App.2-G_Detailed_OM&A_Expenses'!H49","v":0},0,"",0,""]
[5135,"Overhead Distribution Lines and Feeders - Right of Way",{"$f":"'App.2-G_Detailed_OM&A_Expenses'!C50","v":12660.102172842977},{"$f":"'App.2-G_Detailed_OM&A_Expenses'!E50","v":36649.675627679106},{"$f":"'App.2-G_Detailed_OM&A_Expenses'!H50","v":29336.758312411326},16676.656139568349,1.3172607860417771,-7312.9173152677795,-0.19953566273161805]
[5145,"Maintenance of Underground Conduit",{"$f":"'App.2-G_Detailed_OM&A_Expenses'!C51","v":0},{"$f":"'App.2-G_Detailed_OM&A_Expenses'!E51","v":0},{"$f":"'App.2-G_Detailed_OM&A_Expenses'!H51","v":0},0,"",0,""]
[5150,"Maintenance of Underground Conductors and Devices",{"$f":"'App.2-G_Detailed_OM&A_Expenses'!C52","v":59242.540875217783},{"$f":"'App.2-G_Detailed_OM&A_Expenses'!E52","v":54497.2718645766},{"$f":"'App.2-G_Detailed_OM&A_Expenses'!H52","v":74167.322150383014},14924.781275165231,0.25192675828339661,19670.050285806414,0.36093642145400695]
[5155,"Maintenance of Underground Services",{"$f":"'App.2-G_Detailed_OM&A_Expenses'!C53","v":0},{"$f":"'App.2-G_Detailed_OM&A_Expenses'!E53","v":0},{"$f":"'App.2-G_Detailed_OM&A_Expenses'!H53","v":0},0,"",0,""]
[5160,"Maintenance of Line Transformers",{"$f":"'App.2-G_Detailed_OM&A_Expenses'!C54","v":7007.2498003040901},{"$f":"'App.2-G_Detailed_OM&A_Expenses'!E54","v":4819.9928472754327},{"$f":"'App.2-G_Detailed_OM&A_Expenses'!H54","v":7132.7493169688314},125.49951666474135,1.7909953297125858E-2,2312.7564696933987,0.47982570575819761]
[5165,"Maintenance of Street Lighting and Signal Systems",{"$f":"'App.2-G_Detailed_OM&A_Expenses'!C55","v":0},{"$f":"'App.2-G_Detailed_OM&A_Expenses'!E55","v":0},{"$f":"'App.2-G_Detailed_OM&A_Expenses'!H55","v":0},0,"",0,""]
[5170,"Sentinel Lights - Labour",{"$f":"'App.2-G_Detailed_OM&A_Expenses'!C56","v":0},{"$f":"'App.2-G_Detailed_OM&A_Expenses'!E56","v":0},{"$f":"'App.2-G_Detailed_OM&A_Expenses'!H56","v":0},0,"",0,""]
[5172,"Sentinel Lights - Materials and Expenses",{"$f":"'App.2-G_Detailed_OM&A_Expenses'!C57","v":0},{"$f":"'App.2-G_Detailed_OM&A_Expenses'!E57","v":0},{"$f":"'App.2-G_Detailed_OM&A_Expenses'!H57","v":0},0,"",0,""]
[5175,"Maintenance of Meters",{"$f":"'App.2-G_Detailed_OM&A_Expenses'!C58","v":68147.118484968873},{"$f":"'App.2-G_Detailed_OM&A_Expenses'!E58","v":87494.277246181082},{"$f":"'App.2-G_Detailed_OM&A_Expenses'!H58","v":108208.84617221272},40061.727687243852,0.58787119071043659,20714.568926031643,0.23675341494332747]
[5178,"Customer Installations Expenses - Leased Property",{"$f":"'App.2-G_Detailed_OM&A_Expenses'!C59","v":0},{"$f":"'App.2-G_Detailed_OM&A_Expenses'!E59","v":0},{"$f":"'App.2-G_Detailed_OM&A_Expenses'!H59","v":0},0,"",0,""]
[5195,"Maintenance of Other Installations on Customer Premises",{"$f":"'App.2-G_Detailed_OM&A_Expenses'!C60","v":0},{"$f":"'App.2-G_Detailed_OM&A_Expenses'!E60","v":0},{"$f":"'App.2-G_Detailed_OM&A_Expenses'!H60","v":0},0,"",0,""]
["Total - Maintenance",null,{"$f":"SUM(C46:C63)","v":337863.44424132083},{"$f":"SUM(D46:D63)","v":440147.82638098358},{"$f":"SUM(E46:E63)","v":519567.97052328713},181704.5262819663,0.53780463491688923,79420.144142303558,0.18043970544014232]
["Account","Description",{"$f":"\"Last Board-approved Rebasing Year (\"&'LDC Info'!E80&\" Year)\"","v":"Last Board-approved Rebasing Year ( Year)"},"Most Current Actuals               Year 2011",{"$f":"\"Test Year \" & 'LDC Info'!E78","v":"Test Year "},"Test Year Versus Last Rebasing",null,"Test Year Versus Most Current Actuals"]
[null,null,null,null,null,"Variance ($)","Percentage Change (%)","Variance ($)","Percentage Change (%)"]
["Reporting Basis",null,"CGAAP","CGAAP","MIFRS"]
["Billing and Collecting",null,null,null,null,null,null,null,null,null,"Table 4.2.17"]
[5305,"Supervision",{"$f":"'App.2-G_Detailed_OM&A_Expenses'!C64","v":0},{"$f":"'App.2-G_Detailed_OM&A_Expenses'!E64","v":0},{"$f":"'App.2-G_Detailed_OM&A_Expenses'!H64","v":0},{"$f":"E69-C69","v":0},{"$f":"IF(C69=0,\"\",(E69/C69)-1)","v":""},{"$f":"E69-D69","v":0},{"$f":"IF(D69=0,\"\",(E69/D69)-1)","v":""}]
[5310,"Meter Reading Expense",{"$f":"'App.2-G_Detailed_OM&A_Expenses'!C65","v":117880.99113845748},{"$f":"'App.2-G_Detailed_OM&A_Expenses'!E65","v":76885.064600269325},{"$f":"'App.2-G_Detailed_OM&A_Expenses'!H65","v":180526.93296886052},62645.941830403041,0.53143378949725717,103641.8683685912,1.3480104218866473]
[5315,"Customer Billing",{"$f":"'App.2-G_Detailed_OM&A_Expenses'!C66","v":167832.5},{"$f":"'App.2-G_Detailed_OM&A_Expenses'!E66","v":188336.55000000002},{"$f":"'App.2-G_Detailed_OM&A_Expenses'!H66","v":206979},39146.5,0.23324743419778637,18642.449999999983,9.8984769552165952E-2]
[5320,"Collecting",{"$f":"'App.2-G_Detailed_OM&A_Expenses'!C67","v":68030.33},{"$f":"'App.2-G_Detailed_OM&A_Expenses'!E67","v":61599.57},{"$f":"'App.2-G_Detailed_OM&A_Expenses'!H67","v":83177},15146.669999999998,0.22264584046556868,21577.43,0.350285399719511]
[5325,"Collecting - Cash Over and Short",{"$f":"'App.2-G_Detailed_OM&A_Expenses'!C68","v":-227.13},{"$f":"'App.2-G_Detailed_OM&A_Expenses'!E68","v":109.84},{"$f":"'App.2-G_Detailed_OM&A_Expenses'!H68","v":102},329.13,-1.4490820235107646,-7.8400000000000034,-7.1376547705753857E-2]
[5330,"Collection Charges",{"$f":"'App.2-G_Detailed_OM&A_Expenses'!C69","v":720.86},{"$f":"'App.2-G_Detailed_OM&A_Expenses'!E69","v":1143.4100000000001},{"$f":"'App.2-G_Detailed_OM&A_Expenses'!H69","v":918},197.14,0.27347890020253574,-225.41000000000008,-0.1971383843065917]
[5335,"Bad Debt Expense",{"$f":"'App.2-G_Detailed_OM&A_Expenses'!C70","v":80000},{"$f":"'App.2-G_Detailed_OM&A_Expenses'!E70","v":-88094.49},{"$f":"'App.2-G_Detailed_OM&A_Expenses'!H70","v":25000},-55000,-0.6875,113094.49,-1.2837861936654607]
[5340,"Miscellaneous Customer Accounts Expenses",null,null,null,0,"",0,""]
["Total - Billing and Collecting",null,{"$f":"SUM(C69:C76)","v":434237.55113845749},{"$f":"SUM(D69:D76)","v":239979.94460026937},{"$f":"SUM(E69:E76)","v":496702.93296886049},62465.381830402999,0.14385071412326056,256722.98836859112,1.069768512515537]
["Account","Description",{"$f":"\"Last Board-approved Rebasing Year (\"&'LDC Info'!E92&\" Year)\"","v":"Last Board-approved Rebasing Year ( Year)"},"Most Current Actuals               Year 2011",{"$f":"\"Test Year \" & 'LDC Info'!E90","v":"Test Year "},"Test Year Versus Last Rebasing",null,"Test Year Versus Most Current Actuals"]
[null,null,null,null,null,"Variance ($)","Percentage Change (%)","Variance ($)","Percentage Change (%)"]
["Reporting Basis",null,"CGAAP","CGAAP","MIFRS"]
["Community Relations",null,null,null,null,null,null,null,null,null,"Table 4.2.18"]
[5405,"Supervision",{"$f":"'App.2-G_Detailed_OM&A_Expenses'!C75","v":0},{"$f":"'App.2-G_Detailed_OM&A_Expenses'!E75","v":0},{"$f":"'App.2-G_Detailed_OM&A_Expenses'!H75","v":0},{"$f":"E82-C82","v":0},{"$f":"IF(C82=0,\"\",(E82/C82)-1)","v":""},{"$f":"E82-D82","v":0},{"$f":"IF(D82=0,\"\",(E82/D82)-1)","v":""}]
[5410,"Community Relations - Sundry",{"$f":"'App.2-G_Detailed_OM&A_Expenses'!C76","v":1315.5121796108381},{"$f":"'App.2-G_Detailed_OM&A_Expenses'!E76","v":3728.1614956313988},{"$f":"'App.2-G_Detailed_OM&A_Expenses'!H76","v":4128.8176672965792},2813.3054876857414,2.1385628588539474,400.65617166518041,0.10746749359829577]
[5415,"Energy Conservation",{"$f":"'App.2-G_Detailed_OM&A_Expenses'!C77","v":0},{"$f":"'App.2-G_Detailed_OM&A_Expenses'!E77","v":0},{"$f":"'App.2-G_Detailed_OM&A_Expenses'!H77","v":0},0,"",0,""]
[5420,"Community Safety Program",{"$f":"'App.2-G_Detailed_OM&A_Expenses'!C78","v":0},{"$f":"'App.2-G_Detailed_OM&A_Expenses'!E78","v":0},{"$f":"'App.2-G_Detailed_OM&A_Expenses'!H78","v":0},0,"",0,""]
[5425,"Miscellaneous Customer Service and Informational Expenses",{"$f":"'App.2-G_Detailed_OM&A_Expenses'!C79","v":0},{"$f":"'App.2-G_Detailed_OM&A_Expenses'!E79","v":0},{"$f":"'App.2-G_Detailed_OM&A_Expenses'!H79","v":0},0,"",0,""]
[5505,"Supervision",{"$f":"'App.2-G_Detailed_OM&A_Expenses'!C80","v":0},{"$f":"'App.2-G_Detailed_OM&A_Expenses'!E80","v":0},{"$f":"'App.2-G_Detailed_OM&A_Expenses'!H80","v":0},0,"",0,""]
[5510,"Demonstrating and Selling Expense",{"$f":"'App.2-G_Detailed_OM&A_Expenses'!C81","v":0},{"$f":"'App.2-G_Detailed_OM&A_Expenses'!E81","v":0},{"$f":"'App.2-G_Detailed_OM&A_Expenses'!H81","v":0},0,"",0,""]
[5515,"Advertising Expenses",{"$f":"'App.2-G_Detailed_OM&A_Expenses'!C82","v":0},{"$f":"'App.2-G_Detailed_OM&A_Expenses'!E82","v":0},{"$f":"'App.2-G_Detailed_OM&A_Expenses'!H82","v":0},0,"",0,""]
[5520,"Miscellaneous Sales Expense",null,null,null,0,"",0,""]
["Total - Community Relations",null,{"$f":"SUM(C82:C90)","v":1315.5121796108381},{"$f":"SUM(D82:D90)","v":3728.1614956313988},{"$f":"SUM(E82:E90)","v":4128.8176672965792},2813.3054876857414,2.1385628588539474,400.65617166518041,0.10746749359829577]
["Account","Description",{"$f":"\"Last Board-approved Rebasing Year (\"&'LDC Info'!E105&\" Year)\"","v":"Last Board-approved Rebasing Year ( Year)"},"Most Current Actuals               Year 2011",{"$f":"\"Test Year \" & 'LDC Info'!E103","v":"Test Year "},"Test Year Versus Last Rebasing",null,"Test Year Versus Most Current Actuals"]
[null,null,null,null,null,"Variance ($)","Percentage Change (%)","Variance ($)","Percentage Change (%)"]
["Reporting Basis",null,"CGAAP","CGAAP","MIFRS"]
["Administrative and General Expenses"]
[5605,"Executive Salaries and Expenses",{"$f":"'App.2-G_Detailed_OM&A_Expenses'!C87","v":27590.93},{"$f":"'App.2-G_Detailed_OM&A_Expenses'!E87","v":27402.260000000002},{"$f":"'App.2-G_Detailed_OM&A_Expenses'!H87","v":27524},{"$f":"E96-C96","v":-66.930000000000291},{"$f":"IF(C96=0,\"\",(E96/C96)-1)","v":-2.4257971732014605E-3},{"$f":"E96-D96","v":121.73999999999796},{"$f":"IF(D96=0,\"\",(E96/D96)-1)","v":4.4426992518133979E-3},null,"Table 4.2.19"]
[5610,"Management Salaries and Expenses",{"$f":"'App.2-G_Detailed_OM&A_Expenses'!C88","v":262316.07},{"$f":"'App.2-G_Detailed_OM&A_Expenses'!E88","v":320502.23},{"$f":"'App.2-G_Detailed_OM&A_Expenses'!H88","v":506320},244003.93,0.9301905521838596,185817.77000000002,0.57977059941205411]
[5615,"General Administrative Salaries and Expenses",{"$f":"'App.2-G_Detailed_OM&A_Expenses'!C89","v":18447.969999999994},{"$f":"'App.2-G_Detailed_OM&A_Expenses'!E89","v":52134.490000000005},{"$f":"'App.2-G_Detailed_OM&A_Expenses'!H89","v":62345},43897.030000000006,2.3795046284225321,10210.509999999995,0.19584942712588149]
[5620,"Office Supplies and Expenses",{"$f":"'App.2-G_Detailed_OM&A_Expenses'!C90","v":105531.04999999999},{"$f":"'App.2-G_Detailed_OM&A_Expenses'!E90","v":116037.88},{"$f":"'App.2-G_Detailed_OM&A_Expenses'!H90","v":110192},4660.9500000000116,4.4166622051045712E-2,-5845.8800000000047,-5.0379065870558848E-2]
[5625,"Administrative Expense Transferred - Credit",{"$f":"'App.2-G_Detailed_OM&A_Expenses'!C91","v":0},{"$f":"'App.2-G_Detailed_OM&A_Expenses'!E91","v":0},{"$f":"'App.2-G_Detailed_OM&A_Expenses'!H91","v":0},0,"",0,""]
[5630,"Outside Services Employed",{"$f":"'App.2-G_Detailed_OM&A_Expenses'!C92","v":62208.31},{"$f":"'App.2-G_Detailed_OM&A_Expenses'!E92","v":45339.57},{"$f":"'App.2-G_Detailed_OM&A_Expenses'!H92","v":50500},-11708.309999999998,-0.18821134989842991,5160.43,0.11381735645044722]
[5635,"Property Insurance",{"$f":"'App.2-G_Detailed_OM&A_Expenses'!C93","v":23227.83},{"$f":"'App.2-G_Detailed_OM&A_Expenses'!E93","v":41465.520000000004},{"$f":"'App.2-G_Detailed_OM&A_Expenses'!H93","v":27234},4006.1699999999983,0.17247284830309151,-14231.520000000004,-0.3432133493080517]
[5640,"Injuries and Damages",{"$f":"'App.2-G_Detailed_OM&A_Expenses'!C94","v":18731.04},{"$f":"'App.2-G_Detailed_OM&A_Expenses'!E94","v":19165.920000000002},{"$f":"'App.2-G_Detailed_OM&A_Expenses'!H94","v":16116},-2615.0400000000009,-0.13960997360530969,-3049.9200000000019,-0.15913246011670723]
[5645,"OMERS Pensions and Benefits",{"$f":"'App.2-G_Detailed_OM&A_Expenses'!C95","v":0},{"$f":"'App.2-G_Detailed_OM&A_Expenses'!E95","v":0},{"$f":"'App.2-G_Detailed_OM&A_Expenses'!H95","v":0},0,"",0,""]
[5646,"Employee Pensions and OPEB",{"$f":"'App.2-G_Detailed_OM&A_Expenses'!C96","v":0},{"$f":"'App.2-G_Detailed_OM&A_Expenses'!E96","v":0},{"$f":"'App.2-G_Detailed_OM&A_Expenses'!H96","v":0},{"$f":"E105-C105","v":0},{"$f":"IF(C105=0,\"\",(E105/C105)-1)","v":""},{"$f":"E105-D105","v":0},{"$f":"IF(D105=0,\"\",(E105/D105)-1)","v":""}]
[5647,"Employee Sick Leave",{"$f":"'App.2-G_Detailed_OM&A_Expenses'!C97","v":0},{"$f":"'App.2-G_Detailed_OM&A_Expenses'!E97","v":0},{"$f":"'App.2-G_Detailed_OM&A_Expenses'!H97","v":0},{"$f":"E106-C106","v":0},{"$f":"IF(C106=0,\"\",(E106/C106)-1)","v":""},{"$f":"E106-D106","v":0},{"$f":"IF(D106=0,\"\",(E106/D106)-1)","v":""}]
[5650,"Franchise Requirements",{"$f":"'App.2-G_Detailed_OM&A_Expenses'!C98","v":0},{"$f":"'App.2-G_Detailed_OM&A_Expenses'!E98","v":0},{"$f":"'App.2-G_Detailed_OM&A_Expenses'!H98","v":0},0,"",0,""]
[5655,"Regulatory Expenses",{"$f":"'App.2-G_Detailed_OM&A_Expenses'!C99","v":39959.129999999997},{"$f":"'App.2-G_Detailed_OM&A_Expenses'!E99","v":62720.770000000004},{"$f":"'App.2-G_Detailed_OM&A_Expenses'!H99","v":100696.58773333333},60737.457733333336,1.5199894925973947,37975.81773333333,0.60547435456122956]
[5660,"General Advertising Expenses",{"$f":"'App.2-G_Detailed_OM&A_Expenses'!C100","v":0},{"$f":"'App.2-G_Detailed_OM&A_Expenses'!E100","v":0},{"$f":"'App.2-G_Detailed_OM&A_Expenses'!H100","v":0},0,"",0,""]
[5665,"Miscellaneous General Expenses",{"$f":"'App.2-G_Detailed_OM&A_Expenses'!C101","v":43586.22},{"$f":"'App.2-G_Detailed_OM&A_Expenses'!E101","v":45931.38},{"$f":"'App.2-G_Detailed_OM&A_Expenses'!H101","v":47124},3537.7799999999988,8.1167396484485232E-2,1192.6200000000026,2.5965255126233933E-2]
[5670,"Rent",{"$f":"'App.2-G_Detailed_OM&A_Expenses'!C102","v":0},{"$f":"'App.2-G_Detailed_OM&A_Expenses'!E102","v":0},{"$f":"'App.2-G_Detailed_OM&A_Expenses'!H102","v":0},{"$f":"E111-C111","v":0},{"$f":"IF(C111=0,\"\",(E111/C111)-1)","v":""},{"$f":"E111-D111","v":0},""]
[5672,"Lease Payment Charge",{"$f":"'App.2-G_Detailed_OM&A_Expenses'!C103","v":0},{"$f":"'App.2-G_Detailed_OM&A_Expenses'!E103","v":0},{"$f":"'App.2-G_Detailed_OM&A_Expenses'!H103","v":0},0,"",0]
[5675,"Maintenance of General Plant",{"$f":"'App.2-G_Detailed_OM&A_Expenses'!C104","v":83912.804884775556},{"$f":"'App.2-G_Detailed_OM&A_Expenses'!E104","v":142836.05139958829},{"$f":"'App.2-G_Detailed_OM&A_Expenses'!H104","v":128818.99089098648},44906.186006210919,0.53515296107517352,-14017.060508601819,-9.8133912070900498E-2]
[5680,"Electrical Safety Authority Fees",{"$f":"'App.2-G_Detailed_OM&A_Expenses'!C105","v":3859.68},{"$f":"'App.2-G_Detailed_OM&A_Expenses'!E105","v":5613.82},{"$f":"'App.2-G_Detailed_OM&A_Expenses'!H105","v":5202},1342.3200000000002,0.34778012684989434,-411.81999999999971,-7.3358248037877938E-2]
[5681,"Special Purpose Charge Expense",{"$f":"'App.2-G_Detailed_OM&A_Expenses'!C106","v":0},{"$f":"'App.2-G_Detailed_OM&A_Expenses'!E106","v":0},{"$f":"'App.2-G_Detailed_OM&A_Expenses'!H106","v":0},0,"",0]
[5685,"Independent Electricity System Operator Fees and Penalties",{"$f":"'App.2-G_Detailed_OM&A_Expenses'!C107","v":0},{"$f":"'App.2-G_Detailed_OM&A_Expenses'!E107","v":0},{"$f":"'App.2-G_Detailed_OM&A_Expenses'!H107","v":0},0,"",0,""]
[5695,"OM&A Contra Account",{"$f":"'App.2-G_Detailed_OM&A_Expenses'!C108","v":0},{"$f":"'App.2-G_Detailed_OM&A_Expenses'!E108","v":0},{"$f":"'App.2-G_Detailed_OM&A_Expenses'!H108","v":0},0,"",0,""]
[6205,"Donations",{"$f":"'App.2-G_Detailed_OM&A_Expenses'!C109","v":0},{"$f":"'App.2-G_Detailed_OM&A_Expenses'!E109","v":0},{"$f":"'App.2-G_Detailed_OM&A_Expenses'!H109","v":0},{"$f":"E118-C118","v":0},{"$f":"IF(C118=0,\"\",(E118/C118)-1)","v":""},{"$f":"E118-D118","v":0},{"$f":"IF(D118=0,\"\",(E118/D118)-1)","v":""}]
[6205,"Donations, Sub-account LEAP Funding",{"$f":"'App.2-G_Detailed_OM&A_Expenses'!C110","v":0},{"$f":"'App.2-G_Detailed_OM&A_Expenses'!E110","v":0},{"$f":"'App.2-G_Detailed_OM&A_Expenses'!H110","v":0},0,"",0,""]
["Total - Administrative and General Expenses",null,{"$f":"SUM(C96:C119)","v":689371.03488477552},{"$f":"SUM(D96:D119)","v":879149.89139958832},{"$f":"SUM(E96:E119)","v":1082072.5786243198},392701.54373954423,0.5696519346873663,202922.68722473143,0.23081693942051529]
["Total OM&A",null,{"$f":"C120+C91+C77+C64+C41","v":1788574.8099999996},{"$f":"D120+D91+D77+D64+D41","v":1791803.3800000001},{"$f":"E120+E91+E77+E64+E41","v":2477124.4037640356},688549.59376403596,0.38497108978295191,685321.02376403543,0.38247557260665244]
["Adjustments for non-recoverable items"]
[5681,"Special Purpose Charge Expense",null,null,null,{"$f":"E123-C123","v":0},{"$f":"IF(C123=0,\"\",(E123/C123)-1)","v":""},{"$f":"E123-D123","v":0},{"$f":"IF(D123=0,\"\",(E123/D123)-1)","v":""}]
[6205,"Donations1",null,null,null,{"$f":"E124-C124","v":0},"",{"$f":"E124-D124","v":0},""]
[null,null,null,null,null,{"$f":"E125-C125","v":0},"",{"$f":"E125-D125","v":0},""]
[null,null,null,null,null,{"$f":"E126-C126","v":0},"",{"$f":"E126-D126","v":0},""]
[null,null,null,null,null,{"$f":"E127-C127","v":0},"",{"$f":"E127-D127","v":0},""]
["Total Recoverable OM&A",null,{"$f":"C121-SUM(C123:C127)","v":1788574.8099999996},{"$f":"D121-SUM(D123:D127)","v":1791803.3800000001},{"$f":"E121-SUM(E123:E127)","v":2477124.4037640356},{"$f":"F121-SUM(F123:F127)","v":688549.59376403596},0.38497108978295191,{"$f":"H121-SUM(H123:H127)","v":685321.02376403543},0.38247557260665244]
[]
["1 Account 6205 - Donations is generally non-recoverable.  However, the sub-account LEAP funding of account 6205 is generally recoverable."]
[]
[]
["Note:"]
[]
[1,"If the applicant is adopting IFRS or an alternate accounting standard as of January 1, 2013 for financial reporting purposes, Column D \"Most Current Actual Year\" must be provided on CGAAP."]
[2,"If the applicant is adopting IFRS or an alternate accounting standard as of January 1, 2012 for financial reporting purposes, Column D \"Most Current Actual Year\" must be provided on that standard."]

{"sheet":"App.2-I_OM&A_Summary_Analys","index":19,"n_rows":59,"n_cols":14,"rows_kept":59,"cut":false,"hidden":false,"merged":[[61,1,62,5],[56,0,57,11],[8,0,8,6],[9,0,9,6],[12,7,12,8]]}
[null,null,null,null,null,null,null,null,null,null,"File Number:",{"$f":"'LDC Info'!$E$18","v":"EB-2012-0147"}]
[null,null,null,null,null,null,null,null,null,null,"Exhibit:",4]
[null,null,null,null,null,null,null,null,null,null,"Tab:",1]
[null,null,null,null,null,null,null,null,null,null,"Schedule:",1]
[null,null,null,null,null,null,null,null,null,null,"Page:","2  & 3 of 8"]
[]
[null,null,null,null,null,null,null,null,null,null,"Date:","2012-08-31"]
[]
["Appendix 2-I"]
["Summary of Recoverable OM&A Expenses"]
[]
[]
[null,{"$f":"\"Last Rebasing Year (\" & 'LDC Info'!E30 & \" BA)\"","v":"Last Rebasing Year (2009 BA)"},{"$f":"\"Last Rebasing Year (\" & 'LDC Info'!E30 & \" Actuals)\"","v":"Last Rebasing Year (2009 Actuals)"},{"$f":"'LDC Info'!E26 -2 & \" Actuals\"","v":"2010 Actuals"},{"$f":"'LDC Info'!E26 -1 & \" Actuals\"","v":"2011 Actuals"},{"$f":"'LDC Info'!E26 & \" Bridge Year\"","v":"2012 Bridge Year"},{"$f":"'LDC Info'!E28 & \" Test Year\"","v":"2013 Test Year"}]
["Reporting Basis","CGAAP","CGAAP","CGAAP","CGAAP","MIFRS","MIFRS",null,"Table 4.2.3"]
["Operations",455700,325787.26755583519,191621.045464439,228797.55612352741,349598.69930491899,374652.10398027184]
["Maintenance",353900,337863.44424132083,436383.35716397676,440147.82638098358,457389.33300163661,519567.97052328713]
["SubTotal",{"$f":"SUM(B15:B16)","v":809600},663650.71179715602,628004.40262841573,668945.38250451093,806988.03230655566,894220.07450355892]
["%Change (year over year)",null,null,{"$f":"IF(ISERROR((D17-C17)/C17), \"\", (D17-C17)/C17)","v":-5.371245526462351E-2},{"$f":"IF(ISERROR((E17-D17)/D17), \"\", (E17-D17)/D17)","v":6.5192186081408074E-2},{"$f":"IF(ISERROR((F17-E17)/E17), \"\", (F17-E17)/E17)","v":0.20635862570007929},{"$f":"IF(ISERROR((G17-F17)/F17), \"\", (G17-F17)/F17)","v":0.10809583129464041}]
["%Change (Test Year vs \nLast Rebasing Year - Actual)",null,null,null,null,null,{"$f":"IF(ISERROR((G17-C17)/C17), \"\", (G17-C17)/C17)","v":0.34742577474530928}]
["Billing and Collecting",435800,434237.55113845749,414278.48611495382,239979.94460026937,479685.94735014188,496702.93296886049]
["Community Relations",5600,1315.5121796108381,3900.0441105355367,3728.1614956313988,3527.3442314686404,4128.8176672965792]
["Administrative and General",814150,689371.03488477552,801673.66714609496,879149.89139958832,930198.63493538392,1082072.5786243198]
["SubTotal",{"$f":"SUM(B20:B22)","v":1255550},1124924.0982028439,1219852.1973715844,1122857.9974954892,1413411.9265169944,1582904.3292604769]
["%Change (year over year)",null,null,{"$f":"IF(ISERROR((D23-C23)/C23), \"\", (D23-C23)/C23)","v":8.4386225986620489E-2},{"$f":"IF(ISERROR((E23-D23)/D23), \"\", (E23-D23)/D23)","v":-7.9513075506269182E-2},{"$f":"IF(ISERROR((F23-E23)/E23), \"\", (F23-E23)/E23)","v":0.25876284416157652},{"$f":"IF(ISERROR((G23-F23)/F23), \"\", (G23-F23)/F23)","v":0.11991720146380452}]
["%Change (Test Year vs \nLast Rebasing Year - Actual)",null,null,null,null,null,{"$f":"IF(ISERROR((G23-C23)/C23), \"\", (G23-C23)/C23)","v":0.40712100646549659}]
["Total",{"$f":"SUM(B23,B17)","v":2065150},1788574.81,1847856.6,1791803.3800000001,2220399.95882355,2477124.4037640356]
["%Change (year over year)",null,null,{"$f":"IF(ISERROR((D26-C26)/C26), \"\", (D26-C26)/C26)","v":3.3144708104214014E-2},{"$f":"IF(ISERROR((E26-D26)/D26), \"\", (E26-D26)/D26)","v":-3.0334182858128694E-2},{"$f":"IF(ISERROR((F26-E26)/E26), \"\", (F26-E26)/E26)","v":0.23919844309231622},{"$f":"IF(ISERROR((G26-F26)/F26), \"\", (G26-F26)/F26)","v":0.11562081143097644}]
[]
[]
[null,{"$f":"B13","v":"Last Rebasing Year (2009 BA)"},"Last Rebasing Year (2009 Actuals)","2010 Actuals","2011 Actuals","2012 Bridge Year","2013 Test Year"]
["Operations",{"$f":"B15","v":455700},325787.26755583519,191621.045464439,228797.55612352741,349598.69930491899,374652.10398027184,null,"Table 4.2.2"]
["Maintenance",353900,337863.44424132083,436383.35716397676,440147.82638098358,457389.33300163661,519567.97052328713]
["Billing and Collecting",{"$f":"B20","v":435800},434237.55113845749,414278.48611495382,239979.94460026937,479685.94735014188,496702.93296886049]
["Community Relations",5600,1315.5121796108381,3900.0441105355367,3728.1614956313988,3527.3442314686404,4128.8176672965792]
["Administrative and General",814150,689371.03488477552,801673.66714609496,879149.89139958832,930198.63493538392,1082072.5786243198]
["Total",{"$f":"SUM(B31:B35)","v":2065150},1788574.8099999998,1847856.6,1791803.3800000001,2220399.95882355,2477124.4037640356]
["%Change (year over year)",null,null,{"$f":"IF(ISERROR((D36-C36)/C36), \"\", (D36-C36)/C36)","v":3.3144708104214146E-2},{"$f":"IF(ISERROR((E36-D36)/D36), \"\", (E36-D36)/D36)","v":-3.0334182858128694E-2},{"$f":"IF(ISERROR((F36-E36)/E36), \"\", (F36-E36)/E36)","v":0.23919844309231622},{"$f":"IF(ISERROR((G36-F36)/F36), \"\", (G36-F36)/F36)","v":0.11562081143097644}]
[]
[]
[null,{"$f":"B13","v":"Last Rebasing Year (2009 BA)"},{"$f":"C13","v":"Last Rebasing Year (2009 Actuals)"},{"$f":"\"Variance \" & 'LDC Info'!E30 & \"  BA – \" & 'LDC Info'!E30 & \" Actuals\"","v":"Variance 2009  BA – 2009 Actuals"},{"$f":"D13","v":"2010 Actuals"},{"$f":"\"Variance \" & 'LDC Info'!E26 -2 & \" Actuals vs. \" &  'LDC Info'!E30 & \" Actuals\"","v":"Variance 2010 Actuals vs. 2009 Actuals"},{"$f":"E13","v":"2011 Actuals"},{"$f":"\"Variance \" & 'LDC Info'!E26 -1 & \" Actuals vs. \" &  'LDC Info'!E26-2 & \" Actuals\"","v":"Variance 2011 Actuals vs. 2010 Actuals"},{"$f":"F13","v":"2012 Bridge Year"},{"$f":"\"Variance \" & 'LDC Info'!E26 & \" Bridge vs. \" & 'LDC Info'!E26 -1 & \" Actuals\"","v":"Variance 2012 Bridge vs. 2011 Actuals"},{"$f":"G13","v":"2013 Test Year"},{"$f":"\"Variance \" & 'LDC Info'!E28 & \" Test vs. \" & 'LDC Info'!E26 & \" Bridge\"","v":"Variance 2013 Test vs. 2012 Bridge"}]
["Operations",{"$f":"B15","v":455700},{"$f":"C15","v":325787.26755583519},{"$f":"B41-C41","v":129912.73244416481},{"$f":"D15","v":191621.045464439},{"$f":"E41-C41","v":-134166.22209139619},{"$f":"E15","v":228797.55612352741},{"$f":"G41-E41","v":37176.51065908841},{"$f":"F15","v":349598.69930491899},{"$f":"I41-G41","v":120801.14318139158},{"$f":"G15","v":374652.10398027184},{"$f":"K41-I41","v":25053.404675352853},null,"Table 4.2.4"]
["Maintenance ",{"$f":"B16","v":353900},{"$f":"C16","v":337863.44424132083},{"$f":"B42-C42","v":16036.555758679169},{"$f":"D16","v":436383.35716397676},{"$f":"E42-C42","v":98519.912922655931},{"$f":"E16","v":440147.82638098358},{"$f":"G42-E42","v":3764.4692170068156},{"$f":"F16","v":457389.33300163661},17241.506620653032,{"$f":"G16","v":519567.97052328713},62178.637521650526]
["Billing and Collecting ",{"$f":"B20","v":435800},434237.55113845749,{"$f":"B43-C43","v":1562.4488615425071},{"$f":"D20","v":414278.48611495382},{"$f":"E43-C43","v":-19959.065023503674},{"$f":"E20","v":239979.94460026937},-174298.54151468445,{"$f":"F20","v":479685.94735014188},239706.00274987251,{"$f":"G20","v":496702.93296886049},17016.985618718609]
["Community Relations ",5600,1315.5121796108381,{"$f":"B44-C44","v":4284.4878203891622},{"$f":"D21","v":3900.0441105355367},{"$f":"E44-C44","v":2584.5319309246988},{"$f":"E21","v":3728.1614956313988},-171.88261490413788,{"$f":"F21","v":3527.3442314686404},-200.81726416275842,{"$f":"G21","v":4128.8176672965792},601.47343582793883]
["Administrative and General ",814150,689371.03488477552,{"$f":"B45-C45","v":124778.96511522448},{"$f":"D22","v":801673.66714609496},{"$f":"E45-C45","v":112302.63226131944},{"$f":"E22","v":879149.89139958832},77476.224253493361,{"$f":"F22","v":930198.63493538392},51048.743535795598,{"$f":"G22","v":1082072.5786243198},151873.94368893583]
["Total OM&A Expenses ",{"$f":"SUM(B41:B45)","v":2065150},{"$f":"SUM(C41:C45)","v":1788574.8099999998},276575.19000000012,1847856.6,59281.790000000197,1791803.3800000001,-56053.22,2220399.95882355,428596.57882354996,2477124.4037640356,256724.44494048576]
["Variance from previous year ",null,null,null,{"$f":"E46-C46","v":59281.79000000027},null,{"$f":"G46-E46","v":-56053.219999999972},null,{"$f":"I46-G46","v":428596.57882354991},null,{"$f":"K46-I46","v":256724.44494048553}]
["Percent change (year over year) ",null,null,null,{"$f":"IF(ISERROR(E47/C46), \"\", E47/C46)","v":3.3144708104214146E-2},null,{"$f":"IF(ISERROR(G47/E46), \"\", G47/E46)","v":-3.0334182858128694E-2},null,{"$f":"IF(ISERROR(I47/G46), \"\", I47/G46)","v":0.23919844309231622},null,{"$f":"IF(ISERROR(K47/I46), \"\", K47/I46)","v":0.11562081143097644}]
["Percent Change:                                                    Test year vs. Most Current Actual ",null,null,null,null,null,null,null,null,null,{"$f":"IF(ISERROR((K46-G46)/G46), \"\", (K46-G46)/G46)","v":0.38247557260665249}]
["Simple average of % variance for all years",null,null,null,null,null,null,null,null,null,{"$f":"IF(ISERROR((K46-C46)/C46), \"\", (K46-C46)/C46)/4","v":9.6242772445737923E-2},{"$f":"IF(ISERROR(AVERAGE(E48,G48,I48,K48)), \"\", AVERAGE(E48,G48,I48,K48))","v":8.9407444942344538E-2}]
["Compound Annual Growth Rate for all years",null,null,null,null,null,{"$f":"IF(ISERROR((K47-C47)/C47), \"\", (K47-C47)/C47)","v":""},null,null,null,null,{"$f":"((K46/C46)^(1/4))-1","v":8.4826228829131045E-2}]
[{"$f":"\"Compound Growth Rate                                                            (\" & E13 & \" vs. \" & 'LDC Info'!E30 & \" Actuals)\"","v":"Compound Growth Rate                                                            (2011 Actuals vs. 2009 Actuals)"},null,null,null,null,null,{"$f":"IF(ISERROR((G46/C46)^(1/(2010-2008)) - 1), \"\", (G46-C46)/C46)","v":1.8051076096729207E-3}]
[]
["Note:"]
[]
["1     \"BA\" = Board-Approved"]
["2     If it has been more than three years since the applicant last filed a cost of service application, additional years of historical actuals should be incorporated into the table, as necessary, to go back to the last cost of service application.  If the applicant last filed a cost of service application less than three years ago, a minimum of three years of actual information is required."]
[]
["3     Recoverable OM&A that is included on these tables should be identical to the recoverable OM&A that is shown for the corresponding periods on Appendix 2-H."]

{"sheet":"App.2-J_OM&A_Cost _Drivers","index":20,"n_rows":43,"n_cols":10,"rows_kept":43,"cut":false,"hidden":false,"merged":[[9,0,9,6],[10,0,10,6],[38,1,41,6],[42,1,43,6]]}
[null,null,null,null,null,"File Number:",{"$f":"'LDC Info'!$E$18","v":"EB-2012-0147"}]
[null,null,null,null,null,"Exhibit:",4]
[null,null,null,null,null,"Tab:",2]
[null,null,null,null,null,"Schedule:",3]
[null,null,null,null,null,"Page:","1 of 26"]
[]
[null,null,null,null,null,"Date:","2012-08-31"]
[]
[]
["Appendix 2-J"]
["OM&A Cost Driver Table"]
[]
["OM&A",{"$f":"\"Last Rebasing Year (\" & 'LDC Info'!E30 & \" Actuals)\"","v":"Last Rebasing Year (2009 Actuals)"},"2009 Actuals",{"$f":"'LDC Info'!E26 -2 & \" Actuals\"","v":"2010 Actuals"},{"$f":"'LDC Info'!E26 -1 & \" Actuals\"","v":"2011 Actuals"},{"$f":"'LDC Info'!E26 & \" Bridge Year\"","v":"2012 Bridge Year"},{"$f":"'LDC Info'!E28 & \" Test Year\"","v":"2013 Test Year"}]
["Reporting Basis","CGAAP",null,"CGAAP","CGAAP","MIFRS","MIFRS",null,null,"Table 4.2.12"]
["Opening Balance",{"$f":"'App.2-I_OM&A_Summary_Analys'!B26","v":2065150},{"$f":"B32","v":1788574.3599999994},{"$f":"IF(ISERROR(FIND(\"2008\", $B$13)), B32, C32)","v":1788574.3599999994},{"$f":"D32","v":1847856.5999999996},{"$f":"E32","v":1791802.3799999997},{"$f":"F32","v":2220399.6188235483}]
["Wages - Year over Year Changes",-65353.510000000126,null,-30262.819999999716,120151.76999999984,95870.131826462515,143063.30135096511]
["Wages - WSIB Reimbursement",-38490,null,-25765]
["Smart Meter - Wages & Benefits",null,null,null,13052.915999999997,26447.084000000003,14503.415999999997]
["IFRS - Wages & Benefits",null,null,null,null,null,39029.5]
["Benefits - Year over Year Changes",-78234.11,null,-908.97000000001208,12606.734000000026,29994.34599999999,44651.144]
["Wage/Benefit Accrual - One Time Adjustment",83770.810000000041,null,-83770.810000000041]
["Retiree Benefit Accrual - One Time Adjustment",-47325,null,47325]
["Burden - Third Party Expenses ",-66435.430000000008,null,152730.36000000002,-26365.32,30050.39]
[]
["Outside Services",-38191.69]
["Bad Debts ",null,null,null,-168094.49,113094.49]
["Manual Meter Reading Expenses",null,null,-21746.010000000002,-33229.4]
["Smart Meter TOU Metering Expenses",null,null,null,null,104859.66]
["Smart Meter Third Party Training Expenses",null,null,null,9000,{"$f":"(12000-9000)","v":3000}]
["All Other Expenses",-26316.710000000407,null,21680.489999999965,16823.570000000407,25281.136997086443,15477.083589521149]
[]
["Closing Balance",{"$f":"SUM(B15:B31)","v":1788574.3599999994},1788574.3599999994,1847856.5999999996,1791802.3799999997,2220399.6188235483,2477124.0637640348]
[]
["Notes:"]
[]
[1,"For each year, a detailed explanation for each cost driver and associated amount is"]
[null,"required."]
[2,"The closing balance for each year becomes the opening balance for the next year."]
[3,"If it has been more than three years since the applicant last filed a cost of service application, additional years of historical actuals should be incorporated into the table, as necessary, to go back to the last cost of service application.  If the applicant last filed a cost of service application less than three years ago, a minimum of three years of actual information is required."]
[]
[]
[]
[4,"Opening Balance for \"Last Rebasing Year\" (cell B15) should be equal to the Board-Approved amount."]

{"sheet":"App.2-K_Employee Costs","index":21,"n_rows":72,"n_cols":9,"rows_kept":72,"cut":false,"hidden":false,"merged":[[29,0,29,6],[33,0,33,6],[9,0,9,6],[53,0,53,6],[57,0,57,6],[37,0,37,6],[41,0,41,6],[45,0,45,6],[49,0,49,6],[8,0,8,6],[13,0,13,6],[17,0,17,6],[21,0,21,6],[25,0,25,6]]}
[null,null,null,null,null,"File Number:",{"$f":"'LDC Info'!$E$18","v":"EB-2012-0147"}]
[null,null,null,null,null,"Exhibit:",4]
[null,null,null,null,null,"Tab:",2]
[null,null,null,null,null,"Schedule:",4]
[null,null,null,null,null,"Page:","3 of 13"]
[]
[null,null,null,null,null,"Date:","2012-08-31"]
[]
["Appendix 2-K"]
["Employee Costs"]
[]
[null,{"$f":"\"Last Rebasing Year (\" & 'LDC Info'!E30 & \" Board-Approved)\"","v":"Last Rebasing Year (2009 Board-Approved)"},{"$f":"\"Last Rebasing Year (\" & 'LDC Info'!E30 & \" Actuals)\"","v":"Last Rebasing Year (2009 Actuals)"},{"$f":"'LDC Info'!E26 -2 & \" Actuals\"","v":"2010 Actuals"},{"$f":"'LDC Info'!E26 -1 & \" Actuals\"","v":"2011 Actuals"},{"$f":"'LDC Info'!E26 & \" Bridge Year\"","v":"2012 Bridge Year"},{"$f":"'LDC Info'!E28 & \" Test Year\"","v":"2013 Test Year"}]
["Reporting Basis","CGAAP","CGAAP","CGAAP","CGAAP","CGAAP","MIFRS",null,"Table 4.2.21"]
["Number of Employees (FTEs including Part-Time)1"]
["Management",6,6.5,7.2738095238095237,6.2511904761904757,7.16,8.16]
["Union",10,9,9.5,9,9,10]
["Total",{"$f":"SUM(B15:B16)","v":16},15.5,16.773809523809526,15.251190476190477,16.16,18.16]
["Number of Part-Time Employees"]
["Management",2,1,1,2,1,1]
["Union"]
["Total",{"$f":"SUM(B19:B20)","v":2},1,1,2,1,1]
["Total Salary and Wages"]
["Management",448400,519400.99000000005,407086.88999999996,463469.32999999996,555600,642600]
["Union",616600,524441.94999999995,570594.97,615827.41,612400,708300]
["Total",{"$f":"SUM(B23:B24)","v":1065000},1043842.94,977681.85999999987,1079296.74,1168000,1350900]
["Current Benefits"]
["Management",121475,84870.51,80321.64,101836.29000000001,136150,162886]
["Union",165198,133498.1,147061.29,160244.41999999998,158500,187749]
["Total",{"$f":"SUM(B27:B28)","v":286673},218368.61,227382.93,262080.71,294650,350635]
["Accrued Pension and Post-Retirement Benefits"]
["Management",4000,-15641.204000000002,1873.596,1790.8080000000002,1703.2,1611.2]
["Union",7700,-23461.806,2810.3939999999998,2686.212,2554.7999999999997,2416.7999999999997]
["Total",{"$f":"SUM(B31:B32)","v":11700},-39103.01,4683.99,4477.0200000000004,4258,4028]
["Total Benefits (Current + Accrued)"]
["Management",{"$f":"B27+B31","v":125475},69229.305999999997,82195.236000000004,103627.09800000001,137853.20000000001,164497.20000000001]
["Union",172898,110036.29400000001,149871.68400000001,162930.63199999998,161054.79999999999,190165.8]
["Total",298373,179265.59999999998,232066.91999999998,266557.73,298908,354663]
["Total Compensation (Salary, Wages, & Benefits)"]
["Management",{"$f":"B23+B35","v":573875},588630.29600000009,489282.12599999993,567096.42799999996,693453.2,807097.2]
["Union",789498,634478.24399999995,720466.65399999998,778758.04200000002,773454.8,898465.8]
["Total",1363373,1223108.54,1209748.7799999998,1345854.47,1466908,1705563]
["Compensation - Average Yearly Base Wages"]
["Management",70566.666666666672,79907.844615384616,55966.119083469719,74140.970710340887,77597.765363128492,78750]
["Union",58350,53454.53666666666,53436.782105263155,60774.35333333334,64488.888888888891,67534]
["Total",{"$f":"B43+B44","v":128916.66666666667},133362.38128205127,109402.90118873288,134915.32404367422,142086.65425201738,146284]
["Compensation - Average Yearly Overtime"]
["Management"]
["Union",3310,4335.1119999999992,6625.8463157894721,7650.9144444444437,3555.5555555555557,3296]
["Total",{"$f":"B47+B48","v":3310},4335.1119999999992,6625.8463157894721,7650.9144444444437,3555.5555555555557,3296]
["Compensation - Average Yearly Incentive Pay"]
["Management",4166.666666666667,8333.3333333333339]
["Union"]
["Total",{"$f":"B51+B52","v":4166.666666666667},{"$f":"C51+C52","v":8333.3333333333339}]
["Compensation - Average Yearly Benefits"]
["Management",15684.375,10650.662461538461,11300.163378068741,16577.17812226243,19253.24022346369,20158.970588235294]
["Union",17289.8,11003.629400000002,14987.1684,16293.063199999999,16105.48,19016.579999999998]
["Total",{"$f":"B55+B56","v":32974.175000000003},21654.291861538462,26287.331778068743,32870.241322262431,35358.720223463693,39175.550588235288]
[]
["Total Compensation",{"$f":"SUM(B39:B40)","v":1363373},1223108.54,1209748.7799999998,1345854.47,1466908,1705563]
["Total Compensation Capitalized (CGAAP)",273689,137886.9600000002,169944.25999999972,197463.02999999988,164708.42817353737]
["Total Compensation Charged to Varance Accounts",null,2137.5,32357.190000000002,27228.839999999997,35150]
["Total Compensation Charged to OM&A (CGAAP)",{"$f":"B59-B60","v":1089684},{"$f":"C59-C60-C61","v":1083084.0799999998},{"$f":"D59-D60-D61","v":1007447.3300000001},{"$f":"E59-E60-E61","v":1121162.6000000001},{"$f":"F59-F60-F61","v":1267049.5718264626}]
[]
["Total Compensation Capitalized  (MIFRS)",null,null,null,{"$f":"E60","v":197463.02999999988},{"$f":"F60","v":164708.42817353737},196800]
["Total Compensation Charged to Variance Accounts",null,null,null,{"$f":"E61","v":27228.839999999997},{"$f":"F61","v":35150}]
["Total Compensation Charged to OM&A (MIFRS)",null,null,null,{"$f":"E59-E64-E65","v":1121162.6000000001},{"$f":"F59-F64-F65","v":1267049.5718264626},{"$f":"G59-G64-G65","v":1508763}]
[]
[]
["1 If an applicant wishes to use headcount, it must also file the same schedule on an FTE basis."]
[]
["Note:"]
["1   Please report compensation on a CGAAP and MIFRS basis for your transition year."]

{"sheet":"App.2-L_OM&A_per_Cust_FTEE","index":22,"n_rows":29,"n_cols":8,"rows_kept":29,"cut":false,"hidden":false,"merged":[[8,0,8,7],[9,0,9,7],[28,1,29,6],[22,1,25,6],[26,1,26,6],[27,1,27,6],[15,0,15,1],[16,0,16,1],[17,0,17,1],[18,0,18,1],[13,0,13,1],[14,0,14,1],[12,0,12,1]]}
[null,null,null,null,null,null,"File Number:",{"$f":"'LDC Info'!$E$18","v":"EB-2012-0147"}]
[null,null,null,null,null,null,"Exhibit:",4]
[null,null,null,null,null,null,"Tab:",1]
[null,null,null,null,null,null,"Schedule:",1]
[null,null,null,null,null,null,"Page:","4 of 8"]
[]
[null,null,null,"Table 4.2.5",null,null,"Date:","2012-08-31"]
[]
["Appendix 2-L"]
["Recoverable OM&A Cost per Customer and per FTEE"]
[]
[null,null,{"$f":"\"Last Rebasing Year (\" & 'LDC Info'!E30 & \" Board-Approved)\"","v":"Last Rebasing Year (2009 Board-Approved)"},{"$f":"\"Last Rebasing Year (\" & 'LDC Info'!E30 & \" Actuals)\"","v":"Last Rebasing Year (2009 Actuals)"},{"$f":"'LDC Info'!E26 -2 & \" Actuals\"","v":"2010 Actuals"},{"$f":"'LDC Info'!E26 -1 & \" Actuals\"","v":"2011 Actuals"},{"$f":"'LDC Info'!E26 & \" Bridge Year\"","v":"2012 Bridge Year"},{"$f":"'LDC Info'!E28 & \" Test Year\"","v":"2013 Test Year"}]
["Reporting Basis",null,"CGAAP","CGAAP","CGAAP","CGAAP","CGAAP","MIFRS"]
["Number of Customers",null,6850,6862,6905,6938,7017.5499307022574,7098.0354599160792]
["Total Recoverable OM&A from Appendix 2-I",null,{"$f":"'App.2-I_OM&A_Summary_Analys'!B36","v":2065150},{"$f":"'App.2-I_OM&A_Summary_Analys'!C36","v":1788574.8099999998},{"$f":"'App.2-I_OM&A_Summary_Analys'!D36","v":1847856.6},{"$f":"'App.2-I_OM&A_Summary_Analys'!E36","v":1791803.3800000001},{"$f":"'App.2-I_OM&A_Summary_Analys'!F36","v":2220399.95882355},{"$f":"'App.2-I_OM&A_Summary_Analys'!G36","v":2477124.4037640356}]
["OM&A cost per customer",null,{"$f":"IF(C14=0,\"\",C15/C14)","v":301.48175182481754},260.64919994170793,267.61138305575673,258.25935139809746,316.40672040096922,348.98732441572258]
["Number of FTEEs",null,16,15.5,16.773809523809526,15.251190476190477,16.16,18.16]
["Customers/FTEEs",null,{"$f":"IF(C17=0,\"\",C14/C17)","v":428.125},442.70967741935482,411.65365507452088,454.91530715791117,434.25432739494164,390.86098347555503]
["OM&A Cost per FTEE",null,{"$f":"IF(C17=0,\"\",C15/C17)","v":129071.875},115391.92322580644,110163.20397444996,117486.13216766842,137400.98755096225,136405.52884163192]
[]
["Notes:"]
[]
[1,"If it has been more than three years since the applicant last filed a cost of service application, additional years of historical actuals should be incorporated into the table, as necessary, to go back to the last cost of service application.  If the applicant last filed a cost of service application less than three years ago, a minimum of three years of actual information is required."]
[]
[]
[]
[2,"The method of calculating the number of customers must be identified."]
[3,"The method of calculating the number of FTEEs must be identified.  See also Appendix 2-K"]
[4,"The number of customers and the number of FTEEs should correspond to mid-year or average of January 1 and December 31 figures."]

{"sheet":"App.2-M_Regulatory_Costs","index":23,"n_rows":41,"n_cols":11,"rows_kept":41,"cut":false,"hidden":false,"merged":[[12,0,12,1],[13,0,13,1],[8,0,8,10],[9,0,9,10]]}
[null,null,null,null,null,null,null,null,null,"File Number:",{"$f":"'LDC Info'!$E$18","v":"EB-2012-0147"}]
[null,null,null,null,null,null,null,null,null,"Exhibit:",4]
[null,null,null,null,null,null,null,null,null,"Tab:",1]
[null,null,null,null,null,null,null,null,null,"Schedule:",1]
[null,null,null,null,null,null,null,null,null,"Page:","7 of 8"]
[]
[null,null,null,null,"Table 4.2.6",null,null,null,null,"Date:","2012-08-31"]
[]
["Appendix 2-M"]
["Regulatory Cost Schedule"]
[]
[]
["Regulatory Cost Category",null,"USoA Account","USoA Account Balance","Ongoing or One-time Cost? 2",{"$f":"\"Last Rebasing Year (\" & 'LDC Info'!E30 & \" Board Approved)\"","v":"Last Rebasing Year (2009 Board Approved)"},"Most Current Actuals               Year 2011",{"$f":"'LDC Info'!E26 & \" Bridge Year\"","v":"2012 Bridge Year"},"Annual % Change",{"$f":"'LDC Info'!E28 & \" Test Year\"","v":"2013 Test Year"},"Annual % Change"]
["(A)",null,"(B)","(C )","(D)","(E)","(F)","(G)","(H) = [(G)-(F)]/(F)","(I)","(J) = [(I)-(G)]/(G)"]
[1,"OEB Annual Assessment",5655,null,"On-Going",19829,21363.989999999998,23302.720000000001,{"$f":"IF(G15=0,\"\",(H15-G15)/G15)","v":9.0747561668021906E-2},23768.774400000002,{"$f":"IF(H15=0,\"\",(J15-H15)/H15)","v":2.0000000000000039E-2}]
[2,"OEB Section 30 Costs (Applicant-originated)",null,null,null,0,0,0,{"$f":"IF(G16=0,\"\",(H16-G16)/G16)","v":""},0,{"$f":"IF(H16=0,\"\",(J16-H16)/H16)","v":""}]
[3,"OEB Section 30 Costs (OEB-initiated)",5655,null,"On-Going",236.4,935.72,900,-3.8173812679006568E-2,918,0.02]
[4,"Expert Witness costs for regulatory matters",null,null,null,0,0,0,"",0,""]
[5,"Legal/Consulting/Intervenor costs for 2013 COS",5665,null,"On-Time",0,0,0,"",50000,""]
[6,"Legal/audit/Consultants' costs for regulatory matters - IRM",5655,null,"On-Going",19893.73,31939.017499999998,36367.157500000001,0.13864358851990369,10000,-0.72502662601551959]
[7,"Operating expenses associated with staff resources allocated to regulatory matters",5655,null,null,null,null,null,"",null,""]
[8,"Legal/Audit Costs - IRM",5655,null,"On-Going",0,null,0,"",0,""]
[9,"Other regulatory agency fees or assessments",5665,null,"On-Going",0,800,824,0.03,840.48,2.0000000000000021E-2]
[10,"Any other costs for regulatory matters (please define) OCEB reporting to OEB",5665,null,"On-Going",0,1875,1800,-0.04,1836,0.02]
[11,"Intervenor costs",5655,null,"On-Going",0,5807,5321.08,-8.3678319269846743E-2,0,-1]
[12,"Sub-total - Ongoing Costs 3",null,{"$f":"SUMIF($E15:$E25,$E11,D15:D25)","v":0},null,{"$f":"+F25+F24+F23+F20+F17+F15+F22","v":39959.130000000005},{"$f":"+G25+G24+G23+G20+G17+G15+G22","v":62720.727500000001},68514.957500000004,9.2381422074544708E-2,37363.254400000005,-0.45467010761847143]
[13,"Sub-total - One-time Costs 4",null,{"$f":"SUMIF($E15:$E25,$E12,D15:D25)","v":0},null,{"$f":"+F19","v":0},{"$f":"+G19","v":0},0,"",{"$f":"+J19","v":50000},""]
[14,"Total",null,{"$f":"D26+D27","v":0},null,{"$f":"F26+F27","v":39959.130000000005},{"$f":"G26+G27","v":62720.727500000001},{"$f":"H26+H27","v":68514.957500000004},9.2381422074544708E-2,{"$f":"J26+J27","v":87363.254400000005},0.27509754931979635]
[]
[]
["1","Please identify the resources involved."]
["2","Where a category's costs include both one-time and ongoing costs, the applicant should prove a separate breakdown between one-time and ongoing costs."]
["3","Sum of all ongoing costs identified in rows 1 to 11 inclusive."]
["4","Sum of all one-time costs identified in rows 1 to 11 inclusive."]
[]
[]
["Please fill out the following table for all one-time costs related to this cost of service application"]
[]
[null,null,"Historical Year(s)",{"$f":"H13","v":"2012 Bridge Year"},{"$f":"J13","v":"2013 Test Year"},"Total Costs","Cost/4 yrs"]
[{"$f":"+A19","v":5},{"$f":"+B19","v":"Legal/Consulting/Intervenor costs for 2013 COS"},null,0,{"$f":"+J19*4","v":200000},{"$f":"SUM(D40:E40)","v":200000},{"$f":"+F40/4","v":50000}]
[null,"Total Cost",null,{"$f":"SUM(D40:D40)","v":0},{"$f":"SUM(E40:E40)","v":200000},{"$f":"SUM(F40:F40)","v":200000},{"$f":"SUM(G40:G40)","v":50000}]

{"sheet":"App.2-N_Corp_Cost_Allocation","index":24,"n_rows":43,"n_cols":7,"rows_kept":43,"cut":false,"hidden":false,"merged":[[13,0,13,5],[8,0,8,5],[9,0,9,5],[42,1,43,5],[16,0,17,0],[16,1,17,1],[15,2,17,2],[15,3,17,3],[15,0,15,1],[15,4,16,4],[15,5,16,5],[15,6,16,6],[29,0,29,1],[29,2,31,2],[29,3,31,3],[29,5,30,5],[29,4,30,4],[30,0,31,0],[30,1,31,1],[27,0,27,5]]}
[null,null,null,null,null,"File Number:",{"$f":"'LDC Info'!$E$18","v":"EB-2012-0147"}]
[null,null,null,null,null,"Exhibit:"]
[null,null,null,null,null,"Tab:"]
[null,null,null,null,null,"Schedule:"]
[null,null,null,null,null,"Page:"]
[]
["MIDLAND DOES NOT HAVE SHARED SERVICES"]
[]
["Appendix 2-N"]
["Shared Services and Corporate Cost Allocation"]
[]
[null,"Year:"]
[]
["Shared Services"]
[]
["Name of Company",null,"Service Offered","Pricing Methdology","Price for the Service","Cost for the Service"]
["From","To"]
[null,null,null,null,"$","$"]
[]
[]
[]
[]
[]
[]
[]
[]
[]
["Corporate Cost Allocation"]
[]
["Name of Company",null,"Service Offered","Pricing Methdology","% of Corporate Costs Allocated","Amount Allocated"]
["From","To"]
[null,null,null,null,"%","$"]
["eg: parent company","eg: regulated entity"]
[]
[]
[]
[]
[]
[]
[]
[]
["Note: "]
[1,"This appendix must be completed in relation to each service provided or received for the Historical (actuals), Bridge and Test years."]

{"sheet":"App.2-OA Capital Structure","index":25,"n_rows":122,"n_cols":15,"rows_kept":122,"cut":false,"hidden":false,"merged":[[9,2,9,14],[10,2,10,14],[14,0,15,0],[15,4,15,8],[18,2,18,14],[127,2,127,14],[12,0,12,14],[121,2,121,14],[122,2,122,14],[123,2,123,14],[124,2,124,14],[125,2,125,14],[126,2,126,14],[120,0,120,14],[35,0,36,0],[36,4,36,8],[39,2,39,14],[56,0,57,0],[57,4,57,8],[104,2,104,14],[60,2,60,14],[78,0,79,0],[79,4,79,8],[82,2,82,14],[100,0,101,0],[101,4,101,8]]}
[null,null,null,null,null,null,null,null,null,null,"File Number:",null,null,null,{"$f":"'LDC Info'!$E$18","v":"EB-2012-0147"}]
[null,null,null,null,null,null,null,null,null,null,"Exhibit:",null,null,null,5]
[null,null,null,null,null,null,null,null,null,null,"Tab:",null,null,null,1]
[null,null,null,null,null,null,null,null,null,null,"Schedule:",null,null,null,2]
[null,null,null,null,null,null,null,null,null,null,"Page:",null,null,null,"1 & 2 of 4"]
[]
[null,null,null,null,null,null,null,null,null,null,"Date:",null,null,null,"2012-08-31"]
[null,null,null,null,null,null,null,null,"Table 5.1.1"]
[]
[null,null,"Appendix 2-OA"]
[null,null,"Capital Structure and Cost of Capital"]
[]
["This table must be completed for the required years of all historical years, the bridge year and the test year."]
[null,null,null,null,null,null,null,null,2009]
["Line No."]
[null,null,"Particulars",null,"Capitalization Ratio",null,null,null,null,null,"Cost Rate",null,null,null,"Return"]
[]
[]
[null,null,"Application"]
[null,null,null,null,"(%)",null,null,null,"($)",null,"(%)",null,null,null,"($)"]
[null,null,"Debt"]
[1,null,"  Long-term Debt",null,0.52669999999999995,null,null,null,{"$f":"$I$31*E22","v":5746697.7141500507},null,4.6399999999999997E-2,null,null,null,{"$f":"K22*I22","v":266646.77393656236}]
[2,null,"  Short-term Debt",null,0.04,null,"(1)",null,{"$f":"$I$31*E23","v":436430.43206000008},null,1.3299999999999999E-2,null,null,null,{"$f":"K23*I23","v":5804.5247463980004}]
[3,null,"Total Debt",null,{"$f":"SUM(E22:E23)","v":0.56669999999999998},null,null,null,{"$f":"SUM(I22:I23)","v":6183128.1462100511},null,{"$f":"IF(E24=0,0,SUMPRODUCT(E22:E23,K22:K23)/E24)","v":4.4063666843126868E-2},null,null,null,{"$f":"SUM(O22:O23)","v":272451.29868296033}]
[]
[null,null,"Equity"]
[4,null,"  Common Equity",null,0.43330000000000002,null,null,null,{"$f":"$I$31*E27","v":4727632.6552899508},null,8.0100000000000005E-2,null,null,null,{"$f":"K27*I27","v":378683.37568872509}]
[5,null,"  Preferred Shares",null,0,null,null,null,{"$f":"$I$31*E28","v":0},null,null,null,null,null,{"$f":"K28*I28","v":0}]
[6,null,"Total Equity",null,{"$f":"SUM(E27:E28)","v":0.43330000000000002},null,null,null,{"$f":"SUM(I27:I28)","v":4727632.6552899508},null,{"$f":"IF(E29=0,0,SUMPRODUCT(E27:E28,K27:K28)/E29)","v":8.0100000000000005E-2},null,null,null,{"$f":"SUM(O27:O28)","v":378683.37568872509}]
[]
[7,null,"Total",null,1,null,null,null,10910760.801500002,null,6.3299999999999995E-2,null,null,null,{"$f":"O24+O29","v":651134.67437168537}]
[]
[]
[]
[]
["Line No.",null,null,null,null,null,null,null,2010]
[null,null,"Particulars",null,"Capitalization Ratio",null,null,null,null,null,"Cost Rate",null,null,null,"Return"]
[]
[]
[null,null,"Application"]
[null,null,null,null,"(%)",null,null,null,"($)",null,"(%)",null,null,null,"($)"]
[null,null,"Debt"]
[1,null,"  Long-term Debt",null,0.56000000000000005,null,null,null,{"$f":"$I$52*E43","v":7007492.5972799994},null,4.6399999999999997E-2,null,null,null,{"$f":"K43*I43","v":325147.65651379194}]
[2,null,"  Short-term Debt",null,0.04,null,"(1)",null,{"$f":"$I$52*E44","v":500535.18551999994},null,1.3299999999999999E-2,null,null,null,{"$f":"K44*I44","v":6657.1179674159985}]
[3,null,"Total Debt",null,{"$f":"SUM(E43:E44)","v":0.60000000000000009},null,null,null,{"$f":"SUM(I43:I44)","v":7508027.7827999992},null,{"$f":"IF(E45=0,0,SUMPRODUCT(E43:E44,K43:K44)/E45)","v":4.4193333333333328E-2},null,null,null,{"$f":"SUM(O43:O44)","v":331804.77448120795}]
[]
[null,null,"Equity"]
[4,null,"  Common Equity",null,0.4,null,null,null,{"$f":"$I$52*E48","v":5005351.8551999992},null,8.0100000000000005E-2,null,null,null,{"$f":"K48*I48","v":400928.68360151997}]
[5,null,"  Preferred Shares",null,0,null,null,null,{"$f":"$I$31*E49","v":0},null,null,null,null,null,{"$f":"K49*I49","v":0}]
[6,null,"Total Equity",null,{"$f":"SUM(E48:E49)","v":0.4},null,null,null,{"$f":"SUM(I48:I49)","v":5005351.8551999992},null,{"$f":"IF(E50=0,0,SUMPRODUCT(E48:E49,K48:K49)/E50)","v":8.0100000000000005E-2},null,null,null,{"$f":"SUM(O48:O49)","v":400928.68360151997}]
[]
[7,null,"Total",null,1,null,null,null,12513379.637999998,null,{"$f":"(K45*E45)+(K50*E50)","v":5.8556000000000011E-2},null,null,null,{"$f":"O45+O50","v":732733.45808272786}]
[]
[]
[]
[]
["Line No.",null,null,null,null,null,null,null,2011]
[null,null,"Particulars",null,"Capitalization Ratio",null,null,null,null,null,"Cost Rate",null,null,null,"Return"]
[]
[]
[null,null,"Application"]
[null,null,null,null,"(%)",null,null,null,"($)",null,"(%)",null,null,null,"($)"]
[null,null,"Debt"]
[1,null,"  Long-term Debt",null,0.56000000000000005,null,null,null,{"$f":"$I$73*E64","v":7719478.6839099992},null,{"$f":"K43","v":4.6399999999999997E-2},null,null,null,{"$f":"K64*I64","v":358183.81093342393}]
[2,null,"  Short-term Debt",null,0.04,null,"(1)",null,{"$f":"$I$73*E65","v":551391.33456499991},null,{"$f":"K44","v":1.3299999999999999E-2},null,null,null,{"$f":"K65*I65","v":7333.5047497144988}]
[3,null,"Total Debt",null,{"$f":"SUM(E64:E65)","v":0.60000000000000009},null,null,null,{"$f":"SUM(I64:I65)","v":8270870.0184749989},null,{"$f":"IF(E66=0,0,SUMPRODUCT(E64:E65,K64:K65)/E66)","v":4.4193333333333328E-2},null,null,null,{"$f":"SUM(O64:O65)","v":365517.31568313844}]
[]
[null,null,"Equity"]
[4,null,"  Common Equity",null,0.4,null,null,null,{"$f":"$I$73*E69","v":5513913.3456499986},null,{"$f":"K48","v":8.0100000000000005E-2},null,null,null,{"$f":"K69*I69","v":441664.45898656489}]
[5,null,"  Preferred Shares",null,0,null,null,null,{"$f":"$I$31*E70","v":0},null,null,null,null,null,{"$f":"K70*I70","v":0}]
[6,null,"Total Equity",null,{"$f":"SUM(E69:E70)","v":0.4},null,null,null,{"$f":"SUM(I69:I70)","v":5513913.3456499986},null,{"$f":"IF(E71=0,0,SUMPRODUCT(E69:E70,K69:K70)/E71)","v":8.0100000000000005E-2},null,null,null,{"$f":"SUM(O69:O70)","v":441664.45898656489}]
[]
[7,null,"Total",null,1,null,null,null,13784783.364124997,null,{"$f":"(K66*E66)+(K71*E71)","v":5.8556000000000011E-2},null,null,null,{"$f":"O66+O71","v":807181.77466970333}]
[]
[]
[]
[]
[]
["Line No.",null,null,null,null,null,null,null,2012]
[null,null,"Particulars",null,"Capitalization Ratio",null,null,null,null,null,"Cost Rate",null,null,null,"Return"]
[]
[]
[null,null,"Application"]
[null,null,null,null,"(%)",null,null,null,"($)",null,"(%)",null,null,null,"($)"]
[null,null,"Debt"]
[1,null,"  Long-term Debt",null,0.56000000000000005,null,null,null,{"$f":"$I$95*E86","v":8388332.8709599646},null,{"$f":"K64","v":4.6399999999999997E-2},null,null,null,{"$f":"K86*I86","v":389218.64521254232}]
[2,null,"  Short-term Debt",null,0.04,null,"(1)",null,{"$f":"$I$95*E87","v":599166.63363999745},null,{"$f":"K65","v":1.3299999999999999E-2},null,null,null,{"$f":"K87*I87","v":7968.9162274119653}]
[3,null,"Total Debt",null,{"$f":"SUM(E86:E87)","v":0.60000000000000009},null,null,null,{"$f":"SUM(I86:I87)","v":8987499.5045999624},null,{"$f":"IF(E88=0,0,SUMPRODUCT(E86:E87,K86:K87)/E88)","v":4.4193333333333328E-2},null,null,null,{"$f":"SUM(O86:O87)","v":397187.56143995427}]
[]
[null,null,"Equity"]
[4,null,"  Common Equity",null,0.4,null,null,null,{"$f":"$I$95*E91","v":5991666.3363999743},null,{"$f":"K69","v":8.0100000000000005E-2},null,null,null,{"$f":"K91*I91","v":479932.47354563797}]
[5,null,"  Preferred Shares",null,0,null,null,null,{"$f":"$I$31*E92","v":0},null,null,null,null,null,{"$f":"K92*I92","v":0}]
[6,null,"Total Equity",null,{"$f":"SUM(E91:E92)","v":0.4},null,null,null,{"$f":"SUM(I91:I92)","v":5991666.3363999743},null,{"$f":"IF(E93=0,0,SUMPRODUCT(E91:E92,K91:K92)/E93)","v":8.0100000000000005E-2},null,null,null,{"$f":"SUM(O91:O92)","v":479932.47354563797}]
[]
[7,null,"Total",null,1,null,null,null,14979165.840999935,null,{"$f":"(K88*E88)+(K93*E93)","v":5.8556000000000011E-2},null,null,null,{"$f":"O88+O93","v":877120.03498559224}]
[]
[]
[]
[]
[]
["Line No.",null,null,null,null,null,null,null,2013]
[null,null,"Particulars",null,"Capitalization Ratio",null,null,null,null,null,"Cost Rate",null,null,null,"Return"]
[]
[]
[null,null,"Application"]
[null,null,null,null,"(%)",null,null,null,"($)",null,"(%)",null,null,null,"($)"]
[null,null,"Debt"]
[1,null,"  Long-term Debt",null,0.56000000000000005,null,null,null,{"$f":"$I$117*E108","v":8951795.3740295786},null,3.6079303820458784E-2,null,null,null,{"$f":"K108*I108","v":322974.54503819067}]
[2,null,"  Short-term Debt",null,0.04,null,"(1)",null,{"$f":"$I$117*E109","v":639413.95528782695},null,2.0799999999999999E-2,null,null,null,{"$f":"K109*I109","v":13299.8102699868}]
[3,null,"Total Debt",null,{"$f":"SUM(E108:E109)","v":0.60000000000000009},null,null,null,{"$f":"SUM(I108:I109)","v":9591209.3293174058},null,{"$f":"IF(E110=0,0,SUMPRODUCT(E108:E109,K108:K109)/E110)","v":3.506068356576153E-2},null,null,null,{"$f":"SUM(O108:O109)","v":336274.35530817747}]
[]
[null,null,"Equity"]
[4,null,"  Common Equity",null,0.4,null,null,null,{"$f":"$I$117*E113","v":6394139.5528782699},null,8.9300000000000004E-2,null,null,null,{"$f":"K113*I113","v":570996.66207202955}]
[5,null,"  Preferred Shares",null,0,null,null,null,{"$f":"$I$31*E114","v":0},null,null,null,null,null,{"$f":"K114*I114","v":0}]
[6,null,"Total Equity",null,{"$f":"SUM(E113:E114)","v":0.4},null,null,null,{"$f":"SUM(I113:I114)","v":6394139.5528782699},null,{"$f":"IF(E115=0,0,SUMPRODUCT(E113:E114,K113:K114)/E115)","v":8.9300000000000004E-2},null,null,null,{"$f":"SUM(O113:O114)","v":570996.66207202955}]
[]
[7,null,"Total",null,1,null,null,null,15985348.882195674,null,{"$f":"(K110*E110)+(K115*E115)","v":5.6756410139456925E-2},null,null,null,{"$f":"O110+O115","v":907271.01738020708}]
[]
[]
[]
["Notes"]
["(1)",null,"4.0% unless an applicant has proposed or been approved for a different amount."]

{"sheet":"App.2-OB_Debt Instruments","index":26,"n_rows":82,"n_cols":11,"rows_kept":82,"cut":false,"hidden":false,"merged":[[9,0,9,10],[10,0,10,10],[10,11,10,14],[12,0,12,10]]}
[null,null,null,null,null,null,null,null,null,"File Number:",{"$f":"'LDC Info'!$E$18","v":"EB-2012-0147"}]
[null,null,null,null,null,null,null,null,null,"Exhibit:",5]
[null,null,null,null,null,null,null,null,null,"Tab:",1]
[null,null,null,null,null,null,null,null,null,"Schedule:",2]
[null,null,null,null,null,null,null,null,null,"Page:","3 of 4"]
[]
[null,null,null,null,null,null,null,null,null,"Date:","2012-08-31"]
[]
[null,null,null,null,"TABLE 5.1.2"]
["Appendix 2-OB"]
["Debt Instruments"]
[]
["This table must be completed for the required years of all historical years, the bridge year and the test year."]
[null,null,null,"Year",2009]
[]
["Row","Description","Lender","Affiliated or Third-Party Debt?","Fixed or Variable-Rate?","Start Date","Term              (years)","Principal                         ($)","Rate (%)                     (Note 2)","Interest ($)       (Note 1)"]
[1,"Short Term Loan Advance","Infrastructure Ontario","Third-Party","Variable Rate","2009-12-15",1,1422519,1.7399999999999999E-2,{"$f":"H17*I17/12*0.5","v":1031.3262749999999}]
[]
["Total",null,null,null,null,null,null,{"$f":"SUM(H17:H17)","v":1422519},{"$f":"IF(H19=0,\"\",J19/H19)","v":7.2499999999999995E-4},{"$f":"SUM(J17:J17)","v":1031.3262749999999}]
[]
[]
[]
[null,null,null,"Year",null,2010]
[]
["Row","Description","Lender","Affiliated or Third-Party Debt?","Fixed or Variable-Rate?","Start Date","Term              (years)","Principal                         ($)","Rate (%)                     (Note 2)","Interest ($)       (Note 1)"]
[1,"Debenture # 3","Infrastructure Ontario","Third-Party","Fixed Rate","2010-04-01",5,270000,2.9100000000000001E-2,6335.83]
[2,"Debenture # 1","Infrastructure Ontario","Third-Party","Fixed Rate","2010-04-01",10,1066393.23,3.9100000000000003E-2,32400.805]
[3,"Debenture # 2","Infrastructure Ontario","Third-Party","Fixed Rate","2010-04-01",10,1173250,3.9100000000000003E-2,35647.5]
[4,"Short Term Loan Advance","Infrastructure Ontario","Third-Party","Fixed Rate","2010-02-16",1,900000,1.7399999999999999E-2,13726.125000000002]
[]
["Total",null,null,null,null,null,null,{"$f":"SUM(H26:H29)","v":3409643.23},{"$f":"IF(H31=0,\"\",J31/H31)","v":2.5841489580128302E-2},{"$f":"SUM(J26:J29)","v":88110.260000000009}]
[]
[]
[]
[null,null,null,"Year",null,2011]
[]
["Row","Description","Lender","Affiliated or Third-Party Debt?","Fixed or Variable-Rate?","Start Date","Term              (years)","Principal                         ($)","Rate (%)                     (Note 2)","Interest ($)       (Note 1)"]
[1,"Debenture # 3","Infrastructure Ontario","Third-Party","Fixed Rate","2010-04-01",5,210000,2.9100000000000001E-2,7022.2749999999996]
[2,"Debenture # 1","Infrastructure Ontario","Third-Party","Fixed Rate","2010-04-01",10,954141.31,3.9100000000000003E-2,39717.894999999997]
[3,"Debenture # 2","Infrastructure Ontario","Third-Party","Fixed Rate","2010-04-01",10,1049750,3.9100000000000003E-2,43697.785000000003]
[4,"Debenture # 5","Infrastructure Ontario","Third-Party","Fixed Rate","2011-03-01",10,1140000,0.04,39355.613333333327]
[5,"Debenture # 4","Infrastructure Ontario","Third-Party","Fixed Rate","2011-06-15",15,966666.67,4.1200000000000001E-2,22320.430833333332]
[]
["Total",null,null,null,null,null,null,{"$f":"SUM(H38:H42)","v":4320557.9800000004},{"$f":"IF(H44=0,\"\",J44/H44)","v":3.5207026469915963E-2},{"$f":"SUM(J38:J42)","v":152113.99916666665}]
[]
[]
[]
[null,null,null,"Year",2012]
[]
["Row","Description","Lender","Affiliated or Third-Party Debt?","Fixed or Variable-Rate?","Start Date","Term              (years)","Principal                         ($)","Rate (%)                     (Note 2)","Interest ($)       (Note 1)"]
[1,"Debenture # 3","Infrastructure Ontario","Third-Party","Fixed Rate","2010-04-01",5,150000,2.9100000000000001E-2,5223.6450000000004]
[2,"Debenture # 1","Infrastructure Ontario","Third-Party","Fixed Rate","2010-04-01",10,841889.39000000013,3.9100000000000003E-2,35016.199999999997]
[3,"Debenture # 2","Infrastructure Ontario","Third-Party","Fixed Rate","2010-04-01",10,926250,3.9100000000000003E-2,38524.964999999997]
[4,"Debenture # 5","Infrastructure Ontario","Third-Party","Fixed Rate","2011-03-01",10,1020000,0.04,42976.436666666668]
[5,"Debenture # 4","Infrastructure Ontario","Third-Party","Fixed Rate","2011-06-15",15,900000.01000000013,4.1200000000000001E-2,39334.716666666667]
[6,"Debenture # 6","Infrastructure Ontario","Third-Party","Fixed Rate","2012-09-01",10,542000,3.5000000000000003E-2,1580.8333333333333]
[7,"Debenture # 7","Infrastructure Ontario","Third-Party","Fixed Rate","2012-09-01",5,430000,2.7900000000000001E-2,999.75]
[]
["Total",null,null,null,null,null,null,{"$f":"SUM(H51:H57)","v":4810139.4000000004},{"$f":"IF(H59=0,\"\",J59/H59)","v":3.4023244038762508E-2},{"$f":"SUM(J51:J57)","v":163656.54666666669}]
[]
[]
[]
[null,null,null,"Year",2013]
[]
["Row","Description","Lender","Affiliated or Third-Party Debt?","Fixed or Variable-Rate?","Start Date","Term              (years)","Principal                         ($)","Rate (%)                     (Note 2)","Interest ($)       (Note 1)"]
[1,"Debenture # 3","Infrastructure Ontario","Third-Party","Fixed Rate","2010-04-01",5,90000,2.9100000000000001E-2,3491.9949999999999]
[2,"Debenture # 1","Infrastructure Ontario","Third-Party","Fixed Rate","2010-04-01",10,729637.4700000002,3.9100000000000003E-2,30723.345000000001]
[3,"Debenture # 2","Infrastructure Ontario","Third-Party","Fixed Rate","2010-04-01",10,802750,3.9100000000000003E-2,33801.955000000002]
[4,"Debenture # 5","Infrastructure Ontario","Third-Party","Fixed Rate","2011-03-01",10,900000,0.04,38101.916666666672]
[5,"Debenture # 4","Infrastructure Ontario","Third-Party","Fixed Rate","2011-06-15",15,833333.35000000021,4.1200000000000001E-2,36179.499166666661]
[6,"Debenture # 6","Infrastructure Ontario","Third-Party","Fixed Rate","2012-09-01",20,487800,3.5000000000000003E-2,18337.666666666668]
[7,"Debenture # 7","Infrastructure Ontario","Third-Party","Fixed Rate","2012-09-01",10,344000,2.7900000000000001E-2,11197.2]
[8,"Debenture #8","Infrastructure Ontario","Third-Party","Fixed Rate","2013-09-01",20,850000,3.5000000000000003E-2,9916.6666666666679]
[]
["Total",null,null,null,null,null,null,{"$f":"SUM(H66:H73)","v":5037520.82},{"$f":"IF(H75=0,\"\",J75/H75)","v":3.6079303820458784E-2},{"$f":"SUM(J66:J73)","v":181750.24416666667}]
[]
[]
["Notes"]
[]
[1,"If financing is in place only part of the year, calculate the pro-rated interest and input in the cell."]
[2,"Input actual or deemed long-term debt rate in accordance with the guidelines in The Report of the Board on the Cost of Capital for Ontario's Regulated Utilities, issued December 11, 2009"]
[3,"Add more lines above row 12 if necessary."]

{"sheet":"App.2-P_Cost_Allocation","index":27,"n_rows":93,"n_cols":6,"rows_kept":93,"cut":false,"hidden":false,"merged":[[25,0,26,4],[28,0,30,4],[32,0,33,4],[8,0,8,5],[9,0,9,5],[44,0,44,1],[39,0,40,1],[39,2,40,2],[42,0,42,1],[43,0,43,1],[41,0,41,1],[36,1,36,5],[38,0,38,1],[39,3,40,3],[39,4,40,4],[39,5,40,5],[86,0,86,1],[58,0,59,5],[75,0,76,5],[78,0,78,5],[70,0,70,1],[63,0,65,1],[63,5,65,5],[64,3,65,3],[64,4,65,4],[66,0,66,1],[67,0,67,1],[68,0,68,1],[69,0,69,1],[82,0,84,1],[82,2,82,4],[82,5,83,5],[85,0,85,1],[45,0,45,1],[46,0,46,1],[71,0,71,1],[55,0,56,5],[53,0,53,5],[50,0,51,5],[97,0,99,5],[88,0,88,1],[89,0,89,1],[92,0,95,5],[87,0,87,1]]}
[null,null,null,null,"File Number:",{"$f":"'LDC Info'!$E$18","v":"EB-2012-0147"}]
[null,null,null,null,"Exhibit:",7]
[null,null,null,null,"Tab:",1]
[null,null,null,null,"Schedule:",2]
[null,null,null,null,"Page:","10 of 11"]
[]
[null,null,null,null,"Date:","2012-08-31"]
[]
["Appendix 2-P"]
["Cost Allocation"]
[]
["Please complete the following four tables."]
[]
["A)  Allocated Costs"]
[]
["Classes","Costs Allocated from Previous Study","%","Costs Allocated in Test Year Study                    (Column 7A)","%"]
["Residential",1440154.7705740277,{"$f":"IF(B$22=0,\"\",B17/B$22)","v":0.47824665116569137},2122546.0426151198,{"$f":"IF(D$22=0,\"\",D17/D$22)","v":0.51617962497587655}]
["GS < 50 kW",483530.65246409824,{"$f":"IF(B$22=0,\"\",B18/B$22)","v":0.16057087752085467},713196.38720756234,{"$f":"IF(D$22=0,\"\",D18/D$22)","v":0.17344144074697171}]
["GS 50 - 4,999 kW",954748.93191782583,{"$f":"IF(B$22=0,\"\",B19/B$22)","v":0.31705306174260955},1154661.4824249812,{"$f":"IF(D$22=0,\"\",D19/D$22)","v":0.28080084907740732}]
["Street Lighting",119818.2456183443,{"$f":"IF(B$22=0,\"\",B20/B$22)","v":3.9789247576967925E-2},116236.21099687129,{"$f":"IF(D$22=0,\"\",D20/D$22)","v":2.8267355617435447E-2}]
["Unmetered Scattered Load (USL)",13069.626280310182,{"$f":"IF(B$22=0,\"\",B21/B$22)","v":4.3401619938765908E-3},5389.7592102716999,{"$f":"IF(D$22=0,\"\",D21/D$22)","v":1.3107295823088991E-3}]
["Total",{"$f":"SUM(B17:B21)","v":3011322.2268546061},{"$f":"SUM(C17:C21)","v":1},{"$f":"SUM(D17:D21)","v":4112029.8824548065},{"$f":"SUM(E17:E21)","v":1}]
[]
["Notes"]
[]
["1     Customer Classification - If proposed rate classes differ from those in place in the previous Cost Allocation study, modify the rate classes to match the current application as closely as possible."]
[]
[]
["2     Host Distributors -  Provide information on embedded distributor(s) as a separate class, if applicable.   If embedded distributor(s) are billed as customers in a General Service class, include the allocated cost and revenue of the embedded distributor(s) in the applicable class.  Also complete Appendix 2-Q."]
[]
[]
["  "]
["3     Class Revenue Requirements - If using the Board-issued model, in column 7A enter the results from Worksheet O-1, Revenue Requirement (row 40 in the 2013 model).  This excludes costs in deferral and variance accounts.  Note to Embedded Distributor(s), it also does not include Account 4750 - Low Voltage (LV) Costs. "]
[]
[]
[]
["B)  Calculated Class Revenues"]
[]
[null,null,"Column 7B","Column 7C","Column 7D","Column 7E"]
["Classes (same as previous table)",null,"Load Forecast (LF) X current approved rates","L.F. X current approved rates X (1 + d)","LF X proposed rates","Miscellaneous Revenue"]
[]
[{"$f":"A17","v":"Residential"},null,2085814.4903937283,2223000.834803035,1993003.7375833984,161380.49567094809]
["GS < 50 kW",null,550850.03576261387,587080.0567314222,638656.19911488518,53095.442523926467]
["GS 50 - 4,999 kW",null,809623.1153026534,862872.93020670069,1055023.8156208326,64918.728019852817]
["Street Lighting",null,123674.89694246503,131809.13279367529,127451.51853894061,12031.934657304932]
["Unmetered Scattered Load (USL)",null,14512.429267806983,15466.927919972959,6094.3119243583442,373.39912796769534]
["Total",null,{"$f":"SUM(C42:C46)","v":3584474.9676692677},{"$f":"SUM(D42:D46)","v":3820229.882454806},{"$f":"SUM(E42:E46)","v":3820229.5827824152},{"$f":"SUM(F42:F46)","v":291800.00000000006}]
[]
["Notes:"]
[]
["1     Columns 7B to 7D - LF means Load Forecast of Annual Billing Quantities (i.e. customers or connections X 12, (kWh or kW, as applicable).  Revenue Quantities should be net of Transfomrer Ownership Allowance.  Exclude revenue from rate adders and rate riders.  "]
[]
[]
["2     Columns 7C and 7D - Column total in each column should equal the Base Revenue Requirement"]
[]
["3     Columns 7C - The Board cost allocation model calculates \"1+d\" in worksheet O-1, cell C21. \"d\" is defined as Revenue Deficiency/ Revenue at Current Rates."]
[]
[]
["4     Columns 7E - If using the Board-issued Cost Allocation model, enter Miscellaneous Revenue as it appears in Worksheet O-1, row 19."]
[]
[]
["C)  Rebalancing Revenue-to-Cost (R/C) Ratios"]
[]
["Class",null,"Previously Approved Ratios","Status Quo Ratios","Proposed Ratios","Policy Range"]
[null,null,"Most Recent Year:","(7C + 7E) / (7A)","(7D + 7E) / (7A)"]
[null,null,2010]
[null,null,"%","%","%","%"]
[{"$f":"A42","v":"Residential"},null,113,{"$f":"IF(D17=0,\"\",(D42+F42)/D17*100)","v":112.33590615241799},{"$f":"IF(D17=0,\"\",(E42+F42)/D17*100)","v":101.49999999999999},"85 - 115"]
[{"$f":"A43","v":"GS < 50 kW"},null,105,{"$f":"IF(D18=0,\"\",(D43+F43)/D18*100)","v":89.761461322298828},{"$f":"IF(D18=0,\"\",(E43+F43)/D18*100)","v":96.99315},"80 - 120"]
[{"$f":"A44","v":"GS 50 - 4,999 kW"},null,83,{"$f":"IF(D19=0,\"\",(D44+F44)/D19*100)","v":80.35183232041625},{"$f":"IF(D19=0,\"\",(E44+F44)/D19*100)","v":96.993149999999986},"80 - 120"]
[{"$f":"A45","v":"Street Lighting"},null,70,{"$f":"IF(D20=0,\"\",(D45+F45)/D20*100)","v":123.74893006005846},{"$f":"IF(D20=0,\"\",(E45+F45)/D20*100)","v":120},"70 - 120"]
[{"$f":"A46","v":"Unmetered Scattered Load (USL)"},null,120,{"$f":"IF(D21=0,\"\",(D46+F46)/D21*100)","v":293.89674807276111},{"$f":"IF(D21=0,\"\",(E46+F46)/D21*100)","v":120},"80 - 120"]
[]
["Notes"]
[]
["1     Previously Approved Revenue-to-Cost Ratios - For most applicants, Most Recent Year would be the third year of the IRM 3 period,  e.g. if the applicant rebased in 2009 with further adjustments over 2 years, the Most recent year is 2011.  For applicants that have had rates adjusted only under IRM 2, the Most Recent Year is 2006, and the applicant should enter the ratios from their Informational Filing."]
[]
[]
["2     Status Quo Ratios - The Board's updated Cost Allocation Model yields the Status Quo Ratios in Worksheet O-1.  Status Quo means \"Before Rebalancing\"."]
[]
["D)  Proposed Revenue-to-Cost Ratios"]
[]
["Class",null,"Proposed Revenue-to-Cost Ratios",null,null,"Policy Range"]
[null,null,2013,2014,2015]
[null,null,"%","%","%","%"]
[{"$f":"A68","v":"Residential"},null,{"$f":"E68","v":101.49999999999999},{"$f":"+C86","v":101.49999999999999},{"$f":"+D86","v":101.49999999999999},{"$f":"F68","v":"85 - 115"}]
[{"$f":"A69","v":"GS < 50 kW"},null,{"$f":"E69","v":96.99315},{"$f":"+C87","v":96.99315},96.99315,{"$f":"F69","v":"80 - 120"}]
[{"$f":"A70","v":"GS 50 - 4,999 kW"},null,{"$f":"E70","v":96.993149999999986},96.993149999999986,96.993149999999986,{"$f":"F70","v":"80 - 120"}]
[{"$f":"A71","v":"Street Lighting"},null,{"$f":"E71","v":120},120,120,{"$f":"F71","v":"70 - 120"}]
[{"$f":"A72","v":"Unmetered Scattered Load (USL)"},null,{"$f":"E72","v":120},120,120,{"$f":"F72","v":"80 - 120"}]
[]
["Note"]
["1     The applicant should complete Table D if it is applying for approval of a revenue to cost ratio in 2012 that is outside the Board’s policy range for any customer class. Table (d) will show the information that the distributor would likely enter in the IRM model) in 2013.  In 2013 Table (d), enter the planned ratios for the classes that will be ‘Change’ and ‘No Change’ in 2013 (in the current Revenue Cost Ratio Adjustment Workform, Worksheet C1.1 ‘Decision – Cost Revenue Adjustment’, column d), and enter TBD for class(es) that will be entered as ‘Rebalance’. "]

{"sheet":"App.2-Q_Cost of Serv. Emb. Dx","index":28,"n_rows":61,"n_cols":7,"rows_kept":61,"cut":false,"hidden":false,"merged":[[59,3,60,3],[59,4,60,4],[54,4,55,4],[8,0,8,6],[9,0,9,6],[16,0,16,1],[16,2,16,3],[54,3,55,3],[9,7,9,11],[12,0,12,6],[11,0,11,6],[14,0,14,1],[14,2,14,3]]}
[null,null,null,null,null,"File Number:",{"$f":"'LDC Info'!$E$18","v":"EB-2012-0147"}]
[null,null,null,null,null,"Exhibit:"]
[null,null,null,null,null,"Tab:"]
[null,null,null,null,null,"Schedule:"]
[null,null,null,null,null,"Page:"]
[]
["Midland PUC is not a host distributor",null,null,null,null,"Date:"]
[]
["Appendix 2-Q"]
["Cost of Serving Embedded Distributor(s) "]
[]
["To be completed by Host Distributors*"]
["(Not required if Host Distributor has an Embedded Distributor rate class, i.e. a separate row in Appendix 2-P.)"]
[]
[]
[]
["Proposed Rate Class for Billing Embedded Distributor(s)"]
[]
["Host's Distribution Facilities used by Embedded Distributor(s)"]
[]
["(1)","(2)","(3)","(4)","(5)","(6) = '(3) + (4)"]
["Asset Class","Total OM&A costs asociated with asset class ","Original cost of asset class ","Accumulated amortization of asset class","Annual amortization of asset class","Net Book Value of asset class"]
["Totals for Host Distributor:","($)","($)","($)","($)"]
["Distribution Stations",null,null,null,null,{"$f":"C24+D24","v":0}]
["Low Voltage Line",null,null,null,null,0]
["LV Line category # 2 (if applcable)",null,null,null,null,0]
["TS (owned by host)",null,null,null,null,0]
["add rows if necessary... ",null,null,null,null,0]
[null,null,null,null,null,0]
[null,null,null,null,null,0]
[]
["(1)","(7)","(8)","(9)","(10)","(11)"]
[{"$f":"A22","v":"Asset Class"},"Total line length or station capacity in asset class","Line length or capacity required to provide LV service to Embedded Distributor(s)","Annual total demand on station/line providing LV services (sum of 12 monthly peaks)","Annual billed Embedded Distributor demand on station/line providing LV services","Embedded Distributor(s)' Responsibility Share "]
["Embedded Distributor's share:","kW or kVa; km","kW or kVA; km","kW or kVA","kW or kVA","percent"]
["Distribution Stations",null,null,null,null,{"$f":"IF(D35=0,0,(C35/B35)*(E35/D35))","v":0}]
["Low Voltage Line",null,null,null,null,{"$f":"IF(D36=0,0,(C36/B36)*(E36/D36))","v":0}]
["LV Line # 2 (if applicable) ",null,null,null,null,{"$f":"IF(D37=0,0,(C37/B37)*(E37/D37))","v":0}]
["TS (owned by host)",null,null,null,null,{"$f":"IF(D38=0,0,(C38/B38)*(E38/D38))","v":0}]
["add rows if necessary ",null,null,null,null,{"$f":"IF(D39=0,0,(C39/B39)*(E39/D39))","v":0}]
[]
["(1)","(12)","(12a)","(13)","(14)","(15)","(16)"]
[{"$f":"A33","v":"Asset Class"},"Return on Assets used to Provide LV services","Taxes/PILs","Annual amortization on assets used to provide LV services","OM&A costs with burden associated with assets used to provide LV services","Total annual cost associated with assets used to provide LV services","Monthly cost associated with the delivery of LV services"]
[null,"($)","($)","($)","($)","($)","$/kW or $/kVA"]
["Distribution Stations",{"$f":"E$55*(F24+B24*E$60)*F35","v":0},{"$f":"(B44-(B$55*C$55*F35*(F24+B24*E58)+B$56*C$56*F35*(F24+B24*E$58)))*E$58/(1-E$58)","v":0},{"$f":"E24*F35","v":0},{"$f":"B24*F35","v":0},{"$f":"SUM(B44:E44)","v":0},{"$f":"IF(E35=0,0,(D44/E35))","v":0}]
["Low Voltage Line",{"$f":"E$55*(F25+B25*E$60)*F36","v":0},{"$f":"(B45-(B$55*C$55*F36*(F25+B25*E59)+B$56*C$56*F36*(F25+B25*E59)))*E$58/(1-E$58)","v":0},{"$f":"E25*F36","v":0},{"$f":"B25*F36","v":0},{"$f":"SUM(B45:E45)","v":0},{"$f":"IF(E36=0,0,(D45/E36))","v":0}]
["LV Line # 2 (if applicable) ",{"$f":"E$55*(F26+B26*E$60)*F37","v":0},{"$f":"(B46-(B$55*C$55*F37*(F26+B26*E60)+B$56*C$56*F37*(F26+B26*E$60)))*E$58/(1-E$58)","v":0},{"$f":"E26*F37","v":0},{"$f":"B26*F37","v":0},{"$f":"SUM(B46:E46)","v":0},{"$f":"IF(E37=0,0,(D46/E37))","v":0}]
["TS (owned by host)",{"$f":"E$55*(F27+B27*E$60)*F38","v":0},{"$f":"(B47-(B$55*C$55*F38*(F27+B27*E61)+B$56*C$56*F38*(F27+B27*E61)))*E$58/(1-E$58)","v":0},{"$f":"E27*F38","v":0},{"$f":"B27*F38","v":0},{"$f":"SUM(B47:E47)","v":0},{"$f":"IF(E38=0,0,(D47/E38))","v":0}]
["add rows if necessary ",{"$f":"E$55*(F28+B28*E$60)*F39","v":0},{"$f":"(B48-(B$55*C$55*F39*(F28+B28*I62)+B$56*C$56*F39*(F28+B28*I62)))*E$58/(1-E$58)","v":0},{"$f":"E28*F39","v":0},{"$f":"B28*F39","v":0},{"$f":"SUM(B48:E48)","v":0},{"$f":"IF(E39=0,0,(D48/E39))","v":0}]
[]
["Total",null,null,null,null,{"$f":"SUM(F44:F48)","v":0},{"$f":"SUM(G44:G48)","v":0}]
[]
["(17)","(18)","(19)","(20)","(21)"]
[null,"Capital Structure","Cost Rate"]
[null,"(%)","(%)",null,"(%)"]
["Long-Term Debt",null,null,"Weighted Average Cost of Capital",{"$f":"IF(B61=0%,0,SUMPRODUCT(B55:B59,C55:C59)/B61)","v":0}]
["Short-term Debt"]
[]
["Common Equity",null,null,"Tax/PILs Rate"]
["Preferred Shares"]
[null,null,null,"Working Capital Allowance Factor"]
["Total",{"$f":"SUM(B55:B59)","v":0}]

{"sheet":"App.2-R_Loss Factors","index":29,"n_rows":73,"n_cols":8,"rows_kept":73,"cut":false,"hidden":false,"merged":[[8,0,8,7],[9,0,9,7],[11,0,11,7],[13,0,14,1],[13,2,13,6],[13,7,14,7],[15,1,15,7],[24,1,24,7],[26,1,26,7],[54,1,55,7],[36,1,39,7],[43,1,45,7],[47,1,50,7],[57,1,58,7],[60,1,61,7],[32,1,34,7],[71,1,71,7],[63,1,63,7],[65,1,65,7],[67,1,69,6],[52,1,52,7]]}
[null,null,null,null,null,null,"File Number:",{"$f":"'LDC Info'!$E$18","v":"EB-2012-0147"}]
[null,null,null,null,null,null,"Exhibit:",8]
[null,null,null,null,null,null,"Tab:"]
[null,null,null,null,null,null,"Schedule:",1]
[null,null,null,null,null,null,"Page:","9 of 10"]
[]
[null,null,null,null,null,null,"Date:","2012-08-31"]
[null,null,null,"Table 8.1.11"]
["Appendix 2-R"]
["Loss Factors"]
[]
[]
[]
[null,null,"Historical Years",null,null,null,null,"5-Year Average"]
[null,null,{"$f":"IF(ISBLANK('LDC Info'!E26-5), \"Year 5\", 'LDC Info'!E26-5)","v":2007},{"$f":"IF(ISBLANK('LDC Info'!E26-4), \"Year 5\", 'LDC Info'!E26-4)","v":2008},{"$f":"IF(ISBLANK('LDC Info'!E26-3), \"Year 5\", 'LDC Info'!E26-3)","v":2009},{"$f":"IF(ISBLANK('LDC Info'!E26-2), \"Year 5\", 'LDC Info'!E26-2)","v":2010},{"$f":"IF(ISBLANK('LDC Info'!E26-1), \"Year 5\", 'LDC Info'!E26-1)","v":2011}]
[null,"Losses Within Distributor's System"]
["A(1)","\"Wholesale\" kWh delivered to distributor (higher value)",240226974.50000003,230112011,217320554.29999998,220973975.09999999,214540510.60000002,{"$f":"IF(SUM(C17:G17)=0,0,AVERAGE(C17:G17))","v":224634805.09999999}]
["A(2)","\"Wholesale\" kWh delivered to distributor (lower value)",232327828.40000001,222551885.19999999,210025260.19999999,213537360.70000002,207396158.54999998,{"$f":"IF(SUM(C18:G18)=0,0,AVERAGE(C18:G18))","v":217167698.60999998}]
["B","Portion of \"Wholesale\" kWh delivered to distributor for its Large Use Customer(s)",0,0,0,0,0,{"$f":"IF(SUM(C19:G19)=0,0,AVERAGE(C19:G19))","v":0}]
["C","Net \"Wholesale\" kWh delivered to distributor  = A(2) - B",{"$f":"C18-C19","v":232327828.40000001},222551885.19999999,210025260.19999999,213537360.70000002,207396158.54999998,217167698.60999998]
["D","\"Retail\" kWh delivered by distributor",224566924.22,215492783,203110374,207341771,201044063,{"$f":"IF(SUM(C21:G21)=0,0,AVERAGE(C21:G21))","v":210311183.044}]
["E","Portion of \"Retail\" kWh delivered by distributor to its Large Use Customer(s)",null,null,null,null,null,{"$f":"IF(SUM(C22:G22)=0,0,AVERAGE(C22:G22))","v":0}]
["F","Net \"Retail\" kWh delivered by distributor = D - E",{"$f":"C21-C22","v":224566924.22},215492783,203110374,207341771,201044063,210311183.044]
["G","Loss Factor in Distributor's system = C / F",{"$f":"IF(C23=0,\"\",C20/C23)","v":1.0345594268031963},1.0327579518057455,1.034044968082231,1.02988104939067,1.0315955390833897,1.0326017640467815]
[null,"Losses Upstream of Distributor's System"]
["H","Supply Facilities Loss Factor",1.034,1.034,1.0348974792673582,1.0348376568973401,1.0348698547192334,{"$f":"IF(SUM(C26:G26)=0,0,AVERAGE(C26:G26))","v":1.0345209981767864}]
[null,"Total Losses"]
["I","Total Loss Factor = G x H",{"$f":"IF(C24=\"\",\"\",C24*C26)","v":1.069734447314505},1.0678717221671408,1.0701305309173967,1.0657596920344148,1.0675671256602368,1.0682482076607869]
[]
["Notes"]
[]
[]
["A(1)","If directly connected to the IESO-controlled grid, kWh pertains to the virtual meter on the primary or high voltage side of the transformer at the interface with the transmission grid.  This corresponds to the \"With Losses\" kWh value provided by the IESO's MV-WEB.  It is the higher of the two values provided by MV-WEB."]
[]
[]
[]
[null,"If fully embedded within a host distributor, kWh pertains to the virtual meter on the primary or high voltage side of the transformer, at the interface between the host distributor and the transmission grid.  For example, if the host distributor is Hydro One Networks Inc., kWh from the Hydro One Networks' invoice corresponding to \"Total kWh w Losses\" should be reported.  This corresponds to the higher of the two kWh values provided in Hydro One Networks' invoice."]
[]
[]
[]
[]
[null,"If partially embedded, kWh pertains to the sum of the above."]
[]
["A(2)","If directly connected to the IESO-controlled grid, kWh pertains to a metering installation on the secondary or low voltage side of the transformer at the interface with the transmission grid.  This corresponds to the \"Without Losses\" kWh value provided by the IESO's MV-WEB.  It is the lower of the two kWh values provided by MV-WEB."]
[]
[]
[]
[null,"If fully embedded with the host distributor, kWh pertains to an actual or virtual meter at the interface between the embedded distributor and the host distributor.  For example, if the host distributor is Hydro One Networks Inc., kWh from the Hydro One Networks' invoice corresponding to \"Total kWh\" should be reported.  This corresponds to the lower of the two kWh values provided in Hydro One Networks' invoice."]
[]
[]
[]
[]
[null,"If partially embedded, kWh pertains to the sum of the above."]
[]
[null,"Additionally, kWh pertaining to distributed generation directly connected to the distributor's own distribution network should be included in A(2)."]
[]
[]
["B","If a Large Use Customer is metered on the secondary or low voltage side of the transformer, the default loss is 1%                         (i.e., B = 1.01 X E)."]
[]
[]
["D","kWh corresponding to D should equal metered or estimated kWh at the customer’s delivery point."]
[]
[]
["G and I","These loss factors pertain to secondary-metered customers with demand less than 5,000 kW."]
[]
["H","If directly connected to the IESO-controlled grid, SFLF = 1.0045."]
[]
[null,"If fully embedded within a host distributor, SFLF = loss factor re losses in transformer at grid interface X loss factor re losses in host distributor's system.  If the host distributor is Hydro One Networks Inc., SFLF = 1.0060 X 1.0278 = 1.0340. If partially embedded, SFLF should be calculated as the weighted average of above."]
[]
[]
[]
[null,"Distributors that wish to propose a different SFLF should provide appropriate justification for any such proposal including supporting"]
[null,"calculations and any other relevant material."]

{"sheet":"App.2-S_Stranded Meters","index":30,"n_rows":122,"n_cols":10,"rows_kept":122,"cut":false,"hidden":false,"merged":[[115,1,115,3],[119,1,119,3],[87,0,90,7],[80,1,82,7],[84,1,85,7],[53,2,56,7],[65,1,66,7],[72,1,74,7],[76,1,78,7],[68,1,70,7],[58,2,60,7],[62,0,63,7],[8,0,8,7],[9,0,9,7],[25,0,28,7],[30,0,31,7],[50,2,51,7],[33,1,34,7],[36,1,38,7],[40,1,43,7],[45,1,48,7]]}
[null,null,null,null,null,null,"File Number:",{"$f":"'LDC Info'!$E$18","v":"EB-2012-0147"}]
[null,null,null,null,null,null,"Exhibit:",9]
[null,null,null,null,null,null,"Tab:",3]
[null,null,null,null,null,null,"Schedule:",3]
[null,null,null,null,null,null,"Page:","3 of 3"]
[]
[null,null,null,null,null,null,"Date:","2012-08-31"]
[null,null,null,null,"Table 9.4.1"]
["Appendix 2-S"]
["Stranded Meter Treatment"]
[]
["Year","Notes","Gross Asset Value","Accumulated Amortization","Contributed Capital (Net of Amortization)","Net Asset","Proceeds on Disposition","Residual Net Book Value"]
[null,null,"(A)","(B)","(C)","(D ) = (A) - (B) - (C)","(E)","(F) = (D) - (E)"]
[2006,null,769081.90600000008,380483.64247200004,null,{"$f":"C14-D14-E14","v":388598.26352800004},null,{"$f":"F14-G14","v":388598.26352800004}]
[2007,null,784929.48600000003,407419.67642400006,null,377509.80957599997,null,377509.80957599997]
[2008,null,797009.54600000009,434914.47284000006,null,362095.07316000003,null,362095.07316000003]
[2009,null,801101.62600000005,462732.92892000003,null,338368.69708000001,null,338368.69708000001]
[2010,null,801101.62600000005,490633.28722400003,null,310468.33877600002,null,310468.33877600002]
[2011,null,801101.62600000005,517985.84375200002,null,283115.78224800003,null,283115.78224800003]
[2012,"(1)",801101.62600000005,543985.69192800007,null,257115.93407199997,null,257115.93407199997]
[]
["Notes:"]
[]
["(1)","For 2012, please indicate whether the amounts provided are on a forecast or actual basis.",null,null,null,null,null,null,"Note:  See Schedule of customer class rate rider below"]
[]
["Some distributors have transferred the cost of stranded meters from Account 1860 - Meters to \"Sub-account Stranded Meter Costs of Account 1555\", while in some cases distributors have left these costs in Account 1860.  Depending on which treatment the applicant has chosen. please provide the information under either of the two scenarios (A and B below), as applicable."]
[]
[]
[]
[]
["Scenario A:  If the stranded meter costs were transferred to \"Sub-account Stranded Meter Costs\" of Account 1555, the above table should be completed and the following information should be provided."]
[]
[]
[1,"A description of the accounting treatment followed by the applicant on stranded meter costs for financial accounting and reporting purposes."]
[]
[]
[2,"The amount of the pooled residual net book value of the removed from service stranded meters, less any contributed capital (net of accumulated amortization), and less any net proceeds from sales, which were transferred to this sub-account as of December 31, 2010."]
[]
[]
[]
[3,"A statement as to whether or not, since transferring the removed stranded meter costs to the sub-account, the recording of depreciation expenses was continued in order to reduce the net book value through accumulated depreciation.  If so, the total depreciation expense amount for the period from the time the costs for the stranded meters were transferred to the sub-account to December 31, 2010 should be provided."]
[]
[]
[]
[]
[null,"If no depreciation expenses were recorded to reduce the net book value of stranded meter costs through accumulated depreciation, the total depreciation expense amount that would have been applicable from the time that the stranded meter costs were transferred to the sub-account of Account 1555 to December 31, 2010 should be provided.  In addition, the following information should be provided:"]
[]
[]
[]
[]
[null,"a)","Whether or not carrying charges were recorded for the stranded meter cost balances in the sub-account, and if so, the total carrying charges recorded to December 31, 2010."]
[]
[]
[null,"b)","The estimated amount of the pooled residual net book value of the removed from service meters, less any net proceeds from sales and contributed capital, at the time when the smart meters will have been fully deployed (e.g., as of December 31, 2010).  If the smart meters have been fully deployed, the actual amount should be provided."]
[]
[]
[]
[]
[null,"c)","A description as to how the applicant intends to recover in rates the remaining costs for stranded meters, including the proposed accounting treatment, the proposed disposition period, and the associated bill impacts."]
[]
[]
[]
["Scenario B:  If the stranded meter costs remained recorded in Account 1860, the above table should be completed and the following information should be provided:"]
[]
[]
[1,"A description of the accounting treatment followed by the applicant on stranded meter costs for financial accounting and reporting purposes.  Midland PUC - stranded meters remained in Account #1860 and were depreciated with grouped assets in 2009, 2010, 2011 and 2012."]
[]
[]
[2,"The amount of the pooled residual net book value of the removed from service stranded meters, less any contributed capital (net of accumulated amortization), and less any net proceeds from sales, as of December 31, 2010. - Midland PUC - the NBV of the removed from service stranded meters at December 31, 2010 was $310,468 - please see schedule above."]
[]
[]
[]
[3,"A statement as to whether or not the recording of depreciation expenses continued in order to reduce the net book value through accumulated depreciation.  If so, provision of the total (cumulative) depreciation expense for the period from the time that the meters became stranded to December 31, 2010. Midland PUC - The recording of depreciation expenses continued in order to reduce the net book value through accumulated depreciation.  Midland PUC had substantially completed the installation of Smart Meters in 2009.  The total (cumulative) depreciation expense for 2009 and 2010 totaled $55,719.  Midland PUC continued to depreciate these assets in 2011 and 2012."]
[]
[]
[]
[4,"If no depreciation expenses were recorded to reduce the net book value of stranded meters through accumulated depreciation, the total (cumulative) depreciation expense amount that would have been applicable for the period from the time that the meters became stranded to December 31, 2010.  Midland PUC - N/A"]
[]
[]
[]
[5,"The estimated amount of the pooled residual net book value of the removed from service meters, less any net proceeds from sales and contributed capital, at the time when smart meters will have been fully deployed.  If the smart meters have been fully deployed, please provide the actual amount.  Midland PUC - the net book value of the removed from service meters at 2012 is $257,116 as shown in the above table."]
[]
[]
[]
[6,"A description as to how the applicant intends to recover in rates the costs for stranded meters, including the proposed accounting treatment, the proposed disposition period and the associated bill impacts.  Midland PUC is proposing to recover the stranded meter assets over 1 year as set out in the schedule  below."]
[]
[]
["Distributors should also provide the Net Book Value per class of meter as of December 31, 2010 as well as the number of meters that were removed / stranded.  In preparing this information, distributors should review the Board's letter of January 16, 2007 Stranded Meter Costs Related to the Installation of Smart Meters   which stated that records were to be kept of the type and number of each meter to support the stranded meter costs."]
[]
[]
[]
[]
[]
[]
[null,null,null,null,null,null,null,null,null,"Table 9.3.12"]
[]
[null,null,null,null,"Customer Class Rate Rider"]
[]
[]
[null,"Stranded Meter Costs",null,null,"Total Capital","Less:","Stranded"]
[null,null,null,null,"GL#1860","Industrial","Meters"]
[]
[]
[]
[null,"Capital Cost",null,null,1117459.6500000001,-316358.02400000003,{"$f":"+E105+F105","v":801101.62600000016}]
[]
[null,"Accumulated Amortization",null,null,739082.26,-195096.56807200005,{"$f":"+E107+F107","v":543985.69192799996}]
[]
[null,"Net Book Value",null,null,{"$f":"+E105-E107","v":378377.39000000013},{"$f":"+F105-F107","v":-121261.45592799998},{"$f":"+G105-G107","v":257115.93407200021}]
[]
[]
[null,null,null,null,"Residential","Commercial","Total"]
[]
[null,"Number of Customers - 2013 Forecast",null,null,6231,755,{"$f":"SUM(E114:F114)","v":6986}]
[]
[null,"Allocation of Meter Costs - 2007 CA Model",null,null,0.76502195880050838,0.23497804119949162,{"$f":"SUM(E116:F116)","v":1}]
[]
[null,"Stranded Assets - $",null,null,{"$f":"+G109*E116","v":196699.33552258398},{"$f":"+F116*G109","v":60416.598549416238},{"$f":"SUM(E118:F118)","v":257115.93407200021}]
[]
[null,"Stranded Meter Rate Rider per Customer Class (SMRR)",null,null,{"$f":"+E118/E114/12","v":2.6306549981621994},{"$f":"+F118/F114/12","v":6.6684987361386581}]
[]
[null,"Annual Cost",null,null,31.567859977946394,80.021984833663893]

{"sheet":"App.2-T_1592_Tax_Variance","index":31,"n_rows":52,"n_cols":7,"rows_kept":52,"cut":false,"hidden":false,"merged":[[22,0,22,2],[28,0,28,2],[51,1,52,4],[35,0,36,0],[40,0,41,0],[43,0,44,0],[46,0,49,0],[51,0,52,0],[35,1,36,4],[38,1,38,4],[46,1,49,4],[8,0,8,4],[9,0,9,4],[11,0,11,4],[13,0,15,2],[16,0,16,2],[17,0,17,2],[18,0,18,2],[19,0,19,2],[25,0,25,2],[43,1,44,4],[31,0,31,2],[40,1,41,4],[26,0,26,2],[27,0,27,2],[29,0,29,2],[30,0,30,2],[38,0,39,0],[20,0,20,2],[21,0,21,2],[23,0,23,2],[24,0,24,2]]}
[null,null,"File Number:",null,{"$f":"'LDC Info'!$E$18","v":"EB-2012-0147"}]
[null,null,"Exhibit:",null,9]
[null,null,"Tab:",null,2]
[null,null,"Schedule:",null,1]
[null,null,"Page:",null,"14 of 15"]
[]
[null,null,"Date:",null,"2012-08-31"]
[]
["Appendix 2-T"]
["Deferred PILs Account 1592 Balances",null,null,null,null,null,"Table 9.2.2"]
[]
["The following table should be completed based on the information requested below, in accordance with the notes following the table. An explanation should be provided for any blank entries."]
[]
["Tax Item",null,null,null,"Principal as of"]
[null,null,null,null,"December 31,"]
[null,null,null,null,2011]
["Large Corporation Tax grossed-up proxy from 2006 EDR application PILs model for the period from May 1, 2006 to April 30, 2007"]
["Large Corporation Tax grossed-up proxy from 2006 EDR application PILs model for the period from January 1, 2006 to April 30, 2006 (4/12ths of the approved grossed-up proxy), if not recorded in PILs account 1562"]
["Ontario Capital Tax rate decrease and increase in capital deduction for 2007"]
["Ontario Capital Tax rate decrease and increase in capital deduction for 2008"]
["Ontario Capital Tax rate decrease and increase in capital deduction for 2009"]
["Ontario Capital Tax rate decrease and increase in capital deduction for 2010"]
["Ontario Capital Tax rate decrease and increase in capital deduction for 2011"]
["Capital Cost Allowance class changes from 2006 EDR application for 2006"]
["Capital Cost Allowance class changes from 2006 EDR application for 2007"]
["Capital Cost Allowance class changes from 2006 EDR application for 2008"]
["Capital Cost Allowance class changes from 2006 EDR application for 2009"]
["Capital Cost Allowance class changes from 2006 EDR application for 2010"]
["Capital Cost Allowance class changes from 2006 EDR application for 2011"]
["PILs Tax Variance for 2006 and Subsequent Years - Sub-Account HST/OVAT Input Tax Credits (ITC's) - Represents 50% of the account balance at December 31, 2011",null,null,null,-17054.38]
["Carrying Charges",null,null,null,-505.89923540166672]
["Total",null,null,null,{"$f":"SUM(E17:E31)","v":-17560.279235401667}]
[]
["Notes:"]
[]
[1,"Revise the deferral and variance account continuity schedule to include account 1592 as a group 2 account and enter all relevant information for transactions, adjustments, etc., for all relevant years."]
[]
[]
[2,"Describe each type of tax item that has been recorded in account 1592."]
[]
[3,"Provide the calculations that show how each item was determined and provide any pertinent supporting evidence and documentation."]
[]
[]
[4,"Please state whether or not the applicant followed the guidance provided in the FAQ of July 2007.  If not, please provide an explanation."]
[]
[]
[5,"Identify the account balance as of December 31, 2011 as per the 2011 Audited Financial Statements.  Identify the account balance as of December 31, 2011 as per the April 2012 2.1.7 RRR filing to the Board.  Provide a reconciliation if the balances provided are not identical to each other and to the total shown on the continuity schedule."]
[]
[]
[]
[]
[6,"Complete the above table based on the answers to the previous.  Add rows as required to complete the analysis in an informative manner.  Please provide the completed table as a working Excel spreadsheet."]

{"sheet":"App.2-U_IFRS Transition Costs","index":32,"n_rows":36,"n_cols":12,"rows_kept":36,"cut":false,"hidden":false,"merged":[[22,0,22,2],[8,0,8,11],[9,0,9,11],[11,0,11,11],[13,0,15,2],[13,11,15,11],[16,0,16,2],[17,0,17,2],[18,0,18,2],[19,0,19,2],[20,0,20,2],[21,0,21,2],[38,0,39,0],[38,1,39,4],[23,0,23,2],[24,0,24,2],[25,0,25,2],[26,0,26,2],[27,0,27,2],[28,0,28,2],[29,0,29,2],[33,0,34,0],[33,1,34,11],[36,0,37,0],[36,1,36,4],[41,0,42,0],[41,1,42,4],[44,0,47,0],[44,1,47,4],[49,0,50,0],[49,1,50,4]]}
[null,null,null,null,null,null,null,null,null,"File Number:",{"$f":"'LDC Info'!$E$18","v":"EB-2012-0147"}]
[null,null,null,null,null,null,null,null,null,"Exhibit:",9]
[null,null,null,null,null,null,null,null,null,"Tab:",2]
[null,null,null,null,null,null,null,null,null,"Schedule:",1]
[null,null,null,null,null,null,null,null,null,"Page:","7 of 15"]
[]
[null,null,null,null,null,null,null,null,null,"Date:","2012-08-31"]
[null,null,null,null,null,null,"Table 9.2.1"]
["Appendix 2-U"]
["One-Time Incremental IFRS Transition Costs"]
[]
["The following table should be completed based on the information requested below. An explanation should be provided for any blank entries.  The entries should include one-time incremental IFRS transition costs that are currently included in Account 1508, Other Regulatory Assets, sub-account Deferred IFRS Transition Costs Account, or Account 1508, Other Regulatory Assets, sub-account IFRS Transition Costs Variance Account."]
[]
["Nature of One-Time Incremental IFRS Transition Costs 1",null,null,null,"Audited Actual","Audited Actual","Audited Actual","Audited Carrying","Total Audited","RRR 2.1.7","Variance 2","Reasons why the costs recorded meet the criteria of one-time IFRS administrative incremental costs"]
[null,null,null,null,"Costs Incurred","Costs Incurred","Costs Incurred","Charges","Actual Costs","Balance"]
[null,null,null,null,2009,2010,2011,"to Dec 31, 2011","to Dec 31, 2011","2011-12-31"]
["professional accounting fees",null,null,null,19099.16,17500,39504.36,null,{"$f":"SUM(E17:H17)","v":76103.520000000004},null,null,"Fees associated with preparation of position papers, compartmentalization of assets and draft of IFRS compliant financial statements"]
["professional legal fees",null,null,null,null,null,null,null,{"$f":"SUM(E18:H18)","v":0}]
["salaries, wages and benefits of staff added to support the transition to IFRS",null,null,null,1440,6936.49,19754.78,null,28131.269999999997,null,null,"Staff support dealing with updating financial records for IFRS compliance and conversion from GAAP"]
["associated staff training and development costs",null,null,null,7443.7699999999995,null,154.19999999999999,null,7597.9699999999993,null,null,"Training costs in 2009 and 2010 regarding IFRS transition"]
["costs related to system upgrades, or replacements or changes where IFRS was the major reason for conversion",null,null,null,null,null,null,null,0]
[null,null,null,null,null,null,null,null,0]
["IFRS Approved Recoveries from EB-2008-0236",null,null,null,-16666.72,-25000.080000000002,-25000.080000000002,null,-66666.880000000005,null,null,"Approved IFRS recoveries per 2009 COS Application  EB-2008-0236"]
[null,null,null,null,null,null,null,300.77,300.77]
[null,null,null,null,null,null,null,null,0]
[null,null,null,null,null,null,null,null,0]
[null,null,null,null,null,null,null,null,0]
[null,null,null,null,null,null,null,null,0]
["Insert description of additional item(s) and new rows if needed.",null,null,null,null,null,null,null,0]
["Total",null,null,null,{"$f":"SUM(E17:E29)","v":11316.21},{"$f":"SUM(F17:F29)","v":-563.59000000000378},{"$f":"SUM(G17:G29)","v":34413.259999999995},{"$f":"SUM(H17:H29)","v":300.77},{"$f":"SUM(I17:I29)","v":45466.65},45467,{"$f":"+I30-J30","v":-0.34999999999854481}]
[]
[]
["Note:"]
[1,"The Deferred IFRS Transition Costs Account and the IFRS Transition Costs Variance Account are exclusively for necessary, incremental transition costs and shall not include ongoing IFRS compliance costs or impacts arising from adopting accounting policy changes that reflect changes in the timing of the recognition of income. The incremental costs in these accounts shall not include costs related to system upgrades, or replacements or changes where IFRS was not the major reason for conversion. In addition, incremental IFRS costs shall not include capital assets or expenditures."]
[]
[2,"Applicants are to provide an explanation of material variances in evidence"]

{"sheet":"App.2-V_Rev_Reconciliation","index":33,"n_rows":34,"n_cols":16,"rows_kept":34,"cut":false,"hidden":false,"merged":[[33,0,34,13],[8,0,8,15],[11,10,12,10],[9,0,9,15],[11,5,11,6],[11,2,11,4],[11,12,12,12],[11,13,12,13],[11,14,12,14],[11,15,12,15],[11,1,12,1],[12,8,12,9],[11,7,11,9]]}
[null,null,null,null,null,null,null,null,null,null,null,null,null,null,"File Number:",{"$f":"'LDC Info'!$E$18","v":"EB-2012-0147"}]
[null,null,null,null,null,null,null,null,null,null,null,null,null,null,"Exhibit:",8]
[null,null,null,null,null,null,null,null,null,null,null,null,null,null,"Tab:",7]
[null,null,null,null,null,null,null,null,null,null,null,null,null,null,"Schedule:",1]
[null,null,null,null,null,null,null,null,null,null,null,null,null,null,"Page:","1 of 1"]
[]
[null,null,null,null,null,null,null,null,null,null,null,null,null,null,"Date:","2012-08-31"]
[null,null,null,null,null,null,null,"Table 8.7.1"]
["Appendix 2-V"]
["Revenue Reconciliation"]
[]
["Rate Class","Customers/ Connections","Number of Customers/Connections",null,null,"Test Year Consumption",null,"Proposed Rates",null,null,"Revenues at Proposed Rates",null,"Class Specific Revenue Requirement","Transformer Allowance Credit","Total","Difference"]
[null,null,"Start of Test Year","End of Test Year","Average","kWh","kW","Monthly Service Charge","Volumetric"]
[null,null,null,null,null,null,null,null,"kWh","kW"]
[]
["Residential","Customers",{"$f":"+D16","v":6230.682081810548},6230.682081810548,{"$f":"IF(SUM(C16:D16)=0,0,AVERAGE(C16:D16))","v":6230.682081810548},49351145.054443814,null,14.29,1.8700000000000001E-2,null,{"$f":"H16*E16*12+I16*F16+J16*G16","v":1991303.7759069721},null,1993003.7375833984,null,{"$f":"SUM(M16:N16)","v":1993003.7375833984},{"$f":"O16-K16","v":1699.9616764262319}]
["GS < 50 kW","Customers",{"$f":"+D17","v":754.6020044741731},754.6020044741731,754.6020044741731,23252817.671839457,null,24.38,1.7999999999999999E-2,null,639317.08052207425,null,638656.19911488518,null,638656.19911488518,-660.88140718906652]
["GS > 50 to 4,999 kW","Customers",112.8756183608468,112.75137363135872,112.81349599610276,118116818.34174852,287941.08010386297,76.209999999999994,null,3.7644000000000002,1187095.6003013377,null,1055023.8156208326,132000,1187023.8156208326,-71.784680505050346]
["Large Use",null,null,null,0,null,null,null,null,null,0,null,null,null,0,0]
["Streetlighting","Connections",{"$f":"+D20","v":2071.5329054971103},2071.5329054971103,2071.5329054971103,1312204.3689100153,3588.1393487989767,3.8439000000000001,null,8.8899000000000008,127451.38402217213,null,127451.51853894061,null,127451.51853894061,0.13451676847762428]
["Sentinel Lighting",null,null,null,0,null,null,null,null,null,0,null,null,null,0,0]
["Unmetered Scattered Load","Connections",{"$f":"+D22","v":12},12,12,411649.22059424751,null,10.3893,1.12E-2,null,6106.5304706555726,null,6094.3119243583442,null,6094.3119243583442,-12.218546297228386]
["Standby Power",null,null,null,0,null,null,null,null,null,0,null,null,null,0,0]
["Embedded Distributor Class",null,null,null,0,null,null,null,null,null,0,null,null,null,0,0]
["etc.",null,null,null,0,null,null,null,null,null,0,null,null,null,0,0]
[null,null,null,null,0,null,null,null,null,null,0,null,null,null,0,0]
[null,null,null,null,0,null,null,null,null,null,0,null,null,null,0,0]
[null,null,null,null,0,null,null,null,null,null,0,null,null,null,0,0]
[]
["Total",null,null,null,null,null,null,null,null,null,{"$f":"SUM(K16:K28)","v":3951274.3712232122},null,{"$f":"SUM(M16:M28)","v":3820229.5827824152},{"$f":"SUM(N16:N28)","v":132000},{"$f":"M30+N30","v":3952229.5827824152},{"$f":"O30-K30","v":955.2115592029877}]
[]
["Note"]
[]
["1       The class specific revenue requirements in column N must be the amounts used in the final rate design process.  The total of column N should equate to the proposed base revenue requirement"]

{"sheet":"App.2-W_Bill Impacts","index":34,"n_rows":328,"n_cols":20,"rows_kept":328,"cut":false,"hidden":false,"merged":[[203,1,203,3],[204,1,204,3],[160,5,160,7],[160,9,160,11],[160,13,160,14],[161,3,162,3],[161,13,162,13],[161,14,162,14],[140,1,140,3],[141,1,141,3],[146,1,146,3],[147,1,147,3],[156,3,156,14],[92,3,92,14],[96,5,96,7],[96,9,96,11],[96,13,96,14],[97,3,98,3],[97,13,98,13],[97,14,98,14],[18,13,19,13],[18,14,19,14],[2,0,2,10],[17,5,17,7],[17,9,17,11],[17,13,17,14],[13,3,13,14],[9,1,9,14],[10,1,10,14],[61,1,61,3],[67,1,67,3],[68,1,68,3],[62,1,62,3],[18,3,19,3],[213,3,213,14],[217,5,217,7],[217,9,217,11],[217,13,217,14],[218,3,219,3],[218,13,219,13],[218,14,219,14],[260,1,260,3],[261,1,261,3],[266,1,266,3],[267,1,267,3],[276,3,276,14],[323,1,323,3],[324,1,324,3],[280,5,280,7],[280,9,280,11],[280,13,280,14],[281,3,282,3],[281,13,282,13],[281,14,282,14]]}
[null,null,null,null,null,null,null,null,null,null,null,null,null,"File Number:",{"$f":"'LDC Info'!$E$18","v":"EB-2012-0147"},null,null,null,null,1]
[null,null,null,null,null,null,null,null,null,null,null,null,null,"Exhibit:",8]
[null,null,null,null,null,null,null,null,null,null,null,null,null,"Tab:"]
[null,null,null,null,null,null,null,null,null,null,null,null,null,"Schedule:"]
[null,null,null,null,null,null,null,null,null,null,null,null,null,"Page:","Appendix A Pages 2-6 of 6"]
[]
[null,null,null,null,null,null,null,null,null,null,null,null,null,"Date:","2012-08-31"]
[null,null,null,null,null,null,null,"Appendix A Exhibit 8"]
[]
[null,"Appendix 2-W"]
[null,"Bill Impacts"]
[]
[]
[null,"Customer Class:",null,"Residential",null,null,null,null,null,null,null,null,null,null,null,null,null,"Table 1.2.1"]
[]
[null,null,null,"Consumption",null,800," kWh"]
[]
[null,null,null,null,null,"Current Board-Approved",null,null,null,"Proposed",null,null,null,"Impact"]
[null,null,null,"Charge Unit",null,"Rate","Volume","Charge",null,"Rate","Volume","Charge",null,"$ Change","% Change"]
[null,null,null,null,null,"($)",null,"($)",null,"($)",null,"($)"]
[null,"Monthly Service Charge",null,"Monthly",null,11.78,1,{"$f":"G21*F21","v":11.78},null,14.29,1,{"$f":"K21*J21","v":14.29},null,{"$f":"L21-H21","v":2.5099999999999998},{"$f":"IF((H21)=0,\"\",(N21/H21))","v":0.21307300509337859}]
[null,"Smart Meter Rate Adder",null,"Monthly",null,3.18,1,{"$f":"G22*F22","v":3.18},null,null,1,{"$f":"K22*J22","v":0},null,{"$f":"L22-H22","v":-3.18},{"$f":"IF((H22)=0,\"\",(N22/H22))","v":-1}]
[null,null,null,null,null,null,1,0,null,null,1,{"$f":"K23*J23","v":0},null,{"$f":"L23-H23","v":0},{"$f":"IF((H23)=0,\"\",(N23/H23))","v":""}]
[null,null,null,null,null,null,1,0,null,null,1,0,null,0,""]
[null,null,null,null,null,null,1,0,null,null,1,0,null,0,""]
[null,null,null,null,null,null,1,0,null,null,1,0,null,0,""]
[null,"Distribution Volumetric Rate",null,"per kWh",null,1.9599999999999999E-2,{"$f":"$F$16","v":800},15.68,null,1.8700000000000001E-2,{"$f":"$F$16","v":800},14.96,null,-0.71999999999999886,-4.5918367346938702E-2]
[null,"Smart Meter Disposition Rider",null,"Monthly",null,-0.96,1,-0.96,null,null,1,0,null,0.96,-1]
[null,"LRAM & SSM Rate Rider",null,"per kWh",null,5.0000000000000002E-5,{"$f":"$F$16","v":800},0.04,null,null,{"$f":"$F$16","v":800},0,null,-0.04,-1]
[null,null,null,"Monthly",null,null,1,{"$f":"G30*F30","v":0},null,null,1,{"$f":"K30*J30","v":0},null,{"$f":"L30-H30","v":0},{"$f":"IF((H30)=0,\"\",(N30/H30))","v":""}]
[null,null,null,null,null,null,{"$f":"$F$16","v":800},{"$f":"G31*F31","v":0},null,null,800,{"$f":"K31*J31","v":0},null,{"$f":"L31-H31","v":0},{"$f":"IF((H31)=0,\"\",(N31/H31))","v":""}]
[null,null,null,null,null,null,800,{"$f":"G32*F32","v":0},null,null,800,{"$f":"K32*J32","v":0},null,{"$f":"L32-H32","v":0},{"$f":"IF((H32)=0,\"\",(N32/H32))","v":""}]
[null,null,null,null,null,null,800,0,null,null,800,0,null,0,""]
[null,null,null,null,null,null,800,0,null,null,800,0,null,0,""]
[null,null,null,null,null,null,800,0,null,null,800,0,null,0,""]
[null,null,null,null,null,null,800,0,null,null,800,0,null,0,""]
[null,"Sub-Total A",null,null,null,null,null,{"$f":"SUM(H21:H36)","v":29.72},null,null,null,{"$f":"SUM(L21:L36)","v":29.25},null,-0.46999999999999886,-1.5814266487213961E-2]
[null,"Deferral/Variance Account Disposition Rate Rider",null,"per kWh",null,-7.0000000000000001E-3,{"$f":"$F$16","v":800},{"$f":"G38*F38","v":-5.6000000000000005},null,1.3126531511613224E-3,{"$f":"$F$16","v":800},{"$f":"K38*J38","v":1.0501225209290579},null,{"$f":"L38-H38","v":6.6501225209290586},{"$f":"IF((H38)=0,\"\",(N38/H38))","v":-1.1875218787373318}]
[null,"Stranded Meter Rate Rider",null,"Monthly",null,null,1,{"$f":"G39*F39","v":0},null,2.6306549981621994,1,2.6306549981621994,null,2.6306549981621994,""]
[null,null,null,null,null,null,{"$f":"$F$16","v":800},{"$f":"G40*F40","v":0},null,null,{"$f":"$F$16","v":800},0,null,0,""]
[null,null,null,null,null,null,{"$f":"$F$16","v":800},{"$f":"G41*F41","v":0},null,null,{"$f":"$F$16","v":800},0,null,0,""]
[null,"Low Voltage Service Charge",null,"per kWh",null,1.5E-3,{"$f":"$F$16","v":800},{"$f":"G42*F42","v":1.2},null,2E-3,{"$f":"$F$16","v":800},1.6,null,0.40000000000000013,0.33333333333333348]
[null,null,null,null,null,null,null,null,null,null,null,0,null,0,""]
[null,"Sub-Total B - Distribution (includes Sub-Total A)",null,null,null,null,null,{"$f":"SUM(H38:H42)+H37","v":25.32},null,null,null,{"$f":"SUM(L38:L43)+L37","v":34.530777519091259},null,{"$f":"L44-H44","v":9.2107775190912591},{"$f":"IF((H44)=0,\"\",(N44/H44))","v":0.3637747835344099}]
[null,"RTSR - Network",null,"per kWh",null,5.7000000000000002E-3,{"$f":"F16*(1+F72)","v":852.07999999999993},{"$f":"G45*F45","v":4.8568559999999996},null,5.4816682792167672E-3,{"$f":"F16*(1+J72)","v":854.8},{"$f":"K45*J45","v":4.6857300450744921},null,-0.17112595492550753,-3.5233895121763448E-2]
[null,"RTSR - Line and Transformation Connection",null,"per kWh",null,4.7000000000000002E-3,{"$f":"G45","v":852.07999999999993},{"$f":"G46*F46","v":4.0047759999999997},null,4.5264235046010961E-3,{"$f":"K45","v":854.8},{"$f":"K46*J46","v":3.8691868117330168},null,-0.13558918826698285,-3.3856871961623534E-2]
[null,"Sub-Total C - Delivery (including Sub-Total B)",null,null,null,null,null,{"$f":"SUM(H44:H46)","v":34.181632},null,null,null,{"$f":"SUM(L44:L46)","v":43.085694375898768},null,8.9040623758987678,0.26049260538229324]
[null,"Wholesale Market Service Charge (WMSC)",null,null,null,5.1999999999999998E-3,{"$f":"G46","v":852.07999999999993},{"$f":"G48*F48","v":4.4308159999999992},null,5.1999999999999998E-3,{"$f":"K46","v":854.8},{"$f":"K48*J48","v":4.4449599999999991},null,1.4143999999999934E-2,3.1921885268988686E-3]
[null,"Rural and Remote Rate Protection (RRRP)",null,null,null,1.1000000000000001E-3,{"$f":"G46","v":852.07999999999993},0.93728800000000001,null,1.1000000000000001E-3,{"$f":"K46","v":854.8},0.94028,null,2.9919999999999947E-3,3.1921885268988768E-3]
[null,"Standard Supply Service Charge",null,null,null,0.25,1,0.25,null,0.25,1,0.25,null,0,0]
[null,"Debt Retirement Charge (DRC)",null,null,null,7.0000000000000001E-3,{"$f":"+F16","v":800},5.6000000000000005,null,7.0000000000000001E-3,{"$f":"+F16","v":800},5.6000000000000005,null,0,0]
[null,"Smart Meter Entity Charge",null,"Monthly",null,null,1,null,null,0.80600000000000005,1,0.80600000000000005,null,0.80600000000000005,""]
[null,"Energy - RPP - Tier 1",null,null,null,7.4999999999999997E-2,{"$f":"IF($T$1=1,IF($F$16>=600,600,IF($F$16<600,$F$16*(1+$F$72),$F$16-600)),IF($T$1=2,IF($F$16>=1000,1000,IF($F$16<1000,$F$16*(1+$F$72),$F$16-1000))))","v":600},{"$f":"G53*F53","v":45},null,7.3999999999999996E-2,{"$f":"IF($T$1=1,IF($F$16>=600,600,IF($F$16<600,$F$16*(1+$J$72),$F$16-600)),IF($T$1=2,IF($F$16>=1000,1000,IF($F$16<1000,$F$16*(1+$J$72),$F$16-1000))))","v":600},{"$f":"K53*J53","v":44.4},null,-0.60000000000000142,-1.3333333333333365E-2]
[null,"Energy - RPP - Tier 2",null,null,null,8.7999999999999995E-2,{"$f":"IF($T$1=1,IF($F$16>=600,$F$16*(1+$F$72)-600,IF($F$16<600,0,)), IF($T$1=2,IF($F$16>=1000,$F$16*(1+$F$72)-1000,IF($F$16<1000,0))))","v":252.07999999999993},{"$f":"G54*F54","v":22.183039999999991},null,8.6999999999999994E-2,{"$f":"IF($T$1=1,IF($F$16>=600,$F$16*(1+$J$72)-600,IF($F$16<600,0,)), IF($T$1=2,IF($F$16>=1000,$F$16*(1+$J$72)-1000,IF($F$16<1000,0))))","v":254.79999999999995},{"$f":"K54*J54","v":22.167599999999993},null,-1.5439999999998122E-2,-6.9602723522105758E-4]
[null,"TOU - Off Peak",null,null,null,6.5000000000000002E-2,{"$f":"0.64*$F$16*(1+$F$72)","v":545.33119999999997},35.446528000000001,null,6.3E-2,{"$f":"0.64*$F$16*(1+$J$72)","v":547.072},34.465536,null,-0.98099200000000053,-2.7675263427774942E-2]
[null,"TOU - Mid Peak",null,null,null,0.1,{"$f":"0.18*$F$16*(1+$F$72)","v":153.37439999999998},15.337439999999999,null,9.9000000000000005E-2,{"$f":"0.18*$F$16*(1+$J$72)","v":153.864},15.232536000000001,null,-0.10490399999999767,-6.8397333583699541E-3]
[null,"TOU - On Peak",null,null,null,0.11700000000000001,{"$f":"0.18*$F$16*(1+$F$72)","v":153.37439999999998},17.9448048,null,0.11799999999999999,{"$f":"0.18*$F$16*(1+$J$72)","v":153.864},18.155951999999999,null,0.2111471999999992,1.1766480736530452E-2]
[]
[null,"Total Bill on RPP (before Taxes)",null,null,null,null,null,{"$f":"SUM(H47:H54)","v":112.582776},null,null,null,{"$f":"SUM(L47:L54)","v":121.69453437589877},null,9.1117583758987735,8.0933857732365513E-2]
[null,"HST",null,null,null,0.13,null,{"$f":"H59*F60","v":14.635760879999999},null,0.13,null,{"$f":"L59*J60","v":15.820289468866841},null,{"$f":"L60-H60","v":1.1845285888668418},{"$f":"IF((H60)=0,\"\",(N60/H60))","v":8.0933857732365583E-2}]
[null,"Total Bill (including HST)",null,null,null,null,null,{"$f":"H59+H60","v":127.21853687999999},null,null,null,{"$f":"L59+L60","v":137.5148238447656},null,{"$f":"L61-H61","v":10.296286964765613},{"$f":"IF((H61)=0,\"\",(N61/H61))","v":8.0933857732365513E-2}]
[null,"Ontario Clean Energy Benefit 1",null,null,null,null,null,{"$f":"ROUND(-H61*10%,2)","v":-12.72},null,null,null,{"$f":"ROUND(-L61*10%,2)","v":-13.75},null,{"$f":"L62-H62","v":-1.0299999999999994},{"$f":"IF((H62)=0,\"\",(N62/H62))","v":8.0974842767295538E-2}]
[null,"Total Bill on RPP (including OCEB)",null,null,null,null,null,{"$f":"SUM(H61:H62)","v":114.49853687999999},null,null,null,{"$f":"SUM(L61:L62)","v":123.7648238447656},null,{"$f":"L63-H63","v":9.2662869647656123},{"$f":"IF((H63)=0,\"\",(N63/H63))","v":8.0929304576853503E-2}]
[]
[null,"Total Bill on TOU (before Taxes)",null,null,null,null,null,{"$f":"SUM(H47:H51,H55:H57)","v":114.12850880000001},null,null,null,{"$f":"SUM(L47:L52,L55:L57)","v":122.98095837589877},null,{"$f":"L65-H65","v":8.8524495758987598},{"$f":"IF((H65)=0,\"\",(N65/H65))","v":7.7565629035001984E-2}]
[null,"HST",null,null,null,0.13,null,{"$f":"H65*F66","v":14.836706144000001},null,0.13,null,{"$f":"L65*J66","v":15.98752458886684},null,1.1508184448668395,7.7565629035002026E-2]
[null,"Total Bill (including HST)",null,null,null,null,null,{"$f":"H65+H66","v":128.965214944},null,null,null,{"$f":"L65+L66","v":138.9684829647656},null,10.003268020765603,7.7565629035002026E-2]
[null,"Ontario Clean Energy Benefit 1",null,null,null,null,null,{"$f":"ROUND(-H67*10%,2)","v":-12.9},null,null,null,{"$f":"ROUND(-L67*10%,2)","v":-13.9},null,-1,7.7519379844961239E-2]
[null,"Total Bill on TOU (including OCEB)",null,null,null,null,null,{"$f":"H67+H68","v":116.06521494399999},null,null,null,{"$f":"L67+L68","v":125.06848296476559},null,9.0032680207656028,7.7570769374007253E-2]
[]
[]
[null,"Loss Factor (%)",null,null,null,6.5100000000000005E-2,null,null,null,6.8500000000000005E-2]
[]
["1 Applicable to eligible customers only.  Refer to the Ontario Clean Energy Benefit Act, 2010."]
[]
["Note that the \"Charge $\" columns provide breakdowns of the amounts that each bill component contributes to the total monthly bill at the referenced "]
["consumption level at existing and proposed rates."]
[]
["Applicants must provide bill impacts for residential at 800 kWh and GS<50kW at 2000 kWh. In addition, their filing should cover the range that is relevant"]
["to their service territory, class by class. A general guideline of consumption levels follows:"]
[]
["Residential (kWh) - 100, 250, 500, 800, 1000, 1500, 2000"]
["GS<50kW (kWh) - 1000, 2000, 5000, 10000, 15000"]
["GS>50kW (kW) - 60, 100, 500, 1000"]
["Large User - range appropriate for utility"]
["Lighting Classes and USL - 150 kWh and 1 kW, range appropriate for utility."]
[]
[]
[]
[]
[]
[]
[null,"Customer Class:",null,"General Service Less Than 50KW",null,null,null,null,null,null,null,null,null,null,null,null,null,"Table 1.2.1"]
[]
[null,null,null,"Consumption",null,2000," kWh"]
[]
[null,null,null,null,null,"Current Board-Approved",null,null,null,"Proposed",null,null,null,"Impact"]
[null,null,null,"Charge Unit",null,"Rate","Volume","Charge",null,"Rate","Volume","Charge",null,"$ Change","% Change"]
[null,null,null,null,null,"($)",null,"($)",null,"($)",null,"($)"]
[null,"Monthly Service Charge",null,"Monthly",null,14.86,1,{"$f":"G100*F100","v":14.86},null,24.38,1,{"$f":"K100*J100","v":24.38},null,{"$f":"L100-H100","v":9.52},{"$f":"IF((H100)=0,\"\",(N100/H100))","v":0.64064602960969042}]
[null,"Smart Meter Rate Adder",null,"Monthly",null,6.17,1,{"$f":"G101*F101","v":6.17},null,null,1,{"$f":"K101*J101","v":0},null,{"$f":"L101-H101","v":-6.17},{"$f":"IF((H101)=0,\"\",(N101/H101))","v":-1}]
[null,null,null,null,null,null,1,0,null,null,1,{"$f":"K102*J102","v":0},null,{"$f":"L102-H102","v":0},{"$f":"IF((H102)=0,\"\",(N102/H102))","v":""}]
[null,null,null,null,null,null,1,0,null,null,1,0,null,0,""]
[null,null,null,null,null,null,1,0,null,null,1,0,null,0,""]
[null,null,null,null,null,null,1,0,null,null,1,0,null,0,""]
[null,"Distribution Volumetric Rate",null,"per kWh",null,1.55E-2,{"$f":"+F95","v":2000},31,null,1.7999999999999999E-2,{"$f":"+G106","v":2000},36,null,5,0.16129032258064516]
[null,"Smart Meter Disposition Rider",null,"Monthly",null,5.34,1,5.34,null,null,{"$f":"+G107","v":1},0,null,-5.34,-1]
[null,"LRAM & SSM Rate Rider",null,"per kWh",null,2.0000000000000001E-4,{"$f":"+F95","v":2000},0.4,null,null,2000,0,null,-0.4,-1]
[null,null,null,"Monthly",null,null,1,0,null,null,1,0,null,0,""]
[null,null,null,null,null,null,{"$f":"+$F$95","v":2000},0,null,null,2000,0,null,0,""]
[null,null,null,null,null,null,2000,0,null,null,2000,0,null,0,""]
[null,null,null,null,null,null,2000,0,null,null,2000,0,null,0,""]
[null,null,null,null,null,null,2000,0,null,null,2000,0,null,0,""]
[null,null,null,null,null,null,2000,0,null,null,2000,0,null,0,""]
[null,null,null,null,null,null,2000,0,null,null,2000,0,null,0,""]
[null,"Sub-Total A",null,null,null,null,null,{"$f":"SUM(H100:H115)","v":57.77},null,null,null,{"$f":"SUM(L100:L115)","v":60.379999999999995},null,2.6099999999999923,4.5179158732906219E-2]
[null,"Deferral/Variance Account Disposition Rate Rider",null,"per kWh",null,-4.7999999999999996E-3,{"$f":"+F95","v":2000},{"$f":"G117*F117","v":-9.6},null,1.1881180868100381E-3,{"$f":"+F95","v":2000},{"$f":"K117*J117","v":2.3762361736200761},null,{"$f":"L117-H117","v":11.976236173620077},{"$f":"IF((H117)=0,\"\",(N117/H117))","v":-1.247524601418758}]
[null,"Stranded Meter Rate Rider",null,"Monthly",null,null,1,{"$f":"G118*F118","v":0},null,6.6684987361386581,1,6.6684987361386581,null,6.6684987361386581,""]
[null,null,null,null,null,null,{"$f":"+G117","v":2000},{"$f":"G119*F119","v":0},null,null,{"$f":"+F95","v":2000},0,null,0,""]
[null,null,null,null,null,null,{"$f":"+G119","v":2000},{"$f":"G120*F120","v":0},null,null,{"$f":"+F95","v":2000},0,null,0,""]
[null,"Low Voltage Service Charge",null,"per kWh",null,1.2999999999999999E-3,{"$f":"+G120","v":2000},{"$f":"G121*F121","v":2.6},null,1.8E-3,{"$f":"+F95","v":2000},3.6,null,1,0.38461538461538458]
[null,null,null,null,null,null,null,null,null,null,null,0,null,0,""]
[null,"Sub-Total B - Distribution (includes Sub-Total A)",null,null,null,null,null,{"$f":"SUM(H117:H121)+H116","v":50.77},null,null,null,{"$f":"SUM(L117:L122)+L116","v":73.024734909758735},null,{"$f":"L123-H123","v":22.254734909758731},{"$f":"IF((H123)=0,\"\",(N123/H123))","v":0.43834419755286053}]
[null,"RTSR - Network",null,"per kWh",null,5.1999999999999998E-3,{"$f":"F95*(1+F151)","v":2130.1999999999998},{"$f":"G124*F124","v":11.077039999999998},null,5.0008201845486303E-3,{"$f":"F95*(1+J151)","v":2137},{"$f":"K124*J124","v":10.686752734380423},null,-0.39028726561957505,-3.5233895121763135E-2]
[null,"RTSR - Line and Transformation Connection",null,"per kWh",null,4.3E-3,{"$f":"G124","v":2130.1999999999998},{"$f":"G125*F125","v":9.1598599999999983},null,4.141195972294621E-3,{"$f":"K124","v":2137},{"$f":"K125*J125","v":8.8497357927936058},null,-0.31012420720639255,-3.3856871961623063E-2]
[null,"Sub-Total C - Delivery (including Sub-Total B)",null,null,null,null,null,{"$f":"SUM(H123:H125)","v":71.006900000000002},null,null,null,{"$f":"SUM(L123:L125)","v":92.561223436932764},null,21.554323436932762,0.30355252006400452]
[null,"Wholesale Market Service Charge (WMSC)",null,null,null,5.1999999999999998E-3,{"$f":"G125","v":2130.1999999999998},{"$f":"G127*F127","v":11.077039999999998},null,5.1999999999999998E-3,{"$f":"K125","v":2137},{"$f":"K127*J127","v":11.112399999999999},null,3.5360000000000724E-2,3.1921885268989484E-3]
[null,"Rural and Remote Rate Protection (RRRP)",null,null,null,1.1000000000000001E-3,{"$f":"G125","v":2130.1999999999998},2.3432200000000001,null,1.1000000000000001E-3,{"$f":"K125","v":2137},2.3507000000000002,null,7.4800000000001532E-3,3.192188526898948E-3]
[null,"Standard Supply Service Charge",null,null,null,0.25,1,0.25,null,0.25,1,0.25,null,0,0]
[null,"Debt Retirement Charge (DRC)",null,null,null,7.0000000000000001E-3,{"$f":"+F95","v":2000},14,null,7.0000000000000001E-3,{"$f":"+F95","v":2000},14,null,0,0]
[null,"Smart Meter Entity Charge",null,"Monthly",null,null,null,null,null,0.80600000000000005,1,0.80600000000000005,null,{"$f":"L131-H131","v":0.80600000000000005},{"$f":"IF((H131)=0,\"\",(N131/H131))","v":""}]
[null,"Energy - RPP - Tier 1",null,null,null,7.4999999999999997E-2,{"$f":"IF($T$1=1,IF($F$95>=600,600,IF($F$95<600,$F$95*(1+$F$151),$F$16-600)),IF($T$1=2,IF($F$95>=1000,1000,IF($F$95<1000,$F$95*(1+$F$151),$F$95-1000))))","v":600},45,null,{"$f":"+J53","v":7.3999999999999996E-2},{"$f":"IF($T$1=1,IF($F$95>=600,600,IF($F$95<600,$F$95*(1+$J$151),$F$16-600)),IF($T$1=2,IF($F$95>=1000,1000,IF($F$95<1000,$F$95*(1+$J$151),$F$95-1000))))","v":600},44.4,null,-0.60000000000000142,-1.3333333333333365E-2]
[null,"Energy - RPP - Tier 2",null,null,null,8.7999999999999995E-2,{"$f":"IF($T$1=1,IF($F$95>=600,$F$95*(1+$F$151)-600,IF($F$95<600,0,)), IF($T$1=2,IF($F$95>=1000,$F$95*(1+$F$151)-1000,IF($F$95<1000,0))))","v":1530.1999999999998},134.65759999999997,null,{"$f":"+J54","v":8.6999999999999994E-2},{"$f":"IF($T$1=1,IF($F$95>=600,$F$95*(1+$J$151)-600,IF($F$95<600,0,)), IF($T$1=2,IF($F$95>=1000,$F$95*(1+$J$151)-1000,IF($F$95<1000,0))))","v":1537},133.71899999999999,null,-0.93859999999997967,-6.9702712657880419E-3]
[null,"TOU - Off Peak",null,null,null,6.5000000000000002E-2,{"$f":"0.64*$F$95*(1+$F$151)","v":1363.328},88.616320000000002,null,6.3E-2,{"$f":"0.64*$F$95*(1+$J$151)","v":1367.68},86.163840000000008,null,-2.4524799999999942,-2.7675263427774863E-2]
[null,"TOU - Mid Peak",null,null,null,0.1,{"$f":"0.18*$F$95*(1+$F$151)","v":383.43599999999998},38.343600000000002,null,9.9000000000000005E-2,{"$f":"0.18*$F$95*(1+$J$151)","v":384.66},38.081340000000004,null,-0.26225999999999772,-6.8397333583700461E-3]
[null,"TOU - On Peak",null,null,null,0.11700000000000001,{"$f":"0.18*$F$95*(1+$F$151)","v":383.43599999999998},44.862012,null,0.11799999999999999,{"$f":"0.18*$F$95*(1+$J$151)","v":384.66},45.389879999999998,null,0.52786799999999801,1.1766480736530452E-2]
[]
[null,"Total Bill on RPP (before Taxes)",null,null,null,null,null,{"$f":"SUM(H126:H133)","v":278.33475999999996},null,null,null,{"$f":"SUM(L126:L133)","v":299.19932343693279},null,{"$f":"L138-H138","v":20.864563436932826},{"$f":"IF((H138)=0,\"\",(N138/H138))","v":7.4962119129255822E-2}]
[null,"HST",null,null,null,0.13,null,{"$f":"H138*F139","v":36.183518799999995},null,0.13,null,{"$f":"L138*J139","v":38.895912046801264},null,{"$f":"L139-H139","v":2.7123932468012697},{"$f":"IF((H139)=0,\"\",(N139/H139))","v":7.4962119129255891E-2}]
[null,"Total Bill (including HST)",null,null,null,null,null,{"$f":"H138+H139","v":314.51827879999996},null,null,null,{"$f":"L138+L139","v":338.09523548373403},null,{"$f":"L140-H140","v":23.576956683734068},{"$f":"IF((H140)=0,\"\",(N140/H140))","v":7.4962119129255739E-2}]
[null,"Ontario Clean Energy Benefit 1",null,null,null,null,null,{"$f":"ROUND(-H140*10%,2)","v":-31.45},null,null,null,{"$f":"ROUND(-L140*10%,2)","v":-33.81},null,{"$f":"L141-H141","v":-2.360000000000003},{"$f":"IF((H141)=0,\"\",(N141/H141))","v":7.5039745627981019E-2}]
[null,"Total Bill on RPP (including OCEB)",null,null,null,null,null,{"$f":"SUM(H140:H141)","v":283.06827879999997},null,null,null,{"$f":"SUM(L140:L141)","v":304.28523548373403},null,{"$f":"L142-H142","v":21.216956683734054},{"$f":"IF((H142)=0,\"\",(N142/H142))","v":7.4953494519690619E-2}]
[]
[null,"Total Bill on TOU (before Taxes)",null,null,null,null,null,{"$f":"SUM(H126:H130,H134:H136)","v":270.49909200000002},null,null,null,{"$f":"SUM(L126:L131,L134:L136)","v":290.71538343693277},null,{"$f":"L144-H144","v":20.21629143693275},{"$f":"IF((H144)=0,\"\",(N144/H144))","v":7.4737002950578293E-2}]
[null,"HST",null,null,null,0.13,null,{"$f":"H144*F145","v":35.164881960000002},null,0.13,null,{"$f":"L144*J145","v":37.792999846801258},null,{"$f":"L145-H145","v":2.628117886801256},{"$f":"IF((H145)=0,\"\",(N145/H145))","v":7.4737002950578252E-2}]
[null,"Total Bill (including HST)",null,null,null,null,null,{"$f":"H144+H145","v":305.66397396000002},null,null,null,{"$f":"L144+L145","v":328.50838328373402},null,{"$f":"L146-H146","v":22.844409323733998},{"$f":"IF((H146)=0,\"\",(N146/H146))","v":7.4737002950578266E-2}]
[null,"Ontario Clean Energy Benefit 1",null,null,null,null,null,{"$f":"ROUND(-H146*10%,2)","v":-30.57},null,null,null,{"$f":"ROUND(-L146*10%,2)","v":-32.85},null,{"$f":"L147-H147","v":-2.2800000000000011},{"$f":"IF((H147)=0,\"\",(N147/H147))","v":7.4582924435721329E-2}]
[null,"Total Bill on TOU (including OCEB)",null,null,null,null,null,{"$f":"H146+H147","v":275.09397396000003},null,null,null,{"$f":"L146+L147","v":295.658383283734},null,{"$f":"L148-H148","v":20.564409323733969},{"$f":"IF((H148)=0,\"\",(N148/H148))","v":7.4754125027559237E-2}]
[]
[]
[null,"Loss Factor (%)",null,null,null,{"$f":"+F72","v":6.5100000000000005E-2},null,null,null,{"$f":"+J72","v":6.8500000000000005E-2}]
[]
[]
[]
[]
[]
[null,"Customer Class:",null,"General Service Greater Than 50KW"]
[]
[null,null,null,"Consumption",null,1095000," kWh",null,null,"Consumption",null,2500,"KW"]
[]
[null,null,null,null,null,"Current Board-Approved",null,null,null,"Proposed",null,null,null,"Impact"]
[null,null,null,"Charge Unit",null,"Rate","Volume","Charge",null,"Rate","Volume","Charge",null,"$ Change","% Change"]
[null,null,null,null,null,"($)",null,"($)",null,"($)",null,"($)"]
[null,"Monthly Service Charge",null,"Monthly",null,58.48,1,{"$f":"G164*F164","v":58.48},null,76.209999999999994,1,{"$f":"K164*J164","v":76.209999999999994},null,{"$f":"L164-H164","v":17.729999999999997},{"$f":"IF((H164)=0,\"\",(N164/H164))","v":0.30318057455540354}]
[null,"Smart Meter Rate Adder",null,null,null,null,1,{"$f":"G165*F165","v":0},null,null,1,{"$f":"K165*J165","v":0},null,{"$f":"L165-H165","v":0},{"$f":"IF((H165)=0,\"\",(N165/H165))","v":""}]
[null,null,null,null,null,null,1,0,null,null,1,{"$f":"K166*J166","v":0},null,{"$f":"L166-H166","v":0},{"$f":"IF((H166)=0,\"\",(N166/H166))","v":""}]
[null,null,null,null,null,null,1,0,null,null,1,0,null,0,""]
[null,null,null,null,null,null,1,0,null,null,1,0,null,0,""]
[null,null,null,null,null,null,1,0,null,null,1,0,null,0,""]
[null,"Distribution Volumetric Rate",null,"per kW",null,2.9954000000000001,{"$f":"+L159","v":2500},7488.5,null,3.7644000000000002,{"$f":"+G170","v":2500},9411,null,1922.5,0.25672698137143618]
[null,null,null,null,null,null,1,0,null,null,{"$f":"+G171","v":1},0,null,0,""]
[null,"LRAM & SSM Rate Rider",null,"per kW",null,9.2999999999999992E-3,{"$f":"+L159","v":2500},23.249999999999996,null,null,{"$f":"+G172","v":2500},0,null,-23.249999999999996,-1]
[null,null,null,null,null,null,1,0,null,null,{"$f":"+G173","v":1},0,null,0,""]
[null,null,null,null,null,null,null,0,null,null,null,0,null,0,""]
[null,null,null,null,null,null,null,0,null,null,null,0,null,0,""]
[null,null,null,null,null,null,null,0,null,null,null,0,null,0,""]
[null,null,null,null,null,null,null,0,null,null,null,0,null,0,""]
[null,null,null,null,null,null,null,0,null,null,null,0,null,0,""]
[null,null,null,null,null,null,null,0,null,null,null,0,null,0,""]
[null,"Sub-Total A",null,null,null,null,null,{"$f":"SUM(H164:H179)","v":7570.23},null,null,null,{"$f":"SUM(L164:L179)","v":9487.2099999999991},null,1916.9799999999996,0.25322612390904897]
[null,"Deferral/Variance Account Disposition Rate Rider",null,"per kW",null,-1.3786,{"$f":"+L159","v":2500},{"$f":"G181*F181","v":-3446.5},null,0.44403352337262197,{"$f":"+L159","v":2500},{"$f":"K181*J181","v":1110.0838084315549},null,{"$f":"L181-H181","v":4556.5838084315546},{"$f":"IF((H181)=0,\"\",(N181/H181))","v":-1.3220901808883083}]
[null,null,null,null,null,null,1,{"$f":"G182*F182","v":0},null,null,1,0,null,0,""]
[null,null,null,null,null,null,{"$f":"+L159","v":2500},{"$f":"G183*F183","v":0},null,null,{"$f":"+L159","v":2500},0,null,0,""]
[null,null,null,null,null,null,{"$f":"+L159","v":2500},{"$f":"G184*F184","v":0},null,null,{"$f":"+L159","v":2500},0,null,0,""]
[null,"Low Voltage Service Charge",null,"per kW",null,0.50119999999999998,{"$f":"+L159","v":2500},{"$f":"G185*F185","v":1253},null,0.72840000000000005,{"$f":"+L159","v":2500},1821.0000000000002,null,568.00000000000023,0.4533120510774144]
[null,null,null,"Monthly",null,null,null,null,null,null,1,0,null,0,""]
[null,"Sub-Total B - Distribution (includes Sub-Total A)",null,null,null,null,null,{"$f":"SUM(H181:H185)+H180","v":5376.73},null,null,null,{"$f":"SUM(L181:L186)+L180","v":12418.293808431554},null,{"$f":"L187-H187","v":7041.5638084315542},{"$f":"IF((H187)=0,\"\",(N187/H187))","v":1.3096368626342694}]
[null,"RTSR - Network",null,"per kW",null,2.1368,{"$f":"+L159","v":2500},{"$f":"G188*F188","v":5342},null,2.0549524173737526,{"$f":"+L159","v":2500},{"$f":"K188*J188","v":5137.3810434343814},null,-204.61895656561865,-3.8303810663724944E-2]
[null,"RTSR - Line and Transformation Connection",null,"per kW",null,1.6982999999999999,{"$f":"+L159","v":2500},{"$f":"G189*F189","v":4245.75},null,1.635579795290222,{"$f":"+L159","v":2500},{"$f":"K189*J189","v":4088.9494882255549},null,-156.80051177444511,-3.6931169233809132E-2]
[null,"Sub-Total C - Delivery (including Sub-Total B)",null,null,null,null,null,{"$f":"SUM(H187:H189)","v":14964.48},null,null,null,{"$f":"SUM(L187:L189)","v":21644.62434009149},null,6680.1443400914904,0.44640003128017081]
[null,"Wholesale Market Service Charge (WMSC)",null,"per kWh",null,5.1999999999999998E-3,{"$f":"+F159*(1+F208)","v":1166284.5},{"$f":"G191*F191","v":6064.6794},null,5.1999999999999998E-3,{"$f":"+F159*(1+J208)","v":1170007.5},{"$f":"K191*J191","v":6084.0389999999998},null,19.359599999999773,3.1921885268988452E-3]
[null,"Rural and Remote Rate Protection (RRRP)",null,"per kWh",null,1.1000000000000001E-3,{"$f":"F159*(1+F208)","v":1166284.5},1282.9129500000001,null,1.1000000000000001E-3,{"$f":"+F159*(1+J208)","v":1170007.5},1287.0082500000001,null,4.095299999999952,3.1921885268988448E-3]
[null,"Standard Supply Service Charge",null,"Monthly",null,0.25,1,0.25,null,0.25,1,0.25,null,0,0]
[null,"Debt Retirement Charge (DRC)",null,"per kWh",null,7.0000000000000001E-3,{"$f":"+F159","v":1095000},7665,null,7.0000000000000001E-3,{"$f":"+F159","v":1095000},7665,null,0,0]
[null,"Energy - RPP - Tier 1",null,null,null,7.4999999999999997E-2,null,0,null,{"$f":"+J132","v":7.3999999999999996E-2},null,0,null,0,""]
[null,"Energy - RPP - Tier 2",null,null,null,8.7999999999999995E-2,null,0,null,{"$f":"+J133","v":8.6999999999999994E-2},null,0,null,0,""]
[null,"Energy - Commodity COP",null,"per kWh",null,8.0689999999999998E-2,{"$f":"+G191","v":1166284.5},94107.496304999993,null,7.9319999999999988E-2,{"$f":"+K191","v":1170007.5},92804.994899999991,null,-1302.5014050000027,-1.384057015796732E-2]
[null," ",null,null,null,0.1,null,0,null,null,null,0,null,0,""]
[null," ",null,null,null,0.11700000000000001,null,0,null,null,null,0,null,0,""]
[]
[null,"Total Bill on Commodity COP",null,null,null,null,null,{"$f":"SUM(H190:H194,H197:H199)","v":124084.818655},null,null,null,{"$f":"SUM(L190:L194,L197:L199)","v":129485.91649009148},null,{"$f":"L201-H201","v":5401.0978350914811},{"$f":"IF((H201)=0,\"\",(N201/H201))","v":4.3527466886247042E-2}]
[null,"HST",null,null,null,0.13,null,{"$f":"H201*F202","v":16131.026425149999},null,0.13,null,{"$f":"L201*J202","v":16833.169143711893},null,{"$f":"L202-H202","v":702.14271856189407},{"$f":"IF((H202)=0,\"\",(N202/H202))","v":4.3527466886247132E-2}]
[null,"Total Bill (including HST)",null,null,null,null,null,{"$f":"H201+H202","v":140215.84508015},null,null,null,{"$f":"L201+L202","v":146319.08563380336},null,{"$f":"L203-H203","v":6103.2405536533624},{"$f":"IF((H203)=0,\"\",(N203/H203))","v":4.3527466886246959E-2}]
[null,"Ontario Clean Energy Benefit 1",null,null,null,null,null,{"$f":"ROUND(-H203*10%,2)","v":-14021.58},null,null,null,{"$f":"ROUND(-L203*10%,2)","v":-14631.91},null,{"$f":"L204-H204","v":-610.32999999999993},{"$f":"IF((H204)=0,\"\",(N204/H204))","v":4.3527904843819305E-2}]
[null,"Total Bill on TOU (including OCEB)",null,null,null,null,null,{"$f":"H203+H204","v":126194.26508015},null,null,null,{"$f":"L203+L204","v":131687.17563380336},null,{"$f":"L205-H205","v":5492.9105536533607},{"$f":"IF((H205)=0,\"\",(N205/H205))","v":4.3527418224311845E-2}]
[]
[]
[null,"Loss Factor (%)",null,null,null,6.5100000000000005E-2,null,null,null,6.8500000000000005E-2]
[]
[]
[]
[]
[]
[null,"Customer Class:",null,"Unmetered Scattered Load"]
[]
[null,null,null,"Consumption",null,275," kWh"]
[]
[null,null,null,null,null,"Current Board-Approved",null,null,null,"Proposed",null,null,null,"Impact"]
[null,null,null,"Charge Unit",null,"Rate","Volume","Charge",null,"Rate","Volume","Charge",null,"$ Change","% Change"]
[null,null,null,null,null,"($)",null,"($)",null,"($)",null,"($)"]
[null,"Monthly Service Charge",null,"Monthly",null,24.74,1,{"$f":"G221*F221","v":24.74},null,10.3893,1,{"$f":"K221*J221","v":10.3893},null,{"$f":"L221-H221","v":-14.350699999999998},{"$f":"IF((H221)=0,\"\",(N221/H221))","v":-0.5800606305578011}]
[null,"Smart Meter Rate Adder",null,null,null,null,1,{"$f":"G222*F222","v":0},null,null,1,{"$f":"K222*J222","v":0},null,{"$f":"L222-H222","v":0},{"$f":"IF((H222)=0,\"\",(N222/H222))","v":""}]
[null,null,null,null,null,null,1,0,null,null,1,{"$f":"K223*J223","v":0},null,{"$f":"L223-H223","v":0},{"$f":"IF((H223)=0,\"\",(N223/H223))","v":""}]
[null,null,null,null,null,null,1,0,null,null,1,0,null,0,""]
[null,null,null,null,null,null,1,0,null,null,1,0,null,0,""]
[null,null,null,null,null,null,1,0,null,null,1,0,null,0,""]
[null,"Distribution Volumetric Rate",null,"per kWh",null,2.6599999999999999E-2,{"$f":"+F216","v":275},7.3149999999999995,null,1.12E-2,{"$f":"+F216","v":275},3.08,null,-4.2349999999999994,-0.57894736842105254]
[null,null,null,null,null,null,1,0,null,null,1,0,null,0,""]
[null,null,null,null,null,null,{"$f":"+F216","v":275},0,null,null,{"$f":"+F216","v":275},0,null,0,""]
[null,null,null,null,null,null,1,0,null,null,1,0,null,0,""]
[null,null,null,null,null,null,{"$f":"+F216","v":275},0,null,null,{"$f":"+F216","v":275},0,null,0,""]
[null,null,null,null,null,null,{"$f":"+F216","v":275},0,null,null,{"$f":"+F216","v":275},0,null,0,""]
[null,null,null,null,null,null,{"$f":"+F216","v":275},0,null,null,{"$f":"+F216","v":275},0,null,0,""]
[null,null,null,null,null,null,{"$f":"+F216","v":275},0,null,null,{"$f":"+F216","v":275},0,null,0,""]
[null,null,null,null,null,null,{"$f":"+F216","v":275},0,null,null,{"$f":"+F216","v":275},0,null,0,""]
[null,null,null,null,null,null,{"$f":"+F216","v":275},0,null,null,{"$f":"+F216","v":275},0,null,0,""]
[null,"Sub-Total A",null,null,null,null,null,{"$f":"SUM(H221:H236)","v":32.055},null,null,null,{"$f":"SUM(L221:L236)","v":13.4693},null,-18.585699999999999,-0.57980658243643735]
[null,"Deferral/Variance Account Disposition Rate Rider",null,"per kWh",null,-6.6E-3,{"$f":"+F216","v":275},{"$f":"G238*F238","v":-1.8149999999999999},null,1.2331158305660126E-3,{"$f":"+F216","v":275},{"$f":"K238*J238","v":0.33910685340565344},null,{"$f":"L238-H238","v":2.1541068534056533},{"$f":"IF((H238)=0,\"\",(N238/H238))","v":-1.1868357319039413}]
[null,null,null,null,null,null,1,{"$f":"G239*F239","v":0},null,null,1,0,null,0,{"$f":"IF((H239)=0,\"\",(N239/H239))","v":""}]
[null,null,null,null,null,null,{"$f":"+F216","v":275},{"$f":"G240*F240","v":0},null,null,{"$f":"+F216","v":275},0,null,0,""]
[null,null,null,null,null,null,{"$f":"+F216","v":275},{"$f":"G241*F241","v":0},null,null,{"$f":"+F216","v":275},0,null,0,""]
[null,"Low Voltage Service Charge",null,"per kWh",null,1.2999999999999999E-3,{"$f":"+F216","v":275},{"$f":"G242*F242","v":0.35749999999999998},null,1.8E-3,{"$f":"+F216","v":275},0.495,null,0.13750000000000001,0.38461538461538464]
[null,"Smart Meter Entity Charge",null,"Monthly",null,null,null,null,null,null,1,0,null,0,""]
[null,"Sub-Total B - Distribution (includes Sub-Total A)",null,null,null,null,null,{"$f":"SUM(H238:H242)+H237","v":30.5975},null,null,null,{"$f":"SUM(L238:L243)+L237","v":14.303406853405654},null,{"$f":"L244-H244","v":-16.294093146594346},-0.5325302115072913]
[null,"RTSR - Network",null,"per kWh",null,5.1999999999999998E-3,{"$f":"F216*(1+F271)","v":292.90249999999997},{"$f":"G245*F245","v":1.5230929999999998},null,5.0008201845486303E-3,{"$f":"F216*(1+J271)","v":293.83749999999998},{"$f":"K245*J245","v":1.469428500977308},null,-5.366449902269177E-2,-3.5233895121763267E-2]
[null,"RTSR - Line and Transformation Connection",null,"per kWh",null,4.3E-3,{"$f":"G245","v":292.90249999999997},{"$f":"G246*F246","v":1.2594807499999998},null,4.141195972294621E-3,{"$f":"K245","v":293.83749999999998},{"$f":"K246*J246","v":1.2168386715091206},null,-4.2642078490879198E-2,-3.3856871961623236E-2]
[null,"Sub-Total C - Delivery (including Sub-Total B)",null,null,null,null,null,{"$f":"SUM(H244:H246)","v":33.380073750000001},null,null,null,{"$f":"SUM(L244:L246)","v":16.989674025892082},null,-16.390399724107919,-0.4910234724723434]
[null,"Wholesale Market Service Charge (WMSC)",null,null,null,5.1999999999999998E-3,{"$f":"G246","v":292.90249999999997},{"$f":"G248*F248","v":1.5230929999999998},null,5.1999999999999998E-3,{"$f":"K246","v":293.83749999999998},{"$f":"K248*J248","v":1.5279549999999997},null,4.8619999999999219E-3,3.1921885268988317E-3]
[null,"Rural and Remote Rate Protection (RRRP)",null,null,null,1.1000000000000001E-3,{"$f":"G246","v":292.90249999999997},0.32219274999999997,null,1.1000000000000001E-3,{"$f":"K246","v":293.83749999999998},0.32322125000000002,null,1.0285000000000433E-3,3.1921885268990174E-3]
[null,"Standard Supply Service Charge",null,null,null,0.25,1,0.25,null,0.25,1,0.25,null,0,0]
[null,"Debt Retirement Charge (DRC)",null,null,null,7.0000000000000001E-3,{"$f":"+F216","v":275},1.925,null,7.0000000000000001E-3,{"$f":"+F216","v":275},1.925,null,0,0]
[null,"Energy - RPP - Tier 1",null,null,null,7.4999999999999997E-2,{"$f":"IF($T$1=1,IF($F$216=600,600,IF($F$216<600,$F$216*(1+$F$271),$F$216-600)),IF($T$1=2,IF($F$216>=1000,1000,IF($F$216<1000,$F$216*(1+$F$271),$F$216-1000))))","v":292.90249999999997},21.967687499999997,null,{"$f":"+J132","v":7.3999999999999996E-2},{"$f":"IF($T$1=1,IF($F$216=600,600,IF($F$216<600,$F$216*(1+$J$271),$F$216-600)),IF($T$1=2,IF($F$216>=1000,1000,IF($F$216<1000,$F$216*(1+$J$271),$F$216-1000))))","v":293.83749999999998},21.743974999999999,null,-0.22371249999999776,-1.0183707320126335E-2]
[null,"Energy - RPP - Tier 2",null,null,null,8.7999999999999995E-2,{"$f":"IF($T$1=1,IF($F$216=600,$F$216*(1+$F$271)-600,IF($F$216<600,0,)), IF($T$1=2,IF($F$216>=1000,$F$216*(1+$F$271)-1000,IF($F$216<1000,0))))","v":0},0,null,{"$f":"+J133","v":8.6999999999999994E-2},{"$f":"IF($T$1=1,IF($F$216=600,$F$216*(1+$J$271)-600,IF($F$216<600,0,)), IF($T$1=2,IF($F$216>=1000,$F$216*(1+$J$271)-1000,IF($F$216<1000,0))))","v":0},0,null,0,""]
[null,"TOU - Off Peak",null,null,null,6.5000000000000002E-2,{"$f":"0.64*$F$216*(1+$F$271)","v":187.45759999999999},12.184744,null,6.3E-2,{"$f":"0.64*$F$216*(1+$J$271)","v":188.05600000000001},11.847528000000001,null,-0.33721599999999974,-2.7675263427774908E-2]
[null,"TOU - Mid Peak",null,null,null,0.1,{"$f":"0.18*$F$216*(1+$F$271)","v":52.722449999999995},5.2722449999999998,null,9.9000000000000005E-2,{"$f":"0.18*$F$216*(1+$J$271)","v":52.890749999999997},5.23618425,null,-3.6060749999999864E-2,-6.8397333583700808E-3]
[null,"TOU - On Peak",null,null,null,0.11700000000000001,{"$f":"0.18*$F$216*(1+$F$271)","v":52.722449999999995},6.1685266499999996,null,0.11799999999999999,{"$f":"0.18*$F$216*(1+$J$271)","v":52.890749999999997},6.2411084999999993,null,7.2581849999999726E-2,1.1766480736530454E-2]
[]
[null,"Total Bill on RPP (before Taxes)",null,null,null,null,null,{"$f":"SUM(H247:H253)","v":59.368046999999997},null,null,null,{"$f":"SUM(L247:L253)","v":42.759825275892084},null,{"$f":"L258-H258","v":-16.608221724107914},{"$f":"IF((H258)=0,\"\",(N258/H258))","v":-0.27975017814057307}]
[null,"HST",null,null,null,0.13,null,{"$f":"H258*F259","v":7.71784611},null,0.13,null,{"$f":"L258*J259","v":5.558777285865971},null,{"$f":"L259-H259","v":-2.159068824134029},{"$f":"IF((H259)=0,\"\",(N259/H259))","v":-0.27975017814057307}]
[null,"Total Bill (including HST)",null,null,null,null,null,{"$f":"H258+H259","v":67.085893110000001},null,null,null,{"$f":"L258+L259","v":48.318602561758055},null,{"$f":"L260-H260","v":-18.767290548241945},{"$f":"IF((H260)=0,\"\",(N260/H260))","v":-0.27975017814057307}]
[null,"Ontario Clean Energy Benefit 1",null,null,null,null,null,{"$f":"ROUND(-H260*10%,2)","v":-6.71},null,null,null,{"$f":"ROUND(-L260*10%,2)","v":-4.83},null,{"$f":"L261-H261","v":1.88},{"$f":"IF((H261)=0,\"\",(N261/H261))","v":-0.28017883755588674}]
[null,"Total Bill on RPP (including OCEB)",null,null,null,null,null,{"$f":"SUM(H260:H261)","v":60.37589311},null,null,null,{"$f":"SUM(L260:L261)","v":43.488602561758057},null,{"$f":"L262-H262","v":-16.887290548241943},{"$f":"IF((H262)=0,\"\",(N262/H262))","v":-0.27970253818812524}]
[]
[null,"Total Bill on TOU (before Taxes)",null,null,null,null,null,{"$f":"SUM(H247:H251,H254:H256)","v":61.025875149999997},null,null,null,{"$f":"SUM(L247:L251,L254:L256)","v":44.340671025892078},null,{"$f":"L264-H264","v":-16.685204124107919},{"$f":"IF((H264)=0,\"\",(N264/H264))","v":-0.27341195981370403}]
[null,"HST",null,null,null,0.13,null,{"$f":"H264*F265","v":7.9333637694999997},null,0.13,null,{"$f":"L264*J265","v":5.7642872333659705},null,{"$f":"L265-H265","v":-2.1690765361340292},{"$f":"IF((H265)=0,\"\",(N265/H265))","v":-0.27341195981370398}]
[null,"Total Bill (including HST)",null,null,null,null,null,{"$f":"H264+H265","v":68.959238919499995},null,null,null,{"$f":"L264+L265","v":50.104958259258048},null,{"$f":"L266-H266","v":-18.854280660241947},{"$f":"IF((H266)=0,\"\",(N266/H266))","v":-0.27341195981370403}]
[null,"Ontario Clean Energy Benefit 1",null,null,null,null,null,{"$f":"ROUND(-H266*10%,2)","v":-6.9},null,null,null,{"$f":"ROUND(-L266*10%,2)","v":-5.01},null,{"$f":"L267-H267","v":1.8900000000000006},{"$f":"IF((H267)=0,\"\",(N267/H267))","v":-0.27391304347826095}]
[null,"Total Bill on TOU (including OCEB)",null,null,null,null,null,{"$f":"H266+H267","v":62.059238919499997},null,null,null,{"$f":"L266+L267","v":45.09495825925805},null,{"$f":"L268-H268","v":-16.964280660241947},{"$f":"IF((H268)=0,\"\",(N268/H268))","v":-0.27335624728248964}]
[]
[]
[null,"Loss Factor (%)",null,null,null,6.5100000000000005E-2,null,null,null,6.8500000000000005E-2]
[]
[]
[]
[]
[]
[null,"Customer Class:",null,"Streetlights"]
[]
[null,null,null,"Consumption",null,108831," kWh",null,null,"Consumption",null,295,"KW"]
[]
[null,null,null,null,null,"Current Board-Approved",null,null,null,"Proposed",null,null,null,"Impact"]
[null,null,null,"Charge Unit",null,"Rate","Volume","Charge",null,"Rate","Volume","Charge",null,"$ Change","% Change"]
[null,null,null,null,null,"($)",null,"($)",null,"($)",null,"($)"]
[null,"Monthly Service Charge",null,"Monthly",null,3.73,1500,{"$f":"G284*F284","v":5595},null,3.8439000000000001,{"$f":"+G284","v":1500},{"$f":"K284*J284","v":5765.85},null,{"$f":"L284-H284","v":170.85000000000036},{"$f":"IF((H284)=0,\"\",(N284/H284))","v":3.053619302949068E-2}]
[null,"Smart Meter Rate Adder",null,null,null,null,1,{"$f":"G285*F285","v":0},null,null,1,{"$f":"K285*J285","v":0},null,{"$f":"L285-H285","v":0},{"$f":"IF((H285)=0,\"\",(N285/H285))","v":""}]
[null,null,null,null,null,null,1,0,null,null,1,{"$f":"K286*J286","v":0},null,{"$f":"L286-H286","v":0},{"$f":"IF((H286)=0,\"\",(N286/H286))","v":""}]
[null,null,null,null,null,null,1,0,null,null,1,0,null,0,""]
[null,null,null,null,null,null,1,0,null,null,1,0,null,0,""]
[null,null,null,null,null,null,1,0,null,null,1,0,null,0,""]
[null,"Distribution Volumetric Rate",null,"per kW",null,8.6265000000000001,{"$f":"+L279","v":295},2544.8175000000001,null,8.8899000000000008,{"$f":"+G290","v":295},2622.5205000000001,null,77.702999999999975,3.0533820205181698E-2]
[null,null,null,null,null,null,1,0,null,null,{"$f":"+G291","v":1},0,null,0,""]
[null,null,null,null,null,null,{"$f":"+L279","v":295},0,null,null,{"$f":"+G292","v":295},0,null,0,""]
[null,null,null,null,null,null,1,0,null,null,{"$f":"+G293","v":1},0,null,0,""]
[null,null,null,null,null,null,null,0,null,null,null,0,null,0,""]
[null,null,null,null,null,null,null,0,null,null,null,0,null,0,""]
[null,null,null,null,null,null,null,0,null,null,null,0,null,0,""]
[null,null,null,null,null,null,null,0,null,null,null,0,null,0,""]
[null,null,null,null,null,null,null,0,null,null,null,0,null,0,""]
[null,null,null,null,null,null,null,0,null,null,null,0,null,0,""]
[null,"Sub-Total A",null,null,null,null,null,{"$f":"SUM(H284:H299)","v":8139.8175000000001},null,null,null,{"$f":"SUM(L284:L299)","v":8388.3705000000009},null,248.55300000000079,3.0535451194083994E-2]
[null,"Deferral/Variance Account Disposition Rate Rider",null,"per kW",null,1.2999999999999999E-3,{"$f":"+L279","v":295},{"$f":"G301*F301","v":0.38350000000000001},null,0.49104487869636165,{"$f":"+L279","v":295},{"$f":"K301*J301","v":144.85823921542669},null,{"$f":"L301-H301","v":144.47473921542669},{"$f":"IF((H301)=0,\"\",(N301/H301))","v":376.72682976643205}]
[null,null,null,null,null,null,1,{"$f":"G302*F302","v":0},null,null,1,0,null,0,""]
[null,null,null,null,null,null,{"$f":"+L279","v":295},{"$f":"G303*F303","v":0},null,null,{"$f":"+L279","v":295},0,null,0,""]
[null,null,null,null,null,null,{"$f":"+L279","v":295},{"$f":"G304*F304","v":0},null,null,{"$f":"+L279","v":295},0,null,0,""]
[null,"Low Voltage Service Charge",null,"per kW",null,0.38729999999999998,{"$f":"+L279","v":295},{"$f":"G305*F305","v":114.25349999999999},null,0.56310000000000004,{"$f":"+L279","v":295},166.11450000000002,null,51.861000000000033,0.45391169635941164]
[null,"Smart Meter Entity Charge",null,"Monthly",null,null,null,null,null,null,1,0,null,0,""]
[null,"Sub-Total B - Distribution (includes Sub-Total A)",null,null,null,null,null,{"$f":"SUM(H301:H305)+H300","v":8254.4544999999998},null,null,null,{"$f":"SUM(L301:L306)+L300","v":8699.3432392154282},null,{"$f":"L307-H307","v":444.88873921542836},{"$f":"IF((H307)=0,\"\",(N307/H307))","v":5.3896806774503196E-2}]
[null,"RTSR - Network",null,"per kW",null,1.6115999999999999,{"$f":"+L279","v":295},{"$f":"G308*F308","v":475.42199999999997},null,1.5498695787343406,{"$f":"+L279","v":295},{"$f":"K308*J308","v":457.2115257266305},null,-18.210474273369471,-3.8303810663725013E-2]
[null,"RTSR - Line and Transformation Connection",null,"per kW",null,1.3129,{"$f":"+L279","v":295},{"$f":"G309*F309","v":387.30549999999999},null,1.2644130679129322,{"$f":"+L279","v":295},{"$f":"K309*J309","v":373.00185503431499},null,-14.30364496568501,-3.6931169233808993E-2]
[null,"Sub-Total C - Delivery (including Sub-Total B)",null,null,null,null,null,{"$f":"SUM(H307:H309)","v":9117.1820000000007},null,null,null,{"$f":"SUM(L307:L309)","v":9529.5566199763743},null,412.37461997637365,4.5230491173300434E-2]
[null,"Wholesale Market Service Charge (WMSC)",null,"per kWh",null,5.1999999999999998E-3,{"$f":"+F279*(1+F328)","v":115915.89809999999},{"$f":"G311*F311","v":602.76267011999994},null,5.1999999999999998E-3,{"$f":"+F279*(1+J328)","v":116285.9235},{"$f":"K311*J311","v":604.68680219999999},null,1.9241320800000494,3.1921885268989649E-3]
[null,"Rural and Remote Rate Protection (RRRP)",null,"per kWh",null,1.1000000000000001E-3,{"$f":"F279*(1+F328)","v":115915.89809999999},127.50748790999999,null,1.1000000000000001E-3,{"$f":"+F279*(1+J328)","v":116285.9235},127.91451585000002,null,0.40702794000002029,3.1921885268990421E-3]
[null,"Standard Supply Service Charge",null,"Monthly",null,0.25,1,0.25,null,0.25,1,0.25,null,0,0]
[null,"Debt Retirement Charge (DRC)",null,"per kWh",null,7.0000000000000001E-3,{"$f":"+F279","v":108831},761.81700000000001,null,7.0000000000000001E-3,{"$f":"+F279","v":108831},761.81700000000001,null,0,0]
[null,"Energy - RPP - Tier 1",null,null,null,7.4999999999999997E-2,null,0,null,7.4999999999999997E-2,null,0,null,0,""]
[null,"Energy - RPP - Tier 2",null,null,null,8.7999999999999995E-2,null,0,null,8.7999999999999995E-2,null,0,null,0,""]
[null,"Energy - Commodity COP",null,"per kWh",null,8.0689999999999998E-2,{"$f":"+G314","v":108831},8781.5733899999996,null,7.9319999999999988E-2,{"$f":"+K314","v":108831},8632.4749199999987,null,-149.09847000000082,-1.6978559920684193E-2]
[null," ",null,null,null,0.1,null,0,null,0.1,null,0,null,0,""]
[null," ",null,null,null,0.11700000000000001,null,0,null,0.11700000000000001,null,0,null,0,""]
[]
[null,"Total Bill on Commodity COP",null,null,null,null,null,{"$f":"SUM(H310:H314,H317:H319)","v":19391.092548029999},null,null,null,{"$f":"SUM(L310:L314,L317:L319)","v":19656.699858026375},null,{"$f":"L321-H321","v":265.60730999637599},{"$f":"IF((H321)=0,\"\",(N321/H321))","v":1.3697387567951134E-2}]
[null,"HST",null,null,null,0.13,null,{"$f":"H321*F322","v":2520.8420312438998},null,0.13,null,{"$f":"L321*J322","v":2555.370981543429},null,{"$f":"L322-H322","v":34.528950299529242},{"$f":"IF((H322)=0,\"\",(N322/H322))","v":1.3697387567951278E-2}]
[null,"Total Bill (including HST)",null,null,null,null,null,{"$f":"H321+H322","v":21911.9345792739},null,null,null,{"$f":"L321+L322","v":22212.070839569806},null,{"$f":"L323-H323","v":300.13626029590523},{"$f":"IF((H323)=0,\"\",(N323/H323))","v":1.369738756795115E-2}]
[null,"Ontario Clean Energy Benefit 1",null,null,null,null,null,{"$f":"ROUND(-H323*10%,2)","v":-2191.19},null,null,null,{"$f":"ROUND(-L323*10%,2)","v":-2221.21},null,{"$f":"L324-H324","v":-30.019999999999982},{"$f":"IF((H324)=0,\"\",(N324/H324))","v":1.3700318091995664E-2}]
[null,"Total Bill on TOU (including OCEB)",null,null,null,null,null,{"$f":"H323+H324","v":19720.744579273902},null,null,null,{"$f":"L323+L324","v":19990.860839569807},null,{"$f":"L325-H325","v":270.11626029590479},{"$f":"IF((H325)=0,\"\",(N325/H325))","v":1.3697061954739348E-2}]
[]
[]
[null,"Loss Factor (%)",null,null,null,6.5100000000000005E-2,null,null,null,6.8500000000000005E-2]

{"sheet":"App.2-X_CoS_Flowchart","index":35,"n_rows":16,"n_cols":7,"rows_kept":16,"cut":false,"hidden":false,"merged":[[15,1,15,6],[12,1,12,6],[13,1,13,6]]}
[null,null,null,null,null,"File Number:",{"$f":"'LDC Info'!$E$18","v":"EB-2012-0147"}]
[null,null,null,null,null,"Exhibit:"]
[null,null,null,null,null,"Tab:"]
[null,null,null,null,null,"Schedule:"]
[null,null,null,null,null,"Page:"]
[]
[null,null,null,null,null,"Date:"]
[]
[]
[]
[]
[]
[null,"Appendix 2-X"]
[null,"Cost of Service Rate Application Schematic"]
[]
[null,"The Cost of Service Rate Application Schematic is a flowchart appended to Chapter 2 of the Filing Requirements as a guide for the components of an application and how demand and costs interrelate to derive the revenue requirement and then how the revenue requirement is allocated between classes and through fixed/variable splits to derive rates that will be compensatory for the annual revenue requirement, based on the the forecasted demand.  There is no form to be filled out; therefore, this Schedule is not required to be filed. "]