{"text_format":"1","workbook":"xlsx","n_sheets":66,"sheets":["LDC Info","Index","App.2-A_Capital Projects","App.2-B_Fixed Asset Contin 09","App.2-B_Fixed Asset Contin 10","App.2-B_Fixed Asset 11","App.2-B_F Asset 12 CGAAP","App.2-B_F Asset 12-MIFRS","App.2-B_F Asset 13 MIFRS","App.2-CE_CGAAP_DepExp_2011","App.2-CF_CGAAP_DepExp_2012","App.2-CG_MIFRS_DepExp_2012","App.2-CG_MIFRS_DepExp_2013","App.2-D_Overhead","App.2-EB_PP&E Deferral Account","App.2-F_Other_Oper_Rev","App.2-G_Detailed_OM&A_Expenses","App.2-H_OM&A_Detailed_Analysis","App.2-I_OM&A_Summary_Analys","App.2-J_OM&A_Cost _Drivers","App.2-K_Employee Costs","App.2-L_OM&A_per_Cust_FTEE","App.2-M_Regulatory_Costs","App.2-N_Shared Services 13","App.2-N_Shared Services 12","App.2-N Shared Services 11","App.2-N_Shared Services 10","App.2-N_Shared Services 09","App.2-OA Capital Structure 09","App.2-OA Capital Structure 10","App.2-OA Capital Structure 11","App.2-OA Capital Structure 12","App.2-OA Capital Structure 13","App.2-OB_Debt Instruments 12","App.2-OB_Debt Instruments 09","App.2-P_Cost_Allocation","App.2-Q_Cost of Serv. Emb. Dx","App.2-R_Loss Factors","App.2-S_Stranded Meters","App.2-T_1592_Tax_Variance","App.2-U_IFRS Transition Costs","App.2-V_Rev_Reconciliation","App.2-W_Bill Impact - Res 100","App.2-W_Bill Impact - Res 250","App.2-W_Bill Impact - Res 500","App.2-W_Bill Impact - Res 800","App.2-W_Bill Impact - Res 1000","App.2-W_Bill Impact - Res 1500","App.2-W_Bill Impact - Res 2000","App.2-W_Bill Impact - GS<50- 1k","App.2-W_Bill Impact - GS<50-2k","App.2W - Bill Impact GS<50 3000","App.2-W_Bill Impact - GS<50-5k","App.2-W_Bill Impact - GS<50-10k","App.2-W_Bill Impact - GS<50-15k","Ap.2-W_Bill Impact-GS50-499-15k","Ap.2-W_Bill Impact-GS50-499-20k","Ap.2-W_Bill Impact-GS50-499-50k","Ap.2-W_Bill Impact-GS50-499-125","Ap.2-W_Bill Impact-GS50-499-250","2-W Bill Impact 500-4999 All","App.2-W_Bill Impact Lge Use 15k","App.2-W_Bill Impact St light  1","App.2-W_Bill Impact Sentinel","App.2-W_Bill Impact Unmetered ","App.2-X_CoS_Flowchart"],"not_rendered":{"charts":0,"images":3,"macros":1,"external_links":2,"defined_names":57,"comments":23,"pivot_tables":0},"unopened":[],"bounds":{"document_bytes":16777216,"sheet_cells":100000,"rows_first":2000,"rows_last":500,"rows_between":2000,"halvings":0,"cell_chars":16384,"cell_head_chars":4096},"cells_cut":0,"cells_raw":0,"read":"whole","date_system":"1900"}

{"sheet":"LDC Info","index":0,"n_rows":80,"n_cols":27,"rows_kept":80,"cut":false,"hidden":false,"merged":[[19,4,19,10],[33,2,33,11],[37,2,37,12],[13,4,13,10],[15,4,15,8],[17,4,17,8],[21,4,21,8],[23,4,23,8],[25,4,25,6],[27,4,27,6],[35,2,35,13],[29,4,29,6]]}
[]
[]
[null,null,null,null,null,null,null,null,null,null,null,null,null,null,null,null,null,null,null,null,null,null,null,null,null,null,"Algoma Power Inc."]
[null,null,null,null,null,null,null,null,null,null,null,null,null,null,null,null,null,null,null,null,null,null,null,null,null,null,"Atikokan Hydro Inc."]
[null,null,null,null,null,null,null,null,null,null,null,null,null,null,null,null,null,null,null,null,null,null,null,null,null,null,"Attawapiskat Power Corporation"]
[null,null,null,null,null,null,null,null,null,null,null,null,null,null,null,null,null,null,null,null,null,null,null,null,null,null,"Bluewater Power Distribution Corp."]
[null,null,null,null,null,null,null,null,null,null,null,null,null,null,null,null,null,null,null,null,null,null,null,null,null,null,"Brant County Power"]
[null,null,null,null,null,null,null,null,null,null,null,null,null,null,null,null,null,null,null,null,null,null,null,null,null,null,"Brantford Power Inc."]
[null,null,null,null,null,null,null,null,null,null,null,null,null,null,null,null,null,null,null,null,null,null,null,null,null,null,"Burlington Hydro Inc."]
[null,null,null,null,null,null,null,null,null,null,null,null,null,null,null,null,null,null,null,null,null,null,null,null,null,null,"Cambridge and North Dumfries Hydro"]
[null,null,null,null,null,null,null,null,null,null,null,null,null,null,null,null,null,null,null,null,null,null,null,null,null,null,"Canadian Niagara Power Inc. – Eastern Ontario Power/Fort Erie/Port Colborne"]
[null,null,null,null,null,null,null,null,null,null,null,null,null,null,null,null,null,null,null,null,null,null,null,null,null,null,"Centre Wellington Hydro Ltd."]
[null,null,null,null,null,null,null,null,null,null,null,null,null,"Version 1.1",null,null,null,null,null,null,null,null,null,null,null,null,"Chapleau Public Utilities Corporation"]
[null,null,null,"Utility Name   ","West Coast Huron Energy Inc.",null,null,null,null,null,null,null,null,null,null,null,null,null,null,null,null,null,null,null,null,null,"COLLUS Power Corp."]
[null,null,null,null,null,null,null,null,null,null,null,null,null,null,null,null,null,null,null,null,null,null,null,null,null,null,"Cooperative Hydro Embrun Inc."]
[null,null,null,"Service Territory",null,null,null,null,null,null,null,null,null,null,null,null,null,null,null,null,null,null,null,null,null,null,"E.L.K. Energy Inc."]
[null,null,null,null,null,null,null,null,null,null,null,null,null,null,null,null,null,null,null,null,null,null,null,null,null,null,"Enersource Hydro Mississauga Inc."]
[null,null,null,"Assigned EB Number","EB-2012-0175",null,null,null,null,null,null,null,null,null,null,null,null,null,null,null,null,null,null,null,null,null,"Entegrus Powerlines Inc."]
[null,null,null,null,null,null,null,null,null,null,null,null,null,null,null,null,null,null,null,null,null,null,null,null,null,null,"ENWIN Utilities Ltd."]
[null,null,null,"Name of Contact and Title","wally curry",null,null,null,null,null,null,null,null,null,null,null,null,null,null,null,null,null,null,null,null,null,"Erie Thames Powerlines Corp."]
[null,null,null,null,null,null,null,null,null,null,null,null,null,null,null,null,null,null,null,null,null,null,null,null,null,null,"Espanola Regional Hydro Distribution Corporation"]
[null,null,null,"Phone Number   ","226-234-4102",null,null,null,null,null,null,null,null,null,null,null,null,null,null,null,null,null,null,null,null,null,"Essex Powerlines Corporation"]
[null,null,null,null,null,null,null,null,null,null,null,null,null,null,null,null,null,null,null,null,null,null,null,null,null,null,"Festival Hydro Inc."]
[null,null,null,"Email Address   ","wcurry@erfthcorp.com",null,null,null,null,null,null,null,null,null,null,null,null,null,null,null,null,null,null,null,null,null,"Fort Albany Power Corporation"]
[null,null,null,null,null,null,null,null,null,null,null,null,null,null,null,null,null,null,null,null,null,null,null,null,null,null,"Fort Frances Power Corporation"]
[null,null,null,"Bridge Year",2012,null,null,null,null,null,null,null,null,null,null,null,null,null,null,null,null,null,null,null,null,null,"Greater Sudbury Hydro Inc."]
[null,null,null,null,null,null,null,null,null,null,null,null,null,null,null,null,null,null,null,null,null,null,null,null,null,null,"Grimsby Power Inc."]
[null,null,null,"Test Year",2013,null,null,null,null,null,null,null,null,null,null,null,null,null,null,null,null,null,null,null,null,null,"Guelph Hydro Electric Systems Inc."]
[null,null,null,null,null,null,null,null,null,null,null,null,null,null,null,null,null,null,null,null,null,null,null,null,null,null,"Haldimand County Hydro Inc."]
[null,null,null,"Last Rebasing Year",2009,null,null,null,null,null,null,null,null,null,null,null,null,null,null,null,null,null,null,null,null,null,"Guelph Hydro Electric Systems Inc."]
[null,null,null,null,null,null,null,null,null,null,null,null,null,null,null,null,null,null,null,null,null,null,null,null,null,null,"Halton Hills Hydro Inc."]
[null,"Notes",null,null,null,null,null,null,null,null,null,null,null,null,null,null,null,null,null,null,null,null,null,null,null,null,"Hearst Power Distribution Co. Ltd."]
[null,null,null,null,null,null,null,null,null,null,null,null,null,null,null,null,null,null,null,null,null,null,null,null,null,null,"Horizon Utilities Corporation"]
[null,null,"Pale green cells represent input cells.",null,null,null,null,null,null,null,null,null,null,null,null,null,null,null,null,null,null,null,null,null,null,null,"Hydro 2000 Inc."]
[null,null,null,null,null,null,null,null,null,null,null,null,null,null,null,null,null,null,null,null,null,null,null,null,null,null,"Hydro Hawkesbury Inc."]
[null,null,"Pale blue cells represent drop-down lists.  The applicant should select the appropriate item from the drop-down list.",null,null,null,null,null,null,null,null,null,null,null,null,null,null,null,null,null,null,null,null,null,null,null,"Hydro One Brampton Networks Inc."]
[null,null,null,null,null,null,null,null,null,null,null,null,null,null,null,null,null,null,null,null,null,null,null,null,null,null,"Hydro One Networks Inc."]
[null,null,"White cells contain fixed values, automatically generated values or formulae. ",null,null,null,null,null,null,null,null,null,null,null,null,null,null,null,null,null,null,null,null,null,null,null,"Hydro One Remote Communities Inc."]
[null,null,null,null,null,null,null,null,null,null,null,null,null,null,null,null,null,null,null,null,null,null,null,null,null,null,"Hydro Ottawa Limited"]
[null,null,null,null,null,null,null,null,null,null,null,null,null,null,null,null,null,null,null,null,null,null,null,null,null,null,"Innisfil Hydro Dist. Systems Limited"]
[null,null,null,null,null,null,null,null,null,null,null,null,null,null,null,null,null,null,null,null,null,null,null,null,null,null,"Kashechewan Power Corporation"]
[null,null,null,null,null,null,null,null,null,null,null,null,null,null,null,null,null,null,null,null,null,null,null,null,null,null,"Kenora Hydro Electric Corporation Ltd."]
[null,null,null,null,null,null,null,null,null,null,null,null,null,null,null,null,null,null,null,null,null,null,null,null,null,null,"Kingston Hydro Corporation"]
[null,null,null,null,null,null,null,null,null,null,null,null,null,null,null,null,null,null,null,null,null,null,null,null,null,null,"Kitchener-Wilmot Hydro Inc."]
[null,null,null,null,null,null,null,null,null,null,null,null,null,null,null,null,null,null,null,null,null,null,null,null,null,null,"Lakefront Utilities Inc."]
[null,null,null,null,null,null,null,null,null,null,null,null,null,null,null,null,null,null,null,null,null,null,null,null,null,null,"Lakeland Power Distribution Ltd."]
[null,null,null,null,null,null,null,null,null,null,null,null,null,null,null,null,null,null,null,null,null,null,null,null,null,null,"London Hydro Inc."]
[null,null,null,null,null,null,null,null,null,null,null,null,null,null,null,null,null,null,null,null,null,null,null,null,null,null,"Midland Power Utility Corporation"]
[null,null,null,null,null,null,null,null,null,null,null,null,null,null,null,null,null,null,null,null,null,null,null,null,null,null,"Milton Hydro Distribution Inc."]
[null,null,null,null,null,null,null,null,null,null,null,null,null,null,null,null,null,null,null,null,null,null,null,null,null,null,"Newmarket – Tay Power Distribution Ltd."]
[null,null,null,null,null,null,null,null,null,null,null,null,null,null,null,null,null,null,null,null,null,null,null,null,null,null,"Niagara Peninsula Energy Inc."]
[null,null,null,null,null,null,null,null,null,null,null,null,null,null,null,null,null,null,null,null,null,null,null,null,null,null,"Niagara-on-the-Lake Hydro Inc."]
[null,null,null,null,null,null,null,null,null,null,null,null,null,null,null,null,null,null,null,null,null,null,null,null,null,null,"Norfolk Power Distribution Ltd."]
[null,null,null,null,null,null,null,null,null,null,null,null,null,null,null,null,null,null,null,null,null,null,null,null,null,null,"North Bay Hydro Distribution Limited"]
[null,null,null,null,null,null,null,null,null,null,null,null,null,null,null,null,null,null,null,null,null,null,null,null,null,null,"Northern Ontario Wires Inc."]
[null,null,null,null,null,null,null,null,null,null,null,null,null,null,null,null,null,null,null,null,null,null,null,null,null,null,"Oakville Hydro Distribution Inc."]
[null,null,null,null,null,null,null,null,null,null,null,null,null,null,null,null,null,null,null,null,null,null,null,null,null,null,"Orangeville Hydro Limited"]
[null,null,null,null,null,null,null,null,null,null,null,null,null,null,null,null,null,null,null,null,null,null,null,null,null,null,"Orillia Power Distribution Corp."]
[null,null,null,null,null,null,null,null,null,null,null,null,null,null,null,null,null,null,null,null,null,null,null,null,null,null,"Oshawa PUC Networks Inc."]
[null,null,null,null,null,null,null,null,null,null,null,null,null,null,null,null,null,null,null,null,null,null,null,null,null,null,"Ottawa River Power Corporation"]
[null,null,null,null,null,null,null,null,null,null,null,null,null,null,null,null,null,null,null,null,null,null,null,null,null,null,"Parry Sound Power Corporation"]
[null,null,null,null,null,null,null,null,null,null,null,null,null,null,null,null,null,null,null,null,null,null,null,null,null,null,"Peterborough Distribution Inc."]
[null,null,null,null,null,null,null,null,null,null,null,null,null,null,null,null,null,null,null,null,null,null,null,null,null,null,"PowerStream Inc."]
[null,null,null,null,null,null,null,null,null,null,null,null,null,null,null,null,null,null,null,null,null,null,null,null,null,null,"PUC Distribution Inc."]
[null,null,null,null,null,null,null,null,null,null,null,null,null,null,null,null,null,null,null,null,null,null,null,null,null,null,"Renfrew Hydro Inc."]
[null,null,null,null,null,null,null,null,null,null,null,null,null,null,null,null,null,null,null,null,null,null,null,null,null,null,"Rideau St. Lawrence Distribution Inc."]
[null,null,null,null,null,null,null,null,null,null,null,null,null,null,null,null,null,null,null,null,null,null,null,null,null,null,"St. Thomas Energy Inc."]
[null,null,null,null,null,null,null,null,null,null,null,null,null,null,null,null,null,null,null,null,null,null,null,null,null,null,"Sioux Lookout Hydro Inc."]
[null,null,null,null,null,null,null,null,null,null,null,null,null,null,null,null,null,null,null,null,null,null,null,null,null,null,"Thunder Bay Hydro Electricity Distribution"]
[null,null,null,null,null,null,null,null,null,null,null,null,null,null,null,null,null,null,null,null,null,null,null,null,null,null,"Tillsonburg Hydro Inc."]
[null,null,null,null,null,null,null,null,null,null,null,null,null,null,null,null,null,null,null,null,null,null,null,null,null,null,"Toronto Hydro-Electric System Limited"]
[null,null,null,null,null,null,null,null,null,null,null,null,null,null,null,null,null,null,null,null,null,null,null,null,null,null,"Veridian Connections Inc."]
[null,null,null,null,null,null,null,null,null,null,null,null,null,null,null,null,null,null,null,null,null,null,null,null,null,null,"Wasaga Distribution Inc."]
[null,null,null,null,null,null,null,null,null,null,null,null,null,null,null,null,null,null,null,null,null,null,null,null,null,null,"Waterloo North Hydro Inc."]
[null,null,null,null,null,null,null,null,null,null,null,null,null,null,null,null,null,null,null,null,null,null,null,null,null,null,"Welland Hydro Electric System Corp."]
[null,null,null,null,null,null,null,null,null,null,null,null,null,null,null,null,null,null,null,null,null,null,null,null,null,null,"Wellington North Power Inc."]
[null,null,null,null,null,null,null,null,null,null,null,null,null,null,null,null,null,null,null,null,null,null,null,null,null,null,"West Coast Huron Energy Inc."]
[null,null,null,null,null,null,null,null,null,null,null,null,null,null,null,null,null,null,null,null,null,null,null,null,null,null,"Westario Power Inc."]
[null,null,null,null,null,null,null,null,null,null,null,null,null,null,null,null,null,null,null,null,null,null,null,null,null,null,"Whitby Hydro Electric Corporation"]
[null,null,null,null,null,null,null,null,null,null,null,null,null,null,null,null,null,null,null,null,null,null,null,null,null,null,"Woodstock Hydro Services Inc."]

{"sheet":"Index","index":1,"n_rows":32,"n_cols":6,"rows_kept":32,"cut":false,"hidden":false,"merged":[]}
[]
[]
[]
[]
[]
[]
[]
[]
[]
[]
[]
[]
[]
[]
[1,"LDC Information Sheet",null,null,19,"Appendix 2-H OM&A Detailed Analysis"]
[2,"Index",null,null,20,"Appendix 2-I OM&A Summary Analysis"]
[3,"Appendix 2-A Capital Projects",null,null,21,"Appendix 2-J OM&A Cost  Drivers"]
[4,"Appendix 2-B Fixed Asset Continuity",null,null,22,"Appendix 2-K Employee Costs"]
[5,"Appendix 2-CA CGAAP Depreciation Expense 2011",null,null,23,"Appendix 2-L OM&A per Cust FTEE"]
[6,"Appendix 2-CB MIFRS Depreciation Expense 2011",null,null,24,"Appendix 2-M Regulatory Costs"]
[7,"Appendix 2-CC MIFRS Depreciation Expense 2012",null,null,25,"Appendix 2-N Corp Cost Allocation"]
[8,"Appendix 2-CD MIFRS Depreciation Expense 2013",null,null,26,"Appendix 2-OA Capital Structure and Cost of Capital"]
[9,"Appendix 2-CE CGAAP Depreciation Expense 2011",null,null,27,"Appendix 2-OB Debt Instruments"]
[10,"Appendix 2-CF CGAAP Depreciation Expense 2012",null,null,28,"Appendix 2-P Cost Allocation"]
[11,"Appendix 2-CG MIFRS Depreciation Expense 2012",null,null,29,"Appendix 2-Q Cost of Service Embedded Distributor"]
[12,"Appendix 2-CH MIFRS Depreciation Expense 2013",null,null,30,"Appendix 2-R Loss Factors"]
[13,"Appendix 2-CI Alternative Accounting Standards Depreciation Expense",null,null,31,"Appendix 2-S Stranded Meters"]
[14,"Appendix 2-D Overhead",null,null,32,"Appendix 2-T 1592 Tax Variance"]
[15,"Appendix 2-EA PP&E Deferral Account - 2012 IFRS Adopters",null,null,33,"Appendix 2-U IFRS Transition Costs"]
[16,"Appendix 2-EB PP&E Deferral Account - 2013 IFRS Adopters",null,null,34,"Appendix 2-V Rev Reconciliation"]
[17,"Appendix 2-F Other Operating Revenue",null,null,35,"Appendix 2-W Bill Impacts"]
[18,"Appendix 2-G Detailed OM&A Expenses",null,null,36,"Appendix 2-X CoS Flowchart"]

{"sheet":"App.2-A_Capital Projects","index":2,"n_rows":98,"n_cols":8,"rows_kept":98,"cut":false,"hidden":false,"merged":[[11,0,11,7],[99,0,100,8],[9,0,9,7],[8,0,8,7],[95,0,95,7],[97,0,97,7]]}
[null,null,null,null,null,null,"File Number:",{"$f":"'LDC Info'!$E$18","v":"EB-2012-0175"}]
[null,null,null,null,null,null,"Exhibit:"]
[null,null,null,null,null,null,"Tab:"]
[null,null,null,null,null,null,"Schedule:"]
[null,null,null,null,null,null,"Page:"]
[]
[null,null,null,null,null,null,"Date:"]
[]
["Appendix 2-A"]
["Capital Projects Table"]
[]
[]
["Projects",{"$f":"IF(ISBLANK('LDC Info'!E26), \"Year 1\", 'LDC Info'!E26-5)","v":2007},{"$f":"IF(ISBLANK('LDC Info'!E26), \"Year 2\", 'LDC Info'!E26-4)","v":2008},{"$f":"IF(ISBLANK('LDC Info'!E26), \"Year 3\", 'LDC Info'!E26-3)","v":2009},{"$f":"IF(ISBLANK('LDC Info'!E26), \"Year 4\", 'LDC Info'!E26-2)","v":2010},{"$f":"IF(ISBLANK('LDC Info'!E26), \"Year 5\", 'LDC Info'!E26-1)","v":2011},{"$f":"'LDC Info'!E26 & \" Bridge Year\"","v":"2012 Bridge Year"},{"$f":"'LDC Info'!E28 & \" Test Year\"","v":"2013 Test Year"}]
["Reporting Basis",null,null,"CGAAP","CGAAP","CGAAP","CGAAP","MIFRS"]
["Line Upgrade"]
["      Overhead lines",null,null,null,null,null,1700000]
["       Transformers",null,null,null,null,null,100000]
[]
[]
[]
["Sub-Total",{"$f":"SUM(B16:B20)","v":0},{"$f":"SUM(C16:C20)","v":0},0,0,0,1800000,0]
["New Operations Building"]
["       Building",null,null,null,null,null,910000,200000]
["       Land",null,null,null,null,null,90000]
[]
[]
[]
["Sub-Total",{"$f":"SUM(B23:B27)","v":0},0,0,0,0,1000000,200000]
["Ongoing upgrades due to tornado"]
["    Overhead lines",null,null,null,null,null,625000,650000]
["    Underground",null,null,null,null,null,800000]
["    Transformers",null,null,null,null,null,{"$f":"75000+200000","v":275000},200000]
["    Office equipment replaced",null,null,null,null,37485]
["Sub-Total",{"$f":"SUM(B30:B33)","v":0},0,0,0,37485,1700000,850000]
["Tornado Repairs - regular labour and truck time"]
["     Overhead lines",null,null,null,null,59191]
["Sub-Total",null,null,null,null,{"$f":"SUM(F36)","v":59191}]
["Conversions and Upgrades"]
["   Poles, towers and fixtures",null,null,811,null,3797,30000,30000]
["   Overhead lines",null,null,1724,null,2286,20000,270000]
["   Underground conduit",null,null,8313,null,4902,5000,5000]
["   Underground lines",null,null,14501,null,5080,null,20000]
["   Transformers",null,null,23489,null,20151,null,{"$f":"124000+75000","v":199000}]
["   Services",null,null,725,null,139]
["Sub-Total",{"$f":"SUM(B39:B44)","v":0},0,49563,0,36355,55000,524000]
["Replace Line Truck/Bucket truck"]
["   Transportation equipment",null,null,326071,null,null,null,300000]
[]
["Sub-Total",{"$f":"SUM(B46:B47)","v":0},0,326071,0,0,0,300000]
["Releave 31 M3 27.6kv constraints on South Loop"]
["by introducing 31 M4 27.6 circuit"]
["    Overhead lines",null,null,131681,37974,124889]
["    Transformers",null,null,76932,37555,9434]
["    Poles, towers and fixtures",null,null,81634,65669,47279]
["    Services",null,null,6804,9451,2701]
["    UG lines",null,null,172424,3435,1928]
["    UG conduit",null,null,4338,3166,795]
["Sub-Total",null,null,{"$f":"SUM(D52:D57)","v":473813},{"$f":"SUM(E52:E57)","v":157250},{"$f":"SUM(F52:F57)","v":187026}]
["Line extension"]
["   Overhead lines",null,null,null,null,null,120000,120000]
[]
["Sub-Total",null,null,null,null,null,{"$f":"SUM(G60:G61)","v":120000},{"$f":"SUM(H60:H61)","v":120000}]
["New Meter Service Point"]
["      Meter",null,null,null,null,null,100000]
[]
["Sub-Total",null,null,null,null,null,{"$f":"SUM(G64:G65)","v":100000},{"$f":"SUM(H64:H65)","v":0}]
["Leasehold Improvements"]
["     Leasehold improvements",null,null,null,128450,3181]
["Sub-Total",null,null,null,{"$f":"SUM(E68)","v":128450},{"$f":"SUM(F68)","v":3181}]
["New Customer Connections"]
["    Transformers",null,null,4287,27507,35247,80000,60000]
["     Services",null,null,6787,10009,12376,20000,20000]
["     UG Conduit",null,null,4918,26,10976]
["     UG lines",null,null,9209,3014,14973]
["     Overhead lines",null,null,null,null,6224]
["     Poles, towers and fixtures",null,null,null,null,234]
["Sub-Total",null,null,{"$f":"SUM(D71:D76)","v":25201},{"$f":"SUM(E71:E74)","v":40556},{"$f":"SUM(F71:F76)","v":80030},{"$f":"SUM(G71:G72)","v":100000},{"$f":"SUM(H71:H72)","v":80000}]
["Tools, truck and equipment replacement"]
["    Computer hardware",null,null,9586,3276,7622,15000]
["    Transportation equipment",null,null,null,33526,56350,65000]
["    Tools",null,null,8577,3252,13872,10000,8500]
[]
["Sub-Total",null,null,{"$f":"SUM(D79:D82)","v":18163},40054,77844,{"$f":"SUM(G79:G82)","v":90000},{"$f":"SUM(H79:H82)","v":8500}]
["Pole replacements"]
["    Poles, towers and fixtures",null,null,null,30919]
["Sub-Total",null,null,null,{"$f":"SUM(E85)","v":30919}]
["Smart Meters - internal regular labour costs"]
["     Smart meters",null,null,null,98909,10478]
["Sub-Total",null,null,null,{"$f":"SUM(E88)","v":98909},{"$f":"SUM(F88)","v":10478}]
["Miscellaneous",null,null,1735,11661,null,50000,40000]
["Total",{"$f":"SUMPRODUCT(--($A15:$A90=\"Sub-Total\"), B$15:B$90)+B90","v":0},{"$f":"SUMPRODUCT(--($A15:$A90=\"Sub-Total\"), C$15:C$90)+C90","v":0},{"$f":"SUMPRODUCT(--($A15:$A90=\"Sub-Total\"), D$15:D$90)+D90","v":894546},{"$f":"SUMPRODUCT(--($A15:$A90=\"Sub-Total\"), E$15:E$90)+E90","v":507799},{"$f":"SUMPRODUCT(--($A15:$A90=\"Sub-Total\"), F$15:F$90)+F90","v":491590},{"$f":"+G21+G28+G34+G45+G49+G66+G62+G77+G83+G90","v":5015000},{"$f":"+H21+H28+H34+H45+H49+H66+H62+H77+H83+H90","v":2122500}]
[]
[]
["Notes:"]
[]
["1   Please provide a breakdown of the major components of each capital project.  Please ensure that all projects below the materiality threshold are included in the miscellaneous line.  Add more projects as required."]
[]
["2   Amounts should be reported on a MIFRS basis for the adoption year and any subsequent years, only."]

{"sheet":"App.2-B_Fixed Asset Contin 09","index":3,"n_rows":72,"n_cols":14,"rows_kept":72,"cut":false,"hidden":false,"merged":[[9,0,9,13],[8,0,8,13],[63,1,64,13],[69,1,69,13],[13,4,13,7],[66,1,67,13]]}
[null,null,null,null,null,null,null,null,null,null,null,null,"File Number:",{"$f":"'LDC Info'!$E$18","v":"EB-2012-0175"}]
[null,null,null,null,null,null,null,null,null,null,null,null,"Exhibit:"]
[null,null,null,null,null,null,null,null,null,null,null,null,"Tab:"]
[null,null,null,null,null,null,null,null,null,null,null,null,"Schedule:"]
[null,null,null,null,null,null,null,null,null,null,null,null,"Page:"]
[]
[null,null,null,null,null,null,null,null,null,null,null,null,"Date:"]
[]
["Appendix 2-B"]
["Fixed Asset Continuity Schedule"]
[]
[null,null,null,null,null,"Year ","2009 CGAAP"]
[]
[null,null,null,null,"Cost",null,null,null,null,null,"Accumulated Depreciation"]
["CCA Class","OEB","Description","Depreciation Rate","Opening Balance","Additions","Disposals","Closing Balance",null,"Opening Balance","Additions","Disposals","Closing Balance","Net Book Value"]
[12,1611,"Computer Software (Formally known as Account 1925)",null,null,null,null,{"$f":"E16+F16+G16","v":0},null,null,null,null,{"$f":"J16+K16+L16","v":0},{"$f":"H16+M16","v":0}]
["CEC",1612,"Land Rights (Formally known as Account 1906)",null,null,null,null,{"$f":"E17+F17+G17","v":0},null,null,null,null,{"$f":"J17+K17+L17","v":0},{"$f":"H17+M17","v":0}]
["N/A",1805,"Land",null,21747,null,null,{"$f":"E18+F18+G18","v":21747},null,null,null,null,{"$f":"J18+K18+L18","v":0},{"$f":"H18+M18","v":21747}]
[47,1808,"Buildings",null,71126,null,null,{"$f":"E19+F19+G19","v":71126},null,-22093,-2846,null,{"$f":"J19+K19+L19","v":-24939},{"$f":"H19+M19","v":46187}]
[13,1810,"Leasehold Improvements",null,null,null,null,0,null,null,null,null,0,0]
[47,1815,"Transformer Station Equipment >50 kV",null,null,null,null,0,null,null,null,null,0,0]
[47,1820,"Distribution Station Equipment <50 kV",null,152252,null,null,152252,null,-48664,-6090,null,-54754,97498]
[47,1825,"Storage Battery Equipment",null,null,null,null,0,null,null,null,null,0,0]
[47,1830,"Poles, Towers & Fixtures",null,164339,82445,null,246784,null,-10413,-9872,null,-20285,226499]
[47,1835,"Overhead Conductors & Devices",null,2210936,133405,null,2344341,null,-652979,-93775,null,-746754,1597587]
[47,1840,"Underground Conduit",null,23426,17569,null,40995,null,-1219,-1641,null,-2860,38135]
[47,1845,"Underground Conductors & Devices",null,1085235,196134,null,1281369,null,-296867,-51224,null,-348091,933278]
[47,1850,"Line Transformers",null,859124,104708,null,963832,null,-237760,-45472,null,-283232,680600]
[47,1855,"Services (Overhead & Underground)",null,98356,14316,null,112672,null,-7951,-4508,null,-12459,100213]
[47,1860,"Meters",null,395967,1735,null,397702,null,-110493,-15909,null,-126402,271300]
[47,1860,"Meters (Smart Meters)",null,null,null,null,0,null,null,null,null,0,0]
["N/A",1905,"Land",null,null,null,null,0,null,null,null,null,0,0]
[47,1908,"Buildings & Fixtures",null,null,null,null,0,null,null,null,null,0,0]
[13,1910,"Leasehold Improvements",null,null,null,null,0,null,null,null,null,0,0]
[8,1915,"Office Furniture & Equipment (10 years)",null,63794,null,null,63794,null,-42026,-6380,null,-48406,15388]
[8,1915,"Office Furniture & Equipment (5 years)",null,null,null,null,0,null,null,null,null,0,0]
[10,1920,"Computer Equipment - Hardware",null,39678,null,null,39678,null,-29766,-3967,null,-33733,5945]
[45,1920,"Computer Equip.-Hardware(Post Mar. 22/04)",null,23637,null,null,23637,null,-6641,-4130,null,-10771,12866]
[45.1,1920,"Computer Equip.-Hardware(Post Mar. 19/07)",null,18239,9586,null,27825,null,-3592,-2784,null,-6376,21449]
[12,1925,"Software",null,74866,null,null,74866,null,-37751,-5866,null,-43617,31249]
[10,1930,"Transportation Equipment",null,259658,326071,null,585729,null,-221734,-43476,null,-265210,320519]
[8,1935,"Stores Equipment",null,null,null,null,0,null,null,null,null,0,0]
[8,1940,"Tools, Shop & Garage Equipment",null,76644,8577,null,85221,null,-65732,-7169,null,-72901,12320]
[8,1945,"Measurement & Testing Equipment",null,2678,null,null,2678,null,-2009,-669,null,-2678,0]
[8,1950,"Power Operated Equipment",null,null,null,null,0,null,null,null,null,0,0]
[8,1955,"Communications Equipment",null,null,null,null,0,null,null,null,null,0,0]
[8,1955,"Communication Equipment (Smart Meters)",null,null,null,null,0,null,null,null,null,0,0]
[8,1960,"Miscellaneous Equipment ",null,null,null,null,0,null,null,null,null,0,0]
[47,1975,"Load Management Controls Utility Premises",null,null,null,null,0,null,null,null,null,0,0]
[47,1980,"System Supervisor Equipment",null,null,null,null,0,null,null,null,null,0,0]
[47,1985,"Miscellaneous Fixed Assets",null,null,null,null,0,null,null,null,null,0,0]
[47,1995,"Contributions & Grants",null,-320424,-26120,null,-346544,null,35229,14796,null,50025,-296519]
[null,null,null,null,null,null,null,0,null,null,null,null,0,0]
[]
[null,null,"Total",null,{"$f":"SUM(E16:E54)","v":5321278},{"$f":"SUM(F16:F54)","v":868426},0,6189704,null,{"$f":"SUM(J16:J54)","v":-1762461},{"$f":"SUM(K16:K54)","v":-290982},0,-2053443,4136261]
[]
[null,null,null,null,null,null,null,null,null,"Less: Fully Allocated Depreciation"]
[10,null,"Transportation",null,null,null,null,null,null,"Transportation",null,-43476]
[8,null,"Stores Equipment",null,null,null,null,null,null,"Stores Equipment"]
[null,null,null,null,null,null,null,null,null,"Net Depreciation",null,{"$f":"K55-L58-L59","v":-247506}]
[]
["Notes:"]
[]
[1,"Tables in the format outlined above covering all fixed asset accounts should be submitted for the Test Year, Bridge Year and all relevant historical years.  At a minimum , the applicant must provide data for the earlier of: 1) all historical years back to its last rebasing; or 2) at least three years of historical actuals, in addition to Bridge Year and Test Year forecasts."]
[]
[]
[2,"The \"CCA Class\" for fixed assets should agree with the CCA Class used for tax purposes in Tax Returns. Fixed Assets sub-components may be used where the underlying asset components are classified under multiple CCA Classes for tax purposes. If an applicant uses any different classes from those shown in the table, an explanation should be provided. (also see note 3 below)."]
[]
[]
[3,"The table may need to be customized for a utility's asset categories or for any new asset accounts announced or authorized by the Board."]
[]
[4,"The depreciation column (D) is not required as the relevant information will be provided in the following 2-C series of appendices."]

{"sheet":"App.2-B_Fixed Asset Contin 10","index":4,"n_rows":77,"n_cols":14,"rows_kept":77,"cut":false,"hidden":false,"merged":[[74,1,74,13],[10,0,10,13],[11,0,11,13],[15,4,15,7],[68,1,69,13],[71,1,72,13]]}
[]
[]
[null,null,null,null,null,null,null,null,null,null,null,null,"File Number:",{"$f":"'LDC Info'!$E$18","v":"EB-2012-0175"}]
[null,null,null,null,null,null,null,null,null,null,null,null,"Exhibit:"]
[null,null,null,null,null,null,null,null,null,null,null,null,"Tab:"]
[null,null,null,null,null,null,null,null,null,null,null,null,"Schedule:"]
[null,null,null,null,null,null,null,null,null,null,null,null,"Page:"]
[]
[null,null,null,null,null,null,null,null,null,null,null,null,"Date:"]
[]
["Appendix 2-B"]
["Fixed Asset Continuity Schedule"]
[]
[null,null,null,null,null,"Year ","2010 CGAAP"]
[]
[null,null,null,null,"Cost",null,null,null,null,null,"Accumulated Depreciation"]
["CCA Class","OEB","Description","Depreciation Rate","Opening Balance","Additions","Disposals","Closing Balance",null,"Opening Balance","Additions","Disposals","Closing Balance","Net Book Value"]
[12,1611,"Computer Software (Formally known as Account 1925)",null,null,null,null,{"$f":"E18+F18+G18","v":0},null,null,null,null,{"$f":"J18+K18+L18","v":0},{"$f":"H18+M18","v":0}]
["CEC",1612,"Land Rights (Formally known as Account 1906)",null,null,null,null,{"$f":"E19+F19+G19","v":0},null,null,null,null,{"$f":"J19+K19+L19","v":0},{"$f":"H19+M19","v":0}]
["N/A",1805,"Land",null,21747,null,null,{"$f":"E20+F20+G20","v":21747},null,null,null,null,{"$f":"J20+K20+L20","v":0},{"$f":"H20+M20","v":21747}]
[47,1808,"Buildings",null,71126,9838,null,{"$f":"E21+F21+G21","v":80964},null,-24939,-3240,null,{"$f":"J21+K21+L21","v":-28179},{"$f":"H21+M21","v":52785}]
[13,1810,"Leasehold Improvements",null,null,null,null,0,null,null,null,null,0,0]
[47,1815,"Transformer Station Equipment >50 kV",null,null,null,null,0,null,null,null,null,0,0]
[47,1820,"Distribution Station Equipment <50 kV",null,152252,null,null,152252,null,-54754,-6090,null,-60844,91408]
[47,1825,"Storage Battery Equipment",null,null,null,null,0,null,null,null,null,0,0]
[47,1830,"Poles, Towers & Fixtures",null,246784,96588,null,343372,null,-20285,-9872,null,-30157,313215]
[47,1835,"Overhead Conductors & Devices",null,2344341,37974,null,2382315,null,-746754,-95128,null,-841882,1540433]
[47,1840,"Underground Conduit",null,40995,5015,null,46010,null,-2860,-1842,null,-4702,41308]
[47,1845,"Underground Conductors & Devices",null,1281369,6449,null,1287818,null,-348091,-51243,null,-399334,888484]
[47,1850,"Line Transformers",null,963832,65062,null,1028894,null,-283232,-48272,null,-331504,697390]
[47,1855,"Services (Overhead & Underground)",null,112672,19460,null,132132,null,-12459,-5287,null,-17746,114386]
[47,1860,"Meters",null,397702,null,null,397702,null,-126402,-19322,null,-145724,251978]
[47,1860,"Meters (Smart Meters)",null,null,98909,null,98909,null,null,null,null,0,98909]
["N/A",1905,"Land",null,null,null,null,0,null,null,null,null,0,0]
[47,1908,"Buildings & Fixtures",null,null,null,null,0,null,null,null,null,0,0]
[13,1910,"Leasehold Improvements",null,null,128450,null,128450,null,null,-6422,null,-6422,122028]
[8,1915,"Office Furniture & Equipment (10 years)",null,63794,null,null,63794,null,-48406,-6376,null,-54782,9012]
[8,1915,"Office Furniture & Equipment (5 years)",null,null,null,null,0,null,null,null,null,0,0]
[10,1920,"Computer Equipment - Hardware",null,39678,null,null,39678,null,-33733,-3965,null,-37698,1980]
[45,1920,"Computer Equip.-Hardware(Post Mar. 22/04)",null,23637,null,null,23637,null,-10771,-2363,null,-13134,10503]
[45.1,1920,"Computer Equip.-Hardware(Post Mar. 19/07)",null,27825,3276,null,31101,null,-6376,-3110,null,-9486,21615]
[12,1925,"Software",null,74866,33526,null,108392,null,-43617,-4569,null,-48186,60206]
[10,1930,"Transportation Equipment",null,585729,null,null,585729,null,-265210,-40826,null,-306036,279693]
[8,1935,"Stores Equipment",null,null,null,null,0,null,null,null,null,0,0]
[8,1940,"Tools, Shop & Garage Equipment",null,85221,3252,null,88473,null,-72901,-6097,null,-78998,9475]
[8,1945,"Measurement & Testing Equipment",null,2678,null,null,2678,null,-2678,null,null,-2678,0]
[8,1950,"Power Operated Equipment",null,null,null,null,0,null,null,null,null,0,0]
[8,1955,"Communications Equipment",null,null,null,null,0,null,null,null,null,0,0]
[8,1955,"Communication Equipment (Smart Meters)",null,null,null,null,0,null,null,null,null,0,0]
[8,1960,"Miscellaneous Equipment ",null,null,null,null,0,null,null,null,null,0,0]
[47,1975,"Load Management Controls Utility Premises",null,null,null,null,0,null,null,null,null,0,0]
[47,1980,"System Supervisor Equipment",null,null,null,null,0,null,null,null,null,0,0]
[47,1985,"Miscellaneous Fixed Assets",null,null,null,null,0,null,null,null,null,0,0]
[47,1995,"Contributions & Grants",null,-346544,-79075,null,-425619,null,50025,18405,null,68430,-357189]
[null,null,null,null,null,null,null,0,null,null,null,null,0,0]
[]
[null,null,"Total",null,{"$f":"SUM(E18:E56)","v":6189704},{"$f":"SUM(F18:F56)","v":428724},{"$f":"SUM(G18:G56)","v":0},{"$f":"SUM(H18:H56)","v":6618428},null,{"$f":"SUM(J18:J56)","v":-2053443},{"$f":"SUM(K18:K56)","v":-295619},0,-2349062,4269366]
[]
[null,null,"Transfer Stranded Meters from 1860 to 1555",null,null,null,null,-326079,null,null,null,null,121940,{"$f":"H59+M59","v":-204139}]
[null,null,"REVISED CLOSING BALANCE FORWARD",null,null,null,null,{"$f":"SUM(H57:H59)","v":6292349},null,null,null,null,{"$f":"SUM(M57:M59)","v":-2227122},{"$f":"SUM(N57:N59)","v":4065227}]
[]
[null,null,null,null,null,null,null,null,null,"Less: Fully Allocated Depreciation"]
[10,null,"Transportation",null,null,null,null,null,null,"Transportation",null,-40826]
[8,null,"Stores Equipment",null,null,null,null,null,null,"Stores Equipment"]
[null,null,null,null,null,null,null,null,null,"Net Depreciation",null,{"$f":"K57-L63-L64","v":-254793}]
[]
["Notes:"]
[]
[1,"Tables in the format outlined above covering all fixed asset accounts should be submitted for the Test Year, Bridge Year and all relevant historical years.  At a minimum , the applicant must provide data for the earlier of: 1) all historical years back to its last rebasing; or 2) at least three years of historical actuals, in addition to Bridge Year and Test Year forecasts."]
[]
[]
[2,"The \"CCA Class\" for fixed assets should agree with the CCA Class used for tax purposes in Tax Returns. Fixed Assets sub-components may be used where the underlying asset components are classified under multiple CCA Classes for tax purposes. If an applicant uses any different classes from those shown in the table, an explanation should be provided. (also see note 3 below)."]
[]
[]
[3,"The table may need to be customized for a utility's asset categories or for any new asset accounts announced or authorized by the Board."]
[]
[4,"The depreciation column (D) is not required as the relevant information will be provided in the following 2-C series of appendices."]

{"sheet":"App.2-B_Fixed Asset 11","index":5,"n_rows":77,"n_cols":14,"rows_kept":77,"cut":false,"hidden":false,"merged":[[74,1,74,13],[9,0,9,13],[10,0,10,13],[14,4,14,7],[68,1,69,13],[71,1,72,13]]}
[]
[null,null,null,null,null,null,null,null,null,null,null,null,"File Number:",{"$f":"'LDC Info'!$E$18","v":"EB-2012-0175"}]
[null,null,null,null,null,null,null,null,null,null,null,null,"Exhibit:"]
[null,null,null,null,null,null,null,null,null,null,null,null,"Tab:"]
[null,null,null,null,null,null,null,null,null,null,null,null,"Schedule:"]
[null,null,null,null,null,null,null,null,null,null,null,null,"Page:"]
[]
[null,null,null,null,null,null,null,null,null,null,null,null,"Date:"]
[]
["Appendix 2-B"]
["Fixed Asset Continuity Schedule"]
[]
[null,null,null,null,null,"Year ","2011 CGAAP"]
[]
[null,null,null,null,"Cost",null,null,null,null,null,"Accumulated Depreciation"]
["CCA Class","OEB","Description","Depreciation Rate","Opening Balance","Additions","Disposals","Closing Balance",null,"Opening Balance","Additions","Disposals","Closing Balance","Net Book Value"]
[12,1611,"Computer Software (Formally known as Account 1925)",null,null,null,null,{"$f":"E17+F17+G17","v":0},null,null,null,null,{"$f":"J17+K17+L17","v":0},{"$f":"H17+M17","v":0}]
["CEC",1612,"Land Rights (Formally known as Account 1906)",null,null,null,null,{"$f":"E18+F18+G18","v":0},null,null,null,null,{"$f":"J18+K18+L18","v":0},{"$f":"H18+M18","v":0}]
["N/A",1805,"Land",null,21747,null,null,{"$f":"E19+F19+G19","v":21747},null,null,null,null,{"$f":"J19+K19+L19","v":0},{"$f":"H19+M19","v":21747}]
[47,1808,"Buildings",null,80964,null,null,{"$f":"E20+F20+G20","v":80964},null,-28179,-3240,null,{"$f":"J20+K20+L20","v":-31419},{"$f":"H20+M20","v":49545}]
[13,1810,"Leasehold Improvements",null,null,null,null,0,null,null,null,null,0,0]
[47,1815,"Transformer Station Equipment >50 kV",null,null,null,null,0,null,null,null,null,0,0]
[47,1820,"Distribution Station Equipment <50 kV",null,152252,null,null,152252,null,-60844,-6090,null,-66934,85318]
[47,1825,"Storage Battery Equipment",null,null,null,null,0,null,null,null,null,0,0]
[47,1830,"Poles, Towers & Fixtures",null,343372,51310,null,394682,null,-30157,-15788,null,-45945,348737]
[47,1830,"Poles, Towers & Fixtures - Tornado",null,null,770866,null,770866,null,null,null,null,0,770866]
[47,1835,"Overhead Conductors & Devices",null,2382315,192590,-329475,2245430,null,-841882,-89589,177629,-753842,1491588]
[47,1835,"Overhead Conductors & Devices - Tornado",null,null,82079,null,82079,null,null,null,null,{"$f":"J28+K28+L28","v":0},{"$f":"H28+M28","v":82079}]
[47,1840,"Underground Conduit",null,46010,16673,null,62683,null,-4702,-2509,null,-7211,55472]
[47,1845,"Underground Conductors & Devices",null,1287818,21981,null,1309799,null,-399334,-52391,null,-451725,858074]
[47,1850,"Line Transformers",null,1028894,64832,-108094,985632,null,-331504,-44993,62830,-313667,671965]
[47,1850,"Line Transformers - Tornado",null,null,276369,null,276369,null,null,null,null,{"$f":"J32+K32+L32","v":0},{"$f":"H32+M32","v":276369}]
[47,1855,"Services (Overhead & Underground)",null,132132,15216,null,147348,null,-17746,-5896,null,-23642,123706]
[47,1855,"Services (Overhead & Underground) - Tornado",null,null,123416,null,123416,null,null,null,null,{"$f":"J34+K34+L34","v":0},{"$f":"H34+M34","v":123416}]
[47,1860,"Meters",null,71623,null,null,71623,null,-23784,-2865,null,-26649,44974]
[47,1860,"Meters (Smart Meters)",null,98909,10478,null,109387,null,null,-7293,null,-7293,102094]
["N/A",1905,"Land",null,null,null,null,0,null,null,null,null,0,0]
[47,1908,"Buildings & Fixtures",null,null,null,null,0,null,null,null,null,0,0]
[13,1910,"Leasehold Improvements",null,128450,3181,-131631,0,null,-6422,-3748,6422,-3748,-3748]
[8,1915,"Office Furniture & Equipment (10 years)",null,63794,37485,-63794,37485,null,-54782,null,54782,0,37485]
[8,1915,"Office Furniture & Equipment (5 years)",null,null,null,null,0,null,null,null,null,0,0]
[10,1920,"Computer Equipment - Hardware",null,39678,null,null,39678,null,-37698,-988,null,-38686,992]
[45,1920,"Computer Equip.-Hardware(Post Mar. 22/04)",null,23637,null,null,23637,null,-13134,-2363,null,-15497,8140]
[45.1,1920,"Computer Equip.-Hardware(Post Mar. 19/07)",null,31101,7622,-7260,31463,null,-9486,-3110,1295,-11301,20162]
[12,1925,"Software",null,108392,null,null,108392,null,-48186,-8144,null,-56330,52062]
[10,1930,"Transportation Equipment",null,585729,56350,-11892,630187,null,-306036,-43681,10409,-339308,290879]
[8,1935,"Stores Equipment",null,null,null,null,0,null,null,null,null,0,0]
[8,1940,"Tools, Shop & Garage Equipment",null,88473,13872,-89037,13308,null,-78998,-3214,77906,-4306,9002]
[8,1945,"Measurement & Testing Equipment",null,2678,null,-2678,0,null,-2678,null,2678,0,0]
[8,1950,"Power Operated Equipment",null,null,null,null,0,null,null,null,null,0,0]
[8,1955,"Communications Equipment",null,null,null,null,0,null,null,null,null,0,0]
[8,1955,"Communication Equipment (Smart Meters)",null,null,null,null,0,null,null,null,null,0,0]
[8,1960,"Miscellaneous Equipment ",null,null,null,null,0,null,null,null,null,0,0]
[47,1975,"Load Management Controls Utility Premises",null,null,null,null,0,null,null,null,null,0,0]
[47,1980,"System Supervisor Equipment",null,null,null,null,0,null,null,null,null,0,0]
[47,1985,"Miscellaneous Fixed Assets",null,null,null,null,0,null,null,null,null,0,0]
[47,1995,"Contributions & Grants",null,-425619,null,null,-425619,null,68430,17956,null,86386,-339233]
[null,null,null,null,null,null,null,0,null,null,null,null,0,0]
[]
[null,null,"Total",null,{"$f":"SUM(E17:E59)","v":6292349},{"$f":"SUM(F17:F59)","v":1744320},-743861,7292808,null,{"$f":"SUM(J17:J59)","v":-2227122},{"$f":"SUM(K17:K59)","v":-277946},393951,-2111117,5181691]
[]
[null,null,null,null,"Addtions",495547,null,null,null,"Less: Fully Allocated Depreciation"]
[10,null,"Transportation",null,"Tornado",1252730,null,null,null,"Transportation",null,-43681]
[8,null,"Stores Equipment",null,null,{"$f":"SUM(F62:F63)","v":1748277},null,null,null,"Stores Equipment"]
[null,null,null,null,null,null,null,null,null,"Net Depreciation",null,{"$f":"K60-L63-L64","v":-234265}]
[]
["Notes:"]
[]
[1,"Tables in the format outlined above covering all fixed asset accounts should be submitted for the Test Year, Bridge Year and all relevant historical years.  At a minimum , the applicant must provide data for the earlier of: 1) all historical years back to its last rebasing; or 2) at least three years of historical actuals, in addition to Bridge Year and Test Year forecasts."]
[]
[]
[2,"The \"CCA Class\" for fixed assets should agree with the CCA Class used for tax purposes in Tax Returns. Fixed Assets sub-components may be used where the underlying asset components are classified under multiple CCA Classes for tax purposes. If an applicant uses any different classes from those shown in the table, an explanation should be provided. (also see note 3 below)."]
[]
[]
[3,"The table may need to be customized for a utility's asset categories or for any new asset accounts announced or authorized by the Board."]
[]
[4,"The depreciation column (D) is not required as the relevant information will be provided in the following 2-C series of appendices."]

{"sheet":"App.2-B_F Asset 12 CGAAP","index":6,"n_rows":80,"n_cols":14,"rows_kept":80,"cut":false,"hidden":false,"merged":[[77,1,77,13],[10,0,10,13],[11,0,11,13],[15,4,15,7],[71,1,72,13],[74,1,75,13]]}
[]
[]
[null,null,null,null,null,null,null,null,null,null,null,null,"File Number:",{"$f":"'LDC Info'!$E$18","v":"EB-2012-0175"}]
[null,null,null,null,null,null,null,null,null,null,null,null,"Exhibit:"]
[null,null,null,null,null,null,null,null,null,null,null,null,"Tab:"]
[null,null,null,null,null,null,null,null,null,null,null,null,"Schedule:"]
[null,null,null,null,null,null,null,null,null,null,null,null,"Page:"]
[]
[null,null,null,null,null,null,null,null,null,null,null,null,"Date:"]
[]
["Appendix 2-B"]
["Fixed Asset Continuity Schedule"]
[]
[null,null,null,null,null,"Year ","2012 CGAAP"]
[]
[null,null,null,null,"Cost",null,null,null,null,null,"Accumulated Depreciation"]
["CCA Class","OEB","Description","Depreciation Rate","Opening Balance","Additions","Disposals","Closing Balance",null,"Opening Balance","Additions","Disposals","Closing Balance","Net Book Value"]
[12,1611,"Computer Software (Formally known as Account 1925)",null,108392,null,null,{"$f":"E18+F18+G18","v":108392},null,-56330,-8140,null,{"$f":"J18+K18+L18","v":-64470},{"$f":"H18+M18","v":43922}]
["CEC",1612,"Land Rights (Formally known as Account 1906)",null,null,null,null,{"$f":"E19+F19+G19","v":0},null,null,null,null,{"$f":"J19+K19+L19","v":0},{"$f":"H19+M19","v":0}]
["N/A",1805,"Land",null,21747,90000,null,{"$f":"E20+F20+G20","v":111747},null,null,null,null,{"$f":"J20+K20+L20","v":0},{"$f":"H20+M20","v":111747}]
[47,1808,"Buildings",null,80964,910000,null,{"$f":"E21+F21+G21","v":990964},null,-31419,-43240,null,{"$f":"J21+K21+L21","v":-74659},{"$f":"H21+M21","v":916305}]
[13,1810,"Leasehold Improvements",null,null,null,null,0,null,null,null,null,0,0]
[47,1815,"Transformer Station Equipment >50 kV",null,null,null,null,0,null,null,null,null,0,0]
[47,1820,"Distribution Station Equipment <50 kV",null,152252,20000,null,172252,null,-66934,-6890,null,-73824,98428]
[47,1825,"Storage Battery Equipment",null,null,null,null,0,null,null,null,null,0,0]
[47,1830,"Poles, Towers & Fixtures",null,394682,30000,null,424682,null,-45945,-16987,null,-62932,361750]
[47,1830,"Poles, Towers & Fixtures - Tornado",null,770866,null,null,770866,null,null,-30835,null,-30835,740031]
[47,1835,"Overhead Conductors & Devices",null,2245430,2465000,null,4710430,null,-753842,-196885,null,-950727,3759703]
[47,1835,"Overhead Conductors & Devices - Tornado",null,82079,null,null,82079,null,null,-3283,null,-3283,78796]
[47,1840,"Underground Conduit",null,62683,5000,null,67683,null,-7211,-2709,null,-9920,57763]
[47,1845,"Underground Conductors & Devices",null,1309799,800000,null,2109799,null,-451725,-84392,null,-536117,1573682]
[47,1850,"Line Transformers",null,985632,{"$f":"285000+200000","v":485000},null,1470632,null,-313667,-61425,null,-375092,1095540]
[47,1850,"Line Transformers - Tornado",null,276369,null,null,276369,null,null,-11055,null,-11055,265314]
[47,1855,"Services (Overhead & Underground)",null,147348,20000,null,167348,null,-23642,-6696,null,-30338,137010]
[47,1855,"Services (Overhead & Underground) - Tornado",null,123416,null,null,123416,null,null,-4937,null,-4937,118479]
[47,1860,"Meters",null,71623,100000,null,171623,null,-26649,-6865,null,-33514,138109]
[47,1860,"Meters (Smart Meters)",null,109387,null,null,109387,null,-7293,-7293,null,-14586,94801]
["N/A",1905,"Land",null,null,null,null,0,null,null,null,null,0,0]
[47,1908,"Buildings & Fixtures",null,null,null,null,0,null,null,null,null,0,0]
[13,1910,"Leasehold Improvements",null,null,null,null,0,null,null,null,null,0,0]
[8,1915,"Office Furniture & Equipment (10 years)",null,37485,null,null,37485,null,-3748,-3748,null,-7496,29989]
[8,1915,"Office Furniture & Equipment (5 years)",null,null,null,null,0,null,null,null,null,0,0]
[10,1920,"Computer Equipment - Hardware",null,39678,null,null,39678,null,-38686,-988,null,-39674,4]
[45,1920,"Computer Equip.-Hardware(Post Mar. 22/04)",null,23637,null,null,23637,null,-15497,-2364,null,-17861,5776]
[45.1,1920,"Computer Equip.-Hardware(Post Mar. 19/07)",null,31463,15000,null,46463,null,-11301,-4649,null,-15950,30513]
[10,1930,"Transportation Equipment",null,630187,65000,null,695187,null,-339308,-51806,null,-391114,304073]
[8,1935,"Stores Equipment",null,null,null,null,0,null,null,null,null,0,0]
[8,1940,"Tools, Shop & Garage Equipment",null,13308,10000,null,23308,null,-4306,-5827,null,-10133,13175]
[8,1945,"Measurement & Testing Equipment",null,null,null,null,0,null,null,null,null,0,0]
[8,1950,"Power Operated Equipment",null,null,null,null,0,null,null,null,null,0,0]
[8,1955,"Communications Equipment",null,null,null,null,0,null,null,null,null,0,0]
[8,1955,"Communication Equipment (Smart Meters)",null,null,null,null,0,null,null,null,null,0,0]
[8,1960,"Miscellaneous Equipment ",null,null,null,null,0,null,null,null,null,0,0]
[47,1975,"Load Management Controls Utility Premises",null,null,null,null,0,null,null,null,null,0,0]
[47,1980,"System Supervisor Equipment",null,null,null,null,0,null,null,null,null,0,0]
[47,1985,"Miscellaneous Fixed Assets",null,null,null,null,0,null,null,null,null,0,0]
[47,1995,"Contributions & Grants",null,-425619,{"$f":"-1800000-200000","v":-2000000},null,-2425619,null,86386,96408,null,182794,-2242825]
[null,null,null,null,null,null,null,0,null,null,null,null,0,0]
[]
[null,null,"Total",null,{"$f":"SUM(E18:E59)","v":7292808},{"$f":"SUM(F18:F59)","v":3015000},0,10307808,null,{"$f":"SUM(J18:J59)","v":-2111117},{"$f":"SUM(K18:K59)","v":-464606},0,-2575723,7732085]
[]
[null,null,"Transfer of Smart Meters",null,null,null,null,565777,null,null,null,null,-121614]
[null,null,null,null,null,null,null,{"$f":"SUM(H60:H62)","v":10873585},null,null,null,null,{"$f":"SUM(M60:M62)","v":-2697337}]
[]
[null,null,null,null,null,null,null,null,null,"Less: Fully Allocated Depreciation"]
[10,null,"Transportation",null,null,null,null,null,null,"Transportation",null,-51806]
[8,null,"Stores Equipment",null,null,null,null,null,null,"Stores Equipment"]
[null,null,null,null,null,null,null,null,null,"Net Depreciation",null,{"$f":"K60-L66-L67","v":-412800}]
[]
["Notes:"]
[]
[1,"Tables in the format outlined above covering all fixed asset accounts should be submitted for the Test Year, Bridge Year and all relevant historical years.  At a minimum , the applicant must provide data for the earlier of: 1) all historical years back to its last rebasing; or 2) at least three years of historical actuals, in addition to Bridge Year and Test Year forecasts."]
[]
[]
[2,"The \"CCA Class\" for fixed assets should agree with the CCA Class used for tax purposes in Tax Returns. Fixed Assets sub-components may be used where the underlying asset components are classified under multiple CCA Classes for tax purposes. If an applicant uses any different classes from those shown in the table, an explanation should be provided. (also see note 3 below)."]
[]
[]
[3,"The table may need to be customized for a utility's asset categories or for any new asset accounts announced or authorized by the Board."]
[]
[4,"The depreciation column (D) is not required as the relevant information will be provided in the following 2-C series of appendices."]

{"sheet":"App.2-B_F Asset 12-MIFRS","index":7,"n_rows":77,"n_cols":14,"rows_kept":77,"cut":false,"hidden":false,"merged":[[74,1,74,13],[7,0,7,13],[8,0,8,13],[12,4,12,7],[68,1,69,13],[71,1,72,13]]}
[]
[]
[]
[]
[]
[]
[]
["Appendix 2-B"]
["Fixed Asset Continuity Schedule"]
[]
[null,null,null,null,null,"Year ","2012 MIFRS"]
[]
[null,null,null,null,"Cost",null,null,null,null,null,"Accumulated Depreciation"]
["CCA Class","OEB","Description","Depreciation Rate","Opening Balance","Additions","Disposals","Closing Balance",null,"Opening Balance","Additions","Disposals","Closing Balance","Net Book Value"]
[12,1611,"Computer Software (Formally known as Account 1925)",null,108392,null,null,{"$f":"E15+F15+G15","v":108392},null,-56330,-8140,null,{"$f":"J15+K15+L15","v":-64470},{"$f":"H15+M15","v":43922}]
["CEC",1612,"Land Rights (Formally known as Account 1906)",null,null,null,null,{"$f":"E16+F16+G16","v":0},null,null,null,null,{"$f":"J16+K16+L16","v":0},{"$f":"H16+M16","v":0}]
["N/A",1805,"Land",null,21747,90000,null,{"$f":"E17+F17+G17","v":111747},null,null,null,null,{"$f":"J17+K17+L17","v":0},{"$f":"H17+M17","v":111747}]
[47,1808,"Buildings",null,80964,910000,null,{"$f":"E18+F18+G18","v":990964},null,-31419,-23240,null,{"$f":"J18+K18+L18","v":-54659},{"$f":"H18+M18","v":936305}]
[13,1810,"Leasehold Improvements",null,null,null,null,0,null,null,null,null,0,0]
[47,1815,"Transformer Station Equipment >50 kV",null,null,null,null,0,null,null,null,null,0,0]
[47,1820,"Distribution Station Equipment <50 kV",null,152252,20000,null,172252,null,-66934,-6490,null,-73424,98828]
[47,1825,"Storage Battery Equipment",null,null,null,null,0,null,null,null,null,0,0]
[47,1830,"Poles, Towers & Fixtures",null,2116750,1993580,null,4110330,null,-628180,-63500,null,-691680,3418650]
[47,1830,"Poles, Towers & Fixtures - Tornado",null,770866,null,null,770866,null,null,-17130,null,{"$f":"J24+K24+L24","v":-17130},{"$f":"H24+M24","v":753736}]
[47,1835,"Overhead Conductors & Devices",null,431598,393352,null,824950,null,-134754,-10507,null,-145261,679689]
[47,1835,"Overhead Conductors & Devices - Tornado",null,82079,null,null,82079,null,null,-1496,null,{"$f":"J26+K26+L26","v":-1496},{"$f":"H26+M26","v":80583}]
[47,1840,"Underground Conduit",null,62683,5000,null,67683,null,-7211,-1230,null,-8441,59242]
[47,1845,"Underground Conductors & Devices",null,1309799,800000,null,2109799,null,-451725,-42703,null,-494428,1615371]
[47,1850,"Line Transformers",null,985632,485000,null,1470632,null,-313667,-25261,null,-338928,1131704]
[47,1850,"Line Transformers - Tornado",null,276369,null,null,276369,null,null,-6909,null,{"$f":"J30+K30+L30","v":-6909},{"$f":"H30+M30","v":269460}]
[47,1855,"Services (Overhead & Underground)",null,239112,128068,null,367180,null,-60495,-6057,null,-66552,300628]
[47,1855,"Services (Overhead & Underground) - Tornado",null,123416,null,null,123416,null,null,-2057,null,{"$f":"J32+K32+L32","v":-2057},{"$f":"H32+M32","v":121359}]
[47,1860,"Meters",null,71623,100000,null,171623,null,-26649,-4865,null,-31514,140109]
[47,1860,"Meters (Smart Meters)",null,109387,null,null,109387,null,-7293,-7293,null,-14586,94801]
["N/A",1905,"Land",null,null,null,null,0,null,null,null,null,0,0]
[47,1908,"Buildings & Fixtures",null,null,null,null,0,null,null,null,null,0,0]
[13,1910,"Leasehold Improvements",null,null,null,null,0,null,null,null,null,0,0]
[8,1915,"Office Furniture & Equipment (10 years)",null,37485,null,null,37485,null,-3748,-3748,null,-7496,29989]
[8,1915,"Office Furniture & Equipment (5 years)",null,null,null,null,0,null,null,null,null,0,0]
[10,1920,"Computer Equipment - Hardware",null,39678,null,null,39678,null,-38686,-988,null,-39674,4]
[45,1920,"Computer Equip.-Hardware(Post Mar. 22/04)",null,23637,null,null,23637,null,-15497,-2364,null,-17861,5776]
[45.1,1920,"Computer Equip.-Hardware(Post Mar. 19/07)",null,31463,15000,null,46463,null,-11301,-3899,null,-15200,31263]
[10,1930,"Transportation Equipment",null,630187,65000,null,695187,null,-339308,-47744,null,-387052,308135]
[8,1935,"Stores Equipment",null,null,null,null,0,null,null,null,null,0,0]
[8,1940,"Tools, Shop & Garage Equipment",null,13308,10000,null,23308,null,-4306,-4577,null,-8883,14425]
[8,1945,"Measurement & Testing Equipment",null,null,null,null,0,null,null,null,null,0,0]
[8,1950,"Power Operated Equipment",null,null,null,null,0,null,null,null,null,0,0]
[8,1955,"Communications Equipment",null,null,null,null,0,null,null,null,null,0,0]
[8,1955,"Communication Equipment (Smart Meters)",null,null,null,null,0,null,null,null,null,0,0]
[8,1960,"Miscellaneous Equipment ",null,null,null,null,0,null,null,null,null,0,0]
[47,1975,"Load Management Controls Utility Premises",null,null,null,null,0,null,null,null,null,0,0]
[47,1980,"System Supervisor Equipment",null,null,null,null,0,null,null,null,null,0,0]
[47,1985,"Miscellaneous Fixed Assets",null,null,null,null,0,null,null,null,null,0,0]
[47,1995,"Contributions & Grants",null,-425619,-2000000,null,-2425619,null,86386,33325,null,119711,-2305908]
[null,null,null,null,null,null,null,0,null,null,null,null,0,0]
[]
[null,null,"Total",null,{"$f":"SUM(E15:E56)","v":7292808},{"$f":"SUM(F15:F56)","v":3015000},0,10307808,null,{"$f":"SUM(J15:J56)","v":-2111117},{"$f":"SUM(K15:K56)","v":-256873},0,-2367990,7939818]
[]
["Transfer of Smart Meters costs from 1555",null,null,null,null,null,null,565777,null,null,null,null,-121614]
[null,null,null,null,null,null,null,{"$f":"SUM(H57:H59)","v":10873585},null,null,null,null,{"$f":"SUM(M57:M59)","v":-2489604}]
[]
[null,null,null,null,null,null,null,null,null,"Less: Fully Allocated Depreciation"]
[10,null,"Transportation",null,null,null,null,null,null,"Transportation",null,-47744]
[8,null,"Stores Equipment",null,null,null,null,null,null,"Stores Equipment"]
[null,null,null,null,null,null,null,null,null,"Net Depreciation",null,{"$f":"K57-L63-L64","v":-209129}]
[]
["Notes:"]
[]
[1,"Tables in the format outlined above covering all fixed asset accounts should be submitted for the Test Year, Bridge Year and all relevant historical years.  At a minimum , the applicant must provide data for the earlier of: 1) all historical years back to its last rebasing; or 2) at least three years of historical actuals, in addition to Bridge Year and Test Year forecasts."]
[]
[]
[2,"The \"CCA Class\" for fixed assets should agree with the CCA Class used for tax purposes in Tax Returns. Fixed Assets sub-components may be used where the underlying asset components are classified under multiple CCA Classes for tax purposes. If an applicant uses any different classes from those shown in the table, an explanation should be provided. (also see note 3 below)."]
[]
[]
[3,"The table may need to be customized for a utility's asset categories or for any new asset accounts announced or authorized by the Board."]
[]
[4,"The depreciation column (D) is not required as the relevant information will be provided in the following 2-C series of appendices."]

{"sheet":"App.2-B_F Asset 13 MIFRS","index":8,"n_rows":80,"n_cols":14,"rows_kept":80,"cut":false,"hidden":false,"merged":[[77,1,77,13],[10,0,10,13],[11,0,11,13],[15,4,15,7],[71,1,72,13],[74,1,75,13]]}
[]
[]
[null,null,null,null,null,null,null,null,null,null,null,null,"File Number:",{"$f":"'LDC Info'!$E$18","v":"EB-2012-0175"}]
[null,null,null,null,null,null,null,null,null,null,null,null,"Exhibit:"]
[null,null,null,null,null,null,null,null,null,null,null,null,"Tab:"]
[null,null,null,null,null,null,null,null,null,null,null,null,"Schedule:"]
[null,null,null,null,null,null,null,null,null,null,null,null,"Page:"]
[]
[null,null,null,null,null,null,null,null,null,null,null,null,"Date:"]
[]
["Appendix 2-B"]
["Fixed Asset Continuity Schedule"]
[]
[null,null,null,null,null,"Year ","2013 MIFRS"]
[]
[null,null,null,null,"Cost",null,null,null,null,null,"Accumulated Depreciation"]
["CCA Class","OEB","Description","Depreciation Rate","Opening Balance","Additions","Disposals","Closing Balance",null,"Opening Balance","Additions","Disposals","Closing Balance","Net Book Value"]
[12,1611,"Computer Software (Formally known as Account 1925)",null,108392,null,null,{"$f":"E18+F18+G18","v":108392},null,-64470,-8079,null,{"$f":"J18+K18+L18","v":-72549},{"$f":"H18+M18","v":35843}]
["CEC",1612,"Land Rights (Formally known as Account 1906)",null,null,null,null,{"$f":"E19+F19+G19","v":0},null,null,null,null,{"$f":"J19+K19+L19","v":0},{"$f":"H19+M19","v":0}]
["N/A",1805,"Land",null,111747,null,null,{"$f":"E20+F20+G20","v":111747},null,null,null,null,{"$f":"J20+K20+L20","v":0},{"$f":"H20+M20","v":111747}]
[47,1808,"Buildings",null,990964,200000,null,{"$f":"E21+F21+G21","v":1190964},null,-54659,-45440,null,{"$f":"J21+K21+L21","v":-100099},{"$f":"H21+M21","v":1090865}]
[13,1810,"Leasehold Improvements",null,null,null,null,0,null,null,null,null,0,0]
[47,1815,"Transformer Station Equipment >50 kV",null,null,null,null,0,null,null,null,null,0,0]
[47,1820,"Distribution Station Equipment <50 kV",null,172252,20000,null,192252,null,-73424,-7290,null,-80714,111538]
[47,1825,"Storage Battery Equipment",null,null,null,null,0,null,null,null,null,0,0]
[47,1830,"Poles, Towers & Fixtures",null,4110330,865224,null,4975554,null,-691680,-95265,null,-786945,4188609]
[47,1830,"Poles, Towers & Fixtures - Tornado",null,770866,null,null,770866,null,-17130,-17130,null,-34260,736606]
[47,1835,"Overhead Conductors & Devices",null,824950,158808,null,983758,null,-145261,-15537,null,-160798,822960]
[47,1835,"Overhead Conductors & Devices - Tornado",null,82079,null,null,82079,null,-1496,-1496,null,-2992,79087]
[47,1840,"Underground Conduit",null,67683,5000,null,72683,null,-8441,-1330,null,-9771,62912]
[47,1845,"Underground Conductors & Devices",null,2109799,20000,null,2129799,null,-494428,-52953,null,-547381,1582418]
[47,1850,"Line Transformers",null,1470632,{"$f":"204000+275000","v":479000},null,1949632,null,-338928,-37311,null,-376239,1573393]
[47,1850,"Line Transformers - Tornado",null,276369,null,null,276369,null,-6909,-6909,null,-13818,262551]
[47,1855,"Services (Overhead & Underground)",null,367180,65968,null,433148,null,-66552,-7674,null,-74226,358922]
[47,1855,"Services (Overhead & Underground) - Tornado",null,123416,null,null,123416,null,-2057,-2057,null,-4114,119302]
[47,1860,"Meters",null,171623,null,null,171623,null,-31514,-6865,null,-38379,133244]
[47,1860,"Meters (Smart Meters)",null,109387,null,null,109387,null,-14586,-7293,null,-21879,87508]
["N/A",1905,"Land",null,null,null,null,0,null,null,null,null,0,0]
[47,1908,"Buildings & Fixtures",null,null,null,null,0,null,null,null,null,0,0]
[13,1910,"Leasehold Improvements",null,null,null,null,0,null,null,null,null,0,0]
[8,1915,"Office Furniture & Equipment (10 years)",null,37485,null,null,37485,null,-7496,-3748,null,-11244,26241]
[8,1915,"Office Furniture & Equipment (5 years)",null,null,null,null,0,null,null,null,null,0,0]
[10,1920,"Computer Equipment - Hardware",null,39678,null,null,39678,null,-39674,-4,null,-39678,0]
[45,1920,"Computer Equip.-Hardware(Post Mar. 22/04)",null,23637,null,null,23637,null,-17861,-2363,null,-20224,3413]
[45.1,1920,"Computer Equip.-Hardware(Post Mar. 19/07)",null,46463,null,null,46463,null,-15200,-4649,null,-19849,26614]
[10,1930,"Transportation Equipment",null,695187,300000,null,995187,null,-387052,-69626,null,-456678,538509]
[8,1935,"Stores Equipment",null,null,null,null,0,null,null,null,null,0,0]
[8,1940,"Tools, Shop & Garage Equipment",null,23308,8500,null,31808,null,-8883,-6345,null,-15228,16580]
[8,1945,"Measurement & Testing Equipment",null,null,null,null,0,null,null,null,null,0,0]
[8,1950,"Power Operated Equipment",null,null,null,null,0,null,null,null,null,0,0]
[8,1955,"Communications Equipment",null,null,null,null,0,null,null,null,null,0,0]
[8,1955,"Communication Equipment (Smart Meters)",null,null,null,null,0,null,null,null,null,0,0]
[8,1960,"Miscellaneous Equipment ",null,null,null,null,0,null,null,null,null,0,0]
[47,1975,"Load Management Controls Utility Premises",null,null,null,null,0,null,null,null,null,0,0]
[47,1980,"System Supervisor Equipment",null,null,null,null,0,null,null,null,null,0,0]
[47,1985,"Miscellaneous Fixed Assets",null,null,null,null,0,null,null,null,null,0,0]
[47,1995,"Contributions & Grants",null,-2425619,-275000,null,-2700619,null,119711,58329,null,178040,-2522579]
[null,null,null,null,null,null,null,0,null,null,null,null,0,0]
[]
[null,null,"Total",null,{"$f":"SUM(E18:E59)","v":10307808},{"$f":"SUM(F18:F59)","v":1847500},0,12155308,null,{"$f":"SUM(J18:J59)","v":-2367990},{"$f":"SUM(K18:K59)","v":-341035},0,-2709025,9446283]
[]
[null,null,"Transfer of Smart Meters costs from 1555",null,565777,null,null,565777,null,-121614,-37631,null,{"$f":"J62+K62+L62","v":-159245},{"$f":"H62+M62","v":406532}]
[null,null,"REVISED CLOSING BALANCE FORWARD",null,{"$f":"SUM(E60:E62)","v":10873585},null,null,{"$f":"SUM(H60:H62)","v":12721085},null,{"$f":"SUM(J60:J62)","v":-2489604},{"$f":"SUM(K60:K62)","v":-378666},0,-2868270,9852815]
[]
[null,null,null,null,null,null,null,null,null,"Less: Fully Allocated Depreciation"]
[10,null,"Transportation",null,null,null,null,null,null,"Transportation",null,{"$f":"+K46","v":-69626}]
[8,null,"Stores Equipment",null,null,null,null,null,null,"Stores Equipment"]
[null,null,null,null,null,null,null,null,null,"Net Depreciation",null,{"$f":"K63-L66-L67","v":-309040}]
[]
["Notes:"]
[]
[1,"Tables in the format outlined above covering all fixed asset accounts should be submitted for the Test Year, Bridge Year and all relevant historical years.  At a minimum , the applicant must provide data for the earlier of: 1) all historical years back to its last rebasing; or 2) at least three years of historical actuals, in addition to Bridge Year and Test Year forecasts."]
[]
[]
[2,"The \"CCA Class\" for fixed assets should agree with the CCA Class used for tax purposes in Tax Returns. Fixed Assets sub-components may be used where the underlying asset components are classified under multiple CCA Classes for tax purposes. If an applicant uses any different classes from those shown in the table, an explanation should be provided. (also see note 3 below)."]
[]
[]
[3,"The table may need to be customized for a utility's asset categories or for any new asset accounts announced or authorized by the Board."]
[]
[4,"The depreciation column (D) is not required as the relevant information will be provided in the following 2-C series of appendices."]

{"sheet":"App.2-CE_CGAAP_DepExp_2011","index":9,"n_rows":63,"n_cols":12,"rows_kept":63,"cut":false,"hidden":false,"merged":[[62,1,64,11],[9,0,9,11],[8,0,8,11],[61,1,61,11],[60,1,60,11],[13,0,14,0],[13,1,14,1],[13,10,14,10],[10,0,10,11]]}
[null,null,null,null,null,null,null,null,null,null,"File Number:",{"$f":"'LDC Info'!$E$18","v":"EB-2012-0175"}]
[null,null,null,null,null,null,null,null,null,null,"Exhibit:"]
[null,null,null,null,null,null,null,null,null,null,"Tab:"]
[null,null,null,null,null,null,null,null,null,null,"Schedule:"]
[null,null,null,null,null,null,null,null,null,null,"Page:"]
[]
[null,null,null,null,null,null,null,null,null,null,"Date:"]
[]
["Appendix 2-CE"]
["Depreciation and Amortization Expense"]
["Assumes the applicant adopted IFRS for financial reporting purposes January 1, 2013"]
[null,null,"Year",2011,"CGAAP"]
[]
["Account","Description","Opening Regulatory Gross PP&E as at Jan 1, 2011","Less Fully Depreciated","Net for Depreciation","Additions","Total for Depreciation","Years","Depreciation Rate","2011 Depreciation Expense","2011 Depreciation Expense per Appendix 2-B Fixed Assets, Column K\n (l)","Variance 2"]
[null,null,"(a)","(b)","(c)","(d)","(e) = (c) + ½ x (d) 1","(f)","(g) = 1 / (f)","(h) = (e) / (f)",null,"(m) = (h) - (l)"]
[1611,"Computer Software (Formally known as Account 1925)",108392,26959,{"$f":"C16-D16","v":81433},null,{"$f":"E16+0.5*F16","v":81433},10,{"$f":"IF(H16=0,\"\",1/H16)","v":0.1},{"$f":"IF(H16=0,0,G16/H16)","v":8143.3},8144,{"$f":"IF(ISERROR(+J16-K16), \"\", +J16-K16)","v":-0.6999999999998181}]
[1612,"Land Rights (Formally known as Account 1906)",null,null,{"$f":"C17-D17","v":0},null,{"$f":"E17+0.5*F17","v":0},null,"",0,null,{"$f":"IF(ISERROR(+J17-K17), \"\", +J17-K17)","v":0}]
[1805,"Land",21747,null,21747,null,21747,null,"",0,null,0]
[1808,"Buildings",80964,null,80964,null,80964,25,0.04,3238.56,3240,-1.4400000000000546]
[1810,"Leasehold Improvements",null,null,0,null,0,null,"",0,null,0]
[1815,"Transformer Station Equipment >50 kV",null,null,0,null,0,null,"",0,null,0]
[1820,"Distribution Station Equipment <50 kV",152252,null,152252,null,152252,25,0.04,6090.08,6090,7.999999999992724E-2]
[1825,"Storage Battery Equipment",null,null,0,null,0,null,"",0,null,0]
[1830,"Poles, Towers & Fixtures",343372,null,343372,51310,369027,25,0.04,14761.08,15788,-1026.92]
[1830,"Poles, Towers & Fixtures - Tornado",null,null,null,770866,385433,25]
[1835,"Overhead Conductors & Devices",2382315,null,2382315,192590,2478610,25,0.04,99144.4,89589,9555.3999999999942]
[1835,"Overhead Conductors & Devices  - Tornado",null,null,null,82079,41039.5,25,0.04,1641.58]
[1840,"Underground Conduit",46010,null,46010,16673,54346.5,25,0.04,2173.86,2509,-335.13999999999987]
[1845,"Underground Conductors & Devices",1287818,null,1287818,21981,1298808.5,25,0.04,51952.34,52391,-438.66000000000349]
[1850,"Line Transformers",1202880,null,1202880,64832,1235296,25,0.04,49411.839999999997,44993,4418.8399999999965]
[1850,"Line Transformers - Tornado",null,null,null,276369,138184.5,25,0.04,5527.38]
[1855,"Services (Overhead & Underground)",132132,null,132132,15216,139740,25,0.04,5589.6,5896,-306.39999999999964]
[1855,"Services (Overhead & Underground) - Tornado",null,null,null,123416,61708,25,0.04,2468.3200000000002]
[1860,"Meters",170532,null,170532,10478,175771,15,6.6666666666666666E-2,11718.066666666668,10158,1560.0666666666675]
[1860,"Meters (Smart Meters)",null,null,0,null,0,null,"",0,null,0]
[1905,"Land",null,null,0,null,0,null,"",0,null,0]
[1908,"Buildings & Fixtures",null,null,0,null,0,null,"",0,null,0]
[1910,"Leasehold Improvements",128450,null,128450,3181,130040.5,10,0.1,13004.05,0,13004.05]
[1915,"Office Furniture & Equipment (10 years)",63794,null,63794,37485,82536.5,10,0.1,8253.65,3748,4505.6499999999996]
[1915,"Office Furniture & Equipment (5 years)",null,null,0,null,0,null,"",0,null,0]
[1920,"Computer Equipment - Hardware",39678,29794,9884,null,9884,10,0.1,988.4,988,0.39999999999997726]
[1920,"Computer Equip.-Hardware(Post Mar. 22/04)",23637,null,23637,null,23637,10,0.1,2363.6999999999998,2363,0.6999999999998181]
[1920,"Computer Equip.-Hardware(Post Mar. 19/07)",31101,null,31101,7622,34912,10,0.1,3491.2,3110,381.19999999999982]
[1930,"Transportation Equipment",585729,233957,351772,56350,379947,8,0.125,47493.375,43681,3812.375]
[1935,"Stores Equipment",null,null,0,null,0,null,"",0,null,0]
[1940,"Tools, Shop & Garage Equipment",88473,60832,27641,13872,34577,4,0.25,8644.25,3214,5430.25]
[1945,"Measurement & Testing Equipment",2678,2678,0,null,0,4,0.25,0,0,0]
[1950,"Power Operated Equipment",null,null,0,null,0,null,"",0,null,0]
[1955,"Communications Equipment",null,null,0,null,0,null,"",0,null,0]
[1955,"Communication Equipment (Smart Meters)",null,null,0,null,0,null,"",0,null,0]
[1960,"Miscellaneous Equipment ",null,null,0,null,0,null,"",0,null,0]
[1975,"Load Management Controls Utility Premises",null,null,0,null,0,null,"",0,null,0]
[1980,"System Supervisor Equipment",null,null,0,null,0,null,"",0,null,0]
[1985,"Miscellaneous Fixed Assets",null,null,0,null,0,null,"",0,null,0]
[1995,"Contributions & Grants",-425619,null,-425619,null,-425619,25,0.04,-17024.759999999998,-17956,931.2400000000016]
[null,null,null,null,0,null,0,null,"",0,null,0]
[null,null,null,null,0,null,0,null,"",0,null,0]
[null,"Total",{"$f":"SUM(C16:C57)","v":6466335},{"$f":"SUM(D16:D57)","v":354220},{"$f":"SUM(E16:E57)","v":6112115},{"$f":"SUM(F16:F57)","v":1744320},{"$f":"SUM(G16:G57)","v":6984275},null,null,{"$f":"SUM(J16:J57)","v":329074.27166666673},{"$f":"SUM(K16:K57)","v":277946},{"$f":"SUM(L16:L57)","v":41490.991666666654}]
[]
["Notes:"]
[1,"Board policy of the \"half-year\" rule - the applicant must ensure that additions in the year attract a half-year depreciation expense in the first year.  Deviations from this standard practice must be supported in the application."]
[2,"The applicant must provide an explanation of material variances in evidence"]
["General:","Applicants must provide a breakdown of depreciation and amortization expense in the above format for all relevant accounts.  Asset Retirement Obligations (AROs), depreciation and accretion expense should be disclosed separately consistent with the Notes of historical Audited Financial Statements."]

{"sheet":"App.2-CF_CGAAP_DepExp_2012","index":10,"n_rows":64,"n_cols":12,"rows_kept":64,"cut":false,"hidden":false,"merged":[[9,0,9,11],[8,0,8,11],[60,1,60,11],[61,1,61,11],[63,1,64,11],[13,0,14,0],[13,1,14,1],[13,10,14,10],[10,0,10,11]]}
[null,null,null,null,null,null,null,null,null,null,"File Number:",{"$f":"'LDC Info'!$E$18","v":"EB-2012-0175"}]
[null,null,null,null,null,null,null,null,null,null,"Exhibit:"]
[null,null,null,null,null,null,null,null,null,null,"Tab:"]
[null,null,null,null,null,null,null,null,null,null,"Schedule:"]
[null,null,null,null,null,null,null,null,null,null,"Page:"]
[]
[null,null,null,null,null,null,null,null,null,null,"Date:"]
[]
["Appendix 2-CF"]
["Depreciation and Amortization Expense"]
["Assumes the applicant adopted IFRS for financial reporting purposes January 1, 2013"]
[null,null,"Year",2012,"CGAAP"]
[]
["Account","Description","Opening Regulatory Gross PP&E as at Jan 1, 2012","Less Fully Depreciated","Net for Depreciation","Additions","Total for Depreciation","Years","Depreciation Rate","2012 Depreciation Expense","2012 Depreciation Expense per Appendix 2-B Fixed Assets, Column K\n (l)","Variance 2"]
[null,null,"(a)","(b)","(c)","(d)","(e) = (c) + ½ x (d) 1","(f)","(g) = 1 / (f)","(h) = (e) / (f)",null,"(m) = (h) - (l)"]
[1611,"Computer Software (Formally known as Account 1925)",108392,26959,{"$f":"C16-D16","v":81433},null,{"$f":"E16+0.5*F16","v":81433},10,{"$f":"IF(H16=0,0,1/H16)","v":0.1},{"$f":"IF(H16=0,0,G16/H16)","v":8143.3},8140,{"$f":"IF(ISERROR(+J16-K16), 0, +J16-K16)","v":3.3000000000001819}]
[1612,"Land Rights (Formally known as Account 1906)",null,null,{"$f":"C17-D17","v":0},null,{"$f":"E17+0.5*F17","v":0},null,0,0,null,0]
[1805,"Land",21747,null,21747,90000,66747,null,0,0,null,0]
[1808,"Buildings",80964,null,80964,910000,535964,25,0.04,21438.560000000001,43240,-21801.439999999999]
[1810,"Leasehold Improvements",null,null,0,null,0,null,0,0,null,0]
[1815,"Transformer Station Equipment >50 kV",null,null,0,null,0,null,0,0,null,0]
[1820,"Distribution Station Equipment <50 kV",152252,null,152252,20000,162252,25,0.04,6490.08,6890,-399.92000000000007]
[1825,"Storage Battery Equipment",null,null,0,null,0,null,0,0,null,0]
[1830,"Poles, Towers & Fixtures",394682,null,394682,30000,409682,25,0.04,16387.28,16987,-599.72000000000116]
[1830,"Poles, Towers & Fixtures - Tornado",770866,null,770866,null,770866,25,0.04,30834.639999999999,30835,-0.36000000000058208]
[1835,"Overhead Conductors & Devices",2245430,null,2245430,2465000,3477930,25,0.04,139117.20000000001,196885,-57767.799999999988]
[1835,"Overhead Conductors & Devices - Tornado",82079,null,82079,null,82079,25,0.04,3283.16,3283,0.15999999999985448]
[1840,"Underground Conduit",62683,null,62683,5000,65183,25,0.04,2607.3200000000002,2709,-101.67999999999984]
[1845,"Underground Conductors & Devices",1309799,null,1309799,800000,1709799,25,0.04,68391.960000000006,84392,-16000.039999999994]
[1850,"Line Transformers",985632,null,985632,485000,1228132,25,0.04,49125.279999999999,61425,-12299.720000000001]
[1850,"Line Transformers - Tornado",276369,null,276369,null,276369,25,0.04,11054.76,11055,-0.23999999999978172]
[1855,"Services (Overhead & Underground)",147348,null,147348,20000,157348,25,0.04,6293.92,6696,-402.07999999999993]
[1855,"Services (Overhead & Underground) - Tornado",123416,null,123416,null,123416,25,0.04,4936.6400000000003,4937,-0.35999999999967258]
[1860,"Meters",181010,null,181010,100000,231010,25,0.04,9240.4,14158,-4917.6000000000004]
[1860,"Meters (Smart Meters)",null,null,0,null,0,null,0,0,null,0]
[1905,"Land",null,null,0,null,0,null,0,0,null,0]
[1908,"Buildings & Fixtures",null,null,0,null,0,null,0,0,null,0]
[1910,"Leasehold Improvements",0,null,0,null,0,null,0,0,null,0]
[1915,"Office Furniture & Equipment (10 years)",37485,null,37485,null,37485,10,0.1,3748.5,3748,0.5]
[1915,"Office Furniture & Equipment (5 years)",null,null,0,null,0,null,0,0,null,0]
[1920,"Computer Equipment - Hardware",39678,29794,9884,null,9884,10,0.1,988.4,988,0.39999999999997726]
[1920,"Computer Equip.-Hardware(Post Mar. 22/04)",23637,null,23637,null,23637,10,0.1,2363.6999999999998,2364,-0.3000000000001819]
[1920,"Computer Equip.-Hardware(Post Mar. 19/07)",31463,null,31463,15000,38963,10,0.1,3896.3,4649,-752.69999999999982]
[1930,"Transportation Equipment",630187,245849,384338,65000,416838,8,0.125,52104.75,51806,298.75]
[1935,"Stores Equipment",null,null,0,null,0,null,0,0,null,0]
[1940,"Tools, Shop & Garage Equipment",13308,null,13308,10000,18308,4,0.25,4577,5827,-1250]
[1945,"Measurement & Testing Equipment",0,null,0,null,0,null,0,0,null,0]
[1950,"Power Operated Equipment",null,null,0,null,0,null,0,0,null,0]
[1955,"Communications Equipment",null,null,0,null,0,null,0,0,null,0]
[1955,"Communication Equipment (Smart Meters)",null,null,0,null,0,null,0,0,null,0]
[1960,"Miscellaneous Equipment ",null,null,0,null,0,null,0,0,null,0]
[1975,"Load Management Controls Utility Premises",null,null,0,null,0,null,0,0,null,0]
[1980,"System Supervisor Equipment",null,null,0,null,0,null,0,0,null,0]
[1985,"Miscellaneous Fixed Assets",null,null,0,null,0,null,0,0,null,0]
[1995,"Contributions & Grants",-425619,null,-425619,-2000000,-1425619,25,0.04,-57024.76,-96408,39383.24]
[null,null,null,null,0,null,0,null,0,0,null,0]
[null,null,null,null,0,null,0,null,0,0,null,0]
[null,"Total",{"$f":"SUM(C16:C57)","v":7292808},{"$f":"SUM(D16:D57)","v":302602},{"$f":"SUM(E16:E57)","v":6990206},{"$f":"SUM(F16:F57)","v":3015000},{"$f":"SUM(G16:G57)","v":8497706},null,null,{"$f":"SUM(J16:J57)","v":387998.39000000007},{"$f":"SUM(K16:K57)","v":464606},{"$f":"SUM(L16:L57)","v":-76607.609999999986}]
[]
["Notes:"]
[1,"Board policy of the \"half-year\" rule - the applicant must ensure that additions in the year attract a half-year depreciation expense in the first year.  Deviations from this standard practice must be supported in the application."]
[2,"The applicant must provide an explanation of material variances in evidence"]
[]
["General:","Applicants must provide a breakdown of depreciation and amortization expense in the above format for all relevant accounts.  Asset Retirement Obligations (AROs), depreciation and accretion expense should be disclosed separately consistent with the Notes of historical Audited Financial Statements."]

{"sheet":"App.2-CG_MIFRS_DepExp_2012","index":11,"n_rows":69,"n_cols":15,"rows_kept":69,"cut":false,"hidden":false,"merged":[[68,1,70,11],[9,0,9,14],[8,0,8,14],[10,0,10,14],[65,1,65,14],[64,1,64,14],[63,1,63,14],[62,1,62,14],[61,1,61,14],[13,0,14,0],[13,1,14,1],[13,10,14,10],[13,13,14,13],[66,1,66,14]]}
[null,null,null,null,null,null,null,null,null,null,null,null,null,"File Number:",{"$f":"'LDC Info'!$E$18","v":"EB-2012-0175"}]
[null,null,null,null,null,null,null,null,null,null,null,null,null,"Exhibit:"]
[null,null,null,null,null,null,null,null,null,null,null,null,null,"Tab:"]
[null,null,null,null,null,null,null,null,null,null,null,null,null,"Schedule:"]
[null,null,null,null,null,null,null,null,null,null,null,null,null,"Page:"]
[]
[null,null,null,null,null,null,null,null,null,null,null,null,null,"Date:"]
[]
["Appendix 2-CG"]
["Depreciation and Amortization Expense"]
["Assumes the applicant adopted IFRS for financial reporting purposes January 1, 2013"]
[null,null,"Year",2012,"MIFRS"]
[]
["Account","Description","Opening NBV as at Jan 1, 2012 5","Additions","Average Remaining Life of Opening NBV 4","Years (new additions only) 3","Depreciation Rate on New Additions","Depreciation Expense on Opening NBV","Depreciation Expense on Additions 1","2012 Depreciation Expense","2012 Depreciation Expense per Appendix 2-B Fixed Assets, Column K\n (l)","Variance 2","Depreciation Expense on 2012 Full Year Additions","Less Depreciation Expense on Assets Fully Depreciated during the year\n(o)","2012 Full Year Depreciation 6"]
[null,null,"(a)","(d)","(i)","(f)","(g) = 1 / (f)","(j) = (a) / (i)","(h)=((d)*0.5)/(f) ","(k) = (j) + (h)",null,"(m) = (k) - (l)","(n)=((d))/(f) ",null,"(p) = (j) + (n) - (o)"]
[1611,"Computer Software (Formally known as Account 1925)",52062,null,6.3958000000000004,null,{"$f":"IF(F16=0,0,1/F16)","v":0},{"$f":"IF(E16=0,0,+C16/E16)","v":8140.0293942900025},{"$f":"IF(F16=0,0,+(D16*0.5)/F16)","v":0},{"$f":"IF(ISERROR(+H16+I16), 0, +H16+I16)","v":8140.0293942900025},8140,{"$f":"IF(ISERROR(+J16-K16), 0, +J16-K16)","v":2.9394290002528578E-2},{"$f":"IF(F16=0,0,+(D16)/F16)","v":0},61,{"$f":"IF(ISERROR(+M16+H16-N16), 0, +M16+H16-N16)","v":8079.0293942900025}]
[1612,"Land Rights (Formally known as Account 1906)",null,null,null,null,0,0,0,0,null,0,0,null,{"$f":"IF(ISERROR(+M17+H17-N17), 0, +M17+H17-N17)","v":0}]
[1805,"Land",21747,90000,null,null,0,0,0,0,null,0,0,null,0]
[1808,"Buildings",49545,910000,9.83,25,0.04,5040.1831129196335,18200,23240.183112919633,23240,0.18311291963254916,36400,null,41440.183112919636]
[1810,"Leasehold Improvements",null,null,null,null,0,0,0,0,null,0,0,null,0]
[1815,"Transformer Station Equipment >50 kV",null,null,null,null,0,0,0,0,null,0,0,null,0]
[1820,"Distribution Station Equipment <50 kV",85318,20000,14.01,25,0.04,6089.7930049964316,400,6489.7930049964316,6490,-0.20699500356840872,800,null,6889.7930049964316]
[1825,"Storage Battery Equipment",null,null,null,null,0,0,0,0,null,0,0,null,0]
[1830,"Poles, Towers & Fixtures",1488570,1993580,36,45,2.2222222222222223E-2,41349.166666666664,22150.888888888891,63500.055555555555,63500,5.5555555554747116E-2,44301.777777777781,null,85650.944444444438]
[1830,"Poles, Towers & Fixtures - Tornado",770866,null,45,45,2.2222222222222223E-2,17130.355555555554,0,17130.355555555554,17130,0.35555555555401952,null,null,17130.355555555554]
[1835,"Overhead Conductors & Devices",296844,393352,42.88,54.87,1.8224895206852561E-2,6922.6679104477607,3584.3994897029343,10507.067400150696,10507,6.7400150695902994E-2,7168.7989794058685,null,14091.466889853629]
[1835,"Overhead Conductors & Devices - Tornado",82079,null,54.87,54.87,1.8224895206852561E-2,1495.8811736832513,0,1495.8811736832513,1496,-0.11882631674870936,null,null,1495.8811736832513]
[1840,"Underground Conduit",55472,5000,47.01,50,0.02,1180.0042544139546,50,1230.0042544139546,1230,4.2544139546407678E-3,100,null,1280.0042544139546]
[1845,"Underground Conductors & Devices",858074,800000,26.2394,40,2.5000000000000001E-2,32701.738606827901,10000,42701.738606827901,42703,-1.2613931720989058,20000,null,52701.738606827901]
[1850,"Line Transformers",671965,485000,35,40,2.5000000000000001E-2,19199,6062.5,25261.5,25261,0.5,12125,null,31324]
[1850,"Line Transformers - Tornado",276369,null,40,40,2.5000000000000001E-2,6909.2250000000004,0,6909.2250000000004,6909,0.2250000000003638,null,null,6909.2250000000004]
[1855,"Services (Overhead & Underground)",178617,128068,35.795999999999999,60,1.6666666666666666E-2,4989.8592021454915,1067.2333333333333,6057.0925354788251,6057,9.2535478825084283E-2,2134.4666666666667,null,7124.3258688121587]
[1855,"Services (Overhead & Underground) - Tornado",123416,null,60,60,1.6666666666666666E-2,2056.9333333333334,0,2056.9333333333334,2057,-6.6666666666606034E-2,null,null,2056.9333333333334]
[1860,"Meters",44974,100000,15.698,25,0.04,2864.9509491654985,2000,4864.950949165499,4865,-4.9050834501031204E-2,4000,null,6864.950949165499]
[1860,"Meters (Smart Meters)",102094,null,13.998900000000001,15,6.6666666666666666E-2,7293.0015929823057,0,7293.0015929823057,7293,1.592982305737678E-3,0,null,7293.0015929823057]
[1905,"Land",null,null,null,null,0,0,0,0,null,0,0,null,0]
[1908,"Buildings & Fixtures",null,null,null,null,0,0,0,0,null,0,0,null,0]
[1910,"Leasehold Improvements",null,null,null,null,0,0,0,0,null,0,0,null,0]
[1915,"Office Furniture & Equipment (10 years)",33737,null,9.0009999999999994,null,0,3748.1390956560385,0,3748.1390956560385,3748,0.1390956560385348,0,null,3748.1390956560385]
[1915,"Office Furniture & Equipment (5 years)",null,null,null,null,0,0,0,0,null,0,0,null,0]
[1920,"Computer Equipment - Hardware",4944,null,5,null,0,988.8,0,988.8,988,0.79999999999995453,0,984,4.7999999999999545]
[1920,"Computer Equip.-Hardware(Post Mar. 22/04)",4188,null,1.7715000000000001,null,0,2364.098221845893,0,2364.098221845893,2364,9.8221845893021964E-2,0,null,2364.098221845893]
[1920,"Computer Equip.-Hardware(Post Mar. 19/07)",20162,15000,6.4029999999999996,10,0.1,3148.8364828986414,750,3898.8364828986414,3899,-0.16351710135859321,1500,null,4648.8364828986414]
[1930,"Transportation Equipment",290879,65000,6.6589999999999998,8,0.125,43682.084397056613,4062.5,47744.584397056613,47744,0.58439705661294283,8125,931,50876.084397056613]
[1935,"Stores Equipment",null,null,null,null,0,0,0,0,null,0,0,null,0]
[1940,"Tools, Shop & Garage Equipment",9002,10000,2.7057000000000002,4,0.25,3327.0503012159511,1250,4577.0503012159515,4577,5.0301215951549239E-2,2500,545,5282.0503012159515]
[1945,"Measurement & Testing Equipment",null,null,null,null,0,0,0,0,null,0,0,null,0]
[1950,"Power Operated Equipment",null,null,null,null,0,0,0,0,null,0,0,null,0]
[1955,"Communications Equipment",null,null,null,null,0,0,0,0,null,0,0,null,0]
[1955,"Communication Equipment (Smart Meters)",null,null,null,null,0,0,0,0,null,0,0,null,0]
[1960,"Miscellaneous Equipment ",null,null,null,null,0,0,0,0,null,0,0,null,0]
[1975,"Load Management Controls Utility Premises",null,null,null,null,0,0,0,0,null,0,0,null,0]
[1980,"System Supervisor Equipment",null,null,null,null,0,0,0,0,null,0,0,null,0]
[1985,"Miscellaneous Fixed Assets",null,null,null,null,0,0,0,0,null,0,0,null,0]
[1995,"Contributions & Grants",-339233,-2000000,28.851289999999999,46.367800000000003,2.1566690677582285E-2,-11757.983785127113,-21566.690677582286,-33324.674462709401,-33325,0.32553729059873149,-43133.381355164573,null,-54891.365140291688]
[null,null,null,null,null,null,0,0,0,0,null,0,0,null,0]
[null,null,null,null,null,null,0,0,0,0,null,0,0,null,0]
[null,"Total",{"$f":"SUM(C16:C57)","v":5181691},{"$f":"SUM(D16:D57)","v":3015000},null,null,null,{"$f":"SUM(H16:H57)","v":208863.81447097383},48010.831034342875,256874.64550531673,256873,1.6455053166780544,96021.66206868575,{"$f":"SUM(N16:N57)","v":2521},302364.47653965949]
[]
["Notes:"]
[]
[1,"Board policy of the \"half-year\" rule - the applicant must ensure that additions in the year attract a half-year depreciation expense in the first year.  Deviations from this standard practice must be supported in the application."]
[2,"The applicant must provide an explanation of material variances in evidence"]
[3,"The applicant should ensure that the years for new additions of assets are the asset useful lives determined by management in accordance with IFRS. "]
[4,"A recalculation should be performed to determine the average remaining life of opening balance of assets (i.e. excluding 2012 additions) under IFRS.  For example, Asset A had a useful life of 20 years under CGAAP.  On January 1, 2012, the date of transition, Asset A was 3 years depreciated. As a result, Asset A would have a remaining service life of 17 years (20 years less 3 years) under CGAAP as of January 1, 2012.  Due to the transition to IFRS, management re-assessed the asset useful lives under IFRS principles and concluded that the revised useful life of Asset A is now 30 years. Therefore, the average remaining useful life of opening balance of Asset A is determined to be 27 years (30 years less 3 years) under IFRS as of January 1, 2012."]
[5,"NBV must exclude assets still on the books but which have been fully amortized or depreciated."]
[6,"This column refers to the calculated full year depreciation but excludes the depreciation expense on assets fully depreciated during the year.  This column is used for the purpose of calculating depreciation expense in the following year on the next worksheet."]
[]
["General:","Applicants must provide a breakdown of depreciation and amortization expense in the above format for all relevant accounts.  Asset Retirement Obligations (AROs), depreciation and accretion expense should be disclosed separately consistent with the Notes of historical Audited Financial Statements."]

{"sheet":"App.2-CG_MIFRS_DepExp_2013","index":12,"n_rows":69,"n_cols":10,"rows_kept":69,"cut":false,"hidden":false,"merged":[[8,0,8,9],[61,1,61,4],[68,1,69,9],[65,1,65,9],[64,1,64,9],[13,0,14,0],[13,1,14,1],[13,6,14,6],[10,0,10,9],[9,0,9,9]]}
[null,null,null,null,null,null,null,null,"File Number:",{"$f":"'LDC Info'!$E$18","v":"EB-2012-0175"}]
[null,null,null,null,null,null,null,null,"Exhibit:"]
[null,null,null,null,null,null,null,null,"Tab:"]
[null,null,null,null,null,null,null,null,"Schedule:"]
[null,null,null,null,null,null,null,null,"Page:"]
[]
[null,null,null,null,null,null,null,null,"Date:"]
[]
["Appendix 2-CH"]
["Depreciation and Amortization Expense"]
["Assumes the applicant adopted IFRS for financial reporting purposes January 1, 2013"]
[null,null,"Year",2013,"MIFRS"]
[]
["Account","Description","Additions","Years (new additions only)","Depreciation Rate on New Additions","2013 Depreciation Expense 1","2013 Depreciation Expense per Appendix 2-B Fixed Assets, Column K\n (l)","Variance 2"]
[null,null,"(d)","(f)","(g) = 1 / (f)","(h)=2012 Full Year Depreciation + ((d)*0.5)/(f) ",null,"(m) = (h) - (l)"]
[1611,"Computer Software (Formally known as Account 1925)",null,null,{"$f":"IF(D16=0,0,1/D16)","v":0},{"$f":"IF(D16=0,'App.2-CG_MIFRS_DepExp_2012'!O16,+'App.2-CG_MIFRS_DepExp_2012'!O16+((C16*0.5)/D16))","v":8079.0293942900025},8079,{"$f":"IF(ISERROR(+F16-G16), 0, +F16-G16)","v":2.9394290002528578E-2}]
[1612,"Land Rights (Formally known as Account 1906)",null,null,0,{"$f":"IF(D17=0,'App.2-CG_MIFRS_DepExp_2012'!O17,+'App.2-CG_MIFRS_DepExp_2012'!O17+((C17*0.5)/D17))","v":0},null,0]
[1805,"Land",null,null,0,{"$f":"IF(D18=0,'App.2-CG_MIFRS_DepExp_2012'!O18,+'App.2-CG_MIFRS_DepExp_2012'!O18+((C18*0.5)/D18))","v":0},null,0]
[1808,"Buildings",200000,25,0.04,{"$f":"IF(D19=0,'App.2-CG_MIFRS_DepExp_2012'!O19,+'App.2-CG_MIFRS_DepExp_2012'!O19+((C19*0.5)/D19))","v":45440.183112919636},45440,0.18311291963618714]
[1810,"Leasehold Improvements",null,null,0,{"$f":"IF(D20=0,'App.2-CG_MIFRS_DepExp_2012'!O20,+'App.2-CG_MIFRS_DepExp_2012'!O20+((C20*0.5)/D20))","v":0},null,0]
[1815,"Transformer Station Equipment >50 kV",null,null,0,{"$f":"IF(D21=0,'App.2-CG_MIFRS_DepExp_2012'!O21,+'App.2-CG_MIFRS_DepExp_2012'!O21+((C21*0.5)/D21))","v":0},null,0]
[1820,"Distribution Station Equipment <50 kV",20000,25,0.04,{"$f":"IF(D22=0,'App.2-CG_MIFRS_DepExp_2012'!O22,+'App.2-CG_MIFRS_DepExp_2012'!O22+((C22*0.5)/D22))","v":7289.7930049964316},7290,-0.20699500356840872]
[1825,"Storage Battery Equipment",null,null,0,{"$f":"IF(D23=0,'App.2-CG_MIFRS_DepExp_2012'!O23,+'App.2-CG_MIFRS_DepExp_2012'!O23+((C23*0.5)/D23))","v":0},null,0]
[1830,"Poles, Towers & Fixtures",865224,45,2.2222222222222223E-2,{"$f":"IF(D24=0,'App.2-CG_MIFRS_DepExp_2012'!O24,+'App.2-CG_MIFRS_DepExp_2012'!O24+((C24*0.5)/D24))","v":95264.544444444444},95265,-0.45555555555620231]
[1830,"Poles, Towers & Fixtures - Tornado",null,45,2.2222222222222223E-2,{"$f":"IF(D25=0,'App.2-CG_MIFRS_DepExp_2012'!O25,+'App.2-CG_MIFRS_DepExp_2012'!O25+((C25*0.5)/D25))","v":17130.355555555554},17130,0.35555555555401952]
[1835,"Overhead Conductors & Devices",158808,54.893999999999998,1.821692716872518E-2,{"$f":"IF(D26=0,'App.2-CG_MIFRS_DepExp_2012'!O26,+'App.2-CG_MIFRS_DepExp_2012'!O26+((C26*0.5)/D26))","v":15537.963774759084},15537,0.96377475908411725]
[1835,"Overhead Conductors & Devices  - Tornado",null,54.89,1.8218254691200583E-2,{"$f":"IF(D27=0,'App.2-CG_MIFRS_DepExp_2012'!O27,+'App.2-CG_MIFRS_DepExp_2012'!O27+((C27*0.5)/D27))","v":1495.8811736832513},1496,-0.11882631674870936]
[1840,"Underground Conduit",5000,50,0.02,{"$f":"IF(D28=0,'App.2-CG_MIFRS_DepExp_2012'!O28,+'App.2-CG_MIFRS_DepExp_2012'!O28+((C28*0.5)/D28))","v":1330.0042544139546},1330,4.2544139546407678E-3]
[1845,"Underground Conductors & Devices",20000,40,2.5000000000000001E-2,{"$f":"IF(D29=0,'App.2-CG_MIFRS_DepExp_2012'!O29,+'App.2-CG_MIFRS_DepExp_2012'!O29+((C29*0.5)/D29))","v":52951.738606827901},52953,-1.2613931720989058]
[1850,"Line Transformers",{"$f":"204000+275000","v":479000},40,2.5000000000000001E-2,{"$f":"IF(D30=0,'App.2-CG_MIFRS_DepExp_2012'!O30,+'App.2-CG_MIFRS_DepExp_2012'!O30+((C30*0.5)/D30))","v":37311.5},37311,0.5]
[1850,"Line Transformers - Tornado",null,40,2.5000000000000001E-2,{"$f":"IF(D31=0,'App.2-CG_MIFRS_DepExp_2012'!O31,+'App.2-CG_MIFRS_DepExp_2012'!O31+((C31*0.5)/D31))","v":6909.2250000000004},6909,0.2250000000003638]
[1855,"Services (Overhead & Underground)",65968,60,1.6666666666666666E-2,{"$f":"IF(D32=0,'App.2-CG_MIFRS_DepExp_2012'!O32,+'App.2-CG_MIFRS_DepExp_2012'!O32+((C32*0.5)/D32))","v":7674.0592021454922},7674,5.9202145492236014E-2]
[1855,"Services (Overhead & Underground) - Tornado",null,60,1.6666666666666666E-2,{"$f":"IF(D33=0,'App.2-CG_MIFRS_DepExp_2012'!O33,+'App.2-CG_MIFRS_DepExp_2012'!O33+((C33*0.5)/D33))","v":2056.9333333333334},2057,-6.6666666666606034E-2]
[1860,"Meters",null,null,0,{"$f":"IF(D34=0,'App.2-CG_MIFRS_DepExp_2012'!O34,+'App.2-CG_MIFRS_DepExp_2012'!O34+((C34*0.5)/D34))","v":6864.950949165499},6865,-4.9050834501031204E-2]
[1860,"Meters (Smart Meters)",null,null,0,{"$f":"IF(D35=0,'App.2-CG_MIFRS_DepExp_2012'!O35,+'App.2-CG_MIFRS_DepExp_2012'!O35+((C35*0.5)/D35))","v":7293.0015929823057},7293,1.592982305737678E-3]
[1905,"Land",null,null,0,{"$f":"IF(D36=0,'App.2-CG_MIFRS_DepExp_2012'!O36,+'App.2-CG_MIFRS_DepExp_2012'!O36+((C36*0.5)/D36))","v":0},null,0]
[1908,"Buildings & Fixtures",null,null,0,{"$f":"IF(D37=0,'App.2-CG_MIFRS_DepExp_2012'!O37,+'App.2-CG_MIFRS_DepExp_2012'!O37+((C37*0.5)/D37))","v":0},null,0]
[1910,"Leasehold Improvements",null,null,0,{"$f":"IF(D38=0,'App.2-CG_MIFRS_DepExp_2012'!O38,+'App.2-CG_MIFRS_DepExp_2012'!O38+((C38*0.5)/D38))","v":0},null,0]
[1915,"Office Furniture & Equipment (10 years)",null,null,0,{"$f":"IF(D39=0,'App.2-CG_MIFRS_DepExp_2012'!O39,+'App.2-CG_MIFRS_DepExp_2012'!O39+((C39*0.5)/D39))","v":3748.1390956560385},3748,0.1390956560385348]
[1915,"Office Furniture & Equipment (5 years)",null,null,0,{"$f":"IF(D40=0,'App.2-CG_MIFRS_DepExp_2012'!O40,+'App.2-CG_MIFRS_DepExp_2012'!O40+((C40*0.5)/D40))","v":0},null,0]
[1920,"Computer Equipment - Hardware",null,null,0,{"$f":"IF(D41=0,'App.2-CG_MIFRS_DepExp_2012'!O41,+'App.2-CG_MIFRS_DepExp_2012'!O41+((C41*0.5)/D41))","v":4.7999999999999545},4,0.79999999999995453]
[1920,"Computer Equip.-Hardware(Post Mar. 22/04)",null,null,0,{"$f":"IF(D42=0,'App.2-CG_MIFRS_DepExp_2012'!O42,+'App.2-CG_MIFRS_DepExp_2012'!O42+((C42*0.5)/D42))","v":2364.098221845893},2363,1.098221845893022]
[1920,"Computer Equip.-Hardware(Post Mar. 19/07)",null,null,0,{"$f":"IF(D43=0,'App.2-CG_MIFRS_DepExp_2012'!O43,+'App.2-CG_MIFRS_DepExp_2012'!O43+((C43*0.5)/D43))","v":4648.8364828986414},4649,-0.16351710135859321]
[1930,"Transportation Equipment",300000,8,0.125,{"$f":"IF(D44=0,'App.2-CG_MIFRS_DepExp_2012'!O44,+'App.2-CG_MIFRS_DepExp_2012'!O44+((C44*0.5)/D44))","v":69626.084397056606},69626,8.4397056605666876E-2]
[1935,"Stores Equipment",null,null,0,{"$f":"IF(D45=0,'App.2-CG_MIFRS_DepExp_2012'!O45,+'App.2-CG_MIFRS_DepExp_2012'!O45+((C45*0.5)/D45))","v":0},null,0]
[1940,"Tools, Shop & Garage Equipment",8500,4,0.25,{"$f":"IF(D46=0,'App.2-CG_MIFRS_DepExp_2012'!O46,+'App.2-CG_MIFRS_DepExp_2012'!O46+((C46*0.5)/D46))","v":6344.5503012159515},6345,-0.44969878404845076]
[1945,"Measurement & Testing Equipment",null,null,0,{"$f":"IF(D47=0,'App.2-CG_MIFRS_DepExp_2012'!O47,+'App.2-CG_MIFRS_DepExp_2012'!O47+((C47*0.5)/D47))","v":0},null,0]
[1950,"Power Operated Equipment",null,null,0,{"$f":"IF(D48=0,'App.2-CG_MIFRS_DepExp_2012'!O48,+'App.2-CG_MIFRS_DepExp_2012'!O48+((C48*0.5)/D48))","v":0},null,0]
[1955,"Communications Equipment",null,null,0,{"$f":"IF(D49=0,'App.2-CG_MIFRS_DepExp_2012'!O49,+'App.2-CG_MIFRS_DepExp_2012'!O49+((C49*0.5)/D49))","v":0},null,0]
[1955,"Communication Equipment (Smart Meters)",null,null,0,{"$f":"IF(D50=0,'App.2-CG_MIFRS_DepExp_2012'!O50,+'App.2-CG_MIFRS_DepExp_2012'!O50+((C50*0.5)/D50))","v":0},null,0]
[1960,"Miscellaneous Equipment ",null,null,0,{"$f":"IF(D51=0,'App.2-CG_MIFRS_DepExp_2012'!O51,+'App.2-CG_MIFRS_DepExp_2012'!O51+((C51*0.5)/D51))","v":0},null,0]
[1975,"Load Management Controls Utility Premises",null,null,0,{"$f":"IF(D52=0,'App.2-CG_MIFRS_DepExp_2012'!O52,+'App.2-CG_MIFRS_DepExp_2012'!O52+((C52*0.5)/D52))","v":0},null,0]
[1980,"System Supervisor Equipment",null,null,0,{"$f":"IF(D53=0,'App.2-CG_MIFRS_DepExp_2012'!O53,+'App.2-CG_MIFRS_DepExp_2012'!O53+((C53*0.5)/D53))","v":0},null,0]
[1985,"Miscellaneous Fixed Assets",null,null,0,{"$f":"IF(D54=0,'App.2-CG_MIFRS_DepExp_2012'!O54,+'App.2-CG_MIFRS_DepExp_2012'!O54+((C54*0.5)/D54))","v":0},null,0]
[1995,"Contributions & Grants",-275000,40,2.5000000000000001E-2,{"$f":"IF(D55=0,'App.2-CG_MIFRS_DepExp_2012'!O55,+'App.2-CG_MIFRS_DepExp_2012'!O55+((C55*0.5)/D55))","v":-58328.865140291688},-58329,0.13485970831243321]
[null,null,null,null,0,{"$f":"IF(D56=0,'App.2-CG_MIFRS_DepExp_2012'!O56,+'App.2-CG_MIFRS_DepExp_2012'!O56+((C56*0.5)/D56))","v":0},null,0]
[null,null,null,null,0,{"$f":"IF(D57=0,'App.2-CG_MIFRS_DepExp_2012'!O57,+'App.2-CG_MIFRS_DepExp_2012'!O57+((C57*0.5)/D57))","v":0},null,0]
[null,"Total",{"$f":"SUM(C16:C57)","v":1847500},null,null,{"$f":"SUM(F16:F57)","v":341036.8067578983},{"$f":"SUM(G16:G57)","v":341035},{"$f":"SUM(H16:H57)","v":1.8067578983325348}]
[null,"Deduct Fully allocated depreciation - transportation equipment",null,null,null,null,-69626]
[null,"Add Transfer of Smart Meters costs from 1555",null,null,null,null,37631]
[null,"Depreciation expense adjustment resulting from  amortization of Account 1575",null,null,null,null,-51933]
[null,"Total Depreciation expense to be included in the test year revenue requirement",null,null,null,null,{"$f":"+G61+G58+G60+G59","v":257107}]
[]
["Notes:"]
[1,"Board policy of the \"half-year\" rule - the applicant must ensure that additions in the year attract a half-year depreciation expense in the first year.  Deviations from this standard practice must be supported in the application."]
[2,"The applicant must provide an explanation of material variances in evidence"]
[]
[]
["General:","Applicants must provide a breakdown of depreciation and amortization expense in the above format for all relevant accounts.  Asset Retirement Obligations (AROs), depreciation and accretion expense should be disclosed separately consistent with the Notes of historical Audited Financial Statements."]

{"sheet":"App.2-D_Overhead","index":13,"n_rows":56,"n_cols":13,"rows_kept":56,"cut":false,"hidden":false,"merged":[[68,0,71,0],[73,0,74,0],[60,0,61,0],[60,1,60,4],[62,0,63,0],[65,0,66,0],[51,0,51,2],[51,10,51,12],[52,0,52,2],[52,10,52,12],[57,0,58,0],[57,1,58,4],[55,1,56,12],[48,0,48,2],[48,10,48,12],[49,0,49,2],[49,10,49,12],[50,0,50,2],[50,10,50,12],[45,0,45,2],[45,10,45,12],[46,0,46,2],[46,10,46,12],[47,0,47,2],[47,10,47,12],[44,0,44,2],[44,10,44,12],[38,0,38,2],[38,10,38,12],[39,0,39,2],[39,10,39,12],[40,0,40,2],[40,10,40,12],[41,0,41,2],[41,10,41,12],[42,0,42,2],[42,10,42,12],[43,10,43,12],[35,0,37,2],[35,10,35,12],[36,10,36,12],[37,10,37,12],[26,0,26,2],[26,10,26,12],[27,0,27,2],[27,10,27,12],[28,0,28,2],[28,10,28,12],[29,0,29,2],[29,10,29,12],[30,0,30,2],[30,10,30,12],[33,0,33,12],[23,0,23,2],[23,10,23,12],[24,0,24,2],[24,10,24,12],[25,0,25,2],[25,10,25,12],[22,0,22,2],[22,10,22,12],[16,0,16,2],[16,10,16,12],[17,0,17,2],[17,10,17,12],[18,0,18,2],[18,10,18,12],[19,0,19,2],[19,10,19,12],[20,0,20,2],[20,10,20,12],[21,10,21,12],[8,0,8,12],[9,0,9,12],[11,0,11,12],[13,0,15,2],[13,10,13,12],[14,10,14,12],[15,10,15,12]]}
[null,null,null,null,null,null,null,null,null,null,null,"File Number:",{"$f":"'LDC Info'!$E$18","v":"EB-2012-0175"}]
[null,null,null,null,null,null,null,null,null,null,null,"Exhibit:"]
[null,null,null,null,null,null,null,null,null,null,null,"Tab:"]
[null,null,null,null,null,null,null,null,null,null,null,"Schedule:"]
[null,null,null,null,null,null,null,null,null,null,null,"Page:"]
[]
[null,null,null,null,null,null,null,null,null,null,null,"Date:"]
[]
["Appendix 2-D"]
["Overhead Expense"]
[]
["The following table should be completed based on the information requested below. An explanation should be provided for any blank entries.  The entries should include overhead costs that are currently capitalized on self-constructed assets under MIFRS or an alternate accounting standard."]
[null,null,null,null,"(A) 1","(B)","(C)","(D)","(E) 1","(F)","(G)"]
["Nature of the Overhead Costs",null,null,null,"Dollar","Dollar","Dollar","Dollar Impact - ","Dollar Impact - ","Directly","Reasons why the overhead costs are allowed to be"]
[null,null,null,null,"Impact on PP&E","Impact on PP&E","Impact on PP&E","PP&E Variance","PP&E Variance","Attributable?","capitalized under MIFRS or an alternate accounting"]
[null,null,null,null,"Historic Year","Bridge Year","Test Year","Test versus Bridge","Test versus Historic","(Y/N)","standard given limitations on capitalized overhead"]
["employee benefits",null,null,null,null,null,null,{"$f":"+G17-F17","v":0},{"$f":"+G17-E17","v":0}]
["costs of site preparation",null,null,null,null,null,null,0,0]
["initial delivery and handling costs",null,null,null,null,null,null,0,0]
["costs of testing whether the asset is functioning properly",null,null,null,null,null,null,0,0]
["professional fees",null,null,null,null,null,null,0,0]
[null,null,null,null,null,null,null,0,0]
["costs of opening a new facility",null,null,null,null,null,null,0,0]
["costs of introducing a new product or service (including costs of advertising and promotional activities)",null,null,null,null,null,null,0,0]
["costs of conducting business in a new location or with a new class of customer (including costs of staff training)",null,null,null,null,null,null,0,0]
["administration and other general overhead costs",null,null,null,null,null,null,0,0]
[null,null,null,null,null,null,null,0,0]
[null,null,null,null,null,null,null,0,0]
[null,null,null,null,null,null,null,0,0]
["Insert description of additional item(s) and new rows if needed.",null,null,null,null,null,null,0,0]
["Total",null,null,null,{"$f":"SUM(E17:E30)","v":0},{"$f":"SUM(F17:F30)","v":0},{"$f":"SUM(G17:G30)","v":0},{"$f":"SUM(H17:H30)","v":0},{"$f":"SUM(I17:I30)","v":0}]
[]
[]
["The following table should be completed based on the information requested below. An explanation should be provided for any blank entries.  The entries should include overhead costs that were capitalized on self-constructed assets under CGAAP but are no longer capitalized under MIFRS or an alternate accounting standard and are included in OM&A."]
[null,null,null,null,"(A) 1","(B)","(C)","(D)","(E) 1","(F)","(G)"]
["Nature of the Overhead Costs",null,null,null,"Dollar","Dollar","Dollar","Dollar Impact - ","Dollar Impact - ","Directly","Reasons why the overhead costs are not allowed to be"]
[null,null,null,null,"Impact on OM&A","Impact on OM&A","Impact on OM&A","OM&A Variance","OM&A Variance","Attributable?","capitalized under MIFRS or an alternate accounting"]
[null,null,null,null,"Historic Year","Bridge Year","Test Year","Test versus Bridge","Test versus Historic","(Y/N)","standard given limitations on capitalized overhead"]
["employee benefits",null,null,null,null,null,null,{"$f":"+G39-F39","v":0},{"$f":"+G39-E39","v":0}]
["costs of site preparation",null,null,null,null,null,null,{"$f":"+G40-F40","v":0},{"$f":"+G40-E40","v":0}]
["initial delivery and handling costs",null,null,null,null,null,null,{"$f":"+G41-F41","v":0},{"$f":"+G41-E41","v":0}]
["costs of testing whether the asset is functioning properly",null,null,null,null,null,null,{"$f":"+G42-F42","v":0},{"$f":"+G42-E42","v":0}]
["professional fees",null,null,null,null,null,null,{"$f":"+G43-F43","v":0},{"$f":"+G43-E43","v":0}]
[]
["costs of opening a new facility",null,null,null,null,null,null,{"$f":"+G45-F45","v":0},{"$f":"+G45-E45","v":0}]
["costs of introducing a new product or service (including costs of advertising and promotional activities)",null,null,null,null,null,null,0,0]
["costs of conducting business in a new location or with a new class of customer (including costs of staff training)",null,null,null,null,null,null,0,0]
["administration and other general overhead costs",null,null,null,null,null,null,0,0]
[null,null,null,null,null,null,null,0,0]
[null,null,null,null,null,null,null,0,0]
[null,null,null,null,null,null,null,0,0]
["Insert description of additional item(s) and new rows if needed.",null,null,null,null,null,null,0,0]
["Total",null,null,null,{"$f":"SUM(E39:E52)","v":0},{"$f":"SUM(F39:F52)","v":0},{"$f":"SUM(G39:G52)","v":0},{"$f":"SUM(H39:H52)","v":0},{"$f":"SUM(I39:I52)","v":0}]
[]
["Notes:"]
[1,"If the applicant chooses to adopt IFRS or an alternate accounting standard for financial reporting purposes in 2013, the applicant does not need to complete Columns A, E.  If the applicant adopts IFRS or an alternate accounting standard for financial reporting purposes in 2012, the applicant must complete all columns."]

{"sheet":"App.2-EB_PP&E Deferral Account","index":14,"n_rows":55,"n_cols":10,"rows_kept":55,"cut":false,"hidden":false,"merged":[[54,0,55,8],[20,1,20,8],[8,0,8,8],[9,0,9,8],[10,0,10,8],[14,0,14,8],[12,0,12,8]]}
[null,null,null,null,null,null,null,"File Number:",{"$f":"'LDC Info'!$E$18","v":"EB-2012-0175"}]
[null,null,null,null,null,null,null,"Exhibit:"]
[null,null,null,null,null,null,null,"Tab:"]
[null,null,null,null,null,null,null,"Schedule:"]
[null,null,null,null,null,null,null,"Page:"]
[]
[null,null,null,null,null,null,null,"Date:"]
[]
["Appendix 2-EB"]
["IFRS-CGAAP Transitional PP&E Amounts"]
["2013 Adopters of IFRS for Financial Reporting Purposes"]
[]
["For applicants that adopt IFRS on January 1, 2013 for financial reporting purposes"]
[]
["Note: this sheet should be filled out if the applicant adopts IFRS for its financial reporting purpose as of January 1, 2013. "]
[]
[null,"2009 Rebasing Year",2010,2011,2012,"2013 Rebasing Year",2014,2015,2016]
["Reporting Basis","CGAAP","IRM","IRM","IRM","MIFRS","IRM","IRM","IRM"]
["Forecast vs. Actual Used in Rebasing Year","Forecast","Actual","Actual","Forecast","Forecast"]
[null,null,null,"$","$","$","$","$","$"]
["PP&E Values under CGAAP"]
["            Opening net PP&E - Note 1",null,null,null,5185594]
["            Additions",null,null,null,3015000]
["            Depreciation (amounts should be negative)",null,null,null,-466116]
["            Closing net PP&E (1)",null,null,null,{"$f":"SUM(E22:E24)","v":7734478}]
[]
["PP&E Values under MIFRS (Starts from 2012, the transition year)"]
["            Opening net PP&E  - Note 1",null,null,null,5185594]
["            Additions",null,null,null,3015000]
["            Depreciation (amounts should be negative)",null,null,null,-258383]
["            Closing net PP&E (2)",null,null,null,{"$f":"SUM(E28:E30)","v":7942211}]
[]
["Difference in Closing net PP&E, CGAAP vs. MIFRS (Shown as adjustment to rate base on rebasing)",null,null,null,{"$f":"E25-E31","v":-207733}]
[]
["Account 1575 - IFRS-CGAAP Transitional PP&E Amounts"]
["          Opening balance ",null,null,null,{"$f":"D40","v":0},{"$f":"E40","v":-207733},{"$f":"F40","v":-155799.75},{"$f":"G40","v":-103866.5},{"$f":"H40","v":-51933.25}]
["          Amounts added in the year",null,null,null,{"$f":"E33-D33","v":-207733}]
["Sub-total",null,null,null,{"$f":"E36+E37","v":-207733},{"$f":"F36+F37","v":-207733},{"$f":"G36+G37","v":-155799.75},{"$f":"H36+H37","v":-103866.5},{"$f":"I36+I37","v":-51933.25}]
["Amount of amortization, included in  depreciation expense  - Note 2",null,null,null,null,{"$f":"IF(ISERROR(-E33/I44), 0, -E33/I44)","v":51933.25},{"$f":"+F39","v":51933.25},{"$f":"+F39","v":51933.25},{"$f":"+F39","v":51933.25}]
["          Closing balance in deferral account",null,null,null,{"$f":"E38+E39","v":-207733},{"$f":"IF(ISERROR(F38+F39), 0, F38+F39)","v":-155799.75},{"$f":"G38+G39","v":-103866.5},{"$f":"H38+H39","v":-51933.25},{"$f":"I38+I39","v":0}]
[]
["Effect on Revenue Requirement"]
["        Amortization of deferred balance as above - Note 2",null,null,null,null,{"$f":"IF(ISERROR(E33/I44), 0, E33/I44)","v":-51933.25},null,"WACC",6.0199999999999997E-2]
["Return on Rate Base Associated with deferred PP&E balance at WACC  - Note 3 ",null,null,null,null,{"$f":"E33*I43","v":-12505.526599999999},null,"Disposition Period - Note 4",4,"Years"]
["     Amount included in Revenue Requirement on rebasing",null,null,null,null,{"$f":"F43+F44","v":-64438.776599999997}]
[]
["Notes:"]
["1  For an applicant that adopts IFRS on January 1, 2013, the PP&E values as of January 1, 2012 under both CGAAP and MIFRS should be the same. "]
["2  Amortization of the deferred balance in Account 1575 will start from the rebasing year. "]
["    Assume the utility requests for a certain disposition period, the amortization that should be included in the depreciation expense is calculated as:"]
["   the opening balance of Account 1575 / the approved disposition period"]
["3  Return on rate base associated with deferred balance is calculated as:"]
["     the deferred account opening balance as of 2013 rebasing year x WACC "]
["     * Please note that the calculation should be adjusted once WACC is updated and finalized in the rate application."]
["4  Consistent with the 4 year normal rate cycle, the model is using a 4 year amortization period as a default selection to \"clear\" the PP&E deferral account through a one-time adjustment to ratebase to capture and remove the impact of the accounting policy changes as caused by the transition from CGAAP to MIFRS."]

{"sheet":"App.2-F_Other_Oper_Rev","index":15,"n_rows":187,"n_cols":9,"rows_kept":187,"cut":false,"hidden":false,"merged":[[185,0,185,1],[186,0,186,1],[180,0,180,1],[181,0,181,1],[182,0,182,1],[183,0,183,1],[184,0,184,1],[172,0,172,1],[173,0,173,1],[174,0,174,1],[175,0,175,1],[176,0,176,1],[164,0,164,1],[165,0,165,1],[166,0,166,1],[170,0,170,1],[171,0,171,1],[156,0,156,1],[160,0,160,1],[161,0,161,1],[162,0,162,1],[163,0,163,1],[151,0,151,1],[152,0,152,1],[153,0,153,1],[154,0,154,1],[155,0,155,1],[143,0,143,1],[144,0,144,1],[145,0,145,1],[146,0,146,1],[150,0,150,1],[135,0,135,1],[136,0,136,1],[140,0,140,1],[141,0,141,1],[142,0,142,1],[130,0,130,1],[131,0,131,1],[132,0,132,1],[133,0,133,1],[134,0,134,1],[74,0,74,1],[75,0,75,1],[69,0,69,1],[70,0,70,1],[71,0,71,1],[72,0,72,1],[73,0,73,1],[64,1,64,8],[65,1,65,8],[54,0,54,1],[48,0,49,8],[53,0,53,1],[59,0,59,1],[55,0,55,1],[56,0,56,1],[57,0,57,1],[58,0,58,1],[43,0,44,8],[30,0,30,1],[31,0,31,1],[8,0,8,8],[9,0,9,8],[28,0,28,8],[29,0,29,1],[38,2,38,8],[39,2,40,8],[32,0,32,1],[33,0,33,1],[36,0,36,1],[37,0,37,1],[38,0,38,1],[39,0,39,1],[80,0,80,1],[81,0,81,1],[82,0,82,1],[83,0,83,1],[84,0,84,1],[85,0,85,1],[86,0,86,1],[90,0,90,1],[91,0,91,1],[92,0,92,1],[93,0,93,1],[94,0,94,1],[95,0,95,1],[96,0,96,1],[100,0,100,1],[101,0,101,1],[102,0,102,1],[103,0,103,1],[116,0,116,1],[120,0,120,1],[121,0,121,1],[122,0,122,1],[123,0,123,1],[124,0,124,1],[125,0,125,1],[126,0,126,1],[104,0,104,1],[105,0,105,1],[106,0,106,1],[110,0,110,1],[111,0,111,1],[112,0,112,1],[113,0,113,1],[114,0,114,1],[115,0,115,1]]}
[null,null,null,null,null,null,null,"File Number:",{"$f":"'LDC Info'!$E$18","v":"EB-2012-0175"}]
[null,null,null,null,null,null,null,"Exhibit:"]
[null,null,null,null,null,null,null,"Tab:"]
[null,null,null,null,null,null,null,"Schedule:"]
[null,null,null,null,null,null,null,"Page:"]
[]
[null,null,null,null,null,null,null,"Date:"]
[]
["Appendix 2-F"]
["Other Operating Revenue"]
[]
["USoA #","USoA Description",{"$f":"G13-3 & \" Actual\"","v":"2009 Actual"},{"$f":"G13-2 & \" Actual\"","v":"2010 Actual"},{"$f":"G13-1 & \" Actual\"& CHAR(178)","v":"2011 Actual²"},{"$f":"G13-1 & \" Actual\"& CHAR(178)","v":"2011 Actual²"},{"$f":"\"Bridge Year\" & CHAR(179)","v":"Bridge Year³"},{"$f":"\"Bridge Year\" & CHAR(179)","v":"Bridge Year³"},"Test Year"]
[null,null,null,null,null,null,{"$f":"'LDC Info'!E26","v":2012},{"$f":"'LDC Info'!E26","v":2012},{"$f":"'LDC Info'!E28","v":2013}]
[null,"Reporting Basis","CGAAP","CGAAP",null,"CGAAP","CGAAP","MIFRS","MIFRS"]
[4235,"Specific Service Charges",25140,20920,null,19755,20000,20000,20000]
[4225,"Late Payment Charges",10971,13762,null,8058,10000,10000,10000]
[4082,"Retail Services Revenues",3000,3040,null,3480,3480,3480,3600]
[4080,"Distribution service revenue",1795625,2122366,null,2043888,2300000,2300000,2648930]
[4084,"Service Transaction Requests",6626,6427,null,5203,7000,7000,7000]
[4210,"Rent from Electric Property",17545,1810,null,29659,20000,20000,20000]
[4355,"Gain on disposition of Utility and Other Property",15000,null,null,6517]
[4360,"Loss on disposition of Utility and Other Property",null,-48471]
[4375,"Revenue from Non-Utility Operations",135993,149786,null,88530,133932,133932,104747]
[4380,"Expenses of Non-Utility Operations",-75542,-117705,null,-42823,-89932,-89932,-60747]
[4385,"Non-Utility Rental Income",14046,8461,null,8311,8600,8600,8600]
[4390,"Miscellaneous Non-Operating Income",10895,49909,null,12502]
[4405,"Interest an Dividend income",4777,1517,null,19564,5500,5500,1500]
[]
[]
["Specific Service Charges",null,{"$f":"C15","v":25140},20920,0,{"$f":"F15","v":19755},{"$f":"G15","v":20000},{"$f":"H15","v":20000},{"$f":"I15","v":20000}]
["Late Payment Charges",null,10971,13762,0,{"$f":"F16","v":8058},{"$f":"G16","v":10000},{"$f":"H16","v":10000},{"$f":"I16","v":10000}]
["Other Operating Revenues",null,{"$f":"C17+C18+C19+C20","v":1822796},{"$f":"D17+D18+D19+D20","v":2133643},null,{"$f":"F17+F18+F19+F20","v":2082230},{"$f":"G17+G18+G19+G20","v":2330480},2330480,2679530]
["Other Income or Deductions",null,{"$f":"+C21+C22+C23+C24+C25+C26+C27","v":105169},{"$f":"+D21+D22+D23+D24+D25+D26+D27","v":43497},null,{"$f":"+F21+F22+F23+F24+F25+F26+F27","v":92601},{"$f":"+G21+G22+G23+G24+G25+G26+G27","v":58100},58100,54100]
["Total",null,{"$f":"SUM(C30:C33)","v":1964076},2211822,0,2202644,2418580,2418580,2763630]
[]
["Description",null,"Account(s)"]
["Specific Service Charges:",null,4235]
["Late Payment Charges:",null,4225]
["Other Distribution Revenues:",null,"4080, 4082, 4084, 4090, 4205, 4210, 4215, 4220, 4240, 4245"]
["Other Income and Expenses:",null,"4305, 4310, 4315, 4320, 4325, 4330, 4335, 4340, 4345, 4350, 4355, 4360, 4365, 4370, 4375, 4380, 4385, 4390, 4395, 4398, 4405, 4415"]
[]
[]
["Note: Add all applicable accounts listed above to the table and include all relevant information."]
["The above table assumes adoption of MIFRS as of January 1, 2013.  If the adoption year differs, please adjust the table accordingly."]
[]
[]
["Account Breakdown Details"]
[]
["For each \"Other Operating Revenue\" and \"Other Income or Deductions\" Account, a detailed breakdown of the account components is required.  See the example below for Account 4405, Interest and Dividend Income."]
[]
[]
["Account 4405 - Interest and Dividend Income"]
[null,null,{"$f":"C12","v":"2009 Actual"},{"$f":"D12","v":"2010 Actual"},{"$f":"E12","v":"2011 Actual²"},{"$f":"F12","v":"2011 Actual²"},"Bridge Year","Bridge Year","Test Year"]
["Reporting Basis",null,{"$f":"IF(ISBLANK(C14), \"\", C14)","v":"CGAAP"},"CGAAP","","CGAAP","CGAAP","MIFRS","MIFRS"]
["Short-term Investment Interest"]
["Bank Deposit Interest",null,11668,4649,null,4877,5500,5500,1500]
["Miscellaneous Interest Revenue"]
["Interest on variances",null,-6891,-3132,null,14687]
[]
["Total",null,{"$f":"SUM(C55:C59)","v":4777},1517,0,19564,5500,5500,1500]
[]
[]
["Notes:"]
[1,"List and specify any other interest revenue"]
[2,"If the applicant is adopting IFRS or an alternate accounting standard as of January 1, 2012 for financial reporting purposes, 2011 must be presented on both a CGAAP and MIFRS (or alternate accounting standard) basis."]
[3,"If the applicant is adopting IFRS or an alternate accounting standard as of January 1, 2013 for financial reporting purposes, 2012 must be presented on both a CGAAP and MIFRS (or alternate accounting standard) basis."]
[]
["Account 4235 - Specific Service Charges"]
[null,null,"2009 Actual","2010 Actual",{"$f":"E28","v":0},"2011 Actual","Bridge Year","Bridge Year","Test Year"]
["Reporting Basis",null,"CGAAP","CGAAP",{"$f":"IF(ISBLANK(E30), \"\", E30)","v":0},"CGAAP","CGAAP","IFRS","IFRS"]
["Miscellaneous Service Revenue",null,25140,20920,null,19755,20000,20000,20000]
[]
[]
[]
[]
["Total",null,{"$f":"SUM(C71:C75)","v":25140},20920,0,19755,20000,20000,20000]
[]
[]
["Account 4225 - Late Payment Charges"]
[null,null,"2009 Actual","2010 Actual",{"$f":"E39","v":0},"2011 Actual","Bridge Year","Bridge Year","Test Year"]
["Reporting Basis",null,"CGAAP","CGAAP",{"$f":"IF(ISBLANK(E41), \"\", E41)","v":""},"CGAAP","CGAAP","IFRS","IFRS"]
["Interest on overdue accounts",null,10971,13762,null,8058,10000,10000,10000]
[]
[]
[]
[]
["Total",null,{"$f":"SUM(C82:C86)","v":10971},13762,0,8058,10000,10000,10000]
[]
["Account 4082 - Retail Service Revenue"]
[null,null,"2009 Actual","2010 Actual",{"$f":"E49","v":0},"2011 Actual","Bridge Year","Bridge Year","Test Year"]
["Reporting Basis",null,"CGAAP","CGAAP",{"$f":"IF(ISBLANK(E51), \"\", E51)","v":""},"CGAAP","CGAAP","IFRS","IFRS"]
["Retail Service Revenue",null,3000,3040,null,3408,3480,3480,3600]
[]
[]
[]
[]
["Total",null,{"$f":"SUM(C92:C96)","v":3000},3040,0,3408,3480,3480,3600]
[]
["Account 4080 - Distribution Service Revenue"]
[null,null,"2009 Actual","2010 Actual",{"$f":"E59","v":0},"2011 Actual","Bridge Year","Bridge Year","Test Year"]
["Reporting Basis",null,"CGAAP","CGAAP",{"$f":"IF(ISBLANK(E61), \"\", E61)","v":""},"CGAAP","CGAAP","IFRS","IFRS"]
["Monthly Service Charge",null,1083605,1119342,null,1108941]
["Base Distribution",null,628023,906930,null,924150]
["Forgone Distribution Rate Rider",null,37143,70299,null,9]
["SSS Admin Charge",null,8524,8756,null,10787]
["PILS",null,38330,17039,null,1]
["Total",null,{"$f":"SUM(C102:C106)","v":1795625},2122366,0,{"$f":"SUM(F102:F106)","v":2043888},2300000,2300000,0]
[]
["Account 4084 - Service Transaction Request"]
[null,null,"2009 Actual","2010 Actual",{"$f":"E69","v":0},"2011 Actual","Bridge Year","Bridge Year","Test Year"]
["Reporting Basis",null,"CGAAP","CGAAP",{"$f":"IF(ISBLANK(E71), \"\", E71)","v":""},"CGAAP","CGAAP","IFRS","IFRS"]
["Service Transaction Requests",null,6626,6407,null,5203,7000,7000,7000]
[]
[]
[]
[]
["Total",null,{"$f":"SUM(C112:C116)","v":6626},6407,0,5203,7000,7000,7000]
[]
["Account 4210 - Rent from electric property"]
[null,null,"2009 Actual","2010 Actual",{"$f":"E79","v":0},"2011 Actual","Bridge Year","Bridge Year","Test Year"]
["Reporting Basis",null,"CGAAP","CGAAP",{"$f":"IF(ISBLANK(E81), \"\", E81)","v":""},"CGAAP","CGAAP","IFRS","IFRS"]
["Pole rental",null,17545,1810,null,29659,20000,20000,20000]
[]
[]
[]
[]
["Total",null,{"$f":"SUM(C122:C126)","v":17545},1810,0,29659,20000,20000,20000]
[]
["Account 4355 - Gain on disposition of utility and other property"]
[null,null,"2009 Actual","2010 Actual",{"$f":"E89","v":0},"2011 Actual","Bridge Year","Bridge Year","Test Year"]
["Reporting Basis",null,"CGAAP","CGAAP",{"$f":"IF(ISBLANK(E91), \"\", E91)","v":""},"CGAAP","CGAAP","IFRS","IFRS"]
["Gain on sale of utility and other property",null,15000,null,null,6517,0,0,0]
[]
[]
[]
[]
["Total",null,{"$f":"SUM(C132:C136)","v":15000},0,0,6517,0,0,0]
[]
["Account 4360 - Loss on disposition of utility and other property"]
[null,null,"2009 Actual","2010 Actual",{"$f":"E99","v":0},"2011 Actual","Bridge Year","Bridge Year","Test Year"]
["Reporting Basis",null,"CGAAP","CGAAP",{"$f":"IF(ISBLANK(E101), \"\", E101)","v":""},"CGAAP","CGAAP","IFRS","IFRS"]
["Loss on diposition of utility and other property",null,null,-48471]
[]
[]
[]
[]
["Total",null,{"$f":"SUM(C142:C146)","v":0},-48471,0,0,0,0,0]
[]
["Account 4375 - Revenues from Non-Utility Operations"]
[null,null,"2009 Actual","2010 Actual",{"$f":"E109","v":0},"2011 Actual","Bridge Year","Bridge Year","Test Year"]
["Reporting Basis",null,"CGAAP","CGAAP",{"$f":"IF(ISBLANK(E111), \"\", E111)","v":""},"CGAAP","CGAAP","IFRS","IFRS"]
["Water and Sewer collection fees",null,27264,27537,null,40700,44000,44000,44000]
["OPA Conservation revenues",null,108729,122249,null,47830,89932,89932,60747]
[]
[]
[]
["Total",null,{"$f":"SUM(C152:C156)","v":135993},149786,0,88530,133932,133932,104747]
[]
["Account 4380 - Expenses of Non-Utility operations"]
[null,null,"2009 Actual","2010 Actual",{"$f":"E119","v":0},"2011 Actual","Bridge Year","Bridge Year","Test Year"]
["Reporting Basis",null,"CGAAP","CGAAP",{"$f":"IF(ISBLANK(E121), \"\", E121)","v":""},"CGAAP","CGAAP","IFRS","IFRS"]
["OPA Conservation expense",null,75542,117705,null,42823,89932,89932,60747]
[]
[]
[]
[]
["Total",null,{"$f":"SUM(C162:C166)","v":75542},117705,0,42823,89932,89932,60747]
[]
["Account 4385 - Non-Utility Rental Income"]
[null,null,"2009 Actual","2010 Actual",{"$f":"E129","v":0},"2011 Actual","Bridge Year","Bridge Year","Test Year"]
["Reporting Basis",null,"CGAAP","CGAAP",{"$f":"IF(ISBLANK(E131), \"\", E131)","v":""},"CGAAP","CGAAP","IFRS","IFRS"]
["Building rent",null,5500]
["Water heater rent",null,8548,8461,null,8311,8600,8600,8600]
[]
[]
[]
["Total",null,{"$f":"SUM(C172:C176)","v":14048},8461,0,8311,8600,8600,8600]
[]
["Account 4390 - Miscellaneous Non-operating income"]
[null,null,"2009 Actual","2010 Actual",{"$f":"E139","v":0},"2011 Actual","Bridge Year","Bridge Year","Test Year"]
["Reporting Basis",null,"CGAAP","CGAAP",{"$f":"IF(ISBLANK(E141), \"\", E141)","v":""},"CGAAP","CGAAP","IFRS","IFRS"]
["Profit on 3rd party work orders",null,10476,37975,null,4013]
["Arrears certificates",null,1081,765,null,585]
["Miscellaneous revenue",null,-662,11169,null,7904]
[]
[]
["Total",null,{"$f":"SUM(C182:C186)","v":10895},49909,0,12502,0,0,0]

{"sheet":"App.2-G_Detailed_OM&A_Expenses","index":16,"n_rows":126,"n_cols":9,"rows_kept":126,"cut":false,"hidden":false,"merged":[[41,0,41,8],[62,0,62,8],[71,0,71,1],[8,0,8,8],[9,0,9,8],[10,0,10,8],[39,0,39,1],[15,0,15,8],[12,4,12,5],[12,6,12,7],[118,0,118,1],[85,0,85,8],[60,0,60,1],[124,1,124,8],[125,1,125,8],[123,1,123,8],[112,0,112,1],[73,0,73,8],[111,0,111,1]]}
[null,null,null,null,null,null,null,"File Number:",{"$f":"'LDC Info'!$E$18","v":"EB-2012-0175"}]
[null,null,null,null,null,null,null,"Exhibit:"]
[null,null,null,null,null,null,null,"Tab:"]
[null,null,null,null,null,null,null,"Schedule:"]
[null,null,null,null,null,null,null,"Page:"]
[]
[null,null,null,null,null,null,null,"Date:"]
[]
["Appendix 2-G"]
["Detailed, Account by Account, OM&A Expense Table"]
["(excluding Depreciation and Amortization)"]
[]
[]
["Account","Description",{"$f":"\"Last Rebasing Year (\" & 'LDC Info'!E30 & \" Actuals)\"","v":"Last Rebasing Year (2009 Actuals)"},{"$f":"'LDC Info'!E26-2 & \" Actual\"","v":"2010 Actual"},{"$f":"'LDC Info'!E26-1 & \" Actual\" & CHAR(178)","v":"2011 Actual²"},{"$f":"'LDC Info'!E26-1 & \" Actual\"& CHAR(178)","v":"2011 Actual²"},{"$f":"\"Bridge Year \" & 'LDC Info'!E26& CHAR(179)","v":"Bridge Year 2012³"},{"$f":"\"Bridge Year \" & 'LDC Info'!E26& CHAR(179)","v":"Bridge Year 2012³"},{"$f":"\"Test Year \" & 'LDC Info'!E28","v":"Test Year 2013"}]
["Reporting Basis",null,"CGAAP","CGAAP","CGAAP",null,"CGAAP","MIFRS","MIFRS"]
["Operations"]
[5005,"Operation Supervision and Engineering",11879,9664,20569,null,20000,20000,20600]
[5010,"Load Dispatching",512,1442,4984,null,4000,4000,4000]
[5012,"Station Buildings and Fixtures Expense"]
[5014,"Transformer Station Equipment - Operation Labour",19167,32848,26083,null,21000,21000,22000]
[5015,"Transformer Station Equipment - Operation Supplies and Expenses",50]
[5016,"Distribution Station Equipment - Operation Labour",null,null,950]
[5017,"Distribution Station Equipment - Operation Supplies and Expenses"]
[5020,"Overhead Distribution Lines and Feeders - Operation Labour",142175,142124,165091,null,287500,287500,259269]
[5025,"Overhead Distribution Lines and Feeders - Operation Supplies and Expenses"]
[5030,"Overhead Sub-transmission Feeders - Operation"]
[5035,"Overhead Distribution Transformers - Operation"]
[5040,"Underground Distribution Lines and Feeders - Operation Labour"]
[5045,"Underground Distribution Lines and Feeders - Operation Supplies and Expenses"]
[5050,"Underground Sub-transmission Feeders - Operation",45144,31046,9754,null,83500,83500,74090]
[5055,"Underground Distribution Transformers - Operation"]
[5060,"Street Lighting and Signal System Expense"]
[5065,"Meter Expense"]
[5070,"Customer Premises - Operation Labour"]
[5075,"Customer Premises - Operation Materials and Expenses",null,null,null,null,2000,2000,2000]
[5085,"Miscellaneous Distribution Expenses"]
[5090,"Underground Distribution Lines and Feeders - Rental Paid"]
[5095,"Overhead Distribution Lines and Feeders - Rental Paid"]
[5096,"Other Rent"]
["Total - Operations",null,{"$f":"SUM(C17:C39)","v":218927},{"$f":"SUM(D17:D39)","v":217124},{"$f":"SUM(E17:E39)","v":227431},{"$f":"SUM(F17:F39)","v":0},418000,418000,{"$f":"SUM(I17:I39)","v":381959}]
["Account","Description",{"$f":"C14","v":"Last Rebasing Year (2009 Actuals)"},"2010 Actual","2011 Actual²","2011 Actual²","Bridge Year 2012³","Bridge Year 2012³","Test Year 2013"]
["Maintenance"]
[5105,"Maintenance Supervision and Engineering",2321,12827,6905,null,10000,10000,10500]
[5110,"Maintenance of Buildings and Fixtures - Distribution Stations"]
[5112,"Maintenance of Transformer Station Equipment"]
[5114,"Maintenance of Distribution Station Equipment",3058,4601,13133,null,8000,8000,8300]
[5120,"Maintenance of Poles, Towers and Fixtures",17094,6638,5896,null,20000,20000,21000]
[5125,"Maintenance of Overhead Conductors and Devices"]
[5130,"Maintenance of Overhead Services",25684,27803,20167,null,20000,20000,21000]
[5135,"Overhead Distribution Lines and Feeders - Right of Way"]
[5145,"Maintenance of Underground Conduit"]
[5150,"Maintenance of Underground Conductors and Devices",64492,43491,50699,null,36000,36000,37000]
[5155,"Maintenance of Underground Services",12651,7345,5666,null,8000,8000,8300]
[5160,"Maintenance of Line Transformers",14104,10983,5396,null,10000,10000,10000]
[5165,"Maintenance of Street Lighting and Signal Systems"]
[5170,"Sentinel Lights - Labour"]
[5172,"Sentinel Lights - Materials and Expenses"]
[5175,"Maintenance of Meters",12569,6769,11096,null,19200,19200,22400]
[5178,"Customer Installations Expenses - Leased Property"]
[5195,"Maintenance of Other Installations on Customer Premises"]
["Total - Maintenance",null,{"$f":"SUM(C43:C60)","v":151973},{"$f":"SUM(D43:D60)","v":120457},{"$f":"SUM(E43:E60)","v":118958},{"$f":"SUM(F43:F60)","v":0},131200,131200,{"$f":"SUM(I43:I60)","v":138500}]
["Account","Description",{"$f":"C41","v":"Last Rebasing Year (2009 Actuals)"},{"$f":"D41","v":"2010 Actual"},{"$f":"E41","v":"2011 Actual²"},{"$f":"F41","v":"2011 Actual²"},"Bridge Year 2012³","Bridge Year 2012³",{"$f":"I41","v":"Test Year 2013"}]
["Billing and Collecting"]
[5305,"Supervision"]
[5310,"Meter Reading Expense",87665,85080,91173,null,97900,97900,102100]
[5315,"Customer Billing",274605,276032,325991,null,406900,406900,382300]
[5320,"Collecting"]
[5325,"Collecting - Cash Over and Short",-10,-100,100]
[5330,"Collection Charges"]
[5335,"Bad Debt Expense",null,10000,null,null,10000,10000,10000]
[5340,"Miscellaneous Customer Accounts Expenses"]
["Total - Billing and Collecting",null,{"$f":"SUM(C64:C71)","v":362260},{"$f":"SUM(D64:D71)","v":371012},{"$f":"SUM(E64:E71)","v":417264},{"$f":"SUM(F64:F71)","v":0},514800,514800,{"$f":"SUM(I64:I71)","v":494400}]
["Account","Description",{"$f":"C62","v":"Last Rebasing Year (2009 Actuals)"},{"$f":"D62","v":"2010 Actual"},{"$f":"E62","v":"2011 Actual²"},{"$f":"F62","v":"2011 Actual²"},"Bridge Year 2012³","Bridge Year 2012³",{"$f":"I62","v":"Test Year 2013"}]
["Community Relations"]
[5405,"Supervision"]
[5410,"Community Relations - Sundry",11701,3654,10951,null,10000,10000,10000]
[5415,"Energy Conservation"]
[5420,"Community Safety Program"]
[5425,"Miscellaneous Customer Service and Informational Expenses"]
[5505,"Supervision"]
[5510,"Demonstrating and Selling Expense"]
[5515,"Advertising Expenses",3964,3907,3345,null,5000,5000,5000]
[5520,"Miscellaneous Sales Expense"]
["Total - Community Relations",null,{"$f":"SUM(C75:C83)","v":15665},{"$f":"SUM(D75:D83)","v":7561},{"$f":"SUM(E75:E83)","v":14296},{"$f":"SUM(F75:F83)","v":0},15000,15000,{"$f":"SUM(I75:I83)","v":15000}]
["Account","Description",{"$f":"C73","v":"Last Rebasing Year (2009 Actuals)"},{"$f":"D73","v":"2010 Actual"},{"$f":"E73","v":"2011 Actual²"},{"$f":"F73","v":"2011 Actual²"},"Bridge Year 2012³","Bridge Year 2012³",{"$f":"I73","v":"Test Year 2013"}]
["Administrative and General Expenses"]
[5605,"Executive Salaries and Expenses",50128,50160,50715,null,56500,56500,57000]
[5610,"Management Salaries and Expenses",11526,10188,10315,null,13750,13750,14250]
[5615,"General Administrative Salaries and Expenses",83647,81501,85917,null,84825,84825,87325]
[5620,"Office Supplies and Expenses",3329,2579,1040,null,1500,1500,1500]
[5625,"Administrative Expense Transferred - Credit"]
[5630,"Outside Services Employed",310801,252344,260204,null,637970,637970,431400]
[5635,"Property Insurance",26323,23644,26070,null,27200,27200,28500]
[5640,"Injuries and Damages"]
[5645,"OMERS Pensions and Benefits"]
[5646,"Employee Pensions and OPEB"]
[5647,"Employee Sick Leave"]
[5650,"Franchise Requirements"]
[5655,"Regulatory Expenses",31703,15123,17769,null,35900,35900,25100]
[5660,"General Advertising Expenses"]
[5665,"Miscellaneous General Expenses",52131,48737,47228,null,48870,48870,50895]
[5670,"Rent",32829,58616,62362,null,66000,66000,70000]
[5672,"Lease Payment Charge"]
[5675,"Maintenance of General Plant",83751,47534,37250,null,50000,50000,50000]
[5680,"Electrical Safety Authority Fees"]
[5681,"Special Purpose Charge Expense"]
[5685,"Independent Electricity System Operator Fees and Penalties"]
[5695,"OM&A Contra Account"]
[6205,"Donations"]
[6205,"Donations, Sub-account LEAP Funding"]
["Total - Administrative and General Expenses",null,{"$f":"SUM(C87:C110)","v":686168},{"$f":"SUM(D87:D110)","v":590426},598870,0,1022515,1022515,815970]
["Total OM&A",null,{"$f":"C40+C61+C72+C84+C111","v":1434993},{"$f":"D40+D61+D72+D84+D111","v":1306580},{"$f":"E40+E61+E72+E84+E111","v":1376819},{"$f":"F40+F61+F72+F84+F111","v":0},2101515,2101515,{"$f":"I40+I61+I72+I84+I111","v":1845829}]
["Adjustments for non-recoverable items"]
[5681,"Special Purpose Charge Expense"]
[6205,"Donations1"]
[]
[]
[]
["Total Recoverable OM&A",null,{"$f":"C112-SUM(C114:C118)","v":1434993},{"$f":"D112-SUM(D114:D118)","v":1306580},1376819,{"$f":"F112-SUM(F114:F118)","v":0},2101515,2101515,1845829]
[]
["1 Account 6205 - Donations is generally non-recoverable.  However, the sub-account LEAP funding of account 6205 is generally recoverable."]
[]
["Note:"]
[1,"If it has been more than three years since the applicant last filed a cost of service application, additional years of historical actuals should be incorporated into the table, as necessary, to go back to the last cost of service application.  If the applicant last filed a cost of service application less than three years ago, a minimum of three years of actual information is required."]
[2,"If the applicant is adopting IFRS or an alternate accounting standard as of January 1, 2012 for financial reporting purposes, 2011 must be presented on both a CGAAP and MIFRS (or alternate accounting standard) basis."]
[3,"If the applicant is adopting IFRS or an alternate accounting standard as of January 1, 2013 for financial reporting purposes, 2012 must be presented on both a CGAAP and MIFRS (or alternate accounting standard) basis."]

{"sheet":"App.2-H_OM&A_Detailed_Analysis","index":17,"n_rows":128,"n_cols":9,"rows_kept":128,"cut":false,"hidden":false,"merged":[[126,1,126,8],[127,1,127,8],[112,0,112,1],[74,0,74,8],[86,0,86,8],[73,1,73,8],[85,1,85,8],[119,0,119,1],[113,0,113,1],[42,0,42,8],[63,0,63,8],[62,1,62,8],[72,0,72,1],[61,0,61,1],[41,1,41,8],[8,0,8,8],[9,0,9,8],[10,0,10,8],[40,0,40,1],[16,0,16,8],[13,0,14,0],[13,1,14,1],[13,2,14,2],[13,3,14,3],[13,4,14,4],[13,7,13,8],[13,5,13,6]]}
[null,null,null,null,null,null,null,"File Number:",{"$f":"'LDC Info'!$E$18","v":"EB-2012-0175"}]
[null,null,null,null,null,null,null,"Exhibit:"]
[null,null,null,null,null,null,null,"Tab:"]
[null,null,null,null,null,null,null,"Schedule:"]
[null,null,null,null,null,null,null,"Page:"]
[]
[null,null,null,null,null,null,null,"Date:"]
[]
["Appendix 2-H"]
["OM&A Detailed Variance Analysis"]
["(excluding Depreciation and Amortization)"]
[]
[]
["Account","Description",{"$f":"\"Last Board-approved Rebasing Year (\"&'LDC Info'!E30&\" Year)\"","v":"Last Board-approved Rebasing Year (2009 Year)"},"Most Current Actuals               Year 2011",{"$f":"\"Test Year \" & 'LDC Info'!E28","v":"Test Year 2013"},"Test Year Versus Last Rebasing",null,"Test Year Versus Most Current Actuals"]
[null,null,null,null,null,"Variance ($)","Percentage Change (%)","Variance ($)","Percentage Change (%)"]
["Reporting Basis",null,"CGAAP","CGAAP","MIFRS"]
["Operations"]
[5005,"Operation Supervision and Engineering",11879,20569,20600,{"$f":"E18-C18","v":8721},{"$f":"IF(C18=0,\"\",(E18/C18)-1)","v":0.73415270645677255},{"$f":"E18-D18","v":31},{"$f":"IF(D18=0,\"\",(E18/D18)-1)","v":1.5071223686129454E-3}]
[5010,"Load Dispatching",512,4984,4000,{"$f":"E19-C19","v":3488},{"$f":"IF(C19=0,\"\",(E19/C19)-1)","v":6.8125},{"$f":"E19-D19","v":-984},{"$f":"IF(D19=0,\"\",(E19/D19)-1)","v":-0.1974317817014446}]
[5012,"Station Buildings and Fixtures Expense",null,null,null,0,"",0,""]
[5014,"Transformer Station Equipment - Operation Labour",19167,26083,22000,2833,0.14780612511086755,-4083,-0.15653874170915927]
[5015,"Transformer Station Equipment - Operation Supplies and Expenses",50,null,null,-50,-1,0,""]
[5016,"Distribution Station Equipment - Operation Labour",null,950,null,0,"",-950,-1]
[5017,"Distribution Station Equipment - Operation Supplies and Expenses",null,null,null,0,"",0,""]
[5020,"Overhead Distribution Lines and Feeders - Operation Labour",142175,165091,259269,117094,0.82359064533145765,94178,0.57046113961390987]
[5025,"Overhead Distribution Lines and Feeders - Operation Supplies and Expenses",null,null,null,0,"",0,""]
[5030,"Overhead Sub-transmission Feeders - Operation",null,null,null,0,"",0,""]
[5035,"Overhead Distribution Transformers - Operation",null,null,null,0,"",0,""]
[5040,"Underground Distribution Lines and Feeders - Operation Labour",null,null,null,0,"",0,""]
[5045,"Underground Distribution Lines and Feeders - Operation Supplies and Expenses",null,null,null,0,"",0,""]
[5050,"Underground Sub-transmission Feeders - Operation",45144,9754,74090,28946,0.64119262803473331,64336,6.5958581094935411]
[5055,"Underground Distribution Transformers - Operation",null,null,null,0,"",0,""]
[5060,"Street Lighting and Signal System Expense",null,null,null,0,"",0,""]
[5065,"Meter Expense",null,null,null,0,"",0,""]
[5070,"Customer Premises - Operation Labour",null,null,null,0,"",0,""]
[5075,"Customer Premises - Operation Materials and Expenses",null,null,2000,2000,"",2000,""]
[5085,"Miscellaneous Distribution Expenses",null,null,null,0,"",0,""]
[5090,"Underground Distribution Lines and Feeders - Rental Paid",null,null,null,0,"",0,""]
[5095,"Overhead Distribution Lines and Feeders - Rental Paid",null,null,null,0,"",0,""]
[5096,"Other Rent",null,null,null,0,"",0,""]
["Total - Operations",null,{"$f":"SUM(C18:C40)","v":218927},{"$f":"SUM(D18:D40)","v":227431},{"$f":"SUM(E18:E40)","v":381959},163032,0.74468658502605889,154528,0.67945003099841261]
["Account","Description"]
["Maintenance"]
[5105,"Maintenance Supervision and Engineering",2321,6905,10500,{"$f":"E44-C44","v":8179},{"$f":"IF(C44=0,\"\",(E44/C44)-1)","v":3.5239121068504957},{"$f":"E44-D44","v":3595},{"$f":"IF(D44=0,\"\",(E44/D44)-1)","v":0.52063721940622743}]
[5110,"Maintenance of Buildings and Fixtures - Distribution Stations",null,null,null,0,"",0,""]
[5112,"Maintenance of Transformer Station Equipment",null,null,null,0,"",0,""]
[5114,"Maintenance of Distribution Station Equipment",3058,13133,8300,5242,1.7141922825376064,-4833,-0.36800426406761588]
[5120,"Maintenance of Poles, Towers and Fixtures",17094,5896,21000,3906,0.22850122850122845,15104,2.5617367706919945]
[5125,"Maintenance of Overhead Conductors and Devices",null,null,null,0,"",0,""]
[5130,"Maintenance of Overhead Services",25684,20167,21000,-4684,-0.18237034729792867,833,4.1305102395001736E-2]
[5135,"Overhead Distribution Lines and Feeders - Right of Way",null,null,null,0,"",0,""]
[5145,"Maintenance of Underground Conduit",null,null,null,0,"",0,""]
[5150,"Maintenance of Underground Conductors and Devices",64492,50699,37000,-27492,-0.42628543075110092,-13699,-0.27020256809799015]
[5155,"Maintenance of Underground Services",12651,5666,8300,-4351,-0.34392538139277529,2634,0.46487822096717268]
[5160,"Maintenance of Line Transformers",14104,5396,10000,-4104,-0.29098128190584227,4604,0.85322461082283163]
[5165,"Maintenance of Street Lighting and Signal Systems",null,null,null,0,"",0,""]
[5170,"Sentinel Lights - Labour",null,null,null,0,"",0,""]
[5172,"Sentinel Lights - Materials and Expenses",null,null,null,0,"",0,""]
[5175,"Maintenance of Meters",12569,11096,22400,9831,0.78216246320311877,11304,1.0187454938716654]
[5178,"Customer Installations Expenses - Leased Property",null,null,null,0,"",0,""]
[5195,"Maintenance of Other Installations on Customer Premises",null,null,null,0,"",0,""]
["Total - Maintenance",null,{"$f":"SUM(C44:C61)","v":151973},{"$f":"SUM(D44:D61)","v":118958},{"$f":"SUM(E44:E61)","v":138500},-13473,-8.8653905627973373E-2,19542,0.16427646732460199]
["Account","Description"]
["Billing and Collecting"]
[5305,"Supervision",null,null,null,{"$f":"E65-C65","v":0},{"$f":"IF(C65=0,\"\",(E65/C65)-1)","v":""},{"$f":"E65-D65","v":0},{"$f":"IF(D65=0,\"\",(E65/D65)-1)","v":""}]
[5310,"Meter Reading Expense",87665,91173,102100,14435,0.16466092511264474,10927,0.1198490781261996]
[5315,"Customer Billing",274605,325991,382300,107695,0.39218149705941263,56309,0.17273176253332156]
[5320,"Collecting",null,null,null,0,"",0,""]
[5325,"Collecting - Cash Over and Short",-10,100,null,10,-1,-100,-1]
[5330,"Collection Charges",null,null,null,0,"",0,""]
[5335,"Bad Debt Expense",null,null,10000,10000,"",10000,""]
[5340,"Miscellaneous Customer Accounts Expenses",null,null,null,0,"",0,""]
["Total - Billing and Collecting",null,{"$f":"SUM(C65:C72)","v":362260},{"$f":"SUM(D65:D72)","v":417264},{"$f":"SUM(E65:E72)","v":494400},132140,0.36476563793960137,77136,0.18486138272173003]
["Account","Description"]
["Community Relations"]
[5405,"Supervision",null,null,null,{"$f":"E76-C76","v":0},{"$f":"IF(C76=0,\"\",(E76/C76)-1)","v":""},{"$f":"E76-D76","v":0},{"$f":"IF(D76=0,\"\",(E76/D76)-1)","v":""}]
[5410,"Community Relations - Sundry",11701,10951,10000,-1701,-0.14537219041107596,-951,-8.6841384348461337E-2]
[5415,"Energy Conservation",null,null,null,0,"",0,""]
[5420,"Community Safety Program",null,null,null,0,"",0,""]
[5425,"Miscellaneous Customer Service and Informational Expenses",null,null,null,0,"",0,""]
[5505,"Supervision",null,null,null,0,"",0,""]
[5510,"Demonstrating and Selling Expense",null,null,null,0,"",0,""]
[5515,"Advertising Expenses",3964,3345,5000,1036,0.26135216952573148,1655,0.49476831091180862]
[5520,"Miscellaneous Sales Expense",null,null,null,0,"",0,""]
["Total - Community Relations",null,{"$f":"SUM(C76:C84)","v":15665},{"$f":"SUM(D76:D84)","v":14296},{"$f":"SUM(E76:E84)","v":15000},-665,-4.2451324609000918E-2,704,4.924454392837152E-2]
["Account","Description"]
["Administrative and General Expenses"]
[5605,"Executive Salaries and Expenses",50128,50715,57000,{"$f":"E88-C88","v":6872},{"$f":"IF(C88=0,\"\",(E88/C88)-1)","v":0.13708905202681132},{"$f":"E88-D88","v":6285},{"$f":"IF(D88=0,\"\",(E88/D88)-1)","v":0.12392783200236623}]
[5610,"Management Salaries and Expenses",11526,10315,14250,2724,0.23633524206142642,3935,0.38148327678138627]
[5615,"General Administrative Salaries and Expenses",83647,85917,87325,3678,4.3970495056606884E-2,1408,1.6387909261263767E-2]
[5620,"Office Supplies and Expenses",3329,1040,1500,-1829,-0.5494142385100631,460,0.44230769230769229]
[5625,"Administrative Expense Transferred - Credit",null,null,null,0,"",0,""]
[5630,"Outside Services Employed",310801,260204,431400,120599,0.38802642205140914,171196,0.65792993189958637]
[5635,"Property Insurance",26323,26070,28500,2177,8.2703339285035815E-2,2430,9.321058688147299E-2]
[5640,"Injuries and Damages",null,null,null,0,"",0,""]
[5645,"OMERS Pensions and Benefits",null,null,null,0,"",0,""]
[5646,"Employee Pensions and OPEB",null,null,null,{"$f":"E97-C97","v":0},{"$f":"IF(C97=0,\"\",(E97/C97)-1)","v":""},{"$f":"E97-D97","v":0},{"$f":"IF(D97=0,\"\",(E97/D97)-1)","v":""}]
[5647,"Employee Sick Leave",null,null,null,0,"",0,""]
[5650,"Franchise Requirements",null,null,null,0,"",0,""]
[5655,"Regulatory Expenses",31703,17769,25100,-6603,-0.20827681922846419,7331,0.41257245765096506]
[5660,"General Advertising Expenses",null,null,null,0,"",0,""]
[5665,"Miscellaneous General Expenses",52131,47228,50895,-1236,-2.370950106462566E-2,3667,7.764461759972896E-2]
[5670,"Rent",32829,62362,70000,{"$f":"E103-C103","v":37171},{"$f":"IF(C103=0,\"\",(E103/C103)-1)","v":1.1322611106034297},{"$f":"E103-D103","v":7638},0.12247843237869205]
[5672,"Lease Payment Charge",83751,37250,50000,-33751,-0.40299220307817218,12750,0.34228187919463093]
[5675,"Maintenance of General Plant",null,null,null,0,"",0,""]
[5680,"Electrical Safety Authority Fees",null,null,null,0,"",0,""]
[5681,"Special Purpose Charge Expense",null,null,null,0,"",0]
[5685,"Independent Electricity System Operator Fees and Penalties",null,null,null,0,"",0,""]
[5695,"OM&A Contra Account",null,null,null,0,"",0,""]
[6205,"Donations",null,null,null,{"$f":"E110-C110","v":0},{"$f":"IF(C110=0,\"\",(E110/C110)-1)","v":""},{"$f":"E110-D110","v":0},{"$f":"IF(D110=0,\"\",(E110/D110)-1)","v":""}]
[6205,"Donations, Sub-account LEAP Funding",null,null,null,0,"",0,""]
["Total - Administrative and General Expenses",null,{"$f":"SUM(C88:C111)","v":686168},{"$f":"SUM(D88:D111)","v":598870},{"$f":"SUM(E88:E111)","v":815970},129802,0.18916941623625694,217100,0.36251607193547852]
["Total OM&A",null,{"$f":"C112+C85+C73+C62+C41","v":1434993},{"$f":"D112+D85+D73+D62+D41","v":1376819},{"$f":"E112+E85+E73+E62+E41","v":1845829},410836,0.28629826068837971,469010,0.34064753609588472]
["Adjustments for non-recoverable items"]
[5681,"Special Purpose Charge Expense",null,null,null,{"$f":"E115-C115","v":0},{"$f":"IF(C115=0,\"\",(E115/C115)-1)","v":""},{"$f":"E115-D115","v":0},{"$f":"IF(D115=0,\"\",(E115/D115)-1)","v":""}]
[6205,"Donations1",null,null,null,{"$f":"E116-C116","v":0},{"$f":"IF(C116=0,\"\",(E116/C116)-1)","v":""},{"$f":"E116-D116","v":0},{"$f":"IF(D116=0,\"\",(E116/D116)-1)","v":""}]
[null,null,null,null,null,{"$f":"E117-C117","v":0},{"$f":"IF(C117=0,\"\",(E117/C117)-1)","v":""},{"$f":"E117-D117","v":0},{"$f":"IF(D117=0,\"\",(E117/D117)-1)","v":""}]
[null,null,null,null,null,{"$f":"E118-C118","v":0},{"$f":"IF(C118=0,\"\",(E118/C118)-1)","v":""},{"$f":"E118-D118","v":0},{"$f":"IF(D118=0,\"\",(E118/D118)-1)","v":""}]
[null,null,null,null,null,{"$f":"E119-C119","v":0},{"$f":"IF(C119=0,\"\",(E119/C119)-1)","v":""},{"$f":"E119-D119","v":0},{"$f":"IF(D119=0,\"\",(E119/D119)-1)","v":""}]
["Total Recoverable OM&A",null,{"$f":"C113-SUM(C115:C119)","v":1434993},{"$f":"D113-SUM(D115:D119)","v":1376819},1845829,410836,{"$f":"IF(C120=0,\"\",(E120/C120)-1)","v":0.28629826068837971},469010,{"$f":"IF(D120=0,\"\",(E120/D120)-1)","v":0.34064753609588472}]
[]
["1 Account 6205 - Donations is generally non-recoverable.  However, the sub-account LEAP funding of account 6205 is generally recoverable."]
[]
[]
["Note:"]
[]
[1,"If the applicant is adopting IFRS or an alternate accounting standard as of January 1, 2013 for financial reporting purposes, Column D \"Most Current Actual Year\" must be provided on CGAAP."]
[2,"If the applicant is adopting IFRS or an alternate accounting standard as of January 1, 2012 for financial reporting purposes, Column D \"Most Current Actual Year\" must be provided on that standard."]

{"sheet":"App.2-I_OM&A_Summary_Analys","index":18,"n_rows":59,"n_cols":12,"rows_kept":59,"cut":false,"hidden":false,"merged":[[61,1,62,5],[56,0,57,11],[8,0,8,6],[9,0,9,6],[12,7,12,8]]}
[null,null,null,null,null,null,null,null,null,null,"File Number:",{"$f":"'LDC Info'!$E$18","v":"EB-2012-0175"}]
[null,null,null,null,null,null,null,null,null,null,"Exhibit:"]
[null,null,null,null,null,null,null,null,null,null,"Tab:"]
[null,null,null,null,null,null,null,null,null,null,"Schedule:"]
[null,null,null,null,null,null,null,null,null,null,"Page:"]
[]
[null,null,null,null,null,null,null,null,null,null,"Date:"]
[]
["Appendix 2-I"]
["Summary of Recoverable OM&A Expenses"]
[]
[]
[null,{"$f":"\"Last Rebasing Year (\" & 'LDC Info'!E30 & \" BA)\"","v":"Last Rebasing Year (2009 BA)"},{"$f":"\"Last Rebasing Year (\" & 'LDC Info'!E30 & \" Actuals)\"","v":"Last Rebasing Year (2009 Actuals)"},{"$f":"'LDC Info'!E26 -2 & \" Actuals\"","v":"2010 Actuals"},{"$f":"'LDC Info'!E26 -1 & \" Actuals\"","v":"2011 Actuals"},{"$f":"'LDC Info'!E26 & \" Bridge Year\"","v":"2012 Bridge Year"},{"$f":"'LDC Info'!E28 & \" Test Year\"","v":"2013 Test Year"}]
["Reporting Basis","CGAAP","CGAAP","CGAAP","CGAAP","CGAAP","MIFRS"]
["Operations",380750,218927,217124,227431,418000,381959]
["Maintenance",91800,151973,120457,118958,131200,138500]
["SubTotal",{"$f":"SUM(B15:B16)","v":472550},{"$f":"SUM(C15:C16)","v":370900},337581,346389,549200,520459]
["%Change (year over year)",null,null,{"$f":"IF(ISERROR((D17-C17)/C17), \"\", (D17-C17)/C17)","v":-8.9832839040172557E-2},{"$f":"IF(ISERROR((E17-D17)/D17), \"\", (E17-D17)/D17)","v":2.6091515813982422E-2},0.58550069430611251,-5.2332483612527313E-2]
["%Change (Test Year vs \nLast Rebasing Year - Actual)",null,null,null,null,null,{"$f":"IF(ISERROR((G17-C17)/C17), \"\", (G17-C17)/C17)","v":0.40323267727150175}]
["Billing and Collecting",436800,362260,371012,417264,514800,494400]
["Community Relations",26000,15665,7561,14296,15000,15000]
["Administrative and General",609000,686168,590426,598870,1022515,815970]
["SubTotal",{"$f":"SUM(B20:B22)","v":1071800},{"$f":"SUM(C20:C22)","v":1064093},968999,1030430,1552315,1325370]
["%Change (year over year)",null,null,{"$f":"IF(ISERROR((D23-C23)/C23), \"\", (D23-C23)/C23)","v":-8.936624900267176E-2},{"$f":"IF(ISERROR((E23-D23)/D23), \"\", (E23-D23)/D23)","v":6.3396350254231432E-2},{"$f":"IF(ISERROR((F23-E23)/E23), \"\", (F23-E23)/E23)","v":0.50647302582417053},{"$f":"IF(ISERROR((G23-F23)/F23), \"\", (G23-F23)/F23)","v":-0.14619777558034291}]
["%Change (Test Year vs \nLast Rebasing Year - Actual)",null,null,null,null,null,{"$f":"IF(ISERROR((G23-C23)/C23), \"\", (G23-C23)/C23)","v":0.24553962858509548}]
["Total",{"$f":"SUM(B23,B17)","v":1544350},{"$f":"SUM(C23,C17)","v":1434993},1306580,1376819,2101515,1845829]
["%Change (year over year)",null,null,{"$f":"IF(ISERROR((D26-C26)/C26), \"\", (D26-C26)/C26)","v":-8.9486847671033931E-2},{"$f":"IF(ISERROR((E26-D26)/D26), \"\", (E26-D26)/D26)","v":5.3757902309847082E-2},{"$f":"IF(ISERROR((F26-E26)/E26), \"\", (F26-E26)/E26)","v":0.52635531613087849},{"$f":"IF(ISERROR((G26-F26)/F26), \"\", (G26-F26)/F26)","v":-0.12166746371070394}]
[]
[]
[null,{"$f":"B13","v":"Last Rebasing Year (2009 BA)"},{"$f":"C13","v":"Last Rebasing Year (2009 Actuals)"},"2010 Actuals","2011 Actuals","2012 Bridge Year","2013 Test Year"]
["Operations",{"$f":"B15","v":380750},{"$f":"C15","v":218927},217124,227431,418000,381959]
["Maintenance",{"$f":"B16","v":91800},{"$f":"C16","v":151973},120457,118958,131200,138500]
["Billing and Collecting",{"$f":"B20","v":436800},{"$f":"C20","v":362260},371012,417264,514800,494400]
["Community Relations",{"$f":"B21","v":26000},{"$f":"C21","v":15665},7561,14296,15000,15000]
["Administrative and General",{"$f":"B22","v":609000},{"$f":"C22","v":686168},590426,598870,1022515,815970]
["Total",{"$f":"SUM(B31:B35)","v":1544350},{"$f":"SUM(C31:C35)","v":1434993},1306580,1376819,2101515,1845829]
["%Change (year over year)",null,null,{"$f":"IF(ISERROR((D36-C36)/C36), \"\", (D36-C36)/C36)","v":-8.9486847671033931E-2},{"$f":"IF(ISERROR((E36-D36)/D36), \"\", (E36-D36)/D36)","v":5.3757902309847082E-2},{"$f":"IF(ISERROR((F36-E36)/E36), \"\", (F36-E36)/E36)","v":0.52635531613087849},{"$f":"IF(ISERROR((G36-F36)/F36), \"\", (G36-F36)/F36)","v":-0.12166746371070394}]
[]
[]
[null,{"$f":"B13","v":"Last Rebasing Year (2009 BA)"},{"$f":"C13","v":"Last Rebasing Year (2009 Actuals)"},{"$f":"\"Variance \" & 'LDC Info'!E30 & \"  BA – \" & 'LDC Info'!E30 & \" Actuals\"","v":"Variance 2009  BA – 2009 Actuals"},{"$f":"D13","v":"2010 Actuals"},{"$f":"\"Variance \" & 'LDC Info'!E26 -2 & \" Actuals vs. \" &  'LDC Info'!E30 & \" Actuals\"","v":"Variance 2010 Actuals vs. 2009 Actuals"},{"$f":"E13","v":"2011 Actuals"},{"$f":"\"Variance \" & 'LDC Info'!E26 -1 & \" Actuals vs. \" &  'LDC Info'!E26-2 & \" Actuals\"","v":"Variance 2011 Actuals vs. 2010 Actuals"},{"$f":"F13","v":"2012 Bridge Year"},{"$f":"\"Variance \" & 'LDC Info'!E26 & \" Bridge vs. \" & 'LDC Info'!E26 -1 & \" Actuals\"","v":"Variance 2012 Bridge vs. 2011 Actuals"},{"$f":"G13","v":"2013 Test Year"},{"$f":"\"Variance \" & 'LDC Info'!E28 & \" Test vs. \" & 'LDC Info'!E26 & \" Bridge\"","v":"Variance 2013 Test vs. 2012 Bridge"}]
["Operations",{"$f":"B15","v":380750},218927,{"$f":"B41-C41","v":161823},{"$f":"D15","v":217124},{"$f":"E41-C41","v":-1803},{"$f":"E15","v":227431},{"$f":"G41-E41","v":10307},{"$f":"F15","v":418000},{"$f":"I41-G41","v":190569},{"$f":"G15","v":381959},{"$f":"K41-I41","v":-36041}]
["Maintenance ",91800,151973,{"$f":"B42-C42","v":-60173},{"$f":"D16","v":120457},{"$f":"E42-C42","v":-31516},{"$f":"E16","v":118958},{"$f":"G42-E42","v":-1499},{"$f":"F16","v":131200},12242,{"$f":"G16","v":138500},7300]
["Billing and Collecting ",{"$f":"B20","v":436800},362260,74540,{"$f":"D20","v":371012},8752,{"$f":"E20","v":417264},46252,{"$f":"F20","v":514800},97536,{"$f":"G20","v":494400},-20400]
["Community Relations ",26000,15665,10335,{"$f":"D21","v":7561},-8104,{"$f":"E21","v":14296},6735,{"$f":"F21","v":15000},704,{"$f":"G21","v":15000},0]
["Administrative and General ",609000,686168,-77168,590426,-95742,598870,8444,1022515,423645,815970,-206545]
["Total OM&A Expenses ",{"$f":"SUM(B41:B45)","v":1544350},{"$f":"SUM(C41:C45)","v":1434993},109357,1306580,-128413,1376819,70239,2101515,724696,1845829,-255686]
["Variance from previous year ",null,null,null,{"$f":"E46-C46","v":-128413},null,{"$f":"G46-E46","v":70239},null,{"$f":"I46-G46","v":724696},null,{"$f":"K46-I46","v":-255686}]
["Percent change (year over year) ",null,null,null,{"$f":"IF(ISERROR(E47/C46), \"\", E47/C46)","v":-8.9486847671033931E-2},null,{"$f":"IF(ISERROR(G47/E46), \"\", G47/E46)","v":5.3757902309847082E-2},null,{"$f":"IF(ISERROR(I47/G46), \"\", I47/G46)","v":0.52635531613087849},null,{"$f":"IF(ISERROR(K47/I46), \"\", K47/I46)","v":-0.12166746371070394}]
["Percent Change:                                                    Test year vs. Most Current Actual ",null,null,null,null,null,{"$f":"IF(ISERROR((K46-G46)/G46), \"\", (K46-G46)/G46)","v":0.34064753609588477}]
["Simple average of % variance for all years",null,null,null,null,null,{"$f":"IF(ISERROR((K46-C46)/C46), \"\", (K46-C46)/C46)","v":0.28629826068837966},null,null,null,null,{"$f":"IF(ISERROR(AVERAGE(E48,G48,I48,K48)), \"\", AVERAGE(E48,G48,I48,K48))","v":9.2239726764746927E-2}]
["Compound Annual Growth Rate for all years",null,null,null,null,null,{"$f":"IF(ISERROR((K47-C47)/C47), \"\", (K47-C47)/C47)","v":""},null,null,null,null,{"$f":"IF((K46-C46)=0, \"\", (K46-C46)^(1/5)-1)","v":12.26580772814215}]
[{"$f":"\"Compound Growth Rate                                                            (\" & E13 & \" vs. \" & 'LDC Info'!E30 & \" Actuals)\"","v":"Compound Growth Rate                                                            (2011 Actuals vs. 2009 Actuals)"},null,null,null,null,null,{"$f":"IF(ISERROR((G46/C46)^(1/(2010-2008)) - 1), \"\", (G46-C46)/C46)","v":-4.0539570576302461E-2}]
[]
["Note:"]
[]
["1     \"BA\" = Board-Approved"]
["2     If it has been more than three years since the applicant last filed a cost of service application, additional years of historical actuals should be incorporated into the table, as necessary, to go back to the last cost of service application.  If the applicant last filed a cost of service application less than three years ago, a minimum of three years of actual information is required."]
[]
["3     Recoverable OM&A that is included on these tables should be identical to the recoverable OM&A that is shown for the corresponding periods on Appendix 2-H."]

{"sheet":"App.2-J_OM&A_Cost _Drivers","index":19,"n_rows":52,"n_cols":7,"rows_kept":52,"cut":false,"hidden":false,"merged":[[9,0,9,6],[10,0,10,6],[47,1,50,6],[51,1,52,6]]}
[null,null,null,null,null,"File Number:",{"$f":"'LDC Info'!$E$18","v":"EB-2012-0175"}]
[null,null,null,null,null,"Exhibit:"]
[null,null,null,null,null,"Tab:"]
[null,null,null,null,null,"Schedule:"]
[null,null,null,null,null,"Page:"]
[]
[null,null,null,null,null,"Date:"]
[]
[]
["Appendix 2-J"]
["OM&A Cost Driver Table"]
[]
["OM&A",{"$f":"\"Last Rebasing Year (\" & 'LDC Info'!E30 & \" Actuals)\"","v":"Last Rebasing Year (2009 Actuals)"},"2009 Actuals",{"$f":"'LDC Info'!E26 -2 & \" Actuals\"","v":"2010 Actuals"},{"$f":"'LDC Info'!E26 -1 & \" Actuals\"","v":"2011 Actuals"},{"$f":"'LDC Info'!E26 & \" Bridge Year\"","v":"2012 Bridge Year"},{"$f":"'LDC Info'!E28 & \" Test Year\"","v":"2013 Test Year"}]
["Reporting Basis","CGAAP",null,"CGAAP","CGAAP","CGAAP","MIFRS"]
["Opening Balance",1544350,{"$f":"B41","v":1434993},{"$f":"IF(ISERROR(FIND(\"2008\", $B$13)), B41, C41)","v":1434993},{"$f":"+D41","v":1306580},{"$f":"+E41","v":1376819},{"$f":"+F41","v":2101515}]
["Wages and benefits increase",null,null,17303,14229,15269,18628]
["Additional staff",null,null,null,null,90000]
["Change in types and cost of materials used",null,null,-54058,16261,5201,11041]
["Increased overhead lines maintenance due to tornado",null,null,null,null,20000,-20000]
["Decrease in wages and benefits due to reallocation of time spent from OM & A  to tornado recovery work",null,null,null,-48161,48161]
["Increase in bad debts expense",-10000,null,10000,-10000]
["Insulator washing at Salt Mine",null,null,null,null,20000,-20000]
["Overestimation of billing and meter reading costs ",-64530]
["Increase in billings costs due to monthly billing implementation",null,null,null,56052,25000]
["Increase in billing contract costs",null,null,null,null,56000]
["Increase in training costs - smart meters",null,null,null,null,10000,-10000]
["Harmonics work performed ",null,null,null,6300]
["Increase cost of community relations - safety programs",null,null,null,7059]
["Third party professional fees - rate application",null,null,-80900,7860,183000,-183000]
["Third party professional fees - other ",null,null,null,null,123000,-20000]
["Regulatory intervenors costs",null,null,null,null,10000,-8000]
["Additional costs - IFRS",null,null,null,null,25000]
["Implementation of One call system",null,null,null,null,6000]
["Upgrades to financial systems software",null,null,null,null,25000,-25000]
["Meter reading expense increase due to additional meter point",null,null,null,null,7200]
["Rent expense increase due to nental of additional space starting 2010",null,null,24000,3750]
["Renovation of general plant building in 2009",29510,null,-29510]
["Meter verification costs",null,null,null,null,11000]
["Increase is costs to maintain general plant",null,null,null,null,13000]
["Remaining balance",-64337,null,-15248,16889,31865,645]
["Closing Balance",{"$f":"SUM(B15:B40)","v":1434993},{"$f":"SUM(C15:C40)","v":1434993},1306580,1376819,2101515,1845829]
[]
["Notes:"]
[]
[1,"For each year, a detailed explanation for each cost driver and associated amount is"]
[null,"required."]
[2,"The closing balance for each year becomes the opening balance for the next year."]
[3,"If it has been more than three years since the applicant last filed a cost of service application, additional years of historical actuals should be incorporated into the table, as necessary, to go back to the last cost of service application.  If the applicant last filed a cost of service application less than three years ago, a minimum of three years of actual information is required."]
[]
[]
[]
[4,"Opening Balance for \"Last Rebasing Year\" (cell B15) should be equal to the Board-Approved amount."]

{"sheet":"App.2-K_Employee Costs","index":20,"n_rows":92,"n_cols":8,"rows_kept":92,"cut":false,"hidden":false,"merged":[[8,0,8,7],[13,0,13,7],[19,0,19,7],[25,0,25,7],[31,0,31,7],[37,0,37,7],[43,0,43,7],[9,0,9,7],[73,0,73,7],[79,0,79,7],[49,0,49,7],[55,0,55,7],[61,0,61,7],[67,0,67,7]]}
[null,null,null,null,null,"File Number:",null,{"$f":"'LDC Info'!$E$18","v":"EB-2012-0175"}]
[null,null,null,null,null,"Exhibit:"]
[null,null,null,null,null,"Tab:"]
[null,null,null,null,null,"Schedule:"]
[null,null,null,null,null,"Page:"]
[]
[null,null,null,null,null,"Date:"]
[]
["Appendix 2-K"]
["Employee Costs"]
[]
[null,{"$f":"\"Last Rebasing Year (\" & 'LDC Info'!E30 & \" Board-Approved)\"","v":"Last Rebasing Year (2009 Board-Approved)"},{"$f":"\"Last Rebasing Year (\" & 'LDC Info'!E30 & \" Actuals)\"","v":"Last Rebasing Year (2009 Actuals)"},{"$f":"'LDC Info'!E26 -2 & \" Actuals\"","v":"2010 Actuals"},{"$f":"'LDC Info'!E26 -1 & \" Actuals\"","v":"2011 Actuals"},{"$f":"'LDC Info'!E26 & \" Bridge Year\"","v":"2012 Bridge Year"},{"$f":"'LDC Info'!F26 & \" Bridge Year\"","v":" Bridge Year"},{"$f":"'LDC Info'!E28 & \" Test Year\"","v":"2013 Test Year"}]
["Reporting Basis","CGAAP","CGAAP","CGAAP","CGAAP","CGAAP","MIFRS","MIFRS"]
["Number of Employees (FTEs including Part-Time)1"]
["Executive",3,3,3,3,3,3,3]
["Management",1,1,1,1,1,1,1]
["Non-Union"]
["Union",8,8,8,7,8,8,8]
["Total",{"$f":"SUM(B15:B18)","v":12},12,12,11,12,{"$f":"SUM(G15:G18)","v":12},12]
["Number of Part-Time Employees"]
["Executive"]
["Management"]
["Non-Union",null,0.5,0.4,null,0.4,0.4,0.4]
["Union"]
["Total",{"$f":"SUM(B21:B24)","v":0},0.5,0.4,0,0.4,{"$f":"SUM(G21:G24)","v":0.4},0.4]
["Total Salary and Wages"]
["Executive",30385,25000,25000,25000,25000,25000,25000]
["Management",135564,62258,67810,69667,72000,72000,74000]
["Non-Union",22200,9171,8273,null,8500,8500,8800]
["Union",585019,474465,485560,529243,504853,576853,592428]
["Total",{"$f":"SUM(B27:B30)","v":773168},570894,586643,623910,610353,{"$f":"SUM(G27:G30)","v":682353},700228]
["Current Benefits"]
["Executive",715]
["Management",39639,21704,22018,22664,23400,23400,24100]
["Non-Union",3011,577,537,null,520,520,530]
["Union",207845,118802,116775,120205,130700,148700,152715]
["Total",{"$f":"SUM(B33:B36)","v":251210},141083,139330,142869,154620,{"$f":"SUM(G34:G36)","v":172620},177345]
["Accrued Pension and Post-Retirement Benefits"]
["Executive"]
["Management",null,11893,11919,11928,12167,12167,12410]
["Non-Union"]
["Union",null,30583,30650,30672,31285,31285,31911]
["Total",{"$f":"SUM(B39:B42)","v":0},42476,42569,42600,43452,{"$f":"SUM(G40:G42)","v":43452},44321]
["Total Benefits (Current + Accrued)"]
["Executive",{"$f":"B33+B39","v":715},0,0,0,0,null,0]
["Management",39639,33597,33937,34592,35567,35567,36510]
["Non-Union",3011,577,537,0,520,520,530]
["Union",207845,149385,147425,150877,161985,179985,184626]
["Total",251210,183559,181899,185469,198072,{"$f":"SUM(G46:G48)","v":216072},221666]
["Total Compensation (Salary, Wages, & Benefits)"]
["Executive",{"$f":"B27+B45","v":31100},25000,25000,25000,25000,25000,25000]
["Management",175203,95855,101747,104259,107567,107567,110510]
["Non-Union",25211,9748,8810,0,9020,9020,9330]
["Union",792864,623850,632985,680120,666838,756838,777054]
["Total",1024378,754453,768542,809379,808425,{"$f":"SUM(G51:G54)","v":898425},921894]
["Compensation - Average Yearly Base Wages"]
["Executive",10128,8333,8333,8333,8333,8333,8333]
["Management",45188,62258,67810,69667,72000,72000,74000]
["Non-Union",7400,18342,20683,null,21250,21250,22000]
["Union",73127,59308,60695,71519,72122,72106,74053]
["Total"]
["Compensation - Average Yearly Overtime"]
["Executive"]
["Management",null,425,4110,4554,4700,4700,4830]
["Non-Union"]
["Union",null,3547,1858,10801,6265,6265,6434]
["Total"]
["Compensation - Average Yearly Incentive Pay"]
["Executive",4635,1500,1500,1500,1500,1500,1500]
["Management",6180,6000,6500,6500,6500,6500,6500]
["Non-Union"]
["Union"]
["Total"]
["Compensation - Average Yearly Benefits"]
["Executive",238]
["Management",13213,33597,33937,34592,25567,25567,36510]
["Non-Union",1004,1154,1343,null,1300,1300,1325]
["Union",25981,18673,18428,20389,23141,22623,23106]
["Total"]
[]
["Total Compensation",{"$f":"SUM(B51:B54)","v":1024378},754453,768542,809379,808425,898425,921894]
["Total Compensation Capitalized (CGAAP)",null,null,null,null,129348,129348]
["Total Compensation Charged to OM&A (CGAAP)",{"$f":"B81-B82","v":1024378},754453,768542,809379,679077,769077]
[]
["Total Compensation Capitalized (MIFRS)",null,null,null,null,129348,129348,132726]
["Total Compensation Charged to OM&A (MIFRS)",null,null,null,{"$f":"E81-E85","v":809379},{"$f":"F81-F85","v":679077},{"$f":"G81-G85","v":769077},{"$f":"H81-H85","v":789168}]
[]
[]
["1 If an applicant wishes to use headcount, it must also file the same schedule on an FTE basis."]
[]
["Note:"]
["1   Please report compensation on a CGAAP and MIFRS basis for your transition year."]

{"sheet":"App.2-L_OM&A_per_Cust_FTEE","index":21,"n_rows":29,"n_cols":8,"rows_kept":29,"cut":false,"hidden":false,"merged":[[8,0,8,7],[9,0,9,7],[28,1,29,6],[22,1,25,6],[26,1,26,6],[27,1,27,6],[15,0,15,1],[16,0,16,1],[17,0,17,1],[18,0,18,1],[13,0,13,1],[14,0,14,1],[12,0,12,1]]}
[null,null,null,null,null,null,"File Number:",{"$f":"'LDC Info'!$E$18","v":"EB-2012-0175"}]
[null,null,null,null,null,null,"Exhibit:"]
[null,null,null,null,null,null,"Tab:"]
[null,null,null,null,null,null,"Schedule:"]
[null,null,null,null,null,null,"Page:"]
[]
[null,null,null,null,null,null,"Date:"]
[]
["Appendix 2-L"]
["Recoverable OM&A Cost per Customer and per FTEE"]
[]
[null,null,{"$f":"\"Last Rebasing Year (\" & 'LDC Info'!E30 & \" Board-Approved)\"","v":"Last Rebasing Year (2009 Board-Approved)"},{"$f":"\"Last Rebasing Year (\" & 'LDC Info'!E30 & \" Actuals)\"","v":"Last Rebasing Year (2009 Actuals)"},{"$f":"'LDC Info'!E26 -2 & \" Actuals\"","v":"2010 Actuals"},{"$f":"'LDC Info'!E26 -1 & \" Actuals\"","v":"2011 Actuals"},{"$f":"'LDC Info'!E26 & \" Bridge Year\"","v":"2012 Bridge Year"},{"$f":"'LDC Info'!E28 & \" Test Year\"","v":"2013 Test Year"}]
["Reporting Basis",null,"CGAAP","CGAAP","CGAAP","CGAAP","CGAAP","MIFRS"]
["Number of Customers",null,5285,5056,5067,5001,5019,5055]
["Total Recoverable OM&A from Appendix 2-I",null,1544350,1434993,1306580,1376819,2101515,1845829]
["OM&A cost per customer",null,{"$f":"IF(C14=0,\"\",C15/C14)","v":292.21381267738883},283.8198180379747,257.86066706137757,275.30873825234954,418.7118947997609,365.14915924826903]
["Number of FTEEs",null,12,12,12,11,12,12]
["Customers/FTEEs",null,{"$f":"IF(C17=0,\"\",C14/C17)","v":440.41666666666669},421.33333333333331,422.25,454.63636363636363,418.25,421.25]
["OM&A Cost per FTEE",null,{"$f":"IF(C17=0,\"\",C15/C17)","v":128695.83333333333},119582.75,108881.66666666667,125165.36363636363,175126.25,153819.08333333334]
[]
["Notes:"]
[]
[1,"If it has been more than three years since the applicant last filed a cost of service application, additional years of historical actuals should be incorporated into the table, as necessary, to go back to the last cost of service application.  If the applicant last filed a cost of service application less than three years ago, a minimum of three years of actual information is required."]
[]
[]
[]
[2,"The method of calculating the number of customers must be identified."]
[3,"The method of calculating the number of FTEEs must be identified.  See also Appendix 2-K"]
[4,"The number of customers and the number of FTEEs should correspond to mid-year or average of January 1 and December 31 figures."]

{"sheet":"App.2-M_Regulatory_Costs","index":22,"n_rows":44,"n_cols":11,"rows_kept":44,"cut":false,"hidden":false,"merged":[[12,0,12,1],[13,0,13,1],[8,0,8,10],[9,0,9,10]]}
[null,null,null,null,null,null,null,null,null,"File Number:",{"$f":"'LDC Info'!$E$18","v":"EB-2012-0175"}]
[null,null,null,null,null,null,null,null,null,"Exhibit:"]
[null,null,null,null,null,null,null,null,null,"Tab:"]
[null,null,null,null,null,null,null,null,null,"Schedule:"]
[null,null,null,null,null,null,null,null,null,"Page:"]
[]
[null,null,null,null,null,null,null,null,null,"Date:"]
[]
["Appendix 2-M"]
["Regulatory Cost Schedule"]
[]
[]
["Regulatory Cost Category",null,"USoA Account","USoA Account Balance","Ongoing or One-time Cost? 2",{"$f":"\"Last Rebasing Year (\" & 'LDC Info'!E30 & \" Board Approved)\"","v":"Last Rebasing Year (2009 Board Approved)"},"Most Current Actuals               Year 2011",{"$f":"'LDC Info'!E26 & \" Bridge Year\"","v":"2012 Bridge Year"},"Annual % Change",{"$f":"'LDC Info'!E28 & \" Test Year\"","v":"2013 Test Year"},"Annual % Change"]
["(A)",null,"(B)","(C )","(D)","(E)","(F)","(G)","(H) = [(G)-(F)]/(F)","(I)","(J) = [(I)-(G)]/(G)"]
[1,"OEB Annual Assessment",5655,null,"On-Going",null,12582,13000,{"$f":"IF(G15=0,\"\",(H15-G15)/G15)","v":3.322206326498172E-2},13500,{"$f":"IF(H15=0,\"\",(J15-H15)/H15)","v":3.8461538461538464E-2}]
[2,"OEB Section 30 Costs (Applicant-originated)",null,null,null,null,null,null,{"$f":"IF(G16=0,\"\",(H16-G16)/G16)","v":""},null,{"$f":"IF(H16=0,\"\",(J16-H16)/H16)","v":""}]
[3,"OEB Section 30 Costs (OEB-initiated)",5655,null,"On-Going",null,549,2500,3.5537340619307831,800,-0.68]
[4,"Expert Witness costs for regulatory matters",null,null,null,null,null,null,"",null,""]
[5,"Legal costs for regulatory matters",null,null,null,null,null,null,"",null,""]
[6,"Consultants' costs for regulatory matters",5630,null,"On-Time",null,8463,183000,20.623537752570012,null,-1]
[7,"Operating expenses associated with staff resources allocated to regulatory matters",null,null,null,null,null,null,"",null,""]
[8,"Operating expenses associated with other resources allocated to regulatory matters 1",null,null,null,null,null,null,"",null,""]
[9,"Other regulatory agency fees or assessments",5655,null,"On-Going",null,3838,4500,0.17248566961959355,4800,6.6666666666666666E-2]
[10,"Any other costs for regulatory matters (please define)",5655,null,"On-Going",null,800,900,0.125,1000,0.1111111111111111]
[11,"Intervenor costs",5655,null,"On-Time",null,null,15000,"",5000,-0.66666666666666663]
[12,"Sub-total - Ongoing Costs 3",null,{"$f":"SUMIF($E15:$E25,$E11,D15:D25)","v":0},null,{"$f":"SUMIF($E15:$E25,$E11,F15:F25)","v":0},{"$f":"+G15+G17+G23+G24","v":17769},{"$f":"+H15+H17+H23+H24","v":20900},0.1762057515898475,{"$f":"+J15+J17+J23+J24","v":20100},-3.8277511961722487E-2]
[13,"Sub-total - One-time Costs 4",null,{"$f":"SUMIF($E15:$E25,$E12,D15:D25)","v":0},null,{"$f":"SUMIF($E15:$E25,$E12,F15:F25)","v":0},{"$f":"+G20+G25","v":8463},{"$f":"+H20+H25","v":198000},22.395958879829848,{"$f":"+J20+J25","v":5000},-0.9747474747474747]
[14,"Total",null,{"$f":"D26+D27","v":0},null,{"$f":"F26+F27","v":0},{"$f":"G26+G27","v":26232},{"$f":"H26+H27","v":218900},7.3447697468740474,{"$f":"J26+J27","v":25100},-0.88533576975788031]
[]
[]
["1","Please identify the resources involved."]
["2","Where a category's costs include both one-time and ongoing costs, the applicant should prove a separate breakdown between one-time and ongoing costs."]
["3","Sum of all ongoing costs identified in rows 1 to 11 inclusive."]
["4","Sum of all one-time costs identified in rows 1 to 11 inclusive."]
[]
[]
["Please fill out the following table for all one-time costs related to this cost of service application"]
[]
[null,null,2009,2010,2011,{"$f":"H13","v":"2012 Bridge Year"},{"$f":"J13","v":"2013 Test Year"}]
[4,"Expert Witness costs for regulatory matters",null,null,null,{"$f":"H18","v":0},{"$f":"J18","v":0}]
[6,"Consultants' costs for regulatory matters",null,null,null,{"$f":"H20","v":183000},{"$f":"J20","v":0}]
[7,"Operating expenses associated with staff resources allocated to regulatory matters",null,null,null,{"$f":"H21","v":0},{"$f":"J21","v":0}]
[8,"Operating expenses associated with other resources allocated to regulatory matters 1",null,null,null,{"$f":"H22","v":0},{"$f":"J22","v":0}]
[11,"Intervenor costs",null,null,null,{"$f":"H25","v":15000},{"$f":"J25","v":5000}]

{"sheet":"App.2-N_Shared Services 13","index":23,"n_rows":43,"n_cols":7,"rows_kept":43,"cut":false,"hidden":false,"merged":[[8,0,8,5],[9,0,9,5],[13,0,13,5],[15,0,15,1],[15,2,17,2],[15,3,17,3],[15,4,16,4],[15,5,16,5],[16,0,17,0],[16,1,17,1],[42,1,43,5],[27,0,27,5],[29,0,29,1],[29,2,31,2],[29,3,31,3],[29,4,30,4],[29,5,30,5],[30,0,31,0],[30,1,31,1]]}
[null,null,null,null,null,"File Number:",{"$f":"'LDC Info'!$E$18","v":"EB-2012-0175"}]
[null,null,null,null,null,"Exhibit:"]
[null,null,null,null,null,"Tab:"]
[null,null,null,null,null,"Schedule:"]
[null,null,null,null,null,"Page:"]
[]
[null,null,null,null,null,"Date:"]
[]
["Appendix 2-N"]
["Shared Services and Corporate Cost Allocation"]
[]
[null,"Year:",2013]
[]
["Shared Services"]
[]
["Name of Company",null,"Service Offered","Pricing Methdology","Price for the Service","Cost for the Service"]
["From","To"]
[null,null,null,null,"$","$"]
["Town of Goderiich","West Coast Huron Energy","Environment Tech","1/3 of actual cost",34000,34000]
["Town of Goderiich","West Coast Huron Energy","Admin Support","% time allocated",42400,42400]
["Town of Goderiich","West Coast Huron Energy","Management fee","% time allocated",41400,41400]
["West Coast Huron Energy","Town of Goderich","Billing/Collection of water/sewer revenue","per bill fee",44000,44000]
["West Coast Huron Energy","Town of Goderich","Streetlight maintenance","cost + 5%",52000,49500]
[]
[]
[]
[]
["Corporate Cost Allocation"]
[]
["Name of Company",null,"Service Offered","Pricing Methdology","% of Corporate Costs Allocated","Amount Allocated"]
["From","To"]
[null,null,null,null,"%","$"]
["eg: parent company","eg: regulated entity"]
[]
[]
[]
[]
[]
[]
[]
[]
["Note: "]
[1,"This appendix must be completed in relation to each service provided or received for the Historical (actuals), Bridge and Test years."]

{"sheet":"App.2-N_Shared Services 12","index":24,"n_rows":43,"n_cols":7,"rows_kept":43,"cut":false,"hidden":false,"merged":[[8,0,8,5],[9,0,9,5],[13,0,13,5],[15,0,15,1],[15,2,17,2],[15,3,17,3],[15,4,16,4],[15,5,16,5],[16,0,17,0],[16,1,17,1],[42,1,43,5],[27,0,27,5],[29,0,29,1],[29,2,31,2],[29,3,31,3],[29,4,30,4],[29,5,30,5],[30,0,31,0],[30,1,31,1]]}
[null,null,null,null,null,"File Number:",{"$f":"'LDC Info'!$E$18","v":"EB-2012-0175"}]
[null,null,null,null,null,"Exhibit:"]
[null,null,null,null,null,"Tab:"]
[null,null,null,null,null,"Schedule:"]
[null,null,null,null,null,"Page:"]
[]
[null,null,null,null,null,"Date:"]
[]
["Appendix 2-N"]
["Shared Services and Corporate Cost Allocation"]
[]
[null,"Year:",2012]
[]
["Shared Services"]
[]
["Name of Company",null,"Service Offered","Pricing Methdology","Price for the Service","Cost for the Service"]
["From","To"]
[null,null,null,null,"$","$"]
["Town of Goderiich","West Coast Huron Energy","Environment Tech","1/3 of actual cost",33600,33600]
["Town of Goderiich","West Coast Huron Energy","Admin Support","% time allocated",41200,41200]
["Town of Goderiich","West Coast Huron Energy","Management fee","% time allocated",40170,40170]
["West Coast Huron Energy","Town of Goderich","Billing/Collection of water/sewer revenue","per bill fee",44000,44000]
["West Coast Huron Energy","Town of Goderich","Streetlight maintenance","cost + 5%",52000,49500]
[]
[]
[]
[]
["Corporate Cost Allocation"]
[]
["Name of Company",null,"Service Offered","Pricing Methdology","% of Corporate Costs Allocated","Amount Allocated"]
["From","To"]
[null,null,null,null,"%","$"]
["eg: parent company","eg: regulated entity"]
[]
[]
[]
[]
[]
[]
[]
[]
["Note: "]
[1,"This appendix must be completed in relation to each service provided or received for the Historical (actuals), Bridge and Test years."]

{"sheet":"App.2-N Shared Services 11","index":25,"n_rows":43,"n_cols":7,"rows_kept":43,"cut":false,"hidden":false,"merged":[[8,0,8,5],[9,0,9,5],[13,0,13,5],[15,0,15,1],[15,2,17,2],[15,3,17,3],[15,4,16,4],[15,5,16,5],[16,0,17,0],[16,1,17,1],[42,1,43,5],[27,0,27,5],[29,0,29,1],[29,2,31,2],[29,3,31,3],[29,4,30,4],[29,5,30,5],[30,0,31,0],[30,1,31,1]]}
[null,null,null,null,null,"File Number:",{"$f":"'LDC Info'!$E$18","v":"EB-2012-0175"}]
[null,null,null,null,null,"Exhibit:"]
[null,null,null,null,null,"Tab:"]
[null,null,null,null,null,"Schedule:"]
[null,null,null,null,null,"Page:"]
[]
[null,null,null,null,null,"Date:"]
[]
["Appendix 2-N"]
["Shared Services and Corporate Cost Allocation"]
[]
[null,"Year:",2011]
[]
["Shared Services"]
[]
["Name of Company",null,"Service Offered","Pricing Methdology","Price for the Service","Cost for the Service"]
["From","To"]
[null,null,null,null,"$","$"]
["Town of Goderiich","West Coast Huron Energy","Environment Tech","1/3 of actual cost",30353,30353]
["Town of Goderiich","West Coast Huron Energy","Admin Support","% time allocated",40000,40000]
["Town of Goderiich","West Coast Huron Energy","Management fee","% time allocated",39000,39000]
["West Coast Huron Energy","Town of Goderich","Billing/Collection of water/sewer revenue","per bill fee",40700,40700]
["West Coast Huron Energy","Town of Goderich","Streetlight maintenance","cost + 5%",28576,27215]
[]
[]
[]
[]
["Corporate Cost Allocation"]
[]
["Name of Company",null,"Service Offered","Pricing Methdology","% of Corporate Costs Allocated","Amount Allocated"]
["From","To"]
[null,null,null,null,"%","$"]
["eg: parent company","eg: regulated entity"]
[]
[]
[]
[]
[]
[]
[]
[]
["Note: "]
[1,"This appendix must be completed in relation to each service provided or received for the Historical (actuals), Bridge and Test years."]

{"sheet":"App.2-N_Shared Services 10","index":26,"n_rows":43,"n_cols":7,"rows_kept":43,"cut":false,"hidden":false,"merged":[[8,0,8,5],[9,0,9,5],[13,0,13,5],[15,0,15,1],[15,2,17,2],[15,3,17,3],[15,4,16,4],[15,5,16,5],[30,1,31,1],[42,1,43,5],[15,6,16,6],[16,0,17,0],[16,1,17,1],[27,0,27,5],[29,0,29,1],[29,2,31,2],[29,3,31,3],[29,4,30,4],[29,5,30,5],[30,0,31,0]]}
[null,null,null,null,null,"File Number:",{"$f":"'LDC Info'!$E$18","v":"EB-2012-0175"}]
[null,null,null,null,null,"Exhibit:"]
[null,null,null,null,null,"Tab:"]
[null,null,null,null,null,"Schedule:"]
[null,null,null,null,null,"Page:"]
[]
[null,null,null,null,null,"Date:"]
[]
["Appendix 2-N"]
["Shared Services and Corporate Cost Allocation"]
[]
[null,"Year:",2010]
[]
["Shared Services"]
[]
["Name of Company",null,"Service Offered","Pricing Methdology","Price for the Service","Cost for the Service"]
["From","To"]
[null,null,null,null,"$","$"]
["Town of Goderiich","West Coast Huron Energy","Environment Tech","1/3 of actual cost",28007,28007]
["Town of Goderiich","West Coast Huron Energy","Admin Support","% time allocated",40000,40000]
["Town of Goderiich","West Coast Huron Energy","Management fee","% time allocated",39000,39000]
["West Coast Huron Energy","Town of Goderich","Billing/Collection of water/sewer revenue","per bill fee",27536,27536]
["West Coast Huron Energy","Town of Goderich","Streetlight maintenance","cost + 5%",27201,25906]
[]
[]
[]
[]
["Corporate Cost Allocation"]
[]
["Name of Company",null,"Service Offered","Pricing Methdology","% of Corporate Costs Allocated","Amount Allocated"]
["From","To"]
[null,null,null,null,"%","$"]
["eg: parent company","eg: regulated entity"]
[]
[]
[]
[]
[]
[]
[]
[]
["Note: "]
[1,"This appendix must be completed in relation to each service provided or received for the Historical (actuals), Bridge and Test years."]

{"sheet":"App.2-N_Shared Services 09","index":27,"n_rows":43,"n_cols":7,"rows_kept":43,"cut":false,"hidden":false,"merged":[[15,6,16,6],[29,0,29,1],[29,2,31,2],[29,3,31,3],[29,5,30,5],[29,4,30,4],[30,0,31,0],[30,1,31,1],[27,0,27,5],[13,0,13,5],[8,0,8,5],[9,0,9,5],[42,1,43,5],[16,0,17,0],[16,1,17,1],[15,2,17,2],[15,3,17,3],[15,0,15,1],[15,4,16,4],[15,5,16,5]]}
[null,null,null,null,null,"File Number:",{"$f":"'LDC Info'!$E$18","v":"EB-2012-0175"}]
[null,null,null,null,null,"Exhibit:"]
[null,null,null,null,null,"Tab:"]
[null,null,null,null,null,"Schedule:"]
[null,null,null,null,null,"Page:"]
[]
[null,null,null,null,null,"Date:"]
[]
["Appendix 2-N"]
["Shared Services and Corporate Cost Allocation"]
[]
[null,"Year:",2009]
[]
["Shared Services"]
[]
["Name of Company",null,"Service Offered","Pricing Methdology","Price for the Service","Cost for the Service"]
["From","To"]
[null,null,null,null,"$","$"]
["Town of Goderiich","West Coast Huron Energy","Environment Tech","1/3 of actual cost",30095,30095]
["Town of Goderiich","West Coast Huron Energy","Admin Support","% time allocated",40000,40000]
["Town of Goderiich","West Coast Huron Energy","Management fee","% time allocated",39000,39000]
["West Coast Huron Energy","Town of Goderich","Billing/Collection of water/sewer revenue","per bill fee",27263,27263]
["West Coast Huron Energy","Town of Goderich","Streetlight maintenance","cost + 5%",23946,22806]
[]
[]
[]
[]
["Corporate Cost Allocation"]
[]
["Name of Company",null,"Service Offered","Pricing Methdology","% of Corporate Costs Allocated","Amount Allocated"]
["From","To"]
[null,null,null,null,"%","$"]
["eg: parent company","eg: regulated entity"]
[]
[]
[]
[]
[]
[]
[]
[]
["Note: "]
[1,"This appendix must be completed in relation to each service provided or received for the Historical (actuals), Bridge and Test years."]

{"sheet":"App.2-OA Capital Structure 09","index":28,"n_rows":35,"n_cols":15,"rows_kept":35,"cut":false,"hidden":false,"merged":[[40,2,40,14],[12,0,12,14],[34,2,34,14],[35,2,35,14],[36,2,36,14],[37,2,37,14],[38,2,38,14],[39,2,39,14],[33,0,33,14],[9,2,9,14],[10,2,10,14],[14,0,15,0],[15,4,15,8],[18,2,18,14]]}
[null,null,null,null,null,null,null,null,null,null,"File Number:",null,null,null,{"$f":"'LDC Info'!$E$18","v":"EB-2012-0175"}]
[null,null,null,null,null,null,null,null,null,null,"Exhibit:"]
[null,null,null,null,null,null,null,null,null,null,"Tab:"]
[null,null,null,null,null,null,null,null,null,null,"Schedule:"]
[null,null,null,null,null,null,null,null,null,null,"Page:"]
[]
[null,null,null,null,null,null,null,null,null,null,"Date:"]
[]
[]
[null,null,"Appendix 2-OA"]
[null,null,"Capital Structure and Cost of Capital - 2009"]
[]
["This table must be completed for the required years of all historical years, the bridge year and the test year."]
[]
["Line No."]
[null,null,"Particulars",null,"Capitalization Ratio",null,null,null,null,null,"Cost Rate",null,null,null,"Return"]
[]
[]
[null,null,"Application"]
[null,null,null,null,"(%)",null,null,null,"($)",null,"(%)",null,null,null,"($)"]
[null,null,"Debt"]
[1,null,"  Long-term Debt",null,0.52700000000000002,null,null,null,{"$f":"$I$31*E22","v":2829447.7170000002},null,7.6200000000000004E-2,null,null,null,{"$f":"K22*I22","v":215603.91603540003}]
[2,null,"  Short-term Debt",null,0.04,null,"(1)",null,{"$f":"$I$31*E23","v":214758.84},null,1.3299999999999999E-2,null,null,null,{"$f":"K23*I23","v":2856.2925719999998}]
[3,null,"Total Debt",null,{"$f":"SUM(E22:E23)","v":0.56700000000000006},null,null,null,{"$f":"SUM(I22:I23)","v":3044206.557},null,{"$f":"IF(E24=0,0,SUMPRODUCT(E22:E23,K22:K23)/E24)","v":7.1762610229276894E-2},null,null,null,{"$f":"SUM(O22:O23)","v":218460.20860740004}]
[]
[null,null,"Equity"]
[4,null,"  Common Equity",null,0.433,null,null,null,{"$f":"$I$31*E27","v":2324764.443},null,8.0100000000000005E-2,null,null,null,{"$f":"K27*I27","v":186213.6318843}]
[5,null,"  Preferred Shares",null,null,null,null,null,{"$f":"$I$31*E28","v":0},null,null,null,null,null,{"$f":"K28*I28","v":0}]
[6,null,"Total Equity",null,{"$f":"SUM(E27:E28)","v":0.433},null,null,null,{"$f":"SUM(I27:I28)","v":2324764.443},null,{"$f":"IF(E29=0,0,SUMPRODUCT(E27:E28,K27:K28)/E29)","v":8.0100000000000005E-2},null,null,null,{"$f":"SUM(O27:O28)","v":186213.6318843}]
[]
[7,null,"Total",null,1,null,null,null,5368971,null,{"$f":"(K24*E24)+(K29*E29)","v":7.5372700000000001E-2},null,null,null,{"$f":"O24+O29","v":404673.84049170004}]
[]
[]
["Notes"]
["(1)",null,"4.0% unless an applicant has proposed or been approved for a different amount."]

{"sheet":"App.2-OA Capital Structure 10","index":29,"n_rows":35,"n_cols":15,"rows_kept":35,"cut":false,"hidden":false,"merged":[[18,2,18,14],[9,2,9,14],[10,2,10,14],[12,0,12,14],[14,0,15,0],[15,4,15,8],[39,2,39,14],[40,2,40,14],[33,0,33,14],[34,2,34,14],[35,2,35,14],[36,2,36,14],[37,2,37,14],[38,2,38,14]]}
[null,null,null,null,null,null,null,null,null,null,"File Number:",null,null,null,{"$f":"'LDC Info'!$E$18","v":"EB-2012-0175"}]
[null,null,null,null,null,null,null,null,null,null,"Exhibit:"]
[null,null,null,null,null,null,null,null,null,null,"Tab:"]
[null,null,null,null,null,null,null,null,null,null,"Schedule:"]
[null,null,null,null,null,null,null,null,null,null,"Page:"]
[]
[null,null,null,null,null,null,null,null,null,null,"Date:"]
[]
[]
[null,null,"Appendix 2-OA"]
[null,null,"Capital Structure and Cost of Capital - 2010"]
[]
["This table must be completed for the required years of all historical years, the bridge year and the test year."]
[]
["Line No."]
[null,null,"Particulars",null,"Capitalization Ratio",null,null,null,null,null,"Cost Rate",null,null,null,"Return"]
[]
[]
[null,null,"Application"]
[null,null,null,null,"(%)",null,null,null,"($)",null,"(%)",null,null,null,"($)"]
[null,null,"Debt"]
[1,null,"  Long-term Debt",null,0.56000000000000005,null,null,null,{"$f":"$I$31*E22","v":2995414.8000000003},null,5.8700000000000002E-2,null,null,null,{"$f":"K22*I22","v":175830.84876000002}]
[2,null,"  Short-term Debt",null,0.04,null,"(1)",null,{"$f":"$I$31*E23","v":213958.2},null,2.07E-2,null,null,null,{"$f":"K23*I23","v":4428.9347400000006}]
[3,null,"Total Debt",null,{"$f":"SUM(E22:E23)","v":0.60000000000000009},null,null,null,{"$f":"SUM(I22:I23)","v":3209373.0000000005},null,{"$f":"IF(E24=0,0,SUMPRODUCT(E22:E23,K22:K23)/E24)","v":5.616666666666667E-2},null,null,null,{"$f":"SUM(O22:O23)","v":180259.78350000002}]
[]
[null,null,"Equity"]
[4,null,"  Common Equity",null,0.4,null,null,null,{"$f":"$I$31*E27","v":2139582},null,9.8500000000000004E-2,null,null,null,{"$f":"K27*I27","v":210748.82700000002}]
[5,null,"  Preferred Shares",null,null,null,null,null,{"$f":"$I$31*E28","v":0},null,null,null,null,null,{"$f":"K28*I28","v":0}]
[6,null,"Total Equity",null,{"$f":"SUM(E27:E28)","v":0.4},null,null,null,{"$f":"SUM(I27:I28)","v":2139582},null,{"$f":"IF(E29=0,0,SUMPRODUCT(E27:E28,K27:K28)/E29)","v":9.8500000000000004E-2},null,null,null,{"$f":"SUM(O27:O28)","v":210748.82700000002}]
[]
[7,null,"Total",null,1,null,null,null,5348955,null,{"$f":"(K24*E24)+(K29*E29)","v":7.3100000000000012E-2},null,null,null,{"$f":"O24+O29","v":391008.61050000007}]
[]
[]
["Notes"]
["(1)",null,"4.0% unless an applicant has proposed or been approved for a different amount."]

{"sheet":"App.2-OA Capital Structure 11","index":30,"n_rows":35,"n_cols":15,"rows_kept":35,"cut":false,"hidden":false,"merged":[[18,2,18,14],[9,2,9,14],[10,2,10,14],[12,0,12,14],[14,0,15,0],[15,4,15,8],[39,2,39,14],[40,2,40,14],[33,0,33,14],[34,2,34,14],[35,2,35,14],[36,2,36,14],[37,2,37,14],[38,2,38,14]]}
[null,null,null,null,null,null,null,null,null,null,"File Number:",null,null,null,{"$f":"'LDC Info'!$E$18","v":"EB-2012-0175"}]
[null,null,null,null,null,null,null,null,null,null,"Exhibit:"]
[null,null,null,null,null,null,null,null,null,null,"Tab:"]
[null,null,null,null,null,null,null,null,null,null,"Schedule:"]
[null,null,null,null,null,null,null,null,null,null,"Page:"]
[]
[null,null,null,null,null,null,null,null,null,null,"Date:"]
[]
[]
[null,null,"Appendix 2-OA"]
[null,null,"Capital Structure and Cost of Capital - 2011"]
[]
["This table must be completed for the required years of all historical years, the bridge year and the test year."]
[]
["Line No."]
[null,null,"Particulars",null,"Capitalization Ratio",null,null,null,null,null,"Cost Rate",null,null,null,"Return"]
[]
[]
[null,null,"Application"]
[null,null,null,null,"(%)",null,null,null,"($)",null,"(%)",null,null,null,"($)"]
[null,null,"Debt"]
[1,null,"  Long-term Debt",null,0.56000000000000005,null,null,null,{"$f":"$I$31*E22","v":3656923.7600000002},null,5.4800000000000001E-2,null,null,null,{"$f":"K22*I22","v":200399.42204800001}]
[2,null,"  Short-term Debt",null,0.04,null,"(1)",null,{"$f":"$I$31*E23","v":261208.84},null,2.4299999999999999E-2,null,null,null,{"$f":"K23*I23","v":6347.374812}]
[3,null,"Total Debt",null,{"$f":"SUM(E22:E23)","v":0.60000000000000009},null,null,null,{"$f":"SUM(I22:I23)","v":3918132.6},null,{"$f":"IF(E24=0,0,SUMPRODUCT(E22:E23,K22:K23)/E24)","v":5.2766666666666663E-2},null,null,null,{"$f":"SUM(O22:O23)","v":206746.79686}]
[]
[null,null,"Equity"]
[4,null,"  Common Equity",null,0.4,null,null,null,{"$f":"$I$31*E27","v":2612088.4000000004},null,9.6600000000000005E-2,null,null,null,{"$f":"K27*I27","v":252327.73944000006}]
[5,null,"  Preferred Shares",null,null,null,null,null,{"$f":"$I$31*E28","v":0},null,null,null,null,null,{"$f":"K28*I28","v":0}]
[6,null,"Total Equity",null,{"$f":"SUM(E27:E28)","v":0.4},null,null,null,{"$f":"SUM(I27:I28)","v":2612088.4000000004},null,{"$f":"IF(E29=0,0,SUMPRODUCT(E27:E28,K27:K28)/E29)","v":9.6600000000000019E-2},null,null,null,{"$f":"SUM(O27:O28)","v":252327.73944000006}]
[]
[7,null,"Total",null,1,null,null,null,6530221,null,{"$f":"(K24*E24)+(K29*E29)","v":7.0300000000000001E-2},null,null,null,{"$f":"O24+O29","v":459074.53630000004}]
[]
[]
["Notes"]
["(1)",null,"4.0% unless an applicant has proposed or been approved for a different amount."]

{"sheet":"App.2-OA Capital Structure 12","index":31,"n_rows":35,"n_cols":15,"rows_kept":35,"cut":false,"hidden":false,"merged":[[18,2,18,14],[9,2,9,14],[10,2,10,14],[12,0,12,14],[14,0,15,0],[15,4,15,8],[39,2,39,14],[40,2,40,14],[33,0,33,14],[34,2,34,14],[35,2,35,14],[36,2,36,14],[37,2,37,14],[38,2,38,14]]}
[null,null,null,null,null,null,null,null,null,null,"File Number:",null,null,null,{"$f":"'LDC Info'!$E$18","v":"EB-2012-0175"}]
[null,null,null,null,null,null,null,null,null,null,"Exhibit:"]
[null,null,null,null,null,null,null,null,null,null,"Tab:"]
[null,null,null,null,null,null,null,null,null,null,"Schedule:"]
[null,null,null,null,null,null,null,null,null,null,"Page:"]
[]
[null,null,null,null,null,null,null,null,null,null,"Date:"]
[]
[]
[null,null,"Appendix 2-OA"]
[null,null,"Capital Structure and Cost of Capital - 2012"]
[]
["This table must be completed for the required years of all historical years, the bridge year and the test year."]
[]
["Line No."]
[null,null,"Particulars",null,"Capitalization Ratio",null,null,null,null,null,"Cost Rate",null,null,null,"Return"]
[]
[]
[null,null,"Application"]
[null,null,null,null,"(%)",null,null,null,"($)",null,"(%)",null,null,null,"($)"]
[null,null,"Debt"]
[1,null,"  Long-term Debt",null,0.56000000000000005,null,null,null,{"$f":"$I$31*E22","v":5526438.9600000009},null,4.41E-2,null,null,null,{"$f":"K22*I22","v":243715.95813600003}]
[2,null,"  Short-term Debt",null,0.04,null,"(1)",null,{"$f":"$I$31*E23","v":394745.64},null,2.0799999999999999E-2,null,null,null,{"$f":"K23*I23","v":8210.709311999999}]
[3,null,"Total Debt",null,{"$f":"SUM(E22:E23)","v":0.60000000000000009},null,null,null,{"$f":"SUM(I22:I23)","v":5921184.6000000006},null,{"$f":"IF(E24=0,0,SUMPRODUCT(E22:E23,K22:K23)/E24)","v":4.2546666666666663E-2},null,null,null,{"$f":"SUM(O22:O23)","v":251926.66744800002}]
[]
[null,null,"Equity"]
[4,null,"  Common Equity",null,0.4,null,null,null,{"$f":"$I$31*E27","v":3947456.4000000004},null,9.1200000000000003E-2,null,null,null,{"$f":"K27*I27","v":360008.02368000004}]
[5,null,"  Preferred Shares",null,null,null,null,null,{"$f":"$I$31*E28","v":0},null,null,null,null,null,{"$f":"K28*I28","v":0}]
[6,null,"Total Equity",null,{"$f":"SUM(E27:E28)","v":0.4},null,null,null,{"$f":"SUM(I27:I28)","v":3947456.4000000004},null,{"$f":"IF(E29=0,0,SUMPRODUCT(E27:E28,K27:K28)/E29)","v":9.1200000000000003E-2},null,null,null,{"$f":"SUM(O27:O28)","v":360008.02368000004}]
[]
[7,null,"Total",null,1,null,null,null,9868641,null,{"$f":"(K24*E24)+(K29*E29)","v":6.2008000000000008E-2},null,null,null,{"$f":"O24+O29","v":611934.69112800003}]
[]
[]
["Notes"]
["(1)",null,"4.0% unless an applicant has proposed or been approved for a different amount."]

{"sheet":"App.2-OA Capital Structure 13","index":32,"n_rows":35,"n_cols":15,"rows_kept":35,"cut":false,"hidden":false,"merged":[[18,2,18,14],[9,2,9,14],[10,2,10,14],[12,0,12,14],[14,0,15,0],[15,4,15,8],[39,2,39,14],[40,2,40,14],[33,0,33,14],[34,2,34,14],[35,2,35,14],[36,2,36,14],[37,2,37,14],[38,2,38,14]]}
[null,null,null,null,null,null,null,null,null,null,"File Number:",null,null,null,{"$f":"'LDC Info'!$E$18","v":"EB-2012-0175"}]
[null,null,null,null,null,null,null,null,null,null,"Exhibit:"]
[null,null,null,null,null,null,null,null,null,null,"Tab:"]
[null,null,null,null,null,null,null,null,null,null,"Schedule:"]
[null,null,null,null,null,null,null,null,null,null,"Page:"]
[]
[null,null,null,null,null,null,null,null,null,null,"Date:"]
[]
[]
[null,null,"Appendix 2-OA"]
[null,null,"Capital Structure and Cost of Capital - 2013"]
[]
["This table must be completed for the required years of all historical years, the bridge year and the test year."]
[]
["Line No."]
[null,null,"Particulars",null,"Capitalization Ratio",null,null,null,null,null,"Cost Rate",null,null,null,"Return"]
[]
[]
[null,null,"Application"]
[null,null,null,null,"(%)",null,null,null,"($)",null,"(%)",null,null,null,"($)"]
[null,null,"Debt"]
[1,null,"  Long-term Debt",null,0.56000000000000005,null,null,null,{"$f":"$I$31*E22","v":6218864.9600000009},null,4.41E-2,null,null,null,{"$f":"K22*I22","v":274251.94473600003}]
[2,null,"  Short-term Debt",null,0.04,null,"(1)",null,{"$f":"$I$31*E23","v":444204.64},null,2.0799999999999999E-2,null,null,null,{"$f":"K23*I23","v":9239.4565120000007}]
[3,null,"Total Debt",null,{"$f":"SUM(E22:E23)","v":0.60000000000000009},null,null,null,{"$f":"SUM(I22:I23)","v":6663069.6000000006},null,{"$f":"IF(E24=0,0,SUMPRODUCT(E22:E23,K22:K23)/E24)","v":4.2546666666666663E-2},null,null,null,{"$f":"SUM(O22:O23)","v":283491.40124800004}]
[]
[null,null,"Equity"]
[4,null,"  Common Equity",null,0.4,null,null,null,{"$f":"$I$31*E27","v":4442046.4000000004},null,9.1200000000000003E-2,null,null,null,{"$f":"K27*I27","v":405114.63168000005}]
[5,null,"  Preferred Shares",null,null,null,null,null,{"$f":"$I$31*E28","v":0},null,null,null,null,null,{"$f":"K28*I28","v":0}]
[6,null,"Total Equity",null,{"$f":"SUM(E27:E28)","v":0.4},null,null,null,{"$f":"SUM(I27:I28)","v":4442046.4000000004},null,{"$f":"IF(E29=0,0,SUMPRODUCT(E27:E28,K27:K28)/E29)","v":9.1200000000000003E-2},null,null,null,{"$f":"SUM(O27:O28)","v":405114.63168000005}]
[]
[7,null,"Total",null,1,null,null,null,11105116,null,{"$f":"(K24*E24)+(K29*E29)","v":6.2008000000000008E-2},null,null,null,{"$f":"O24+O29","v":688606.03292800009}]
[]
[]
["Notes"]
["(1)",null,"4.0% unless an applicant has proposed or been approved for a different amount."]

{"sheet":"App.2-OB_Debt Instruments 12","index":33,"n_rows":36,"n_cols":11,"rows_kept":36,"cut":false,"hidden":false,"merged":[[9,0,9,10],[10,0,10,10],[12,0,12,10]]}
[null,null,null,null,null,null,null,null,null,"File Number:",{"$f":"'LDC Info'!$E$18","v":"EB-2012-0175"}]
[null,null,null,null,null,null,null,null,null,"Exhibit:"]
[null,null,null,null,null,null,null,null,null,"Tab:"]
[null,null,null,null,null,null,null,null,null,"Schedule:"]
[null,null,null,null,null,null,null,null,null,"Page:"]
[]
[null,null,null,null,null,null,null,null,null,"Date:"]
[]
[]
["Appendix 2-OB"]
["Debt Instruments"]
[]
["This table must be completed for the required years of all historical years, the bridge year and the test year."]
[null,null,null,"Year",2012]
[]
["Row","Description","Lender","Affiliated or Third-Party Debt?","Fixed or Variable-Rate?","Start Date","Term              (years)","Principal                         ($)","Rate (%)                     (Note 2)","Interest ($)       (Note 1)"]
[1,"Note payable","Town of Goderich","Affiliated","Fixed Rate","2000-01-01",null,974454,7.2499999999999995E-2,{"$f":"H17*I17","v":70647.914999999994}]
[2,"Demand facility","Bank","Third-Party","Variable Rate","2011-10-01",null,1000000,0.03,{"$f":"H18*I18","v":30000},"prime"]
[3,"Short term debt","Bank","Third-Party","Variable Rate","2011-10-01",null,752584,0.03,22577.52,"prime"]
[4,null,null,null,null,null,null,null,null,0]
[5,"Additonal borrowing",null,null,null,null,null,3015000,0.05,150750,"estimated rate"]
[6,null,null,null,null,null,null,null,null,0]
[7,null,null,null,null,null,null,null,null,0]
[8,null,null,null,null,null,null,null,null,0]
[9,null,null,null,null,null,null,null,null,0]
[10,null,null,null,null,null,null,null,null,0]
[11,null,null,null,null,null,null,null,null,0]
[12,null,null,null,null,null,null,null,null,0]
[]
["Total",null,null,null,null,null,null,{"$f":"SUM(H17:H28)","v":5742038},{"$f":"IF(H30=0,\"\",J30/H30)","v":4.7713971067415435E-2},{"$f":"SUM(J17:J28)","v":273975.435}]
[]
["Notes"]
[]
[1,"If financing is in place only part of the year, calculate the pro-rated interest and input in the cell."]
[2,"Input actual or deemed long-term debt rate in accordance with the guidelines in The Report of the Board on the Cost of Capital for Ontario's Regulated Utilities, issued December 11, 2009"]
[3,"Add more lines above row 12 if necessary."]

{"sheet":"App.2-OB_Debt Instruments 09","index":34,"n_rows":36,"n_cols":11,"rows_kept":36,"cut":false,"hidden":false,"merged":[[9,0,9,10],[10,0,10,10],[10,11,10,14],[12,0,12,10]]}
[null,null,null,null,null,null,null,null,null,"File Number:",{"$f":"'LDC Info'!$E$18","v":"EB-2012-0175"}]
[null,null,null,null,null,null,null,null,null,"Exhibit:"]
[null,null,null,null,null,null,null,null,null,"Tab:"]
[null,null,null,null,null,null,null,null,null,"Schedule:"]
[null,null,null,null,null,null,null,null,null,"Page:"]
[]
[null,null,null,null,null,null,null,null,null,"Date:"]
[]
[]
["Appendix 2-OB"]
["Debt Instruments"]
[]
["This table must be completed for the required years of all historical years, the bridge year and the test year."]
[null,null,null,"Year",2009]
[]
["Row","Description","Lender","Affiliated or Third-Party Debt?","Fixed or Variable-Rate?","Start Date","Term              (years)","Principal                         ($)","Rate (%)                     (Note 2)","Interest ($)       (Note 1)"]
[1,"Note payable","Town of Goderich","Affiliated","Fixed Rate","2000-01-01",null,974454,7.2499999999999995E-2,{"$f":"H17*I17","v":70647.914999999994}]
[2,null,null,null,null,null,null,null,null,{"$f":"H18*I18","v":0}]
[3,null,null,null,null,null,null,null,null,0]
[4,null,null,null,null,null,null,null,null,0]
[5,null,null,null,null,null,null,null,null,0]
[6,null,null,null,null,null,null,null,null,0]
[7,null,null,null,null,null,null,null,null,0]
[8,null,null,null,null,null,null,null,null,0]
[9,null,null,null,null,null,null,null,null,0]
[10,null,null,null,null,null,null,null,null,0]
[11,null,null,null,null,null,null,null,null,0]
[12,null,null,null,null,null,null,null,null,0]
[]
["Total",null,null,null,null,null,null,{"$f":"SUM(H17:H28)","v":974454},{"$f":"IF(H30=0,\"\",J30/H30)","v":7.2499999999999995E-2},{"$f":"SUM(J17:J28)","v":70647.914999999994}]
[]
["Notes"]
[]
[1,"If financing is in place only part of the year, calculate the pro-rated interest and input in the cell."]
[2,"Input actual or deemed long-term debt rate in accordance with the guidelines in The Report of the Board on the Cost of Capital for Ontario's Regulated Utilities, issued December 11, 2009"]
[3,"Add more lines above row 12 if necessary."]

{"sheet":"App.2-P_Cost_Allocation","index":35,"n_rows":117,"n_cols":6,"rows_kept":117,"cut":false,"hidden":false,"merged":[[113,0,113,1],[121,0,123,5],[106,0,106,1],[107,0,107,1],[108,0,108,1],[109,0,109,1],[110,0,110,1],[111,0,111,1],[116,0,119,5],[112,0,112,1],[105,0,105,1],[100,0,102,1],[100,2,100,4],[100,5,101,5],[103,0,103,1],[86,0,86,1],[87,0,87,1],[88,0,88,1],[67,0,68,5],[104,0,104,1],[70,0,71,5],[93,0,94,5],[96,0,96,5],[89,0,89,1],[84,0,84,1],[85,0,85,1],[75,0,77,1],[75,5,77,5],[76,3,77,3],[76,4,77,4],[78,0,78,1],[62,0,63,5],[54,0,54,1],[55,0,55,1],[56,0,56,1],[57,0,57,1],[58,0,58,1],[83,0,83,1],[65,0,65,5],[79,0,79,1],[80,0,80,1],[81,0,81,1],[82,0,82,1],[42,1,42,5],[44,0,44,1],[45,3,46,3],[45,4,46,4],[45,5,46,5],[52,0,52,1],[53,0,53,1],[45,0,46,1],[45,2,46,2],[48,0,48,1],[49,0,49,1],[50,0,50,1],[51,0,51,1],[47,0,47,1],[31,0,32,4],[34,0,36,4],[38,0,39,4],[8,0,8,5],[9,0,9,5]]}
[null,null,null,null,"File Number:",{"$f":"'LDC Info'!$E$18","v":"EB-2012-0175"}]
[null,null,null,null,"Exhibit:"]
[null,null,null,null,"Tab:"]
[null,null,null,null,"Schedule:"]
[null,null,null,null,"Page:"]
[]
[null,null,null,null,"Date:"]
[]
["Appendix 2-P"]
["Cost Allocation"]
[]
["Please complete the following four tables."]
[]
["A)  Allocated Costs"]
[]
["Classes","Costs Allocated from Previous Study","%","Costs Allocated in Test Year Study                    (Column 7A)","%"]
["Residential",1069427,{"$f":"IF(B$28=0,\"\",B17/B$28)","v":0.48370072824656807},1388371,{"$f":"IF(D$28=0,\"\",D17/D$28)","v":0.52412521282178082}]
["GS < 50 kW",392520,{"$f":"IF(B$28=0,\"\",B18/B$28)","v":0.17753639084420245},339665,0.12822724647310424]
["GS > 50 kW (or 50 kW < GS < 499 kW, if applicable)",348569,0.15765739891004996,215927,8.1514800315599129E-2]
["GS 500-4999 kW, if applicable",144419,6.5320564631939457E-2,75001,2.8313696473670501E-2]
["Large User, if applicable",184464,8.3432876797831859E-2,442647,0.16710407598539787]
["Street Lighting",61513,2.7822266406805834E-2,172352,6.5064761998240794E-2]
["Sentinel Lighting",1555,7.033248949422572E-4,3667,1.3843325418187722E-3]
["Unmetered Scattered Load (USL)",8460,3.8264492676601263E-3,11302,4.2666284122268236E-3]
[null,null,0,null,0]
[null,null,0,null,0]
[null,null,0,null,0]
["Total",{"$f":"SUM(B17:B27)","v":2210927},{"$f":"SUM(C17:C27)","v":1},2648930,{"$f":"SUM(E17:E27)","v":1.000000755021839}]
[]
["Notes"]
[]
["1     Customer Classification - If proposed rate classes differ from those in place in the previous Cost Allocation study, modify the rate classes to match the current application as closely as possible."]
[]
[]
["2     Host Distributors -  Provide information on embedded distributor(s) as a separate class, if applicable.   If embedded distributor(s) are billed as customers in a General Service class, include the allocated cost and revenue of the embedded distributor(s) in the applicable class.  Also complete Appendix 2-Q."]
[]
[]
["  "]
["3     Class Revenue Requirements - If using the Board-issued model, in column 7A enter the results from Worksheet O-1, Revenue Requirement (row 40 in the 2013 model).  This excludes costs in deferral and variance accounts.  Note to Embedded Distributor(s), it also does not include Account 4750 - Low Voltage (LV) Costs. "]
[]
[]
[]
["B)  Calculated Class Revenues"]
[]
[null,null,"Column 7B","Column 7C","Column 7D","Column 7E"]
["Classes (same as previous table)",null,"Load Forecast (LF) X current approved rates","L.F. X current approved rates X (1 + d)","LF X proposed rates","Miscellaneous Revenue"]
[]
[{"$f":"A17","v":"Residential"},null,1041877,{"$f":"+C48*1.2444","v":1296511.7387999999},1296513,62259]
["GS < 50 kW",null,354796,{"$f":"+C49*1.2444","v":441508.14240000001},410523,14623]
["GS > 50 kW (or 50 kW < GS < 499 kW, if applicable)",null,317157,394670.17079999996,317157,8098]
["GS 500-4999 kW, if applicable",null,136445,169792.158,136445,3976]
["Large User, if applicable",null,214882,267399.16080000001,357464,9386]
["Street Lighting",null,58832,73210.540800000002,119024,5406]
["Sentinel Lighting",null,546,679.44240000000002,2895,193]
["Unmetered Scattered Load (USL)",null,4143,5155.5491999999995,8909,660]
[]
[]
[{"$f":"A27","v":0}]
[{"$f":"A28","v":"Total"},null,{"$f":"SUM(C48:C58)","v":2128678},2648930,{"$f":"SUM(E48:E58)","v":2648930},{"$f":"SUM(F48:F58)-1","v":104600}]
[]
["Notes:"]
[]
["1     Columns 7B to 7D - LF means Load Forecast of Annual Billing Quantities (i.e. customers or connections X 12, (kWh or kW, as applicable).  Revenue Quantities should be net of Transfomrer Ownership Allowance.  Exclude revenue from rate adders and rate riders.  "]
[]
[]
["2     Columns 7C and 7D - Column total in each column should equal the Base Revenue Requirement"]
[]
["3     Columns 7C - The Board cost allocation model calculates \"1+d\" in worksheet O-1, cell C21. \"d\" is defined as Revenue Deficiency/ Revenue at Current Rates."]
[]
[]
["4     Columns 7E - If using the Board-issued Cost Allocation model, enter Miscellaneous Revenue as it appears in Worksheet O-1, row 19."]
[]
[]
["C)  Rebalancing Revenue-to-Cost (R/C) Ratios"]
[]
["Class",null,"Previously Approved Ratios","Status Quo Ratios","Proposed Ratios","Policy Range"]
[null,null,"Most Recent Year:","(7C + 7E) / (7A)","(7D + 7E) / (7A)"]
[null,null,2009]
[null,null,"%","%","%","%"]
[{"$f":"A48","v":"Residential"},null,92.37,{"$f":"IF(D17=0,\"\",(D48+F48)/D17*100)","v":97.867986208297339},{"$f":"IF(D17=0,\"\",(E48+F48)/D17*100)","v":97.868077048569873},"85 - 115"]
["GS < 50 kW",null,91.09,{"$f":"IF(D18=0,\"\",(D49+F49)/D18*100)","v":134.28853205364109},125.16626676283987,"80 - 120"]
["GS > 50 kW (or 50 kW < GS < 499 kW, if applicable)",null,175.11,186.52978589986429,150.63192653072565,"80 - 120"]
["GS 500-4999 kW, if applicable",null,180,231.68778816282449,187.22550365995122,"80 - 120"]
["Large User, if applicable",null,75,62.529546297614125,82.876422973611028,"85 - 115"]
["Street Lighting",null,72.290000000000006,45.613941700705531,72.195274786483481,"70 - 120"]
["Sentinel Lighting",null,96.74,23.791720752658847,84.210526315789465,"80 - 120"]
["Unmetered Scattered Load (USL)",null,82.62,51.45592992390727,84.666430720226501,"80 - 120"]
[0,null,null,"",""]
[null,null,null,"",""]
[{"$f":"A58","v":0},null,null,"",""]
[]
["Notes"]
[]
["1     Previously Approved Revenue-to-Cost Ratios - For most applicants, Most Recent Year would be the third year of the IRM 3 period,  e.g. if the applicant rebased in 2009 with further adjustments over 2 years, the Most recent year is 2011.  For applicants that have had rates adjusted only under IRM 2, the Most Recent Year is 2006, and the applicant should enter the ratios from their Informational Filing."]
[]
[]
["2     Status Quo Ratios - The Board's updated Cost Allocation Model yields the Status Quo Ratios in Worksheet O-1.  Status Quo means \"Before Rebalancing\"."]
[]
["D)  Proposed Revenue-to-Cost Ratios"]
[]
["Class",null,"Proposed Revenue-to-Cost Ratios",null,null,"Policy Range"]
[null,null,2013,2014,2015]
[null,null,"%","%","%","%"]
[{"$f":"A80","v":"Residential"},null,{"$f":"E80","v":97.868077048569873},null,null,{"$f":"F80","v":"85 - 115"}]
[{"$f":"A81","v":"GS < 50 kW"},null,{"$f":"E81","v":125.16626676283987},null,null,{"$f":"F81","v":"80 - 120"}]
["GS > 50 kW (or 50 kW < GS < 499 kW, if applicable)",null,150.63192653072565,null,null,"80 - 120"]
["GS 500-4999 kW, if applicable",null,187.22550365995122,null,null,"80 - 120"]
["Large User, if applicable",null,82.876422973611028,null,null,"85 - 115"]
["Street Lighting",null,72.195274786483481,null,null,"70 - 120"]
["Sentinel Lighting",null,84.210526315789465,null,null,"80 - 120"]
["Unmetered Scattered Load (USL)",null,84.666430720226501,null,null,"80 - 120"]
[0,null,"",null,null,{"$f":"F88","v":0}]
[null,null,"",null,null,{"$f":"F89","v":0}]
[0,null,""]
[]
["Note"]
["1     The applicant should complete Table D if it is applying for approval of a revenue to cost ratio in 2012 that is outside the Board’s policy range for any customer class. Table (d) will show the information that the distributor would likely enter in the IRM model) in 2013.  In 2013 Table (d), enter the planned ratios for the classes that will be ‘Change’ and ‘No Change’ in 2013 (in the current Revenue Cost Ratio Adjustment Workform, Worksheet C1.1 ‘Decision – Cost Revenue Adjustment’, column d), and enter TBD for class(es) that will be entered as ‘Rebalance’. "]

{"sheet":"App.2-Q_Cost of Serv. Emb. Dx","index":36,"n_rows":61,"n_cols":7,"rows_kept":61,"cut":false,"hidden":false,"merged":[[9,7,9,11],[12,0,12,6],[11,0,11,6],[14,0,14,1],[14,2,14,3],[59,3,60,3],[59,4,60,4],[54,4,55,4],[8,0,8,6],[9,0,9,6],[16,0,16,1],[16,2,16,3],[54,3,55,3]]}
[null,null,null,null,null,"File Number:",{"$f":"'LDC Info'!$E$18","v":"EB-2012-0175"}]
[null,null,null,null,null,"Exhibit:"]
[null,null,null,null,null,"Tab:"]
[null,null,null,null,null,"Schedule:"]
[null,null,null,null,null,"Page:"]
[]
[null,null,null,null,null,"Date:"]
[]
["Appendix 2-Q"]
["Cost of Serving Embedded Distributor(s) "]
[]
["To be completed by Host Distributors*"]
["(Not required if Host Distributor has an Embedded Distributor rate class, i.e. a separate row in Appendix 2-P.)"]
[]
[]
[]
["Proposed Rate Class for Billing Embedded Distributor(s)"]
[]
["Host's Distribution Facilities used by Embedded Distributor(s)"]
[]
["(1)","(2)","(3)","(4)","(5)","(6) = '(3) + (4)"]
["Asset Class","Total OM&A costs asociated with asset class ","Original cost of asset class ","Accumulated amortization of asset class","Annual amortization of asset class","Net Book Value of asset class"]
["Totals for Host Distributor:","($)","($)","($)","($)"]
["Distribution Stations",null,null,null,null,{"$f":"C24+D24","v":0}]
["Low Voltage Line",null,null,null,null,0]
["LV Line category # 2 (if applcable)",null,null,null,null,0]
["TS (owned by host)",null,null,null,null,0]
["add rows if necessary... ",null,null,null,null,0]
[null,null,null,null,null,0]
[null,null,null,null,null,0]
[]
["(1)","(7)","(8)","(9)","(10)","(11)"]
[{"$f":"A22","v":"Asset Class"},"Total line length or station capacity in asset class","Line length or capacity required to provide LV service to Embedded Distributor(s)","Annual total demand on station/line providing LV services (sum of 12 monthly peaks)","Annual billed Embedded Distributor demand on station/line providing LV services","Embedded Distributor(s)' Responsibility Share "]
["Embedded Distributor's share:","kW or kVa; km","kW or kVA; km","kW or kVA","kW or kVA","percent"]
["Distribution Stations",null,null,null,null,{"$f":"IF(D35=0,0,(C35/B35)*(E35/D35))","v":0}]
["Low Voltage Line",null,null,null,null,{"$f":"IF(D36=0,0,(C36/B36)*(E36/D36))","v":0}]
["LV Line # 2 (if applicable) ",null,null,null,null,{"$f":"IF(D37=0,0,(C37/B37)*(E37/D37))","v":0}]
["TS (owned by host)",null,null,null,null,{"$f":"IF(D38=0,0,(C38/B38)*(E38/D38))","v":0}]
["add rows if necessary ",null,null,null,null,{"$f":"IF(D39=0,0,(C39/B39)*(E39/D39))","v":0}]
[]
["(1)","(12)","(12a)","(13)","(14)","(15)","(16)"]
[{"$f":"A33","v":"Asset Class"},"Return on Assets used to Provide LV services","Taxes/PILs","Annual amortization on assets used to provide LV services","OM&A costs with burden associated with assets used to provide LV services","Total annual cost associated with assets used to provide LV services","Monthly cost associated with the delivery of LV services"]
[null,"($)","($)","($)","($)","($)","$/kW or $/kVA"]
["Distribution Stations",{"$f":"E$55*(F24+B24*E$60)*F35","v":0},{"$f":"(B44-(B$55*C$55*F35*(F24+B24*E58)+B$56*C$56*F35*(F24+B24*E$58)))*E$58/(1-E$58)","v":0},{"$f":"E24*F35","v":0},{"$f":"B24*F35","v":0},{"$f":"SUM(B44:E44)","v":0},{"$f":"IF(E35=0,0,(D44/E35))","v":0}]
["Low Voltage Line",{"$f":"E$55*(F25+B25*E$60)*F36","v":0},{"$f":"(B45-(B$55*C$55*F36*(F25+B25*E59)+B$56*C$56*F36*(F25+B25*E59)))*E$58/(1-E$58)","v":0},{"$f":"E25*F36","v":0},{"$f":"B25*F36","v":0},{"$f":"SUM(B45:E45)","v":0},{"$f":"IF(E36=0,0,(D45/E36))","v":0}]
["LV Line # 2 (if applicable) ",{"$f":"E$55*(F26+B26*E$60)*F37","v":0},{"$f":"(B46-(B$55*C$55*F37*(F26+B26*E60)+B$56*C$56*F37*(F26+B26*E$60)))*E$58/(1-E$58)","v":0},{"$f":"E26*F37","v":0},{"$f":"B26*F37","v":0},{"$f":"SUM(B46:E46)","v":0},{"$f":"IF(E37=0,0,(D46/E37))","v":0}]
["TS (owned by host)",{"$f":"E$55*(F27+B27*E$60)*F38","v":0},{"$f":"(B47-(B$55*C$55*F38*(F27+B27*E61)+B$56*C$56*F38*(F27+B27*E61)))*E$58/(1-E$58)","v":0},{"$f":"E27*F38","v":0},{"$f":"B27*F38","v":0},{"$f":"SUM(B47:E47)","v":0},{"$f":"IF(E38=0,0,(D47/E38))","v":0}]
["add rows if necessary ",{"$f":"E$55*(F28+B28*E$60)*F39","v":0},{"$f":"(B48-(B$55*C$55*F39*(F28+B28*I62)+B$56*C$56*F39*(F28+B28*I62)))*E$58/(1-E$58)","v":0},{"$f":"E28*F39","v":0},{"$f":"B28*F39","v":0},{"$f":"SUM(B48:E48)","v":0},{"$f":"IF(E39=0,0,(D48/E39))","v":0}]
[]
["Total",null,null,null,null,{"$f":"SUM(F44:F48)","v":0},{"$f":"SUM(G44:G48)","v":0}]
[]
["(17)","(18)","(19)","(20)","(21)"]
[null,"Capital Structure","Cost Rate"]
[null,"(%)","(%)",null,"(%)"]
["Long-Term Debt",null,null,"Weighted Average Cost of Capital",{"$f":"IF(B61=0%,0,SUMPRODUCT(B55:B59,C55:C59)/B61)","v":0}]
["Short-term Debt"]
[]
["Common Equity",null,null,"Tax/PILs Rate"]
["Preferred Shares"]
[null,null,null,"Working Capital Allowance Factor"]
["Total",{"$f":"SUM(B55:B59)","v":0}]

{"sheet":"App.2-R_Loss Factors","index":37,"n_rows":73,"n_cols":8,"rows_kept":73,"cut":false,"hidden":false,"merged":[[57,1,58,7],[60,1,61,7],[32,1,34,7],[71,1,71,7],[63,1,63,7],[65,1,65,7],[67,1,69,6],[52,1,52,7],[15,1,15,7],[24,1,24,7],[26,1,26,7],[54,1,55,7],[36,1,39,7],[43,1,45,7],[47,1,50,7],[8,0,8,7],[9,0,9,7],[11,0,11,7],[13,0,14,1],[13,2,13,6],[13,7,14,7]]}
[null,null,null,null,null,null,"File Number:",{"$f":"'LDC Info'!$E$18","v":"EB-2012-0175"}]
[null,null,null,null,null,null,"Exhibit:"]
[null,null,null,null,null,null,"Tab:"]
[null,null,null,null,null,null,"Schedule:"]
[null,null,null,null,null,null,"Page:"]
[]
[null,null,null,null,null,null,"Date:"]
[]
["Appendix 2-R"]
["Loss Factors"]
[]
[]
[]
[null,null,"Historical Years",null,null,null,null,"5-Year Average"]
[null,null,{"$f":"IF(ISBLANK('LDC Info'!E26-5), \"Year 5\", 'LDC Info'!E26-5)","v":2007},{"$f":"IF(ISBLANK('LDC Info'!E26-4), \"Year 5\", 'LDC Info'!E26-4)","v":2008},{"$f":"IF(ISBLANK('LDC Info'!E26-3), \"Year 5\", 'LDC Info'!E26-3)","v":2009},{"$f":"IF(ISBLANK('LDC Info'!E26-2), \"Year 5\", 'LDC Info'!E26-2)","v":2010},{"$f":"IF(ISBLANK('LDC Info'!E26-1), \"Year 5\", 'LDC Info'!E26-1)","v":2011}]
[null,"Losses Within Distributor's System"]
["A(1)","\"Wholesale\" kWh delivered to distributor (higher value)",150210128,158943653,160147594,143170517,149114365,{"$f":"IF(SUM(C17:G17)=0,0,AVERAGE(C17:G17))","v":152317251.40000001}]
["A(2)","\"Wholesale\" kWh delivered to distributor (lower value)",150210128,158943653,160147594,143170517,149114365,{"$f":"IF(SUM(C18:G18)=0,0,AVERAGE(C18:G18))","v":152317251.40000001}]
["B","Portion of \"Wholesale\" kWh delivered to distributor for its Large Use Customer(s)",62029064,69504960,75068856,60219889,68188925,{"$f":"IF(SUM(C19:G19)=0,0,AVERAGE(C19:G19))","v":67002338.799999997}]
["C","Net \"Wholesale\" kWh delivered to distributor  = A(2) - B",{"$f":"C18-C19","v":88181064},89438693,85078738,82950628,80925440,85314912.600000009]
["D","\"Retail\" kWh delivered by distributor",82588100,91774459,94418183,79127580,85610621,{"$f":"IF(SUM(C21:G21)=0,0,AVERAGE(C21:G21))","v":86703788.599999994}]
["E","Portion of \"Retail\" kWh delivered by distributor to its Large Use Customer(s)",62029064,69504960,75068856,60219889,68188925,{"$f":"IF(SUM(C22:G22)=0,0,AVERAGE(C22:G22))","v":67002338.799999997}]
["F","Net \"Retail\" kWh delivered by distributor = D - E",{"$f":"C21-C22","v":20559036},22269499,19349327,18907691,17421696,19701449.799999997]
["G","Loss Factor in Distributor's system = C / F",{"$f":"IF(C23=0,\"\",C20/C23)","v":4.2891633634962263},4.0161969068096237,4.396986933964163,4.3871368534634927,4.6450954028815561,4.3303875332058057]
[null,"Losses Upstream of Distributor's System"]
["H","Supply Facilities Loss Factor",1.0449999999999999,1.0449999999999999,1.0449999999999999,1.0449999999999999,1.0449999999999999,{"$f":"IF(SUM(C26:G26)=0,0,AVERAGE(C26:G26))","v":1.0449999999999999}]
[null,"Total Losses"]
["I","Total Loss Factor = G x H",{"$f":"IF(C24=\"\",\"\",C24*C26)","v":4.4821757148535566},4.1969257676160563,4.5948513459925504,4.5845580118693494,4.8541246960112261,4.5252549722000666]
[]
["Notes"]
[]
[]
["A(1)","If directly connected to the IESO-controlled grid, kWh pertains to the virtual meter on the primary or high voltage side of the transformer at the interface with the transmission grid.  This corresponds to the \"With Losses\" kWh value provided by the IESO's MV-WEB.  It is the higher of the two values provided by MV-WEB."]
[]
[]
[]
[null,"If fully embedded within a host distributor, kWh pertains to the virtual meter on the primary or high voltage side of the transformer, at the interface between the host distributor and the transmission grid.  For example, if the host distributor is Hydro One Networks Inc., kWh from the Hydro One Networks' invoice corresponding to \"Total kWh w Losses\" should be reported.  This corresponds to the higher of the two kWh values provided in Hydro One Networks' invoice."]
[]
[]
[]
[]
[null,"If partially embedded, kWh pertains to the sum of the above."]
[]
["A(2)","If directly connected to the IESO-controlled grid, kWh pertains to a metering installation on the secondary or low voltage side of the transformer at the interface with the transmission grid.  This corresponds to the \"Without Losses\" kWh value provided by the IESO's MV-WEB.  It is the lower of the two kWh values provided by MV-WEB."]
[]
[]
[]
[null,"If fully embedded with the host distributor, kWh pertains to an actual or virtual meter at the interface between the embedded distributor and the host distributor.  For example, if the host distributor is Hydro One Networks Inc., kWh from the Hydro One Networks' invoice corresponding to \"Total kWh\" should be reported.  This corresponds to the lower of the two kWh values provided in Hydro One Networks' invoice."]
[]
[]
[]
[]
[null,"If partially embedded, kWh pertains to the sum of the above."]
[]
[null,"Additionally, kWh pertaining to distributed generation directly connected to the distributor's own distribution network should be included in A(2)."]
[]
[]
["B","If a Large Use Customer is metered on the secondary or low voltage side of the transformer, the default loss is 1%                         (i.e., B = 1.01 X E)."]
[]
[]
["D","kWh corresponding to D should equal metered or estimated kWh at the customer’s delivery point."]
[]
[]
["G and I","These loss factors pertain to secondary-metered customers with demand less than 5,000 kW."]
[]
["H","If directly connected to the IESO-controlled grid, SFLF = 1.0045."]
[]
[null,"If fully embedded within a host distributor, SFLF = loss factor re losses in transformer at grid interface X loss factor re losses in host distributor's system.  If the host distributor is Hydro One Networks Inc., SFLF = 1.0060 X 1.0278 = 1.0340. If partially embedded, SFLF should be calculated as the weighted average of above."]
[]
[]
[]
[null,"Distributors that wish to propose a different SFLF should provide appropriate justification for any such proposal including supporting"]
[null,"calculations and any other relevant material."]

{"sheet":"App.2-S_Stranded Meters","index":38,"n_rows":103,"n_cols":8,"rows_kept":103,"cut":false,"hidden":false,"merged":[[8,0,8,7],[9,0,9,7],[25,0,28,7],[30,0,31,7],[58,2,59,7],[71,2,73,7],[77,0,78,7],[33,1,34,7],[38,1,40,7],[44,1,47,7],[53,1,56,7],[64,2,67,7],[102,0,105,7],[95,1,97,7],[99,1,100,7],[80,1,81,7],[87,1,89,7],[91,1,93,7],[83,1,85,7]]}
[null,null,null,null,null,null,"File Number:",{"$f":"'LDC Info'!$E$18","v":"EB-2012-0175"}]
[null,null,null,null,null,null,"Exhibit:"]
[null,null,null,null,null,null,"Tab:"]
[null,null,null,null,null,null,"Schedule:"]
[null,null,null,null,null,null,"Page:"]
[]
[null,null,null,null,null,null,"Date:"]
[]
["Appendix 2-S"]
["Stranded Meter Treatment"]
[]
["Year","Notes","Gross Asset Value","Accumulated Amortization","Contributed Capital (Net of Amortization)","Net Asset","Proceeds on Disposition","Residual Net Book Value"]
[null,null,"(A)","(B)","(C)","(D ) = (A) - (B) - (C)","(E)","(F) = (D) - (E)"]
[2006,null,null,null,null,{"$f":"C14-D14-E14","v":0},null,{"$f":"F14-G14","v":0}]
[2007,null,null,null,null,0,null,0]
[2008,null,null,null,null,0,null,0]
[2009,null,null,null,null,0,null,0]
[2010,null,326079,121940,null,204139,null,204139]
[2011,null,null,null,null,0,null,0]
[2012,"(1)",null,null,null,0,null,0]
[]
["Notes:"]
[]
["(1)","For 2012, please indicate whether the amounts provided are on a forecast or actual basis."]
[]
["Some distributors have transferred the cost of stranded meters from Account 1860 - Meters to \"Sub-account Stranded Meter Costs of Account 1555\", while in some cases distributors have left these costs in Account 1860.  Depending on which treatment the applicant has chosen. please provide the information under either of the two scenarios (A and B below), as applicable."]
[]
[]
[]
[]
["Scenario A:  If the stranded meter costs were transferred to \"Sub-account Stranded Meter Costs\" of Account 1555, the above table should be completed and the following information should be provided."]
[]
[]
[1,"A description of the accounting treatment followed by the applicant on stranded meter costs for financial accounting and reporting purposes."]
[]
[]
[null,"The net book value of stranded meteres was transferred to a sub account of 1555 in 2010"]
[]
[2,"The amount of the pooled residual net book value of the removed from service stranded meters, less any contributed capital (net of accumulated amortization), and less any net proceeds from sales, which were transferred to this sub-account as of December 31, 2010."]
[]
[]
[]
[null,"The pooled residual net book value of stranded meters less any contributed capital is $204139"]
[]
[3,"A statement as to whether or not, since transferring the removed stranded meter costs to the sub-account, the recording of depreciation expenses was continued in order to reduce the net book value through accumulated depreciation.  If so, the total depreciation expense amount for the period from the time the costs for the stranded meters were transferred to the sub-account to December 31, 2010 should be provided."]
[]
[]
[]
[]
[null,"No depreciation has been charged since the stranded meter amount was transferred"]
[null,"to account #1555.  Annual depreciation of $13126 for 2010 and $13,126 for 2011 would have been charged"]
[null,"in the absence of the smart meter deployment resulting in the stranding of these meter costs"]
[]
[null,"If no depreciation expenses were recorded to reduce the net book value of stranded meter costs through accumulated depreciation, the total depreciation expense amount that would have been applicable from the time that the stranded meter costs were transferred to the sub-account of Account 1555 to December 31, 2010 should be provided.  In addition, the following information should be provided:"]
[]
[]
[]
[]
[null,"a)","Whether or not carrying charges were recorded for the stranded meter cost balances in the sub-account, and if so, the total carrying charges recorded to December 31, 2010."]
[]
[]
[null,null,"Carrying charges of $3000 were charged for 2011"]
[null,null,"Carrying charges were not charged for 2010"]
[]
[null,"b)","The estimated amount of the pooled residual net book value of the removed from service meters, less any net proceeds from sales and contributed capital, at the time when the smart meters will have been fully deployed (e.g., as of December 31, 2010).  If the smart meters have been fully deployed, the actual amount should be provided."]
[]
[]
[]
[]
[null,null,"The actual pooled residual amount at the time the smart meters were fully deployed was $204,139"]
[]
[null,"c)","A description as to how the applicant intends to recover in rates the remaining costs for stranded meters, including the proposed accounting treatment, the proposed disposition period, and the associated bill impacts."]
[]
[]
[]
[null,null,"Recovery of stranded meter costs will be requested in the Utility's cost of service application filed in 2012"]
[]
["Scenario B:  If the stranded meter costs remained recorded in Account 1860, the above table should be completed and the following information should be provided:"]
[]
[]
[1,"A description of the accounting treatment followed by the applicant on stranded meter costs for financial accounting and reporting purposes."]
[]
[]
[2,"The amount of the pooled residual net book value of the removed from service stranded meters, less any contributed capital (net of accumulated amortization), and less any net proceeds from sales, as of December 31, 2010."]
[]
[]
[]
[3,"A statement as to whether or not the recording of depreciation expenses continued in order to reduce the net book value through accumulated depreciation.  If so, provision of the total (cumulative) depreciation expense for the period from the time that the meters became stranded to December 31, 2010."]
[]
[]
[]
[4,"If no depreciation expenses were recorded to reduce the net book value of stranded meters through accumulated depreciation, the total (cumulative) depreciation expense amount that would have been applicable for the period from the time that the meters became stranded to December 31, 2010."]
[]
[]
[]
[5,"The estimated amount of the pooled residual net book value of the removed from service meters, less any net proceeds from sales and contributed capital, at the time when smart meters will have been fully deployed.  If the smart meters have been fully deployed, please provide the actual amount."]
[]
[]
[]
[6,"A description as to how the applicant intends to recover in rates the costs for stranded meters, including the proposed accounting treatment, the proposed disposition period and the associated bill impacts."]
[]
[]
["Distributors should also provide the Net Book Value per class of meter as of December 31, 2010 as well as the number of meters that were removed / stranded.  In preparing this information, distributors should review the Board's letter of January 16, 2007 Stranded Meter Costs Related to the Installation of Smart Meters   which stated that records were to be kept of the type and number of each meter to support the stranded meter costs."]

{"sheet":"App.2-T_1592_Tax_Variance","index":39,"n_rows":51,"n_cols":5,"rows_kept":51,"cut":false,"hidden":false,"merged":[[17,0,17,2],[18,0,18,2],[19,0,19,2],[24,0,24,2],[42,1,43,4],[30,0,30,2],[39,1,40,4],[25,0,25,2],[26,0,26,2],[28,0,28,2],[29,0,29,2],[37,0,38,0],[20,0,20,2],[21,0,21,2],[22,0,22,2],[23,0,23,2],[8,0,8,4],[9,0,9,4],[11,0,11,4],[13,0,15,2],[16,0,16,2],[27,0,27,2],[50,1,51,4],[34,0,35,0],[39,0,40,0],[42,0,43,0],[45,0,48,0],[50,0,51,0],[34,1,35,4],[37,1,37,4],[45,1,48,4]]}
[null,null,"File Number:",null,{"$f":"'LDC Info'!$E$18","v":"EB-2012-0175"}]
[null,null,"Exhibit:"]
[null,null,"Tab:"]
[null,null,"Schedule:"]
[null,null,"Page:"]
[]
[null,null,"Date:"]
[]
["Appendix 2-T"]
["Deferred PILs Account 1592 Balances"]
[]
["The following table should be completed based on the information requested below, in accordance with the notes following the table. An explanation should be provided for any blank entries."]
[]
["Tax Item",null,null,null,"Principal as of"]
[null,null,null,null,"December 31,"]
[null,null,null,null,"20XX"]
["Large Corporation Tax grossed-up proxy from 2006 EDR application PILs model for the period from May 1, 2006 to April 30, 2007"]
["Large Corporation Tax grossed-up proxy from 2006 EDR application PILs model for the period from January 1, 2006 to April 30, 2006 (4/12ths of the approved grossed-up proxy), if not recorded in PILs account 1562"]
["Ontario Capital Tax rate decrease and increase in capital deduction for 2007"]
["Ontario Capital Tax rate decrease and increase in capital deduction for 2008"]
["Ontario Capital Tax rate decrease and increase in capital deduction for 2009"]
["Ontario Capital Tax rate decrease and increase in capital deduction for 2010"]
["Capital Cost Allowance class changes from 2006 EDR application for 2006"]
["Capital Cost Allowance class changes from 2006 EDR application for 2007"]
["Capital Cost Allowance class changes from 2006 EDR application for 2008"]
["Capital Cost Allowance class changes from 2006 EDR application for 2009"]
["Capital Cost Allowance class changes from 2006 EDR application for 2010"]
["Capital Cost Allowance class changes from 2006 EDR application for 2011"]
["Capital Cost Allowance class changes from any prior application not recorded above.  Please provide details and explanation separately."]
[]
["Total",null,null,null,{"$f":"SUM(E17:E30)","v":0}]
[]
["Notes:"]
[]
[1,"Revise the deferral and variance account continuity schedule to include account 1592 as a group 2 account and enter all relevant information for transactions, adjustments, etc., for all relevant years."]
[]
[]
[2,"Describe each type of tax item that has been recorded in account 1592."]
[]
[3,"Provide the calculations that show how each item was determined and provide any pertinent supporting evidence and documentation."]
[]
[]
[4,"Please state whether or not the applicant followed the guidance provided in the FAQ of July 2007.  If not, please provide an explanation."]
[]
[]
[5,"Identify the account balance as of December 31, 2011 as per the 2011 Audited Financial Statements.  Identify the account balance as of December 31, 2011 as per the April 2012 2.1.7 RRR filing to the Board.  Provide a reconciliation if the balances provided are not identical to each other and to the total shown on the continuity schedule."]
[]
[]
[]
[]
[6,"Complete the above table based on the answers to the previous.  Add rows as required to complete the analysis in an informative manner.  Please provide the completed table as a working Excel spreadsheet."]

{"sheet":"App.2-U_IFRS Transition Costs","index":40,"n_rows":41,"n_cols":12,"rows_kept":41,"cut":false,"hidden":false,"merged":[[41,0,42,0],[41,1,42,4],[44,0,47,0],[44,1,47,4],[49,0,50,0],[49,1,50,4],[38,0,39,0],[38,1,39,4],[23,0,23,2],[24,0,24,2],[25,0,25,2],[26,0,26,2],[27,0,27,2],[28,0,28,2],[29,0,29,2],[33,0,34,0],[33,1,34,11],[36,0,37,0],[36,1,36,4],[22,0,22,2],[8,0,8,11],[9,0,9,11],[11,0,11,11],[13,0,15,2],[13,11,15,11],[16,0,16,2],[17,0,17,2],[18,0,18,2],[19,0,19,2],[20,0,20,2],[21,0,21,2]]}
[null,null,null,null,null,null,null,null,null,"File Number:",{"$f":"'LDC Info'!$E$18","v":"EB-2012-0175"}]
[null,null,null,null,null,null,null,null,null,"Exhibit:"]
[null,null,null,null,null,null,null,null,null,"Tab:"]
[null,null,null,null,null,null,null,null,null,"Schedule:"]
[null,null,null,null,null,null,null,null,null,"Page:"]
[]
[null,null,null,null,null,null,null,null,null,"Date:"]
[]
["Appendix 2-U"]
["One-Time Incremental IFRS Transition Costs"]
[]
["The following table should be completed based on the information requested below. An explanation should be provided for any blank entries.  The entries should include one-time incremental IFRS transition costs that are currently included in Account 1508, Other Regulatory Assets, sub-account Deferred IFRS Transition Costs Account, or Account 1508, Other Regulatory Assets, sub-account IFRS Transition Costs Variance Account."]
[]
["Nature of One-Time Incremental IFRS Transition Costs 1",null,null,null,"Audited Actual","Audited Actual","Audited Actual","Audited Carrying","Total Audited","RRR 2.1.7","Variance 2","Reasons why the costs recorded meet the criteria of one-time IFRS administrative incremental costs"]
[null,null,null,null,"Costs Incurred","Costs Incurred","Costs Incurred","Charges","Actual Costs","Balance"]
[null,null,null,null,2009,2010,2011,"to Dec 31, 2011","to Dec 31, 2011","2011-12-31"]
["professional accounting fees",null,null,null,null,null,null,null,{"$f":"SUM(E17:H17)","v":0}]
["professional legal fees",null,null,null,null,null,null,null,{"$f":"SUM(E18:H18)","v":0}]
["salaries, wages and benefits of staff added to support the transition to IFRS",null,null,null,null,null,null,null,0]
["associated staff training and development costs",null,null,null,null,null,null,null,0]
["costs related to system upgrades, or replacements or changes where IFRS was the major reason for conversion",null,null,null,null,null,null,null,0]
[null,null,null,null,null,null,null,null,0]
[null,null,null,null,null,null,null,null,0]
[null,null,null,null,null,null,null,null,0]
[null,null,null,null,null,null,null,null,0]
[null,null,null,null,null,null,null,null,0]
[null,null,null,null,null,null,null,null,0]
[null,null,null,null,null,null,null,null,0]
["Insert description of additional item(s) and new rows if needed.",null,null,null,null,null,null,null,0]
["Total",null,null,null,{"$f":"SUM(E17:E29)","v":0},{"$f":"SUM(F17:F29)","v":0},{"$f":"SUM(G17:G29)","v":0},{"$f":"SUM(H17:H29)","v":0},{"$f":"SUM(I17:I29)","v":0},null,{"$f":"+I30-J30","v":0}]
[]
[]
["Note:"]
[1,"The Deferred IFRS Transition Costs Account and the IFRS Transition Costs Variance Account are exclusively for necessary, incremental transition costs and shall not include ongoing IFRS compliance costs or impacts arising from adopting accounting policy changes that reflect changes in the timing of the recognition of income. The incremental costs in these accounts shall not include costs related to system upgrades, or replacements or changes where IFRS was not the major reason for conversion. In addition, incremental IFRS costs shall not include capital assets or expenditures."]
[]
[2,"Applicants are to provide an explanation of material variances in evidence"]
[]
[]
[]
[]
[null,"No costs incurred to end of 2011"]

{"sheet":"App.2-V_Rev_Reconciliation","index":41,"n_rows":35,"n_cols":16,"rows_kept":35,"cut":false,"hidden":false,"merged":[[34,0,35,13],[8,0,8,15],[11,10,12,10],[9,0,9,15],[11,5,11,6],[11,2,11,4],[11,12,12,12],[11,13,12,13],[11,14,12,14],[11,15,12,15],[11,1,12,1],[12,8,12,9],[11,7,11,9]]}
[null,null,null,null,null,null,null,null,null,null,null,null,null,null,"File Number:",{"$f":"'LDC Info'!$E$18","v":"EB-2012-0175"}]
[null,null,null,null,null,null,null,null,null,null,null,null,null,null,"Exhibit:"]
[null,null,null,null,null,null,null,null,null,null,null,null,null,null,"Tab:"]
[null,null,null,null,null,null,null,null,null,null,null,null,null,null,"Schedule:"]
[null,null,null,null,null,null,null,null,null,null,null,null,null,null,"Page:"]
[]
[null,null,null,null,null,null,null,null,null,null,null,null,null,null,"Date:"]
[]
["Appendix 2-V"]
["Revenue Reconciliation"]
[]
["Rate Class","Customers/ Connections","Number of Customers/Connections",null,null,"Test Year Consumption",null,"Proposed Rates",null,null,"Revenues at Proposed Rates",null,"Class Specific Revenue Requirement","Transformer Allowance Credit","Total","Difference"]
[null,null,"Start of Test Year","End of Test Year","Average","kWh","kW","Monthly Service Charge","Volumetric"]
[null,null,null,null,null,null,null,null,"kWh","kW"]
[]
["Residential","Customers",3202,3234,{"$f":"IF(SUM(C16:D16)=0,0,AVERAGE(C16:D16))","v":3218},26674085,null,17.670000000000002,2.29E-2,null,{"$f":"H16*E16*12+I16*F16+J16*G16","v":1293181.2665000001},null,1296513,null,{"$f":"SUM(M16:N16)","v":1296513},{"$f":"O16-K16","v":3331.7334999998566}]
["GS < 50 kW","Customers",457,461,459,14504928,null,37,1.1599999999999999E-2,null,372053.16480000003,null,410523,null,410523,38469.835199999972]
["GS >50, <499 kW","Customers",46,46,46,21358141,68831,396.04,null,1.7548999999999999,339405.60190000001,null,317157,22248,339405,-0.60190000000875443]
["GS > 499 to 4,999 kW","Customers",3,3,3,13606879,32194,2974.29,null,1.5123,155761.42619999999,null,136445,19316,155761,-0.42619999998714775]
["Large Use","Customers",1,1,1,72207033,156689,9509.57,null,2.1530999999999998,451481.92589999991,null,357464,94013,451477,-4.9258999999146909]
["Streetlighting","Connections",1298,1298,1298,942000,2610,3.99,null,21.818000000000001,119093.22,null,119024,null,119024,-69.220000000001164]
["Sentinel Lighting","Connections",8,8,8,15251,null,30.16,null,null,2895.36,null,2895,null,2895,-0.36000000000012733]
["Unmetered Scattered Load","Connections",4,4,4,84408,null,23.02,2.0400000000000001E-2,null,2826.8832000000002,null,8909,null,8909,6082.1167999999998]
[null,null,null,null,0,null,null,null,null,null,0,null,null,null,0,0]
[null,null,null,null,0,null,null,null,null,null,0,null,null,null,0,0]
[null,null,null,null,0,null,null,null,null,null,0,null,null,null,0,0]
[null,null,null,null,0,null,null,null,null,null,0,null,null,null,0,0]
[null,null,null,null,0,null,null,null,null,null,0,null,null,null,0,0]
[null,null,null,null,0,null,null,null,null,null,0,null,null,null,0,0]
[]
["Total",null,null,null,null,null,null,null,null,null,{"$f":"SUM(K16:K29)","v":2736698.8485000003},null,{"$f":"SUM(M16:M29)","v":2648930},{"$f":"SUM(N16:N29)","v":135577},{"$f":"M31+N31","v":2784507},{"$f":"O31-K31","v":47808.151499999687}]
[]
["Note"]
[]
["1       The class specific revenue requirements in column N must be the amounts used in the final rate design process.  The total of column N should equate to the proposed base revenue requirement"]

{"sheet":"App.2-W_Bill Impact - Res 100","index":42,"n_rows":85,"n_cols":20,"rows_kept":85,"cut":false,"hidden":false,"merged":[[60,1,60,3],[66,1,66,3],[67,1,67,3],[61,1,61,3],[18,3,19,3],[18,13,19,13],[18,14,19,14],[2,0,2,10],[17,5,17,7],[17,9,17,11],[17,13,17,14],[13,3,13,14],[9,1,9,14],[10,1,10,14]]}
[null,null,null,null,null,null,null,null,null,null,null,null,null,"File Number:",{"$f":"'LDC Info'!$E$18","v":"EB-2012-0175"},null,null,null,null,1]
[null,null,null,null,null,null,null,null,null,null,null,null,null,"Exhibit:"]
[null,null,null,null,null,null,null,null,null,null,null,null,null,"Tab:"]
[null,null,null,null,null,null,null,null,null,null,null,null,null,"Schedule:"]
[null,null,null,null,null,null,null,null,null,null,null,null,null,"Page:"]
[]
[null,null,null,null,null,null,null,null,null,null,null,null,null,"Date:"]
[]
[]
[null,"Appendix 2-W"]
[null,"Bill Impacts"]
[]
[]
[null,"Customer Class:",null,"Residential"]
[]
[null,null,null,"Consumption",null,100," kWh"]
[]
[null,null,null,null,null,"Current Board-Approved",null,null,null,"Proposed",null,null,null,"Impact"]
[null,null,null,"Charge Unit",null,"Rate","Volume","Charge",null,"Rate","Volume","Charge",null,"$ Change","% Change"]
[null,null,null,null,null,"($)",null,"($)",null,"($)",null,"($)"]
[null,"Monthly Service Charge",null,"Monthly",null,14.2,1,{"$f":"G21*F21","v":14.2},null,17.670000000000002,1,{"$f":"K21*J21","v":17.670000000000002},null,{"$f":"L21-H21","v":3.4700000000000024},{"$f":"IF((H21)=0,\"\",(N21/H21))","v":0.24436619718309877}]
[null,"Smart Meter Rate Adder",null,null,null,null,1,{"$f":"G22*F22","v":0},null,null,1,{"$f":"K22*J22","v":0},null,{"$f":"L22-H22","v":0},{"$f":"IF((H22)=0,\"\",(N22/H22))","v":""}]
[null,null,null,null,null,null,1,0,null,null,1,{"$f":"K23*J23","v":0},null,{"$f":"L23-H23","v":0},{"$f":"IF((H23)=0,\"\",(N23/H23))","v":""}]
[null,null,null,null,null,null,1,0,null,null,1,0,null,0,""]
[null,null,null,null,null,null,1,0,null,null,1,0,null,0,""]
[null,null,null,null,null,null,1,0,null,null,1,0,null,0,""]
[null,"Distribution Volumetric Rate",null,"per kWh",null,1.84E-2,{"$f":"$F$16","v":100},1.8399999999999999,null,2.29E-2,{"$f":"$F$16","v":100},2.29,null,0.45000000000000018,0.24456521739130446]
[null,"Smart Meter Disposition Rider",null,"Monthly",null,0,{"$f":"$F$16","v":100},0,null,0.83,1,0.83,null,0.83,""]
[null,"LRAM & SSM Rate Rider",null,"per kWh",null,1.4E-3,{"$f":"$F$16","v":100},0.13999999999999999,null,5.9999999999999995E-4,{"$f":"$F$16","v":100},0.06,null,-7.9999999999999988E-2,-0.5714285714285714]
[null,"Stranded Meter Recovery Rider",null,"Monthly",null,0,{"$f":"$F$16","v":100},{"$f":"G30*F30","v":0},null,2.2999999999999998,1,{"$f":"K30*J30","v":2.2999999999999998},null,{"$f":"L30-H30","v":2.2999999999999998},{"$f":"IF((H30)=0,\"\",(N30/H30))","v":""}]
[null,"Extraordinary Event Recovery Rider",null,"Monthly",null,0,100,0,null,1.1100000000000001,1,1.1100000000000001,null,1.1100000000000001,""]
[null,null,null,null,null,null,100,0,null,null,100,0,null,0,""]
[null,null,null,null,null,null,{"$f":"$F$16","v":100},0,null,null,100,0,null,0,""]
[null,null,null,null,null,null,100,0,null,null,100,0,null,0,""]
[null,null,null,null,null,null,100,0,null,null,100,0,null,0,""]
[null,null,null,null,null,null,100,0,null,null,100,0,null,0,""]
[null,"Sub-Total A",null,null,null,null,null,{"$f":"SUM(H21:H36)","v":16.18},null,null,null,{"$f":"SUM(L21:L36)","v":24.259999999999998},null,8.0799999999999983,0.49938195302843008]
[null,"Deferral/Variance Account Disposition Rate Rider",null,"per kWh",null,0,{"$f":"$F$16","v":100},{"$f":"G38*F38","v":0},null,3.0999999999999999E-3,{"$f":"$F$16","v":100},{"$f":"K38*J38","v":0.31},null,{"$f":"L38-H38","v":0.31},""]
[null,"Global Adjustment Variance Rider",null,"per kWh",null,0,{"$f":"$F$16","v":100},{"$f":"G39*F39","v":0},null,-2E-3,{"$f":"$F$16","v":100},{"$f":"K39*J39","v":-0.2},null,{"$f":"L39-H39","v":-0.2},""]
[null,null,null,null,null,null,100,0,null,null,100,0,null,0,{"$f":"IF((H40)=0,\"\",(N40/H40))","v":""}]
[null,null,null,null,null,null,100,0,null,null,100,0,null,0,""]
[null,"Low Voltage Service Charge",null,null,null,null,100,{"$f":"G42*F42","v":0},null,null,{"$f":"$F$16","v":100},{"$f":"K42*J42","v":0},null,{"$f":"L42-H42","v":0},{"$f":"IF((H42)=0,\"\",(N42/H42))","v":""}]
[null,"Smart Meter Entity Charge",null,null,null,null,null,null,null,null,100,{"$f":"K43*J43","v":0},null,{"$f":"L43-H43","v":0}]
[null,"Sub-Total B - Distribution (includes Sub-Total A)",null,null,null,null,null,{"$f":"SUM(H38:H42)+H37","v":16.18},null,null,null,{"$f":"SUM(L38:L42)+L37","v":24.369999999999997},null,{"$f":"L44-H44","v":8.1899999999999977},{"$f":"IF((H44)=0,\"\",(N44/H44))","v":0.5061804697156983}]
[null,"RTSR - Network",null,"per kWh",null,6.3E-3,{"$f":"F16*(1+F71)","v":104.67},{"$f":"G45*F45","v":0.65942100000000003},null,7.1999999999999998E-3,{"$f":"F16*(1+J71)","v":104.5253},{"$f":"K45*J45","v":0.75258216},null,9.3161159999999965E-2,0.14127721137179428]
[null,"RTSR - Line and Transformation Connection",null,"per kWh",null,5.1000000000000004E-3,{"$f":"G45","v":104.67},{"$f":"G46*F46","v":0.5338170000000001},null,5.7999999999999996E-3,{"$f":"K45","v":104.5253},{"$f":"K46*J46","v":0.60624674000000001},null,7.2429739999999909E-2,0.13568271523761868]
[null,"Sub-Total C - Delivery (including Sub-Total B)",null,null,null,null,null,{"$f":"SUM(H44:H46)","v":17.373238000000001},null,null,null,{"$f":"SUM(L44:L46)","v":25.728828899999996},null,8.3555908999999957,0.48094609076327599]
[null,"Wholesale Market Service Charge (WMSC)",null,"per kWh",null,5.1999999999999998E-3,{"$f":"G46","v":104.67},{"$f":"G48*F48","v":0.54428399999999999},null,5.1999999999999998E-3,{"$f":"K46","v":104.5253},{"$f":"K48*J48","v":0.54353156000000002},null,-7.5243999999996536E-4,-1.3824400496798828E-3]
[null,"Rural and Remote Rate Protection (RRRP)",null,"per kWh",null,1.1000000000000001E-3,{"$f":"G46","v":104.67},0.115137,null,1.1000000000000001E-3,{"$f":"K46","v":104.5253},0.11497783,null,-1.5917000000000014E-4,-1.3824400496799476E-3]
[null,"Standard Supply Service Charge",null,"Monthly",null,0.25,1,0.25,null,0.25,1,0.25,null,0,0]
[null,"Debt Retirement Charge (DRC)",null,"per kWh",null,7.0000000000000001E-3,{"$f":"F16","v":100},0.70000000000000007,null,7.0000000000000001E-3,{"$f":"F16","v":100},0.70000000000000007,null,0,0]
[null,"Energy - RPP - Tier 1",null,null,null,7.4999999999999997E-2,{"$f":"IF($T$1=1,IF($F$16>=600,600,IF($F$16<600,$F$16*(1+$F$71),$F$16-600)),IF($T$1=2,IF($F$16>=1000,1000,IF($F$16<1000,$F$16*(1+$F$71),$F$16-1000))))","v":104.67},{"$f":"G52*F52","v":7.85025},null,7.4999999999999997E-2,{"$f":"IF($T$1=1,IF($F$16>=600,600,IF($F$16<600,$F$16*(1+$J$71),$F$16-600)),IF($T$1=2,IF($F$16>=1000,1000,IF($F$16<1000,$F$16*(1+$J$71),$F$16-1000))))","v":104.5253},{"$f":"K52*J52","v":7.8393974999999996},null,-1.0852500000000376E-2,-1.3824400496799945E-3]
[null,"Energy - RPP - Tier 2",null,null,null,8.7999999999999995E-2,{"$f":"IF($T$1=1,IF($F$16>=600,$F$16*(1+$F$71)-600,IF($F$16<600,0,)), IF($T$1=2,IF($F$16>=1000,$F$16*(1+$F$71)-1000,IF($F$16<1000,0))))","v":0},{"$f":"G53*F53","v":0},null,8.7999999999999995E-2,{"$f":"IF($T$1=1,IF($F$16>=600,$F$16*(1+$J$71)-600,IF($F$16<600,0,)), IF($T$1=2,IF($F$16>=1000,$F$16*(1+$J$71)-1000,IF($F$16<1000,0))))","v":0},{"$f":"K53*J53","v":0},null,0,""]
[null,"TOU - Off Peak",null,null,null,6.5000000000000002E-2,{"$f":"0.64*$F$16*(1+$F$71)","v":66.988799999999998},4.3542719999999999,null,6.5000000000000002E-2,{"$f":"0.64*$F$16*(1+$J$71)","v":66.896191999999999},4.3482524800000002,null,-6.0195199999997229E-3,-1.3824400496798828E-3]
[null,"TOU - Mid Peak",null,null,null,0.1,{"$f":"0.18*$F$16*(1+$F$71)","v":18.840599999999998},1.8840599999999998,null,0.1,{"$f":"0.18*$F$16*(1+$J$71)","v":18.814554000000001},1.8814554000000001,null,-2.6045999999997349E-3,-1.3824400496798058E-3]
[null,"TOU - On Peak",null,null,null,0.11700000000000001,{"$f":"0.18*$F$16*(1+$F$71)","v":18.840599999999998},2.2043501999999999,null,0.11700000000000001,{"$f":"0.18*$F$16*(1+$J$71)","v":18.814554000000001},2.2013028180000003,null,-3.0473819999996543E-3,-1.3824400496797898E-3]
[]
[null,"Total Bill on RPP (before Taxes)",null,null,null,null,null,{"$f":"SUM(H47:H53)","v":26.832909000000001},null,null,null,{"$f":"SUM(L47:L53)","v":35.176735789999995},null,8.3438267899999943,0.31095498404589655]
[null,"HST",null,null,null,0.13,null,{"$f":"H58*F59","v":3.4882781700000001},null,0.13,null,{"$f":"L58*J59","v":4.5729756526999994},null,{"$f":"L59-H59","v":1.0846974826999993},{"$f":"IF((H59)=0,\"\",(N59/H59))","v":0.31095498404589655}]
[null,"Total Bill (including HST)",null,null,null,null,null,{"$f":"H58+H59","v":30.321187170000002},null,null,null,{"$f":"L58+L59","v":39.749711442699997},null,{"$f":"L60-H60","v":9.4285242726999954},{"$f":"IF((H60)=0,\"\",(N60/H60))","v":0.31095498404589661}]
[null,"Ontario Clean Energy Benefit 1",null,null,null,null,null,{"$f":"ROUND(-H60*10%,2)","v":-3.03},null,null,null,{"$f":"ROUND(-L60*10%,2)","v":-3.97},null,{"$f":"L61-H61","v":-0.94000000000000039},{"$f":"IF((H61)=0,\"\",(N61/H61))","v":0.31023102310231038}]
[null,"Total Bill on RPP (including OCEB)",null,null,null,null,null,{"$f":"SUM(H60:H61)","v":27.291187170000001},null,null,null,{"$f":"SUM(L60:L61)","v":35.779711442699998},null,8.4885242726999977,0.31103536170207569]
[]
[null,"Total Bill on TOU (before Taxes)",null,null,null,null,null,{"$f":"SUM(H47:H51,H54:H56)","v":27.425341199999998},null,null,null,{"$f":"SUM(L47:L51,L54:L56)","v":35.768348988},null,{"$f":"L64-H64","v":8.3430077880000013},{"$f":"IF((H64)=0,\"\",(N64/H64))","v":0.30420798513164904}]
[null,"HST",null,null,null,0.13,null,{"$f":"H64*F65","v":3.5652943559999999},null,0.13,null,{"$f":"L64*J65","v":4.6498853684399997},null,1.0845910124399998,0.30420798513164893]
[null,"Total Bill (including HST)",null,null,null,null,null,{"$f":"H64+H65","v":30.990635555999997},null,null,null,{"$f":"L64+L65","v":40.418234356439996},null,9.4275988004399984,0.30420798513164893]
[null,"Ontario Clean Energy Benefit 1",null,null,null,null,null,{"$f":"ROUND(-H66*10%,2)","v":-3.1},null,null,null,{"$f":"ROUND(-L66*10%,2)","v":-4.04},null,-0.94,0.3032258064516129]
[null,"Total Bill on TOU (including OCEB)",null,null,null,null,null,{"$f":"H66+H67","v":27.890635555999996},null,null,null,{"$f":"L66+L67","v":36.378234356439997},null,8.4875988004400007,0.30431715273745702]
[]
[]
[null,"Loss Factor (%)",null,null,null,4.6699999999999998E-2,null,null,null,4.5253000000000002E-2]
[]
["1 Applicable to eligible customers only.  Refer to the Ontario Clean Energy Benefit Act, 2010."]
[]
["Note that the \"Charge $\" columns provide breakdowns of the amounts that each bill component contributes to the total monthly bill at the referenced "]
["consumption level at existing and proposed rates."]
[]
["Applicants must provide bill impacts for residential at 800 kWh and GS<50kW at 2000 kWh. In addition, their filing should cover the range that is relevant"]
["to their service territory, class by class. A general guideline of consumption levels follows:"]
[]
["Residential (kWh) - 100, 250, 500, 800, 1000, 1500, 2000"]
["GS<50kW (kWh) - 1000, 2000, 5000, 10000, 15000"]
["GS>50kW (kW) - 60, 100, 500, 1000"]
["Large User - range appropriate for utility"]
["Lighting Classes and USL - 150 kWh and 1 kW, range appropriate for utility."]

{"sheet":"App.2-W_Bill Impact - Res 250","index":43,"n_rows":85,"n_cols":20,"rows_kept":85,"cut":false,"hidden":false,"merged":[[67,1,67,3],[18,3,19,3],[18,13,19,13],[18,14,19,14],[60,1,60,3],[61,1,61,3],[66,1,66,3],[2,0,2,10],[9,1,9,14],[10,1,10,14],[13,3,13,14],[17,5,17,7],[17,9,17,11],[17,13,17,14]]}
[null,null,null,null,null,null,null,null,null,null,null,null,null,"File Number:",{"$f":"'LDC Info'!$E$18","v":"EB-2012-0175"},null,null,null,null,1]
[null,null,null,null,null,null,null,null,null,null,null,null,null,"Exhibit:"]
[null,null,null,null,null,null,null,null,null,null,null,null,null,"Tab:"]
[null,null,null,null,null,null,null,null,null,null,null,null,null,"Schedule:"]
[null,null,null,null,null,null,null,null,null,null,null,null,null,"Page:"]
[]
[null,null,null,null,null,null,null,null,null,null,null,null,null,"Date:"]
[]
[]
[null,"Appendix 2-W"]
[null,"Bill Impacts"]
[]
[]
[null,"Customer Class:",null,"Residential"]
[]
[null,null,null,"Consumption",null,250," kWh"]
[]
[null,null,null,null,null,"Current Board-Approved",null,null,null,"Proposed",null,null,null,"Impact"]
[null,null,null,"Charge Unit",null,"Rate","Volume","Charge",null,"Rate","Volume","Charge",null,"$ Change","% Change"]
[null,null,null,null,null,"($)",null,"($)",null,"($)",null,"($)"]
[null,"Monthly Service Charge",null,"Monthly",null,14.2,1,{"$f":"G21*F21","v":14.2},null,17.670000000000002,1,{"$f":"K21*J21","v":17.670000000000002},null,{"$f":"L21-H21","v":3.4700000000000024},{"$f":"IF((H21)=0,\"\",(N21/H21))","v":0.24436619718309877}]
[null,"Smart Meter Rate Adder",null,null,null,null,1,{"$f":"G22*F22","v":0},null,null,1,{"$f":"K22*J22","v":0},null,{"$f":"L22-H22","v":0},{"$f":"IF((H22)=0,\"\",(N22/H22))","v":""}]
[null,null,null,null,null,null,1,0,null,null,1,{"$f":"K23*J23","v":0},null,{"$f":"L23-H23","v":0},{"$f":"IF((H23)=0,\"\",(N23/H23))","v":""}]
[null,null,null,null,null,null,1,0,null,null,1,0,null,0,""]
[null,null,null,null,null,null,1,0,null,null,1,0,null,0,""]
[null,null,null,null,null,null,1,0,null,null,1,0,null,0,""]
[null,"Distribution Volumetric Rate",null,"per kWh",null,1.84E-2,{"$f":"$F$16","v":250},4.5999999999999996,null,2.29E-2,{"$f":"$F$16","v":250},5.7249999999999996,null,1.125,0.24456521739130438]
[null,"Smart Meter Disposition Rider",null,"Monthly",null,null,{"$f":"$F$16","v":250},0,null,0.83,1,0.83,null,0.83,""]
[null,"LRAM & SSM Rate Rider",null,"per kWh",null,1.4E-3,{"$f":"$F$16","v":250},0.35,null,5.9999999999999995E-4,{"$f":"$F$16","v":250},0.15,null,-0.19999999999999998,-0.5714285714285714]
[null,"Stranded Meter Recovery Rider",null,"Monthly",null,null,{"$f":"$F$16","v":250},0,null,2.2999999999999998,1,2.2999999999999998,null,2.2999999999999998,""]
[null,"Extraordinary Event Recovery Rider",null,"Monthly",null,null,250,0,null,1.1100000000000001,1,1.1100000000000001,null,1.1100000000000001,""]
[null,null,null,null,null,null,250,0,null,null,250,0,null,0,""]
[null,null,null,null,null,null,250,0,null,null,250,0,null,0,""]
[null,null,null,null,null,null,250,0,null,null,250,0,null,0,""]
[null,null,null,null,null,null,250,0,null,null,250,0,null,0,""]
[null,null,null,null,null,null,250,0,null,null,250,0,null,0,""]
[null,"Sub-Total A",null,null,null,null,null,{"$f":"SUM(H21:H36)","v":19.149999999999999},null,null,null,{"$f":"SUM(L21:L36)","v":27.785},null,8.6350000000000016,0.45091383812010455]
[null,"Deferral/Variance Account Disposition Rate Rider",null,null,null,null,{"$f":"$F$16","v":250},{"$f":"G38*F38","v":0},null,3.0999999999999999E-3,{"$f":"$F$16","v":250},{"$f":"K38*J38","v":0.77500000000000002},null,{"$f":"L38-H38","v":0.77500000000000002},{"$f":"IF((H38)=0,\"\",(N38/H38))","v":""}]
[null,"Global Adjustment Variance Rider",null,null,null,null,{"$f":"$F$16","v":250},{"$f":"G39*F39","v":0},null,-2E-3,{"$f":"$F$16","v":250},{"$f":"K39*J39","v":-0.5},null,{"$f":"L39-H39","v":-0.5},{"$f":"IF((H39)=0,\"\",(N39/H39))","v":""}]
[null,null,null,null,null,null,250,0,null,null,250,0,null,0,""]
[null,null,null,null,null,null,250,0,null,null,250,0,null,0,""]
[null,"Low Voltage Service Charge",null,null,null,0,250,{"$f":"G42*F42","v":0},null,null,250,{"$f":"K42*J42","v":0},null,{"$f":"L42-H42","v":0},{"$f":"IF((H42)=0,\"\",(N42/H42))","v":""}]
[null,"Smart Meter Entity Charge",null,null,null,null,null,null,null,null,250,{"$f":"K43*J43","v":0},null,{"$f":"L43-H43","v":0}]
[null,"Sub-Total B - Distribution (includes Sub-Total A)",null,null,null,null,null,{"$f":"SUM(H38:H42)+H37","v":19.149999999999999},null,null,null,{"$f":"SUM(L38:L42)+L37","v":28.06},null,{"$f":"L44-H44","v":8.91},{"$f":"IF((H44)=0,\"\",(N44/H44))","v":0.46527415143603135}]
[null,"RTSR - Network",null,"per kWh",null,6.3E-3,{"$f":"F16*(1+F71)","v":261.67500000000001},{"$f":"G45*F45","v":1.6485525000000001},null,7.1999999999999998E-3,{"$f":"F16*(1+J71)","v":261.31324999999998},{"$f":"K45*J45","v":1.8814553999999999},null,0.2329028999999998,0.14127721137179422]
[null,"RTSR - Line and Transformation Connection",null,"per kWh",null,5.1000000000000004E-3,{"$f":"G45","v":261.67500000000001},{"$f":"G46*F46","v":1.3345425000000002},null,5.7999999999999996E-3,{"$f":"K45","v":261.31324999999998},{"$f":"K46*J46","v":1.5156168499999998},null,0.18107434999999961,0.13568271523761857]
[null,"Sub-Total C - Delivery (including Sub-Total B)",null,null,null,null,null,{"$f":"SUM(H44:H46)","v":22.133095000000001},null,null,null,{"$f":"SUM(L44:L46)","v":31.45707225},null,9.3239772499999987,0.42126856862991813]
[null,"Wholesale Market Service Charge (WMSC)",null,"per kWh",null,5.1999999999999998E-3,{"$f":"G46","v":261.67500000000001},{"$f":"G48*F48","v":1.3607100000000001},null,5.1999999999999998E-3,{"$f":"K46","v":261.31324999999998},{"$f":"K48*J48","v":1.3588288999999998},null,-1.881100000000302E-3,-1.3824400496801684E-3]
[null,"Rural and Remote Rate Protection (RRRP)",null,"per kWh",null,1.1000000000000001E-3,{"$f":"G46","v":261.67500000000001},0.28784250000000006,null,1.1000000000000001E-3,{"$f":"K46","v":261.31324999999998},0.28744457499999998,null,-3.9792500000007669E-4,-1.3824400496802126E-3]
[null,"Standard Supply Service Charge",null,"Monthly",null,0.25,1,0.25,null,0.25,1,0.25,null,0,0]
[null,"Debt Retirement Charge (DRC)",null,"per kWh",null,7.0000000000000001E-3,{"$f":"F16","v":250},1.75,null,7.0000000000000001E-3,{"$f":"F16","v":250},1.75,null,0,0]
[null,"Energy - RPP - Tier 1",null,null,null,7.4999999999999997E-2,{"$f":"IF($T$1=1,IF($F$16>=600,600,IF($F$16<600,$F$16*(1+$F$71),$F$16-600)),IF($T$1=2,IF($F$16>=1000,1000,IF($F$16<1000,$F$16*(1+$F$71),$F$16-1000))))","v":261.67500000000001},{"$f":"G52*F52","v":19.625624999999999},null,7.4999999999999997E-2,{"$f":"IF($T$1=1,IF($F$16>=600,600,IF($F$16<600,$F$16*(1+$J$71),$F$16-600)),IF($T$1=2,IF($F$16>=1000,1000,IF($F$16<1000,$F$16*(1+$J$71),$F$16-1000))))","v":261.31324999999998},{"$f":"K52*J52","v":19.598493749999999},null,-2.7131250000000051E-2,-1.3824400496799491E-3]
[null,"Energy - RPP - Tier 2",null,null,null,8.7999999999999995E-2,{"$f":"IF($T$1=1,IF($F$16>=600,$F$16*(1+$F$71)-600,IF($F$16<600,0,)), IF($T$1=2,IF($F$16>=1000,$F$16*(1+$F$71)-1000,IF($F$16<1000,0))))","v":0},{"$f":"G53*F53","v":0},null,8.7999999999999995E-2,{"$f":"IF($T$1=1,IF($F$16>=600,$F$16*(1+$J$71)-600,IF($F$16<600,0,)), IF($T$1=2,IF($F$16>=1000,$F$16*(1+$J$71)-1000,IF($F$16<1000,0))))","v":0},{"$f":"K53*J53","v":0},null,0,""]
[null,"TOU - Off Peak",null,null,null,6.5000000000000002E-2,{"$f":"0.64*$F$16*(1+$F$71)","v":167.47199999999998},10.885679999999999,null,6.5000000000000002E-2,{"$f":"0.64*$F$16*(1+$J$71)","v":167.24047999999999},10.8706312,null,-1.5048799999998863E-2,-1.3824400496798422E-3]
[null,"TOU - Mid Peak",null,null,null,0.1,{"$f":"0.18*$F$16*(1+$F$71)","v":47.101500000000001},4.7101500000000005,null,0.1,{"$f":"0.18*$F$16*(1+$J$71)","v":47.036385000000003},4.7036385000000003,null,-6.5115000000002254E-3,-1.3824400496799942E-3]
[null,"TOU - On Peak",null,null,null,0.11700000000000001,{"$f":"0.18*$F$16*(1+$F$71)","v":47.101500000000001},5.5108755000000009,null,0.11700000000000001,{"$f":"0.18*$F$16*(1+$J$71)","v":47.036385000000003},5.5032570450000007,null,-7.618455000000246E-3,-1.382440049679991E-3]
[]
[null,"Total Bill on RPP (before Taxes)",null,null,null,null,null,{"$f":"SUM(H47:H53)","v":45.407272500000005},null,null,null,{"$f":"SUM(L47:L53)","v":54.701839475},null,9.2945669749999951,0.20469335556325244]
[null,"HST",null,null,null,0.13,null,{"$f":"H58*F59","v":5.9029454250000004},null,0.13,null,{"$f":"L58*J59","v":7.1112391317500006},null,1.2082937067500001,0.20469335556325258]
[null,"Total Bill (including HST)",null,null,null,null,null,{"$f":"H58+H59","v":51.310217925000003},null,null,null,{"$f":"L58+L59","v":61.813078606749997},null,10.502860681749993,0.20469335556325241]
[null,"Ontario Clean Energy Benefit 1",null,null,null,null,null,{"$f":"ROUND(-H60*10%,2)","v":-5.13},null,null,null,{"$f":"ROUND(-L60*10%,2)","v":-6.18},null,-1.0499999999999998,0.20467836257309938]
[null,"Total Bill on RPP (including OCEB)",null,null,null,null,null,{"$f":"SUM(H60:H61)","v":46.180217925000001},null,null,null,{"$f":"SUM(L60:L61)","v":55.633078606749997},null,9.4528606817499963,0.20469502108244969]
[]
[null,"Total Bill on TOU (before Taxes)",null,null,null,null,null,{"$f":"SUM(H47:H51,H54:H56)","v":46.888352999999995},null,null,null,{"$f":"SUM(L47:L51,L54:L56)","v":56.180872469999997},null,{"$f":"L64-H64","v":9.292519470000002},{"$f":"IF((H64)=0,\"\",(N64/H64))","v":0.19818395988445153}]
[null,"HST",null,null,null,0.13,null,{"$f":"H64*F65","v":6.09548589},null,0.13,null,{"$f":"L64*J65","v":7.3035134210999999},null,1.2080275310999999,0.19818395988445148]
[null,"Total Bill (including HST)",null,null,null,null,null,{"$f":"H64+H65","v":52.983838889999994},null,null,null,{"$f":"L64+L65","v":63.484385891099997},null,10.500547001100003,0.19818395988445156]
[null,"Ontario Clean Energy Benefit 1",null,null,null,null,null,{"$f":"ROUND(-H66*10%,2)","v":-5.3},null,null,null,{"$f":"ROUND(-L66*10%,2)","v":-6.35},null,-1.0499999999999998,0.1981132075471698]
[null,"Total Bill on TOU (including OCEB)",null,null,null,null,null,{"$f":"H66+H67","v":47.683838889999997},null,null,null,{"$f":"L66+L67","v":57.134385891099996},null,9.4505470010999986,0.19819182391965337]
[]
[]
[null,"Loss Factor (%)",null,null,null,4.6699999999999998E-2,null,null,null,4.5253000000000002E-2]
[]
["1 Applicable to eligible customers only.  Refer to the Ontario Clean Energy Benefit Act, 2010."]
[]
["Note that the \"Charge $\" columns provide breakdowns of the amounts that each bill component contributes to the total monthly bill at the referenced "]
["consumption level at existing and proposed rates."]
[]
["Applicants must provide bill impacts for residential at 800 kWh and GS<50kW at 2000 kWh. In addition, their filing should cover the range that is relevant"]
["to their service territory, class by class. A general guideline of consumption levels follows:"]
[]
["Residential (kWh) - 100, 250, 500, 800, 1000, 1500, 2000"]
["GS<50kW (kWh) - 1000, 2000, 5000, 10000, 15000"]
["GS>50kW (kW) - 60, 100, 500, 1000"]
["Large User - range appropriate for utility"]
["Lighting Classes and USL - 150 kWh and 1 kW, range appropriate for utility."]

{"sheet":"App.2-W_Bill Impact - Res 500","index":44,"n_rows":85,"n_cols":20,"rows_kept":85,"cut":false,"hidden":false,"merged":[[67,1,67,3],[18,3,19,3],[18,13,19,13],[18,14,19,14],[60,1,60,3],[61,1,61,3],[66,1,66,3],[2,0,2,10],[9,1,9,14],[10,1,10,14],[13,3,13,14],[17,5,17,7],[17,9,17,11],[17,13,17,14]]}
[null,null,null,null,null,null,null,null,null,null,null,null,null,"File Number:",{"$f":"'LDC Info'!$E$18","v":"EB-2012-0175"},null,null,null,null,1]
[null,null,null,null,null,null,null,null,null,null,null,null,null,"Exhibit:"]
[null,null,null,null,null,null,null,null,null,null,null,null,null,"Tab:"]
[null,null,null,null,null,null,null,null,null,null,null,null,null,"Schedule:"]
[null,null,null,null,null,null,null,null,null,null,null,null,null,"Page:"]
[]
[null,null,null,null,null,null,null,null,null,null,null,null,null,"Date:"]
[]
[]
[null,"Appendix 2-W"]
[null,"Bill Impacts"]
[]
[]
[null,"Customer Class:",null,"Residential"]
[]
[null,null,null,"Consumption",null,500," kWh"]
[]
[null,null,null,null,null,"Current Board-Approved",null,null,null,"Proposed",null,null,null,"Impact"]
[null,null,null,"Charge Unit",null,"Rate","Volume","Charge",null,"Rate","Volume","Charge",null,"$ Change","% Change"]
[null,null,null,null,null,"($)",null,"($)",null,"($)",null,"($)"]
[null,"Monthly Service Charge",null,"Monthly",null,14.2,1,{"$f":"G21*F21","v":14.2},null,17.670000000000002,1,{"$f":"K21*J21","v":17.670000000000002},null,{"$f":"L21-H21","v":3.4700000000000024},{"$f":"IF((H21)=0,\"\",(N21/H21))","v":0.24436619718309877}]
[null,"Smart Meter Rate Adder",null,null,null,null,1,{"$f":"G22*F22","v":0},null,null,1,{"$f":"K22*J22","v":0},null,{"$f":"L22-H22","v":0},{"$f":"IF((H22)=0,\"\",(N22/H22))","v":""}]
[null,null,null,null,null,null,1,0,null,null,1,{"$f":"K23*J23","v":0},null,{"$f":"L23-H23","v":0},{"$f":"IF((H23)=0,\"\",(N23/H23))","v":""}]
[null,null,null,null,null,null,1,0,null,null,1,0,null,0,""]
[null,null,null,null,null,null,1,0,null,null,1,0,null,0,""]
[null,null,null,null,null,null,1,0,null,null,1,0,null,0,""]
[null,"Distribution Volumetric Rate",null,"per kWh",null,1.84E-2,{"$f":"$F$16","v":500},9.1999999999999993,null,2.29E-2,{"$f":"$F$16","v":500},11.45,null,2.25,0.24456521739130438]
[null,"Smart Meter Disposition Rider",null,"Monthly",null,null,{"$f":"$F$16","v":500},0,null,0.83,1,0.83,null,0.83,""]
[null,"LRAM & SSM Rate Rider",null,"per kWh",null,1.4E-3,{"$f":"$F$16","v":500},0.7,null,5.9999999999999995E-4,{"$f":"$F$16","v":500},0.3,null,-0.39999999999999997,-0.5714285714285714]
[null,"Stranded Meter Recovery Rider",null,"Monthly",null,null,{"$f":"$F$16","v":500},0,null,2.2999999999999998,1,2.2999999999999998,null,2.2999999999999998,""]
[null,"Extraordinary Event Recovery Rider",null,"Monthly",null,null,500,0,null,1.1100000000000001,1,1.1100000000000001,null,1.1100000000000001,""]
[null,null,null,null,null,null,500,0,null,null,500,0,null,0,""]
[null,null,null,null,null,null,500,0,null,null,500,0,null,0,""]
[null,null,null,null,null,null,500,0,null,null,500,0,null,0,""]
[null,null,null,null,null,null,500,0,null,null,500,0,null,0,""]
[null,null,null,null,null,null,500,0,null,null,500,0,null,0,""]
[null,"Sub-Total A",null,null,null,null,null,{"$f":"SUM(H21:H36)","v":24.099999999999998},null,null,null,{"$f":"SUM(L21:L36)","v":33.659999999999997},null,9.5599999999999987,0.39668049792531118]
[null,"Deferral/Variance Account Disposition Rate Rider",null,"per kWh",null,null,{"$f":"$F$16","v":500},{"$f":"G38*F38","v":0},null,3.0999999999999999E-3,{"$f":"$F$16","v":500},{"$f":"K38*J38","v":1.55},null,{"$f":"L38-H38","v":1.55},{"$f":"IF((H38)=0,\"\",(N38/H38))","v":""}]
[null,"Global Adjustment Variance Rider",null,"per kWh",null,null,{"$f":"$F$16","v":500},{"$f":"G39*F39","v":0},null,-2E-3,{"$f":"$F$16","v":500},{"$f":"K39*J39","v":-1},null,{"$f":"L39-H39","v":-1},{"$f":"IF((H39)=0,\"\",(N39/H39))","v":""}]
[null,null,null,null,null,null,500,0,null,null,500,0,null,0,""]
[null,null,null,null,null,null,500,0,null,null,500,0,null,0,""]
[null,"Low Voltage Service Charge",null,null,null,null,500,{"$f":"G42*F42","v":0},null,null,500,{"$f":"K42*J42","v":0},null,{"$f":"L42-H42","v":0},{"$f":"IF((H42)=0,\"\",(N42/H42))","v":""}]
[null,"Smart Meter Entity Charge",null,null,null,null,null,null,null,null,500,{"$f":"K43*J43","v":0},null,{"$f":"L43-H43","v":0}]
[null,"Sub-Total B - Distribution (includes Sub-Total A)",null,null,null,null,null,{"$f":"SUM(H38:H42)+H37","v":24.099999999999998},null,null,null,{"$f":"SUM(L38:L42)+L37","v":34.209999999999994},null,{"$f":"L44-H44","v":10.109999999999996},{"$f":"IF((H44)=0,\"\",(N44/H44))","v":0.41950207468879652}]
[null,"RTSR - Network",null,"per kWh",null,6.3E-3,{"$f":"F16*(1+F71)","v":523.35},{"$f":"G45*F45","v":3.2971050000000002},null,7.1999999999999998E-3,{"$f":"F16*(1+J71)","v":522.62649999999996},{"$f":"K45*J45","v":3.7629107999999998},null,0.4658057999999996,0.14127721137179422]
[null,"RTSR - Line and Transformation Connection",null,"per kWh",null,5.1000000000000004E-3,{"$f":"G45","v":523.35},{"$f":"G46*F46","v":2.6690850000000004},null,5.7999999999999996E-3,{"$f":"K45","v":522.62649999999996},{"$f":"K46*J46","v":3.0312336999999996},null,0.36214869999999921,0.13568271523761857]
[null,"Sub-Total C - Delivery (including Sub-Total B)",null,null,null,null,null,{"$f":"SUM(H44:H46)","v":30.066189999999995},null,null,null,{"$f":"SUM(L44:L46)","v":41.004144499999995},null,10.9379545,0.36379582847045144]
[null,"Wholesale Market Service Charge (WMSC)",null,"per kWh",null,5.1999999999999998E-3,{"$f":"G46","v":523.35},{"$f":"G48*F48","v":2.7214200000000002},null,5.1999999999999998E-3,{"$f":"K46","v":522.62649999999996},{"$f":"K48*J48","v":2.7176577999999996},null,-3.7622000000006039E-3,-1.3824400496801684E-3]
[null,"Rural and Remote Rate Protection (RRRP)",null,"per kWh",null,1.1000000000000001E-3,{"$f":"G46","v":523.35},0.57568500000000011,null,1.1000000000000001E-3,{"$f":"K46","v":522.62649999999996},0.57488914999999996,null,-7.9585000000015338E-4,-1.3824400496802126E-3]
[null,"Standard Supply Service Charge",null,"Monthly",null,0.25,1,0.25,null,0.25,1,0.25,null,0,0]
[null,"Debt Retirement Charge (DRC)",null,"per kWh",null,7.0000000000000001E-3,{"$f":"F16","v":500},3.5,null,7.0000000000000001E-3,{"$f":"F16","v":500},3.5,null,0,0]
[null,"Energy - RPP - Tier 1",null,null,null,7.4999999999999997E-2,{"$f":"IF($T$1=1,IF($F$16>=600,600,IF($F$16<600,$F$16*(1+$F$71),$F$16-600)),IF($T$1=2,IF($F$16>=1000,1000,IF($F$16<1000,$F$16*(1+$F$71),$F$16-1000))))","v":523.35},{"$f":"G52*F52","v":39.251249999999999},null,7.4999999999999997E-2,{"$f":"IF($T$1=1,IF($F$16>=600,600,IF($F$16<600,$F$16*(1+$J$71),$F$16-600)),IF($T$1=2,IF($F$16>=1000,1000,IF($F$16<1000,$F$16*(1+$J$71),$F$16-1000))))","v":522.62649999999996},{"$f":"K52*J52","v":39.196987499999999},null,-5.4262500000000102E-2,-1.3824400496799491E-3]
[null,"Energy - RPP - Tier 2",null,null,null,8.7999999999999995E-2,{"$f":"IF($T$1=1,IF($F$16>=600,$F$16*(1+$F$71)-600,IF($F$16<600,0,)), IF($T$1=2,IF($F$16>=1000,$F$16*(1+$F$71)-1000,IF($F$16<1000,0))))","v":0},{"$f":"G53*F53","v":0},null,8.7999999999999995E-2,{"$f":"IF($T$1=1,IF($F$16>=600,$F$16*(1+$J$71)-600,IF($F$16<600,0,)), IF($T$1=2,IF($F$16>=1000,$F$16*(1+$J$71)-1000,IF($F$16<1000,0))))","v":0},{"$f":"K53*J53","v":0},null,0,""]
[null,"TOU - Off Peak",null,null,null,6.5000000000000002E-2,{"$f":"0.64*$F$16*(1+$F$71)","v":334.94399999999996},21.771359999999998,null,6.5000000000000002E-2,{"$f":"0.64*$F$16*(1+$J$71)","v":334.48095999999998},21.7412624,null,-3.0097599999997726E-2,-1.3824400496798422E-3]
[null,"TOU - Mid Peak",null,null,null,0.1,{"$f":"0.18*$F$16*(1+$F$71)","v":94.203000000000003},9.420300000000001,null,0.1,{"$f":"0.18*$F$16*(1+$J$71)","v":94.072770000000006},9.4072770000000006,null,-1.3023000000000451E-2,-1.3824400496799942E-3]
[null,"TOU - On Peak",null,null,null,0.11700000000000001,{"$f":"0.18*$F$16*(1+$F$71)","v":94.203000000000003},11.021751000000002,null,0.11700000000000001,{"$f":"0.18*$F$16*(1+$J$71)","v":94.072770000000006},11.006514090000001,null,-1.5236910000000492E-2,-1.382440049679991E-3]
[]
[null,"Total Bill on RPP (before Taxes)",null,null,null,null,null,{"$f":"SUM(H47:H53)","v":76.364544999999993},null,null,null,{"$f":"SUM(L47:L53)","v":87.243678949999989},null,10.879133949999996,0.14246315420330202]
[null,"HST",null,null,null,0.13,null,{"$f":"H58*F59","v":9.9273908500000001},null,0.13,null,{"$f":"L58*J59","v":11.341678263499999},null,1.4142874134999985,0.14246315420330191]
[null,"Total Bill (including HST)",null,null,null,null,null,{"$f":"H58+H59","v":86.291935849999987},null,null,null,{"$f":"L58+L59","v":98.585357213499989},null,12.293421363500002,0.14246315420330211]
[null,"Ontario Clean Energy Benefit 1",null,null,null,null,null,{"$f":"ROUND(-H60*10%,2)","v":-8.6300000000000008},null,null,null,{"$f":"ROUND(-L60*10%,2)","v":-9.86},null,-1.2299999999999986,0.14252607184241003]
[null,"Total Bill on RPP (including OCEB)",null,null,null,null,null,{"$f":"SUM(H60:H61)","v":77.661935849999992},null,null,null,{"$f":"SUM(L60:L61)","v":88.72535721349999},null,11.063421363499998,0.14245616262860641]
[]
[null,"Total Bill on TOU (before Taxes)",null,null,null,null,null,{"$f":"SUM(H47:H51,H54:H56)","v":79.326706000000001},null,null,null,{"$f":"SUM(L47:L51,L54:L56)","v":90.201744939999998},null,{"$f":"L64-H64","v":10.875038939999996},{"$f":"IF((H64)=0,\"\",(N64/H64))","v":0.13709177512047452}]
[null,"HST",null,null,null,0.13,null,{"$f":"H64*F65","v":10.312471780000001},null,0.13,null,{"$f":"L64*J65","v":11.726226842200001},null,1.4137550621999999,0.13709177512047455]
[null,"Total Bill (including HST)",null,null,null,null,null,{"$f":"H64+H65","v":89.639177779999997},null,null,null,{"$f":"L64+L65","v":101.9279717822},null,12.288794002200007,0.13709177512047463]
[null,"Ontario Clean Energy Benefit 1",null,null,null,null,null,{"$f":"ROUND(-H66*10%,2)","v":-8.9600000000000009},null,null,null,{"$f":"ROUND(-L66*10%,2)","v":-10.19},null,-1.2299999999999986,0.13727678571428556]
[null,"Total Bill on TOU (including OCEB)",null,null,null,null,null,{"$f":"H66+H67","v":80.679177780000003},null,null,null,{"$f":"L66+L67","v":91.737971782200006},null,11.058794002200003,0.13707122837017097]
[]
[]
[null,"Loss Factor (%)",null,null,null,4.6699999999999998E-2,null,null,null,4.5253000000000002E-2]
[]
["1 Applicable to eligible customers only.  Refer to the Ontario Clean Energy Benefit Act, 2010."]
[]
["Note that the \"Charge $\" columns provide breakdowns of the amounts that each bill component contributes to the total monthly bill at the referenced "]
["consumption level at existing and proposed rates."]
[]
["Applicants must provide bill impacts for residential at 800 kWh and GS<50kW at 2000 kWh. In addition, their filing should cover the range that is relevant"]
["to their service territory, class by class. A general guideline of consumption levels follows:"]
[]
["Residential (kWh) - 100, 250, 500, 800, 1000, 1500, 2000"]
["GS<50kW (kWh) - 1000, 2000, 5000, 10000, 15000"]
["GS>50kW (kW) - 60, 100, 500, 1000"]
["Large User - range appropriate for utility"]
["Lighting Classes and USL - 150 kWh and 1 kW, range appropriate for utility."]

{"sheet":"App.2-W_Bill Impact - Res 800","index":45,"n_rows":85,"n_cols":20,"rows_kept":85,"cut":false,"hidden":false,"merged":[[18,14,19,14],[60,1,60,3],[61,1,61,3],[66,1,66,3],[67,1,67,3],[18,3,19,3],[18,13,19,13],[2,0,2,10],[9,1,9,14],[10,1,10,14],[13,3,13,14],[17,5,17,7],[17,9,17,11],[17,13,17,14]]}
[null,null,null,null,null,null,null,null,null,null,null,null,null,"File Number:",{"$f":"'LDC Info'!$E$18","v":"EB-2012-0175"},null,null,null,null,1]
[null,null,null,null,null,null,null,null,null,null,null,null,null,"Exhibit:"]
[null,null,null,null,null,null,null,null,null,null,null,null,null,"Tab:"]
[null,null,null,null,null,null,null,null,null,null,null,null,null,"Schedule:"]
[null,null,null,null,null,null,null,null,null,null,null,null,null,"Page:"]
[]
[null,null,null,null,null,null,null,null,null,null,null,null,null,"Date:"]
[]
[]
[null,"Appendix 2-W"]
[null,"Bill Impacts"]
[]
[]
[null,"Customer Class:",null,"Residential"]
[]
[null,null,null,"Consumption",null,800," kWh"]
[]
[null,null,null,null,null,"Current Board-Approved",null,null,null,"Proposed",null,null,null,"Impact"]
[null,null,null,"Charge Unit",null,"Rate","Volume","Charge",null,"Rate","Volume","Charge",null,"$ Change","% Change"]
[null,null,null,null,null,"($)",null,"($)",null,"($)",null,"($)"]
[null,"Monthly Service Charge",null,"Monthly",null,14.2,1,{"$f":"G21*F21","v":14.2},null,17.670000000000002,1,{"$f":"K21*J21","v":17.670000000000002},null,{"$f":"L21-H21","v":3.4700000000000024},{"$f":"IF((H21)=0,\"\",(N21/H21))","v":0.24436619718309877}]
[null,"Smart Meter Rate Adder",null,null,null,null,1,{"$f":"G22*F22","v":0},null,null,1,{"$f":"K22*J22","v":0},null,{"$f":"L22-H22","v":0},{"$f":"IF((H22)=0,\"\",(N22/H22))","v":""}]
[null,null,null,null,null,null,1,0,null,null,1,{"$f":"K23*J23","v":0},null,{"$f":"L23-H23","v":0},{"$f":"IF((H23)=0,\"\",(N23/H23))","v":""}]
[null,null,null,null,null,null,1,0,null,null,1,0,null,0,""]
[null,null,null,null,null,null,1,0,null,null,1,0,null,0,""]
[null,null,null,null,null,null,1,0,null,null,1,0,null,0,""]
[null,"Distribution Volumetric Rate",null,"per kWh",null,1.84E-2,{"$f":"$F$16","v":800},14.719999999999999,null,2.29E-2,{"$f":"$F$16","v":800},18.32,null,3.6000000000000014,0.24456521739130446]
[null,"Smart Meter Disposition Rider",null,"Monthly",null,null,{"$f":"$F$16","v":800},0,null,0.83,1,0.83,null,0.83,""]
[null,"LRAM & SSM Rate Rider",null,"per kWh",null,1.4E-3,{"$f":"$F$16","v":800},1.1199999999999999,null,5.9999999999999995E-4,{"$f":"$F$16","v":800},0.48,null,-0.6399999999999999,-0.5714285714285714]
[null,"Stranded Meter Recovery Rider",null,"Monthly",null,null,{"$f":"$F$16","v":800},0,null,2.2999999999999998,1,2.2999999999999998,null,2.2999999999999998,""]
[null,"Extraordinary Event Recovery Rider",null,"Monthly",null,null,800,0,null,1.1100000000000001,1,1.1100000000000001,null,1.1100000000000001,""]
[null,null,null,null,null,null,800,0,null,null,800,0,null,0,""]
[null,null,null,null,null,null,800,0,null,null,800,0,null,0,""]
[null,null,null,null,null,null,800,0,null,null,800,0,null,0,""]
[null,null,null,null,null,null,800,0,null,null,800,0,null,0,""]
[null,null,null,null,null,null,800,0,null,null,800,0,null,0,""]
[null,"Sub-Total A",null,null,null,null,null,{"$f":"SUM(H21:H36)","v":30.04},null,null,null,{"$f":"SUM(L21:L36)","v":40.709999999999994},null,10.669999999999995,0.35519307589880145]
[null,"Deferral/Variance Account Disposition Rate Rider",null,"per kWh",null,null,{"$f":"$F$16","v":800},{"$f":"G38*F38","v":0},null,3.0999999999999999E-3,{"$f":"$F$16","v":800},{"$f":"K38*J38","v":2.48},null,{"$f":"L38-H38","v":2.48},{"$f":"IF((H38)=0,\"\",(N38/H38))","v":""}]
[null,"Global Adjustment Variance Rider",null,"per kWh",null,null,{"$f":"$F$16","v":800},{"$f":"G39*F39","v":0},null,-2E-3,{"$f":"$F$16","v":800},{"$f":"K39*J39","v":-1.6},null,{"$f":"L39-H39","v":-1.6},{"$f":"IF((H39)=0,\"\",(N39/H39))","v":""}]
[null,null,null,null,null,null,800,0,null,null,800,0,null,0,""]
[null,null,null,null,null,null,800,0,null,null,800,0,null,0,""]
[null,"Low Voltage Service Charge",null,null,null,null,800,{"$f":"G42*F42","v":0},null,null,800,{"$f":"K42*J42","v":0},null,{"$f":"L42-H42","v":0},{"$f":"IF((H42)=0,\"\",(N42/H42))","v":""}]
[null,"Smart Meter Entity Charge",null,null,null,null,null,null,null,null,800,{"$f":"K43*J43","v":0},null,{"$f":"L43-H43","v":0}]
[null,"Sub-Total B - Distribution (includes Sub-Total A)",null,null,null,null,null,{"$f":"SUM(H38:H42)+H37","v":30.04},null,null,null,{"$f":"SUM(L38:L42)+L37","v":41.589999999999996},null,{"$f":"L44-H44","v":11.549999999999997},{"$f":"IF((H44)=0,\"\",(N44/H44))","v":0.38448735019973362}]
[null,"RTSR - Network",null,"per kWh",null,6.3E-3,{"$f":"F16*(1+F71)","v":837.36},{"$f":"G45*F45","v":5.2753680000000003},null,7.1999999999999998E-3,{"$f":"F16*(1+J71)","v":836.20240000000001},{"$f":"K45*J45","v":6.02065728},null,0.74528927999999972,0.14127721137179428]
[null,"RTSR - Line and Transformation Connection",null,"per kWh",null,5.1000000000000004E-3,{"$f":"G45","v":837.36},{"$f":"G46*F46","v":4.2705360000000008},null,5.7999999999999996E-3,{"$f":"K45","v":836.20240000000001},{"$f":"K46*J46","v":4.84997392},null,0.57943791999999927,0.13568271523761868]
[null,"Sub-Total C - Delivery (including Sub-Total B)",null,null,null,null,null,{"$f":"SUM(H44:H46)","v":39.585903999999999},null,null,null,{"$f":"SUM(L44:L46)","v":52.460631199999995},null,12.874727199999995,0.32523514430793332]
[null,"Wholesale Market Service Charge (WMSC)",null,"per kWh",null,5.1999999999999998E-3,{"$f":"G46","v":837.36},{"$f":"G48*F48","v":4.3542719999999999},null,5.1999999999999998E-3,{"$f":"K46","v":836.20240000000001},{"$f":"K48*J48","v":4.3482524800000002},null,-6.0195199999997229E-3,-1.3824400496798828E-3]
[null,"Rural and Remote Rate Protection (RRRP)",null,"per kWh",null,1.1000000000000001E-3,{"$f":"G46","v":837.36},0.92109600000000003,null,1.1000000000000001E-3,{"$f":"K46","v":836.20240000000001},0.91982264000000002,null,-1.2733600000000012E-3,-1.3824400496799476E-3]
[null,"Standard Supply Service Charge",null,"Monthly",null,0.25,1,0.25,null,0.25,1,0.25,null,0,0]
[null,"Debt Retirement Charge (DRC)",null,"per kWh",null,7.0000000000000001E-3,{"$f":"F16","v":800},5.6000000000000005,null,7.0000000000000001E-3,{"$f":"F16","v":800},5.6000000000000005,null,0,0]
[null,"Energy - RPP - Tier 1",null,null,null,7.4999999999999997E-2,{"$f":"IF($T$1=1,IF($F$16>=600,600,IF($F$16<600,$F$16*(1+$F$71),$F$16-600)),IF($T$1=2,IF($F$16>=1000,1000,IF($F$16<1000,$F$16*(1+$F$71),$F$16-1000))))","v":600},{"$f":"G52*F52","v":45},null,7.4999999999999997E-2,{"$f":"IF($T$1=1,IF($F$16>=600,600,IF($F$16<600,$F$16*(1+$J$71),$F$16-600)),IF($T$1=2,IF($F$16>=1000,1000,IF($F$16<1000,$F$16*(1+$J$71),$F$16-1000))))","v":600},{"$f":"K52*J52","v":45},null,0,0]
[null,"Energy - RPP - Tier 2",null,null,null,8.7999999999999995E-2,{"$f":"IF($T$1=1,IF($F$16>=600,$F$16*(1+$F$71)-600,IF($F$16<600,0,)), IF($T$1=2,IF($F$16>=1000,$F$16*(1+$F$71)-1000,IF($F$16<1000,0))))","v":237.36},{"$f":"G53*F53","v":20.88768},null,8.7999999999999995E-2,{"$f":"IF($T$1=1,IF($F$16>=600,$F$16*(1+$J$71)-600,IF($F$16<600,0,)), IF($T$1=2,IF($F$16>=1000,$F$16*(1+$J$71)-1000,IF($F$16<1000,0))))","v":236.20240000000001},{"$f":"K53*J53","v":20.785811200000001},null,-0.10186879999999832,-4.8769801145937854E-3]
[null,"TOU - Off Peak",null,null,null,6.5000000000000002E-2,{"$f":"0.64*$F$16*(1+$F$71)","v":535.91039999999998},34.834175999999999,null,6.5000000000000002E-2,{"$f":"0.64*$F$16*(1+$J$71)","v":535.16953599999999},34.786019840000002,null,-4.8156159999997783E-2,-1.3824400496798828E-3]
[null,"TOU - Mid Peak",null,null,null,0.1,{"$f":"0.18*$F$16*(1+$F$71)","v":150.72479999999999},15.072479999999999,null,0.1,{"$f":"0.18*$F$16*(1+$J$71)","v":150.51643200000001},15.051643200000001,null,-2.0836799999997879E-2,-1.3824400496798058E-3]
[null,"TOU - On Peak",null,null,null,0.11700000000000001,{"$f":"0.18*$F$16*(1+$F$71)","v":150.72479999999999},17.634801599999999,null,0.11700000000000001,{"$f":"0.18*$F$16*(1+$J$71)","v":150.51643200000001},17.610422544000002,null,-2.4379055999997234E-2,-1.3824400496797898E-3]
[]
[null,"Total Bill on RPP (before Taxes)",null,null,null,null,null,{"$f":"SUM(H47:H53)","v":116.59895200000001},null,null,null,{"$f":"SUM(L47:L53)","v":129.36451751999999},null,12.765565519999981,0.10948267802612822]
[null,"HST",null,null,null,0.13,null,{"$f":"H58*F59","v":15.157863760000001},null,0.13,null,{"$f":"L58*J59","v":16.817387277599998},null,1.6595235175999967,0.10948267802612817]
[null,"Total Bill (including HST)",null,null,null,null,null,{"$f":"H58+H59","v":131.75681576000002},null,null,null,{"$f":"L58+L59","v":146.1819047976},null,14.425089037599975,0.10948267802612818]
[null,"Ontario Clean Energy Benefit 1",null,null,null,null,null,{"$f":"ROUND(-H60*10%,2)","v":-13.18},null,null,null,{"$f":"ROUND(-L60*10%,2)","v":-14.62},null,-1.4399999999999995,0.10925644916540209]
[null,"Total Bill on RPP (including OCEB)",null,null,null,null,null,{"$f":"SUM(H60:H61)","v":118.57681576000002},null,null,null,{"$f":"SUM(L60:L61)","v":131.56190479759999},null,12.985089037599977,0.10950782372063231]
[]
[null,"Total Bill on TOU (before Taxes)",null,null,null,null,null,{"$f":"SUM(H47:H51,H54:H56)","v":118.2527296},null,null,null,{"$f":"SUM(L47:L51,L54:L56)","v":131.02679190399999},null,{"$f":"L64-H64","v":12.774062303999997},{"$f":"IF((H64)=0,\"\",(N64/H64))","v":0.10802340332615881}]
[null,"HST",null,null,null,0.13,null,{"$f":"H64*F65","v":15.372854847999999},null,0.13,null,{"$f":"L64*J65","v":17.03348294752},null,1.6606280995200002,0.10802340332615884]
[null,"Total Bill (including HST)",null,null,null,null,null,{"$f":"H64+H65","v":133.62558444799998},null,null,null,{"$f":"L64+L65","v":148.06027485151998},null,14.434690403519994,0.1080234033261588]
[null,"Ontario Clean Energy Benefit 1",null,null,null,null,null,{"$f":"ROUND(-H66*10%,2)","v":-13.36},null,null,null,{"$f":"ROUND(-L66*10%,2)","v":-14.81},null,-1.4500000000000011,0.10853293413173661]
[null,"Total Bill on TOU (including OCEB)",null,null,null,null,null,{"$f":"H66+H67","v":120.26558444799998},null,null,null,{"$f":"L66+L67","v":133.25027485151998},null,12.984690403519991,0.10796680083598036]
[]
[]
[null,"Loss Factor (%)",null,null,null,4.6699999999999998E-2,null,null,null,4.5253000000000002E-2]
[]
["1 Applicable to eligible customers only.  Refer to the Ontario Clean Energy Benefit Act, 2010."]
[]
["Note that the \"Charge $\" columns provide breakdowns of the amounts that each bill component contributes to the total monthly bill at the referenced "]
["consumption level at existing and proposed rates."]
[]
["Applicants must provide bill impacts for residential at 800 kWh and GS<50kW at 2000 kWh. In addition, their filing should cover the range that is relevant"]
["to their service territory, class by class. A general guideline of consumption levels follows:"]
[]
["Residential (kWh) - 100, 250, 500, 800, 1000, 1500, 2000"]
["GS<50kW (kWh) - 1000, 2000, 5000, 10000, 15000"]
["GS>50kW (kW) - 60, 100, 500, 1000"]
["Large User - range appropriate for utility"]
["Lighting Classes and USL - 150 kWh and 1 kW, range appropriate for utility."]

{"sheet":"App.2-W_Bill Impact - Res 1000","index":46,"n_rows":85,"n_cols":20,"rows_kept":85,"cut":false,"hidden":false,"merged":[[67,1,67,3],[18,3,19,3],[18,13,19,13],[18,14,19,14],[60,1,60,3],[61,1,61,3],[66,1,66,3],[2,0,2,10],[9,1,9,14],[10,1,10,14],[13,3,13,14],[17,5,17,7],[17,9,17,11],[17,13,17,14]]}
[null,null,null,null,null,null,null,null,null,null,null,null,null,"File Number:",{"$f":"'LDC Info'!$E$18","v":"EB-2012-0175"},null,null,null,null,1]
[null,null,null,null,null,null,null,null,null,null,null,null,null,"Exhibit:"]
[null,null,null,null,null,null,null,null,null,null,null,null,null,"Tab:"]
[null,null,null,null,null,null,null,null,null,null,null,null,null,"Schedule:"]
[null,null,null,null,null,null,null,null,null,null,null,null,null,"Page:"]
[]
[null,null,null,null,null,null,null,null,null,null,null,null,null,"Date:"]
[]
[]
[null,"Appendix 2-W"]
[null,"Bill Impacts"]
[]
[]
[null,"Customer Class:",null,"Residential"]
[]
[null,null,null,"Consumption",null,1000," kWh"]
[]
[null,null,null,null,null,"Current Board-Approved",null,null,null,"Proposed",null,null,null,"Impact"]
[null,null,null,"Charge Unit",null,"Rate","Volume","Charge",null,"Rate","Volume","Charge",null,"$ Change","% Change"]
[null,null,null,null,null,"($)",null,"($)",null,"($)",null,"($)"]
[null,"Monthly Service Charge",null,"Monthly",null,14.2,1,{"$f":"G21*F21","v":14.2},null,17.670000000000002,1,{"$f":"K21*J21","v":17.670000000000002},null,{"$f":"L21-H21","v":3.4700000000000024},{"$f":"IF((H21)=0,\"\",(N21/H21))","v":0.24436619718309877}]
[null,"Smart Meter Rate Adder",null,null,null,null,1,{"$f":"G22*F22","v":0},null,null,1,{"$f":"K22*J22","v":0},null,{"$f":"L22-H22","v":0},{"$f":"IF((H22)=0,\"\",(N22/H22))","v":""}]
[null,null,null,null,null,null,1,0,null,null,1,{"$f":"K23*J23","v":0},null,{"$f":"L23-H23","v":0},{"$f":"IF((H23)=0,\"\",(N23/H23))","v":""}]
[null,null,null,null,null,null,1,0,null,null,1,0,null,0,""]
[null,null,null,null,null,null,1,0,null,null,1,0,null,0,""]
[null,null,null,null,null,null,1,0,null,null,1,0,null,0,""]
[null,"Distribution Volumetric Rate",null,"per kWh",null,1.84E-2,{"$f":"$F$16","v":1000},18.399999999999999,null,2.29E-2,{"$f":"$F$16","v":1000},22.9,null,4.5,0.24456521739130438]
[null,"Smart Meter Disposition Rider",null,"Monthly",null,null,{"$f":"$F$16","v":1000},0,null,0.83,1,0.83,null,0.83,""]
[null,"LRAM & SSM Rate Rider",null,"per kWh",null,1.4E-3,{"$f":"$F$16","v":1000},1.4,null,5.9999999999999995E-4,{"$f":"$F$16","v":1000},0.6,null,-0.79999999999999993,-0.5714285714285714]
[null,"Stranded Meter Recovery Rider",null,"Monthly",null,null,{"$f":"$F$16","v":1000},0,null,2.2999999999999998,1,2.2999999999999998,null,2.2999999999999998,""]
[null,"Extraordinary Event Recovery Rider",null,"Monthly",null,null,1000,0,null,1.1100000000000001,1,1.1100000000000001,null,1.1100000000000001,""]
[null,null,null,null,null,null,1000,0,null,null,1000,0,null,0,""]
[null,null,null,null,null,null,1000,0,null,null,1000,0,null,0,""]
[null,null,null,null,null,null,1000,0,null,null,1000,0,null,0,""]
[null,null,null,null,null,null,1000,0,null,null,1000,0,null,0,""]
[null,null,null,null,null,null,1000,0,null,null,1000,0,null,0,""]
[null,"Sub-Total A",null,null,null,null,null,{"$f":"SUM(H21:H36)","v":33.999999999999993},null,null,null,{"$f":"SUM(L21:L36)","v":45.41},null,11.410000000000004,0.3355882352941178]
[null,"Deferral/Variance Account Disposition Rate Rider",null,"per kWh",null,null,{"$f":"$F$16","v":1000},{"$f":"G38*F38","v":0},null,3.0999999999999999E-3,{"$f":"$F$16","v":1000},{"$f":"K38*J38","v":3.1},null,{"$f":"L38-H38","v":3.1},{"$f":"IF((H38)=0,\"\",(N38/H38))","v":""}]
[null,"Global Adjustment Variance Rider",null,"per kWh",null,null,{"$f":"$F$16","v":1000},{"$f":"G39*F39","v":0},null,-2E-3,{"$f":"$F$16","v":1000},{"$f":"K39*J39","v":-2},null,{"$f":"L39-H39","v":-2},{"$f":"IF((H39)=0,\"\",(N39/H39))","v":""}]
[null,null,null,null,null,null,1000,0,null,null,1000,0,null,0,""]
[null,null,null,null,null,null,1000,0,null,null,1000,0,null,0,""]
[null,"Low Voltage Service Charge",null,null,null,null,1000,{"$f":"G42*F42","v":0},null,null,1000,{"$f":"K42*J42","v":0},null,{"$f":"L42-H42","v":0},{"$f":"IF((H42)=0,\"\",(N42/H42))","v":""}]
[null,"Smart Meter Entity Charge",null,null,null,null,null,null,null,null,1000,{"$f":"K43*J43","v":0},null,{"$f":"L43-H43","v":0}]
[null,"Sub-Total B - Distribution (includes Sub-Total A)",null,null,null,null,null,{"$f":"SUM(H38:H42)+H37","v":33.999999999999993},null,null,null,{"$f":"SUM(L38:L42)+L37","v":46.51},null,{"$f":"L44-H44","v":12.510000000000005},{"$f":"IF((H44)=0,\"\",(N44/H44))","v":0.36794117647058844}]
[null,"RTSR - Network",null,"per kWh",null,6.3E-3,{"$f":"F16*(1+F71)","v":1046.7},{"$f":"G45*F45","v":6.5942100000000003},null,7.1999999999999998E-3,{"$f":"F16*(1+J71)","v":1045.2529999999999},{"$f":"K45*J45","v":7.5258215999999996},null,0.93161159999999921,0.14127721137179422]
[null,"RTSR - Line and Transformation Connection",null,"per kWh",null,5.1000000000000004E-3,{"$f":"G45","v":1046.7},{"$f":"G46*F46","v":5.3381700000000007},null,5.7999999999999996E-3,{"$f":"K45","v":1045.2529999999999},{"$f":"K46*J46","v":6.0624673999999992},null,0.72429739999999843,0.13568271523761857]
[null,"Sub-Total C - Delivery (including Sub-Total B)",null,null,null,null,null,{"$f":"SUM(H44:H46)","v":45.932379999999988},null,null,null,{"$f":"SUM(L44:L46)","v":60.098288999999994},null,14.165909000000006,0.30840790309581195]
[null,"Wholesale Market Service Charge (WMSC)",null,"per kWh",null,5.1999999999999998E-3,{"$f":"G46","v":1046.7},{"$f":"G48*F48","v":5.4428400000000003},null,5.1999999999999998E-3,{"$f":"K46","v":1045.2529999999999},{"$f":"K48*J48","v":5.4353155999999991},null,-7.5244000000012079E-3,-1.3824400496801684E-3]
[null,"Rural and Remote Rate Protection (RRRP)",null,"per kWh",null,1.1000000000000001E-3,{"$f":"G46","v":1046.7},1.1513700000000002,null,1.1000000000000001E-3,{"$f":"K46","v":1045.2529999999999},1.1497782999999999,null,-1.5917000000003068E-3,-1.3824400496802126E-3]
[null,"Standard Supply Service Charge",null,"Monthly",null,0.25,1,0.25,null,0.25,1,0.25,null,0,0]
[null,"Debt Retirement Charge (DRC)",null,"per kWh",null,7.0000000000000001E-3,{"$f":"F16","v":1000},7,null,7.0000000000000001E-3,{"$f":"F16","v":1000},7,null,0,0]
[null,"Energy - RPP - Tier 1",null,null,null,7.4999999999999997E-2,{"$f":"IF($T$1=1,IF($F$16>=600,600,IF($F$16<600,$F$16*(1+$F$71),$F$16-600)),IF($T$1=2,IF($F$16>=1000,1000,IF($F$16<1000,$F$16*(1+$F$71),$F$16-1000))))","v":600},{"$f":"G52*F52","v":45},null,7.4999999999999997E-2,{"$f":"IF($T$1=1,IF($F$16>=600,600,IF($F$16<600,$F$16*(1+$J$71),$F$16-600)),IF($T$1=2,IF($F$16>=1000,1000,IF($F$16<1000,$F$16*(1+$J$71),$F$16-1000))))","v":600},{"$f":"K52*J52","v":45},null,0,0]
[null,"Energy - RPP - Tier 2",null,null,null,8.7999999999999995E-2,{"$f":"IF($T$1=1,IF($F$16>=600,$F$16*(1+$F$71)-600,IF($F$16<600,0,)), IF($T$1=2,IF($F$16>=1000,$F$16*(1+$F$71)-1000,IF($F$16<1000,0))))","v":446.70000000000005},{"$f":"G53*F53","v":39.309600000000003},null,8.7999999999999995E-2,{"$f":"IF($T$1=1,IF($F$16>=600,$F$16*(1+$J$71)-600,IF($F$16<600,0,)), IF($T$1=2,IF($F$16>=1000,$F$16*(1+$J$71)-1000,IF($F$16<1000,0))))","v":445.25299999999993},{"$f":"K53*J53","v":39.182263999999989},null,-0.12733600000001388,-3.2393104992168294E-3]
[null,"TOU - Off Peak",null,null,null,6.5000000000000002E-2,{"$f":"0.64*$F$16*(1+$F$71)","v":669.88799999999992},43.542719999999996,null,6.5000000000000002E-2,{"$f":"0.64*$F$16*(1+$J$71)","v":668.96191999999996},43.4825248,null,-6.0195199999995452E-2,-1.3824400496798422E-3]
[null,"TOU - Mid Peak",null,null,null,0.1,{"$f":"0.18*$F$16*(1+$F$71)","v":188.40600000000001},18.840600000000002,null,0.1,{"$f":"0.18*$F$16*(1+$J$71)","v":188.14554000000001},18.814554000000001,null,-2.6046000000000902E-2,-1.3824400496799942E-3]
[null,"TOU - On Peak",null,null,null,0.11700000000000001,{"$f":"0.18*$F$16*(1+$F$71)","v":188.40600000000001},22.043502000000004,null,0.11700000000000001,{"$f":"0.18*$F$16*(1+$J$71)","v":188.14554000000001},22.013028180000003,null,-3.0473820000000984E-2,-1.382440049679991E-3]
[]
[null,"Total Bill on RPP (before Taxes)",null,null,null,null,null,{"$f":"SUM(H47:H53)","v":144.08618999999999},null,null,null,{"$f":"SUM(L47:L53)","v":158.11564689999997},null,14.029456899999985,9.7368504920561691E-2]
[null,"HST",null,null,null,0.13,null,{"$f":"H58*F59","v":18.731204699999999},null,0.13,null,{"$f":"L58*J59","v":20.555034096999997},null,1.8238293969999972,9.7368504920561635E-2]
[null,"Total Bill (including HST)",null,null,null,null,null,{"$f":"H58+H59","v":162.81739469999999},null,null,null,{"$f":"L58+L59","v":178.67068099699998},null,15.853286296999983,9.7368504920561677E-2]
[null,"Ontario Clean Energy Benefit 1",null,null,null,null,null,{"$f":"ROUND(-H60*10%,2)","v":-16.28},null,null,null,{"$f":"ROUND(-L60*10%,2)","v":-17.87},null,-1.5899999999999999,9.7665847665847655E-2]
[null,"Total Bill on RPP (including OCEB)",null,null,null,null,null,{"$f":"SUM(H60:H61)","v":146.53739469999999},null,null,null,{"$f":"SUM(L60:L61)","v":160.80068099699997},null,14.263286296999979,9.7335470759532888E-2]
[]
[null,"Total Bill on TOU (before Taxes)",null,null,null,null,null,{"$f":"SUM(H47:H51,H54:H56)","v":144.20341199999996},null,null,null,{"$f":"SUM(L47:L51,L54:L56)","v":158.24348987999997},null,{"$f":"L64-H64","v":14.040077880000013},{"$f":"IF((H64)=0,\"\",(N64/H64))","v":9.7363007471695726E-2}]
[null,"HST",null,null,null,0.13,null,{"$f":"H64*F65","v":18.746443559999996},null,0.13,null,{"$f":"L64*J65","v":20.571653684399998},null,1.8252101244000016,9.7363007471695712E-2]
[null,"Total Bill (including HST)",null,null,null,null,null,{"$f":"H64+H65","v":162.94985555999995},null,null,null,{"$f":"L64+L65","v":178.81514356439996},null,15.865288004400014,9.7363007471695726E-2]
[null,"Ontario Clean Energy Benefit 1",null,null,null,null,null,{"$f":"ROUND(-H66*10%,2)","v":-16.29},null,null,null,{"$f":"ROUND(-L66*10%,2)","v":-17.88},null,-1.5899999999999999,9.7605893186003684E-2]
[null,"Total Bill on TOU (including OCEB)",null,null,null,null,null,{"$f":"H66+H67","v":146.65985555999995},null,null,null,{"$f":"L66+L67","v":160.93514356439997},null,14.275288004400011,9.7336029344170835E-2]
[]
[]
[null,"Loss Factor (%)",null,null,null,4.6699999999999998E-2,null,null,null,4.5253000000000002E-2]
[]
["1 Applicable to eligible customers only.  Refer to the Ontario Clean Energy Benefit Act, 2010."]
[]
["Note that the \"Charge $\" columns provide breakdowns of the amounts that each bill component contributes to the total monthly bill at the referenced "]
["consumption level at existing and proposed rates."]
[]
["Applicants must provide bill impacts for residential at 800 kWh and GS<50kW at 2000 kWh. In addition, their filing should cover the range that is relevant"]
["to their service territory, class by class. A general guideline of consumption levels follows:"]
[]
["Residential (kWh) - 100, 250, 500, 800, 1000, 1500, 2000"]
["GS<50kW (kWh) - 1000, 2000, 5000, 10000, 15000"]
["GS>50kW (kW) - 60, 100, 500, 1000"]
["Large User - range appropriate for utility"]
["Lighting Classes and USL - 150 kWh and 1 kW, range appropriate for utility."]

{"sheet":"App.2-W_Bill Impact - Res 1500","index":47,"n_rows":85,"n_cols":20,"rows_kept":85,"cut":false,"hidden":false,"merged":[[67,1,67,3],[18,3,19,3],[18,13,19,13],[18,14,19,14],[60,1,60,3],[61,1,61,3],[66,1,66,3],[2,0,2,10],[9,1,9,14],[10,1,10,14],[13,3,13,14],[17,5,17,7],[17,9,17,11],[17,13,17,14]]}
[null,null,null,null,null,null,null,null,null,null,null,null,null,"File Number:",{"$f":"'LDC Info'!$E$18","v":"EB-2012-0175"},null,null,null,null,1]
[null,null,null,null,null,null,null,null,null,null,null,null,null,"Exhibit:"]
[null,null,null,null,null,null,null,null,null,null,null,null,null,"Tab:"]
[null,null,null,null,null,null,null,null,null,null,null,null,null,"Schedule:"]
[null,null,null,null,null,null,null,null,null,null,null,null,null,"Page:"]
[]
[null,null,null,null,null,null,null,null,null,null,null,null,null,"Date:"]
[]
[]
[null,"Appendix 2-W"]
[null,"Bill Impacts"]
[]
[]
[null,"Customer Class:",null,"Residential"]
[]
[null,null,null,"Consumption",null,1500," kWh"]
[]
[null,null,null,null,null,"Current Board-Approved",null,null,null,"Proposed",null,null,null,"Impact"]
[null,null,null,"Charge Unit",null,"Rate","Volume","Charge",null,"Rate","Volume","Charge",null,"$ Change","% Change"]
[null,null,null,null,null,"($)",null,"($)",null,"($)",null,"($)"]
[null,"Monthly Service Charge",null,"Monthly",null,14.2,1,{"$f":"G21*F21","v":14.2},null,17.670000000000002,1,{"$f":"K21*J21","v":17.670000000000002},null,{"$f":"L21-H21","v":3.4700000000000024},{"$f":"IF((H21)=0,\"\",(N21/H21))","v":0.24436619718309877}]
[null,"Smart Meter Rate Adder",null,null,null,null,1,{"$f":"G22*F22","v":0},null,null,1,{"$f":"K22*J22","v":0},null,{"$f":"L22-H22","v":0},{"$f":"IF((H22)=0,\"\",(N22/H22))","v":""}]
[null,null,null,null,null,null,1,0,null,null,1,{"$f":"K23*J23","v":0},null,{"$f":"L23-H23","v":0},{"$f":"IF((H23)=0,\"\",(N23/H23))","v":""}]
[null,null,null,null,null,null,1,0,null,null,1,0,null,0,""]
[null,null,null,null,null,null,1,0,null,null,1,0,null,0,""]
[null,null,null,null,null,null,1,0,null,null,1,0,null,0,""]
[null,"Distribution Volumetric Rate",null,"per kWh",null,1.84E-2,{"$f":"$F$16","v":1500},27.599999999999998,null,2.29E-2,{"$f":"$F$16","v":1500},34.35,null,6.7500000000000036,0.24456521739130449]
[null,"Smart Meter Disposition Rider",null,"Monthly",null,null,{"$f":"$F$16","v":1500},0,null,0.83,1,0.83,null,0.83,""]
[null,"LRAM & SSM Rate Rider",null,"per kWh",null,1.4E-3,{"$f":"$F$16","v":1500},2.1,null,5.9999999999999995E-4,{"$f":"$F$16","v":1500},0.89999999999999991,null,-1.2000000000000002,-0.57142857142857151]
[null,"Stranded Meter Recovery Rider",null,"Monthly",null,null,{"$f":"$F$16","v":1500},0,null,2.2999999999999998,1,2.2999999999999998,null,2.2999999999999998,""]
[null,"Extraordinary Event Recovery Rider",null,"Monthly",null,null,1500,0,null,1.1100000000000001,1,1.1100000000000001,null,1.1100000000000001,""]
[null,null,null,null,null,null,1500,0,null,null,1500,0,null,0,""]
[null,null,null,null,null,null,1500,0,null,null,1500,0,null,0,""]
[null,null,null,null,null,null,1500,0,null,null,1500,0,null,0,""]
[null,null,null,null,null,null,1500,0,null,null,1500,0,null,0,""]
[null,null,null,null,null,null,1500,0,null,null,1500,0,null,0,""]
[null,"Sub-Total A",null,null,null,null,null,{"$f":"SUM(H21:H36)","v":43.9},null,null,null,{"$f":"SUM(L21:L36)","v":57.16},null,13.259999999999998,0.30205011389521635]
[null,"Deferral/Variance Account Disposition Rate Rider",null,"per kWh",null,null,{"$f":"$F$16","v":1500},{"$f":"G38*F38","v":0},null,3.0999999999999999E-3,{"$f":"$F$16","v":1500},{"$f":"K38*J38","v":4.6499999999999995},null,{"$f":"L38-H38","v":4.6499999999999995},{"$f":"IF((H38)=0,\"\",(N38/H38))","v":""}]
[null,"Global Adjustment Variance Rider",null,"per kWh",null,null,{"$f":"$F$16","v":1500},{"$f":"G39*F39","v":0},null,-2E-3,{"$f":"$F$16","v":1500},{"$f":"K39*J39","v":-3},null,{"$f":"L39-H39","v":-3},{"$f":"IF((H39)=0,\"\",(N39/H39))","v":""}]
[null,null,null,null,null,null,1500,0,null,null,1500,0,null,0,""]
[null,null,null,null,null,null,1500,0,null,null,1500,0,null,0,""]
[null,"Low Voltage Service Charge",null,null,null,null,1500,{"$f":"G42*F42","v":0},null,null,1500,{"$f":"K42*J42","v":0},null,{"$f":"L42-H42","v":0},{"$f":"IF((H42)=0,\"\",(N42/H42))","v":""}]
[null,"Smart Meter Entity Charge",null,null,null,null,null,null,null,null,1500,{"$f":"K43*J43","v":0},null,{"$f":"L43-H43","v":0}]
[null,"Sub-Total B - Distribution (includes Sub-Total A)",null,null,null,null,null,{"$f":"SUM(H38:H42)+H37","v":43.9},null,null,null,{"$f":"SUM(L38:L42)+L37","v":58.809999999999995},null,{"$f":"L44-H44","v":14.909999999999997},{"$f":"IF((H44)=0,\"\",(N44/H44))","v":0.339635535307517}]
[null,"RTSR - Network",null,"per kWh",null,6.3E-3,{"$f":"F16*(1+F71)","v":1570.05},{"$f":"G45*F45","v":9.8913150000000005},null,7.1999999999999998E-3,{"$f":"F16*(1+J71)","v":1567.8795},{"$f":"K45*J45","v":11.288732399999999},null,1.3974173999999984,0.14127721137179416]
[null,"RTSR - Line and Transformation Connection",null,"per kWh",null,5.1000000000000004E-3,{"$f":"G45","v":1570.05},{"$f":"G46*F46","v":8.0072550000000007},null,5.7999999999999996E-3,{"$f":"K45","v":1567.8795},{"$f":"K46*J46","v":9.0937010999999988},null,1.0864460999999981,0.13568271523761863]
[null,"Sub-Total C - Delivery (including Sub-Total B)",null,null,null,null,null,{"$f":"SUM(H44:H46)","v":61.798569999999998},null,null,null,{"$f":"SUM(L44:L46)","v":79.192433499999993},null,17.393863499999995,0.28146061470354405]
[null,"Wholesale Market Service Charge (WMSC)",null,"per kWh",null,5.1999999999999998E-3,{"$f":"G46","v":1570.05},{"$f":"G48*F48","v":8.1642599999999987},null,5.1999999999999998E-3,{"$f":"K46","v":1567.8795},{"$f":"K48*J48","v":8.1529734000000005},null,-1.1286599999998259E-2,-1.3824400496797334E-3]
[null,"Rural and Remote Rate Protection (RRRP)",null,"per kWh",null,1.1000000000000001E-3,{"$f":"G46","v":1570.05},1.727055,null,1.1000000000000001E-3,{"$f":"K46","v":1567.8795},1.7246674500000001,null,-2.387549999999905E-3,-1.3824400496798915E-3]
[null,"Standard Supply Service Charge",null,"Monthly",null,0.25,1,0.25,null,0.25,1,0.25,null,0,0]
[null,"Debt Retirement Charge (DRC)",null,"per kWh",null,7.0000000000000001E-3,{"$f":"F16","v":1500},10.5,null,7.0000000000000001E-3,{"$f":"F16","v":1500},10.5,null,0,0]
[null,"Energy - RPP - Tier 1",null,null,null,7.4999999999999997E-2,{"$f":"IF($T$1=1,IF($F$16>=600,600,IF($F$16<600,$F$16*(1+$F$71),$F$16-600)),IF($T$1=2,IF($F$16>=1000,1000,IF($F$16<1000,$F$16*(1+$F$71),$F$16-1000))))","v":600},{"$f":"G52*F52","v":45},null,7.4999999999999997E-2,{"$f":"IF($T$1=1,IF($F$16>=600,600,IF($F$16<600,$F$16*(1+$J$71),$F$16-600)),IF($T$1=2,IF($F$16>=1000,1000,IF($F$16<1000,$F$16*(1+$J$71),$F$16-1000))))","v":600},{"$f":"K52*J52","v":45},null,0,0]
[null,"Energy - RPP - Tier 2",null,null,null,8.7999999999999995E-2,{"$f":"IF($T$1=1,IF($F$16>=600,$F$16*(1+$F$71)-600,IF($F$16<600,0,)), IF($T$1=2,IF($F$16>=1000,$F$16*(1+$F$71)-1000,IF($F$16<1000,0))))","v":970.05},{"$f":"G53*F53","v":85.364399999999989},null,8.7999999999999995E-2,{"$f":"IF($T$1=1,IF($F$16>=600,$F$16*(1+$J$71)-600,IF($F$16<600,0,)), IF($T$1=2,IF($F$16>=1000,$F$16*(1+$J$71)-1000,IF($F$16<1000,0))))","v":967.87950000000001},{"$f":"K53*J53","v":85.173395999999997},null,-0.1910039999999924,-2.2375135302303119E-3]
[null,"TOU - Off Peak",null,null,null,6.5000000000000002E-2,{"$f":"0.64*$F$16*(1+$F$71)","v":1004.832},65.314080000000004,null,6.5000000000000002E-2,{"$f":"0.64*$F$16*(1+$J$71)","v":1003.4428799999999},65.223787200000004,null,-9.0292800000000284E-2,-1.3824400496799507E-3]
[null,"TOU - Mid Peak",null,null,null,0.1,{"$f":"0.18*$F$16*(1+$F$71)","v":282.60899999999998},28.260899999999999,null,0.1,{"$f":"0.18*$F$16*(1+$J$71)","v":282.21830999999997},28.221830999999998,null,-3.9069000000001353E-2,-1.3824400496799945E-3]
[null,"TOU - On Peak",null,null,null,0.11700000000000001,{"$f":"0.18*$F$16*(1+$F$71)","v":282.60899999999998},33.065252999999998,null,0.11700000000000001,{"$f":"0.18*$F$16*(1+$J$71)","v":282.21830999999997},33.019542270000002,null,-4.5710729999996147E-2,-1.3824400496798301E-3]
[]
[null,"Total Bill on RPP (before Taxes)",null,null,null,null,null,{"$f":"SUM(H47:H53)","v":212.80428499999999},null,null,null,{"$f":"SUM(L47:L53)","v":229.99347035},null,17.189185350000002,8.077462044526032E-2]
[null,"HST",null,null,null,0.13,null,{"$f":"H58*F59","v":27.664557049999999},null,0.13,null,{"$f":"L58*J59","v":29.899151145499999},null,2.2345940955000003,8.077462044526032E-2]
[null,"Total Bill (including HST)",null,null,null,null,null,{"$f":"H58+H59","v":240.46884204999998},null,null,null,{"$f":"L58+L59","v":259.89262149550001},null,19.423779445500031,8.0774620445260445E-2]
[null,"Ontario Clean Energy Benefit 1",null,null,null,null,null,{"$f":"ROUND(-H60*10%,2)","v":-24.05},null,null,null,{"$f":"ROUND(-L60*10%,2)","v":-25.99},null,-1.9399999999999977,8.0665280665280573E-2]
[null,"Total Bill on RPP (including OCEB)",null,null,null,null,null,{"$f":"SUM(H60:H61)","v":216.41884204999997},null,null,null,{"$f":"SUM(L60:L61)","v":233.9026214955},null,17.483779445500033,8.0786771058781917E-2]
[]
[null,"Total Bill on TOU (before Taxes)",null,null,null,null,null,{"$f":"SUM(H47:H51,H54:H56)","v":209.08011799999997},null,null,null,{"$f":"SUM(L47:L51,L54:L56)","v":226.28523482000003},null,{"$f":"L64-H64","v":17.205116820000057},{"$f":"IF((H64)=0,\"\",(N64/H64))","v":8.2289588242914893E-2}]
[null,"HST",null,null,null,0.13,null,{"$f":"H64*F65","v":27.180415339999996},null,0.13,null,{"$f":"L64*J65","v":29.417080526600003},null,2.2366651866000069,8.228958824291488E-2]
[null,"Total Bill (including HST)",null,null,null,null,null,{"$f":"H64+H65","v":236.26053333999997},null,null,null,{"$f":"L64+L65","v":255.70231534660002},null,19.44178200660005,8.2289588242914838E-2]
[null,"Ontario Clean Energy Benefit 1",null,null,null,null,null,{"$f":"ROUND(-H66*10%,2)","v":-23.63},null,null,null,{"$f":"ROUND(-L66*10%,2)","v":-25.57},null,-1.9400000000000013,8.2099026661024185E-2]
[null,"Total Bill on TOU (including OCEB)",null,null,null,null,null,{"$f":"H66+H67","v":212.63053333999997},null,null,null,{"$f":"L66+L67","v":230.13231534660002},null,17.501782006600052,8.2310765682059375E-2]
[]
[]
[null,"Loss Factor (%)",null,null,null,4.6699999999999998E-2,null,null,null,4.5253000000000002E-2]
[]
["1 Applicable to eligible customers only.  Refer to the Ontario Clean Energy Benefit Act, 2010."]
[]
["Note that the \"Charge $\" columns provide breakdowns of the amounts that each bill component contributes to the total monthly bill at the referenced "]
["consumption level at existing and proposed rates."]
[]
["Applicants must provide bill impacts for residential at 800 kWh and GS<50kW at 2000 kWh. In addition, their filing should cover the range that is relevant"]
["to their service territory, class by class. A general guideline of consumption levels follows:"]
[]
["Residential (kWh) - 100, 250, 500, 800, 1000, 1500, 2000"]
["GS<50kW (kWh) - 1000, 2000, 5000, 10000, 15000"]
["GS>50kW (kW) - 60, 100, 500, 1000"]
["Large User - range appropriate for utility"]
["Lighting Classes and USL - 150 kWh and 1 kW, range appropriate for utility."]

{"sheet":"App.2-W_Bill Impact - Res 2000","index":48,"n_rows":85,"n_cols":20,"rows_kept":85,"cut":false,"hidden":false,"merged":[[67,1,67,3],[18,3,19,3],[18,13,19,13],[18,14,19,14],[60,1,60,3],[61,1,61,3],[66,1,66,3],[2,0,2,10],[9,1,9,14],[10,1,10,14],[13,3,13,14],[17,5,17,7],[17,9,17,11],[17,13,17,14]]}
[null,null,null,null,null,null,null,null,null,null,null,null,null,"File Number:",{"$f":"'LDC Info'!$E$18","v":"EB-2012-0175"},null,null,null,null,1]
[null,null,null,null,null,null,null,null,null,null,null,null,null,"Exhibit:"]
[null,null,null,null,null,null,null,null,null,null,null,null,null,"Tab:"]
[null,null,null,null,null,null,null,null,null,null,null,null,null,"Schedule:"]
[null,null,null,null,null,null,null,null,null,null,null,null,null,"Page:"]
[]
[null,null,null,null,null,null,null,null,null,null,null,null,null,"Date:"]
[]
[]
[null,"Appendix 2-W"]
[null,"Bill Impacts"]
[]
[]
[null,"Customer Class:",null,"Residential"]
[]
[null,null,null,"Consumption",null,2000," kWh"]
[]
[null,null,null,null,null,"Current Board-Approved",null,null,null,"Proposed",null,null,null,"Impact"]
[null,null,null,"Charge Unit",null,"Rate","Volume","Charge",null,"Rate","Volume","Charge",null,"$ Change","% Change"]
[null,null,null,null,null,"($)",null,"($)",null,"($)",null,"($)"]
[null,"Monthly Service Charge",null,"Monthly",null,14.2,1,{"$f":"G21*F21","v":14.2},null,17.670000000000002,1,{"$f":"K21*J21","v":17.670000000000002},null,{"$f":"L21-H21","v":3.4700000000000024},{"$f":"IF((H21)=0,\"\",(N21/H21))","v":0.24436619718309877}]
[null,"Smart Meter Rate Adder",null,null,null,null,1,{"$f":"G22*F22","v":0},null,null,1,{"$f":"K22*J22","v":0},null,{"$f":"L22-H22","v":0},{"$f":"IF((H22)=0,\"\",(N22/H22))","v":""}]
[null,null,null,null,null,null,1,0,null,null,1,{"$f":"K23*J23","v":0},null,{"$f":"L23-H23","v":0},{"$f":"IF((H23)=0,\"\",(N23/H23))","v":""}]
[null,null,null,null,null,null,1,0,null,null,1,0,null,0,""]
[null,null,null,null,null,null,1,0,null,null,1,0,null,0,""]
[null,null,null,null,null,null,1,0,null,null,1,0,null,0,""]
[null,"Distribution Volumetric Rate",null,"per kWh",null,1.84E-2,{"$f":"$F$16","v":2000},36.799999999999997,null,2.29E-2,{"$f":"$F$16","v":2000},45.8,null,9,0.24456521739130438]
[null,"Smart Meter Disposition Rider",null,"Monthly",null,null,{"$f":"$F$16","v":2000},0,null,0.83,1,0.83,null,0.83,""]
[null,"LRAM & SSM Rate Rider",null,"per kWh",null,1.4E-3,{"$f":"$F$16","v":2000},2.8,null,5.9999999999999995E-4,{"$f":"$F$16","v":2000},1.2,null,-1.5999999999999999,-0.5714285714285714]
[null,"Stranded Meter Recovery Rider",null,"Monthly",null,null,{"$f":"$F$16","v":2000},0,null,2.2999999999999998,1,2.2999999999999998,null,2.2999999999999998,""]
[null,"Extraordinary Event Recovery Rider",null,"Monthly",null,null,2000,0,null,1.1100000000000001,1,1.1100000000000001,null,1.1100000000000001,""]
[null,null,null,null,null,null,2000,0,null,null,2000,0,null,0,""]
[null,null,null,null,null,null,2000,0,null,null,2000,0,null,0,""]
[null,null,null,null,null,null,2000,0,null,null,2000,0,null,0,""]
[null,null,null,null,null,null,2000,0,null,null,2000,0,null,0,""]
[null,null,null,null,null,null,2000,0,null,null,2000,0,null,0,""]
[null,"Sub-Total A",null,null,null,null,null,{"$f":"SUM(H21:H36)","v":53.8},null,null,null,{"$f":"SUM(L21:L36)","v":68.91},null,15.11,0.28085501858736062]
[null,"Deferral/Variance Account Disposition Rate Rider",null,"per kWh",null,null,{"$f":"$F$16","v":2000},{"$f":"G38*F38","v":0},null,3.0999999999999999E-3,{"$f":"$F$16","v":2000},{"$f":"K38*J38","v":6.2},null,{"$f":"L38-H38","v":6.2},{"$f":"IF((H38)=0,\"\",(N38/H38))","v":""}]
[null,"Global Adjustment Variance Rider",null,"per kWh",null,null,{"$f":"$F$16","v":2000},{"$f":"G39*F39","v":0},null,-2E-3,{"$f":"$F$16","v":2000},{"$f":"K39*J39","v":-4},null,{"$f":"L39-H39","v":-4},{"$f":"IF((H39)=0,\"\",(N39/H39))","v":""}]
[null,null,null,null,null,null,2000,0,null,null,2000,0,null,0,""]
[null,null,null,null,null,null,2000,0,null,null,2000,0,null,0,""]
[null,"Low Voltage Service Charge",null,null,null,null,2000,{"$f":"G42*F42","v":0},null,null,2000,{"$f":"K42*J42","v":0},null,{"$f":"L42-H42","v":0},{"$f":"IF((H42)=0,\"\",(N42/H42))","v":""}]
[null,"Smart Meter Entity Charge",null,null,null,null,null,null,null,null,2000,{"$f":"K43*J43","v":0},null,{"$f":"L43-H43","v":0}]
[null,"Sub-Total B - Distribution (includes Sub-Total A)",null,null,null,null,null,{"$f":"SUM(H38:H42)+H37","v":53.8},null,null,null,{"$f":"SUM(L38:L42)+L37","v":71.11},null,{"$f":"L44-H44","v":17.310000000000002},{"$f":"IF((H44)=0,\"\",(N44/H44))","v":0.32174721189591082}]
[null,"RTSR - Network",null,"per kWh",null,6.3E-3,{"$f":"F16*(1+F71)","v":2093.4},{"$f":"G45*F45","v":13.188420000000001},null,7.1999999999999998E-3,{"$f":"F16*(1+J71)","v":2090.5059999999999},{"$f":"K45*J45","v":15.051643199999999},null,1.8632231999999984,0.14127721137179422]
[null,"RTSR - Line and Transformation Connection",null,"per kWh",null,5.1000000000000004E-3,{"$f":"G45","v":2093.4},{"$f":"G46*F46","v":10.676340000000001},null,5.7999999999999996E-3,{"$f":"K45","v":2090.5059999999999},{"$f":"K46*J46","v":12.124934799999998},null,1.4485947999999969,0.13568271523761857]
[null,"Sub-Total C - Delivery (including Sub-Total B)",null,null,null,null,null,{"$f":"SUM(H44:H46)","v":77.664759999999987},null,null,null,{"$f":"SUM(L44:L46)","v":98.286577999999992},null,20.621818000000005,0.26552348838778372]
[null,"Wholesale Market Service Charge (WMSC)",null,"per kWh",null,5.1999999999999998E-3,{"$f":"G46","v":2093.4},{"$f":"G48*F48","v":10.885680000000001},null,5.1999999999999998E-3,{"$f":"K46","v":2090.5059999999999},{"$f":"K48*J48","v":10.870631199999998},null,-1.5048800000002416E-2,-1.3824400496801684E-3]
[null,"Rural and Remote Rate Protection (RRRP)",null,"per kWh",null,1.1000000000000001E-3,{"$f":"G46","v":2093.4},2.3027400000000005,null,1.1000000000000001E-3,{"$f":"K46","v":2090.5059999999999},2.2995565999999998,null,-3.1834000000006135E-3,-1.3824400496802126E-3]
[null,"Standard Supply Service Charge",null,"Monthly",null,0.25,1,0.25,null,0.25,1,0.25,null,0,0]
[null,"Debt Retirement Charge (DRC)",null,"per kWh",null,7.0000000000000001E-3,{"$f":"F16","v":2000},14,null,7.0000000000000001E-3,{"$f":"F16","v":2000},14,null,0,0]
[null,"Energy - RPP - Tier 1",null,null,null,7.4999999999999997E-2,{"$f":"IF($T$1=1,IF($F$16>=600,600,IF($F$16<600,$F$16*(1+$F$71),$F$16-600)),IF($T$1=2,IF($F$16>=1000,1000,IF($F$16<1000,$F$16*(1+$F$71),$F$16-1000))))","v":600},{"$f":"G52*F52","v":45},null,7.4999999999999997E-2,{"$f":"IF($T$1=1,IF($F$16>=600,600,IF($F$16<600,$F$16*(1+$J$71),$F$16-600)),IF($T$1=2,IF($F$16>=1000,1000,IF($F$16<1000,$F$16*(1+$J$71),$F$16-1000))))","v":600},{"$f":"K52*J52","v":45},null,0,0]
[null,"Energy - RPP - Tier 2",null,null,null,8.7999999999999995E-2,{"$f":"IF($T$1=1,IF($F$16>=600,$F$16*(1+$F$71)-600,IF($F$16<600,0,)), IF($T$1=2,IF($F$16>=1000,$F$16*(1+$F$71)-1000,IF($F$16<1000,0))))","v":1493.4},{"$f":"G53*F53","v":131.41919999999999},null,8.7999999999999995E-2,{"$f":"IF($T$1=1,IF($F$16>=600,$F$16*(1+$J$71)-600,IF($F$16<600,0,)), IF($T$1=2,IF($F$16>=1000,$F$16*(1+$J$71)-1000,IF($F$16<1000,0))))","v":1490.5059999999999},{"$f":"K53*J53","v":131.16452799999999},null,-0.25467199999999934,-1.9378599169679878E-3]
[null,"TOU - Off Peak",null,null,null,6.5000000000000002E-2,{"$f":"0.64*$F$16*(1+$F$71)","v":1339.7759999999998},87.085439999999991,null,6.5000000000000002E-2,{"$f":"0.64*$F$16*(1+$J$71)","v":1337.9238399999999},86.9650496,null,-0.1203903999999909,-1.3824400496798422E-3]
[null,"TOU - Mid Peak",null,null,null,0.1,{"$f":"0.18*$F$16*(1+$F$71)","v":376.81200000000001},37.681200000000004,null,0.1,{"$f":"0.18*$F$16*(1+$J$71)","v":376.29108000000002},37.629108000000002,null,-5.2092000000001804E-2,-1.3824400496799942E-3]
[null,"TOU - On Peak",null,null,null,0.11700000000000001,{"$f":"0.18*$F$16*(1+$F$71)","v":376.81200000000001},44.087004000000007,null,0.11700000000000001,{"$f":"0.18*$F$16*(1+$J$71)","v":376.29108000000002},44.026056360000005,null,-6.0947640000001968E-2,-1.382440049679991E-3]
[]
[null,"Total Bill on RPP (before Taxes)",null,null,null,null,null,{"$f":"SUM(H47:H53)","v":281.52238},null,null,null,{"$f":"SUM(L47:L53)","v":301.87129379999999},null,20.348913799999991,7.228169142360899E-2]
[null,"HST",null,null,null,0.13,null,{"$f":"H58*F59","v":36.597909399999999},null,0.13,null,{"$f":"L58*J59","v":39.243268194000002},null,2.6453587940000034,7.2281691423609115E-2]
[null,"Total Bill (including HST)",null,null,null,null,null,{"$f":"H58+H59","v":318.12028939999999},null,null,null,{"$f":"L58+L59","v":341.11456199399998},null,22.994272593999995,7.2281691423609004E-2]
[null,"Ontario Clean Energy Benefit 1",null,null,null,null,null,{"$f":"ROUND(-H60*10%,2)","v":-31.81},null,null,null,{"$f":"ROUND(-L60*10%,2)","v":-34.11},null,-2.3000000000000007,7.2304306821754191E-2]
[null,"Total Bill on RPP (including OCEB)",null,null,null,null,null,{"$f":"SUM(H60:H61)","v":286.31028939999999},null,null,null,{"$f":"SUM(L60:L61)","v":307.00456199399997},null,20.694272593999983,7.2279178779664152E-2]
[]
[null,"Total Bill on TOU (before Taxes)",null,null,null,null,null,{"$f":"SUM(H47:H51,H54:H56)","v":273.95682399999998},null,null,null,{"$f":"SUM(L47:L51,L54:L56)","v":294.32697975999997},null,{"$f":"L64-H64","v":20.370155759999989},{"$f":"IF((H64)=0,\"\",(N64/H64))","v":7.4355350827106939E-2}]
[null,"HST",null,null,null,0.13,null,{"$f":"H64*F65","v":35.614387119999996},null,0.13,null,{"$f":"L64*J65","v":38.262507368799994},null,2.648120248799998,7.4355350827106925E-2]
[null,"Total Bill (including HST)",null,null,null,null,null,{"$f":"H64+H65","v":309.57121111999999},null,null,null,{"$f":"L64+L65","v":332.58948712879999},null,23.018276008800001,7.4355350827106981E-2]
[null,"Ontario Clean Energy Benefit 1",null,null,null,null,null,{"$f":"ROUND(-H66*10%,2)","v":-30.96},null,null,null,{"$f":"ROUND(-L66*10%,2)","v":-33.26},null,-2.2999999999999972,7.4289405684754423E-2]
[null,"Total Bill on TOU (including OCEB)",null,null,null,null,null,{"$f":"H66+H67","v":278.61121112000001},null,null,null,{"$f":"L66+L67","v":299.3294871288},null,20.71827600879999,7.4362678822269171E-2]
[]
[]
[null,"Loss Factor (%)",null,null,null,4.6699999999999998E-2,null,null,null,4.5253000000000002E-2]
[]
["1 Applicable to eligible customers only.  Refer to the Ontario Clean Energy Benefit Act, 2010."]
[]
["Note that the \"Charge $\" columns provide breakdowns of the amounts that each bill component contributes to the total monthly bill at the referenced "]
["consumption level at existing and proposed rates."]
[]
["Applicants must provide bill impacts for residential at 800 kWh and GS<50kW at 2000 kWh. In addition, their filing should cover the range that is relevant"]
["to their service territory, class by class. A general guideline of consumption levels follows:"]
[]
["Residential (kWh) - 100, 250, 500, 800, 1000, 1500, 2000"]
["GS<50kW (kWh) - 1000, 2000, 5000, 10000, 15000"]
["GS>50kW (kW) - 60, 100, 500, 1000"]
["Large User - range appropriate for utility"]
["Lighting Classes and USL - 150 kWh and 1 kW, range appropriate for utility."]

{"sheet":"App.2-W_Bill Impact - GS<50- 1k","index":49,"n_rows":85,"n_cols":20,"rows_kept":85,"cut":false,"hidden":false,"merged":[[67,1,67,3],[18,3,19,3],[18,13,19,13],[18,14,19,14],[60,1,60,3],[61,1,61,3],[66,1,66,3],[2,0,2,10],[9,1,9,14],[10,1,10,14],[13,3,13,14],[17,5,17,7],[17,9,17,11],[17,13,17,14]]}
[null,null,null,null,null,null,null,null,null,null,null,null,null,"File Number:",{"$f":"'LDC Info'!$E$18","v":"EB-2012-0175"},null,null,null,null,1]
[null,null,null,null,null,null,null,null,null,null,null,null,null,"Exhibit:"]
[null,null,null,null,null,null,null,null,null,null,null,null,null,"Tab:"]
[null,null,null,null,null,null,null,null,null,null,null,null,null,"Schedule:"]
[null,null,null,null,null,null,null,null,null,null,null,null,null,"Page:"]
[]
[null,null,null,null,null,null,null,null,null,null,null,null,null,"Date:"]
[]
[]
[null,"Appendix 2-W"]
[null,"Bill Impacts"]
[]
[]
[null,"Customer Class:",null,"General Service  Less Than 50kW"]
[]
[null,null,null,"Consumption",null,1000," kWh"]
[]
[null,null,null,null,null,"Current Board-Approved",null,null,null,"Proposed",null,null,null,"Impact"]
[null,null,null,"Charge Unit",null,"Rate","Volume","Charge",null,"Rate","Volume","Charge",null,"$ Change","% Change"]
[null,null,null,null,null,"($)",null,"($)",null,"($)",null,"($)"]
[null,"Monthly Service Charge",null,"Monthly",null,33.72,1,{"$f":"G21*F21","v":33.72},null,37,1,{"$f":"K21*J21","v":37},null,{"$f":"L21-H21","v":3.2800000000000011},{"$f":"IF((H21)=0,\"\",(N21/H21))","v":9.7271648873072394E-2}]
[null,"Smart Meter Rate Adder",null,null,null,null,1,{"$f":"G22*F22","v":0},null,null,1,{"$f":"K22*J22","v":0},null,{"$f":"L22-H22","v":0},{"$f":"IF((H22)=0,\"\",(N22/H22))","v":""}]
[null,null,null,null,null,null,1,0,null,null,1,{"$f":"K23*J23","v":0},null,{"$f":"L23-H23","v":0},{"$f":"IF((H23)=0,\"\",(N23/H23))","v":""}]
[null,null,null,null,null,null,1,0,null,null,1,0,null,0,""]
[null,null,null,null,null,null,1,0,null,null,1,0,null,0,""]
[null,null,null,null,null,null,1,0,null,null,1,0,null,0,""]
[null,"Distribution Volumetric Rate",null,"per kWh",null,1.1599999999999999E-2,{"$f":"$F$16","v":1000},11.6,null,1.4200000000000001E-2,{"$f":"$F$16","v":1000},14.200000000000001,null,2.6000000000000014,0.2241379310344829]
[null,"Smart Meter Disposition Rider",null,"Monthly",null,null,{"$f":"$F$16","v":1000},0,null,0.83,1,0.83,null,0.83,""]
[null,"LRAM & SSM Rate Rider",null,"per kWh",null,2.3E-3,{"$f":"$F$16","v":1000},2.2999999999999998,null,1.1999999999999999E-3,{"$f":"$F$16","v":1000},1.2,null,-1.0999999999999999,-0.47826086956521735]
[null,"Stranded Meter Recovery Rider",null,"Monthly",null,null,{"$f":"$F$16","v":1000},0,null,2.2999999999999998,1,2.2999999999999998,null,2.2999999999999998,""]
[null,"Extraordinary Event Recovery Rider",null,"Monthly",null,null,1000,0,null,2.4700000000000002,1,2.4700000000000002,null,2.4700000000000002,""]
[null,null,null,null,null,null,1000,0,null,null,1000,0,null,0,""]
[null,null,null,null,null,null,1000,0,null,null,1000,0,null,0,""]
[null,null,null,null,null,null,1000,0,null,null,1000,0,null,0,""]
[null,null,null,null,null,null,1000,0,null,null,1000,0,null,0,""]
[null,null,null,null,null,null,1000,0,null,null,1000,0,null,0,""]
[null,"Sub-Total A",null,null,null,null,null,{"$f":"SUM(H21:H36)","v":47.62},null,null,null,{"$f":"SUM(L21:L36)","v":58},null,10.380000000000003,0.21797564048719031]
[null,"Deferral/Variance Account Disposition Rate Rider",null,"per kWh",null,null,{"$f":"$F$16","v":1000},{"$f":"G38*F38","v":0},null,4.0000000000000001E-3,{"$f":"$F$16","v":1000},{"$f":"K38*J38","v":4},null,{"$f":"L38-H38","v":4},{"$f":"IF((H38)=0,\"\",(N38/H38))","v":""}]
[null,"Global Adjustment Variance Rider",null,"per kWh",null,null,{"$f":"$F$16","v":1000},{"$f":"G39*F39","v":0},null,-2E-3,{"$f":"$F$16","v":1000},{"$f":"K39*J39","v":-2},null,{"$f":"L39-H39","v":-2},{"$f":"IF((H39)=0,\"\",(N39/H39))","v":""}]
[null,null,null,null,null,null,1000,0,null,null,1000,0,null,0,""]
[null,null,null,null,null,null,1000,0,null,null,1000,0,null,0,""]
[null,"Low Voltage Service Charge",null,null,null,null,1000,{"$f":"G42*F42","v":0},null,null,1000,{"$f":"K42*J42","v":0},null,{"$f":"L42-H42","v":0},{"$f":"IF((H42)=0,\"\",(N42/H42))","v":""}]
[null,"Smart Meter Entity Charge",null,null,null,null,null,null,null,null,1000,{"$f":"K43*J43","v":0},null,{"$f":"L43-H43","v":0}]
[null,"Sub-Total B - Distribution (includes Sub-Total A)",null,null,null,null,null,{"$f":"SUM(H38:H42)+H37","v":47.62},null,null,null,{"$f":"SUM(L38:L42)+L37","v":60},null,{"$f":"L44-H44","v":12.380000000000003},{"$f":"IF((H44)=0,\"\",(N44/H44))","v":0.25997480050398997}]
[null,"RTSR - Network",null,"per kWh",null,5.7999999999999996E-3,{"$f":"F16*(1+F71)","v":1046.7},{"$f":"G45*F45","v":6.0708599999999997},null,6.6E-3,{"$f":"F16*(1+J71)","v":1045.2529999999999},{"$f":"K45*J45","v":6.8986697999999995},null,0.82780979999999982,0.13635791304691591]
[null,"RTSR - Line and Transformation Connection",null,"per kWh",null,4.4999999999999997E-3,{"$f":"G45","v":1046.7},{"$f":"G46*F46","v":4.7101499999999996},null,5.1000000000000004E-3,{"$f":"K45","v":1045.2529999999999},{"$f":"K46*J46","v":5.3307903000000003},null,0.6206403000000007,0.13176656794369623]
[null,"Sub-Total C - Delivery (including Sub-Total B)",null,null,null,null,null,{"$f":"SUM(H44:H46)","v":58.401009999999999},null,null,null,{"$f":"SUM(L44:L46)","v":72.229460099999997},null,13.828450099999998,0.23678443403632912]
[null,"Wholesale Market Service Charge (WMSC)",null,"per kWh",null,5.1999999999999998E-3,{"$f":"G46","v":1046.7},{"$f":"G48*F48","v":5.4428400000000003},null,5.1999999999999998E-3,{"$f":"K46","v":1045.2529999999999},{"$f":"K48*J48","v":5.4353155999999991},null,-7.5244000000012079E-3,-1.3824400496801684E-3]
[null,"Rural and Remote Rate Protection (RRRP)",null,"per kWh",null,1.1000000000000001E-3,{"$f":"G46","v":1046.7},1.1513700000000002,null,1.1000000000000001E-3,{"$f":"K46","v":1045.2529999999999},1.1497782999999999,null,-1.5917000000003068E-3,-1.3824400496802126E-3]
[null,"Standard Supply Service Charge",null,"Monthly",null,0.25,1,0.25,null,0.25,1,0.25,null,0,0]
[null,"Debt Retirement Charge (DRC)",null,"per kWh",null,7.0000000000000001E-3,{"$f":"F16","v":1000},7,null,7.0000000000000001E-3,{"$f":"F16","v":1000},7,null,0,0]
[null,"Energy - RPP - Tier 1",null,null,null,7.4999999999999997E-2,{"$f":"IF($T$1=1,IF($F$16>=600,600,IF($F$16<600,$F$16*(1+$F$71),$F$16-600)),IF($T$1=2,IF($F$16>=1000,1000,IF($F$16<1000,$F$16*(1+$F$71),$F$16-1000))))","v":600},{"$f":"G52*F52","v":45},null,7.4999999999999997E-2,{"$f":"IF($T$1=1,IF($F$16>=600,600,IF($F$16<600,$F$16*(1+$J$71),$F$16-600)),IF($T$1=2,IF($F$16>=1000,1000,IF($F$16<1000,$F$16*(1+$J$71),$F$16-1000))))","v":600},{"$f":"K52*J52","v":45},null,0,0]
[null,"Energy - RPP - Tier 2",null,null,null,8.7999999999999995E-2,{"$f":"IF($T$1=1,IF($F$16>=600,$F$16*(1+$F$71)-600,IF($F$16<600,0,)), IF($T$1=2,IF($F$16>=1000,$F$16*(1+$F$71)-1000,IF($F$16<1000,0))))","v":446.70000000000005},{"$f":"G53*F53","v":39.309600000000003},null,8.7999999999999995E-2,{"$f":"IF($T$1=1,IF($F$16>=600,$F$16*(1+$J$71)-600,IF($F$16<600,0,)), IF($T$1=2,IF($F$16>=1000,$F$16*(1+$J$71)-1000,IF($F$16<1000,0))))","v":445.25299999999993},{"$f":"K53*J53","v":39.182263999999989},null,-0.12733600000001388,-3.2393104992168294E-3]
[null,"TOU - Off Peak",null,null,null,6.5000000000000002E-2,{"$f":"0.64*$F$16*(1+$F$71)","v":669.88799999999992},43.542719999999996,null,6.5000000000000002E-2,{"$f":"0.64*$F$16*(1+$J$71)","v":668.96191999999996},43.4825248,null,-6.0195199999995452E-2,-1.3824400496798422E-3]
[null,"TOU - Mid Peak",null,null,null,0.1,{"$f":"0.18*$F$16*(1+$F$71)","v":188.40600000000001},18.840600000000002,null,0.1,{"$f":"0.18*$F$16*(1+$J$71)","v":188.14554000000001},18.814554000000001,null,-2.6046000000000902E-2,-1.3824400496799942E-3]
[null,"TOU - On Peak",null,null,null,0.11700000000000001,{"$f":"0.18*$F$16*(1+$F$71)","v":188.40600000000001},22.043502000000004,null,0.11700000000000001,{"$f":"0.18*$F$16*(1+$J$71)","v":188.14554000000001},22.013028180000003,null,-3.0473820000000984E-2,-1.382440049679991E-3]
[]
[null,"Total Bill on RPP (before Taxes)",null,null,null,null,null,{"$f":"SUM(H47:H53)","v":156.55482000000001},null,null,null,{"$f":"SUM(L47:L53)","v":170.24681799999996},null,13.691997999999955,8.7458169604742633E-2]
[null,"HST",null,null,null,0.13,null,{"$f":"H58*F59","v":20.352126600000002},null,0.13,null,{"$f":"L58*J59","v":22.132086339999997},null,1.7799597399999953,8.7458169604742689E-2]
[null,"Total Bill (including HST)",null,null,null,null,null,{"$f":"H58+H59","v":176.9069466},null,null,null,{"$f":"L58+L59","v":192.37890433999996},null,15.471957739999965,8.745816960474273E-2]
[null,"Ontario Clean Energy Benefit 1",null,null,null,null,null,{"$f":"ROUND(-H60*10%,2)","v":-17.690000000000001},null,null,null,{"$f":"ROUND(-L60*10%,2)","v":-19.239999999999998},null,-1.5499999999999972,8.7620124364047314E-2]
[null,"Total Bill on RPP (including OCEB)",null,null,null,null,null,{"$f":"SUM(H60:H61)","v":159.2169466},null,null,null,{"$f":"SUM(L60:L61)","v":173.13890433999995},null,13.921957739999954,8.7440175416603261E-2]
[]
[null,"Total Bill on TOU (before Taxes)",null,null,null,null,null,{"$f":"SUM(H47:H51,H54:H56)","v":156.67204199999998},null,null,null,{"$f":"SUM(L47:L51,L54:L56)","v":170.37466097999999},null,{"$f":"L64-H64","v":13.702618980000011},{"$f":"IF((H64)=0,\"\",(N64/H64))","v":8.7460524577831267E-2}]
[null,"HST",null,null,null,0.13,null,{"$f":"H64*F65","v":20.367365459999998},null,0.13,null,{"$f":"L64*J65","v":22.148705927399998},null,1.7813404673999997,8.7460524577831184E-2]
[null,"Total Bill (including HST)",null,null,null,null,null,{"$f":"H64+H65","v":177.03940745999998},null,null,null,{"$f":"L64+L65","v":192.52336690739997},null,15.483959447399997,8.7460524577831184E-2]
[null,"Ontario Clean Energy Benefit 1",null,null,null,null,null,{"$f":"ROUND(-H66*10%,2)","v":-17.7},null,null,null,{"$f":"ROUND(-L66*10%,2)","v":-19.25},null,-1.5500000000000007,8.7570621468926593E-2]
[null,"Total Bill on TOU (including OCEB)",null,null,null,null,null,{"$f":"H66+H67","v":159.33940745999999},null,null,null,{"$f":"L66+L67","v":173.27336690739997},null,13.933959447399985,8.7448294615366365E-2]
[]
[]
[null,"Loss Factor (%)",null,null,null,4.6699999999999998E-2,null,null,null,4.5253000000000002E-2]
[]
["1 Applicable to eligible customers only.  Refer to the Ontario Clean Energy Benefit Act, 2010."]
[]
["Note that the \"Charge $\" columns provide breakdowns of the amounts that each bill component contributes to the total monthly bill at the referenced "]
["consumption level at existing and proposed rates."]
[]
["Applicants must provide bill impacts for residential at 800 kWh and GS<50kW at 2000 kWh. In addition, their filing should cover the range that is relevant"]
["to their service territory, class by class. A general guideline of consumption levels follows:"]
[]
["Residential (kWh) - 100, 250, 500, 800, 1000, 1500, 2000"]
["GS<50kW (kWh) - 1000, 2000, 5000, 10000, 15000"]
["GS>50kW (kW) - 60, 100, 500, 1000"]
["Large User - range appropriate for utility"]
["Lighting Classes and USL - 150 kWh and 1 kW, range appropriate for utility."]

{"sheet":"App.2-W_Bill Impact - GS<50-2k","index":50,"n_rows":85,"n_cols":20,"rows_kept":85,"cut":false,"hidden":false,"merged":[[2,0,2,10],[9,1,9,14],[10,1,10,14],[13,3,13,14],[17,5,17,7],[17,9,17,11],[17,13,17,14],[67,1,67,3],[18,3,19,3],[18,13,19,13],[18,14,19,14],[60,1,60,3],[61,1,61,3],[66,1,66,3]]}
[null,null,null,null,null,null,null,null,null,null,null,null,null,"File Number:",{"$f":"'LDC Info'!$E$18","v":"EB-2012-0175"},null,null,null,null,1]
[null,null,null,null,null,null,null,null,null,null,null,null,null,"Exhibit:"]
[null,null,null,null,null,null,null,null,null,null,null,null,null,"Tab:"]
[null,null,null,null,null,null,null,null,null,null,null,null,null,"Schedule:"]
[null,null,null,null,null,null,null,null,null,null,null,null,null,"Page:"]
[]
[null,null,null,null,null,null,null,null,null,null,null,null,null,"Date:"]
[]
[]
[null,"Appendix 2-W"]
[null,"Bill Impacts"]
[]
[]
[null,"Customer Class:",null,"General Service  Less Than 50kW"]
[]
[null,null,null,"Consumption",null,2000," kWh"]
[]
[null,null,null,null,null,"Current Board-Approved",null,null,null,"Proposed",null,null,null,"Impact"]
[null,null,null,"Charge Unit",null,"Rate","Volume","Charge",null,"Rate","Volume","Charge",null,"$ Change","% Change"]
[null,null,null,null,null,"($)",null,"($)",null,"($)",null,"($)"]
[null,"Monthly Service Charge",null,"Monthly",null,33.72,1,{"$f":"G21*F21","v":33.72},null,37,1,{"$f":"K21*J21","v":37},null,{"$f":"L21-H21","v":3.2800000000000011},{"$f":"IF((H21)=0,\"\",(N21/H21))","v":9.7271648873072394E-2}]
[null,"Smart Meter Rate Adder",null,null,null,null,1,{"$f":"G22*F22","v":0},null,null,1,{"$f":"K22*J22","v":0},null,{"$f":"L22-H22","v":0},{"$f":"IF((H22)=0,\"\",(N22/H22))","v":""}]
[null,null,null,null,null,null,1,0,null,null,1,{"$f":"K23*J23","v":0},null,{"$f":"L23-H23","v":0},{"$f":"IF((H23)=0,\"\",(N23/H23))","v":""}]
[null,null,null,null,null,null,1,0,null,null,1,0,null,0,""]
[null,null,null,null,null,null,1,0,null,null,1,0,null,0,""]
[null,null,null,null,null,null,1,0,null,null,1,0,null,0,""]
[null,"Distribution Volumetric Rate",null,"per kWh",null,1.1599999999999999E-2,{"$f":"$F$16","v":2000},23.2,null,1.4200000000000001E-2,{"$f":"$F$16","v":2000},28.400000000000002,null,5.2000000000000028,0.2241379310344829]
[null,"Smart Meter Disposition Rider",null,"Monthly",null,null,{"$f":"$F$16","v":2000},0,null,0.83,1,0.83,null,0.83,""]
[null,"LRAM & SSM Rate Rider",null,"per kWh",null,2.3E-3,{"$f":"$F$16","v":2000},4.5999999999999996,null,1.1999999999999999E-3,{"$f":"$F$16","v":2000},2.4,null,-2.1999999999999997,-0.47826086956521735]
[null,"Stranded Meter Recovery Rider",null,"Monthly",null,null,{"$f":"$F$16","v":2000},0,null,2.2999999999999998,1,2.2999999999999998,null,2.2999999999999998,""]
[null,"Extraordinary Event Rider",null,"Monthly",null,null,2000,0,null,2.4700000000000002,1,2.4700000000000002,null,2.4700000000000002,""]
[null,null,null,null,null,null,2000,0,null,null,2000,0,null,0,""]
[null,null,null,null,null,null,2000,0,null,null,2000,0,null,0,""]
[null,null,null,null,null,null,2000,0,null,null,2000,0,null,0,""]
[null,null,null,null,null,null,2000,0,null,null,2000,0,null,0,""]
[null,null,null,null,null,null,2000,0,null,null,2000,0,null,0,""]
[null,"Sub-Total A",null,null,null,null,null,{"$f":"SUM(H21:H36)","v":61.52},null,null,null,{"$f":"SUM(L21:L36)","v":73.400000000000006},null,11.880000000000003,0.19310793237971394]
[null,"Deferral/Variance Account Disposition Rate Rider",null,"per kWh",null,null,{"$f":"$F$16","v":2000},{"$f":"G38*F38","v":0},null,4.0000000000000001E-3,{"$f":"$F$16","v":2000},{"$f":"K38*J38","v":8},null,{"$f":"L38-H38","v":8},{"$f":"IF((H38)=0,\"\",(N38/H38))","v":""}]
[null,"Global Adjustment Variance Rider",null,"per kWh",null,null,{"$f":"$F$16","v":2000},{"$f":"G39*F39","v":0},null,-2E-3,{"$f":"$F$16","v":2000},{"$f":"K39*J39","v":-4},null,{"$f":"L39-H39","v":-4},{"$f":"IF((H39)=0,\"\",(N39/H39))","v":""}]
[null,null,null,null,null,null,2000,0,null,null,2000,0,null,0,""]
[null,null,null,null,null,null,2000,0,null,null,2000,0,null,0,""]
[null,"Low Voltage Service Charge",null,null,null,null,2000,{"$f":"G42*F42","v":0},null,null,2000,{"$f":"K42*J42","v":0},null,{"$f":"L42-H42","v":0},{"$f":"IF((H42)=0,\"\",(N42/H42))","v":""}]
[null,"Smart Meter Entity Charge",null,null,null,null,null,null,null,null,2000,{"$f":"K43*J43","v":0},null,{"$f":"L43-H43","v":0}]
[null,"Sub-Total B - Distribution (includes Sub-Total A)",null,null,null,null,null,{"$f":"SUM(H38:H42)+H37","v":61.52},null,null,null,{"$f":"SUM(L38:L42)+L37","v":77.400000000000006},null,{"$f":"L44-H44","v":15.880000000000003},{"$f":"IF((H44)=0,\"\",(N44/H44))","v":0.25812743823146944}]
[null,"RTSR - Network",null,"per kWh",null,5.7999999999999996E-3,{"$f":"F16*(1+F71)","v":2093.4},{"$f":"G45*F45","v":12.141719999999999},null,6.6E-3,{"$f":"F16*(1+J71)","v":2090.5059999999999},{"$f":"K45*J45","v":13.797339599999999},null,1.6556195999999996,0.13635791304691591]
[null,"RTSR - Line and Transformation Connection",null,"per kWh",null,4.4999999999999997E-3,{"$f":"G45","v":2093.4},{"$f":"G46*F46","v":9.4202999999999992},null,5.1000000000000004E-3,{"$f":"K45","v":2090.5059999999999},{"$f":"K46*J46","v":10.661580600000001},null,1.2412806000000014,0.13176656794369623]
[null,"Sub-Total C - Delivery (including Sub-Total B)",null,null,null,null,null,{"$f":"SUM(H44:H46)","v":83.08202},null,null,null,{"$f":"SUM(L44:L46)","v":101.8589202},null,18.7769002,0.22600437736107043]
[null,"Wholesale Market Service Charge (WMSC)",null,"per kWh",null,5.1999999999999998E-3,{"$f":"G46","v":2093.4},{"$f":"G48*F48","v":10.885680000000001},null,5.1999999999999998E-3,{"$f":"K46","v":2090.5059999999999},{"$f":"K48*J48","v":10.870631199999998},null,-1.5048800000002416E-2,-1.3824400496801684E-3]
[null,"Rural and Remote Rate Protection (RRRP)",null,"per kWh",null,1.1000000000000001E-3,{"$f":"G46","v":2093.4},2.3027400000000005,null,1.1000000000000001E-3,{"$f":"K46","v":2090.5059999999999},2.2995565999999998,null,-3.1834000000006135E-3,-1.3824400496802126E-3]
[null,"Standard Supply Service Charge",null,"Monthly",null,0.25,1,0.25,null,0.25,1,0.25,null,0,0]
[null,"Debt Retirement Charge (DRC)",null,"per kWh",null,7.0000000000000001E-3,{"$f":"F16","v":2000},14,null,7.0000000000000001E-3,{"$f":"F16","v":2000},14,null,0,0]
[null,"Energy - RPP - Tier 1",null,null,null,7.4999999999999997E-2,{"$f":"IF($T$1=1,IF($F$16>=600,600,IF($F$16<600,$F$16*(1+$F$71),$F$16-600)),IF($T$1=2,IF($F$16>=1000,1000,IF($F$16<1000,$F$16*(1+$F$71),$F$16-1000))))","v":600},{"$f":"G52*F52","v":45},null,7.4999999999999997E-2,{"$f":"IF($T$1=1,IF($F$16>=600,600,IF($F$16<600,$F$16*(1+$J$71),$F$16-600)),IF($T$1=2,IF($F$16>=1000,1000,IF($F$16<1000,$F$16*(1+$J$71),$F$16-1000))))","v":600},{"$f":"K52*J52","v":45},null,0,0]
[null,"Energy - RPP - Tier 2",null,null,null,8.7999999999999995E-2,{"$f":"IF($T$1=1,IF($F$16>=600,$F$16*(1+$F$71)-600,IF($F$16<600,0,)), IF($T$1=2,IF($F$16>=1000,$F$16*(1+$F$71)-1000,IF($F$16<1000,0))))","v":1493.4},{"$f":"G53*F53","v":131.41919999999999},null,8.7999999999999995E-2,{"$f":"IF($T$1=1,IF($F$16>=600,$F$16*(1+$J$71)-600,IF($F$16<600,0,)), IF($T$1=2,IF($F$16>=1000,$F$16*(1+$J$71)-1000,IF($F$16<1000,0))))","v":1490.5059999999999},{"$f":"K53*J53","v":131.16452799999999},null,-0.25467199999999934,-1.9378599169679878E-3]
[null,"TOU - Off Peak",null,null,null,6.5000000000000002E-2,{"$f":"0.64*$F$16*(1+$F$71)","v":1339.7759999999998},87.085439999999991,null,6.5000000000000002E-2,{"$f":"0.64*$F$16*(1+$J$71)","v":1337.9238399999999},86.9650496,null,-0.1203903999999909,-1.3824400496798422E-3]
[null,"TOU - Mid Peak",null,null,null,0.1,{"$f":"0.18*$F$16*(1+$F$71)","v":376.81200000000001},37.681200000000004,null,0.1,{"$f":"0.18*$F$16*(1+$J$71)","v":376.29108000000002},37.629108000000002,null,-5.2092000000001804E-2,-1.3824400496799942E-3]
[null,"TOU - On Peak",null,null,null,0.11700000000000001,{"$f":"0.18*$F$16*(1+$F$71)","v":376.81200000000001},44.087004000000007,null,0.11700000000000001,{"$f":"0.18*$F$16*(1+$J$71)","v":376.29108000000002},44.026056360000005,null,-6.0947640000001968E-2,-1.382440049679991E-3]
[]
[null,"Total Bill on RPP (before Taxes)",null,null,null,null,null,{"$f":"SUM(H47:H53)","v":286.93964},null,null,null,{"$f":"SUM(L47:L53)","v":305.44363599999997},null,18.503995999999972,6.4487416238481282E-2]
[null,"HST",null,null,null,0.13,null,{"$f":"H58*F59","v":37.302153199999999},null,0.13,null,{"$f":"L58*J59","v":39.707672679999995},null,2.4055194799999953,6.4487416238481254E-2]
[null,"Total Bill (including HST)",null,null,null,null,null,{"$f":"H58+H59","v":324.24179320000002},null,null,null,{"$f":"L58+L59","v":345.15130867999994},null,20.909515479999925,6.4487416238481143E-2]
[null,"Ontario Clean Energy Benefit 1",null,null,null,null,null,{"$f":"ROUND(-H60*10%,2)","v":-32.42},null,null,null,{"$f":"ROUND(-L60*10%,2)","v":-34.520000000000003},null,-2.1000000000000014,6.4774830351634838E-2]
[null,"Total Bill on RPP (including OCEB)",null,null,null,null,null,{"$f":"SUM(H60:H61)","v":291.8217932},null,null,null,{"$f":"SUM(L60:L61)","v":310.63130867999996},null,18.809515479999959,6.4455485910570293E-2]
[]
[null,"Total Bill on TOU (before Taxes)",null,null,null,null,null,{"$f":"SUM(H47:H51,H54:H56)","v":279.37408400000004},null,null,null,{"$f":"SUM(L47:L51,L54:L56)","v":297.89932196000001},null,{"$f":"L64-H64","v":18.52523795999997},{"$f":"IF((H64)=0,\"\",(N64/H64))","v":6.6309794003655567E-2}]
[null,"HST",null,null,null,0.13,null,{"$f":"H64*F65","v":36.318630920000004},null,0.13,null,{"$f":"L64*J65","v":38.726911854800001},null,2.4082809347999969,6.6309794003655595E-2]
[null,"Total Bill (including HST)",null,null,null,null,null,{"$f":"H64+H65","v":315.69271492000007},null,null,null,{"$f":"L64+L65","v":336.6262338148},null,20.933518894799931,6.6309794003655456E-2]
[null,"Ontario Clean Energy Benefit 1",null,null,null,null,null,{"$f":"ROUND(-H66*10%,2)","v":-31.57},null,null,null,{"$f":"ROUND(-L66*10%,2)","v":-33.659999999999997},null,-2.0899999999999963,6.6202090592334381E-2]
[null,"Total Bill on TOU (including OCEB)",null,null,null,null,null,{"$f":"H66+H67","v":284.12271492000008},null,null,null,{"$f":"L66+L67","v":302.96623381480003},null,18.843518894799956,6.6321761356200229E-2]
[]
[]
[null,"Loss Factor (%)",null,null,null,4.6699999999999998E-2,null,null,null,4.5253000000000002E-2]
[]
["1 Applicable to eligible customers only.  Refer to the Ontario Clean Energy Benefit Act, 2010."]
[]
["Note that the \"Charge $\" columns provide breakdowns of the amounts that each bill component contributes to the total monthly bill at the referenced "]
["consumption level at existing and proposed rates."]
[]
["Applicants must provide bill impacts for residential at 800 kWh and GS<50kW at 2000 kWh. In addition, their filing should cover the range that is relevant"]
["to their service territory, class by class. A general guideline of consumption levels follows:"]
[]
["Residential (kWh) - 100, 250, 500, 800, 1000, 1500, 2000"]
["GS<50kW (kWh) - 1000, 2000, 5000, 10000, 15000"]
["GS>50kW (kW) - 60, 100, 500, 1000"]
["Large User - range appropriate for utility"]
["Lighting Classes and USL - 150 kWh and 1 kW, range appropriate for utility."]

{"sheet":"App.2W - Bill Impact GS<50 3000","index":51,"n_rows":85,"n_cols":20,"rows_kept":85,"cut":false,"hidden":false,"merged":[[60,1,60,3],[61,1,61,3],[66,1,66,3],[67,1,67,3],[2,0,2,10],[9,1,9,14],[10,1,10,14],[13,3,13,14],[17,5,17,7],[17,9,17,11],[17,13,17,14],[18,3,19,3],[18,13,19,13],[18,14,19,14]]}
[null,null,null,null,null,null,null,null,null,null,null,null,null,"File Number:",{"$f":"'LDC Info'!$E$18","v":"EB-2012-0175"},null,null,null,null,1]
[null,null,null,null,null,null,null,null,null,null,null,null,null,"Exhibit:"]
[null,null,null,null,null,null,null,null,null,null,null,null,null,"Tab:"]
[null,null,null,null,null,null,null,null,null,null,null,null,null,"Schedule:"]
[null,null,null,null,null,null,null,null,null,null,null,null,null,"Page:"]
[]
[null,null,null,null,null,null,null,null,null,null,null,null,null,"Date:"]
[]
[]
[null,"Appendix 2-W"]
[null,"Bill Impacts"]
[]
[]
[null,"Customer Class:",null,"General Service  Less Than 50kW"]
[]
[null,null,null,"Consumption",null,3000," kWh"]
[]
[null,null,null,null,null,"Current Board-Approved",null,null,null,"Proposed",null,null,null,"Impact"]
[null,null,null,"Charge Unit",null,"Rate","Volume","Charge",null,"Rate","Volume","Charge",null,"$ Change","% Change"]
[null,null,null,null,null,"($)",null,"($)",null,"($)",null,"($)"]
[null,"Monthly Service Charge",null,"Monthly",null,33.72,1,{"$f":"G21*F21","v":33.72},null,37,1,{"$f":"K21*J21","v":37},null,{"$f":"L21-H21","v":3.2800000000000011},{"$f":"IF((H21)=0,\"\",(N21/H21))","v":9.7271648873072394E-2}]
[null,"Smart Meter Rate Adder",null,null,null,null,1,{"$f":"G22*F22","v":0},null,null,1,{"$f":"K22*J22","v":0},null,{"$f":"L22-H22","v":0},{"$f":"IF((H22)=0,\"\",(N22/H22))","v":""}]
[null,null,null,null,null,null,1,0,null,null,1,{"$f":"K23*J23","v":0},null,{"$f":"L23-H23","v":0},{"$f":"IF((H23)=0,\"\",(N23/H23))","v":""}]
[null,null,null,null,null,null,1,0,null,null,1,0,null,0,""]
[null,null,null,null,null,null,1,0,null,null,1,0,null,0,""]
[null,null,null,null,null,null,1,0,null,null,1,0,null,0,""]
[null,"Distribution Volumetric Rate",null,"per kWh",null,1.1599999999999999E-2,{"$f":"$F$16","v":3000},34.799999999999997,null,1.4200000000000001E-2,{"$f":"$F$16","v":3000},42.6,null,7.8000000000000043,0.2241379310344829]
[null,"Smart Meter Disposition Rider",null,"Monthly",null,null,{"$f":"$F$16","v":3000},0,null,0.83,1,0.83,null,0.83,""]
[null,"LRAM & SSM Rate Rider",null,"per kWh",null,2.3E-3,{"$f":"$F$16","v":3000},6.8999999999999995,null,1.1999999999999999E-3,{"$f":"$F$16","v":3000},3.5999999999999996,null,-3.3,-0.47826086956521741]
[null,"Stranded Meter Recovery Rider",null,"Monthly",null,null,{"$f":"$F$16","v":3000},0,null,2.2999999999999998,1,2.2999999999999998,null,2.2999999999999998,""]
[null,"Extraordinary Event Recovery Rider",null,"Monthly",null,null,3000,0,null,2.4700000000000002,1,2.4700000000000002,null,2.4700000000000002,""]
[null,null,null,null,null,null,3000,0,null,null,3000,0,null,0,""]
[null,null,null,null,null,null,3000,0,null,null,3000,0,null,0,""]
[null,null,null,null,null,null,3000,0,null,null,3000,0,null,0,""]
[null,null,null,null,null,null,3000,0,null,null,3000,0,null,0,""]
[null,null,null,null,null,null,3000,0,null,null,3000,0,null,0,""]
[null,"Sub-Total A",null,null,null,null,null,{"$f":"SUM(H21:H36)","v":75.42},null,null,null,{"$f":"SUM(L21:L36)","v":88.799999999999983},null,13.379999999999981,0.17740652346857572]
[null,"Deferral/Variance Account Disposition Rate Rider",null,"per kWh",null,null,{"$f":"$F$16","v":3000},{"$f":"G38*F38","v":0},null,4.0000000000000001E-3,{"$f":"$F$16","v":3000},{"$f":"K38*J38","v":12},null,{"$f":"L38-H38","v":12},{"$f":"IF((H38)=0,\"\",(N38/H38))","v":""}]
[null,"Global Adjustment Variance Rider",null,"per kWh",null,null,{"$f":"$F$16","v":3000},{"$f":"G39*F39","v":0},null,-2E-3,{"$f":"$F$16","v":3000},{"$f":"K39*J39","v":-6},null,{"$f":"L39-H39","v":-6},{"$f":"IF((H39)=0,\"\",(N39/H39))","v":""}]
[null,null,null,null,null,null,3000,0,null,null,3000,0,null,0,""]
[null,null,null,null,null,null,3000,0,null,null,3000,0,null,0,""]
[null,"Low Voltage Service Charge",null,null,null,null,3000,{"$f":"G42*F42","v":0},null,null,3000,{"$f":"K42*J42","v":0},null,{"$f":"L42-H42","v":0},{"$f":"IF((H42)=0,\"\",(N42/H42))","v":""}]
[null,"Smart Meter Entity Charge",null,null,null,null,null,null,null,null,3000,{"$f":"K43*J43","v":0},null,{"$f":"L43-H43","v":0}]
[null,"Sub-Total B - Distribution (includes Sub-Total A)",null,null,null,null,null,{"$f":"SUM(H38:H42)+H37","v":75.42},null,null,null,{"$f":"SUM(L38:L42)+L37","v":94.799999999999983},null,{"$f":"L44-H44","v":19.379999999999981},{"$f":"IF((H44)=0,\"\",(N44/H44))","v":0.25696101829753354}]
[null,"RTSR - Network",null,"per kWh",null,5.7999999999999996E-3,{"$f":"F16*(1+F71)","v":3140.1},{"$f":"G45*F45","v":18.212579999999999},null,6.6E-3,{"$f":"F16*(1+J71)","v":3135.759},{"$f":"K45*J45","v":20.696009400000001},null,2.4834294000000021,0.13635791304691605]
[null,"RTSR - Line and Transformation Connection",null,"per kWh",null,4.4999999999999997E-3,{"$f":"G45","v":3140.1},{"$f":"G46*F46","v":14.130449999999998},null,5.1000000000000004E-3,{"$f":"K45","v":3135.759},{"$f":"K46*J46","v":15.992370900000001},null,1.861920900000003,0.13176656794369629]
[null,"Sub-Total C - Delivery (including Sub-Total B)",null,null,null,null,null,{"$f":"SUM(H44:H46)","v":107.76303},null,null,null,{"$f":"SUM(L44:L46)","v":131.48838029999999},null,23.725350299999988,0.22016224209731286]
[null,"Wholesale Market Service Charge (WMSC)",null,"per kWh",null,5.1999999999999998E-3,{"$f":"G46","v":3140.1},{"$f":"G48*F48","v":16.328519999999997},null,5.1999999999999998E-3,{"$f":"K46","v":3135.759},{"$f":"K48*J48","v":16.305946800000001},null,-2.2573199999996518E-2,-1.3824400496797334E-3]
[null,"Rural and Remote Rate Protection (RRRP)",null,"per kWh",null,1.1000000000000001E-3,{"$f":"G46","v":3140.1},3.45411,null,1.1000000000000001E-3,{"$f":"K46","v":3135.759},3.4493349000000002,null,-4.7750999999998101E-3,-1.3824400496798915E-3]
[null,"Standard Supply Service Charge",null,"Monthly",null,0.25,1,0.25,null,0.25,1,0.25,null,0,0]
[null,"Debt Retirement Charge (DRC)",null,"per kWh",null,7.0000000000000001E-3,{"$f":"F16","v":3000},21,null,7.0000000000000001E-3,{"$f":"F16","v":3000},21,null,0,0]
[null,"Energy - RPP - Tier 1",null,null,null,7.4999999999999997E-2,{"$f":"IF($T$1=1,IF($F$16>=600,600,IF($F$16<600,$F$16*(1+$F$71),$F$16-600)),IF($T$1=2,IF($F$16>=1000,1000,IF($F$16<1000,$F$16*(1+$F$71),$F$16-1000))))","v":600},{"$f":"G52*F52","v":45},null,7.4999999999999997E-2,{"$f":"IF($T$1=1,IF($F$16>=600,600,IF($F$16<600,$F$16*(1+$J$71),$F$16-600)),IF($T$1=2,IF($F$16>=1000,1000,IF($F$16<1000,$F$16*(1+$J$71),$F$16-1000))))","v":600},{"$f":"K52*J52","v":45},null,0,0]
[null,"Energy - RPP - Tier 2",null,null,null,8.7999999999999995E-2,{"$f":"IF($T$1=1,IF($F$16>=600,$F$16*(1+$F$71)-600,IF($F$16<600,0,)), IF($T$1=2,IF($F$16>=1000,$F$16*(1+$F$71)-1000,IF($F$16<1000,0))))","v":2540.1},{"$f":"G53*F53","v":223.52879999999999},null,8.7999999999999995E-2,{"$f":"IF($T$1=1,IF($F$16>=600,$F$16*(1+$J$71)-600,IF($F$16<600,0,)), IF($T$1=2,IF($F$16>=1000,$F$16*(1+$J$71)-1000,IF($F$16<1000,0))))","v":2535.759},{"$f":"K53*J53","v":223.14679199999998},null,-0.38200800000001323,-1.7089878351246605E-3]
[null,"TOU - Off Peak",null,null,null,6.5000000000000002E-2,{"$f":"0.64*$F$16*(1+$F$71)","v":2009.664},130.62816000000001,null,6.5000000000000002E-2,{"$f":"0.64*$F$16*(1+$J$71)","v":2006.8857599999999},130.44757440000001,null,-0.18058560000000057,-1.3824400496799507E-3]
[null,"TOU - Mid Peak",null,null,null,0.1,{"$f":"0.18*$F$16*(1+$F$71)","v":565.21799999999996},56.521799999999999,null,0.1,{"$f":"0.18*$F$16*(1+$J$71)","v":564.43661999999995},56.443661999999996,null,-7.8138000000002705E-2,-1.3824400496799945E-3]
[null,"TOU - On Peak",null,null,null,0.11700000000000001,{"$f":"0.18*$F$16*(1+$F$71)","v":565.21799999999996},66.130505999999997,null,0.11700000000000001,{"$f":"0.18*$F$16*(1+$J$71)","v":564.43661999999995},66.039084540000005,null,-9.1421459999992294E-2,-1.3824400496798301E-3]
[]
[null,"Total Bill on RPP (before Taxes)",null,null,null,null,null,{"$f":"SUM(H47:H53)","v":417.32445999999999},null,null,null,{"$f":"SUM(L47:L53)","v":440.64045399999998},null,23.315993999999989,5.5870183118430179E-2]
[null,"HST",null,null,null,0.13,null,{"$f":"H58*F59","v":54.2521798},null,0.13,null,{"$f":"L58*J59","v":57.283259019999996},null,3.0310792199999952,5.587018311843011E-2]
[null,"Total Bill (including HST)",null,null,null,null,null,{"$f":"H58+H59","v":471.57663980000001},null,null,null,{"$f":"L58+L59","v":497.92371301999998},null,26.34707321999997,5.5870183118430138E-2]
[null,"Ontario Clean Energy Benefit 1",null,null,null,null,null,{"$f":"ROUND(-H60*10%,2)","v":-47.16},null,null,null,{"$f":"ROUND(-L60*10%,2)","v":-49.79},null,-2.6300000000000026,5.5767599660729493E-2]
[null,"Total Bill on RPP (including OCEB)",null,null,null,null,null,{"$f":"SUM(H60:H61)","v":424.41663979999998},null,null,null,{"$f":"SUM(L60:L61)","v":448.13371301999996},null,23.717073219999975,5.5881581907760006E-2]
[]
[null,"Total Bill on TOU (before Taxes)",null,null,null,null,null,{"$f":"SUM(H47:H51,H54:H56)","v":402.07612599999993},null,null,null,{"$f":"SUM(L47:L51,L54:L56)","v":425.42398293999997},null,{"$f":"L64-H64","v":23.347856940000042},{"$f":"IF((H64)=0,\"\",(N64/H64))","v":5.8068249841822357E-2}]
[null,"HST",null,null,null,0.13,null,{"$f":"H64*F65","v":52.269896379999992},null,0.13,null,{"$f":"L64*J65","v":55.3051177822},null,3.0352214022000084,5.8068249841822413E-2]
[null,"Total Bill (including HST)",null,null,null,null,null,{"$f":"H64+H65","v":454.34602237999991},null,null,null,{"$f":"L64+L65","v":480.72910072219997},null,26.383078342200065,5.8068249841822399E-2]
[null,"Ontario Clean Energy Benefit 1",null,null,null,null,null,{"$f":"ROUND(-H66*10%,2)","v":-45.43},null,null,null,{"$f":"ROUND(-L66*10%,2)","v":-48.07},null,-2.6400000000000006,5.811138014527846E-2]
[null,"Total Bill on TOU (including OCEB)",null,null,null,null,null,{"$f":"H66+H67","v":408.9160223799999},null,null,null,{"$f":"L66+L67","v":432.65910072219998},null,23.743078342200079,5.8063458125238172E-2]
[]
[]
[null,"Loss Factor (%)",null,null,null,4.6699999999999998E-2,null,null,null,4.5253000000000002E-2]
[]
["1 Applicable to eligible customers only.  Refer to the Ontario Clean Energy Benefit Act, 2010."]
[]
["Note that the \"Charge $\" columns provide breakdowns of the amounts that each bill component contributes to the total monthly bill at the referenced "]
["consumption level at existing and proposed rates."]
[]
["Applicants must provide bill impacts for residential at 800 kWh and GS<50kW at 2000 kWh. In addition, their filing should cover the range that is relevant"]
["to their service territory, class by class. A general guideline of consumption levels follows:"]
[]
["Residential (kWh) - 100, 250, 500, 800, 1000, 1500, 2000"]
["GS<50kW (kWh) - 1000, 2000, 5000, 10000, 15000"]
["GS>50kW (kW) - 60, 100, 500, 1000"]
["Large User - range appropriate for utility"]
["Lighting Classes and USL - 150 kWh and 1 kW, range appropriate for utility."]

{"sheet":"App.2-W_Bill Impact - GS<50-5k","index":52,"n_rows":85,"n_cols":20,"rows_kept":85,"cut":false,"hidden":false,"merged":[[2,0,2,10],[9,1,9,14],[10,1,10,14],[13,3,13,14],[17,5,17,7],[17,9,17,11],[17,13,17,14],[67,1,67,3],[18,3,19,3],[18,13,19,13],[18,14,19,14],[60,1,60,3],[61,1,61,3],[66,1,66,3]]}
[null,null,null,null,null,null,null,null,null,null,null,null,null,"File Number:",{"$f":"'LDC Info'!$E$18","v":"EB-2012-0175"},null,null,null,null,1]
[null,null,null,null,null,null,null,null,null,null,null,null,null,"Exhibit:"]
[null,null,null,null,null,null,null,null,null,null,null,null,null,"Tab:"]
[null,null,null,null,null,null,null,null,null,null,null,null,null,"Schedule:"]
[null,null,null,null,null,null,null,null,null,null,null,null,null,"Page:"]
[]
[null,null,null,null,null,null,null,null,null,null,null,null,null,"Date:"]
[]
[]
[null,"Appendix 2-W"]
[null,"Bill Impacts"]
[]
[]
[null,"Customer Class:",null,"General Service  Less Than 50kW"]
[]
[null,null,null,"Consumption",null,5000," kWh"]
[]
[null,null,null,null,null,"Current Board-Approved",null,null,null,"Proposed",null,null,null,"Impact"]
[null,null,null,"Charge Unit",null,"Rate","Volume","Charge",null,"Rate","Volume","Charge",null,"$ Change","% Change"]
[null,null,null,null,null,"($)",null,"($)",null,"($)",null,"($)"]
[null,"Monthly Service Charge",null,"Monthly",null,33.72,1,{"$f":"G21*F21","v":33.72},null,37,1,{"$f":"K21*J21","v":37},null,{"$f":"L21-H21","v":3.2800000000000011},{"$f":"IF((H21)=0,\"\",(N21/H21))","v":9.7271648873072394E-2}]
[null,"Smart Meter Rate Adder",null,null,null,null,1,{"$f":"G22*F22","v":0},null,null,1,{"$f":"K22*J22","v":0},null,{"$f":"L22-H22","v":0},{"$f":"IF((H22)=0,\"\",(N22/H22))","v":""}]
[null,null,null,null,null,null,1,0,null,null,1,{"$f":"K23*J23","v":0},null,{"$f":"L23-H23","v":0},{"$f":"IF((H23)=0,\"\",(N23/H23))","v":""}]
[null,null,null,null,null,null,1,0,null,null,1,0,null,0,""]
[null,null,null,null,null,null,1,0,null,null,1,0,null,0,""]
[null,null,null,null,null,null,1,0,null,null,1,0,null,0,""]
[null,"Distribution Volumetric Rate",null,"per kWh",null,1.1599999999999999E-2,{"$f":"$F$16","v":5000},57.999999999999993,null,1.4200000000000001E-2,{"$f":"$F$16","v":5000},71,null,13.000000000000007,0.2241379310344829]
[null,"Smart Meter Disposition Rider",null,"Monthly",null,null,{"$f":"$F$16","v":5000},0,null,0.83,1,0.83,null,0.83,""]
[null,"LRAM & SSM Rate Rider",null,"per kWh",null,2.3E-3,{"$f":"$F$16","v":5000},11.5,null,1.1999999999999999E-3,{"$f":"$F$16","v":5000},5.9999999999999991,null,-5.5000000000000009,-0.47826086956521746]
[null,"Stranded Meter Recovery Rider",null,"Monthly",null,null,{"$f":"$F$16","v":5000},0,null,2.2999999999999998,1,2.2999999999999998,null,2.2999999999999998,""]
[null,"Extraordinary Event Recovery Rider",null,"Monthly",null,null,5000,0,null,2.4700000000000002,1,2.4700000000000002,null,2.4700000000000002,""]
[null,null,null,null,null,null,5000,0,null,null,5000,0,null,0,""]
[null,null,null,null,null,null,5000,0,null,null,5000,0,null,0,""]
[null,null,null,null,null,null,5000,0,null,null,5000,0,null,0,""]
[null,null,null,null,null,null,5000,0,null,null,5000,0,null,0,""]
[null,null,null,null,null,null,5000,0,null,null,5000,0,null,0,""]
[null,"Sub-Total A",null,null,null,null,null,{"$f":"SUM(H21:H36)","v":103.22},null,null,null,{"$f":"SUM(L21:L36)","v":119.6},null,16.379999999999995,0.15869017632241808]
[null,"Deferral/Variance Account Disposition Rate Rider",null,"per kWh",null,null,{"$f":"$F$16","v":5000},{"$f":"G38*F38","v":0},null,4.0000000000000001E-3,{"$f":"$F$16","v":5000},{"$f":"K38*J38","v":20},null,{"$f":"L38-H38","v":20},{"$f":"IF((H38)=0,\"\",(N38/H38))","v":""}]
[null,"Global Adjustment Variance Rider",null,"per kWh",null,null,{"$f":"$F$16","v":5000},{"$f":"G39*F39","v":0},null,-2E-3,{"$f":"$F$16","v":5000},{"$f":"K39*J39","v":-10},null,{"$f":"L39-H39","v":-10},{"$f":"IF((H39)=0,\"\",(N39/H39))","v":""}]
[null,null,null,null,null,null,5000,0,null,null,5000,0,null,0,""]
[null,null,null,null,null,null,5000,0,null,null,5000,0,null,0,""]
[null,"Low Voltage Service Charge",null,null,null,null,5000,{"$f":"G42*F42","v":0},null,null,5000,{"$f":"K42*J42","v":0},null,{"$f":"L42-H42","v":0},{"$f":"IF((H42)=0,\"\",(N42/H42))","v":""}]
[null,"Smart Meter Entity Charge",null,null,null,null,null,null,null,null,5000,{"$f":"K43*J43","v":0},null,{"$f":"L43-H43","v":0}]
[null,"Sub-Total B - Distribution (includes Sub-Total A)",null,null,null,null,null,{"$f":"SUM(H38:H42)+H37","v":103.22},null,null,null,{"$f":"SUM(L38:L42)+L37","v":129.6},null,{"$f":"L44-H44","v":26.379999999999995},{"$f":"IF((H44)=0,\"\",(N44/H44))","v":0.2555706258477039}]
[null,"RTSR - Network",null,"per kWh",null,5.7999999999999996E-3,{"$f":"F16*(1+F71)","v":5233.5},{"$f":"G45*F45","v":30.354299999999999},null,6.6E-3,{"$f":"F16*(1+J71)","v":5226.2650000000003},{"$f":"K45*J45","v":34.493349000000002},null,4.1390490000000035,0.13635791304691605]
[null,"RTSR - Line and Transformation Connection",null,"per kWh",null,4.4999999999999997E-3,{"$f":"G45","v":5233.5},{"$f":"G46*F46","v":23.550749999999997},null,5.1000000000000004E-3,{"$f":"K45","v":5226.2650000000003},{"$f":"K46*J46","v":26.653951500000005},null,3.1032015000000079,0.1317665679436964]
[null,"Sub-Total C - Delivery (including Sub-Total B)",null,null,null,null,null,{"$f":"SUM(H44:H46)","v":157.12504999999999},null,null,null,{"$f":"SUM(L44:L46)","v":190.74730049999999},null,33.622250500000007,0.21398402418965029]
[null,"Wholesale Market Service Charge (WMSC)",null,"per kWh",null,5.1999999999999998E-3,{"$f":"G46","v":5233.5},{"$f":"G48*F48","v":27.214199999999998},null,5.1999999999999998E-3,{"$f":"K46","v":5226.2650000000003},{"$f":"K48*J48","v":27.176577999999999},null,-3.7621999999998934E-2,-1.3824400496799075E-3]
[null,"Rural and Remote Rate Protection (RRRP)",null,"per kWh",null,1.1000000000000001E-3,{"$f":"G46","v":5233.5},5.75685,null,1.1000000000000001E-3,{"$f":"K46","v":5226.2650000000003},5.7488915000000009,null,-7.9584999999990913E-3,-1.3824400496797887E-3]
[null,"Standard Supply Service Charge",null,"Monthly",null,0.25,1,0.25,null,0.25,1,0.25,null,0,0]
[null,"Debt Retirement Charge (DRC)",null,"per kWh",null,7.0000000000000001E-3,{"$f":"F16","v":5000},35,null,7.0000000000000001E-3,{"$f":"F16","v":5000},35,null,0,0]
[null,"Energy - RPP - Tier 1",null,null,null,7.4999999999999997E-2,{"$f":"IF($T$1=1,IF($F$16>=600,600,IF($F$16<600,$F$16*(1+$F$71),$F$16-600)),IF($T$1=2,IF($F$16>=1000,1000,IF($F$16<1000,$F$16*(1+$F$71),$F$16-1000))))","v":600},{"$f":"G52*F52","v":45},null,7.4999999999999997E-2,{"$f":"IF($T$1=1,IF($F$16>=600,600,IF($F$16<600,$F$16*(1+$J$71),$F$16-600)),IF($T$1=2,IF($F$16>=1000,1000,IF($F$16<1000,$F$16*(1+$J$71),$F$16-1000))))","v":600},{"$f":"K52*J52","v":45},null,0,0]
[null,"Energy - RPP - Tier 2",null,null,null,8.7999999999999995E-2,{"$f":"IF($T$1=1,IF($F$16>=600,$F$16*(1+$F$71)-600,IF($F$16<600,0,)), IF($T$1=2,IF($F$16>=1000,$F$16*(1+$F$71)-1000,IF($F$16<1000,0))))","v":4633.5},{"$f":"G53*F53","v":407.74799999999999},null,8.7999999999999995E-2,{"$f":"IF($T$1=1,IF($F$16>=600,$F$16*(1+$J$71)-600,IF($F$16<600,0,)), IF($T$1=2,IF($F$16>=1000,$F$16*(1+$J$71)-1000,IF($F$16<1000,0))))","v":4626.2650000000003},{"$f":"K53*J53","v":407.11131999999998},null,-0.63668000000001257,-1.5614546239344218E-3]
[null,"TOU - Off Peak",null,null,null,6.5000000000000002E-2,{"$f":"0.64*$F$16*(1+$F$71)","v":3349.44},217.71360000000001,null,6.5000000000000002E-2,{"$f":"0.64*$F$16*(1+$J$71)","v":3344.8096},217.41262400000002,null,-0.30097599999999147,-1.3824400496799073E-3]
[null,"TOU - Mid Peak",null,null,null,0.1,{"$f":"0.18*$F$16*(1+$F$71)","v":942.03},94.203000000000003,null,0.1,{"$f":"0.18*$F$16*(1+$J$71)","v":940.72770000000003},94.072770000000006,null,-0.1302299999999974,-1.3824400496799188E-3]
[null,"TOU - On Peak",null,null,null,0.11700000000000001,{"$f":"0.18*$F$16*(1+$F$71)","v":942.03},110.21751,null,0.11700000000000001,{"$f":"0.18*$F$16*(1+$J$71)","v":940.72770000000003},110.0651409,null,-0.15236910000000137,-1.3824400496799589E-3]
[]
[null,"Total Bill on RPP (before Taxes)",null,null,null,null,null,{"$f":"SUM(H47:H53)","v":678.09410000000003},null,null,null,{"$f":"SUM(L47:L53)","v":711.03408999999999},null,32.939989999999966,4.8577313974564836E-2]
[null,"HST",null,null,null,0.13,null,{"$f":"H58*F59","v":88.15223300000001},null,0.13,null,{"$f":"L58*J59","v":92.434431700000005},null,4.282198699999995,4.8577313974564829E-2]
[null,"Total Bill (including HST)",null,null,null,null,null,{"$f":"H58+H59","v":766.24633300000005},null,null,null,{"$f":"L58+L59","v":803.4685217},null,37.222188699999947,4.8577313974564815E-2]
[null,"Ontario Clean Energy Benefit 1",null,null,null,null,null,-46.49,null,null,null,-47.64,null,-1.1499999999999986,2.4736502473650217E-2]
[null,"Total Bill on RPP (including OCEB)",null,null,null,null,null,{"$f":"SUM(H60:H61)","v":719.75633300000004},null,null,null,{"$f":"SUM(L60:L61)","v":755.82852170000001},null,36.07218869999997,5.0117223074159417E-2]
[]
[null,"Total Bill on TOU (before Taxes)",null,null,null,null,null,{"$f":"SUM(H47:H51,H54:H56)","v":647.48020999999994},null,null,null,{"$f":"SUM(L47:L51,L54:L56)","v":680.47330490000002},null,{"$f":"L64-H64","v":32.993094900000074},{"$f":"IF((H64)=0,\"\",(N64/H64))","v":5.0956144126783544E-2}]
[null,"HST",null,null,null,0.13,null,{"$f":"H64*F65","v":84.172427299999995},null,0.13,null,{"$f":"L64*J65","v":88.461529636999998},null,4.2891023370000028,5.0956144126783461E-2]
[null,"Total Bill (including HST)",null,null,null,null,null,{"$f":"H64+H65","v":731.65263729999992},null,null,null,{"$f":"L64+L65","v":768.93483453700003},null,37.282197237000105,5.0956144126783579E-2]
[null,"Ontario Clean Energy Benefit 1",null,null,null,null,null,-44.77,null,null,null,-45.92,null,-1.1499999999999986,2.5686843868662018E-2]
[null,"Total Bill on TOU (including OCEB)",null,null,null,null,null,{"$f":"H66+H67","v":686.88263729999994},null,null,null,{"$f":"L66+L67","v":723.01483453700007},null,36.132197237000128,5.2603159950335418E-2]
[]
[]
[null,"Loss Factor (%)",null,null,null,4.6699999999999998E-2,null,null,null,4.5253000000000002E-2]
[]
["1 Applicable to eligible customers only.  Refer to the Ontario Clean Energy Benefit Act, 2010."]
[]
["Note that the \"Charge $\" columns provide breakdowns of the amounts that each bill component contributes to the total monthly bill at the referenced "]
["consumption level at existing and proposed rates."]
[]
["Applicants must provide bill impacts for residential at 800 kWh and GS<50kW at 2000 kWh. In addition, their filing should cover the range that is relevant"]
["to their service territory, class by class. A general guideline of consumption levels follows:"]
[]
["Residential (kWh) - 100, 250, 500, 800, 1000, 1500, 2000"]
["GS<50kW (kWh) - 1000, 2000, 5000, 10000, 15000"]
["GS>50kW (kW) - 60, 100, 500, 1000"]
["Large User - range appropriate for utility"]
["Lighting Classes and USL - 150 kWh and 1 kW, range appropriate for utility."]

{"sheet":"App.2-W_Bill Impact - GS<50-10k","index":53,"n_rows":85,"n_cols":20,"rows_kept":85,"cut":false,"hidden":false,"merged":[[2,0,2,10],[9,1,9,14],[10,1,10,14],[13,3,13,14],[17,5,17,7],[17,9,17,11],[17,13,17,14],[67,1,67,3],[18,3,19,3],[18,13,19,13],[18,14,19,14],[60,1,60,3],[61,1,61,3],[66,1,66,3]]}
[null,null,null,null,null,null,null,null,null,null,null,null,null,"File Number:",{"$f":"'LDC Info'!$E$18","v":"EB-2012-0175"},null,null,null,null,1]
[null,null,null,null,null,null,null,null,null,null,null,null,null,"Exhibit:"]
[null,null,null,null,null,null,null,null,null,null,null,null,null,"Tab:"]
[null,null,null,null,null,null,null,null,null,null,null,null,null,"Schedule:"]
[null,null,null,null,null,null,null,null,null,null,null,null,null,"Page:"]
[]
[null,null,null,null,null,null,null,null,null,null,null,null,null,"Date:"]
[]
[]
[null,"Appendix 2-W"]
[null,"Bill Impacts"]
[]
[]
[null,"Customer Class:",null,"General Service  Less Than 50kW"]
[]
[null,null,null,"Consumption",null,10000," kWh"]
[]
[null,null,null,null,null,"Current Board-Approved",null,null,null,"Proposed",null,null,null,"Impact"]
[null,null,null,"Charge Unit",null,"Rate","Volume","Charge",null,"Rate","Volume","Charge",null,"$ Change","% Change"]
[null,null,null,null,null,"($)",null,"($)",null,"($)",null,"($)"]
[null,"Monthly Service Charge",null,"Monthly",null,33.72,1,{"$f":"G21*F21","v":33.72},null,37,1,{"$f":"K21*J21","v":37},null,{"$f":"L21-H21","v":3.2800000000000011},{"$f":"IF((H21)=0,\"\",(N21/H21))","v":9.7271648873072394E-2}]
[null,"Smart Meter Rate Adder",null,null,null,null,1,{"$f":"G22*F22","v":0},null,null,1,{"$f":"K22*J22","v":0},null,{"$f":"L22-H22","v":0},{"$f":"IF((H22)=0,\"\",(N22/H22))","v":""}]
[null,null,null,null,null,null,1,0,null,null,1,{"$f":"K23*J23","v":0},null,{"$f":"L23-H23","v":0},{"$f":"IF((H23)=0,\"\",(N23/H23))","v":""}]
[null,null,null,null,null,null,1,0,null,null,1,0,null,0,""]
[null,null,null,null,null,null,1,0,null,null,1,0,null,0,""]
[null,null,null,null,null,null,1,0,null,null,1,0,null,0,""]
[null,"Distribution Volumetric Rate",null,"per kWh",null,1.1599999999999999E-2,{"$f":"$F$16","v":10000},115.99999999999999,null,1.4200000000000001E-2,{"$f":"$F$16","v":10000},142,null,26.000000000000014,0.2241379310344829]
[null,"Smart Meter Disposition Rider",null,"Monthly",null,null,{"$f":"$F$16","v":10000},0,null,0.83,1,0.83,null,0.83,""]
[null,"LRAM & SSM Rate Rider",null,"per kWh",null,2.3E-3,{"$f":"$F$16","v":10000},23,null,1.1999999999999999E-3,{"$f":"$F$16","v":10000},11.999999999999998,null,-11.000000000000002,-0.47826086956521746]
[null,"Stranded Meter Recovery Rider",null,"Monthly",null,null,{"$f":"$F$16","v":10000},0,null,2.2999999999999998,1,2.2999999999999998,null,2.2999999999999998,""]
[null,"Extrraordinary Event Recovery Rider",null,"Monthly",null,null,10000,0,null,2.4700000000000002,1,2.4700000000000002,null,2.4700000000000002,""]
[null,null,null,null,null,null,10000,0,null,null,10000,0,null,0,""]
[null,null,null,null,null,null,10000,0,null,null,10000,0,null,0,""]
[null,null,null,null,null,null,10000,0,null,null,10000,0,null,0,""]
[null,null,null,null,null,null,10000,0,null,null,10000,0,null,0,""]
[null,null,null,null,null,null,10000,0,null,null,10000,0,null,0,""]
[null,"Sub-Total A",null,null,null,null,null,{"$f":"SUM(H21:H36)","v":172.71999999999997},null,null,null,{"$f":"SUM(L21:L36)","v":196.60000000000002},null,23.880000000000052,0.13825845298749453]
[null,"Deferral/Variance Account Disposition Rate Rider",null,"per kWh",null,null,{"$f":"$F$16","v":10000},{"$f":"G38*F38","v":0},null,4.0000000000000001E-3,{"$f":"$F$16","v":10000},{"$f":"K38*J38","v":40},null,{"$f":"L38-H38","v":40},{"$f":"IF((H38)=0,\"\",(N38/H38))","v":""}]
[null,"Global Adjustment Variance Rider",null,"per kWh",null,null,{"$f":"$F$16","v":10000},{"$f":"G39*F39","v":0},null,-2E-3,{"$f":"$F$16","v":10000},{"$f":"K39*J39","v":-20},null,{"$f":"L39-H39","v":-20},{"$f":"IF((H39)=0,\"\",(N39/H39))","v":""}]
[null,null,null,null,null,null,10000,0,null,null,10000,0,null,0,""]
[null,null,null,null,null,null,10000,0,null,null,10000,0,null,0,""]
[null,"Low Voltage Service Charge",null,null,null,null,10000,{"$f":"G42*F42","v":0},null,null,10000,{"$f":"K42*J42","v":0},null,{"$f":"L42-H42","v":0},{"$f":"IF((H42)=0,\"\",(N42/H42))","v":""}]
[null,"Smart Meter Entity Charge",null,null,null,null,null,null,null,null,10000,{"$f":"K43*J43","v":0},null,{"$f":"L43-H43","v":0}]
[null,"Sub-Total B - Distribution (includes Sub-Total A)",null,null,null,null,null,{"$f":"SUM(H38:H42)+H37","v":172.71999999999997},null,null,null,{"$f":"SUM(L38:L42)+L37","v":216.60000000000002},null,{"$f":"L44-H44","v":43.880000000000052},{"$f":"IF((H44)=0,\"\",(N44/H44))","v":0.25405280222325183}]
[null,"RTSR - Network",null,"per kWh",null,5.7999999999999996E-3,{"$f":"F16*(1+F71)","v":10467},{"$f":"G45*F45","v":60.708599999999997},null,6.6E-3,{"$f":"F16*(1+J71)","v":10452.530000000001},{"$f":"K45*J45","v":68.986698000000004},null,8.2780980000000071,0.13635791304691605]
[null,"RTSR - Line and Transformation Connection",null,"per kWh",null,4.4999999999999997E-3,{"$f":"G45","v":10467},{"$f":"G46*F46","v":47.101499999999994},null,5.1000000000000004E-3,{"$f":"K45","v":10452.530000000001},{"$f":"K46*J46","v":53.30790300000001},null,6.2064030000000159,0.1317665679436964]
[null,"Sub-Total C - Delivery (including Sub-Total B)",null,null,null,null,null,{"$f":"SUM(H44:H46)","v":280.53009999999995},null,null,null,{"$f":"SUM(L44:L46)","v":338.89460100000002},null,58.364501000000075,0.20805076175426482]
[null,"Wholesale Market Service Charge (WMSC)",null,"per kWh",null,5.1999999999999998E-3,{"$f":"G46","v":10467},{"$f":"G48*F48","v":54.428399999999996},null,5.1999999999999998E-3,{"$f":"K46","v":10452.530000000001},{"$f":"K48*J48","v":54.353155999999998},null,-7.5243999999997868E-2,-1.3824400496799075E-3]
[null,"Rural and Remote Rate Protection (RRRP)",null,"per kWh",null,1.1000000000000001E-3,{"$f":"G46","v":10467},11.5137,null,1.1000000000000001E-3,{"$f":"K46","v":10452.530000000001},11.497783000000002,null,-1.5916999999998183E-2,-1.3824400496797887E-3]
[null,"Standard Supply Service Charge",null,"Monthly",null,0.25,1,0.25,null,0.25,1,0.25,null,0,0]
[null,"Debt Retirement Charge (DRC)",null,"per kWh",null,7.0000000000000001E-3,{"$f":"F16","v":10000},70,null,7.0000000000000001E-3,{"$f":"F16","v":10000},70,null,0,0]
[null,"Energy - RPP - Tier 1",null,null,null,7.4999999999999997E-2,{"$f":"IF($T$1=1,IF($F$16>=600,600,IF($F$16<600,$F$16*(1+$F$71),$F$16-600)),IF($T$1=2,IF($F$16>=1000,1000,IF($F$16<1000,$F$16*(1+$F$71),$F$16-1000))))","v":600},{"$f":"G52*F52","v":45},null,7.4999999999999997E-2,{"$f":"IF($T$1=1,IF($F$16>=600,600,IF($F$16<600,$F$16*(1+$J$71),$F$16-600)),IF($T$1=2,IF($F$16>=1000,1000,IF($F$16<1000,$F$16*(1+$J$71),$F$16-1000))))","v":600},{"$f":"K52*J52","v":45},null,0,0]
[null,"Energy - RPP - Tier 2",null,null,null,8.7999999999999995E-2,{"$f":"IF($T$1=1,IF($F$16>=600,$F$16*(1+$F$71)-600,IF($F$16<600,0,)), IF($T$1=2,IF($F$16>=1000,$F$16*(1+$F$71)-1000,IF($F$16<1000,0))))","v":9867},{"$f":"G53*F53","v":868.29599999999994},null,8.7999999999999995E-2,{"$f":"IF($T$1=1,IF($F$16>=600,$F$16*(1+$J$71)-600,IF($F$16<600,0,)), IF($T$1=2,IF($F$16>=1000,$F$16*(1+$J$71)-1000,IF($F$16<1000,0))))","v":9852.5300000000007},{"$f":"K53*J53","v":867.02264000000002},null,-1.2733599999999115,-1.4665045099826689E-3]
[null,"TOU - Off Peak",null,null,null,6.5000000000000002E-2,{"$f":"0.64*$F$16*(1+$F$71)","v":6698.88},435.42720000000003,null,6.5000000000000002E-2,{"$f":"0.64*$F$16*(1+$J$71)","v":6689.6192000000001},434.82524800000004,null,-0.60195199999998295,-1.3824400496799073E-3]
[null,"TOU - Mid Peak",null,null,null,0.1,{"$f":"0.18*$F$16*(1+$F$71)","v":1884.06},188.40600000000001,null,0.1,{"$f":"0.18*$F$16*(1+$J$71)","v":1881.4554000000001},188.14554000000001,null,-0.26045999999999481,-1.3824400496799188E-3]
[null,"TOU - On Peak",null,null,null,0.11700000000000001,{"$f":"0.18*$F$16*(1+$F$71)","v":1884.06},220.43502000000001,null,0.11700000000000001,{"$f":"0.18*$F$16*(1+$J$71)","v":1881.4554000000001},220.13028180000001,null,-0.30473820000000273,-1.3824400496799589E-3]
[]
[null,"Total Bill on RPP (before Taxes)",null,null,null,null,null,{"$f":"SUM(H47:H53)","v":1330.0182},null,null,null,{"$f":"SUM(L47:L53)","v":1387.01818},null,56.99998000000005,4.2856541361614486E-2]
[null,"HST",null,null,null,0.13,null,{"$f":"H58*F59","v":172.902366},null,0.13,null,{"$f":"L58*J59","v":180.31236340000001},null,7.4099974000000088,4.28565413616145E-2]
[null,"Total Bill (including HST)",null,null,null,null,null,{"$f":"H58+H59","v":1502.920566},null,null,null,{"$f":"L58+L59","v":1567.3305434000001},null,64.409977400000116,4.2856541361614528E-2]
[null,"Ontario Clean Energy Benefit 1",null,null,null,null,null,-46.49,null,null,null,-47.64,null,-1.1499999999999986,2.4736502473650217E-2]
[null,"Total Bill on RPP (including OCEB)",null,null,null,null,null,{"$f":"SUM(H60:H61)","v":1456.430566},null,null,null,{"$f":"SUM(L60:L61)","v":1519.6905434},null,63.259977400000025,4.3434942163937E-2]
[]
[null,"Total Bill on TOU (before Taxes)",null,null,null,null,null,{"$f":"SUM(H47:H51,H54:H56)","v":1260.9904200000001},null,null,null,{"$f":"SUM(L47:L51,L54:L56)","v":1318.0966098000001},null,{"$f":"L64-H64","v":57.106189800000038},{"$f":"IF((H64)=0,\"\",(N64/H64))","v":4.528677529524771E-2}]
[null,"HST",null,null,null,0.13,null,{"$f":"H64*F65","v":163.92875460000002},null,0.13,null,{"$f":"L64*J65","v":171.35255927400001},null,7.4238046739999959,4.5286775295247654E-2]
[null,"Total Bill (including HST)",null,null,null,null,null,{"$f":"H64+H65","v":1424.9191746000001},null,null,null,{"$f":"L64+L65","v":1489.4491690740001},null,64.529994473999977,4.5286775295247661E-2]
[null,"Ontario Clean Energy Benefit 1",null,null,null,null,null,-44.77,null,null,null,-45.92,null,-1.1499999999999986,2.5686843868662018E-2]
[null,"Total Bill on TOU (including OCEB)",null,null,null,null,null,{"$f":"H66+H67","v":1380.1491746000002},null,null,null,{"$f":"L66+L67","v":1443.529169074},null,63.379994473999886,4.5922568111065896E-2]
[]
[]
[null,"Loss Factor (%)",null,null,null,4.6699999999999998E-2,null,null,null,4.5253000000000002E-2]
[]
["1 Applicable to eligible customers only.  Refer to the Ontario Clean Energy Benefit Act, 2010."]
[]
["Note that the \"Charge $\" columns provide breakdowns of the amounts that each bill component contributes to the total monthly bill at the referenced "]
["consumption level at existing and proposed rates."]
[]
["Applicants must provide bill impacts for residential at 800 kWh and GS<50kW at 2000 kWh. In addition, their filing should cover the range that is relevant"]
["to their service territory, class by class. A general guideline of consumption levels follows:"]
[]
["Residential (kWh) - 100, 250, 500, 800, 1000, 1500, 2000"]
["GS<50kW (kWh) - 1000, 2000, 5000, 10000, 15000"]
["GS>50kW (kW) - 60, 100, 500, 1000"]
["Large User - range appropriate for utility"]
["Lighting Classes and USL - 150 kWh and 1 kW, range appropriate for utility."]

{"sheet":"App.2-W_Bill Impact - GS<50-15k","index":54,"n_rows":85,"n_cols":20,"rows_kept":85,"cut":false,"hidden":false,"merged":[[2,0,2,10],[9,1,9,14],[10,1,10,14],[13,3,13,14],[17,5,17,7],[17,9,17,11],[17,13,17,14],[67,1,67,3],[18,3,19,3],[18,13,19,13],[18,14,19,14],[60,1,60,3],[61,1,61,3],[66,1,66,3]]}
[null,null,null,null,null,null,null,null,null,null,null,null,null,"File Number:",{"$f":"'LDC Info'!$E$18","v":"EB-2012-0175"},null,null,null,null,1]
[null,null,null,null,null,null,null,null,null,null,null,null,null,"Exhibit:"]
[null,null,null,null,null,null,null,null,null,null,null,null,null,"Tab:"]
[null,null,null,null,null,null,null,null,null,null,null,null,null,"Schedule:"]
[null,null,null,null,null,null,null,null,null,null,null,null,null,"Page:"]
[]
[null,null,null,null,null,null,null,null,null,null,null,null,null,"Date:"]
[]
[]
[null,"Appendix 2-W"]
[null,"Bill Impacts"]
[]
[]
[null,"Customer Class:",null,"General Service  Less Than 50kW"]
[]
[null,null,null,"Consumption",null,15000," kWh"]
[]
[null,null,null,null,null,"Current Board-Approved",null,null,null,"Proposed",null,null,null,"Impact"]
[null,null,null,"Charge Unit",null,"Rate","Volume","Charge",null,"Rate","Volume","Charge",null,"$ Change","% Change"]
[null,null,null,null,null,"($)",null,"($)",null,"($)",null,"($)"]
[null,"Monthly Service Charge",null,"Monthly",null,33.72,1,{"$f":"G21*F21","v":33.72},null,37,1,{"$f":"K21*J21","v":37},null,{"$f":"L21-H21","v":3.2800000000000011},{"$f":"IF((H21)=0,\"\",(N21/H21))","v":9.7271648873072394E-2}]
[null,"Smart Meter Rate Adder",null,null,null,null,1,{"$f":"G22*F22","v":0},null,null,1,{"$f":"K22*J22","v":0},null,{"$f":"L22-H22","v":0},{"$f":"IF((H22)=0,\"\",(N22/H22))","v":""}]
[null,null,null,null,null,null,1,0,null,null,1,{"$f":"K23*J23","v":0},null,{"$f":"L23-H23","v":0},{"$f":"IF((H23)=0,\"\",(N23/H23))","v":""}]
[null,null,null,null,null,null,1,0,null,null,1,0,null,0,""]
[null,null,null,null,null,null,1,0,null,null,1,0,null,0,""]
[null,null,null,null,null,null,1,0,null,null,1,0,null,0,""]
[null,"Distribution Volumetric Rate",null,"per kWh",null,1.1599999999999999E-2,{"$f":"$F$16","v":15000},174,null,1.4200000000000001E-2,{"$f":"$F$16","v":15000},213,null,39,0.22413793103448276]
[null,"Smart Meter Disposition Rider",null,"Monthly",null,null,{"$f":"$F$16","v":15000},0,null,0.83,1,0.83,null,0.83,""]
[null,"LRAM & SSM Rate Rider",null,"per kWh",null,2.3E-3,{"$f":"$F$16","v":15000},34.5,null,1.1999999999999999E-3,{"$f":"$F$16","v":15000},18,null,-16.5,-0.47826086956521741]
[null,"Stranded Meter Recovery Rider",null,"Monthly",null,null,{"$f":"$F$16","v":15000},0,null,2.2999999999999998,1,2.2999999999999998,null,2.2999999999999998,""]
[null,"Extraordinary Event Recovery Rider",null,"Monthly",null,null,15000,0,null,2.4700000000000002,1,2.4700000000000002,null,2.4700000000000002,""]
[null,null,null,null,null,null,15000,0,null,null,15000,0,null,0,""]
[null,null,null,null,null,null,15000,0,null,null,15000,0,null,0,""]
[null,null,null,null,null,null,15000,0,null,null,15000,0,null,0,""]
[null,null,null,null,null,null,15000,0,null,null,15000,0,null,0,""]
[null,null,null,null,null,null,15000,0,null,null,15000,0,null,0,""]
[null,"Sub-Total A",null,null,null,null,null,{"$f":"SUM(H21:H36)","v":242.22},null,null,null,{"$f":"SUM(L21:L36)","v":273.60000000000008},null,31.380000000000081,0.12955164726281926]
[null,"Deferral/Variance Account Disposition Rate Rider",null,"per kWh",null,null,{"$f":"$F$16","v":15000},{"$f":"G38*F38","v":0},null,4.0000000000000001E-3,{"$f":"$F$16","v":15000},{"$f":"K38*J38","v":60},null,{"$f":"L38-H38","v":60},{"$f":"IF((H38)=0,\"\",(N38/H38))","v":""}]
[null,"Global Adjustment Variance Rider",null,"per kWh",null,null,{"$f":"$F$16","v":15000},{"$f":"G39*F39","v":0},null,-2E-3,{"$f":"$F$16","v":15000},{"$f":"K39*J39","v":-30},null,{"$f":"L39-H39","v":-30},{"$f":"IF((H39)=0,\"\",(N39/H39))","v":""}]
[null,"Extraordinary Event Recovery Rider",null,null,null,null,15000,0,null,null,15000,0,null,0,""]
[null,null,null,null,null,null,15000,0,null,null,15000,0,null,0,""]
[null,"Low Voltage Service Charge",null,null,null,null,15000,{"$f":"G42*F42","v":0},null,null,15000,{"$f":"K42*J42","v":0},null,{"$f":"L42-H42","v":0},{"$f":"IF((H42)=0,\"\",(N42/H42))","v":""}]
[null,"Smart Meter Entity Charge",null,null,null,null,null,null,null,null,15000,{"$f":"K43*J43","v":0},null,{"$f":"L43-H43","v":0}]
[null,"Sub-Total B - Distribution (includes Sub-Total A)",null,null,null,null,null,{"$f":"SUM(H38:H42)+H37","v":242.22},null,null,null,{"$f":"SUM(L38:L42)+L37","v":303.60000000000008},null,{"$f":"L44-H44","v":61.380000000000081},{"$f":"IF((H44)=0,\"\",(N44/H44))","v":0.25340599455040907}]
[null,"RTSR - Network",null,"per kWh",null,5.7999999999999996E-3,{"$f":"F16*(1+F71)","v":15700.5},{"$f":"G45*F45","v":91.062899999999999},null,6.6E-3,{"$f":"F16*(1+J71)","v":15678.795},{"$f":"K45*J45","v":103.480047},null,12.417147,0.13635791304691591]
[null,"RTSR - Line and Transformation Connection",null,"per kWh",null,4.4999999999999997E-3,{"$f":"G45","v":15700.5},{"$f":"G46*F46","v":70.652249999999995},null,5.1000000000000004E-3,{"$f":"K45","v":15678.795},{"$f":"K46*J46","v":79.961854500000001},null,9.3096045000000061,0.13176656794369615]
[null,"Sub-Total C - Delivery (including Sub-Total B)",null,null,null,null,null,{"$f":"SUM(H44:H46)","v":403.93514999999996},null,null,null,{"$f":"SUM(L44:L46)","v":487.04190150000011},null,83.106751500000144,0.20574280673519041]
[null,"Wholesale Market Service Charge (WMSC)",null,"per kWh",null,5.1999999999999998E-3,{"$f":"G46","v":15700.5},{"$f":"G48*F48","v":81.642600000000002},null,5.1999999999999998E-3,{"$f":"K46","v":15678.795},{"$f":"K48*J48","v":81.529733999999991},null,-0.11286600000001101,-1.3824400496800814E-3]
[null,"Rural and Remote Rate Protection (RRRP)",null,"per kWh",null,1.1000000000000001E-3,{"$f":"G46","v":15700.5},17.27055,null,1.1000000000000001E-3,{"$f":"K46","v":15678.795},17.246674500000001,null,-2.387549999999905E-2,-1.3824400496798915E-3]
[null,"Standard Supply Service Charge",null,"Monthly",null,0.25,1,0.25,null,0.25,1,0.25,null,0,0]
[null,"Debt Retirement Charge (DRC)",null,"per kWh",null,7.0000000000000001E-3,{"$f":"G49","v":15700.5},109.90350000000001,null,7.0000000000000001E-3,{"$f":"K49","v":15678.795},109.751565,null,-0.15193500000000881,-1.3824400496800266E-3]
[null,"Energy - RPP - Tier 1",null,null,null,7.4999999999999997E-2,{"$f":"IF($T$1=1,IF($F$16>=600,600,IF($F$16<600,$F$16*(1+$F$71),$F$16-600)),IF($T$1=2,IF($F$16>=1000,1000,IF($F$16<1000,$F$16*(1+$F$71),$F$16-1000))))","v":600},{"$f":"G52*F52","v":45},null,7.4999999999999997E-2,{"$f":"IF($T$1=1,IF($F$16>=600,600,IF($F$16<600,$F$16*(1+$J$71),$F$16-600)),IF($T$1=2,IF($F$16>=1000,1000,IF($F$16<1000,$F$16*(1+$J$71),$F$16-1000))))","v":600},{"$f":"K52*J52","v":45},null,0,0]
[null,"Energy - RPP - Tier 2",null,null,null,8.7999999999999995E-2,{"$f":"IF($T$1=1,IF($F$16>=600,$F$16*(1+$F$71)-600,IF($F$16<600,0,)), IF($T$1=2,IF($F$16>=1000,$F$16*(1+$F$71)-1000,IF($F$16<1000,0))))","v":15100.5},{"$f":"G53*F53","v":1328.8439999999998},null,8.7999999999999995E-2,{"$f":"IF($T$1=1,IF($F$16>=600,$F$16*(1+$J$71)-600,IF($F$16<600,0,)), IF($T$1=2,IF($F$16>=1000,$F$16*(1+$J$71)-1000,IF($F$16<1000,0))))","v":15078.795},{"$f":"K53*J53","v":1326.9339599999998},null,-1.9100399999999809,-1.4373696235223856E-3]
[null,"TOU - Off Peak",null,null,null,6.5000000000000002E-2,{"$f":"0.64*$F$16*(1+$F$71)","v":10048.32},653.14080000000001,null,6.5000000000000002E-2,{"$f":"0.64*$F$16*(1+$J$71)","v":10034.4288},652.23787200000004,null,-0.90292799999997442,-1.3824400496799073E-3]
[null,"TOU - Mid Peak",null,null,null,0.1,{"$f":"0.18*$F$16*(1+$F$71)","v":2826.0899999999997},282.60899999999998,null,0.1,{"$f":"0.18*$F$16*(1+$J$71)","v":2822.1830999999997},282.21830999999997,null,-0.39069000000000642,-1.3824400496799693E-3]
[null,"TOU - On Peak",null,null,null,0.11700000000000001,{"$f":"0.18*$F$16*(1+$F$71)","v":2826.0899999999997},330.65252999999996,null,0.11700000000000001,{"$f":"0.18*$F$16*(1+$J$71)","v":2822.1830999999997},330.19542269999999,null,-0.45710729999996147,-1.3824400496798301E-3]
[]
[null,"Total Bill on RPP (before Taxes)",null,null,null,null,null,{"$f":"SUM(H47:H53)","v":1986.8457999999998},null,null,null,{"$f":"SUM(L47:L53)","v":2067.753835},null,80.908035000000154,4.0721849174203739E-2]
[null,"HST",null,null,null,0.13,null,{"$f":"H58*F59","v":258.28995399999997},null,0.13,null,{"$f":"L58*J59","v":268.80799854999998},null,10.518044550000013,4.0721849174203711E-2]
[null,"Total Bill (including HST)",null,null,null,null,null,{"$f":"H58+H59","v":2245.1357539999999},null,null,null,{"$f":"L58+L59","v":2336.5618335499998},null,91.42607954999994,4.0721849174203628E-2]
[null,"Ontario Clean Energy Benefit 1",null,null,null,null,null,-46.49,null,null,null,-47.64,null,-1.1499999999999986,2.4736502473650217E-2]
[null,"Total Bill on RPP (including OCEB)",null,null,null,null,null,{"$f":"SUM(H60:H61)","v":2198.6457540000001},null,null,null,{"$f":"SUM(L60:L61)","v":2288.92183355},null,90.276079549999849,4.1059856680304416E-2]
[]
[null,"Total Bill on TOU (before Taxes)",null,null,null,null,null,{"$f":"SUM(H47:H51,H54:H56)","v":1879.4041299999999},null,null,null,{"$f":"SUM(L47:L51,L54:L56)","v":1960.4714797000001},null,{"$f":"L64-H64","v":81.06734970000025},{"$f":"IF((H64)=0,\"\",(N64/H64))","v":4.3134602295462794E-2}]
[null,"HST",null,null,null,0.13,null,{"$f":"H64*F65","v":244.32253689999999},null,0.13,null,{"$f":"L64*J65","v":254.86129236100004},null,10.538755461000051,4.3134602295462871E-2]
[null,"Total Bill (including HST)",null,null,null,null,null,{"$f":"H64+H65","v":2123.7266669000001},null,null,null,{"$f":"L64+L65","v":2215.332772061},null,91.606105160999959,4.3134602295462635E-2]
[null,"Ontario Clean Energy Benefit 1",null,null,null,null,null,-44.77,null,null,null,-45.92,null,-1.1499999999999986,2.5686843868662018E-2]
[null,"Total Bill on TOU (including OCEB)",null,null,null,null,null,{"$f":"H66+H67","v":2078.9566669000001},null,null,null,{"$f":"L66+L67","v":2169.4127720609999},null,90.456105160999869,4.3510336988351904E-2]
[]
[]
[null,"Loss Factor (%)",null,null,null,4.6699999999999998E-2,null,null,null,4.5253000000000002E-2]
[]
["1 Applicable to eligible customers only.  Refer to the Ontario Clean Energy Benefit Act, 2010."]
[]
["Note that the \"Charge $\" columns provide breakdowns of the amounts that each bill component contributes to the total monthly bill at the referenced "]
["consumption level at existing and proposed rates."]
[]
["Applicants must provide bill impacts for residential at 800 kWh and GS<50kW at 2000 kWh. In addition, their filing should cover the range that is relevant"]
["to their service territory, class by class. A general guideline of consumption levels follows:"]
[]
["Residential (kWh) - 100, 250, 500, 800, 1000, 1500, 2000"]
["GS<50kW (kWh) - 1000, 2000, 5000, 10000, 15000"]
["GS>50kW (kW) - 60, 100, 500, 1000"]
["Large User - range appropriate for utility"]
["Lighting Classes and USL - 150 kWh and 1 kW, range appropriate for utility."]

{"sheet":"Ap.2-W_Bill Impact-GS50-499-15k","index":55,"n_rows":86,"n_cols":20,"rows_kept":86,"cut":false,"hidden":false,"merged":[[68,1,68,3],[19,3,20,3],[19,13,20,13],[19,14,20,14],[61,1,61,3],[62,1,62,3],[67,1,67,3],[2,0,2,10],[9,1,9,14],[10,1,10,14],[13,3,13,14],[18,5,18,7],[18,9,18,11],[18,13,18,14]]}
[null,null,null,null,null,null,null,null,null,null,null,null,null,"File Number:",{"$f":"'LDC Info'!$E$18","v":"EB-2012-0175"},null,null,null,null,1]
[null,null,null,null,null,null,null,null,null,null,null,null,null,"Exhibit:"]
[null,null,null,null,null,null,null,null,null,null,null,null,null,"Tab:"]
[null,null,null,null,null,null,null,null,null,null,null,null,null,"Schedule:"]
[null,null,null,null,null,null,null,null,null,null,null,null,null,"Page:"]
[]
[null,null,null,null,null,null,null,null,null,null,null,null,null,"Date:"]
[]
[]
[null,"Appendix 2-W"]
[null,"Bill Impacts"]
[]
[]
[null,"Customer Class:",null,"GS 50 to 499kW"]
[]
[null,null,null,"Consumption",null,55," kW"]
[null,null,null,null,null,15000," kWh"]
[]
[null,null,null,null,null,"Current Board-Approved",null,null,null,"Proposed",null,null,null,"Impact"]
[null,null,null,"Charge Unit",null,"Rate","Volume","Charge",null,"Rate","Volume","Charge",null,"$ Change","% Change"]
[null,null,null,null,null,"($)",null,"($)",null,"($)",null,"($)"]
[null,"Monthly Service Charge",null,"Monthly",null,396.04,1,{"$f":"G22*F22","v":396.04},null,396.04,1,{"$f":"K22*J22","v":396.04},null,{"$f":"L22-H22","v":0},{"$f":"IF((H22)=0,\"\",(N22/H22))","v":0}]
[null,"Smart Meter Rate Adder",null,null,null,null,1,{"$f":"G23*F23","v":0},null,null,1,{"$f":"K23*J23","v":0},null,{"$f":"L23-H23","v":0},{"$f":"IF((H23)=0,\"\",(N23/H23))","v":""}]
[null,null,null,null,null,null,1,0,null,null,1,{"$f":"K24*J24","v":0},null,{"$f":"L24-H24","v":0},{"$f":"IF((H24)=0,\"\",(N24/H24))","v":""}]
[null,null,null,null,null,null,1,0,null,null,1,0,null,0,""]
[null,null,null,null,null,null,1,0,null,null,1,0,null,0,""]
[null,null,null,null,null,null,1,0,null,null,1,0,null,0,""]
[null,"Distribution Volumetric Rate",null,"per kW",null,1.7594000000000001,{"$f":"$F$16","v":55},96.76700000000001,null,1.7548999999999999,{"$f":"$F$16","v":55},96.519499999999994,null,-0.24750000000001648,-2.5576901216325448E-3]
[null,"Smart Meter Disposition Rider",null,null,null,null,{"$f":"$F$16","v":55},0,null,null,{"$f":"$F$16","v":55},0,null,0,""]
[null,"LRAM & SSM Rate Rider",null,"per kW",null,7.5999999999999998E-2,{"$f":"$F$16","v":55},4.18,null,6.25E-2,55,3.4375,null,-0.74249999999999972,-0.17763157894736836]
[null,"Extraordinary Event Recovery Rider",null,"Monthly",null,null,{"$f":"$F$16","v":55},0,null,19.11,1,19.11,null,19.11,""]
[null,null,null,null,null,null,55,0,null,null,55,0,null,0,""]
[null,null,null,null,null,null,55,0,null,null,55,0,null,0,""]
[null,null,null,null,null,null,55,0,null,null,55,0,null,0,""]
[null,null,null,null,null,null,55,0,null,null,55,0,null,0,""]
[null,null,null,null,null,null,55,0,null,null,55,0,null,0,""]
[null,null,null,null,null,null,55,0,null,null,55,0,null,0,""]
[null,"Sub-Total A",null,null,null,null,null,{"$f":"SUM(H22:H37)","v":496.98700000000002},null,null,null,{"$f":"SUM(L22:L37)","v":515.10699999999997},null,18.119999999999948,3.6459706189497808E-2]
[null,"Deferral/Variance Account Disposition Rate Rider",null,"per kW",null,null,{"$f":"$F$16","v":55},{"$f":"G39*F39","v":0},null,1.4276,{"$f":"$F$16","v":55},{"$f":"K39*J39","v":78.518000000000001},null,{"$f":"L39-H39","v":78.518000000000001},{"$f":"IF((H39)=0,\"\",(N39/H39))","v":""}]
[null,"Global Adjustment Variance Rider",null,"per kW",null,null,{"$f":"$F$16","v":55},{"$f":"G40*F40","v":0},null,-0.52790000000000004,{"$f":"$F$16","v":55},{"$f":"K40*J40","v":-29.034500000000001},null,{"$f":"L40-H40","v":-29.034500000000001},{"$f":"IF((H40)=0,\"\",(N40/H40))","v":""}]
[null,null,null,null,null,null,55,0,null,null,55,0,null,0,""]
[null,null,null,null,null,null,55,0,null,null,55,0,null,0,""]
[null,"Low Voltage Service Charge",null,null,null,null,55,{"$f":"G43*F43","v":0},null,null,55,{"$f":"K43*J43","v":0},null,{"$f":"L43-H43","v":0},{"$f":"IF((H43)=0,\"\",(N43/H43))","v":""}]
[null,"Smart Meter Entity Charge",null,null,null,null,null,null,null,null,55,{"$f":"K44*J44","v":0},null,{"$f":"L44-H44","v":0}]
[null,"Sub-Total B - Distribution (includes Sub-Total A)",null,null,null,null,null,{"$f":"SUM(H39:H43)+H38","v":496.98700000000002},null,null,null,{"$f":"SUM(L39:L43)+L38","v":564.59050000000002},null,{"$f":"L45-H45","v":67.603499999999997},{"$f":"IF((H45)=0,\"\",(N45/H45))","v":0.13602669687537097}]
[null,"RTSR - Network",null,"per kW",null,2.3119999999999998,{"$f":"F16*(1+F72)","v":55.797499999999999},{"$f":"G46*F46","v":129.00381999999999},null,2.6316999999999999,{"$f":"F16*(1+J72)","v":55.580250000000007},{"$f":"K46*J46","v":146.27054392500003},null,17.266723925000036,0.13384660954226035]
[null,"RTSR - Line and Transformation Connection",null,"per kW",null,1.8004,{"$f":"G46","v":55.797499999999999},{"$f":"G47*F47","v":100.457819},null,2.0541999999999998,{"$f":"K46","v":55.580250000000007},{"$f":"K47*J47","v":114.17294955},null,13.715130549999998,0.13652626233105855]
[null,"Sub-Total C - Delivery (including Sub-Total B)",null,null,null,null,null,{"$f":"SUM(H45:H47)","v":726.44863899999996},null,null,null,{"$f":"SUM(L45:L47)","v":825.0339934750001},null,98.585354475000145,0.1357086367602103]
[null,"Wholesale Market Service Charge (WMSC)",null,"per kWh",null,5.1999999999999998E-3,{"$f":"$F$17","v":15000},{"$f":"G49*F49","v":78},null,5.1999999999999998E-3,{"$f":"G49","v":15000},{"$f":"K49*J49","v":78},null,0,0]
[null,"Rural and Remote Rate Protection (RRRP)",null,"per kWh",null,1.1000000000000001E-3,{"$f":"$F$17","v":15000},16.5,null,1.1000000000000001E-3,{"$f":"G50","v":15000},16.5,null,0,0]
[null,"Standard Supply Service Charge",null,"Monthly",null,0.25,1,0.25,null,0.25,1,0.25,null,0,0]
[null,"Debt Retirement Charge (DRC)",null,"per kWh",null,7.0000000000000001E-3,{"$f":"G50","v":15000},105,null,7.0000000000000001E-3,{"$f":"K50","v":15000},105,null,0,0]
[null,"Energy - RPP - Tier 1",null,null,null,7.4999999999999997E-2,{"$f":"IF($T$1=1,IF($F$16>=600,600,IF($F$16<600,$F$16*(1+$F$72),$F$16-600)),IF($T$1=2,IF($F$16>=1000,1000,IF($F$16<1000,$F$16*(1+$F$72),$F$16-1000))))","v":55.797499999999999},{"$f":"G53*F53","v":4.1848124999999996},null,7.4999999999999997E-2,{"$f":"IF($T$1=1,IF($F$16>=600,600,IF($F$16<600,$F$16*(1+$J$72),$F$16-600)),IF($T$1=2,IF($F$16>=1000,1000,IF($F$16<1000,$F$16*(1+$J$72),$F$16-1000))))","v":55.580250000000007},{"$f":"K53*J53","v":4.1685187500000005},null,-1.6293749999999108E-2,-3.8935436175453761E-3]
[null,"Energy - RPP - Tier 2",null,null,null,8.7999999999999995E-2,{"$f":"IF($T$1=1,IF($F$16>=600,$F$16*(1+$F$72)-600,IF($F$16<600,0,)), IF($T$1=2,IF($F$16>=1000,$F$16*(1+$F$72)-1000,IF($F$16<1000,0))))","v":0},{"$f":"G54*F54","v":0},null,8.7999999999999995E-2,{"$f":"IF($T$1=1,IF($F$16>=600,$F$16*(1+$J$72)-600,IF($F$16<600,0,)), IF($T$1=2,IF($F$16>=1000,$F$16*(1+$J$72)-1000,IF($F$16<1000,0))))","v":0},{"$f":"K54*J54","v":0},null,0,""]
[null,"TOU - Off Peak",null,null,null,6.5000000000000002E-2,{"$f":"0.64*$F$16*(1+$F$72)","v":35.7104},2.3211759999999999,null,6.5000000000000002E-2,{"$f":"0.64*$F$16*(1+$J$72)","v":35.571360000000006},2.3121384000000003,null,-9.0375999999996459E-3,-3.8935436175454364E-3]
[null,"TOU - Mid Peak",null,null,null,0.1,{"$f":"0.18*$F$16*(1+$F$72)","v":10.04355},1.0043550000000001,null,0.1,{"$f":"0.18*$F$16*(1+$J$72)","v":10.004445},1.0004445000000002,null,-3.9104999999999279E-3,-3.8935436175455166E-3]
[null,"TOU - On Peak",null,null,null,0.11700000000000001,{"$f":"0.18*$F$16*(1+$F$72)","v":10.04355},1.1750953500000001,null,0.11700000000000001,{"$f":"0.18*$F$16*(1+$J$72)","v":10.004445},1.1705200650000001,null,-4.57528500000004E-3,-3.8935436175456229E-3]
[]
[null,"Total Bill on RPP (before Taxes)",null,null,null,null,null,null,null,null,null,null,null,0,""]
[null,"HST",null,null,null,0.13,null,{"$f":"H59*F60","v":0},null,0.13,null,{"$f":"L59*J60","v":0},null,0,""]
[null,"Total Bill (including HST)",null,null,null,null,null,{"$f":"H59+H60","v":0},null,null,null,{"$f":"L59+L60","v":0},null,0,""]
[null,"Ontario Clean Energy Benefit 1",null,null,null,null,null,{"$f":"ROUND(-H61*10%,2)","v":0},null,null,null,{"$f":"ROUND(-L61*10%,2)","v":0},null,0,""]
[null,"Total Bill on RPP (including OCEB)",null,null,null,null,null,{"$f":"SUM(H61:H62)","v":0},null,null,null,{"$f":"SUM(L61:L62)","v":0},null,0,""]
[]
[null,"Total Bill on TOU (before Taxes)",null,null,null,null,null,{"$f":"SUM(H48:H52,H55:H57)","v":930.69926535000002},null,null,null,{"$f":"SUM(L48:L52,L55:L57)","v":1029.2670964399999},null,{"$f":"L65-H65","v":98.567831089999913},{"$f":"IF((H65)=0,\"\",(N65/H65))","v":0.10590728365185972}]
[null,"HST",null,null,null,0.13,null,{"$f":"H65*F66","v":120.9909044955},null,0.13,null,{"$f":"L65*J66","v":133.80472253720001},null,12.813818041700003,0.10590728365185983]
[null,"Total Bill (including HST)",null,null,null,null,null,{"$f":"H65+H66","v":1051.6901698455001},null,null,null,{"$f":"L65+L66","v":1163.0718189771999},null,111.38164913169976,0.10590728365185959]
[null,"Ontario Clean Energy Benefit 1",null,null,null,null,null,{"$f":"ROUND(-H67*10%,2)","v":-105.17},null,null,null,{"$f":"ROUND(-L67*10%,2)","v":-116.31},null,-11.14,0.10592374251212323]
[null,"Total Bill on TOU (including OCEB)",null,null,null,null,null,{"$f":"H67+H68","v":946.52016984550016},null,null,null,{"$f":"L67+L68","v":1046.7618189771999},null,100.24164913169977,0.10590545487061533]
[]
[]
[null,"Loss Factor (%)",null,null,null,1.4500000000000001E-2,null,null,null,1.055E-2]
[]
["1 Applicable to eligible customers only.  Refer to the Ontario Clean Energy Benefit Act, 2010."]
[]
["Note that the \"Charge $\" columns provide breakdowns of the amounts that each bill component contributes to the total monthly bill at the referenced "]
["consumption level at existing and proposed rates."]
[]
["Applicants must provide bill impacts for residential at 800 kWh and GS<50kW at 2000 kWh. In addition, their filing should cover the range that is relevant"]
["to their service territory, class by class. A general guideline of consumption levels follows:"]
[]
["Residential (kWh) - 100, 250, 500, 800, 1000, 1500, 2000"]
["GS<50kW (kWh) - 1000, 2000, 5000, 10000, 15000"]
["GS>50kW (kW) - 60, 100, 500, 1000"]
["Large User - range appropriate for utility"]
["Lighting Classes and USL - 150 kWh and 1 kW, range appropriate for utility."]

{"sheet":"Ap.2-W_Bill Impact-GS50-499-20k","index":56,"n_rows":86,"n_cols":20,"rows_kept":86,"cut":false,"hidden":false,"merged":[[2,0,2,10],[9,1,9,14],[10,1,10,14],[13,3,13,14],[18,5,18,7],[18,9,18,11],[18,13,18,14],[68,1,68,3],[19,3,20,3],[19,13,20,13],[19,14,20,14],[61,1,61,3],[62,1,62,3],[67,1,67,3]]}
[null,null,null,null,null,null,null,null,null,null,null,null,null,"File Number:",{"$f":"'LDC Info'!$E$18","v":"EB-2012-0175"},null,null,null,null,1]
[null,null,null,null,null,null,null,null,null,null,null,null,null,"Exhibit:"]
[null,null,null,null,null,null,null,null,null,null,null,null,null,"Tab:"]
[null,null,null,null,null,null,null,null,null,null,null,null,null,"Schedule:"]
[null,null,null,null,null,null,null,null,null,null,null,null,null,"Page:"]
[]
[null,null,null,null,null,null,null,null,null,null,null,null,null,"Date:"]
[]
[]
[null,"Appendix 2-W"]
[null,"Bill Impacts"]
[]
[]
[null,"Customer Class:",null,"GS 50 to 499kW"]
[]
[null,null,null,"Consumption",null,125," kW"]
[null,null,null,null,null,20000," kWh"]
[]
[null,null,null,null,null,"Current Board-Approved",null,null,null,"Proposed",null,null,null,"Impact"]
[null,null,null,"Charge Unit",null,"Rate","Volume","Charge",null,"Rate","Volume","Charge",null,"$ Change","% Change"]
[null,null,null,null,null,"($)",null,"($)",null,"($)",null,"($)"]
[null,"Monthly Service Charge",null,"Monthly",null,396.04,1,{"$f":"G22*F22","v":396.04},null,396.04,1,{"$f":"K22*J22","v":396.04},null,{"$f":"L22-H22","v":0},{"$f":"IF((H22)=0,\"\",(N22/H22))","v":0}]
[null,"Smart Meter Rate Adder",null,null,null,null,1,{"$f":"G23*F23","v":0},null,null,1,{"$f":"K23*J23","v":0},null,{"$f":"L23-H23","v":0},{"$f":"IF((H23)=0,\"\",(N23/H23))","v":""}]
[null,null,null,null,null,null,1,0,null,null,1,{"$f":"K24*J24","v":0},null,{"$f":"L24-H24","v":0},{"$f":"IF((H24)=0,\"\",(N24/H24))","v":""}]
[null,null,null,null,null,null,1,0,null,null,1,0,null,0,""]
[null,null,null,null,null,null,1,0,null,null,1,0,null,0,""]
[null,null,null,null,null,null,1,0,null,null,1,0,null,0,""]
[null,"Distribution Volumetric Rate",null,"per kW",null,1.7594000000000001,{"$f":"$F$16","v":125},219.92500000000001,null,1.7548999999999999,{"$f":"$F$16","v":125},219.36249999999998,null,-0.56250000000002842,-2.5576901216325036E-3]
[null,"Smart Meter Disposition Rider",null,null,null,null,{"$f":"$F$16","v":125},0,null,null,{"$f":"$F$16","v":125},0,null,0,""]
[null,"LRAM & SSM Rate Rider",null,"per kW",null,7.5999999999999998E-2,{"$f":"$F$16","v":125},9.5,null,6.25E-2,125,7.8125,null,-1.6875,-0.17763157894736842]
[null,"Extraordinary Event Recovery Rider",null,"Monthly",null,null,{"$f":"$F$16","v":125},0,null,19.11,1,19.11,null,19.11,""]
[null,null,null,null,null,null,125,0,null,null,125,0,null,0,""]
[null,null,null,null,null,null,125,0,null,null,125,0,null,0,""]
[null,null,null,null,null,null,125,0,null,null,125,0,null,0,""]
[null,null,null,null,null,null,125,0,null,null,125,0,null,0,""]
[null,null,null,null,null,null,125,0,null,null,125,0,null,0,""]
[null,null,null,null,null,null,125,0,null,null,125,0,null,0,""]
[null,"Sub-Total A",null,null,null,null,null,{"$f":"SUM(H22:H37)","v":625.46500000000003},null,null,null,{"$f":"SUM(L22:L37)","v":642.32500000000005},null,16.860000000000014,2.6955944777085867E-2]
[null,"Deferral/Variance Account Disposition Rate Rider",null,"per kW",null,null,{"$f":"$F$16","v":125},{"$f":"G39*F39","v":0},null,1.4276,{"$f":"$F$16","v":125},{"$f":"K39*J39","v":178.45},null,{"$f":"L39-H39","v":178.45},{"$f":"IF((H39)=0,\"\",(N39/H39))","v":""}]
[null,null,null,"per kW",null,null,{"$f":"$F$16","v":125},{"$f":"G40*F40","v":0},null,-0.52790000000000004,{"$f":"$F$16","v":125},{"$f":"K40*J40","v":-65.987500000000011},null,{"$f":"L40-H40","v":-65.987500000000011},{"$f":"IF((H40)=0,\"\",(N40/H40))","v":""}]
[null,null,null,null,null,null,125,0,null,null,125,0,null,0,""]
[null,null,null,null,null,null,125,0,null,null,125,0,null,0,""]
[null,"Low Voltage Service Charge",null,null,null,null,125,{"$f":"G43*F43","v":0},null,null,125,{"$f":"K43*J43","v":0},null,{"$f":"L43-H43","v":0},{"$f":"IF((H43)=0,\"\",(N43/H43))","v":""}]
[null,"Smart Meter Entity Charge",null,null,null,null,null,null,null,null,125,{"$f":"K44*J44","v":0},null,{"$f":"L44-H44","v":0}]
[null,"Sub-Total B - Distribution (includes Sub-Total A)",null,null,null,null,null,{"$f":"SUM(H39:H43)+H38","v":625.46500000000003},null,null,null,{"$f":"SUM(L39:L43)+L38","v":754.78750000000002},null,{"$f":"L45-H45","v":129.32249999999999},{"$f":"IF((H45)=0,\"\",(N45/H45))","v":0.20676216894630392}]
[null,"RTSR - Network",null,"per kW",null,2.3119999999999998,{"$f":"F16*(1+F72)","v":126.8125},{"$f":"G46*F46","v":293.19049999999999},null,2.6316999999999999,{"$f":"F16*(1+J72)","v":126.31875000000001},{"$f":"K46*J46","v":332.43305437500004},null,39.242554375000054,0.13384660954226027]
[null,"RTSR - Line and Transformation Connection",null,"per kW",null,1.8004,{"$f":"G46","v":126.8125},{"$f":"G47*F47","v":228.31322499999999},null,2.0541999999999998,{"$f":"K46","v":126.31875000000001},{"$f":"K47*J47","v":259.48397625000001},null,31.170751250000023,0.13652626233105869]
[null,"Sub-Total C - Delivery (including Sub-Total B)",null,null,null,null,null,{"$f":"SUM(H45:H47)","v":1146.9687250000002},null,null,null,{"$f":"SUM(L45:L47)","v":1346.7045306250002},null,199.73580562500001,0.17414232949115502]
[null,"Wholesale Market Service Charge (WMSC)",null,"per kWh",null,5.1999999999999998E-3,{"$f":"$F$17","v":20000},{"$f":"G49*F49","v":104},null,5.1999999999999998E-3,{"$f":"G49","v":20000},{"$f":"K49*J49","v":104},null,0,0]
[null,"Rural and Remote Rate Protection (RRRP)",null,"per kWh",null,1.1000000000000001E-3,{"$f":"$F$17","v":20000},22,null,1.1000000000000001E-3,{"$f":"G50","v":20000},22,null,0,0]
[null,"Standard Supply Service Charge",null,"Monthly",null,0.25,1,0.25,null,0.25,1,0.25,null,0,0]
[null,"Debt Retirement Charge (DRC)",null,"per kWh",null,7.0000000000000001E-3,{"$f":"G50","v":20000},140,null,7.0000000000000001E-3,{"$f":"K50","v":20000},140,null,0,0]
[null,"Energy - RPP - Tier 1",null,null,null,7.4999999999999997E-2,{"$f":"IF($T$1=1,IF($F$16>=600,600,IF($F$16<600,$F$16*(1+$F$72),$F$16-600)),IF($T$1=2,IF($F$16>=1000,1000,IF($F$16<1000,$F$16*(1+$F$72),$F$16-1000))))","v":126.8125},{"$f":"G53*F53","v":9.5109374999999989},null,7.4999999999999997E-2,{"$f":"IF($T$1=1,IF($F$16>=600,600,IF($F$16<600,$F$16*(1+$J$72),$F$16-600)),IF($T$1=2,IF($F$16>=1000,1000,IF($F$16<1000,$F$16*(1+$J$72),$F$16-1000))))","v":126.31875000000001},{"$f":"K53*J53","v":9.4739062500000006},null,-3.7031249999998295E-2,-3.89354361754541E-3]
[null,"Energy - RPP - Tier 2",null,null,null,8.7999999999999995E-2,{"$f":"IF($T$1=1,IF($F$16>=600,$F$16*(1+$F$72)-600,IF($F$16<600,0,)), IF($T$1=2,IF($F$16>=1000,$F$16*(1+$F$72)-1000,IF($F$16<1000,0))))","v":0},{"$f":"G54*F54","v":0},null,8.7999999999999995E-2,{"$f":"IF($T$1=1,IF($F$16>=600,$F$16*(1+$J$72)-600,IF($F$16<600,0,)), IF($T$1=2,IF($F$16>=1000,$F$16*(1+$J$72)-1000,IF($F$16<1000,0))))","v":0},{"$f":"K54*J54","v":0},null,0,""]
[null,"TOU - Off Peak",null,null,null,6.5000000000000002E-2,{"$f":"0.64*$F$16*(1+$F$72)","v":81.16},5.2754000000000003,null,6.5000000000000002E-2,{"$f":"0.64*$F$16*(1+$J$72)","v":80.844000000000008},5.2548600000000008,null,-2.0539999999999559E-2,-3.8935436175455049E-3]
[null,"TOU - Mid Peak",null,null,null,0.1,{"$f":"0.18*$F$16*(1+$F$72)","v":22.826249999999998},2.2826249999999999,null,0.1,{"$f":"0.18*$F$16*(1+$J$72)","v":22.737375},2.2737375000000002,null,-8.8874999999997151E-3,-3.8935436175454642E-3]
[null,"TOU - On Peak",null,null,null,0.11700000000000001,{"$f":"0.18*$F$16*(1+$F$72)","v":22.826249999999998},2.6706712499999998,null,0.11700000000000001,{"$f":"0.18*$F$16*(1+$J$72)","v":22.737375},2.660272875,null,-1.0398374999999849E-2,-3.8935436175455327E-3]
[]
[null,"Total Bill on RPP (before Taxes)",null,null,null,null,null,null,null,null,null,null,null,0,""]
[null,"HST",null,null,null,0.13,null,{"$f":"H59*F60","v":0},null,0.13,null,{"$f":"L59*J60","v":0},null,0,""]
[null,"Total Bill (including HST)",null,null,null,null,null,{"$f":"H59+H60","v":0},null,null,null,{"$f":"L59+L60","v":0},null,0,""]
[null,"Ontario Clean Energy Benefit 1",null,null,null,null,null,{"$f":"ROUND(-H61*10%,2)","v":0},null,null,null,{"$f":"ROUND(-L61*10%,2)","v":0},null,0,""]
[null,"Total Bill on RPP (including OCEB)",null,null,null,null,null,{"$f":"SUM(H61:H62)","v":0},null,null,null,{"$f":"SUM(L61:L62)","v":0},null,0,""]
[]
[null,"Total Bill on TOU (before Taxes)",null,null,null,null,null,{"$f":"SUM(H48:H52,H55:H57)","v":1423.4474212500002},null,null,null,{"$f":"SUM(L48:L52,L55:L57)","v":1623.143401},null,{"$f":"L65-H65","v":199.69597974999988},{"$f":"IF((H65)=0,\"\",(N65/H65))","v":0.14029038007925637}]
[null,"HST",null,null,null,0.13,null,{"$f":"H65*F66","v":185.04816476250002},null,0.13,null,{"$f":"L65*J66","v":211.00864213},null,25.960477367499976,0.14029038007925634]
[null,"Total Bill (including HST)",null,null,null,null,null,{"$f":"H65+H66","v":1608.4955860125001},null,null,null,{"$f":"L65+L66","v":1834.15204313},null,225.65645711749994,0.14029038007925643]
[null,"Ontario Clean Energy Benefit 1",null,null,null,null,null,{"$f":"ROUND(-H67*10%,2)","v":-160.85},null,null,null,{"$f":"ROUND(-L67*10%,2)","v":-183.42},null,-22.569999999999993,0.1403170655890581]
[null,"Total Bill on TOU (including OCEB)",null,null,null,null,null,{"$f":"H67+H68","v":1447.6455860125002},null,null,null,{"$f":"L67+L68","v":1650.73204313},null,203.08645711749978,0.14028741501357098]
[]
[]
[null,"Loss Factor (%)",null,null,null,1.4500000000000001E-2,null,null,null,1.055E-2]
[]
["1 Applicable to eligible customers only.  Refer to the Ontario Clean Energy Benefit Act, 2010."]
[]
["Note that the \"Charge $\" columns provide breakdowns of the amounts that each bill component contributes to the total monthly bill at the referenced "]
["consumption level at existing and proposed rates."]
[]
["Applicants must provide bill impacts for residential at 800 kWh and GS<50kW at 2000 kWh. In addition, their filing should cover the range that is relevant"]
["to their service territory, class by class. A general guideline of consumption levels follows:"]
[]
["Residential (kWh) - 100, 250, 500, 800, 1000, 1500, 2000"]
["GS<50kW (kWh) - 1000, 2000, 5000, 10000, 15000"]
["GS>50kW (kW) - 60, 100, 500, 1000"]
["Large User - range appropriate for utility"]
["Lighting Classes and USL - 150 kWh and 1 kW, range appropriate for utility."]

{"sheet":"Ap.2-W_Bill Impact-GS50-499-50k","index":57,"n_rows":86,"n_cols":20,"rows_kept":86,"cut":false,"hidden":false,"merged":[[2,0,2,10],[9,1,9,14],[10,1,10,14],[13,3,13,14],[18,5,18,7],[18,9,18,11],[18,13,18,14],[68,1,68,3],[19,3,20,3],[19,13,20,13],[19,14,20,14],[61,1,61,3],[62,1,62,3],[67,1,67,3]]}
[null,null,null,null,null,null,null,null,null,null,null,null,null,"File Number:",{"$f":"'LDC Info'!$E$18","v":"EB-2012-0175"},null,null,null,null,1]
[null,null,null,null,null,null,null,null,null,null,null,null,null,"Exhibit:"]
[null,null,null,null,null,null,null,null,null,null,null,null,null,"Tab:"]
[null,null,null,null,null,null,null,null,null,null,null,null,null,"Schedule:"]
[null,null,null,null,null,null,null,null,null,null,null,null,null,"Page:"]
[]
[null,null,null,null,null,null,null,null,null,null,null,null,null,"Date:"]
[]
[]
[null,"Appendix 2-W"]
[null,"Bill Impacts"]
[]
[]
[null,"Customer Class:",null,"GS 50 to 499kW"]
[]
[null,null,null,"Consumption",null,250," kW"]
[null,null,null,null,null,50000," kWh"]
[]
[null,null,null,null,null,"Current Board-Approved",null,null,null,"Proposed",null,null,null,"Impact"]
[null,null,null,"Charge Unit",null,"Rate","Volume","Charge",null,"Rate","Volume","Charge",null,"$ Change","% Change"]
[null,null,null,null,null,"($)",null,"($)",null,"($)",null,"($)"]
[null,"Monthly Service Charge",null,"Monthly",null,396.04,1,{"$f":"G22*F22","v":396.04},null,396.04,1,{"$f":"K22*J22","v":396.04},null,{"$f":"L22-H22","v":0},{"$f":"IF((H22)=0,\"\",(N22/H22))","v":0}]
[null,"Smart Meter Rate Adder",null,null,null,null,1,{"$f":"G23*F23","v":0},null,null,1,{"$f":"K23*J23","v":0},null,{"$f":"L23-H23","v":0},{"$f":"IF((H23)=0,\"\",(N23/H23))","v":""}]
[null,null,null,null,null,null,1,0,null,null,1,{"$f":"K24*J24","v":0},null,{"$f":"L24-H24","v":0},{"$f":"IF((H24)=0,\"\",(N24/H24))","v":""}]
[null,null,null,null,null,null,1,0,null,null,1,0,null,0,""]
[null,null,null,null,null,null,1,0,null,null,1,0,null,0,""]
[null,null,null,null,null,null,1,0,null,null,1,0,null,0,""]
[null,"Distribution Volumetric Rate",null,"per kW",null,1.7594000000000001,{"$f":"$F$16","v":250},439.85,null,1.7548999999999999,{"$f":"$F$16","v":250},438.72499999999997,null,-1.1250000000000568,-2.5576901216325036E-3]
[null,"Smart Meter Disposition Rider",null,null,null,null,{"$f":"$F$16","v":250},0,null,null,{"$f":"$F$16","v":250},0,null,0,""]
[null,"LRAM & SSM Rate Rider",null,"per kW",null,7.5999999999999998E-2,{"$f":"$F$16","v":250},19,null,6.25E-2,250,15.625,null,-3.375,-0.17763157894736842]
[null,"Extraordinary Event Recovery Rider",null,"Monthly",null,null,{"$f":"$F$16","v":250},0,null,19.11,1,19.11,null,19.11,""]
[null,null,null,null,null,null,250,0,null,null,250,0,null,0,""]
[null,null,null,null,null,null,250,0,null,null,250,0,null,0,""]
[null,null,null,null,null,null,250,0,null,null,250,0,null,0,""]
[null,null,null,null,null,null,250,0,null,null,250,0,null,0,""]
[null,null,null,null,null,null,250,0,null,null,250,0,null,0,""]
[null,null,null,null,null,null,250,0,null,null,250,0,null,0,""]
[null,"Sub-Total A",null,null,null,null,null,{"$f":"SUM(H22:H37)","v":854.8900000000001},null,null,null,{"$f":"SUM(L22:L37)","v":869.5},null,14.6099999999999,1.7089918001146228E-2]
[null,"Deferral/Variance Account Disposition Rate Rider",null,"per kW",null,null,{"$f":"$F$16","v":250},{"$f":"G39*F39","v":0},null,1.4276,{"$f":"$F$16","v":250},{"$f":"K39*J39","v":356.9},null,{"$f":"L39-H39","v":356.9},{"$f":"IF((H39)=0,\"\",(N39/H39))","v":""}]
[null,"Global Adjustment Variance Rider",null,"per kW",null,null,{"$f":"$F$16","v":250},{"$f":"G40*F40","v":0},null,-0.52790000000000004,{"$f":"$F$16","v":250},{"$f":"K40*J40","v":-131.97500000000002},null,{"$f":"L40-H40","v":-131.97500000000002},{"$f":"IF((H40)=0,\"\",(N40/H40))","v":""}]
[null,null,null,null,null,null,250,0,null,null,250,0,null,0,""]
[null,null,null,null,null,null,250,0,null,null,250,0,null,0,""]
[null,"Low Voltage Service Charge",null,null,null,null,250,{"$f":"G43*F43","v":0},null,null,250,{"$f":"K43*J43","v":0},null,{"$f":"L43-H43","v":0},{"$f":"IF((H43)=0,\"\",(N43/H43))","v":""}]
[null,"Smart Meter Entity Charge",null,null,null,null,null,null,null,null,250,{"$f":"K44*J44","v":0},null,{"$f":"L44-H44","v":0}]
[null,"Sub-Total B - Distribution (includes Sub-Total A)",null,null,null,null,null,{"$f":"SUM(H39:H43)+H38","v":854.8900000000001},null,null,null,{"$f":"SUM(L39:L43)+L38","v":1094.425},null,{"$f":"L45-H45","v":239.53499999999985},{"$f":"IF((H45)=0,\"\",(N45/H45))","v":0.28019394308039608}]
[null,"RTSR - Network",null,"per kW",null,2.3119999999999998,{"$f":"F16*(1+F72)","v":253.625},{"$f":"G46*F46","v":586.38099999999997},null,2.6316999999999999,{"$f":"F16*(1+J72)","v":252.63750000000002},{"$f":"K46*J46","v":664.86610875000008},null,78.485108750000109,0.13384660954226027]
[null,"RTSR - Line and Transformation Connection",null,"per kW",null,1.8004,{"$f":"G46","v":253.625},{"$f":"G47*F47","v":456.62644999999998},null,2.0541999999999998,{"$f":"K46","v":252.63750000000002},{"$f":"K47*J47","v":518.96795250000002},null,62.341502500000047,0.13652626233105869]
[null,"Sub-Total C - Delivery (including Sub-Total B)",null,null,null,null,null,{"$f":"SUM(H45:H47)","v":1897.8974500000002},null,null,null,{"$f":"SUM(L45:L47)","v":2278.2590612500003},null,380.36161125000012,0.20041209879385216]
[null,"Wholesale Market Service Charge (WMSC)",null,"per kWh",null,5.1999999999999998E-3,{"$f":"$F$17","v":50000},{"$f":"G49*F49","v":260},null,5.1999999999999998E-3,{"$f":"G49","v":50000},{"$f":"K49*J49","v":260},null,0,0]
[null,"Rural and Remote Rate Protection (RRRP)",null,"per kWh",null,1.1000000000000001E-3,{"$f":"$F$17","v":50000},55,null,1.1000000000000001E-3,{"$f":"G50","v":50000},55,null,0,0]
[null,"Standard Supply Service Charge",null,"Monthly",null,0.25,1,0.25,null,0.25,1,0.25,null,0,0]
[null,"Debt Retirement Charge (DRC)",null,"per kWh",null,7.0000000000000001E-3,{"$f":"G50","v":50000},350,null,7.0000000000000001E-3,{"$f":"K50","v":50000},350,null,0,0]
[null,"Energy - RPP - Tier 1",null,null,null,7.4999999999999997E-2,{"$f":"IF($T$1=1,IF($F$16>=600,600,IF($F$16<600,$F$16*(1+$F$72),$F$16-600)),IF($T$1=2,IF($F$16>=1000,1000,IF($F$16<1000,$F$16*(1+$F$72),$F$16-1000))))","v":253.625},{"$f":"G53*F53","v":19.021874999999998},null,7.4999999999999997E-2,{"$f":"IF($T$1=1,IF($F$16>=600,600,IF($F$16<600,$F$16*(1+$J$72),$F$16-600)),IF($T$1=2,IF($F$16>=1000,1000,IF($F$16<1000,$F$16*(1+$J$72),$F$16-1000))))","v":252.63750000000002},{"$f":"K53*J53","v":18.947812500000001},null,-7.4062499999996589E-2,-3.89354361754541E-3]
[null,"Energy - RPP - Tier 2",null,null,null,8.7999999999999995E-2,{"$f":"IF($T$1=1,IF($F$16>=600,$F$16*(1+$F$72)-600,IF($F$16<600,0,)), IF($T$1=2,IF($F$16>=1000,$F$16*(1+$F$72)-1000,IF($F$16<1000,0))))","v":0},{"$f":"G54*F54","v":0},null,8.7999999999999995E-2,{"$f":"IF($T$1=1,IF($F$16>=600,$F$16*(1+$J$72)-600,IF($F$16<600,0,)), IF($T$1=2,IF($F$16>=1000,$F$16*(1+$J$72)-1000,IF($F$16<1000,0))))","v":0},{"$f":"K54*J54","v":0},null,0,""]
[null,"TOU - Off Peak",null,null,null,6.5000000000000002E-2,{"$f":"0.64*$F$16*(1+$F$72)","v":162.32},10.550800000000001,null,6.5000000000000002E-2,{"$f":"0.64*$F$16*(1+$J$72)","v":161.68800000000002},10.509720000000002,null,-4.1079999999999117E-2,-3.8935436175455049E-3]
[null,"TOU - Mid Peak",null,null,null,0.1,{"$f":"0.18*$F$16*(1+$F$72)","v":45.652499999999996},4.5652499999999998,null,0.1,{"$f":"0.18*$F$16*(1+$J$72)","v":45.47475},4.5474750000000004,null,-1.777499999999943E-2,-3.8935436175454642E-3]
[null,"TOU - On Peak",null,null,null,0.11700000000000001,{"$f":"0.18*$F$16*(1+$F$72)","v":45.652499999999996},5.3413424999999997,null,0.11700000000000001,{"$f":"0.18*$F$16*(1+$J$72)","v":45.47475},5.32054575,null,-2.0796749999999697E-2,-3.8935436175455327E-3]
[]
[null,"Total Bill on RPP (before Taxes)",null,null,null,null,null,null,null,null,null,null,null,0,""]
[null,"HST",null,null,null,0.13,null,{"$f":"H59*F60","v":0},null,0.13,null,{"$f":"L59*J60","v":0},null,0,""]
[null,"Total Bill (including HST)",null,null,null,null,null,{"$f":"H59+H60","v":0},null,null,null,{"$f":"L59+L60","v":0},null,0,""]
[null,"Ontario Clean Energy Benefit 1",null,null,null,null,null,{"$f":"ROUND(-H61*10%,2)","v":0},null,null,null,{"$f":"ROUND(-L61*10%,2)","v":0},null,0,""]
[null,"Total Bill on RPP (including OCEB)",null,null,null,null,null,{"$f":"SUM(H61:H62)","v":0},null,null,null,{"$f":"SUM(L61:L62)","v":0},null,0,""]
[]
[null,"Total Bill on TOU (before Taxes)",null,null,null,null,null,{"$f":"SUM(H48:H52,H55:H57)","v":2583.6048425000004},null,null,null,{"$f":"SUM(L48:L52,L55:L57)","v":2963.886802},null,{"$f":"L65-H65","v":380.28195949999963},{"$f":"IF((H65)=0,\"\",(N65/H65))","v":0.14719045004267117}]
[null,"HST",null,null,null,0.13,null,{"$f":"H65*F66","v":335.86862952500007},null,0.13,null,{"$f":"L65*J66","v":385.30528426000001},null,49.436654734999934,0.14719045004267112]
[null,"Total Bill (including HST)",null,null,null,null,null,{"$f":"H65+H66","v":2919.4734720250003},null,null,null,{"$f":"L65+L66","v":3349.19208626},null,429.71861423499968,0.1471904500426712]
[null,"Ontario Clean Energy Benefit 1",null,null,null,null,null,{"$f":"ROUND(-H67*10%,2)","v":-291.95},null,null,null,{"$f":"ROUND(-L67*10%,2)","v":-334.92},null,-42.970000000000027,0.14718273676999497]
[null,"Total Bill on TOU (including OCEB)",null,null,null,null,null,{"$f":"H67+H68","v":2627.5234720250005},null,null,null,{"$f":"L67+L68","v":3014.2720862599999},null,386.74861423499942,0.1471913070816212]
[]
[]
[null,"Loss Factor (%)",null,null,null,1.4500000000000001E-2,null,null,null,1.055E-2]
[]
["1 Applicable to eligible customers only.  Refer to the Ontario Clean Energy Benefit Act, 2010."]
[]
["Note that the \"Charge $\" columns provide breakdowns of the amounts that each bill component contributes to the total monthly bill at the referenced "]
["consumption level at existing and proposed rates."]
[]
["Applicants must provide bill impacts for residential at 800 kWh and GS<50kW at 2000 kWh. In addition, their filing should cover the range that is relevant"]
["to their service territory, class by class. A general guideline of consumption levels follows:"]
[]
["Residential (kWh) - 100, 250, 500, 800, 1000, 1500, 2000"]
["GS<50kW (kWh) - 1000, 2000, 5000, 10000, 15000"]
["GS>50kW (kW) - 60, 100, 500, 1000"]
["Large User - range appropriate for utility"]
["Lighting Classes and USL - 150 kWh and 1 kW, range appropriate for utility."]

{"sheet":"Ap.2-W_Bill Impact-GS50-499-125","index":58,"n_rows":86,"n_cols":20,"rows_kept":86,"cut":false,"hidden":false,"merged":[[2,0,2,10],[9,1,9,14],[10,1,10,14],[13,3,13,14],[18,5,18,7],[18,9,18,11],[18,13,18,14],[68,1,68,3],[19,3,20,3],[19,13,20,13],[19,14,20,14],[61,1,61,3],[62,1,62,3],[67,1,67,3]]}
[null,null,null,null,null,null,null,null,null,null,null,null,null,"File Number:",{"$f":"'LDC Info'!$E$18","v":"EB-2012-0175"},null,null,null,null,1]
[null,null,null,null,null,null,null,null,null,null,null,null,null,"Exhibit:"]
[null,null,null,null,null,null,null,null,null,null,null,null,null,"Tab:"]
[null,null,null,null,null,null,null,null,null,null,null,null,null,"Schedule:"]
[null,null,null,null,null,null,null,null,null,null,null,null,null,"Page:"]
[]
[null,null,null,null,null,null,null,null,null,null,null,null,null,"Date:"]
[]
[]
[null,"Appendix 2-W"]
[null,"Bill Impacts"]
[]
[]
[null,"Customer Class:",null,"GS 50 to 499kW"]
[]
[null,null,null,"Consumption",null,350," kW"]
[null,null,null,null,null,125000," kWh"]
[]
[null,null,null,null,null,"Current Board-Approved",null,null,null,"Proposed",null,null,null,"Impact"]
[null,null,null,"Charge Unit",null,"Rate","Volume","Charge",null,"Rate","Volume","Charge",null,"$ Change","% Change"]
[null,null,null,null,null,"($)",null,"($)",null,"($)",null,"($)"]
[null,"Monthly Service Charge",null,"Monthly",null,396.04,1,{"$f":"G22*F22","v":396.04},null,396.04,1,{"$f":"K22*J22","v":396.04},null,{"$f":"L22-H22","v":0},{"$f":"IF((H22)=0,\"\",(N22/H22))","v":0}]
[null,"Smart Meter Rate Adder",null,null,null,null,1,{"$f":"G23*F23","v":0},null,null,1,{"$f":"K23*J23","v":0},null,{"$f":"L23-H23","v":0},{"$f":"IF((H23)=0,\"\",(N23/H23))","v":""}]
[null,null,null,null,null,null,1,0,null,null,1,{"$f":"K24*J24","v":0},null,{"$f":"L24-H24","v":0},{"$f":"IF((H24)=0,\"\",(N24/H24))","v":""}]
[null,null,null,null,null,null,1,0,null,null,1,0,null,0,""]
[null,null,null,null,null,null,1,0,null,null,1,0,null,0,""]
[null,null,null,null,null,null,1,0,null,null,1,0,null,0,""]
[null,"Distribution Volumetric Rate",null,"per kW",null,1.7594000000000001,{"$f":"$F$16","v":350},615.79000000000008,null,1.7548999999999999,{"$f":"$F$16","v":350},614.21499999999992,null,-1.5750000000001592,-2.5576901216326328E-3]
[null,"Smart Meter Disposition Rider",null,null,null,null,{"$f":"$F$16","v":350},0,null,null,{"$f":"$F$16","v":350},0,null,0,""]
[null,"LRAM & SSM Rate Rider",null,null,null,null,{"$f":"$F$16","v":350},0,null,null,350,0,null,0,""]
[null,null,null,null,null,null,{"$f":"$F$16","v":350},0,null,null,350,0,null,0,""]
[null,null,null,null,null,null,350,0,null,null,350,0,null,0,""]
[null,null,null,null,null,null,350,0,null,null,350,0,null,0,""]
[null,null,null,null,null,null,350,0,null,null,350,0,null,0,""]
[null,null,null,null,null,null,350,0,null,null,350,0,null,0,""]
[null,null,null,null,null,null,350,0,null,null,350,0,null,0,""]
[null,null,null,null,null,null,350,0,null,null,350,0,null,0,""]
[null,"Sub-Total A",null,null,null,null,null,{"$f":"SUM(H22:H37)","v":1011.8300000000002},null,null,null,{"$f":"SUM(L22:L37)","v":1010.2549999999999},null,-1.5750000000002728,-1.5565855924416874E-3]
[null,"Deferral/Variance Account Disposition Rate Rider",null,"per kW",null,null,{"$f":"$F$16","v":350},{"$f":"G39*F39","v":0},null,1.42,{"$f":"$F$16","v":350},{"$f":"K39*J39","v":497},null,{"$f":"L39-H39","v":497},{"$f":"IF((H39)=0,\"\",(N39/H39))","v":""}]
[null,"Global Adjustment Variance Rider",null,"per kW",null,null,{"$f":"$F$16","v":350},{"$f":"G40*F40","v":0},null,-0.52790000000000004,{"$f":"$F$16","v":350},{"$f":"K40*J40","v":-184.76500000000001},null,{"$f":"L40-H40","v":-184.76500000000001},{"$f":"IF((H40)=0,\"\",(N40/H40))","v":""}]
[null,null,null,null,null,null,350,0,null,null,350,0,null,0,""]
[null,null,null,null,null,null,350,0,null,null,350,0,null,0,""]
[null,"Low Voltage Service Charge",null,null,null,null,350,{"$f":"G43*F43","v":0},null,null,350,{"$f":"K43*J43","v":0},null,{"$f":"L43-H43","v":0},{"$f":"IF((H43)=0,\"\",(N43/H43))","v":""}]
[null,"Smart Meter Entity Charge",null,null,null,null,null,null,null,null,350,{"$f":"K44*J44","v":0},null,{"$f":"L44-H44","v":0}]
[null,"Sub-Total B - Distribution (includes Sub-Total A)",null,null,null,null,null,{"$f":"SUM(H39:H43)+H38","v":1011.8300000000002},null,null,null,{"$f":"SUM(L39:L43)+L38","v":1322.4899999999998},null,{"$f":"L45-H45","v":310.65999999999963},{"$f":"IF((H45)=0,\"\",(N45/H45))","v":0.30702786041133351}]
[null,"RTSR - Network",null,"per kW",null,2.3119999999999998,{"$f":"F16*(1+F72)","v":355.07499999999999},{"$f":"G46*F46","v":820.93339999999989},null,2.6316999999999999,{"$f":"F16*(1+J72)","v":353.6925},{"$f":"K46*J46","v":930.81255224999995},null,109.87915225000006,0.13384660954226016]
[null,"RTSR - Line and Transformation Connection",null,"per kW",null,1.8004,{"$f":"G46","v":355.07499999999999},{"$f":"G47*F47","v":639.27702999999997},null,2.0541999999999998,{"$f":"K46","v":353.6925},{"$f":"K47*J47","v":726.5551334999999},null,87.278103499999929,0.13652626233105847]
[null,"Sub-Total C - Delivery (including Sub-Total B)",null,null,null,null,null,{"$f":"SUM(H45:H47)","v":2472.04043},null,null,null,{"$f":"SUM(L45:L47)","v":2979.8576857499997},null,507.81725574999973,0.20542433270397592]
[null,"Wholesale Market Service Charge (WMSC)",null,"per kWh",null,5.1999999999999998E-3,{"$f":"$F$17","v":125000},{"$f":"G49*F49","v":650},null,5.1999999999999998E-3,{"$f":"G49","v":125000},{"$f":"K49*J49","v":650},null,0,0]
[null,"Rural and Remote Rate Protection (RRRP)",null,"per kWh",null,1.1000000000000001E-3,{"$f":"$F$17","v":125000},137.5,null,1.1000000000000001E-3,{"$f":"G50","v":125000},137.5,null,0,0]
[null,"Standard Supply Service Charge",null,"Monthly",null,0.25,1,0.25,null,0.25,1,0.25,null,0,0]
[null,"Debt Retirement Charge (DRC)",null,"per kWh",null,7.0000000000000001E-3,{"$f":"G50","v":125000},875,null,7.0000000000000001E-3,{"$f":"K50","v":125000},875,null,0,0]
[null,"Energy - RPP - Tier 1",null,null,null,7.4999999999999997E-2,{"$f":"IF($T$1=1,IF($F$16>=600,600,IF($F$16<600,$F$16*(1+$F$72),$F$16-600)),IF($T$1=2,IF($F$16>=1000,1000,IF($F$16<1000,$F$16*(1+$F$72),$F$16-1000))))","v":355.07499999999999},{"$f":"G53*F53","v":26.630624999999998},null,7.4999999999999997E-2,{"$f":"IF($T$1=1,IF($F$16>=600,600,IF($F$16<600,$F$16*(1+$J$72),$F$16-600)),IF($T$1=2,IF($F$16>=1000,1000,IF($F$16<1000,$F$16*(1+$J$72),$F$16-1000))))","v":353.6925},{"$f":"K53*J53","v":26.526937499999999},null,-0.10368749999999949,-3.89354361754557E-3]
[null,"Energy - RPP - Tier 2",null,null,null,8.7999999999999995E-2,{"$f":"IF($T$1=1,IF($F$16>=600,$F$16*(1+$F$72)-600,IF($F$16<600,0,)), IF($T$1=2,IF($F$16>=1000,$F$16*(1+$F$72)-1000,IF($F$16<1000,0))))","v":0},{"$f":"G54*F54","v":0},null,8.7999999999999995E-2,{"$f":"IF($T$1=1,IF($F$16>=600,$F$16*(1+$J$72)-600,IF($F$16<600,0,)), IF($T$1=2,IF($F$16>=1000,$F$16*(1+$J$72)-1000,IF($F$16<1000,0))))","v":0},{"$f":"K54*J54","v":0},null,0,""]
[null,"TOU - Off Peak",null,null,null,6.5000000000000002E-2,{"$f":"0.64*$F$16*(1+$F$72)","v":227.24799999999999},14.77112,null,6.5000000000000002E-2,{"$f":"0.64*$F$16*(1+$J$72)","v":226.36320000000001},14.713608000000001,null,-5.7511999999999119E-2,-3.8935436175455292E-3]
[null,"TOU - Mid Peak",null,null,null,0.1,{"$f":"0.18*$F$16*(1+$F$72)","v":63.913499999999999},6.3913500000000001,null,0.1,{"$f":"0.18*$F$16*(1+$J$72)","v":63.664650000000002},6.3664650000000007,null,-2.488499999999938E-2,-3.8935436175454919E-3]
[null,"TOU - On Peak",null,null,null,0.11700000000000001,{"$f":"0.18*$F$16*(1+$F$72)","v":63.913499999999999},7.4778795000000002,null,0.11700000000000001,{"$f":"0.18*$F$16*(1+$J$72)","v":63.664650000000002},7.4487640500000003,null,-2.9115449999999932E-2,-3.8935436175455795E-3]
[]
[null,"Total Bill on RPP (before Taxes)",null,null,null,null,null,null,null,null,null,null,null,0,""]
[null,"HST",null,null,null,0.13,null,{"$f":"H59*F60","v":0},null,0.13,null,{"$f":"L59*J60","v":0},null,0,""]
[null,"Total Bill (including HST)",null,null,null,null,null,{"$f":"H59+H60","v":0},null,null,null,{"$f":"L59+L60","v":0},null,0,""]
[null,"Ontario Clean Energy Benefit 1",null,null,null,null,null,{"$f":"ROUND(-H61*10%,2)","v":0},null,null,null,{"$f":"ROUND(-L61*10%,2)","v":0},null,0,""]
[null,"Total Bill on RPP (including OCEB)",null,null,null,null,null,{"$f":"SUM(H61:H62)","v":0},null,null,null,{"$f":"SUM(L61:L62)","v":0},null,0,""]
[]
[null,"Total Bill on TOU (before Taxes)",null,null,null,null,null,{"$f":"SUM(H48:H52,H55:H57)","v":4163.4307795000004},null,null,null,{"$f":"SUM(L48:L52,L55:L57)","v":4671.1365227999995},null,{"$f":"L65-H65","v":507.70574329999909},{"$f":"IF((H65)=0,\"\",(N65/H65))","v":0.12194408174139768}]
[null,"HST",null,null,null,0.13,null,{"$f":"H65*F66","v":541.24600133500007},null,0.13,null,{"$f":"L65*J66","v":607.24774796399993},null,66.001746628999854,0.12194408174139762]
[null,"Total Bill (including HST)",null,null,null,null,null,{"$f":"H65+H66","v":4704.6767808350005},null,null,null,{"$f":"L65+L66","v":5278.3842707639997},null,573.70748992899917,0.12194408174139772]
[null,"Ontario Clean Energy Benefit 1",null,null,null,null,null,{"$f":"ROUND(-H67*10%,2)","v":-470.47},null,null,null,{"$f":"ROUND(-L67*10%,2)","v":-527.84},null,-57.370000000000005,0.12194188789933472]
[null,"Total Bill on TOU (including OCEB)",null,null,null,null,null,{"$f":"H67+H68","v":4234.2067808350002},null,null,null,{"$f":"L67+L68","v":4750.5442707639995},null,516.33748992899928,0.12194432550296368]
[]
[]
[null,"Loss Factor (%)",null,null,null,1.4500000000000001E-2,null,null,null,1.055E-2]
[]
["1 Applicable to eligible customers only.  Refer to the Ontario Clean Energy Benefit Act, 2010."]
[]
["Note that the \"Charge $\" columns provide breakdowns of the amounts that each bill component contributes to the total monthly bill at the referenced "]
["consumption level at existing and proposed rates."]
[]
["Applicants must provide bill impacts for residential at 800 kWh and GS<50kW at 2000 kWh. In addition, their filing should cover the range that is relevant"]
["to their service territory, class by class. A general guideline of consumption levels follows:"]
[]
["Residential (kWh) - 100, 250, 500, 800, 1000, 1500, 2000"]
["GS<50kW (kWh) - 1000, 2000, 5000, 10000, 15000"]
["GS>50kW (kW) - 60, 100, 500, 1000"]
["Large User - range appropriate for utility"]
["Lighting Classes and USL - 150 kWh and 1 kW, range appropriate for utility."]

{"sheet":"Ap.2-W_Bill Impact-GS50-499-250","index":59,"n_rows":86,"n_cols":20,"rows_kept":86,"cut":false,"hidden":false,"merged":[[2,0,2,10],[9,1,9,14],[10,1,10,14],[13,3,13,14],[18,5,18,7],[18,9,18,11],[18,13,18,14],[68,1,68,3],[19,3,20,3],[19,13,20,13],[19,14,20,14],[61,1,61,3],[62,1,62,3],[67,1,67,3]]}
[null,null,null,null,null,null,null,null,null,null,null,null,null,"File Number:",{"$f":"'LDC Info'!$E$18","v":"EB-2012-0175"},null,null,null,null,1]
[null,null,null,null,null,null,null,null,null,null,null,null,null,"Exhibit:"]
[null,null,null,null,null,null,null,null,null,null,null,null,null,"Tab:"]
[null,null,null,null,null,null,null,null,null,null,null,null,null,"Schedule:"]
[null,null,null,null,null,null,null,null,null,null,null,null,null,"Page:"]
[]
[null,null,null,null,null,null,null,null,null,null,null,null,null,"Date:"]
[]
[]
[null,"Appendix 2-W"]
[null,"Bill Impacts"]
[]
[]
[null,"Customer Class:",null,"GS 50 to 499kW"]
[]
[null,null,null,"Consumption",null,450," kW"]
[null,null,null,null,null,250000," kWh"]
[]
[null,null,null,null,null,"Current Board-Approved",null,null,null,"Proposed",null,null,null,"Impact"]
[null,null,null,"Charge Unit",null,"Rate","Volume","Charge",null,"Rate","Volume","Charge",null,"$ Change","% Change"]
[null,null,null,null,null,"($)",null,"($)",null,"($)",null,"($)"]
[null,"Monthly Service Charge",null,"Monthly",null,396.04,1,{"$f":"G22*F22","v":396.04},null,396.04,1,{"$f":"K22*J22","v":396.04},null,{"$f":"L22-H22","v":0},{"$f":"IF((H22)=0,\"\",(N22/H22))","v":0}]
[null,"Smart Meter Rate Adder",null,null,null,null,1,{"$f":"G23*F23","v":0},null,null,1,{"$f":"K23*J23","v":0},null,{"$f":"L23-H23","v":0},{"$f":"IF((H23)=0,\"\",(N23/H23))","v":""}]
[null,null,null,null,null,null,1,0,null,null,1,{"$f":"K24*J24","v":0},null,{"$f":"L24-H24","v":0},{"$f":"IF((H24)=0,\"\",(N24/H24))","v":""}]
[null,null,null,null,null,null,1,0,null,null,1,0,null,0,""]
[null,null,null,null,null,null,1,0,null,null,1,0,null,0,""]
[null,null,null,null,null,null,1,0,null,null,1,0,null,0,""]
[null,"Distribution Volumetric Rate",null,"per kW",null,1.7594000000000001,{"$f":"$F$16","v":450},791.73,null,1.7548999999999999,{"$f":"$F$16","v":450},789.70499999999993,null,-2.0250000000000909,-2.5576901216324893E-3]
[null,"Smart Meter Disposition Rider",null,null,null,null,{"$f":"$F$16","v":450},0,null,null,{"$f":"$F$16","v":450},0,null,0,""]
[null,"LRAM & SSM Rate Rider",null,"per kW",null,7.5999999999999998E-2,{"$f":"$F$16","v":450},34.199999999999996,null,6.25E-2,450,28.125,null,-6.0749999999999957,-0.17763157894736831]
[null,"Extraordinary Event Recovery Rider",null,"Monthly",null,null,{"$f":"$F$16","v":450},0,null,19.11,1,19.11,null,19.11,""]
[null,null,null,null,null,null,450,0,null,null,450,0,null,0,""]
[null,null,null,null,null,null,450,0,null,null,450,0,null,0,""]
[null,null,null,null,null,null,450,0,null,null,450,0,null,0,""]
[null,null,null,null,null,null,450,0,null,null,450,0,null,0,""]
[null,null,null,null,null,null,450,0,null,null,450,0,null,0,""]
[null,null,null,null,null,null,450,0,null,null,450,0,null,0,""]
[null,"Sub-Total A",null,null,null,null,null,{"$f":"SUM(H22:H37)","v":1221.97},null,null,null,{"$f":"SUM(L22:L37)","v":1232.9799999999998},null,11.009999999999764,9.0100411630398159E-3]
[null,"Deferral/Variance Account Disposition Rate Rider",null,"per kW",null,null,{"$f":"$F$16","v":450},{"$f":"G39*F39","v":0},null,1.4276,{"$f":"$F$16","v":450},{"$f":"K39*J39","v":642.41999999999996},null,{"$f":"L39-H39","v":642.41999999999996},{"$f":"IF((H39)=0,\"\",(N39/H39))","v":""}]
[null,"Global Adjustment Variance Rider",null,"per kW",null,null,{"$f":"$F$16","v":450},{"$f":"G40*F40","v":0},null,-0.52790000000000004,{"$f":"$F$16","v":450},{"$f":"K40*J40","v":-237.55500000000001},null,{"$f":"L40-H40","v":-237.55500000000001},{"$f":"IF((H40)=0,\"\",(N40/H40))","v":""}]
[null,null,null,null,null,null,450,0,null,null,450,0,null,0,""]
[null,null,null,null,null,null,450,0,null,null,450,0,null,0,""]
[null,"Low Voltage Service Charge",null,null,null,null,450,{"$f":"G43*F43","v":0},null,null,450,{"$f":"K43*J43","v":0},null,{"$f":"L43-H43","v":0},{"$f":"IF((H43)=0,\"\",(N43/H43))","v":""}]
[null,"Smart Meter Entity Charge",null,null,null,null,null,null,null,null,450,{"$f":"K44*J44","v":0},null,{"$f":"L44-H44","v":0}]
[null,"Sub-Total B - Distribution (includes Sub-Total A)",null,null,null,null,null,{"$f":"SUM(H39:H43)+H38","v":1221.97},null,null,null,{"$f":"SUM(L39:L43)+L38","v":1637.8449999999998},null,{"$f":"L45-H45","v":415.87499999999977},{"$f":"IF((H45)=0,\"\",(N45/H45))","v":0.34033159570202193}]
[null,"RTSR - Network",null,"per kW",null,2.3119999999999998,{"$f":"F16*(1+F72)","v":456.52499999999998},{"$f":"G46*F46","v":1055.4857999999999},null,2.6316999999999999,{"$f":"F16*(1+J72)","v":454.7475},{"$f":"K46*J46","v":1196.7589957499999},null,141.27319575000001,0.13384660954226008]
[null,"RTSR - Line and Transformation Connection",null,"per kW",null,1.8004,{"$f":"G46","v":456.52499999999998},{"$f":"G47*F47","v":821.92760999999996},null,2.0541999999999998,{"$f":"K46","v":454.7475},{"$f":"K47*J47","v":934.14231449999988},null,112.21470449999993,0.1365262623310585]
[null,"Sub-Total C - Delivery (including Sub-Total B)",null,null,null,null,null,{"$f":"SUM(H45:H47)","v":3099.3834099999995},null,null,null,{"$f":"SUM(L45:L47)","v":3768.7463102499996},null,669.36290025000017,0.21596647194094656]
[null,"Wholesale Market Service Charge (WMSC)",null,"per kWh",null,5.1999999999999998E-3,{"$f":"$F$17","v":250000},{"$f":"G49*F49","v":1300},null,5.1999999999999998E-3,{"$f":"G49","v":250000},{"$f":"K49*J49","v":1300},null,0,0]
[null,"Rural and Remote Rate Protection (RRRP)",null,"per kWh",null,1.1000000000000001E-3,{"$f":"$F$17","v":250000},275,null,1.1000000000000001E-3,{"$f":"G50","v":250000},275,null,0,0]
[null,"Standard Supply Service Charge",null,"Monthly",null,0.25,1,0.25,null,0.25,1,0.25,null,0,0]
[null,"Debt Retirement Charge (DRC)",null,"per kWh",null,7.0000000000000001E-3,{"$f":"G50","v":250000},1750,null,7.0000000000000001E-3,{"$f":"K50","v":250000},1750,null,0,0]
[null,"Energy - RPP - Tier 1",null,null,null,7.4999999999999997E-2,{"$f":"IF($T$1=1,IF($F$16>=600,600,IF($F$16<600,$F$16*(1+$F$72),$F$16-600)),IF($T$1=2,IF($F$16>=1000,1000,IF($F$16<1000,$F$16*(1+$F$72),$F$16-1000))))","v":456.52499999999998},{"$f":"G53*F53","v":34.239374999999995},null,7.4999999999999997E-2,{"$f":"IF($T$1=1,IF($F$16>=600,600,IF($F$16<600,$F$16*(1+$J$72),$F$16-600)),IF($T$1=2,IF($F$16>=1000,1000,IF($F$16<1000,$F$16*(1+$J$72),$F$16-1000))))","v":454.7475},{"$f":"K53*J53","v":34.1060625},null,-0.13331249999999528,-3.8935436175454516E-3]
[null,"Energy - RPP - Tier 2",null,null,null,8.7999999999999995E-2,{"$f":"IF($T$1=1,IF($F$16>=600,$F$16*(1+$F$72)-600,IF($F$16<600,0,)), IF($T$1=2,IF($F$16>=1000,$F$16*(1+$F$72)-1000,IF($F$16<1000,0))))","v":0},{"$f":"G54*F54","v":0},null,8.7999999999999995E-2,{"$f":"IF($T$1=1,IF($F$16>=600,$F$16*(1+$J$72)-600,IF($F$16<600,0,)), IF($T$1=2,IF($F$16>=1000,$F$16*(1+$J$72)-1000,IF($F$16<1000,0))))","v":0},{"$f":"K54*J54","v":0},null,0,""]
[null,"TOU - Off Peak",null,null,null,6.5000000000000002E-2,{"$f":"0.64*$F$16*(1+$F$72)","v":292.17599999999999},18.991440000000001,null,6.5000000000000002E-2,{"$f":"0.64*$F$16*(1+$J$72)","v":291.03840000000002},18.917496000000003,null,-7.3943999999997345E-2,-3.893543617545449E-3]
[null,"TOU - Mid Peak",null,null,null,0.1,{"$f":"0.18*$F$16*(1+$F$72)","v":82.174499999999995},8.2174499999999995,null,0.1,{"$f":"0.18*$F$16*(1+$J$72)","v":81.854550000000003},8.185455000000001,null,-3.1994999999998441E-2,-3.8935436175453995E-3]
[null,"TOU - On Peak",null,null,null,0.11700000000000001,{"$f":"0.18*$F$16*(1+$F$72)","v":82.174499999999995},9.6144165000000008,null,0.11700000000000001,{"$f":"0.18*$F$16*(1+$J$72)","v":81.854550000000003},9.5769823500000015,null,-3.7434149999999278E-2,-3.8935436175455136E-3]
[]
[null,"Total Bill on RPP (before Taxes)",null,null,null,null,null,null,null,null,null,null,null,0,""]
[null,"HST",null,null,null,0.13,null,{"$f":"H59*F60","v":0},null,0.13,null,{"$f":"L59*J60","v":0},null,0,""]
[null,"Total Bill (including HST)",null,null,null,null,null,{"$f":"H59+H60","v":0},null,null,null,{"$f":"L59+L60","v":0},null,0,""]
[null,"Ontario Clean Energy Benefit 1",null,null,null,null,null,0,null,null,null,0,null,0,""]
[null,"Total Bill on RPP (including OCEB)",null,null,null,null,null,{"$f":"SUM(H61:H62)","v":0},null,null,null,{"$f":"SUM(L61:L62)","v":0},null,0,""]
[]
[null,"Total Bill on TOU (before Taxes)",null,null,null,null,null,{"$f":"SUM(H48:H52,H55:H57)","v":6461.4567164999989},null,null,null,{"$f":"SUM(L48:L52,L55:L57)","v":7130.6762435999999},null,{"$f":"L65-H65","v":669.21952710000096},{"$f":"IF((H65)=0,\"\",(N65/H65))","v":0.1035709989964151}]
[null,"HST",null,null,null,0.13,null,{"$f":"H65*F66","v":839.98937314499994},null,0.13,null,{"$f":"L65*J66","v":926.98791166800004},null,86.998538523000093,0.10357099899641505]
[null,"Total Bill (including HST)",null,null,null,null,null,{"$f":"H65+H66","v":7301.4460896449991},null,null,null,{"$f":"L65+L66","v":8057.6641552680003},null,756.21806562300117,0.1035709989964151]
[null,"Ontario Clean Energy Benefit 1",null,null,null,null,null,0,null,null,null,0,null,0,""]
[null,"Total Bill on TOU (including OCEB)",null,null,null,null,null,{"$f":"H67+H68","v":7301.4460896449991},null,null,null,{"$f":"L67+L68","v":8057.6641552680003},null,756.21806562300117,0.1035709989964151]
[]
[]
[null,"Loss Factor (%)",null,null,null,1.4500000000000001E-2,null,null,null,1.055E-2]
[]
["1 Applicable to eligible customers only.  Refer to the Ontario Clean Energy Benefit Act, 2010."]
[]
["Note that the \"Charge $\" columns provide breakdowns of the amounts that each bill component contributes to the total monthly bill at the referenced "]
["consumption level at existing and proposed rates."]
[]
["Applicants must provide bill impacts for residential at 800 kWh and GS<50kW at 2000 kWh. In addition, their filing should cover the range that is relevant"]
["to their service territory, class by class. A general guideline of consumption levels follows:"]
[]
["Residential (kWh) - 100, 250, 500, 800, 1000, 1500, 2000"]
["GS<50kW (kWh) - 1000, 2000, 5000, 10000, 15000"]
["GS>50kW (kW) - 60, 100, 500, 1000"]
["Large User - range appropriate for utility"]
["Lighting Classes and USL - 150 kWh and 1 kW, range appropriate for utility."]

{"sheet":"2-W Bill Impact 500-4999 All","index":60,"n_rows":86,"n_cols":20,"rows_kept":86,"cut":false,"hidden":false,"merged":[[68,1,68,3],[19,3,20,3],[19,13,20,13],[19,14,20,14],[61,1,61,3],[62,1,62,3],[67,1,67,3],[2,0,2,10],[9,1,9,14],[10,1,10,14],[13,3,13,14],[18,5,18,7],[18,9,18,11],[18,13,18,14]]}
[null,null,null,null,null,null,null,null,null,null,null,null,null,"File Number:",{"$f":"'LDC Info'!$E$18","v":"EB-2012-0175"},null,null,null,null,1]
[null,null,null,null,null,null,null,null,null,null,null,null,null,"Exhibit:"]
[null,null,null,null,null,null,null,null,null,null,null,null,null,"Tab:"]
[null,null,null,null,null,null,null,null,null,null,null,null,null,"Schedule:"]
[null,null,null,null,null,null,null,null,null,null,null,null,null,"Page:"]
[]
[null,null,null,null,null,null,null,null,null,null,null,null,null,"Date:"]
[]
[]
[null,"Appendix 2-W"]
[null,"Bill Impacts"]
[]
[]
[null,"Customer Class:",null,"General Service 500 to 4,999 kW "]
[]
[null,null,null,"Consumption",null,1700," kW"]
[null,null,null,null,null,700000,"kWh"]
[]
[null,null,null,null,null,"Current Board-Approved",null,null,null,"Proposed",null,null,null,"Impact"]
[null,null,null,"Charge Unit",null,"Rate","Volume","Charge",null,"Rate","Volume","Charge",null,"$ Change","% Change"]
[null,null,null,null,null,"($)",null,"($)",null,"($)",null,"($)"]
[null,"Monthly Service Charge",null,"Monthly",null,2974.29,1,{"$f":"G22*F22","v":2974.29},null,2974.29,1,{"$f":"K22*J22","v":2974.29},null,{"$f":"L22-H22","v":0},{"$f":"IF((H22)=0,\"\",(N22/H22))","v":0}]
[null,"Smart Meter Rate Adder",null,null,null,null,1,{"$f":"G23*F23","v":0},null,null,1,{"$f":"K23*J23","v":0},null,{"$f":"L23-H23","v":0},{"$f":"IF((H23)=0,\"\",(N23/H23))","v":""}]
[null,null,null,null,null,null,1,0,null,null,1,{"$f":"K24*J24","v":0},null,{"$f":"L24-H24","v":0},{"$f":"IF((H24)=0,\"\",(N24/H24))","v":""}]
[null,null,null,null,null,null,1,0,null,null,1,0,null,0,""]
[null,null,null,null,null,null,1,0,null,null,1,0,null,0,""]
[null,null,null,null,null,null,1,0,null,null,1,0,null,0,""]
[null,"Distribution Volumetric Rate",null,"per kW",null,1.5123,{"$f":"$F$16","v":1700},2570.91,null,1.5123,{"$f":"$F$16","v":1700},2570.91,null,0,0]
[null,"Smart Meter Disposition Rider",null,null,null,null,{"$f":"$F$16","v":1700},0,null,null,{"$f":"$F$16","v":1700},0,null,0,""]
[null,"LRAM & SSM Rate Rider",null,null,null,null,{"$f":"$F$16","v":1700},0,null,null,1700,0,null,0,""]
[null,"Extraordinary Event Recovery Rider",null,"Monthly",null,null,{"$f":"$F$16","v":1700},0,null,126.08,1,126.08,null,126.08,""]
[null,null,null,null,null,null,1700,0,null,null,1700,0,null,0,""]
[null,null,null,null,null,null,1700,0,null,null,1700,0,null,0,""]
[null,null,null,null,null,null,1700,0,null,null,1700,0,null,0,""]
[null,null,null,null,null,null,1700,0,null,null,1700,0,null,0,""]
[null,null,null,null,null,null,1700,0,null,null,1700,0,null,0,""]
[null,null,null,null,null,null,1700,0,null,null,1700,0,null,0,""]
[null,"Sub-Total A",null,null,null,null,null,{"$f":"SUM(H22:H37)","v":5545.2},null,null,null,{"$f":"SUM(L22:L37)","v":5671.28},null,126.07999999999993,2.2736781360455878E-2]
[null,"Deferral/Variance Account Disposition Rate Rider",null,"per kW",null,null,{"$f":"$F$16","v":1700},{"$f":"G39*F39","v":0},null,1.9742999999999999,{"$f":"$F$16","v":1700},{"$f":"K39*J39","v":3356.31},null,{"$f":"L39-H39","v":3356.31},{"$f":"IF((H39)=0,\"\",(N39/H39))","v":""}]
[null,"Global Adjustment Variance Rider",null,"per kW",null,null,{"$f":"$F$16","v":1700},{"$f":"G40*F40","v":0},null,-0.82779999999999998,{"$f":"$F$16","v":1700},{"$f":"K40*J40","v":-1407.26},null,{"$f":"L40-H40","v":-1407.26},{"$f":"IF((H40)=0,\"\",(N40/H40))","v":""}]
[null,null,null,null,null,null,1700,0,null,null,1700,0,null,0,""]
[null,null,null,null,null,null,1700,0,null,null,1700,0,null,0,""]
[null,"Low Voltage Service Charge",null,null,null,null,1700,{"$f":"G43*F43","v":0},null,null,1700,{"$f":"K43*J43","v":0},null,{"$f":"L43-H43","v":0},{"$f":"IF((H43)=0,\"\",(N43/H43))","v":""}]
[null,"Smart Meter Entity Charge",null,null,null,null,null,null,null,null,1700,{"$f":"K44*J44","v":0},null,{"$f":"L44-H44","v":0}]
[null,"Sub-Total B - Distribution (includes Sub-Total A)",null,null,null,null,null,{"$f":"SUM(H39:H43)+H38","v":5545.2},null,null,null,{"$f":"SUM(L39:L43)+L38","v":7620.33},null,{"$f":"L45-H45","v":2075.13},{"$f":"IF((H45)=0,\"\",(N45/H45))","v":0.37422094784678644}]
[null,"RTSR - Network",null,"per kW",null,2.4556,{"$f":"F16*(1+F72)","v":1724.6499999999999},{"$f":"G46*F46","v":4235.0505399999993},null,2.7951000000000001,{"$f":"F16*(1+J72)","v":1717.9350000000002},{"$f":"K46*J46","v":4801.8001185000003},null,566.74957850000101,0.13382356908071305]
[null,"RTSR - Line and Transformation Connection",null,"per kW",null,1.9738,{"$f":"G46","v":1724.6499999999999},{"$f":"G47*F47","v":3404.1141699999998},null,2.2519999999999998,{"$f":"K46","v":1717.9350000000002},{"$f":"K47*J47","v":3868.78962},null,464.67545000000018,0.13650407324616853]
[null,"Sub-Total C - Delivery (including Sub-Total B)",null,null,null,null,null,{"$f":"SUM(H45:H47)","v":13184.364709999998},null,null,null,{"$f":"SUM(L45:L47)","v":16290.919738500001},null,3106.5550285000027,0.23562417278579692]
[null,"Wholesale Market Service Charge (WMSC)",null,"per kWh",null,5.1999999999999998E-3,{"$f":"$F$17","v":700000},{"$f":"G49*F49","v":3640},null,5.1999999999999998E-3,{"$f":"G49","v":700000},{"$f":"K49*J49","v":3640},null,0,0]
[null,"Rural and Remote Rate Protection (RRRP)",null,"per kWh",null,1.1000000000000001E-3,{"$f":"$F$17","v":700000},770,null,1.1000000000000001E-3,{"$f":"G50","v":700000},770,null,0,0]
[null,"Standard Supply Service Charge",null,"Monthly",null,0.25,1,0.25,null,0.25,1,0.25,null,0,0]
[null,"Debt Retirement Charge (DRC)",null,"per kWh",null,7.0000000000000001E-3,{"$f":"G50","v":700000},4900,null,7.0000000000000001E-3,{"$f":"K50","v":700000},4900,null,0,0]
[null,"Energy - RPP - Tier 1",null,null,null,7.4999999999999997E-2,{"$f":"IF($T$1=1,IF($F$16>=600,600,IF($F$16<600,$F$16*(1+$F$72),$F$16-600)),IF($T$1=2,IF($F$16>=1000,1000,IF($F$16<1000,$F$16*(1+$F$72),$F$16-1000))))","v":600},{"$f":"G53*F53","v":45},null,7.4999999999999997E-2,{"$f":"IF($T$1=1,IF($F$16>=600,600,IF($F$16<600,$F$16*(1+$J$72),$F$16-600)),IF($T$1=2,IF($F$16>=1000,1000,IF($F$16<1000,$F$16*(1+$J$72),$F$16-1000))))","v":600},{"$f":"K53*J53","v":45},null,0,0]
[null,"Energy - RPP - Tier 2",null,null,null,8.7999999999999995E-2,{"$f":"IF($T$1=1,IF($F$16>=600,$F$16*(1+$F$72)-600,IF($F$16<600,0,)), IF($T$1=2,IF($F$16>=1000,$F$16*(1+$F$72)-1000,IF($F$16<1000,0))))","v":1124.6499999999999},{"$f":"G54*F54","v":98.969199999999987},null,8.7999999999999995E-2,{"$f":"IF($T$1=1,IF($F$16>=600,$F$16*(1+$J$72)-600,IF($F$16<600,0,)), IF($T$1=2,IF($F$16>=1000,$F$16*(1+$J$72)-1000,IF($F$16<1000,0))))","v":1117.9350000000002},{"$f":"K54*J54","v":98.378280000000004},null,-0.59091999999998279,-5.9707464544523229E-3]
[null,"TOU - Off Peak",null,null,null,6.5000000000000002E-2,{"$f":"0.64*$F$16*(1+$F$72)","v":1103.7759999999998},71.745439999999988,null,6.5000000000000002E-2,{"$f":"0.64*$F$16*(1+$J$72)","v":1099.4784},71.466095999999993,null,-0.27934399999999471,-3.8935436175455158E-3]
[null,"TOU - Mid Peak",null,null,null,0.1,{"$f":"0.18*$F$16*(1+$F$72)","v":310.43700000000001},31.043700000000001,null,0.1,{"$f":"0.18*$F$16*(1+$J$72)","v":309.22829999999999},30.922830000000001,null,-0.12087000000000003,-3.8935436175455899E-3]
[null,"TOU - On Peak",null,null,null,0.11700000000000001,{"$f":"0.18*$F$16*(1+$F$72)","v":310.43700000000001},36.321129000000006,null,0.11700000000000001,{"$f":"0.18*$F$16*(1+$J$72)","v":309.22829999999999},36.179711099999999,null,-0.14141790000000753,-3.8935436175457959E-3]
[]
[null,"Total Bill on RPP (before Taxes)",null,null,null,null,null,null,null,null,null,null,null,0,""]
[null,"HST",null,null,null,0.13,null,{"$f":"H59*F60","v":0},null,0.13,null,{"$f":"L59*J60","v":0},null,0,""]
[null,"Total Bill (including HST)",null,null,null,null,null,{"$f":"H59+H60","v":0},null,null,null,{"$f":"L59+L60","v":0},null,0,""]
[null,"Ontario Clean Energy Benefit 1",null,null,null,null,null,0,null,null,null,0,null,0,""]
[null,"Total Bill on RPP (including OCEB)",null,null,null,null,null,{"$f":"SUM(H61:H62)","v":0},null,null,null,{"$f":"SUM(L61:L62)","v":0},null,0,""]
[]
[null,"Total Bill on TOU (before Taxes)",null,null,null,null,null,{"$f":"SUM(H48:H52,H55:H57)","v":22633.724978999995},null,null,null,{"$f":"SUM(L48:L52,L55:L57)","v":25739.738375600002},null,{"$f":"L65-H65","v":3106.0133966000067},{"$f":"IF((H65)=0,\"\",(N65/H65))","v":0.13722943967384182}]
[null,"HST",null,null,null,0.13,null,{"$f":"H65*F66","v":2942.3842472699994},null,0.13,null,{"$f":"L65*J66","v":3346.1659888280005},null,403.78174155800116,0.13722943967384194]
[null,"Total Bill (including HST)",null,null,null,null,null,{"$f":"H65+H66","v":25576.109226269993},null,null,null,{"$f":"L65+L66","v":29085.904364428003},null,3509.7951381580096,0.13722943967384191]
[null,"Ontario Clean Energy Benefit 1",null,null,null,null,null,0,null,null,null,0,null,0,""]
[null,"Total Bill on TOU (including OCEB)",null,null,null,null,null,{"$f":"H67+H68","v":25576.109226269993},null,null,null,{"$f":"L67+L68","v":29085.904364428003},null,3509.7951381580096,0.13722943967384191]
[]
[]
[null,"Loss Factor (%)",null,null,null,1.4500000000000001E-2,null,null,null,1.055E-2]
[]
["1 Applicable to eligible customers only.  Refer to the Ontario Clean Energy Benefit Act, 2010."]
[]
["Note that the \"Charge $\" columns provide breakdowns of the amounts that each bill component contributes to the total monthly bill at the referenced "]
["consumption level at existing and proposed rates."]
[]
["Applicants must provide bill impacts for residential at 800 kWh and GS<50kW at 2000 kWh. In addition, their filing should cover the range that is relevant"]
["to their service territory, class by class. A general guideline of consumption levels follows:"]
[]
["Residential (kWh) - 100, 250, 500, 800, 1000, 1500, 2000"]
["GS<50kW (kWh) - 1000, 2000, 5000, 10000, 15000"]
["GS>50kW (kW) - 60, 100, 500, 1000"]
["Large User - range appropriate for utility"]
["Lighting Classes and USL - 150 kWh and 1 kW, range appropriate for utility."]

{"sheet":"App.2-W_Bill Impact Lge Use 15k","index":61,"n_rows":86,"n_cols":20,"rows_kept":86,"cut":false,"hidden":false,"merged":[[68,1,68,3],[19,3,20,3],[19,13,20,13],[19,14,20,14],[61,1,61,3],[62,1,62,3],[67,1,67,3],[2,0,2,10],[9,1,9,14],[10,1,10,14],[13,3,13,14],[18,5,18,7],[18,9,18,11],[18,13,18,14]]}
[null,null,null,null,null,null,null,null,null,null,null,null,null,"File Number:",{"$f":"'LDC Info'!$E$18","v":"EB-2012-0175"},null,null,null,null,1]
[null,null,null,null,null,null,null,null,null,null,null,null,null,"Exhibit:"]
[null,null,null,null,null,null,null,null,null,null,null,null,null,"Tab:"]
[null,null,null,null,null,null,null,null,null,null,null,null,null,"Schedule:"]
[null,null,null,null,null,null,null,null,null,null,null,null,null,"Page:"]
[]
[null,null,null,null,null,null,null,null,null,null,null,null,null,"Date:"]
[]
[]
[null,"Appendix 2-W"]
[null,"Bill Impacts"]
[]
[]
[null,"Customer Class:",null,"Large Use"]
[]
[null,null,null,"Consumption",null,15000," kW"]
[null,null,null,null,null,7000000," kWh"]
[]
[null,null,null,null,null,"Current Board-Approved",null,null,null,"Proposed",null,null,null,"Impact"]
[null,null,null,"Charge Unit",null,"Rate","Volume","Charge",null,"Rate","Volume","Charge",null,"$ Change","% Change"]
[null,null,null,null,null,"($)",null,"($)",null,"($)",null,"($)"]
[null,"Monthly Service Charge",null,"Monthly",null,9509.57,1,{"$f":"G22*F22","v":9509.57},null,9509.57,1,{"$f":"K22*J22","v":9509.57},null,{"$f":"L22-H22","v":0},{"$f":"IF((H22)=0,\"\",(N22/H22))","v":0}]
[null,"Smart Meter Rate Adder",null,null,null,null,1,{"$f":"G23*F23","v":0},null,null,1,{"$f":"K23*J23","v":0},null,{"$f":"L23-H23","v":0},{"$f":"IF((H23)=0,\"\",(N23/H23))","v":""}]
[null,null,null,null,null,null,1,0,null,null,1,{"$f":"K24*J24","v":0},null,{"$f":"L24-H24","v":0},{"$f":"IF((H24)=0,\"\",(N24/H24))","v":""}]
[null,null,null,null,null,null,1,0,null,null,1,0,null,0,""]
[null,null,null,null,null,null,1,0,null,null,1,0,null,0,""]
[null,null,null,null,null,null,1,0,null,null,1,0,null,0,""]
[null,"Distribution Volumetric Rate",null,"per kW",null,1.2431000000000001,{"$f":"$F$16","v":15000},18646.5,null,2.1530999999999998,{"$f":"$F$16","v":15000},32296.499999999996,null,13649.999999999996,0.73204086557799031]
[null,"Smart Meter Disposition Rider",null,null,null,null,{"$f":"$F$16","v":15000},0,null,null,{"$f":"$F$16","v":15000},0,null,0,""]
[null,"LRAM & SSM Rate Rider",null,null,null,null,{"$f":"$F$16","v":15000},0,null,null,15000,0,null,0,""]
[null,"Extraordinary Event Recovery Rider",null,"Monthly",null,null,{"$f":"$F$16","v":15000},0,null,990.96,1,990.96,null,990.96,""]
[null,null,null,null,null,null,15000,0,null,null,15000,0,null,0,""]
[null,null,null,null,null,null,15000,0,null,null,15000,0,null,0,""]
[null,null,null,null,null,null,15000,0,null,null,15000,0,null,0,""]
[null,null,null,null,null,null,15000,0,null,null,15000,0,null,0,""]
[null,null,null,null,null,null,15000,0,null,null,15000,0,null,0,""]
[null,null,null,null,null,null,15000,0,null,null,15000,0,null,0,""]
[null,"Sub-Total A",null,null,null,null,null,{"$f":"SUM(H22:H37)","v":28156.07},null,null,null,{"$f":"SUM(L22:L37)","v":42797.029999999992},null,14640.959999999992,0.51999302459469632]
[null,"Deferral/Variance Account Disposition Rate Rider",null,"per kW",null,null,{"$f":"$F$16","v":15000},{"$f":"G39*F39","v":0},null,1.0107999999999999,{"$f":"$F$16","v":15000},{"$f":"K39*J39","v":15161.999999999998},null,{"$f":"L39-H39","v":15161.999999999998},{"$f":"IF((H39)=0,\"\",(N39/H39))","v":""}]
[null,null,null,null,null,null,{"$f":"$F$16","v":15000},{"$f":"G40*F40","v":0},null,null,{"$f":"$F$16","v":15000},{"$f":"K40*J40","v":0},null,{"$f":"L40-H40","v":0},{"$f":"IF((H40)=0,\"\",(N40/H40))","v":""}]
[null,null,null,null,null,null,15000,0,null,null,15000,0,null,0,""]
[null,null,null,null,null,null,15000,0,null,null,15000,0,null,0,""]
[null,"Low Voltage Service Charge",null,null,null,null,15000,{"$f":"G43*F43","v":0},null,null,15000,{"$f":"K43*J43","v":0},null,{"$f":"L43-H43","v":0},{"$f":"IF((H43)=0,\"\",(N43/H43))","v":""}]
[null,"Smart Meter Entity Charge",null,null,null,null,null,null,null,null,15000,{"$f":"K44*J44","v":0},null,{"$f":"L44-H44","v":0}]
[null,"Sub-Total B - Distribution (includes Sub-Total A)",null,null,null,null,null,{"$f":"SUM(H39:H43)+H38","v":28156.07},null,null,null,{"$f":"SUM(L39:L43)+L38","v":57959.029999999992},null,{"$f":"L45-H45","v":29802.959999999992},{"$f":"IF((H45)=0,\"\",(N45/H45))","v":1.0584914727090817}]
[null,"RTSR - Network",null,"per kW",null,2.7191999999999998,{"$f":"F16*(1+F72)","v":15067.5},{"$f":"G46*F46","v":40971.545999999995},null,3.0952000000000002,{"$f":"F16*(1+J72)","v":15067.5},{"$f":"K46*J46","v":46636.925999999999},null,5665.3800000000047,0.1382759635186821]
[null,"RTSR - Line and Transformation Connection",null,"per kW",null,2.2568999999999999,{"$f":"G46","v":15067.5},{"$f":"G47*F47","v":34005.840749999996},null,2.5750000000000002,{"$f":"K46","v":15067.5},{"$f":"K47*J47","v":38798.8125},null,4792.9717500000042,0.14094554477380491]
[null,"Sub-Total C - Delivery (including Sub-Total B)",null,null,null,null,null,{"$f":"SUM(H45:H47)","v":103133.45674999998},null,null,null,{"$f":"SUM(L45:L47)","v":143394.76850000001},null,40261.311750000023,0.39038070688928039]
[null,"Wholesale Market Service Charge (WMSC)",null,"per kWh",null,null,{"$f":"$F$17","v":7000000},{"$f":"G49*F49","v":0},null,null,{"$f":"G49","v":7000000},{"$f":"K49*J49","v":0},null,0,""]
[null,"Rural and Remote Rate Protection (RRRP)",null,"per kWh",null,null,{"$f":"$F$17","v":7000000},0,null,null,{"$f":"G50","v":7000000},0,null,0,""]
[null,"Standard Supply Service Charge",null,"Monthly",null,0.25,1,0.25,null,0.25,1,0.25,null,0,0]
[null,"Debt Retirement Charge (DRC)",null,"per kWh",null,7.0000000000000001E-3,{"$f":"G50","v":7000000},49000,null,7.0000000000000001E-3,{"$f":"K50","v":7000000},49000,null,0,0]
[null,"Energy - RPP - Tier 1",null,null,null,7.4999999999999997E-2,{"$f":"IF($T$1=1,IF($F$16>=600,600,IF($F$16<600,$F$16*(1+$F$72),$F$16-600)),IF($T$1=2,IF($F$16>=1000,1000,IF($F$16<1000,$F$16*(1+$F$72),$F$16-1000))))","v":600},{"$f":"G53*F53","v":45},null,7.4999999999999997E-2,{"$f":"IF($T$1=1,IF($F$16>=600,600,IF($F$16<600,$F$16*(1+$J$72),$F$16-600)),IF($T$1=2,IF($F$16>=1000,1000,IF($F$16<1000,$F$16*(1+$J$72),$F$16-1000))))","v":600},{"$f":"K53*J53","v":45},null,0,0]
[null,"Energy - RPP - Tier 2",null,null,null,8.7999999999999995E-2,{"$f":"IF($T$1=1,IF($F$16>=600,$F$16*(1+$F$72)-600,IF($F$16<600,0,)), IF($T$1=2,IF($F$16>=1000,$F$16*(1+$F$72)-1000,IF($F$16<1000,0))))","v":14467.5},{"$f":"G54*F54","v":1273.1399999999999},null,8.7999999999999995E-2,{"$f":"IF($T$1=1,IF($F$16>=600,$F$16*(1+$J$72)-600,IF($F$16<600,0,)), IF($T$1=2,IF($F$16>=1000,$F$16*(1+$J$72)-1000,IF($F$16<1000,0))))","v":14467.5},{"$f":"K54*J54","v":1273.1399999999999},null,0,0]
[null,"TOU - Off Peak",null,null,null,6.5000000000000002E-2,{"$f":"0.64*$F$16*(1+$F$72)","v":9643.1999999999989},626.80799999999999,null,6.5000000000000002E-2,{"$f":"0.64*$F$16*(1+$J$72)","v":9643.1999999999989},626.80799999999999,null,0,0]
[null,"TOU - Mid Peak",null,null,null,0.1,{"$f":"0.18*$F$16*(1+$F$72)","v":2712.1499999999996},271.21499999999997,null,0.1,{"$f":"0.18*$F$16*(1+$J$72)","v":2712.1499999999996},271.21499999999997,null,0,0]
[null,"TOU - On Peak",null,null,null,0.11700000000000001,{"$f":"0.18*$F$16*(1+$F$72)","v":2712.1499999999996},317.32155,null,0.11700000000000001,{"$f":"0.18*$F$16*(1+$J$72)","v":2712.1499999999996},317.32155,null,0,0]
[]
[null,"Total Bill on RPP (before Taxes)",null,null,null,null,null,null,null,null,null,null,null,0,""]
[null,"HST",null,null,null,0.13,null,{"$f":"H59*F60","v":0},null,0.13,null,{"$f":"L59*J60","v":0},null,0,""]
[null,"Total Bill (including HST)",null,null,null,null,null,{"$f":"H59+H60","v":0},null,null,null,{"$f":"L59+L60","v":0},null,0,""]
[null,"Ontario Clean Energy Benefit 1",null,null,null,null,null,0,null,null,null,0,null,0,""]
[null,"Total Bill on RPP (including OCEB)",null,null,null,null,null,{"$f":"SUM(H61:H62)","v":0},null,null,null,{"$f":"SUM(L61:L62)","v":0},null,0,""]
[]
[null,"Total Bill on TOU (before Taxes)",null,null,null,null,null,{"$f":"SUM(H48:H52,H55:H57)","v":153349.05129999996},null,null,null,{"$f":"SUM(L48:L52,L55:L57)","v":193610.36304999999},null,{"$f":"L65-H65","v":40261.311750000023},{"$f":"IF((H65)=0,\"\",(N65/H65))","v":0.26254685900362029}]
[null,"HST",null,null,null,0.13,null,{"$f":"H65*F66","v":19935.376668999997},null,0.13,null,{"$f":"L65*J66","v":25169.347196499999},null,5233.9705275000015,0.26254685900362018]
[null,"Total Bill (including HST)",null,null,null,null,null,{"$f":"H65+H66","v":173284.42796899995},null,null,null,{"$f":"L65+L66","v":218779.71024649998},null,45495.282277500024,0.26254685900362029]
[null,"Ontario Clean Energy Benefit 1",null,null,null,null,null,0,null,null,null,0,null,0,""]
[null,"Total Bill on TOU (including OCEB)",null,null,null,null,null,{"$f":"H67+H68","v":173284.42796899995},null,null,null,{"$f":"L67+L68","v":218779.71024649998},null,45495.282277500024,0.26254685900362029]
[]
[]
[null,"Loss Factor (%)",null,null,null,4.4999999999999997E-3,null,null,null,4.4999999999999997E-3]
[]
["1 Applicable to eligible customers only.  Refer to the Ontario Clean Energy Benefit Act, 2010."]
[]
["Note that the \"Charge $\" columns provide breakdowns of the amounts that each bill component contributes to the total monthly bill at the referenced "]
["consumption level at existing and proposed rates."]
[]
["Applicants must provide bill impacts for residential at 800 kWh and GS<50kW at 2000 kWh. In addition, their filing should cover the range that is relevant"]
["to their service territory, class by class. A general guideline of consumption levels follows:"]
[]
["Residential (kWh) - 100, 250, 500, 800, 1000, 1500, 2000"]
["GS<50kW (kWh) - 1000, 2000, 5000, 10000, 15000"]
["GS>50kW (kW) - 60, 100, 500, 1000"]
["Large User - range appropriate for utility"]
["Lighting Classes and USL - 150 kWh and 1 kW, range appropriate for utility."]

{"sheet":"App.2-W_Bill Impact St light  1","index":62,"n_rows":86,"n_cols":20,"rows_kept":86,"cut":false,"hidden":false,"merged":[[68,1,68,3],[19,3,20,3],[19,13,20,13],[19,14,20,14],[61,1,61,3],[62,1,62,3],[67,1,67,3],[2,0,2,10],[9,1,9,14],[10,1,10,14],[13,3,13,14],[18,5,18,7],[18,9,18,11],[18,13,18,14]]}
[null,null,null,null,null,null,null,null,null,null,null,null,null,"File Number:",{"$f":"'LDC Info'!$E$18","v":"EB-2012-0175"},null,null,null,null,1]
[null,null,null,null,null,null,null,null,null,null,null,null,null,"Exhibit:"]
[null,null,null,null,null,null,null,null,null,null,null,null,null,"Tab:"]
[null,null,null,null,null,null,null,null,null,null,null,null,null,"Schedule:"]
[null,null,null,null,null,null,null,null,null,null,null,null,null,"Page:"]
[]
[null,null,null,null,null,null,null,null,null,null,null,null,null,"Date:"]
[]
[]
[null,"Appendix 2-W"]
[null,"Bill Impacts"]
[]
[]
[null,"Customer Class:",null,"Streetlights"]
[]
[null,null,null,"Consumption",null,1," kW"]
[null,null,null,null,null,25,"kWh"]
[]
[null,null,null,null,null,"Current Board-Approved",null,null,null,"Proposed",null,null,null,"Impact"]
[null,null,null,"Charge Unit",null,"Rate","Volume","Charge",null,"Rate","Volume","Charge",null,"$ Change","% Change"]
[null,null,null,null,null,"($)",null,"($)",null,"($)",null,"($)"]
[null,"Monthly Service Charge",null,"Monthly",null,1.97,1,{"$f":"G22*F22","v":1.97},null,3.99,1,{"$f":"K22*J22","v":3.99},null,{"$f":"L22-H22","v":2.0200000000000005},{"$f":"IF((H22)=0,\"\",(N22/H22))","v":1.0253807106598987}]
[null,"Smart Meter Rate Adder",null,null,null,null,1,{"$f":"G23*F23","v":0},null,null,1,{"$f":"K23*J23","v":0},null,{"$f":"L23-H23","v":0},{"$f":"IF((H23)=0,\"\",(N23/H23))","v":""}]
[null,null,null,null,null,null,1,0,null,null,1,{"$f":"K24*J24","v":0},null,{"$f":"L24-H24","v":0},{"$f":"IF((H24)=0,\"\",(N24/H24))","v":""}]
[null,null,null,null,null,null,1,0,null,null,1,0,null,0,""]
[null,null,null,null,null,null,1,0,null,null,1,0,null,0,""]
[null,null,null,null,null,null,1,0,null,null,1,0,null,0,""]
[null,"Distribution Volumetric Rate",null,"per kW",null,10.7843,{"$f":"$F$16","v":1},10.7843,null,21.818000000000001,{"$f":"$F$16","v":1},21.818000000000001,null,11.033700000000001,1.0231262112515418]
[null,"Smart Meter Disposition Rider",null,null,null,null,{"$f":"$F$16","v":1},0,null,null,{"$f":"$F$16","v":1},0,null,0,""]
[null,"LRAM & SSM Rate Rider",null,null,null,null,{"$f":"$F$16","v":1},0,null,null,1,0,null,0,""]
[null,"Extraordinary Event Recovery Rider",null,"Monthly",null,null,{"$f":"$F$16","v":1},0,null,0.25,1,0.25,null,0.25,""]
[null,null,null,null,null,null,1,0,null,null,1,0,null,0,""]
[null,null,null,null,null,null,1,0,null,null,1,0,null,0,""]
[null,null,null,null,null,null,1,0,null,null,1,0,null,0,""]
[null,null,null,null,null,null,1,0,null,null,1,0,null,0,""]
[null,null,null,null,null,null,1,0,null,null,1,0,null,0,""]
[null,null,null,null,null,null,1,0,null,null,1,0,null,0,""]
[null,"Sub-Total A",null,null,null,null,null,{"$f":"SUM(H22:H37)","v":12.754300000000001},null,null,null,{"$f":"SUM(L22:L37)","v":26.058},null,13.303699999999999,1.0430756685980414]
[null,"Deferral/Variance Account Disposition Rate Rider",null,"per kW",null,null,{"$f":"$F$16","v":1},{"$f":"G39*F39","v":0},null,0.95520000000000005,{"$f":"$F$16","v":1},{"$f":"K39*J39","v":0.95520000000000005},null,{"$f":"L39-H39","v":0.95520000000000005},{"$f":"IF((H39)=0,\"\",(N39/H39))","v":""}]
[null,"Global Adjustment Variance Rider",null,"per kW",null,null,{"$f":"$F$16","v":1},{"$f":"G40*F40","v":0},null,-0.70520000000000005,{"$f":"$F$16","v":1},{"$f":"K40*J40","v":-0.70520000000000005},null,{"$f":"L40-H40","v":-0.70520000000000005},{"$f":"IF((H40)=0,\"\",(N40/H40))","v":""}]
[null,null,null,null,null,null,1,0,null,null,1,0,null,0,""]
[null,null,null,null,null,null,1,0,null,null,1,0,null,0,""]
[null,"Low Voltage Service Charge",null,null,null,null,1,{"$f":"G43*F43","v":0},null,null,1,{"$f":"K43*J43","v":0},null,{"$f":"L43-H43","v":0},{"$f":"IF((H43)=0,\"\",(N43/H43))","v":""}]
[null,"Smart Meter Entity Charge",null,null,null,null,null,null,null,null,1,{"$f":"K44*J44","v":0},null,{"$f":"L44-H44","v":0}]
[null,"Sub-Total B - Distribution (includes Sub-Total A)",null,null,null,null,null,{"$f":"SUM(H39:H43)+H38","v":12.754300000000001},null,null,null,{"$f":"SUM(L39:L43)+L38","v":26.308},null,{"$f":"L45-H45","v":13.553699999999999},{"$f":"IF((H45)=0,\"\",(N45/H45))","v":1.0626769011235426}]
[null,"RTSR - Network",null,"per kW",null,1.7437,{"$f":"F16*(1+F72)","v":1.0467},{"$f":"G46*F46","v":1.82513079},null,1.9847999999999999,{"$f":"F16*(1+J72)","v":1.0452520000000001},{"$f":"K46*J46","v":2.0746161696000001},null,0.24948537960000006,0.13669452127318507]
[null,"RTSR - Line and Transformation Connection",null,"per kW",null,1.4208000000000001,{"$f":"G46","v":1.0467},{"$f":"G47*F47","v":1.4871513599999999},null,1.6211,{"$f":"K46","v":1.0452520000000001},{"$f":"K47*J47","v":1.6944580172000001},null,0.20730665720000019,0.1393984921615512]
[null,"Sub-Total C - Delivery (including Sub-Total B)",null,null,null,null,null,{"$f":"SUM(H45:H47)","v":16.066582149999999},null,null,null,{"$f":"SUM(L45:L47)","v":30.077074186799997},null,14.010492036799999,0.87202691312912495]
[null,"Wholesale Market Service Charge (WMSC)",null,"per kWh",null,5.1999999999999998E-3,{"$f":"$F$17","v":25},{"$f":"G49*F49","v":0.13},null,5.1999999999999998E-3,{"$f":"G49","v":25},{"$f":"K49*J49","v":0.13},null,0,0]
[null,"Rural and Remote Rate Protection (RRRP)",null,"per kWh",null,1.1000000000000001E-3,{"$f":"$F$17","v":25},2.75E-2,null,5.1999999999999998E-3,{"$f":"G50","v":25},0.13,null,0.10250000000000001,3.7272727272727275]
[null,"Standard Supply Service Charge",null,"Monthly",null,0.25,1,0.25,null,0.25,1,0.25,null,0,0]
[null,"Debt Retirement Charge (DRC)",null,"per kWh",null,7.0000000000000001E-3,{"$f":"G50","v":25},0.17500000000000002,null,7.0000000000000001E-3,{"$f":"K50","v":25},0.17500000000000002,null,0,0]
[null,"Energy - RPP - Tier 1",null,null,null,7.4999999999999997E-2,{"$f":"IF($T$1=1,IF($F$16>=600,600,IF($F$16<600,$F$16*(1+$F$72),$F$16-600)),IF($T$1=2,IF($F$16>=1000,1000,IF($F$16<1000,$F$16*(1+$F$72),$F$16-1000))))","v":1.0467},{"$f":"G53*F53","v":7.8502499999999989E-2},null,7.4999999999999997E-2,{"$f":"IF($T$1=1,IF($F$16>=600,600,IF($F$16<600,$F$16*(1+$J$72),$F$16-600)),IF($T$1=2,IF($F$16>=1000,1000,IF($F$16<1000,$F$16*(1+$J$72),$F$16-1000))))","v":1.0452520000000001},{"$f":"K53*J53","v":7.8393900000000002E-2},null,-1.0859999999998649E-4,-1.3833954332662845E-3]
[null,"Energy - RPP - Tier 2",null,null,null,8.7999999999999995E-2,{"$f":"IF($T$1=1,IF($F$16>=600,$F$16*(1+$F$72)-600,IF($F$16<600,0,)), IF($T$1=2,IF($F$16>=1000,$F$16*(1+$F$72)-1000,IF($F$16<1000,0))))","v":0},{"$f":"G54*F54","v":0},null,8.7999999999999995E-2,{"$f":"IF($T$1=1,IF($F$16>=600,$F$16*(1+$J$72)-600,IF($F$16<600,0,)), IF($T$1=2,IF($F$16>=1000,$F$16*(1+$J$72)-1000,IF($F$16<1000,0))))","v":0},{"$f":"K54*J54","v":0},null,0,""]
[null,"TOU - Off Peak",null,null,null,6.5000000000000002E-2,{"$f":"0.64*$F$16*(1+$F$72)","v":0.66988800000000004},4.3542720000000007E-2,null,6.5000000000000002E-2,{"$f":"0.64*$F$16*(1+$J$72)","v":0.6689612800000001},4.3482483200000005E-2,null,-6.0236800000001978E-5,-1.3833954332665016E-3]
[null,"TOU - Mid Peak",null,null,null,0.1,{"$f":"0.18*$F$16*(1+$F$72)","v":0.18840599999999999},1.8840599999999999E-2,null,0.1,{"$f":"0.18*$F$16*(1+$J$72)","v":0.18814536000000001},1.8814536000000003E-2,null,-2.6063999999995785E-5,-1.3833954332662329E-3]
[null,"TOU - On Peak",null,null,null,0.11700000000000001,{"$f":"0.18*$F$16*(1+$F$72)","v":0.18840599999999999},2.2043502E-2,null,0.11700000000000001,{"$f":"0.18*$F$16*(1+$J$72)","v":0.18814536000000001},2.2013007120000004E-2,null,-3.049487999999545E-5,-1.3833954332662501E-3]
[]
[null,"Total Bill on RPP (before Taxes)",null,null,null,null,null,{"$f":"SUM(H48:H54)","v":16.727584649999997},null,null,null,{"$f":"SUM(L48:L54)","v":30.840468086799994},null,14.112883436799997,0.84368925532832373]
[null,"HST",null,null,null,0.13,null,{"$f":"H59*F60","v":2.1745860044999996},null,0.13,null,{"$f":"L59*J60","v":4.0092608512839991},null,1.8346748467839995,0.84368925532832373]
[null,"Total Bill (including HST)",null,null,null,null,null,{"$f":"H59+H60","v":18.902170654499997},null,null,null,{"$f":"L59+L60","v":34.849728938083992},null,15.947558283583994,0.84368925532832362]
[null,"Ontario Clean Energy Benefit 1",null,null,null,null,null,{"$f":"ROUND(-H61*10%,2)","v":-1.89},null,null,null,{"$f":"ROUND(-L61*10%,2)","v":-3.48},null,-1.59,0.84126984126984139]
[null,"Total Bill on RPP (including OCEB)",null,null,null,null,null,{"$f":"SUM(H61:H62)","v":17.012170654499997},null,null,null,{"$f":"SUM(L61:L62)","v":31.369728938083991},null,14.357558283583995,0.84395804481224068]
[]
[null,"Total Bill on TOU (before Taxes)",null,null,null,null,null,{"$f":"SUM(H48:H52,H55:H57)","v":16.733508971999999},null,null,null,{"$f":"SUM(L48:L52,L55:L57)","v":30.846384213119997},null,{"$f":"L65-H65","v":14.112875241119998},{"$f":"IF((H65)=0,\"\",(N65/H65))","v":0.8433900662876459}]
[null,"HST",null,null,null,0.13,null,{"$f":"H65*F66","v":2.1753561663599998},null,0.13,null,{"$f":"L65*J66","v":4.0100299477055996},null,1.8346737813455998,0.84339006628764601]
[null,"Total Bill (including HST)",null,null,null,null,null,{"$f":"H65+H66","v":18.908865138359999},null,null,null,{"$f":"L65+L66","v":34.856414160825594},null,15.947549022465594,0.84339006628764579]
[null,"Ontario Clean Energy Benefit 1",null,null,null,null,null,{"$f":"ROUND(-H67*10%,2)","v":-1.89},null,null,null,{"$f":"ROUND(-L67*10%,2)","v":-3.49},null,-1.6000000000000003,0.84656084656084674]
[null,"Total Bill on TOU (including OCEB)",null,null,null,null,null,{"$f":"H67+H68","v":17.018865138359999},null,null,null,{"$f":"L67+L68","v":31.366414160825592},null,14.347549022465593,0.84303794088635553]
[]
[]
[null,"Loss Factor (%)",null,null,null,4.6699999999999998E-2,null,null,null,4.5252000000000001E-2]
[]
["1 Applicable to eligible customers only.  Refer to the Ontario Clean Energy Benefit Act, 2010."]
[]
["Note that the \"Charge $\" columns provide breakdowns of the amounts that each bill component contributes to the total monthly bill at the referenced "]
["consumption level at existing and proposed rates."]
[]
["Applicants must provide bill impacts for residential at 800 kWh and GS<50kW at 2000 kWh. In addition, their filing should cover the range that is relevant"]
["to their service territory, class by class. A general guideline of consumption levels follows:"]
[]
["Residential (kWh) - 100, 250, 500, 800, 1000, 1500, 2000"]
["GS<50kW (kWh) - 1000, 2000, 5000, 10000, 15000"]
["GS>50kW (kW) - 60, 100, 500, 1000"]
["Large User - range appropriate for utility"]
["Lighting Classes and USL - 150 kWh and 1 kW, range appropriate for utility."]

{"sheet":"App.2-W_Bill Impact Sentinel","index":63,"n_rows":86,"n_cols":20,"rows_kept":86,"cut":false,"hidden":false,"merged":[[68,1,68,3],[19,3,20,3],[19,13,20,13],[19,14,20,14],[61,1,61,3],[62,1,62,3],[67,1,67,3],[2,0,2,10],[9,1,9,14],[10,1,10,14],[13,3,13,14],[18,5,18,7],[18,9,18,11],[18,13,18,14]]}
[null,null,null,null,null,null,null,null,null,null,null,null,null,"File Number:",{"$f":"'LDC Info'!$E$18","v":"EB-2012-0175"},null,null,null,null,1]
[null,null,null,null,null,null,null,null,null,null,null,null,null,"Exhibit:"]
[null,null,null,null,null,null,null,null,null,null,null,null,null,"Tab:"]
[null,null,null,null,null,null,null,null,null,null,null,null,null,"Schedule:"]
[null,null,null,null,null,null,null,null,null,null,null,null,null,"Page:"]
[]
[null,null,null,null,null,null,null,null,null,null,null,null,null,"Date:"]
[]
[]
[null,"Appendix 2-W"]
[null,"Bill Impacts"]
[]
[]
[null,"Customer Class:",null,"Sentinel"]
[]
[null,null,null,"Consumption",null,1," kW"]
[null,null,null,null,null,50,"kWh"]
[]
[null,null,null,null,null,"Current Board-Approved",null,null,null,"Proposed",null,null,null,"Impact"]
[null,null,null,"Charge Unit",null,"Rate","Volume","Charge",null,"Rate","Volume","Charge",null,"$ Change","% Change"]
[null,null,null,null,null,"($)",null,"($)",null,"($)",null,"($)"]
[null,"Monthly Service Charge",null,"Monthly",null,5.69,1,{"$f":"G22*F22","v":5.69},null,30.16,1,{"$f":"K22*J22","v":30.16},null,{"$f":"L22-H22","v":24.47},{"$f":"IF((H22)=0,\"\",(N22/H22))","v":4.3005272407732864}]
[null,"Smart Meter Rate Adder",null,null,null,null,1,{"$f":"G23*F23","v":0},null,null,1,{"$f":"K23*J23","v":0},null,{"$f":"L23-H23","v":0},{"$f":"IF((H23)=0,\"\",(N23/H23))","v":""}]
[null,null,null,null,null,null,1,0,null,null,1,{"$f":"K24*J24","v":0},null,{"$f":"L24-H24","v":0},{"$f":"IF((H24)=0,\"\",(N24/H24))","v":""}]
[null,null,null,null,null,null,1,0,null,null,1,0,null,0,""]
[null,null,null,null,null,null,1,0,null,null,1,0,null,0,""]
[null,null,null,null,null,null,1,0,null,null,1,0,null,0,""]
[null,"Distribution Volumetric Rate",null,"per kW",null,10.838699999999999,{"$f":"$F$16","v":1},10.838699999999999,null,0,{"$f":"$F$16","v":1},0,null,-10.838699999999999,-1]
[null,"Smart Meter Disposition Rider",null,null,null,null,{"$f":"$F$16","v":1},0,null,null,{"$f":"$F$16","v":1},0,null,0,""]
[null,"LRAM & SSM Rate Rider",null,null,null,null,{"$f":"$F$16","v":1},0,null,null,1,0,null,0,""]
[null,"Extraordinary Event Recovery Rider",null,"Monthly",null,null,{"$f":"$F$16","v":1},0,null,1,1,1,null,1,""]
[null,null,null,null,null,null,1,0,null,null,1,0,null,0,""]
[null,null,null,null,null,null,1,0,null,null,1,0,null,0,""]
[null,null,null,null,null,null,1,0,null,null,1,0,null,0,""]
[null,null,null,null,null,null,1,0,null,null,1,0,null,0,""]
[null,null,null,null,null,null,1,0,null,null,1,0,null,0,""]
[null,null,null,null,null,null,1,0,null,null,1,0,null,0,""]
[null,"Sub-Total A",null,null,null,null,null,{"$f":"SUM(H22:H37)","v":16.528700000000001},null,null,null,{"$f":"SUM(L22:L37)","v":31.16},null,14.6313,0.88520573305825623]
[null,"Deferral/Variance Account Disposition Rate Rider",null,"per kW",null,null,{"$f":"$F$16","v":1},{"$f":"G39*F39","v":0},null,-1.9E-3,{"$f":"$F$16","v":1},{"$f":"K39*J39","v":-1.9E-3},null,{"$f":"L39-H39","v":-1.9E-3},{"$f":"IF((H39)=0,\"\",(N39/H39))","v":""}]
[null,null,null,null,null,null,{"$f":"$F$16","v":1},{"$f":"G40*F40","v":0},null,null,{"$f":"$F$16","v":1},{"$f":"K40*J40","v":0},null,{"$f":"L40-H40","v":0},{"$f":"IF((H40)=0,\"\",(N40/H40))","v":""}]
[null,null,null,null,null,null,1,0,null,null,1,0,null,0,""]
[null,null,null,null,null,null,1,0,null,null,1,0,null,0,""]
[null,"Low Voltage Service Charge",null,null,null,null,1,{"$f":"G43*F43","v":0},null,null,1,{"$f":"K43*J43","v":0},null,{"$f":"L43-H43","v":0},{"$f":"IF((H43)=0,\"\",(N43/H43))","v":""}]
[null,"Smart Meter Entity Charge",null,null,null,null,null,null,null,null,1,{"$f":"K44*J44","v":0},null,{"$f":"L44-H44","v":0}]
[null,"Sub-Total B - Distribution (includes Sub-Total A)",null,null,null,null,null,{"$f":"SUM(H39:H43)+H38","v":16.528700000000001},null,null,null,{"$f":"SUM(L39:L43)+L38","v":31.158100000000001},null,{"$f":"L45-H45","v":14.6294},{"$f":"IF((H45)=0,\"\",(N45/H45))","v":0.88509078148916731}]
[null,"RTSR - Network",null,"per kW",null,1.7526999999999999,{"$f":"F16*(1+F72)","v":1},{"$f":"G46*F46","v":1.7526999999999999},null,1.9950000000000001,{"$f":"F16*(1+J72)","v":1},{"$f":"K46*J46","v":1.9950000000000001},null,0.24230000000000018,0.13824385234210088]
[null,"RTSR - Line and Transformation Connection",null,"per kW",null,1.4208000000000001,{"$f":"G46","v":1},{"$f":"G47*F47","v":1.4208000000000001},null,1.6211,{"$f":"K46","v":1},{"$f":"K47*J47","v":1.6211},null,0.20029999999999992,0.14097691441441434]
[null,"Sub-Total C - Delivery (including Sub-Total B)",null,null,null,null,null,{"$f":"SUM(H45:H47)","v":19.702200000000001},null,null,null,{"$f":"SUM(L45:L47)","v":34.7742},null,15.071999999999999,0.76499071169717081]
[null,"Wholesale Market Service Charge (WMSC)",null,"per kWh",null,5.1999999999999998E-3,{"$f":"$F$17","v":50},{"$f":"G49*F49","v":0.26},null,5.1999999999999998E-3,{"$f":"G49","v":50},{"$f":"K49*J49","v":0.26},null,0,0]
[null,"Rural and Remote Rate Protection (RRRP)",null,"per kWh",null,1.1000000000000001E-3,{"$f":"$F$17","v":50},5.5E-2,null,1.1000000000000001E-3,{"$f":"G50","v":50},5.5E-2,null,0,0]
[null,"Standard Supply Service Charge",null,"Monthly",null,0.25,1,0.25,null,0.25,1,0.25,null,0,0]
[null,"Debt Retirement Charge (DRC)",null,"per kWh",null,7.0000000000000001E-3,{"$f":"G50","v":50},0.35000000000000003,null,7.0000000000000001E-3,{"$f":"K50","v":50},0.35000000000000003,null,0,0]
[null,"Energy - RPP - Tier 1",null,null,null,7.4999999999999997E-2,{"$f":"IF($T$1=1,IF($F$16>=600,600,IF($F$16<600,$F$16*(1+$F$72),$F$16-600)),IF($T$1=2,IF($F$16>=1000,1000,IF($F$16<1000,$F$16*(1+$F$72),$F$16-1000))))","v":1},{"$f":"G53*F53","v":7.4999999999999997E-2},null,7.4999999999999997E-2,{"$f":"IF($T$1=1,IF($F$16>=600,600,IF($F$16<600,$F$16*(1+$J$72),$F$16-600)),IF($T$1=2,IF($F$16>=1000,1000,IF($F$16<1000,$F$16*(1+$J$72),$F$16-1000))))","v":1},{"$f":"K53*J53","v":7.4999999999999997E-2},null,0,0]
[null,"Energy - RPP - Tier 2",null,null,null,8.7999999999999995E-2,{"$f":"IF($T$1=1,IF($F$16>=600,$F$16*(1+$F$72)-600,IF($F$16<600,0,)), IF($T$1=2,IF($F$16>=1000,$F$16*(1+$F$72)-1000,IF($F$16<1000,0))))","v":0},{"$f":"G54*F54","v":0},null,8.7999999999999995E-2,{"$f":"IF($T$1=1,IF($F$16>=600,$F$16*(1+$J$72)-600,IF($F$16<600,0,)), IF($T$1=2,IF($F$16>=1000,$F$16*(1+$J$72)-1000,IF($F$16<1000,0))))","v":0},{"$f":"K54*J54","v":0},null,0,""]
[null,"TOU - Off Peak",null,null,null,6.5000000000000002E-2,{"$f":"0.64*$F$16*(1+$F$72)","v":0.64},4.1600000000000005E-2,null,6.5000000000000002E-2,{"$f":"0.64*$F$16*(1+$J$72)","v":0.64},4.1600000000000005E-2,null,0,0]
[null,"TOU - Mid Peak",null,null,null,0.1,{"$f":"0.18*$F$16*(1+$F$72)","v":0.18},1.7999999999999999E-2,null,0.1,{"$f":"0.18*$F$16*(1+$J$72)","v":0.18},1.7999999999999999E-2,null,0,0]
[null,"TOU - On Peak",null,null,null,0.11700000000000001,{"$f":"0.18*$F$16*(1+$F$72)","v":0.18},2.1059999999999999E-2,null,0.11700000000000001,{"$f":"0.18*$F$16*(1+$J$72)","v":0.18},2.1059999999999999E-2,null,0,0]
[]
[null,"Total Bill on RPP (before Taxes)",null,null,null,null,null,{"$f":"SUM(H48:H54)","v":20.692200000000003},null,null,null,{"$f":"SUM(L48:L54)","v":35.764200000000002},null,15.071999999999999,0.72839040797981836]
[null,"HST",null,null,null,0.13,null,{"$f":"H59*F60","v":2.6899860000000007},null,0.13,null,{"$f":"L59*J60","v":4.6493460000000004},null,1.9593599999999998,0.72839040797981824]
[null,"Total Bill (including HST)",null,null,null,null,null,{"$f":"H59+H60","v":23.382186000000004},null,null,null,{"$f":"L59+L60","v":40.413546000000004},null,17.031359999999999,0.72839040797981836]
[null,"Ontario Clean Energy Benefit 1",null,null,null,null,null,{"$f":"ROUND(-H61*10%,2)","v":-2.34},null,null,null,{"$f":"ROUND(-L61*10%,2)","v":-4.04},null,-1.7000000000000002,0.72649572649572658]
[null,"Total Bill on RPP (including OCEB)",null,null,null,null,null,{"$f":"SUM(H61:H62)","v":21.042186000000004},null,null,null,{"$f":"SUM(L61:L62)","v":36.373546000000005},null,15.33136,0.72860110636794095]
[]
[null,"Total Bill on TOU (before Taxes)",null,null,null,null,null,{"$f":"SUM(H48:H52,H55:H57)","v":20.697860000000002},null,null,null,{"$f":"SUM(L48:L52,L55:L57)","v":35.769860000000001},null,{"$f":"L65-H65","v":15.071999999999999},{"$f":"IF((H65)=0,\"\",(N65/H65))","v":0.72819122363374755}]
[null,"HST",null,null,null,0.13,null,{"$f":"H65*F66","v":2.6907218000000004},null,0.13,null,{"$f":"L65*J66","v":4.6500818000000006},null,1.9593600000000002,0.72819122363374766]
[null,"Total Bill (including HST)",null,null,null,null,null,{"$f":"H65+H66","v":23.388581800000004},null,null,null,{"$f":"L65+L66","v":40.419941800000004},null,17.031359999999999,0.72819122363374744]
[null,"Ontario Clean Energy Benefit 1",null,null,null,null,null,{"$f":"ROUND(-H67*10%,2)","v":-2.34},null,null,null,{"$f":"ROUND(-L67*10%,2)","v":-4.04},null,-1.7000000000000002,0.72649572649572658]
[null,"Total Bill on TOU (including OCEB)",null,null,null,null,null,{"$f":"H67+H68","v":21.048581800000004},null,null,null,{"$f":"L67+L68","v":36.379941800000005},null,15.33136,0.7283797143995705]
[]
[]
[null,"Loss Factor (%)"]
[]
["1 Applicable to eligible customers only.  Refer to the Ontario Clean Energy Benefit Act, 2010."]
[]
["Note that the \"Charge $\" columns provide breakdowns of the amounts that each bill component contributes to the total monthly bill at the referenced "]
["consumption level at existing and proposed rates."]
[]
["Applicants must provide bill impacts for residential at 800 kWh and GS<50kW at 2000 kWh. In addition, their filing should cover the range that is relevant"]
["to their service territory, class by class. A general guideline of consumption levels follows:"]
[]
["Residential (kWh) - 100, 250, 500, 800, 1000, 1500, 2000"]
["GS<50kW (kWh) - 1000, 2000, 5000, 10000, 15000"]
["GS>50kW (kW) - 60, 100, 500, 1000"]
["Large User - range appropriate for utility"]
["Lighting Classes and USL - 150 kWh and 1 kW, range appropriate for utility."]

{"sheet":"App.2-W_Bill Impact Unmetered ","index":64,"n_rows":85,"n_cols":20,"rows_kept":85,"cut":false,"hidden":false,"merged":[[67,1,67,3],[18,3,19,3],[18,13,19,13],[18,14,19,14],[60,1,60,3],[61,1,61,3],[66,1,66,3],[2,0,2,10],[9,1,9,14],[10,1,10,14],[13,3,13,14],[17,5,17,7],[17,9,17,11],[17,13,17,14]]}
[null,null,null,null,null,null,null,null,null,null,null,null,null,"File Number:",{"$f":"'LDC Info'!$E$18","v":"EB-2012-0175"},null,null,null,null,1]
[null,null,null,null,null,null,null,null,null,null,null,null,null,"Exhibit:"]
[null,null,null,null,null,null,null,null,null,null,null,null,null,"Tab:"]
[null,null,null,null,null,null,null,null,null,null,null,null,null,"Schedule:"]
[null,null,null,null,null,null,null,null,null,null,null,null,null,"Page:"]
[]
[null,null,null,null,null,null,null,null,null,null,null,null,null,"Date:"]
[]
[]
[null,"Appendix 2-W"]
[null,"Bill Impacts"]
[]
[]
[null,"Customer Class:",null,"Unmetered Scattered Load"]
[]
[null,null,null,"Consumption",null,100," kWh"]
[]
[null,null,null,null,null,"Current Board-Approved",null,null,null,"Proposed",null,null,null,"Impact"]
[null,null,null,"Charge Unit",null,"Rate","Volume","Charge",null,"Rate","Volume","Charge",null,"$ Change","% Change"]
[null,null,null,null,null,"($)",null,"($)",null,"($)",null,"($)"]
[null,"Monthly Service Charge",null,"Monthly",null,33.729999999999997,1,{"$f":"G21*F21","v":33.729999999999997},null,23.03,1,{"$f":"K21*J21","v":23.03},null,{"$f":"L21-H21","v":-10.699999999999996},{"$f":"IF((H21)=0,\"\",(N21/H21))","v":-0.31722502223539867}]
[null,"Smart Meter Rate Adder",null,null,null,null,1,{"$f":"G22*F22","v":0},null,null,1,{"$f":"K22*J22","v":0},null,{"$f":"L22-H22","v":0},{"$f":"IF((H22)=0,\"\",(N22/H22))","v":""}]
[null,null,null,null,null,null,1,0,null,null,1,{"$f":"K23*J23","v":0},null,{"$f":"L23-H23","v":0},{"$f":"IF((H23)=0,\"\",(N23/H23))","v":""}]
[null,null,null,null,null,null,1,0,null,null,1,0,null,0,""]
[null,null,null,null,null,null,1,0,null,null,1,0,null,0,""]
[null,null,null,null,null,null,1,0,null,null,1,0,null,0,""]
[null,"Distribution Volumetric Rate",null,"per kWh",null,2.9899999999999999E-2,{"$f":"$F$16","v":100},2.9899999999999998,null,null,{"$f":"$F$16","v":100},0,null,-2.9899999999999998,-1]
[null,"Smart Meter Disposition Rider",null,null,null,null,{"$f":"$F$16","v":100},0,null,null,{"$f":"$F$16","v":100},0,null,0,""]
[null,"LRAM & SSM Rate Rider",null,null,null,null,{"$f":"$F$16","v":100},0,null,null,100,0,null,0,""]
[null,"Extraordinary Event Recovery Rider",null,"Monthly",null,null,{"$f":"$F$16","v":100},0,null,6.17,1,6.17,null,6.17,""]
[null,null,null,null,null,null,100,0,null,null,100,0,null,0,""]
[null,null,null,null,null,null,100,0,null,null,100,0,null,0,""]
[null,null,null,null,null,null,100,0,null,null,100,0,null,0,""]
[null,null,null,null,null,null,100,0,null,null,100,0,null,0,""]
[null,null,null,null,null,null,100,0,null,null,100,0,null,0,""]
[null,null,null,null,null,null,100,0,null,null,100,0,null,0,""]
[null,"Sub-Total A",null,null,null,null,null,{"$f":"SUM(H21:H36)","v":36.72},null,null,null,{"$f":"SUM(L21:L36)","v":29.200000000000003},null,-7.519999999999996,-0.20479302832243998]
[null,"Deferral/Variance Account Disposition Rate Rider",null,"per kWh",null,null,{"$f":"$F$16","v":100},{"$f":"G38*F38","v":0},null,4.0000000000000002E-4,{"$f":"$F$16","v":100},{"$f":"K38*J38","v":0.04},null,{"$f":"L38-H38","v":0.04},{"$f":"IF((H38)=0,\"\",(N38/H38))","v":""}]
[null,null,null,null,null,null,{"$f":"$F$16","v":100},{"$f":"G39*F39","v":0},null,null,{"$f":"$F$16","v":100},{"$f":"K39*J39","v":0},null,{"$f":"L39-H39","v":0},{"$f":"IF((H39)=0,\"\",(N39/H39))","v":""}]
[null,null,null,null,null,null,100,0,null,null,100,0,null,0,""]
[null,null,null,null,null,null,100,0,null,null,100,0,null,0,""]
[null,"Low Voltage Service Charge",null,null,null,null,100,{"$f":"G42*F42","v":0},null,null,100,{"$f":"K42*J42","v":0},null,{"$f":"L42-H42","v":0},{"$f":"IF((H42)=0,\"\",(N42/H42))","v":""}]
[null,"Smart Meter Entity Charge",null,null,null,null,null,null,null,null,100,{"$f":"K43*J43","v":0},null,{"$f":"L43-H43","v":0}]
[null,"Sub-Total B - Distribution (includes Sub-Total A)",null,null,null,null,null,{"$f":"SUM(H38:H42)+H37","v":36.72},null,null,null,{"$f":"SUM(L38:L42)+L37","v":29.240000000000002},null,{"$f":"L44-H44","v":-7.4799999999999969},{"$f":"IF((H44)=0,\"\",(N44/H44))","v":-0.20370370370370364}]
[null,"RTSR - Network",null,null,null,4.5999999999999999E-3,{"$f":"F16*(1+F71)","v":100},{"$f":"G45*F45","v":0.45999999999999996},null,6.6E-3,{"$f":"F16*(1+J71)","v":100},{"$f":"K45*J45","v":0.66},null,0.20000000000000007,0.43478260869565233]
[null,"RTSR - Line and Transformation Connection",null,null,null,4.0000000000000001E-3,{"$f":"G45","v":100},{"$f":"G46*F46","v":0.4},null,5.1000000000000004E-3,{"$f":"K45","v":100},{"$f":"K46*J46","v":0.51},null,0.10999999999999999,0.27499999999999997]
[null,"Sub-Total C - Delivery (including Sub-Total B)",null,null,null,null,null,{"$f":"SUM(H44:H46)","v":37.58},null,null,null,{"$f":"SUM(L44:L46)","v":30.410000000000004},null,-7.1699999999999946,-0.19079297498669492]
[null,"Wholesale Market Service Charge (WMSC)",null,null,null,null,{"$f":"G46","v":100},{"$f":"G48*F48","v":0},null,null,{"$f":"K46","v":100},{"$f":"K48*J48","v":0},null,0,""]
[null,"Rural and Remote Rate Protection (RRRP)",null,null,null,null,{"$f":"G46","v":100},0,null,null,{"$f":"K46","v":100},0,null,0,""]
[null,"Standard Supply Service Charge",null,null,null,null,1,0,null,null,1,0,null,0,""]
[null,"Debt Retirement Charge (DRC)",null,null,null,null,{"$f":"G49","v":100},0,null,null,{"$f":"K49","v":100},0,null,0,""]
[null,"Energy - RPP - Tier 1",null,null,null,7.4999999999999997E-2,{"$f":"IF($T$1=1,IF($F$16>=600,600,IF($F$16<600,$F$16*(1+$F$71),$F$16-600)),IF($T$1=2,IF($F$16>=1000,1000,IF($F$16<1000,$F$16*(1+$F$71),$F$16-1000))))","v":100},{"$f":"G52*F52","v":7.5},null,7.4999999999999997E-2,{"$f":"IF($T$1=1,IF($F$16>=600,600,IF($F$16<600,$F$16*(1+$J$71),$F$16-600)),IF($T$1=2,IF($F$16>=1000,1000,IF($F$16<1000,$F$16*(1+$J$71),$F$16-1000))))","v":100},{"$f":"K52*J52","v":7.5},null,0,0]
[null,"Energy - RPP - Tier 2",null,null,null,8.7999999999999995E-2,{"$f":"IF($T$1=1,IF($F$16>=600,$F$16*(1+$F$71)-600,IF($F$16<600,0,)), IF($T$1=2,IF($F$16>=1000,$F$16*(1+$F$71)-1000,IF($F$16<1000,0))))","v":0},{"$f":"G53*F53","v":0},null,8.7999999999999995E-2,{"$f":"IF($T$1=1,IF($F$16>=600,$F$16*(1+$J$71)-600,IF($F$16<600,0,)), IF($T$1=2,IF($F$16>=1000,$F$16*(1+$J$71)-1000,IF($F$16<1000,0))))","v":0},{"$f":"K53*J53","v":0},null,0,""]
[null,"TOU - Off Peak",null,null,null,6.5000000000000002E-2,{"$f":"0.64*$F$16*(1+$F$71)","v":64},4.16,null,6.5000000000000002E-2,{"$f":"0.64*$F$16*(1+$J$71)","v":64},4.16,null,0,0]
[null,"TOU - Mid Peak",null,null,null,0.1,{"$f":"0.18*$F$16*(1+$F$71)","v":18},1.8,null,0.1,{"$f":"0.18*$F$16*(1+$J$71)","v":18},1.8,null,0,0]
[null,"TOU - On Peak",null,null,null,0.11700000000000001,{"$f":"0.18*$F$16*(1+$F$71)","v":18},2.1060000000000003,null,0.11700000000000001,{"$f":"0.18*$F$16*(1+$J$71)","v":18},2.1060000000000003,null,0,0]
[]
[null,"Total Bill on RPP (before Taxes)",null,null,null,null,null,{"$f":"SUM(H47:H53)","v":45.08},null,null,null,{"$f":"SUM(L47:L53)","v":37.910000000000004},null,-7.1699999999999946,-0.15905057675244]
[null,"HST",null,null,null,0.13,null,{"$f":"H58*F59","v":5.8604000000000003},null,0.13,null,{"$f":"L58*J59","v":4.928300000000001},null,-0.93209999999999926,-0.15905057675243997]
[null,"Total Bill (including HST)",null,null,null,null,null,{"$f":"H58+H59","v":50.940399999999997},null,null,null,{"$f":"L58+L59","v":42.838300000000004},null,-8.102099999999993,-0.15905057675243997]
[null,"Ontario Clean Energy Benefit 1",null,null,null,null,null,{"$f":"ROUND(-H60*10%,2)","v":-5.09},null,null,null,{"$f":"ROUND(-L60*10%,2)","v":-4.28},null,0.80999999999999961,-0.15913555992141445]
[null,"Total Bill on RPP (including OCEB)",null,null,null,null,null,{"$f":"SUM(H60:H61)","v":45.850399999999993},null,null,null,{"$f":"SUM(L60:L61)","v":38.558300000000003},null,-7.2920999999999907,-0.15904114249821139]
[]
[null,"Total Bill on TOU (before Taxes)",null,null,null,null,null,{"$f":"SUM(H47:H51,H54:H56)","v":45.645999999999994},null,null,null,{"$f":"SUM(L47:L51,L54:L56)","v":38.476000000000006},null,{"$f":"L64-H64","v":-7.1699999999999875},{"$f":"IF((H64)=0,\"\",(N64/H64))","v":-0.15707838583884653}]
[null,"HST",null,null,null,0.13,null,{"$f":"H64*F65","v":5.9339799999999991},null,0.13,null,{"$f":"L64*J65","v":5.0018800000000008},null,-0.93209999999999837,-0.15707838583884653]
[null,"Total Bill (including HST)",null,null,null,null,null,{"$f":"H64+H65","v":51.579979999999992},null,null,null,{"$f":"L64+L65","v":43.477880000000006},null,-8.1020999999999859,-0.15707838583884653]
[null,"Ontario Clean Energy Benefit 1",null,null,null,null,null,{"$f":"ROUND(-H66*10%,2)","v":-5.16},null,null,null,{"$f":"ROUND(-L66*10%,2)","v":-4.3499999999999996},null,0.8100000000000005,-0.1569767441860466]
[null,"Total Bill on TOU (including OCEB)",null,null,null,null,null,{"$f":"H66+H67","v":46.419979999999995},null,null,null,{"$f":"L66+L67","v":39.127880000000005},null,-7.2920999999999907,-0.15708968422649022]
[]
[]
[null,"Loss Factor (%)"]
[]
["1 Applicable to eligible customers only.  Refer to the Ontario Clean Energy Benefit Act, 2010."]
[]
["Note that the \"Charge $\" columns provide breakdowns of the amounts that each bill component contributes to the total monthly bill at the referenced "]
["consumption level at existing and proposed rates."]
[]
["Applicants must provide bill impacts for residential at 800 kWh and GS<50kW at 2000 kWh. In addition, their filing should cover the range that is relevant"]
["to their service territory, class by class. A general guideline of consumption levels follows:"]
[]
["Residential (kWh) - 100, 250, 500, 800, 1000, 1500, 2000"]
["GS<50kW (kWh) - 1000, 2000, 5000, 10000, 15000"]
["GS>50kW (kW) - 60, 100, 500, 1000"]
["Large User - range appropriate for utility"]
["Lighting Classes and USL - 150 kWh and 1 kW, range appropriate for utility."]

{"sheet":"App.2-X_CoS_Flowchart","index":65,"n_rows":16,"n_cols":7,"rows_kept":16,"cut":false,"hidden":false,"merged":[[15,1,15,6],[12,1,12,6],[13,1,13,6]]}
[null,null,null,null,null,"File Number:",{"$f":"'LDC Info'!$E$18","v":"EB-2012-0175"}]
[null,null,null,null,null,"Exhibit:"]
[null,null,null,null,null,"Tab:"]
[null,null,null,null,null,"Schedule:"]
[null,null,null,null,null,"Page:"]
[]
[null,null,null,null,null,"Date:"]
[]
[]
[]
[]
[]
[null,"Appendix 2-X"]
[null,"Cost of Service Rate Application Schematic"]
[]
[null,"The Cost of Service Rate Application Schematic is a flowchart appended to Chapter 2 of the Filing Requirements as a guide for the components of an application and how demand and costs interrelate to derive the revenue requirement and then how the revenue requirement is allocated between classes and through fixed/variable splits to derive rates that will be compensatory for the annual revenue requirement, based on the the forecasted demand.  There is no form to be filled out; therefore, this Schedule is not required to be filed. "]