{"text_format":"1","workbook":"xlsx","n_sheets":42,"sheets":["LDC Info","Index","App.2-A_Capital Projects","App.2-B_Fixed Asset Conti 2009","App.2-B_Fixed Asset Conti 2010","App.2-B_Fixed Asset Conti 2011","App.2-B_F Asset CGAAP 2012","App.2-B_F Asset Conti 2013","App.2-CE_CGAAP_DepExp_2011","App.2-CF_CGAAP_DepExp_2012","App.2-CI _CGAAP DepExp 2013","App.2-D_Overhead","App.2-F_Other_Oper_Rev","App.2-G_Detailed_OM&A_Expenses","App.2-H_OM&A_Detailed_Analysis","App.2-I_OM&A_Summary_Analys","App.2-J_OM&A_Cost _Drivers","App.2-K_Employee Costs","App.2-L_OM&A_per_Cust_FTEE","App.2-M_Regulatory_Costs","App.2-N_Corp_Cost_Allocation09","App.2-N_Corp_Cost_Allocation10","App.2-N_Corp_Cost_Allocation11","App.2-N_Corp_Cost_Allocation12","App.2-N_Corp_Cost_Allocation13","App.2-OA Capital Structure","App.2-OB_Debt Instruments","App.2-P_Cost_Allocation","App.2-Q_Cost of Serv. Emb. Dx","App.2-R_Loss Factors","App.2-S_Stranded Meters","App.2-T_1592_Tax_Variance","App.2-U_IFRS Transition Costs","App.2-V_Rev_Reconciliation","App.2-W_Bill Impacts_Res","App.2-W_Bill Impacts_GS<50","App.2-W_Bill Impacts_GS>50","App.2-W_Bill Impacts_LU","App.2-W_Bill Impacts_StrtLght","App.2-W_Bill Impacts_SentLght","App.2-W_Bill Impacts_USL","App.2-X_CoS_Flowchart"],"not_rendered":{"charts":0,"images":3,"macros":1,"external_links":3,"defined_names":47,"comments":7,"pivot_tables":0},"unopened":[],"bounds":{"document_bytes":16777216,"sheet_cells":100000,"rows_first":2000,"rows_last":500,"rows_between":2000,"halvings":0,"cell_chars":16384,"cell_head_chars":4096},"cells_cut":0,"cells_raw":0,"read":"whole","date_system":"1900"}

{"sheet":"LDC Info","index":0,"n_rows":80,"n_cols":27,"rows_kept":80,"cut":false,"hidden":false,"merged":[[19,4,19,10],[33,2,33,11],[37,2,37,12],[13,4,13,10],[15,4,15,8],[17,4,17,8],[21,4,21,8],[23,4,23,8],[25,4,25,6],[27,4,27,6],[35,2,35,13],[29,4,29,6]]}
[]
[]
[null,null,null,null,null,null,null,null,null,null,null,null,null,null,null,null,null,null,null,null,null,null,null,null,null,null,"Algoma Power Inc."]
[null,null,null,null,null,null,null,null,null,null,null,null,null,null,null,null,null,null,null,null,null,null,null,null,null,null,"Atikokan Hydro Inc."]
[null,null,null,null,null,null,null,null,null,null,null,null,null,null,null,null,null,null,null,null,null,null,null,null,null,null,"Attawapiskat Power Corporation"]
[null,null,null,null,null,null,null,null,null,null,null,null,null,null,null,null,null,null,null,null,null,null,null,null,null,null,"Bluewater Power Distribution Corp."]
[null,null,null,null,null,null,null,null,null,null,null,null,null,null,null,null,null,null,null,null,null,null,null,null,null,null,"Brant County Power"]
[null,null,null,null,null,null,null,null,null,null,null,null,null,null,null,null,null,null,null,null,null,null,null,null,null,null,"Brantford Power Inc."]
[null,null,null,null,null,null,null,null,null,null,null,null,null,null,null,null,null,null,null,null,null,null,null,null,null,null,"Burlington Hydro Inc."]
[null,null,null,null,null,null,null,null,null,null,null,null,null,null,null,null,null,null,null,null,null,null,null,null,null,null,"Cambridge and North Dumfries Hydro"]
[null,null,null,null,null,null,null,null,null,null,null,null,null,null,null,null,null,null,null,null,null,null,null,null,null,null,"Canadian Niagara Power Inc. – Eastern Ontario Power/Fort Erie/Port Colborne"]
[null,null,null,null,null,null,null,null,null,null,null,null,null,null,null,null,null,null,null,null,null,null,null,null,null,null,"Centre Wellington Hydro Ltd."]
[null,null,null,null,null,null,null,null,null,null,null,null,null,"Version 1.1",null,null,null,null,null,null,null,null,null,null,null,null,"Chapleau Public Utilities Corporation"]
[null,null,null,"Utility Name   ","Peterborough Distribution Inc.",null,null,null,null,null,null,null,null,null,null,null,null,null,null,null,null,null,null,null,null,null,"COLLUS Power Corp."]
[null,null,null,null,null,null,null,null,null,null,null,null,null,null,null,null,null,null,null,null,null,null,null,null,null,null,"Cooperative Hydro Embrun Inc."]
[null,null,null,"Service Territory","Peterborough, Lakefield, Norwood",null,null,null,null,null,null,null,null,null,null,null,null,null,null,null,null,null,null,null,null,null,"E.L.K. Energy Inc."]
[null,null,null,null,null,null,null,null,null,null,null,null,null,null,null,null,null,null,null,null,null,null,null,null,null,null,"Enersource Hydro Mississauga Inc."]
[null,null,null,"Assigned EB Number","EB-2012-0160",null,null,null,null,null,null,null,null,null,null,null,null,null,null,null,null,null,null,null,null,null,"Entegrus Powerlines Inc."]
[null,null,null,null,null,null,null,null,null,null,null,null,null,null,null,null,null,null,null,null,null,null,null,null,null,null,"ENWIN Utilities Ltd."]
[null,null,null,"Name of Contact and Title","Amanda Jankowski, Manager, Finance and Regulatory Compliance",null,null,null,null,null,null,null,null,null,null,null,null,null,null,null,null,null,null,null,null,null,"Erie Thames Powerlines Corp."]
[null,null,null,null,null,null,null,null,null,null,null,null,null,null,null,null,null,null,null,null,null,null,null,null,null,null,"Espanola Regional Hydro Distribution Corporation"]
[null,null,null,"Phone Number   ","(705) 748-9301 x1272",null,null,null,null,null,null,null,null,null,null,null,null,null,null,null,null,null,null,null,null,null,"Essex Powerlines Corporation"]
[null,null,null,null,null,null,null,null,null,null,null,null,null,null,null,null,null,null,null,null,null,null,null,null,null,null,"Festival Hydro Inc."]
[null,null,null,"Email Address   ","ajankowski@peterboroughutilities.ca",null,null,null,null,null,null,null,null,null,null,null,null,null,null,null,null,null,null,null,null,null,"Fort Albany Power Corporation"]
[null,null,null,null,null,null,null,null,null,null,null,null,null,null,null,null,null,null,null,null,null,null,null,null,null,null,"Fort Frances Power Corporation"]
[null,null,null,"Bridge Year",2012,null,null,null,null,null,null,null,null,null,null,null,null,null,null,null,null,null,null,null,null,null,"Greater Sudbury Hydro Inc."]
[null,null,null,null,null,null,null,null,null,null,null,null,null,null,null,null,null,null,null,null,null,null,null,null,null,null,"Grimsby Power Inc."]
[null,null,null,"Test Year",2013,null,null,null,null,null,null,null,null,null,null,null,null,null,null,null,null,null,null,null,null,null,"Guelph Hydro Electric Systems Inc."]
[null,null,null,null,null,null,null,null,null,null,null,null,null,null,null,null,null,null,null,null,null,null,null,null,null,null,"Haldimand County Hydro Inc."]
[null,null,null,"Last Rebasing Year",2009,null,null,null,null,null,null,null,null,null,null,null,null,null,null,null,null,null,null,null,null,null,"Guelph Hydro Electric Systems Inc."]
[null,null,null,null,null,null,null,null,null,null,null,null,null,null,null,null,null,null,null,null,null,null,null,null,null,null,"Halton Hills Hydro Inc."]
[null,"Notes",null,null,null,null,null,null,null,null,null,null,null,null,null,null,null,null,null,null,null,null,null,null,null,null,"Hearst Power Distribution Co. Ltd."]
[null,null,null,null,null,null,null,null,null,null,null,null,null,null,null,null,null,null,null,null,null,null,null,null,null,null,"Horizon Utilities Corporation"]
[null,null,"Pale green cells represent input cells.",null,null,null,null,null,null,null,null,null,null,null,null,null,null,null,null,null,null,null,null,null,null,null,"Hydro 2000 Inc."]
[null,null,null,null,null,null,null,null,null,null,null,null,null,null,null,null,null,null,null,null,null,null,null,null,null,null,"Hydro Hawkesbury Inc."]
[null,null,"Pale blue cells represent drop-down lists.  The applicant should select the appropriate item from the drop-down list.",null,null,null,null,null,null,null,null,null,null,null,null,null,null,null,null,null,null,null,null,null,null,null,"Hydro One Brampton Networks Inc."]
[null,null,null,null,null,null,null,null,null,null,null,null,null,null,null,null,null,null,null,null,null,null,null,null,null,null,"Hydro One Networks Inc."]
[null,null,"White cells contain fixed values, automatically generated values or formulae. ",null,null,null,null,null,null,null,null,null,null,null,null,null,null,null,null,null,null,null,null,null,null,null,"Hydro One Remote Communities Inc."]
[null,null,null,null,null,null,null,null,null,null,null,null,null,null,null,null,null,null,null,null,null,null,null,null,null,null,"Hydro Ottawa Limited"]
[null,null,null,null,null,null,null,null,null,null,null,null,null,null,null,null,null,null,null,null,null,null,null,null,null,null,"Innisfil Hydro Dist. Systems Limited"]
[null,null,null,null,null,null,null,null,null,null,null,null,null,null,null,null,null,null,null,null,null,null,null,null,null,null,"Kashechewan Power Corporation"]
[null,null,null,null,null,null,null,null,null,null,null,null,null,null,null,null,null,null,null,null,null,null,null,null,null,null,"Kenora Hydro Electric Corporation Ltd."]
[null,null,null,null,null,null,null,null,null,null,null,null,null,null,null,null,null,null,null,null,null,null,null,null,null,null,"Kingston Hydro Corporation"]
[null,null,null,null,null,null,null,null,null,null,null,null,null,null,null,null,null,null,null,null,null,null,null,null,null,null,"Kitchener-Wilmot Hydro Inc."]
[null,null,null,null,null,null,null,null,null,null,null,null,null,null,null,null,null,null,null,null,null,null,null,null,null,null,"Lakefront Utilities Inc."]
[null,null,null,null,null,null,null,null,null,null,null,null,null,null,null,null,null,null,null,null,null,null,null,null,null,null,"Lakeland Power Distribution Ltd."]
[null,null,null,null,null,null,null,null,null,null,null,null,null,null,null,null,null,null,null,null,null,null,null,null,null,null,"London Hydro Inc."]
[null,null,null,null,null,null,null,null,null,null,null,null,null,null,null,null,null,null,null,null,null,null,null,null,null,null,"Midland Power Utility Corporation"]
[null,null,null,null,null,null,null,null,null,null,null,null,null,null,null,null,null,null,null,null,null,null,null,null,null,null,"Milton Hydro Distribution Inc."]
[null,null,null,null,null,null,null,null,null,null,null,null,null,null,null,null,null,null,null,null,null,null,null,null,null,null,"Newmarket – Tay Power Distribution Ltd."]
[null,null,null,null,null,null,null,null,null,null,null,null,null,null,null,null,null,null,null,null,null,null,null,null,null,null,"Niagara Peninsula Energy Inc."]
[null,null,null,null,null,null,null,null,null,null,null,null,null,null,null,null,null,null,null,null,null,null,null,null,null,null,"Niagara-on-the-Lake Hydro Inc."]
[null,null,null,null,null,null,null,null,null,null,null,null,null,null,null,null,null,null,null,null,null,null,null,null,null,null,"Norfolk Power Distribution Ltd."]
[null,null,null,null,null,null,null,null,null,null,null,null,null,null,null,null,null,null,null,null,null,null,null,null,null,null,"North Bay Hydro Distribution Limited"]
[null,null,null,null,null,null,null,null,null,null,null,null,null,null,null,null,null,null,null,null,null,null,null,null,null,null,"Northern Ontario Wires Inc."]
[null,null,null,null,null,null,null,null,null,null,null,null,null,null,null,null,null,null,null,null,null,null,null,null,null,null,"Oakville Hydro Distribution Inc."]
[null,null,null,null,null,null,null,null,null,null,null,null,null,null,null,null,null,null,null,null,null,null,null,null,null,null,"Orangeville Hydro Limited"]
[null,null,null,null,null,null,null,null,null,null,null,null,null,null,null,null,null,null,null,null,null,null,null,null,null,null,"Orillia Power Distribution Corp."]
[null,null,null,null,null,null,null,null,null,null,null,null,null,null,null,null,null,null,null,null,null,null,null,null,null,null,"Oshawa PUC Networks Inc."]
[null,null,null,null,null,null,null,null,null,null,null,null,null,null,null,null,null,null,null,null,null,null,null,null,null,null,"Ottawa River Power Corporation"]
[null,null,null,null,null,null,null,null,null,null,null,null,null,null,null,null,null,null,null,null,null,null,null,null,null,null,"Parry Sound Power Corporation"]
[null,null,null,null,null,null,null,null,null,null,null,null,null,null,null,null,null,null,null,null,null,null,null,null,null,null,"Peterborough Distribution Inc."]
[null,null,null,null,null,null,null,null,null,null,null,null,null,null,null,null,null,null,null,null,null,null,null,null,null,null,"PowerStream Inc."]
[null,null,null,null,null,null,null,null,null,null,null,null,null,null,null,null,null,null,null,null,null,null,null,null,null,null,"PUC Distribution Inc."]
[null,null,null,null,null,null,null,null,null,null,null,null,null,null,null,null,null,null,null,null,null,null,null,null,null,null,"Renfrew Hydro Inc."]
[null,null,null,null,null,null,null,null,null,null,null,null,null,null,null,null,null,null,null,null,null,null,null,null,null,null,"Rideau St. Lawrence Distribution Inc."]
[null,null,null,null,null,null,null,null,null,null,null,null,null,null,null,null,null,null,null,null,null,null,null,null,null,null,"St. Thomas Energy Inc."]
[null,null,null,null,null,null,null,null,null,null,null,null,null,null,null,null,null,null,null,null,null,null,null,null,null,null,"Sioux Lookout Hydro Inc."]
[null,null,null,null,null,null,null,null,null,null,null,null,null,null,null,null,null,null,null,null,null,null,null,null,null,null,"Thunder Bay Hydro Electricity Distribution"]
[null,null,null,null,null,null,null,null,null,null,null,null,null,null,null,null,null,null,null,null,null,null,null,null,null,null,"Tillsonburg Hydro Inc."]
[null,null,null,null,null,null,null,null,null,null,null,null,null,null,null,null,null,null,null,null,null,null,null,null,null,null,"Toronto Hydro-Electric System Limited"]
[null,null,null,null,null,null,null,null,null,null,null,null,null,null,null,null,null,null,null,null,null,null,null,null,null,null,"Veridian Connections Inc."]
[null,null,null,null,null,null,null,null,null,null,null,null,null,null,null,null,null,null,null,null,null,null,null,null,null,null,"Wasaga Distribution Inc."]
[null,null,null,null,null,null,null,null,null,null,null,null,null,null,null,null,null,null,null,null,null,null,null,null,null,null,"Waterloo North Hydro Inc."]
[null,null,null,null,null,null,null,null,null,null,null,null,null,null,null,null,null,null,null,null,null,null,null,null,null,null,"Welland Hydro Electric System Corp."]
[null,null,null,null,null,null,null,null,null,null,null,null,null,null,null,null,null,null,null,null,null,null,null,null,null,null,"Wellington North Power Inc."]
[null,null,null,null,null,null,null,null,null,null,null,null,null,null,null,null,null,null,null,null,null,null,null,null,null,null,"West Coast Huron Energy Inc."]
[null,null,null,null,null,null,null,null,null,null,null,null,null,null,null,null,null,null,null,null,null,null,null,null,null,null,"Westario Power Inc."]
[null,null,null,null,null,null,null,null,null,null,null,null,null,null,null,null,null,null,null,null,null,null,null,null,null,null,"Whitby Hydro Electric Corporation"]
[null,null,null,null,null,null,null,null,null,null,null,null,null,null,null,null,null,null,null,null,null,null,null,null,null,null,"Woodstock Hydro Services Inc."]

{"sheet":"Index","index":1,"n_rows":32,"n_cols":6,"rows_kept":32,"cut":false,"hidden":false,"merged":[]}
[]
[]
[]
[]
[]
[]
[]
[]
[]
[]
[]
[]
[]
[]
[1,"LDC Information Sheet",null,null,19,"Appendix 2-H OM&A Detailed Analysis"]
[2,"Index",null,null,20,"Appendix 2-I OM&A Summary Analysis"]
[3,"Appendix 2-A Capital Projects",null,null,21,"Appendix 2-J OM&A Cost  Drivers"]
[4,"Appendix 2-B Fixed Asset Continuity",null,null,22,"Appendix 2-K Employee Costs"]
[5,"Appendix 2-CA CGAAP Depreciation Expense 2011",null,null,23,"Appendix 2-L OM&A per Cust FTEE"]
[6,"Appendix 2-CB MIFRS Depreciation Expense 2011",null,null,24,"Appendix 2-M Regulatory Costs"]
[7,"Appendix 2-CC MIFRS Depreciation Expense 2012",null,null,25,"Appendix 2-N Corp Cost Allocation"]
[8,"Appendix 2-CD MIFRS Depreciation Expense 2013",null,null,26,"Appendix 2-OA Capital Structure and Cost of Capital"]
[9,"Appendix 2-CE CGAAP Depreciation Expense 2011",null,null,27,"Appendix 2-OB Debt Instruments"]
[10,"Appendix 2-CF CGAAP Depreciation Expense 2012",null,null,28,"Appendix 2-P Cost Allocation"]
[11,"Appendix 2-CG MIFRS Depreciation Expense 2012",null,null,29,"Appendix 2-Q Cost of Service Embedded Distributor"]
[12,"Appendix 2-CH MIFRS Depreciation Expense 2013",null,null,30,"Appendix 2-R Loss Factors"]
[13,"Appendix 2-CI Alternative Accounting Standards Depreciation Expense",null,null,31,"Appendix 2-S Stranded Meters"]
[14,"Appendix 2-D Overhead",null,null,32,"Appendix 2-T 1592 Tax Variance"]
[15,"Appendix 2-EA PP&E Deferral Account - 2012 IFRS Adopters",null,null,33,"Appendix 2-U IFRS Transition Costs"]
[16,"Appendix 2-EB PP&E Deferral Account - 2013 IFRS Adopters",null,null,34,"Appendix 2-V Rev Reconciliation"]
[17,"Appendix 2-F Other Operating Revenue",null,null,35,"Appendix 2-W Bill Impacts"]
[18,"Appendix 2-G Detailed OM&A Expenses",null,null,36,"Appendix 2-X CoS Flowchart"]

{"sheet":"App.2-A_Capital Projects","index":2,"n_rows":134,"n_cols":8,"rows_kept":134,"cut":false,"hidden":false,"merged":[[11,0,11,7],[135,0,136,8],[9,0,9,7],[8,0,8,7],[131,0,131,7],[133,0,133,7]]}
[null,null,null,null,null,null,"File Number:",{"$f":"'LDC Info'!$E$18","v":"EB-2012-0160"}]
[null,null,null,null,null,null,"Exhibit:",2]
[null,null,null,null,null,null,"Tab:",3]
[null,null,null,null,null,null,"Schedule:",2]
[null,null,null,null,null,null,"Page:","2-33"]
[]
[null,null,null,null,null,null,"Date:"]
[]
["Appendix 2-A"]
["Capital Projects Table"]
[]
[]
["Projects",{"$f":"IF(ISBLANK('LDC Info'!E26), \"Year 1\", 'LDC Info'!E26-5)","v":2007},{"$f":"IF(ISBLANK('LDC Info'!E26), \"Year 2\", 'LDC Info'!E26-4)","v":2008},{"$f":"IF(ISBLANK('LDC Info'!E26), \"Year 3\", 'LDC Info'!E26-3)","v":2009},{"$f":"IF(ISBLANK('LDC Info'!E26), \"Year 4\", 'LDC Info'!E26-2)","v":2010},{"$f":"IF(ISBLANK('LDC Info'!E26), \"Year 5\", 'LDC Info'!E26-1)","v":2011},{"$f":"'LDC Info'!E26 & \" Bridge Year\"","v":"2012 Bridge Year"},{"$f":"'LDC Info'!E28 & \" Test Year\"","v":"2013 Test Year"}]
["Reporting Basis","CGAAP","CGAAP","CGAAP","CGAAP","CGAAP","CGAAP","CGAAP"]
["Overhead Distribution Renewal"]
["Springbrook/Daleview area",190146]
["Hunter St. - Belmont to Park",106580]
["Juliet Avenue",139420]
["Sherbrooke St.-  Goodfellow to Wallis",229431]
["Ashburnham/Neal Drive area",null,391415]
["Romaine Street",null,210167]
["Erskine Avenue",null,null,129136]
["Hilliard Street and Hedonics Road",null,null,128599]
["Brealey Drive/Kawartha Heights",null,null,166976]
["Water Street North",null,null,null,120862]
["Insulator Replacement Program",null,null,null,88611]
["Ford Street/Brunswick Avenue area",null,null,null,null,103813]
["Cumberland Avenue OH line conversion",null,null,null,null,null,73863]
["Cumberland Avenue 27.6 kV extension",null,null,null,null,null,250000]
["Parkhill Road West 27.6 kV extension",null,null,null,null,null,260000,225000]
["Parkhill Road West Feeder",null,null,null,null,null,null,525000]
["44kV OH River Crossing",null,null,null,null,null,null,136000]
["44 kV Switches Upgrades/SCADA",null,null,null,null,null,290661,50000]
["other",132325,84733,151986,160700,45123,515983,126000]
["Sub-Total",{"$f":"SUM(B16:B34)","v":797902},{"$f":"SUM(C16:C34)","v":686315},576697,370173,148936,1390507,1062000]
[]
["Pole Replacement Program",null,null,null,787323,612201,500944,550000]
[]
["New 27.6 kV Feeder (M9)",390684]
[]
["New 27.6 kV Feeder (M8)",null,null,null,553658,390633]
[]
["Substations"]
["MS1",88783]
["MS19",null,null,null,138165]
["MS65",null,null,null,null,null,null,130000]
["other",null,null,53340,120366,43578,217075,115000]
["Sub-Total",{"$f":"SUM(B44:B47)","v":88783},{"$f":"SUM(C44:C47)","v":0},53340,258531,43578,217075,245000]
[]
["New Underground Subdivisions",508996,263747,562718,203362,780762,837318,600000]
[]
["New Underground Lines - Cumberland",null,null,null,271489]
[]
["Underground Distribution Renewal:"]
["Cumberland Avenue feeder",947599]
["Cumberland Avenue 27.6 kV line",81181]
["Ashburnham by the Lake Subdivision",445632]
["Cherryhill Road area",262834,898942]
["Marsdale, Maria, Walker",146308]
["Garside Road area",null,141137]
["Hilltop, Cottonwood, Ashdale, Bayleaf, Stocker, Whitefield",null,null,725876]
["St. Paul's Street/Herbert Street area",null,null,null,187950]
["George Street Vault Reconstruction",null,null,null,87493]
["University Heights",null,null,null,null,476892,377503]
["Cameron Street/Orpington Road",null,null,null,null,null,148362]
["Stewart Drive",null,null,null,null,null,88865]
["Downtown underground vault rebuild",null,null,null,null,null,null,75000]
["other",168762,null,33631,369438,null,699190,570000]
["Sub-Total",{"$f":"SUM(B55:B68)","v":2052316},{"$f":"SUM(C55:C68)","v":1040079},759507,644881,476892,1313920,645000]
[]
["Overhead Distribution - Customer Demand"]
["Major Bennett Drive",null,null,null,null,null,154169]
["other",105825,240432,188239,192072,102194,83092,0]
["Sub-Total",{"$f":"SUM(B72:B73)","v":105825},{"$f":"SUM(C72:C73)","v":240432},188239,192072,102194,237261,0]
[]
["OH Distribution Lines - Customer Demand"]
["Line extension to new YMCA - Aylmer Street",201753]
["Line extension to new subdivision - Maria St.",95257]
["George Street/Argyle Street",null,null,158793]
["Carnegie Avenue",null,null,null,184483]
["Cumberland Avenue",null,null,null,167157]
["Heritage Trail",null,null,null,80354]
["other",213181,298296,127917,152176,null,351099,225000]
["Sub-Total",{"$f":"SUM(B77:B83)","v":510191},{"$f":"SUM(C77:C83)","v":298296},286710,584170,0,351099,225000]
[]
["Relocations requested by Municipality"]
["Highway 7/Highway 115 intersection",null,null,341986]
["Lansdowne Street/Borden Avenue",null,null,null,243340]
["Borden Avenue/Erskine Avenue",null,null,null,211350]
["Romaine Street",null,null,null,116467]
["Lansdowne Street West",null,null,null,null,1210702]
["Water Street North",null,null,null,null,183199]
["Hilliard Street/Towerhill Road",null,null,null,null,182913]
["Peterborough Regional Health Centre",null,null,null,null,null,87175]
["Parkhill Road West",null,null,null,null,null,null,242000]
["Parkhill Road/Brealey Drive",null,null,null,null,null,null,361000]
["Chemong Road",null,null,null,null,null,null,90000]
["other",168012,null,null,12013,39675,221620,109500]
["Sub-Total",{"$f":"SUM(B87:B98)","v":168012},{"$f":"SUM(C87:C98)","v":0},341986,583170,1616489,308795,802500]
[]
["Services"]
["Overhead Services",249665,280957,129046,282403,219312,554465,320000]
["Overhead Services - Sherwood Drive",null,null,null,null,null,93989]
["Underground Services - Primary",373106,391578,263976,218379,506545,560378,455000]
["Underground Services - Secondary",null,222475,147884,81148,200161,448712,220000]
["Underground Services - Residential",323392,332151,270942,332199,267422,17017,221000]
["600V service upgrades",null,null,null,null,204349,128943]
["Sub-Total",{"$f":"SUM(B102:B107)","v":946163},{"$f":"SUM(C102:C107)","v":1227161},811848,914129,1397789,1803504,1216000]
[]
["Transformers",163769,228183,357224,639091,136884,201313,130000]
[]
["Meters",159914,78634,402177,155039,379911,274969,205000]
[]
["Generation Connection"]
["Trent Rapids Power ",null,null,null,595310]
["Trent University",null,null,null,null,null,85000,75000]
["other",null,null,null,null,null,13314,10000]
["Sub-Total",{"$f":"SUM(B115:B117)","v":0},{"$f":"SUM(C115:C117)","v":0},0,595310,0,98314,85000]
[]
["MDMR Integration",null,null,null,null,null,625000]
["Load Control",null,null,null,null,null,5000]
["Miscellaneous",216086,40273,117500,42577,181795,0,0]
[]
["Contributions and Grants",-738434,-555079,-900355,-1448545,-1410810,-1319000,-1180000]
[]
[]
["Total",{"$f":"B35+B37+B39+B41+B48+B50+B52+B69+B74+B84+B99+B108+B110+B112+B118+B120+B121+B122+B124","v":5370207},{"$f":"C35+C37+C39+C41+C48+C50+C52+C69+C74+C84+C99+C108+C110+C112+C118+C120+C121+C122+C124","v":3548041},3557591,5346430,4857254,6846019,4585500]
[]
[]
["Notes:"]
[]
["1   Please provide a breakdown of the major components of each capital project.  Please ensure that all projects below the materiality threshold are included in the miscellaneous line.  Add more projects as required."]
[]
["2   Amounts should be reported on a MIFRS basis for the adoption year and any subsequent years, only."]

{"sheet":"App.2-B_Fixed Asset Conti 2009","index":3,"n_rows":72,"n_cols":14,"rows_kept":72,"cut":false,"hidden":false,"merged":[[9,0,9,13],[8,0,8,13],[63,1,64,13],[69,1,69,13],[13,4,13,7],[66,1,67,13]]}
[null,null,null,null,null,null,null,null,null,null,null,null,"File Number:",{"$f":"'LDC Info'!$E$18","v":"EB-2012-0160"}]
[null,null,null,null,null,null,null,null,null,null,null,null,"Exhibit:",2]
[null,null,null,null,null,null,null,null,null,null,null,null,"Tab:",2]
[null,null,null,null,null,null,null,null,null,null,null,null,"Schedule:",1]
[null,null,null,null,null,null,null,null,null,null,null,null,"Page:","2-21"]
[]
[null,null,null,null,null,null,null,null,null,null,null,null,"Date:"]
[]
["Appendix 2-B"]
["Fixed Asset Continuity Schedule"]
[]
[null,null,null,null,null,"Year ",2009]
[]
[null,null,null,null,"Cost",null,null,null,null,null,"Accumulated Depreciation"]
["CCA Class","OEB","Description","Depreciation Rate","Opening Balance","Additions","Disposals","Closing Balance",null,"Opening Balance","Additions","Disposals","Closing Balance","Net Book Value"]
[12,1611,"Computer Software (Formally known as Account 1925)",null,57747,null,null,{"$f":"E16+F16+G16","v":57747},null,-57747,null,null,{"$f":"J16+K16+L16","v":-57747},{"$f":"H16+M16","v":0}]
["CEC",1612,"Land Rights (Formally known as Account 1906)",null,null,null,null,{"$f":"E17+F17+G17","v":0},null,null,null,null,{"$f":"J17+K17+L17","v":0},{"$f":"H17+M17","v":0}]
["N/A",1805,"Land",null,134968,null,null,{"$f":"E18+F18+G18","v":134968},null,null,null,null,{"$f":"J18+K18+L18","v":0},{"$f":"H18+M18","v":134968}]
[47,1808,"Buildings",null,296412,null,null,{"$f":"E19+F19+G19","v":296412},null,-45530,-7802,null,{"$f":"J19+K19+L19","v":-53332},{"$f":"H19+M19","v":243080}]
[13,1810,"Leasehold Improvements",null,null,null,null,0,null,null,null,null,0,0]
[47,1815,"Transformer Station Equipment >50 kV",null,null,null,null,0,null,null,null,null,0,0]
[47,1820,"Distribution Station Equipment <50 kV",null,{"$f":"2004278+1254927","v":3259205},53340,null,3312545,null,{"$f":"-563485-206684","v":-770169},{"$f":"-74751-50197","v":-124948},null,-895117,2417428]
[47,1825,"Storage Battery Equipment",null,null,null,null,0,null,null,null,null,0,0]
[47,1830,"Poles, Towers & Fixtures",null,19274297,580780,null,19855077,null,-7123608,-910080,null,-8033688,11821389]
[47,1835,"Overhead Conductors & Devices",null,6132245,633295,null,6765540,null,-1309088,-259986,null,-1569074,5196466]
[47,1840,"Underground Conduit",null,12905907,581864,null,13487771,null,-3901929,-553183,null,-4455112,9032659]
[47,1845,"Underground Conductors & Devices",null,3630276,592675,null,4222951,null,-353067,-107948,null,-461015,3761936]
[47,1850,"Line Transformers",null,15008971,{"$f":"1544023-546539","v":997484},{"$f":"-584400+546539","v":-37861},15968594,null,-5242714,{"$f":"-813482+118110+33999","v":-661373},0,-5904087,10064507]
[47,1855,"Services (Overhead & Underground)",null,11072442,616331,null,11688773,null,-2600764,-360660,null,-2961424,8727349]
[47,1860,"Meters",null,{"$f":"4289898-1254927","v":3034971},402177,-1679841,1757307,null,{"$f":"-1461962+206684","v":-1255278},{"$f":"-107208+50197","v":-57011},737749,-574540,1182767]
[47,1860,"Meters (Smart Meters)",null,null,null,null,0,null,null,null,null,0,0]
["N/A",1905,"Land",null,null,null,null,0,null,null,null,null,0,0]
[47,1908,"Buildings & Fixtures",null,null,null,null,0,null,null,null,null,0,0]
[13,1910,"Leasehold Improvements",null,null,null,null,0,null,null,null,null,0,0]
[8,1915,"Office Furniture & Equipment (10 years)",null,null,null,null,0,null,null,null,null,0,0]
[8,1915,"Office Furniture & Equipment (5 years)",null,null,null,null,0,null,null,null,null,0,0]
[10,1920,"Computer Equipment - Hardware",null,null,null,null,0,null,null,null,null,0,0]
[45,1920,"Computer Equip.-Hardware(Post Mar. 22/04)",null,null,null,null,0,null,null,null,null,0,0]
[45.1,1920,"Computer Equip.-Hardware(Post Mar. 19/07)",null,null,null,null,0,null,null,null,null,0,0]
[10,1930,"Transportation Equipment",null,null,null,null,0,null,null,null,null,0,0]
[8,1935,"Stores Equipment",null,null,null,null,0,null,null,null,null,0,0]
[8,1940,"Tools, Shop & Garage Equipment",null,null,null,null,0,null,null,null,null,0,0]
[8,1945,"Measurement & Testing Equipment",null,null,null,null,0,null,null,null,null,0,0]
[8,1950,"Power Operated Equipment",null,null,null,null,0,null,null,null,null,0,0]
[8,1955,"Communications Equipment",null,null,null,null,0,null,null,null,null,0,0]
[8,1955,"Communication Equipment (Smart Meters)",null,null,null,null,0,null,null,null,null,0,0]
[8,1960,"Miscellaneous Equipment ",null,82385,null,null,82385,null,-49431,-16477,null,-65908,16477]
[null,1970,"Load Management Controls Customer Premises",null,1633219,null,null,{"$f":"E48+F48+G48","v":1633219},null,-1373891,-163322,null,{"$f":"J48+K48+L48","v":-1537213},{"$f":"H48+M48","v":96006}]
[47,1975,"Load Management Controls Utility Premises",null,null,null,null,0,null,null,null,null,0,0]
[47,1980,"System Supervisor Equipment",null,null,null,null,0,null,null,null,null,0,0]
[47,1985,"Miscellaneous Fixed Assets",null,null,null,null,0,null,null,null,null,0,0]
[47,1995,"Contributions & Grants",null,-8184401,-900355,null,-9084756,null,null,null,null,0,-9084756]
[null,null,"Sub-total",null,{"$f":"SUM(E16:E52)","v":68338644},{"$f":"SUM(F16:F52)","v":3557591},-1717702,70178533,null,{"$f":"SUM(J16:J52)","v":-24083216},{"$f":"SUM(K16:K52)","v":-3222790},{"$f":"SUM(L16:L52)","v":737749},-26568257,43610276]
[null,2055,"Contract work in progress-electric",null,2405424,6842616,-4457946,4790094,null,null,null,null,{"$f":"J54+K54+L54","v":0},{"$f":"H54+M54","v":4790094}]
[null,null,"Total",null,{"$f":"E53+E54","v":70744068},{"$f":"F53+F54","v":10400207},-6175648,74968627,null,{"$f":"J53+J54","v":-24083216},{"$f":"K53+K54","v":-3222790},{"$f":"L53+L54","v":737749},{"$f":"M53+M54","v":-26568257},{"$f":"N53+N54","v":48400370}]
[]
[null,null,null,null,null,null,null,null,null,"Less: Fully Allocated Depreciation"]
[10,null,"Transportation",null,null,null,null,null,null,"Transportation"]
[8,null,"Stores Equipment",null,null,null,null,null,null,"Stores Equipment"]
[null,null,null,null,null,null,null,null,null,"Net Depreciation",null,{"$f":"K55+SUM(L58:L59)","v":-3222790}]
[]
["Notes:"]
[]
[1,"Tables in the format outlined above covering all fixed asset accounts should be submitted for the Test Year, Bridge Year and all relevant historical years.  At a minimum , the applicant must provide data for the earlier of: 1) all historical years back to its last rebasing; or 2) at least three years of historical actuals, in addition to Bridge Year and Test Year forecasts."]
[]
[]
[2,"The \"CCA Class\" for fixed assets should agree with the CCA Class used for tax purposes in Tax Returns. Fixed Assets sub-components may be used where the underlying asset components are classified under multiple CCA Classes for tax purposes. If an applicant uses any different classes from those shown in the table, an explanation should be provided. (also see note 3 below)."]
[]
[]
[3,"The table may need to be customized for a utility's asset categories or for any new asset accounts announced or authorized by the Board."]
[]
[4,"The depreciation column (D) is not required as the relevant information will be provided in the following 2-C series of appendices."]

{"sheet":"App.2-B_Fixed Asset Conti 2010","index":4,"n_rows":72,"n_cols":14,"rows_kept":72,"cut":false,"hidden":false,"merged":[[69,1,69,13],[8,0,8,13],[9,0,9,13],[13,4,13,7],[63,1,64,13],[66,1,67,13]]}
[null,null,null,null,null,null,null,null,null,null,null,null,"File Number:",{"$f":"'LDC Info'!$E$18","v":"EB-2012-0160"}]
[null,null,null,null,null,null,null,null,null,null,null,null,"Exhibit:",2]
[null,null,null,null,null,null,null,null,null,null,null,null,"Tab:",2]
[null,null,null,null,null,null,null,null,null,null,null,null,"Schedule:",1]
[null,null,null,null,null,null,null,null,null,null,null,null,"Page:","2-21"]
[]
[null,null,null,null,null,null,null,null,null,null,null,null,"Date:"]
[]
["Appendix 2-B"]
["Fixed Asset Continuity Schedule"]
[]
[null,null,null,null,null,"Year ",2010]
[]
[null,null,null,null,"Cost",null,null,null,null,null,"Accumulated Depreciation"]
["CCA Class","OEB","Description","Depreciation Rate","Opening Balance","Additions","Disposals","Closing Balance",null,"Opening Balance","Additions","Disposals","Closing Balance","Net Book Value"]
[12,1611,"Computer Software (Formally known as Account 1925)",null,{"$f":"'App.2-B_Fixed Asset Conti 2009'!H16","v":57747},null,null,{"$f":"E16+F16+G16","v":57747},null,{"$f":"'App.2-B_Fixed Asset Conti 2009'!M16","v":-57747},null,null,{"$f":"J16+K16+L16","v":-57747},{"$f":"H16+M16","v":0}]
["CEC",1612,"Land Rights (Formally known as Account 1906)",null,{"$f":"'App.2-B_Fixed Asset Conti 2009'!H17","v":0},null,null,{"$f":"E17+F17+G17","v":0},null,{"$f":"'App.2-B_Fixed Asset Conti 2009'!M17","v":0},null,null,{"$f":"J17+K17+L17","v":0},{"$f":"H17+M17","v":0}]
["N/A",1805,"Land",null,{"$f":"'App.2-B_Fixed Asset Conti 2009'!H18","v":134968},null,null,{"$f":"E18+F18+G18","v":134968},null,{"$f":"'App.2-B_Fixed Asset Conti 2009'!M18","v":0},null,null,{"$f":"J18+K18+L18","v":0},{"$f":"H18+M18","v":134968}]
[47,1808,"Buildings",null,{"$f":"'App.2-B_Fixed Asset Conti 2009'!H19","v":296412},115146,null,{"$f":"E19+F19+G19","v":411558},null,{"$f":"'App.2-B_Fixed Asset Conti 2009'!M19","v":-53332},-10105,null,{"$f":"J19+K19+L19","v":-63437},{"$f":"H19+M19","v":348121}]
[13,1810,"Leasehold Improvements",null,{"$f":"'App.2-B_Fixed Asset Conti 2009'!H20","v":0},null,null,0,null,{"$f":"'App.2-B_Fixed Asset Conti 2009'!M20","v":0},null,null,0,0]
[47,1815,"Transformer Station Equipment >50 kV",null,{"$f":"'App.2-B_Fixed Asset Conti 2009'!H21","v":0},null,null,0,null,{"$f":"'App.2-B_Fixed Asset Conti 2009'!M21","v":0},null,null,0,0]
[47,1820,"Distribution Station Equipment <50 kV",null,{"$f":"'App.2-B_Fixed Asset Conti 2009'!H22","v":3312545},143385,null,3455930,null,{"$f":"'App.2-B_Fixed Asset Conti 2009'!M22","v":-895117},{"$f":"-83086-50197","v":-133283},null,-1028400,2427530]
[47,1825,"Storage Battery Equipment",null,{"$f":"'App.2-B_Fixed Asset Conti 2009'!H23","v":0},null,null,0,null,{"$f":"'App.2-B_Fixed Asset Conti 2009'!M23","v":0},null,null,0,0]
[47,1830,"Poles, Towers & Fixtures",null,{"$f":"'App.2-B_Fixed Asset Conti 2009'!H24","v":19855077},1722528,null,21577605,null,{"$f":"'App.2-B_Fixed Asset Conti 2009'!M24","v":-8033688},-941162,null,-8974850,12602755]
[47,1835,"Overhead Conductors & Devices",null,{"$f":"'App.2-B_Fixed Asset Conti 2009'!H25","v":6765540},1153716,null,7919256,null,{"$f":"'App.2-B_Fixed Asset Conti 2009'!M25","v":-1569074},-298718,null,-1867792,6051464]
[47,1840,"Underground Conduit",null,{"$f":"'App.2-B_Fixed Asset Conti 2009'!H26","v":13487771},781958,null,14269729,null,{"$f":"'App.2-B_Fixed Asset Conti 2009'!M26","v":-4455112},-585370,null,-5040482,9229247]
[47,1845,"Underground Conductors & Devices",null,{"$f":"'App.2-B_Fixed Asset Conti 2009'!H27","v":4222951},390979,null,4613930,null,{"$f":"'App.2-B_Fixed Asset Conti 2009'!M27","v":-461015},-124062,null,-585077,4028853]
[47,1850,"Line Transformers",null,{"$f":"'App.2-B_Fixed Asset Conti 2009'!H28","v":15968594},1547126,null,17515720,null,{"$f":"'App.2-B_Fixed Asset Conti 2009'!M28","v":-5904087},-792428,null,-6696515,10819205]
[47,1855,"Services (Overhead & Underground)",null,{"$f":"'App.2-B_Fixed Asset Conti 2009'!H29","v":11688773},785098,null,12473871,null,{"$f":"'App.2-B_Fixed Asset Conti 2009'!M29","v":-2961424},-384371,null,-3345795,9128076]
[47,1860,"Meters",null,{"$f":"'App.2-B_Fixed Asset Conti 2009'!H30","v":1757307},155039,-1380993,531353,null,{"$f":"'App.2-B_Fixed Asset Conti 2009'!M30","v":-574540},{"$f":"-71548+50197","v":-21351},273974,-321917,209436]
[47,1860,"Meters (Smart Meters)",null,{"$f":"'App.2-B_Fixed Asset Conti 2009'!H31","v":0},null,null,0,null,{"$f":"'App.2-B_Fixed Asset Conti 2009'!M31","v":0},null,null,0,0]
["N/A",1905,"Land",null,{"$f":"'App.2-B_Fixed Asset Conti 2009'!H32","v":0},null,null,0,null,{"$f":"'App.2-B_Fixed Asset Conti 2009'!M32","v":0},null,null,0,0]
[47,1908,"Buildings & Fixtures",null,{"$f":"'App.2-B_Fixed Asset Conti 2009'!H33","v":0},null,null,0,null,{"$f":"'App.2-B_Fixed Asset Conti 2009'!M33","v":0},null,null,0,0]
[13,1910,"Leasehold Improvements",null,{"$f":"'App.2-B_Fixed Asset Conti 2009'!H34","v":0},null,null,0,null,{"$f":"'App.2-B_Fixed Asset Conti 2009'!M34","v":0},null,null,0,0]
[8,1915,"Office Furniture & Equipment (10 years)",null,{"$f":"'App.2-B_Fixed Asset Conti 2009'!H35","v":0},null,null,0,null,{"$f":"'App.2-B_Fixed Asset Conti 2009'!M35","v":0},null,null,0,0]
[8,1915,"Office Furniture & Equipment (5 years)",null,{"$f":"'App.2-B_Fixed Asset Conti 2009'!H36","v":0},null,null,0,null,{"$f":"'App.2-B_Fixed Asset Conti 2009'!M36","v":0},null,null,0,0]
[10,1920,"Computer Equipment - Hardware",null,{"$f":"'App.2-B_Fixed Asset Conti 2009'!H37","v":0},null,null,0,null,{"$f":"'App.2-B_Fixed Asset Conti 2009'!M37","v":0},null,null,0,0]
[45,1920,"Computer Equip.-Hardware(Post Mar. 22/04)",null,{"$f":"'App.2-B_Fixed Asset Conti 2009'!H38","v":0},null,null,0,null,{"$f":"'App.2-B_Fixed Asset Conti 2009'!M38","v":0},null,null,0,0]
[45.1,1920,"Computer Equip.-Hardware(Post Mar. 19/07)",null,{"$f":"'App.2-B_Fixed Asset Conti 2009'!H39","v":0},null,null,0,null,{"$f":"'App.2-B_Fixed Asset Conti 2009'!M39","v":0},null,null,0,0]
[10,1930,"Transportation Equipment",null,{"$f":"'App.2-B_Fixed Asset Conti 2009'!H40","v":0},null,null,0,null,{"$f":"'App.2-B_Fixed Asset Conti 2009'!M40","v":0},null,null,0,0]
[8,1935,"Stores Equipment",null,{"$f":"'App.2-B_Fixed Asset Conti 2009'!H41","v":0},null,null,0,null,{"$f":"'App.2-B_Fixed Asset Conti 2009'!M41","v":0},null,null,0,0]
[8,1940,"Tools, Shop & Garage Equipment",null,{"$f":"'App.2-B_Fixed Asset Conti 2009'!H42","v":0},null,null,0,null,{"$f":"'App.2-B_Fixed Asset Conti 2009'!M42","v":0},null,null,0,0]
[8,1945,"Measurement & Testing Equipment",null,{"$f":"'App.2-B_Fixed Asset Conti 2009'!H43","v":0},null,null,0,null,{"$f":"'App.2-B_Fixed Asset Conti 2009'!M43","v":0},null,null,0,0]
[8,1950,"Power Operated Equipment",null,{"$f":"'App.2-B_Fixed Asset Conti 2009'!H44","v":0},null,null,0,null,{"$f":"'App.2-B_Fixed Asset Conti 2009'!M44","v":0},null,null,0,0]
[8,1955,"Communications Equipment",null,{"$f":"'App.2-B_Fixed Asset Conti 2009'!H45","v":0},null,null,0,null,{"$f":"'App.2-B_Fixed Asset Conti 2009'!M45","v":0},null,null,0,0]
[8,1955,"Communication Equipment (Smart Meters)",null,{"$f":"'App.2-B_Fixed Asset Conti 2009'!H46","v":0},null,null,0,null,{"$f":"'App.2-B_Fixed Asset Conti 2009'!M46","v":0},null,null,0,0]
[8,1960,"Miscellaneous Equipment ",null,{"$f":"'App.2-B_Fixed Asset Conti 2009'!H47","v":82385},null,null,82385,null,{"$f":"'App.2-B_Fixed Asset Conti 2009'!M47","v":-65908},-16477,null,-82385,0]
[null,1970,"Load Management Controls Customer Premises",null,{"$f":"'App.2-B_Fixed Asset Conti 2009'!H48","v":1633219},null,null,1633219,null,{"$f":"'App.2-B_Fixed Asset Conti 2009'!M48","v":-1537213},-17841,null,-1555054,78165]
[47,1975,"Load Management Controls Utility Premises",null,{"$f":"'App.2-B_Fixed Asset Conti 2009'!H49","v":0},null,null,0,null,{"$f":"'App.2-B_Fixed Asset Conti 2009'!M49","v":0},null,null,0,0]
[47,1980,"System Supervisor Equipment",null,{"$f":"'App.2-B_Fixed Asset Conti 2009'!H50","v":0},null,null,0,null,{"$f":"'App.2-B_Fixed Asset Conti 2009'!M50","v":0},null,null,0,0]
[47,1985,"Miscellaneous Fixed Assets",null,{"$f":"'App.2-B_Fixed Asset Conti 2009'!H51","v":0},null,null,0,null,{"$f":"'App.2-B_Fixed Asset Conti 2009'!M51","v":0},null,null,0,0]
[47,1995,"Contributions & Grants",null,{"$f":"'App.2-B_Fixed Asset Conti 2009'!H52","v":-9084756},-1448545,null,-10533301,null,{"$f":"'App.2-B_Fixed Asset Conti 2009'!M52","v":0},null,null,0,-10533301]
[null,null,"Sub-total",null,{"$f":"SUM(E16:E52)","v":70178533},{"$f":"SUM(F16:F52)","v":5346430},-1380993,74143970,null,{"$f":"SUM(J16:J52)","v":-26568257},-3325168,273974,-29619451,44524519]
[null,2055,"Contract work in progress-electric",null,{"$f":"'App.2-B_Fixed Asset Conti 2009'!H54","v":4790094},5486295,{"$f":"-6794975","v":-6794975},3481414,null,null,null,null,0,3481414]
[null,null,"Total",null,{"$f":"E53+E54","v":74968627},{"$f":"F53+F54","v":10832725},-8175968,77625384,null,{"$f":"J53+J54","v":-26568257},-3325168,273974,-29619451,48005933]
[]
[null,null,null,null,null,null,null,null,null,"Less: Fully Allocated Depreciation"]
[10,null,"Transportation",null,null,null,null,null,null,"Transportation"]
[8,null,"Stores Equipment",null,null,null,null,null,null,"Stores Equipment"]
[null,null,null,null,null,null,null,null,null,"Net Depreciation",null,{"$f":"K55+SUM(L58:L59)","v":-3325168}]
[]
["Notes:"]
[]
[1,"Tables in the format outlined above covering all fixed asset accounts should be submitted for the Test Year, Bridge Year and all relevant historical years.  At a minimum , the applicant must provide data for the earlier of: 1) all historical years back to its last rebasing; or 2) at least three years of historical actuals, in addition to Bridge Year and Test Year forecasts."]
[]
[]
[2,"The \"CCA Class\" for fixed assets should agree with the CCA Class used for tax purposes in Tax Returns. Fixed Assets sub-components may be used where the underlying asset components are classified under multiple CCA Classes for tax purposes. If an applicant uses any different classes from those shown in the table, an explanation should be provided. (also see note 3 below)."]
[]
[]
[3,"The table may need to be customized for a utility's asset categories or for any new asset accounts announced or authorized by the Board."]
[]
[4,"The depreciation column (D) is not required as the relevant information will be provided in the following 2-C series of appendices."]

{"sheet":"App.2-B_Fixed Asset Conti 2011","index":5,"n_rows":72,"n_cols":14,"rows_kept":72,"cut":false,"hidden":false,"merged":[[69,1,69,13],[8,0,8,13],[9,0,9,13],[13,4,13,7],[63,1,64,13],[66,1,67,13]]}
[null,null,null,null,null,null,null,null,null,null,null,null,"File Number:",{"$f":"'LDC Info'!$E$18","v":"EB-2012-0160"}]
[null,null,null,null,null,null,null,null,null,null,null,null,"Exhibit:",2]
[null,null,null,null,null,null,null,null,null,null,null,null,"Tab:",2]
[null,null,null,null,null,null,null,null,null,null,null,null,"Schedule:",1]
[null,null,null,null,null,null,null,null,null,null,null,null,"Page:","2-21"]
[]
[null,null,null,null,null,null,null,null,null,null,null,null,"Date:"]
[]
["Appendix 2-B"]
["Fixed Asset Continuity Schedule"]
[]
[null,null,null,null,null,"Year ",2011]
[]
[null,null,null,null,"Cost",null,null,null,null,null,"Accumulated Depreciation"]
["CCA Class","OEB","Description","Depreciation Rate","Opening Balance","Additions","Disposals","Closing Balance",null,"Opening Balance","Additions","Disposals","Closing Balance","Net Book Value"]
[12,1611,"Computer Software (Formally known as Account 1925)",null,{"$f":"'App.2-B_Fixed Asset Conti 2010'!H16","v":57747},null,null,{"$f":"E16+F16+G16","v":57747},null,{"$f":"'App.2-B_Fixed Asset Conti 2010'!M16","v":-57747},null,null,{"$f":"J16+K16+L16","v":-57747},{"$f":"H16+M16","v":0}]
["CEC",1612,"Land Rights (Formally known as Account 1906)",null,{"$f":"'App.2-B_Fixed Asset Conti 2010'!H17","v":0},null,null,{"$f":"E17+F17+G17","v":0},null,{"$f":"'App.2-B_Fixed Asset Conti 2010'!M17","v":0},null,null,{"$f":"J17+K17+L17","v":0},{"$f":"H17+M17","v":0}]
["N/A",1805,"Land",null,{"$f":"'App.2-B_Fixed Asset Conti 2010'!H18","v":134968},null,null,{"$f":"E18+F18+G18","v":134968},null,{"$f":"'App.2-B_Fixed Asset Conti 2010'!M18","v":0},null,null,{"$f":"J18+K18+L18","v":0},{"$f":"H18+M18","v":134968}]
[47,1808,"Buildings",null,{"$f":"'App.2-B_Fixed Asset Conti 2010'!H19","v":411558},33257,null,{"$f":"E19+F19+G19","v":444815},null,{"$f":"'App.2-B_Fixed Asset Conti 2010'!M19","v":-63437},-10770,null,{"$f":"J19+K19+L19","v":-74207},{"$f":"H19+M19","v":370608}]
[13,1810,"Leasehold Improvements",null,{"$f":"'App.2-B_Fixed Asset Conti 2010'!H20","v":0},null,null,0,null,{"$f":"'App.2-B_Fixed Asset Conti 2010'!M20","v":0},null,null,0,0]
[47,1815,"Transformer Station Equipment >50 kV",null,{"$f":"'App.2-B_Fixed Asset Conti 2010'!H21","v":0},null,null,0,null,{"$f":"'App.2-B_Fixed Asset Conti 2010'!M21","v":0},null,null,0,0]
[47,1820,"Distribution Station Equipment <50 kV",null,{"$f":"'App.2-B_Fixed Asset Conti 2010'!H22","v":3455930},10321,null,3466251,null,{"$f":"'App.2-B_Fixed Asset Conti 2010'!M22","v":-1028400},{"$f":"-81652-50197","v":-131849},null,-1160249,2306002]
[47,1825,"Storage Battery Equipment",null,{"$f":"'App.2-B_Fixed Asset Conti 2010'!H23","v":0},null,null,0,null,{"$f":"'App.2-B_Fixed Asset Conti 2010'!M23","v":0},null,null,0,0]
[47,1830,"Poles, Towers & Fixtures",null,{"$f":"'App.2-B_Fixed Asset Conti 2010'!H24","v":21577605},1162945,null,22740550,null,{"$f":"'App.2-B_Fixed Asset Conti 2010'!M24","v":-8974850},-980155,null,-9955005,12785545]
[47,1835,"Overhead Conductors & Devices",null,{"$f":"'App.2-B_Fixed Asset Conti 2010'!H25","v":7919256},1246554,null,9165810,null,{"$f":"'App.2-B_Fixed Asset Conti 2010'!M25","v":-1867792},-341743,null,-2209535,6956275]
[47,1840,"Underground Conduit",null,{"$f":"'App.2-B_Fixed Asset Conti 2010'!H26","v":14269729},762011,null,15031740,null,{"$f":"'App.2-B_Fixed Asset Conti 2010'!M26","v":-5040482},-606382,null,-5646864,9384876]
[47,1845,"Underground Conductors & Devices",null,{"$f":"'App.2-B_Fixed Asset Conti 2010'!H27","v":4613930},544162,null,5158092,null,{"$f":"'App.2-B_Fixed Asset Conti 2010'!M27","v":-585077},-134226,null,-719303,4438789]
[47,1850,"Line Transformers",null,{"$f":"'App.2-B_Fixed Asset Conti 2010'!H28","v":17515720},1056375,null,18572095,null,{"$f":"'App.2-B_Fixed Asset Conti 2010'!M28","v":-6696515},{"$f":"-888603+135700","v":-752903},null,-7449418,11122677]
[47,1855,"Services (Overhead & Underground)",null,{"$f":"'App.2-B_Fixed Asset Conti 2010'!H29","v":12473871},1072528,null,13546399,null,{"$f":"'App.2-B_Fixed Asset Conti 2010'!M29","v":-3345795},-414053,null,-3759848,9786551]
[47,1860,"Meters",null,{"$f":"'App.2-B_Fixed Asset Conti 2010'!H30","v":531353},379911,null,911264,null,{"$f":"'App.2-B_Fixed Asset Conti 2010'!M30","v":-321917},{"$f":"-86650+50197","v":-36453},null,-358370,552894]
[47,1860,"Meters (Smart Meters)",null,{"$f":"'App.2-B_Fixed Asset Conti 2010'!H31","v":0},null,null,0,null,{"$f":"'App.2-B_Fixed Asset Conti 2010'!M31","v":0},null,null,0,0]
["N/A",1905,"Land",null,{"$f":"'App.2-B_Fixed Asset Conti 2010'!H32","v":0},null,null,0,null,{"$f":"'App.2-B_Fixed Asset Conti 2010'!M32","v":0},null,null,0,0]
[47,1908,"Buildings & Fixtures",null,{"$f":"'App.2-B_Fixed Asset Conti 2010'!H33","v":0},null,null,0,null,{"$f":"'App.2-B_Fixed Asset Conti 2010'!M33","v":0},null,null,0,0]
[13,1910,"Leasehold Improvements",null,{"$f":"'App.2-B_Fixed Asset Conti 2010'!H34","v":0},null,null,0,null,{"$f":"'App.2-B_Fixed Asset Conti 2010'!M34","v":0},null,null,0,0]
[8,1915,"Office Furniture & Equipment (10 years)",null,{"$f":"'App.2-B_Fixed Asset Conti 2010'!H35","v":0},null,null,0,null,{"$f":"'App.2-B_Fixed Asset Conti 2010'!M35","v":0},null,null,0,0]
[8,1915,"Office Furniture & Equipment (5 years)",null,{"$f":"'App.2-B_Fixed Asset Conti 2010'!H36","v":0},null,null,0,null,{"$f":"'App.2-B_Fixed Asset Conti 2010'!M36","v":0},null,null,0,0]
[10,1920,"Computer Equipment - Hardware",null,{"$f":"'App.2-B_Fixed Asset Conti 2010'!H37","v":0},null,null,0,null,{"$f":"'App.2-B_Fixed Asset Conti 2010'!M37","v":0},null,null,0,0]
[45,1920,"Computer Equip.-Hardware(Post Mar. 22/04)",null,{"$f":"'App.2-B_Fixed Asset Conti 2010'!H38","v":0},null,null,0,null,{"$f":"'App.2-B_Fixed Asset Conti 2010'!M38","v":0},null,null,0,0]
[45.1,1920,"Computer Equip.-Hardware(Post Mar. 19/07)",null,{"$f":"'App.2-B_Fixed Asset Conti 2010'!H39","v":0},null,null,0,null,{"$f":"'App.2-B_Fixed Asset Conti 2010'!M39","v":0},null,null,0,0]
[10,1930,"Transportation Equipment",null,{"$f":"'App.2-B_Fixed Asset Conti 2010'!H40","v":0},null,null,0,null,{"$f":"'App.2-B_Fixed Asset Conti 2010'!M40","v":0},null,null,0,0]
[8,1935,"Stores Equipment",null,{"$f":"'App.2-B_Fixed Asset Conti 2010'!H41","v":0},null,null,0,null,{"$f":"'App.2-B_Fixed Asset Conti 2010'!M41","v":0},null,null,0,0]
[8,1940,"Tools, Shop & Garage Equipment",null,{"$f":"'App.2-B_Fixed Asset Conti 2010'!H42","v":0},null,null,0,null,{"$f":"'App.2-B_Fixed Asset Conti 2010'!M42","v":0},null,null,0,0]
[8,1945,"Measurement & Testing Equipment",null,{"$f":"'App.2-B_Fixed Asset Conti 2010'!H43","v":0},null,null,0,null,{"$f":"'App.2-B_Fixed Asset Conti 2010'!M43","v":0},null,null,0,0]
[8,1950,"Power Operated Equipment",null,{"$f":"'App.2-B_Fixed Asset Conti 2010'!H44","v":0},null,null,0,null,{"$f":"'App.2-B_Fixed Asset Conti 2010'!M44","v":0},null,null,0,0]
[8,1955,"Communications Equipment",null,{"$f":"'App.2-B_Fixed Asset Conti 2010'!H45","v":0},null,null,0,null,{"$f":"'App.2-B_Fixed Asset Conti 2010'!M45","v":0},null,null,0,0]
[8,1955,"Communication Equipment (Smart Meters)",null,{"$f":"'App.2-B_Fixed Asset Conti 2010'!H46","v":0},null,null,0,null,{"$f":"'App.2-B_Fixed Asset Conti 2010'!M46","v":0},null,null,0,0]
[8,1960,"Miscellaneous Equipment ",null,{"$f":"'App.2-B_Fixed Asset Conti 2010'!H47","v":82385},null,null,82385,null,{"$f":"'App.2-B_Fixed Asset Conti 2010'!M47","v":-82385},null,null,-82385,0]
[null,1970,"Load Management Controls Customer Premises",null,{"$f":"'App.2-B_Fixed Asset Conti 2010'!H48","v":1633219},null,null,1633219,null,{"$f":"'App.2-B_Fixed Asset Conti 2010'!M48","v":-1555054},-15927,null,-1570981,62238]
[47,1975,"Load Management Controls Utility Premises",null,{"$f":"'App.2-B_Fixed Asset Conti 2010'!H49","v":0},null,null,0,null,{"$f":"'App.2-B_Fixed Asset Conti 2010'!M49","v":0},null,null,0,0]
[47,1980,"System Supervisor Equipment",null,{"$f":"'App.2-B_Fixed Asset Conti 2010'!H50","v":0},null,null,0,null,{"$f":"'App.2-B_Fixed Asset Conti 2010'!M50","v":0},null,null,0,0]
[47,1985,"Miscellaneous Fixed Assets",null,{"$f":"'App.2-B_Fixed Asset Conti 2010'!H51","v":0},null,null,0,null,{"$f":"'App.2-B_Fixed Asset Conti 2010'!M51","v":0},null,null,0,0]
[47,1995,"Contributions & Grants",null,{"$f":"'App.2-B_Fixed Asset Conti 2010'!H52","v":-10533301},-1410810,null,-11944111,null,{"$f":"'App.2-B_Fixed Asset Conti 2010'!M52","v":0},null,null,0,-11944111]
[null,null,"Sub-total",null,{"$f":"SUM(E16:E52)","v":74143970},{"$f":"SUM(F16:F52)","v":4857254},0,79001224,null,{"$f":"SUM(J16:J52)","v":-29619451},-3424461,0,-33043912,45957312]
[null,2055,"Contract work in progress-electric",null,{"$f":"'App.2-B_Fixed Asset Conti 2010'!H54","v":3481414},6203278,{"$f":"-6268063","v":-6268063},3416629,null,null,null,null,0,3416629]
[null,null,"Total",null,{"$f":"E53+E54","v":77625384},{"$f":"F53+F54","v":11060532},-6268063,82417853,null,{"$f":"J53+J54","v":-29619451},-3424461,0,-33043912,49373941]
[]
[null,null,null,null,null,null,null,null,null,"Less: Fully Allocated Depreciation"]
[null,null,"Transfer Smart Meters from 1555 to Various Accounts",null,null,null,null,{"$f":"451964+5702472+44877","v":6199313},null,"Transfer Smart Meters from 1555",null,null,-1551124]
[]
[null,null,"Revised Closing Balance Forward",null,null,null,null,{"$f":"H55+H58","v":88617166},null,"Revised Closing Balance Forward",null,null,{"$f":"M55+M58","v":-34595036}]
[]
["Notes:"]
[]
[1,"Tables in the format outlined above covering all fixed asset accounts should be submitted for the Test Year, Bridge Year and all relevant historical years.  At a minimum , the applicant must provide data for the earlier of: 1) all historical years back to its last rebasing; or 2) at least three years of historical actuals, in addition to Bridge Year and Test Year forecasts."]
[]
[]
[2,"The \"CCA Class\" for fixed assets should agree with the CCA Class used for tax purposes in Tax Returns. Fixed Assets sub-components may be used where the underlying asset components are classified under multiple CCA Classes for tax purposes. If an applicant uses any different classes from those shown in the table, an explanation should be provided. (also see note 3 below)."]
[]
[]
[3,"The table may need to be customized for a utility's asset categories or for any new asset accounts announced or authorized by the Board."]
[]
[4,"The depreciation column (D) is not required as the relevant information will be provided in the following 2-C series of appendices."]

{"sheet":"App.2-B_F Asset CGAAP 2012","index":6,"n_rows":72,"n_cols":14,"rows_kept":72,"cut":false,"hidden":false,"merged":[[69,1,69,13],[8,0,8,13],[9,0,9,13],[13,4,13,7],[63,1,64,13],[66,1,67,13]]}
[null,null,null,null,null,null,null,null,null,null,null,null,"File Number:",{"$f":"'LDC Info'!$E$18","v":"EB-2012-0160"}]
[null,null,null,null,null,null,null,null,null,null,null,null,"Exhibit:",2]
[null,null,null,null,null,null,null,null,null,null,null,null,"Tab:",2]
[null,null,null,null,null,null,null,null,null,null,null,null,"Schedule:",1]
[null,null,null,null,null,null,null,null,null,null,null,null,"Page:","2-21"]
[]
[null,null,null,null,null,null,null,null,null,null,null,null,"Date:"]
[]
["Appendix 2-B"]
["Fixed Asset Continuity Schedule - CGAAP"]
[]
[null,null,null,null,null,"Year ",2012]
[]
[null,null,null,null,"Cost",null,null,null,null,null,"Accumulated Depreciation"]
["CCA Class","OEB","Description","Depreciation Rate","Opening Balance","Additions","Disposals","Closing Balance",null,"Opening Balance","Additions","Disposals","Closing Balance","Net Book Value"]
[12,1611,"Computer Software (Formally known as Account 1925)",null,{"$f":"'App.2-B_Fixed Asset Conti 2011'!H16+451964","v":509711},{"$f":"175000+450000","v":625000},null,{"$f":"E16+F16+G16","v":1134711},null,{"$f":"'App.2-B_Fixed Asset Conti 2011'!M16-304136","v":-361883},-132893,null,{"$f":"J16+K16+L16","v":-494776},{"$f":"H16+M16","v":639935}]
["CEC",1612,"Land Rights (Formally known as Account 1906)",null,{"$f":"'App.2-B_Fixed Asset Conti 2011'!H17","v":0},null,null,{"$f":"E17+F17+G17","v":0},null,{"$f":"'App.2-B_Fixed Asset Conti 2011'!M17","v":0},null,null,{"$f":"J17+K17+L17","v":0},{"$f":"H17+M17","v":0}]
["N/A",1805,"Land",null,{"$f":"'App.2-B_Fixed Asset Conti 2011'!H18","v":134968},null,null,{"$f":"E18+F18+G18","v":134968},null,{"$f":"'App.2-B_Fixed Asset Conti 2011'!M18","v":0},null,null,{"$f":"J18+K18+L18","v":0},{"$f":"H18+M18","v":134968}]
[47,1808,"Buildings",null,{"$f":"'App.2-B_Fixed Asset Conti 2011'!H19","v":444815},21516,null,{"$f":"E19+F19+G19","v":466331},null,{"$f":"'App.2-B_Fixed Asset Conti 2011'!M19","v":-74207},-11391,null,{"$f":"J19+K19+L19","v":-85598},{"$f":"H19+M19","v":380733}]
[13,1810,"Leasehold Improvements",null,{"$f":"'App.2-B_Fixed Asset Conti 2011'!H20","v":0},null,null,0,null,{"$f":"'App.2-B_Fixed Asset Conti 2011'!M20","v":0},null,null,0,0]
[47,1815,"Transformer Station Equipment >50 kV",null,{"$f":"'App.2-B_Fixed Asset Conti 2011'!H21","v":0},null,null,0,null,{"$f":"'App.2-B_Fixed Asset Conti 2011'!M21","v":0},null,null,0,0]
[47,1820,"Distribution Station Equipment <50 kV",null,{"$f":"'App.2-B_Fixed Asset Conti 2011'!H22","v":3466251},219244,null,3685495,null,{"$f":"'App.2-B_Fixed Asset Conti 2011'!M22","v":-1160249},{"$f":"-86087-50197","v":-136284},null,-1296533,2388962]
[47,1825,"Storage Battery Equipment",null,{"$f":"'App.2-B_Fixed Asset Conti 2011'!H23","v":0},null,null,0,null,{"$f":"'App.2-B_Fixed Asset Conti 2011'!M23","v":0},null,null,0,0]
[47,1830,"Poles, Towers & Fixtures",null,{"$f":"'App.2-B_Fixed Asset Conti 2011'!H24","v":22740550},897108,null,23637658,null,{"$f":"'App.2-B_Fixed Asset Conti 2011'!M24","v":-9955005},-1009762,null,-10964767,12672891]
[47,1835,"Overhead Conductors & Devices",null,{"$f":"'App.2-B_Fixed Asset Conti 2011'!H25","v":9165810},1525501,null,10691311,null,{"$f":"'App.2-B_Fixed Asset Conti 2011'!M25","v":-2209535},-377233,null,-2586768,8104543]
[47,1840,"Underground Conduit",null,{"$f":"'App.2-B_Fixed Asset Conti 2011'!H26","v":15031740},1199801,null,16231541,null,{"$f":"'App.2-B_Fixed Asset Conti 2011'!M26","v":-5646864},{"$f":"-14816-271909-343386","v":-630111},null,-6276975,9954566]
[47,1845,"Underground Conductors & Devices",null,{"$f":"'App.2-B_Fixed Asset Conti 2011'!H27","v":5158092},470913,null,5629005,null,{"$f":"'App.2-B_Fixed Asset Conti 2011'!M27","v":-719303},{"$f":"-140524","v":-140524},null,-859827,4769178]
[47,1850,"Line Transformers",null,{"$f":"'App.2-B_Fixed Asset Conti 2011'!H28","v":18572095},1393682,null,19965777,null,{"$f":"'App.2-B_Fixed Asset Conti 2011'!M28","v":-7449418},-843882,null,-8293300,11672477]
[47,1855,"Services (Overhead & Underground)",null,{"$f":"'App.2-B_Fixed Asset Conti 2011'!H29","v":13546399},{"$f":"630000+884450","v":1514450},null,15060849,null,{"$f":"'App.2-B_Fixed Asset Conti 2011'!M29","v":-3759848},{"$f":"-4571-134159-19989-130591-85706-58316","v":-433332},null,-4193180,10867669]
[47,1860,"Meters",null,{"$f":"'App.2-B_Fixed Asset Conti 2011'!H30","v":911264},292804,null,1204068,null,{"$f":"'App.2-B_Fixed Asset Conti 2011'!M30","v":-358370},-48165,null,-406535,797533]
[47,1860,"Meters (Smart Meters)",null,{"$f":"'App.2-B_Fixed Asset Conti 2011'!H31+5702472","v":5702472},null,null,5702472,null,{"$f":"'App.2-B_Fixed Asset Conti 2011'!M31-1221004","v":-1221004},-380165,null,-1601169,4101303]
["N/A",1905,"Land",null,{"$f":"'App.2-B_Fixed Asset Conti 2011'!H32","v":0},null,null,0,null,{"$f":"'App.2-B_Fixed Asset Conti 2011'!M32","v":0},null,null,0,0]
[47,1908,"Buildings & Fixtures",null,{"$f":"'App.2-B_Fixed Asset Conti 2011'!H33","v":0},null,null,0,null,{"$f":"'App.2-B_Fixed Asset Conti 2011'!M33","v":0},null,null,0,0]
[13,1910,"Leasehold Improvements",null,{"$f":"'App.2-B_Fixed Asset Conti 2011'!H34","v":0},null,null,0,null,{"$f":"'App.2-B_Fixed Asset Conti 2011'!M34","v":0},null,null,0,0]
[8,1915,"Office Furniture & Equipment (10 years)",null,{"$f":"'App.2-B_Fixed Asset Conti 2011'!H35","v":0},null,null,0,null,{"$f":"'App.2-B_Fixed Asset Conti 2011'!M35","v":0},null,null,0,0]
[8,1915,"Office Furniture & Equipment (5 years)",null,{"$f":"'App.2-B_Fixed Asset Conti 2011'!H36","v":0},null,null,0,null,{"$f":"'App.2-B_Fixed Asset Conti 2011'!M36","v":0},null,null,0,0]
[10,1920,"Computer Equipment - Hardware",null,{"$f":"'App.2-B_Fixed Asset Conti 2011'!H37","v":0},null,null,0,null,{"$f":"'App.2-B_Fixed Asset Conti 2011'!M37","v":0},null,null,0,0]
[45,1920,"Computer Equip.-Hardware(Post Mar. 22/04)",null,{"$f":"'App.2-B_Fixed Asset Conti 2011'!H38","v":0},null,null,0,null,{"$f":"'App.2-B_Fixed Asset Conti 2011'!M38","v":0},null,null,0,0]
[45.1,1920,"Computer Equip.-Hardware(Post Mar. 19/07)",null,{"$f":"'App.2-B_Fixed Asset Conti 2011'!H39+44877","v":44877},null,null,44877,null,{"$f":"'App.2-B_Fixed Asset Conti 2011'!M39-25984","v":-25984},-8975,null,-34959,9918]
[10,1930,"Transportation Equipment",null,{"$f":"'App.2-B_Fixed Asset Conti 2011'!H40","v":0},null,null,0,null,{"$f":"'App.2-B_Fixed Asset Conti 2011'!M40","v":0},null,null,0,0]
[8,1935,"Stores Equipment",null,{"$f":"'App.2-B_Fixed Asset Conti 2011'!H41","v":0},null,null,0,null,{"$f":"'App.2-B_Fixed Asset Conti 2011'!M41","v":0},null,null,0,0]
[8,1940,"Tools, Shop & Garage Equipment",null,{"$f":"'App.2-B_Fixed Asset Conti 2011'!H42","v":0},null,null,0,null,{"$f":"'App.2-B_Fixed Asset Conti 2011'!M42","v":0},null,null,0,0]
[8,1945,"Measurement & Testing Equipment",null,{"$f":"'App.2-B_Fixed Asset Conti 2011'!H43","v":0},null,null,0,null,{"$f":"'App.2-B_Fixed Asset Conti 2011'!M43","v":0},null,null,0,0]
[8,1950,"Power Operated Equipment",null,{"$f":"'App.2-B_Fixed Asset Conti 2011'!H44","v":0},null,null,0,null,{"$f":"'App.2-B_Fixed Asset Conti 2011'!M44","v":0},null,null,0,0]
[8,1955,"Communications Equipment",null,{"$f":"'App.2-B_Fixed Asset Conti 2011'!H45","v":0},null,null,0,null,{"$f":"'App.2-B_Fixed Asset Conti 2011'!M45","v":0},null,null,0,0]
[8,1955,"Communication Equipment (Smart Meters)",null,{"$f":"'App.2-B_Fixed Asset Conti 2011'!H46","v":0},null,null,0,null,{"$f":"'App.2-B_Fixed Asset Conti 2011'!M46","v":0},null,null,0,0]
[8,1960,"Miscellaneous Equipment ",null,{"$f":"'App.2-B_Fixed Asset Conti 2011'!H47","v":82385},null,null,82385,null,{"$f":"'App.2-B_Fixed Asset Conti 2011'!M47","v":-82385},null,null,-82385,0]
[null,1970,"Load Management Controls Customer Premises",null,{"$f":"'App.2-B_Fixed Asset Conti 2011'!H48","v":1633219},5000,null,1638219,null,{"$f":"'App.2-B_Fixed Asset Conti 2011'!M48","v":-1570981},-15985,null,-1586966,51253]
[47,1975,"Load Management Controls Utility Premises",null,{"$f":"'App.2-B_Fixed Asset Conti 2011'!H49","v":0},null,null,0,null,{"$f":"'App.2-B_Fixed Asset Conti 2011'!M49","v":0},null,null,0,0]
[47,1980,"System Supervisor Equipment",null,{"$f":"'App.2-B_Fixed Asset Conti 2011'!H50","v":0},null,null,0,null,{"$f":"'App.2-B_Fixed Asset Conti 2011'!M50","v":0},null,null,0,0]
[47,1985,"Miscellaneous Fixed Assets",null,{"$f":"'App.2-B_Fixed Asset Conti 2011'!H51","v":0},null,null,0,null,{"$f":"'App.2-B_Fixed Asset Conti 2011'!M51","v":0},null,null,0,0]
[47,1995,"Contributions & Grants",null,{"$f":"'App.2-B_Fixed Asset Conti 2011'!H52","v":-11944111},-1319000,null,-13263111,null,{"$f":"'App.2-B_Fixed Asset Conti 2011'!M52","v":0},null,null,0,-13263111]
[null,null,"Sub-total",null,{"$f":"SUM(E16:E52)","v":85200537},6846019,0,92046556,null,{"$f":"SUM(J16:J52)","v":-34595036},-4168702,0,-38763738,53282818]
[null,2055,"Contract work in progress-electric",null,{"$f":"'App.2-B_Fixed Asset Conti 2011'!H54","v":3416629},922609,-3416629,922609,null,null,null,null,0,922609]
[null,null,"Total",null,{"$f":"E53+E54","v":88617166},7768628,-3416629,92969165,null,{"$f":"J53+J54","v":-34595036},-4168702,0,-38763738,54205427]
[]
[null,null,null,null,null,null,null,null,null,"Less: Fully Allocated Depreciation"]
[10,null,"Transportation",null,null,null,null,null,null,"Transportation"]
[8,null,"Stores Equipment",null,null,null,null,null,null,"Stores Equipment"]
[null,null,null,null,null,null,null,null,null,"Net Depreciation",null,{"$f":"K55+SUM(L58:L59)","v":-4168702}]
[]
["Notes:"]
[]
[1,"Tables in the format outlined above covering all fixed asset accounts should be submitted for the Test Year, Bridge Year and all relevant historical years.  At a minimum , the applicant must provide data for the earlier of: 1) all historical years back to its last rebasing; or 2) at least three years of historical actuals, in addition to Bridge Year and Test Year forecasts."]
[]
[]
[2,"The \"CCA Class\" for fixed assets should agree with the CCA Class used for tax purposes in Tax Returns. Fixed Assets sub-components may be used where the underlying asset components are classified under multiple CCA Classes for tax purposes. If an applicant uses any different classes from those shown in the table, an explanation should be provided. (also see note 3 below)."]
[]
[]
[3,"The table may need to be customized for a utility's asset categories or for any new asset accounts announced or authorized by the Board."]
[]
[4,"The depreciation column (D) is not required as the relevant information will be provided in the following 2-C series of appendices."]

{"sheet":"App.2-B_F Asset Conti 2013","index":7,"n_rows":70,"n_cols":14,"rows_kept":70,"cut":false,"hidden":false,"merged":[[67,1,67,13],[5,0,5,13],[6,0,6,13],[10,4,10,7],[61,1,62,13],[64,1,65,13]]}
[null,null,null,null,null,null,null,null,null,null,null,null,"File Number:",{"$f":"'LDC Info'!$E$18","v":"EB-2012-0160"}]
[null,null,null,null,null,null,null,null,null,null,null,null,"Exhibit:",2]
[null,null,null,null,null,null,null,null,null,null,null,null,"Tab:",2]
[null,null,null,null,null,null,null,null,null,null,null,null,"Schedule:",1]
[null,null,null,null,null,null,null,null,null,null,null,null,"Page:","2-21"]
["Appendix 2-B"]
["Fixed Asset Continuity Schedule"]
[]
[null,null,null,null,null,"Year ",2013,"CGAAP Kinetrics useful life"]
[]
[null,null,null,null,"Cost",null,null,null,null,null,"Accumulated Depreciation"]
["CCA Class","OEB","Description","Depreciation Rate","Opening Balance","Additions","Disposals","Closing Balance",null,"Opening Balance","Additions","Disposals","Closing Balance","Net Book Value"]
[12,1611,"Computer Software (Formally known as Account 1925)",null,{"$f":"'App.2-B_F Asset CGAAP 2012'!H16","v":1134711},null,null,{"$f":"E13+F13+G13","v":1134711},null,{"$f":"'App.2-B_F Asset CGAAP 2012'!M16","v":-494776},{"$f":"-125000-70393","v":-195393},null,{"$f":"J13+K13+L13","v":-690169},{"$f":"H13+M13","v":444542}]
["CEC",1612,"Land Rights (Formally known as Account 1906)",null,{"$f":"'App.2-B_F Asset CGAAP 2012'!H17","v":0},null,null,{"$f":"E14+F14+G14","v":0},null,{"$f":"'App.2-B_F Asset CGAAP 2012'!M17","v":0},null,null,{"$f":"J14+K14+L14","v":0},{"$f":"H14+M14","v":0}]
["N/A",1805,"Land",null,{"$f":"'App.2-B_F Asset CGAAP 2012'!H18","v":134968},130000,null,{"$f":"E15+F15+G15","v":264968},null,{"$f":"'App.2-B_F Asset CGAAP 2012'!M18","v":0},null,null,{"$f":"J15+K15+L15","v":0},{"$f":"H15+M15","v":264968}]
[47,1808,"Buildings",null,{"$f":"'App.2-B_F Asset CGAAP 2012'!H19","v":466331},40000,null,{"$f":"E16+F16+G16","v":506331},null,{"$f":"'App.2-B_F Asset CGAAP 2012'!M19","v":-85598},-9482,null,{"$f":"J16+K16+L16","v":-95080},{"$f":"H16+M16","v":411251}]
[13,1810,"Leasehold Improvements",null,{"$f":"'App.2-B_F Asset CGAAP 2012'!H20","v":0},null,null,0,null,{"$f":"'App.2-B_F Asset CGAAP 2012'!M20","v":0},null,null,0,0]
[47,1815,"Transformer Station Equipment >50 kV",null,{"$f":"'App.2-B_F Asset CGAAP 2012'!H21","v":0},null,null,0,null,{"$f":"'App.2-B_F Asset CGAAP 2012'!M21","v":0},null,null,0,0]
[47,1820,"Distribution Station Equipment <50 kV",null,{"$f":"'App.2-B_F Asset CGAAP 2012'!H22","v":3685495},75000,null,3760495,null,{"$f":"'App.2-B_F Asset CGAAP 2012'!M22","v":-1296533},-142806,null,-1439339,2321156]
[47,1825,"Storage Battery Equipment",null,{"$f":"'App.2-B_F Asset CGAAP 2012'!H23","v":0},null,null,0,null,{"$f":"'App.2-B_F Asset CGAAP 2012'!M23","v":0},null,null,0,0]
[47,1830,"Poles, Towers & Fixtures",null,{"$f":"'App.2-B_F Asset CGAAP 2012'!H24","v":23637658},{"$f":"229515+535535","v":765050},null,24402708,null,{"$f":"'App.2-B_F Asset CGAAP 2012'!M24","v":-10964767},-543558,null,-11508325,12894383]
[47,1835,"Overhead Conductors & Devices",null,{"$f":"'App.2-B_F Asset CGAAP 2012'!H25","v":10691311},{"$f":"434070+166950+1001700+66780","v":1669500},null,12360811,null,{"$f":"'App.2-B_F Asset CGAAP 2012'!M25","v":-2586768},-206478,null,-2793246,9567565]
[47,1840,"Underground Conduit",null,{"$f":"'App.2-B_F Asset CGAAP 2012'!H26","v":16231541},{"$f":"193812+37512+112536+112536+168804","v":625200},null,16856741,null,{"$f":"'App.2-B_F Asset CGAAP 2012'!M26","v":-6276975},-329225,null,-6606200,10250541]
[47,1845,"Underground Conductors & Devices",null,{"$f":"'App.2-B_F Asset CGAAP 2012'!H27","v":5629005},{"$f":"80640+161280+10080","v":252000},null,5881005,null,{"$f":"'App.2-B_F Asset CGAAP 2012'!M27","v":-859827},-94941,null,-954768,4926237]
[47,1850,"Line Transformers",null,{"$f":"'App.2-B_F Asset CGAAP 2012'!H28","v":19965777},969750,null,20935527,null,{"$f":"'App.2-B_F Asset CGAAP 2012'!M28","v":-8293300},-485443,null,-8778743,12156784]
[47,1855,"Services (Overhead & Underground)",null,{"$f":"'App.2-B_F Asset CGAAP 2012'!H29","v":15060849},{"$f":"330000+704000","v":1034000},null,16094849,null,{"$f":"'App.2-B_F Asset CGAAP 2012'!M29","v":-4193180},-224042,null,-4417222,11677627]
[47,1860,"Meters",null,{"$f":"'App.2-B_F Asset CGAAP 2012'!H30","v":1204068},205000,null,1409068,null,{"$f":"'App.2-B_F Asset CGAAP 2012'!M30","v":-406535},-51797,null,-458332,950736]
[47,1860,"Meters (Smart Meters)",null,{"$f":"'App.2-B_F Asset CGAAP 2012'!H31","v":5702472},null,null,5702472,null,{"$f":"'App.2-B_F Asset CGAAP 2012'!M31","v":-1601169},-380163,null,-1981332,3721140]
["N/A",1905,"Land",null,{"$f":"'App.2-B_F Asset CGAAP 2012'!H32","v":0},null,null,0,null,{"$f":"'App.2-B_F Asset CGAAP 2012'!M32","v":0},null,null,0,0]
[47,1908,"Buildings & Fixtures",null,{"$f":"'App.2-B_F Asset CGAAP 2012'!H33","v":0},null,null,0,null,{"$f":"'App.2-B_F Asset CGAAP 2012'!M33","v":0},null,null,0,0]
[13,1910,"Leasehold Improvements",null,{"$f":"'App.2-B_F Asset CGAAP 2012'!H34","v":0},null,null,0,null,{"$f":"'App.2-B_F Asset CGAAP 2012'!M34","v":0},null,null,0,0]
[8,1915,"Office Furniture & Equipment (10 years)",null,{"$f":"'App.2-B_F Asset CGAAP 2012'!H35","v":0},null,null,0,null,{"$f":"'App.2-B_F Asset CGAAP 2012'!M35","v":0},null,null,0,0]
[8,1915,"Office Furniture & Equipment (5 years)",null,{"$f":"'App.2-B_F Asset CGAAP 2012'!H36","v":0},null,null,0,null,{"$f":"'App.2-B_F Asset CGAAP 2012'!M36","v":0},null,null,0,0]
[10,1920,"Computer Equipment - Hardware",null,{"$f":"'App.2-B_F Asset CGAAP 2012'!H37","v":0},null,null,0,null,{"$f":"'App.2-B_F Asset CGAAP 2012'!M37","v":0},null,null,0,0]
[45,1920,"Computer Equip.-Hardware(Post Mar. 22/04)",null,{"$f":"'App.2-B_F Asset CGAAP 2012'!H38","v":0},null,null,0,null,{"$f":"'App.2-B_F Asset CGAAP 2012'!M38","v":0},null,null,0,0]
[45.1,1920,"Computer Equip.-Hardware(Post Mar. 19/07)",null,{"$f":"'App.2-B_F Asset CGAAP 2012'!H39","v":44877},null,null,44877,null,{"$f":"'App.2-B_F Asset CGAAP 2012'!M39","v":-34959},-6735,null,-41694,3183]
[10,1930,"Transportation Equipment",null,{"$f":"'App.2-B_F Asset CGAAP 2012'!H40","v":0},null,null,0,null,{"$f":"'App.2-B_F Asset CGAAP 2012'!M40","v":0},null,null,0,0]
[8,1935,"Stores Equipment",null,{"$f":"'App.2-B_F Asset CGAAP 2012'!H41","v":0},null,null,0,null,{"$f":"'App.2-B_F Asset CGAAP 2012'!M41","v":0},null,null,0,0]
[8,1940,"Tools, Shop & Garage Equipment",null,{"$f":"'App.2-B_F Asset CGAAP 2012'!H42","v":0},null,null,0,null,{"$f":"'App.2-B_F Asset CGAAP 2012'!M42","v":0},null,null,0,0]
[8,1945,"Measurement & Testing Equipment",null,{"$f":"'App.2-B_F Asset CGAAP 2012'!H43","v":0},null,null,0,null,{"$f":"'App.2-B_F Asset CGAAP 2012'!M43","v":0},null,null,0,0]
[8,1950,"Power Operated Equipment",null,{"$f":"'App.2-B_F Asset CGAAP 2012'!H44","v":0},null,null,0,null,{"$f":"'App.2-B_F Asset CGAAP 2012'!M44","v":0},null,null,0,0]
[8,1955,"Communications Equipment",null,{"$f":"'App.2-B_F Asset CGAAP 2012'!H45","v":0},null,null,0,null,{"$f":"'App.2-B_F Asset CGAAP 2012'!M45","v":0},null,null,0,0]
[8,1955,"Communication Equipment (Smart Meters)",null,{"$f":"'App.2-B_F Asset CGAAP 2012'!H46","v":0},null,null,0,null,{"$f":"'App.2-B_F Asset CGAAP 2012'!M46","v":0},null,null,0,0]
[8,1960,"Miscellaneous Equipment ",null,{"$f":"'App.2-B_F Asset CGAAP 2012'!H47","v":82385},null,null,82385,null,{"$f":"'App.2-B_F Asset CGAAP 2012'!M47","v":-82385},null,null,-82385,0]
[null,1970,"Load Management Controls Customer Premises",null,{"$f":"'App.2-B_F Asset CGAAP 2012'!H48","v":1638219},null,null,1638219,null,{"$f":"'App.2-B_F Asset CGAAP 2012'!M48","v":-1586966},-3793,null,-1590759,47460]
[47,1975,"Load Management Controls Utility Premises",null,{"$f":"'App.2-B_F Asset CGAAP 2012'!H49","v":0},null,null,0,null,{"$f":"'App.2-B_F Asset CGAAP 2012'!M49","v":0},null,null,0,0]
[47,1980,"System Supervisor Equipment",null,{"$f":"'App.2-B_F Asset CGAAP 2012'!H50","v":0},null,null,0,null,{"$f":"'App.2-B_F Asset CGAAP 2012'!M50","v":0},null,null,0,0]
[47,1985,"Miscellaneous Fixed Assets",null,{"$f":"'App.2-B_F Asset CGAAP 2012'!H51","v":0},null,null,0,null,{"$f":"'App.2-B_F Asset CGAAP 2012'!M51","v":0},null,null,0,0]
[47,1995,"Contributions & Grants",null,{"$f":"'App.2-B_F Asset CGAAP 2012'!H52","v":-13263111},-1180000,null,-14443111,null,{"$f":"'App.2-B_F Asset CGAAP 2012'!M52","v":0},null,null,0,-14443111]
[null,null,"Sub-total",null,{"$f":"SUM(E13:E49)","v":92046556},4585500,0,96632056,null,{"$f":"'App.2-B_F Asset CGAAP 2012'!M53","v":-38763738},{"$f":"SUM(K13:K49)","v":-2673856},0,-41437594,55194462]
[null,2055,"Contract work in progress-electric",null,{"$f":"'App.2-B_F Asset CGAAP 2012'!H54","v":922609},1271000,-787609,1406000,null,null,null,null,0,1406000]
[null,null,"Total",null,{"$f":"E50+E51","v":92969165},5856500,-787609,98038056,null,{"$f":"J50+J51","v":-38763738},-2673856,0,-41437594,56600462]
[]
[null,null,null,null,null,null,null,null,null,"Less: Fully Allocated Depreciation"]
[10,null,"Transportation",null,null,null,null,null,null,"Transportation"]
[8,null,"Stores Equipment",null,null,null,null,null,null,"Stores Equipment"]
[null,null,null,null,null,null,null,null,null,"Deferred PP&E"]
[null,null,null,null,null,null,null,null,null,"Net Depreciation",null,{"$f":"K52-L55-L57","v":-2673856}]
[]
["Notes:"]
[]
[1,"Tables in the format outlined above covering all fixed asset accounts should be submitted for the Test Year, Bridge Year and all relevant historical years.  At a minimum , the applicant must provide data for the earlier of: 1) all historical years back to its last rebasing; or 2) at least three years of historical actuals, in addition to Bridge Year and Test Year forecasts."]
[]
[]
[2,"The \"CCA Class\" for fixed assets should agree with the CCA Class used for tax purposes in Tax Returns. Fixed Assets sub-components may be used where the underlying asset components are classified under multiple CCA Classes for tax purposes. If an applicant uses any different classes from those shown in the table, an explanation should be provided. (also see note 3 below)."]
[]
[]
[3,"The table may need to be customized for a utility's asset categories or for any new asset accounts announced or authorized by the Board."]
[]
[4,"The depreciation column (D) is not required as the relevant information will be provided in the following 2-C series of appendices."]

{"sheet":"App.2-CE_CGAAP_DepExp_2011","index":8,"n_rows":57,"n_cols":13,"rows_kept":57,"cut":false,"hidden":false,"merged":[[56,2,58,12],[6,1,6,12],[5,1,5,12],[55,2,55,12],[54,2,54,12],[10,1,11,1],[10,2,11,2],[10,11,11,11],[7,1,7,12]]}
[null,null,null,null,null,null,null,null,null,null,null,"File Number:",{"$f":"'LDC Info'!$E$18","v":"EB-2012-0160"}]
[null,null,null,null,null,null,null,null,null,null,null,"Exhibit:",4]
[null,null,null,null,null,null,null,null,null,null,null,"Tab:",2]
[null,null,null,null,null,null,null,null,null,null,null,"Schedule:",7]
[null,null,null,null,null,null,null,null,null,null,null,"Page:","2-21"]
[null,"Appendix 2-CE"]
[null,"Depreciation and Amortization Expense"]
[]
[null,null,null,"Year",2011,"CGAAP"]
[]
[null,"Account","Description","Opening Regulatory Gross PP&E as at Jan 1, 2011","Less Fully Depreciated","Net for Depreciation","Additions","Total for Depreciation","Years","Depn Rate","2011 Depreciation Expense","2011 Depreciation Expense per Appendix 2-B Fixed Assets, Column K\n (l)","Variance 2"]
[null,null,null,"(a)","(b)","(c)","(d)","(e) = (c) + ½ x (d) 1","(f)","(g) = 1 / (f)","(h) = (e) / (f)",null,"(m) = (h) - (l)"]
[null,1611,"Computer Software (Formally known as Account 1925)",{"$f":"'App.2-B_Fixed Asset Conti 2011'!E16","v":57747},57747,{"$f":"D13-E13","v":0},{"$f":"'App.2-B_Fixed Asset Conti 2011'!F16","v":0},{"$f":"F13+0.5*G13","v":0},null,{"$f":"IF(I13=0,\"\",1/I13)","v":""},{"$f":"IF(I13=0,0,H13/I13)*-1","v":0},{"$f":"'App.2-B_Fixed Asset Conti 2011'!K16","v":0},{"$f":"IF(ISERROR(+K13-L13), \"\", +K13-L13)","v":0}]
[null,1612,"Land Rights (Formally known as Account 1906)",{"$f":"'App.2-B_Fixed Asset Conti 2011'!E17","v":0},null,{"$f":"D14-E14","v":0},{"$f":"'App.2-B_Fixed Asset Conti 2011'!F17","v":0},{"$f":"F14+0.5*G14","v":0},null,"",0,{"$f":"'App.2-B_Fixed Asset Conti 2011'!K17","v":0},{"$f":"IF(ISERROR(+K14-L14), \"\", +K14-L14)","v":0}]
[null,1805,"Land",{"$f":"'App.2-B_Fixed Asset Conti 2011'!E18","v":134968},null,134968,{"$f":"'App.2-B_Fixed Asset Conti 2011'!F18","v":0},134968,null,"",{"$f":"IF(I15=0,0,H15/I15)*-1","v":0},{"$f":"'App.2-B_Fixed Asset Conti 2011'!K18","v":0},0]
[null,1808,"Buildings",{"$f":"'App.2-B_Fixed Asset Conti 2011'!E19","v":411558},null,411558,{"$f":"'App.2-B_Fixed Asset Conti 2011'!F19","v":33257},428186.5,50,0.02,{"$f":"IF(I16=0,0,H16/I16)*-1","v":-8563.73},{"$f":"'App.2-B_Fixed Asset Conti 2011'!K19","v":-10770},2206.2700000000004]
[null,1810,"Leasehold Improvements",{"$f":"'App.2-B_Fixed Asset Conti 2011'!E20","v":0},null,0,{"$f":"'App.2-B_Fixed Asset Conti 2011'!F20","v":0},0,{"$f":"IF(H17=0,0,H17/L17)*-1","v":0},"",{"$f":"IF(I17=0,0,H17/I17)*-1","v":0},{"$f":"'App.2-B_Fixed Asset Conti 2011'!K20","v":0},0]
[null,1815,"Transformer Station Equipment >50 kV",{"$f":"'App.2-B_Fixed Asset Conti 2011'!E21","v":0},null,0,{"$f":"'App.2-B_Fixed Asset Conti 2011'!F21","v":0},0,0,"",0,{"$f":"'App.2-B_Fixed Asset Conti 2011'!K21","v":0},0]
[null,1820,"Distribution Station Equipment <50 kV",{"$f":"'App.2-B_Fixed Asset Conti 2011'!E22","v":3455930},null,3455930,{"$f":"'App.2-B_Fixed Asset Conti 2011'!F22","v":10321},3461090.5,30,3.3333333333333333E-2,{"$f":"IF(I19=0,0,H19/I19)*-1","v":-115369.68333333333},{"$f":"'App.2-B_Fixed Asset Conti 2011'!K22","v":-131849},16479.316666666666]
[null,1825,"Storage Battery Equipment",{"$f":"'App.2-B_Fixed Asset Conti 2011'!E23","v":0},null,0,{"$f":"'App.2-B_Fixed Asset Conti 2011'!F23","v":0},0,0,"",0,{"$f":"'App.2-B_Fixed Asset Conti 2011'!K23","v":0},0]
[null,1830,"Poles, Towers & Fixtures",{"$f":"'App.2-B_Fixed Asset Conti 2011'!E24","v":21577605},null,21577605,{"$f":"'App.2-B_Fixed Asset Conti 2011'!F24","v":1162945},22159077.5,23.2,4.3103448275862072E-2,{"$f":"IF(I21=0,0,H21/I21)*-1","v":-955132.65086206899},{"$f":"'App.2-B_Fixed Asset Conti 2011'!K24","v":-980155},25022.349137931014]
[null,1835,"Overhead Conductors & Devices",{"$f":"'App.2-B_Fixed Asset Conti 2011'!E25","v":7919256},null,7919256,{"$f":"'App.2-B_Fixed Asset Conti 2011'!F25","v":1246554},8542533,25,0.04,-341701.32,{"$f":"'App.2-B_Fixed Asset Conti 2011'!K25","v":-341743},41.679999999993015]
[null,1840,"Underground Conduit",{"$f":"'App.2-B_Fixed Asset Conti 2011'!E26","v":14269729},null,14269729,{"$f":"'App.2-B_Fixed Asset Conti 2011'!F26","v":762011},14650734.5,25,0.04,-586029.38,{"$f":"'App.2-B_Fixed Asset Conti 2011'!K26","v":-606382},20352.619999999995]
[null,1845,"Underground Conductors & Devices",{"$f":"'App.2-B_Fixed Asset Conti 2011'!E27","v":4613930},null,4613930,{"$f":"'App.2-B_Fixed Asset Conti 2011'!F27","v":544162},4886011,25,0.04,-195440.44,{"$f":"'App.2-B_Fixed Asset Conti 2011'!K27","v":-134226},-61214.44]
[null,1850,"Line Transformers",{"$f":"'App.2-B_Fixed Asset Conti 2011'!E28","v":17515720},null,17515720,{"$f":"'App.2-B_Fixed Asset Conti 2011'!F28","v":1056375},18043907.5,23.5,4.2553191489361701E-2,-767825.85106382973,{"$f":"'App.2-B_Fixed Asset Conti 2011'!K28","v":-752903},-14922.85106382973]
[null,1855,"Services (Overhead & Underground)",{"$f":"'App.2-B_Fixed Asset Conti 2011'!E29","v":12473871},null,12473871,{"$f":"'App.2-B_Fixed Asset Conti 2011'!F29","v":1072528},13010135,25,0.04,-520405.4,{"$f":"'App.2-B_Fixed Asset Conti 2011'!K29","v":-414053},-106352.40000000002]
[null,1860,"Meters",{"$f":"'App.2-B_Fixed Asset Conti 2011'!E30","v":531353},null,531353,{"$f":"'App.2-B_Fixed Asset Conti 2011'!F30","v":379911},721308.5,19.787356321839081,5.0537322102817313E-2,-36453,{"$f":"'App.2-B_Fixed Asset Conti 2011'!K30","v":-36453},0]
[null,1860,"Meters (Smart Meters)",{"$f":"'App.2-B_Fixed Asset Conti 2011'!E31","v":0},null,0,{"$f":"'App.2-B_Fixed Asset Conti 2011'!F31","v":0},0,0,"",0,{"$f":"'App.2-B_Fixed Asset Conti 2011'!K31","v":0},0]
[null,1905,"Land",{"$f":"'App.2-B_Fixed Asset Conti 2011'!E32","v":0},null,0,{"$f":"'App.2-B_Fixed Asset Conti 2011'!F32","v":0},0,0,"",0,{"$f":"'App.2-B_Fixed Asset Conti 2011'!K32","v":0},0]
[null,1908,"Buildings & Fixtures",{"$f":"'App.2-B_Fixed Asset Conti 2011'!E33","v":0},null,0,{"$f":"'App.2-B_Fixed Asset Conti 2011'!F33","v":0},0,0,"",0,{"$f":"'App.2-B_Fixed Asset Conti 2011'!K33","v":0},0]
[null,1910,"Leasehold Improvements",{"$f":"'App.2-B_Fixed Asset Conti 2011'!E34","v":0},null,0,{"$f":"'App.2-B_Fixed Asset Conti 2011'!F34","v":0},0,0,"",0,{"$f":"'App.2-B_Fixed Asset Conti 2011'!K34","v":0},0]
[null,1915,"Office Furniture & Equipment (10 years)",{"$f":"'App.2-B_Fixed Asset Conti 2011'!E35","v":0},null,0,{"$f":"'App.2-B_Fixed Asset Conti 2011'!F35","v":0},0,0,"",0,{"$f":"'App.2-B_Fixed Asset Conti 2011'!K35","v":0},0]
[null,1915,"Office Furniture & Equipment (5 years)",{"$f":"'App.2-B_Fixed Asset Conti 2011'!E36","v":0},null,0,{"$f":"'App.2-B_Fixed Asset Conti 2011'!F36","v":0},0,0,"",0,{"$f":"'App.2-B_Fixed Asset Conti 2011'!K36","v":0},0]
[null,1920,"Computer Equipment - Hardware",{"$f":"'App.2-B_Fixed Asset Conti 2011'!E37","v":0},null,0,{"$f":"'App.2-B_Fixed Asset Conti 2011'!F37","v":0},0,0,"",0,{"$f":"'App.2-B_Fixed Asset Conti 2011'!K37","v":0},0]
[null,1920,"Computer Equip.-Hardware(Post Mar. 22/04)",{"$f":"'App.2-B_Fixed Asset Conti 2011'!E38","v":0},null,0,{"$f":"'App.2-B_Fixed Asset Conti 2011'!F38","v":0},0,0,"",0,{"$f":"'App.2-B_Fixed Asset Conti 2011'!K38","v":0},0]
[null,1920,"Computer Equip.-Hardware(Post Mar. 19/07)",{"$f":"'App.2-B_Fixed Asset Conti 2011'!E39","v":0},null,0,{"$f":"'App.2-B_Fixed Asset Conti 2011'!F39","v":0},0,0,"",0,{"$f":"'App.2-B_Fixed Asset Conti 2011'!K39","v":0},0]
[null,1930,"Transportation Equipment",{"$f":"'App.2-B_Fixed Asset Conti 2011'!E40","v":0},null,0,{"$f":"'App.2-B_Fixed Asset Conti 2011'!F40","v":0},0,0,"",0,{"$f":"'App.2-B_Fixed Asset Conti 2011'!K40","v":0},0]
[null,1935,"Stores Equipment",{"$f":"'App.2-B_Fixed Asset Conti 2011'!E41","v":0},null,0,{"$f":"'App.2-B_Fixed Asset Conti 2011'!F41","v":0},0,0,"",0,{"$f":"'App.2-B_Fixed Asset Conti 2011'!K41","v":0},0]
[null,1940,"Tools, Shop & Garage Equipment",{"$f":"'App.2-B_Fixed Asset Conti 2011'!E42","v":0},null,0,{"$f":"'App.2-B_Fixed Asset Conti 2011'!F42","v":0},0,0,"",0,{"$f":"'App.2-B_Fixed Asset Conti 2011'!K42","v":0},0]
[null,1945,"Measurement & Testing Equipment",{"$f":"'App.2-B_Fixed Asset Conti 2011'!E43","v":0},null,0,{"$f":"'App.2-B_Fixed Asset Conti 2011'!F43","v":0},0,0,"",0,{"$f":"'App.2-B_Fixed Asset Conti 2011'!K43","v":0},0]
[null,1950,"Power Operated Equipment",{"$f":"'App.2-B_Fixed Asset Conti 2011'!E44","v":0},null,0,{"$f":"'App.2-B_Fixed Asset Conti 2011'!F44","v":0},0,0,"",0,{"$f":"'App.2-B_Fixed Asset Conti 2011'!K44","v":0},0]
[null,1955,"Communications Equipment",{"$f":"'App.2-B_Fixed Asset Conti 2011'!E45","v":0},null,0,{"$f":"'App.2-B_Fixed Asset Conti 2011'!F45","v":0},0,0,"",0,{"$f":"'App.2-B_Fixed Asset Conti 2011'!K45","v":0},0]
[null,1955,"Communication Equipment (Smart Meters)",{"$f":"'App.2-B_Fixed Asset Conti 2011'!E46","v":0},null,0,{"$f":"'App.2-B_Fixed Asset Conti 2011'!F46","v":0},0,0,"",0,{"$f":"'App.2-B_Fixed Asset Conti 2011'!K46","v":0},0]
[null,1960,"Miscellaneous Equipment ",{"$f":"'App.2-B_Fixed Asset Conti 2011'!E47","v":82385},82385,0,{"$f":"'App.2-B_Fixed Asset Conti 2011'!F47","v":0},0,0,"",0,{"$f":"'App.2-B_Fixed Asset Conti 2011'!K47","v":0},0]
[null,1970,"Load Management Controls Customer Premises",{"$f":"'App.2-B_Fixed Asset Conti 2011'!E48","v":1633219},1475871,{"$f":"D45-E45","v":157348},{"$f":"'App.2-B_Fixed Asset Conti 2011'!F48","v":0},157348,10,{"$f":"IF(I45=0,\"\",1/I45)","v":0.1},-15734.8,{"$f":"'App.2-B_Fixed Asset Conti 2011'!K48","v":-15927},{"$f":"IF(ISERROR(+K45-L45), \"\", +K45-L45)","v":192.20000000000073}]
[null,1975,"Load Management Controls Utility Premises",{"$f":"'App.2-B_Fixed Asset Conti 2011'!E49","v":0},null,0,{"$f":"'App.2-B_Fixed Asset Conti 2011'!F49","v":0},0,0,"",0,{"$f":"'App.2-B_Fixed Asset Conti 2011'!K49","v":0},0]
[null,1980,"System Supervisor Equipment",{"$f":"'App.2-B_Fixed Asset Conti 2011'!E50","v":0},null,0,{"$f":"'App.2-B_Fixed Asset Conti 2011'!F50","v":0},{"$f":"F47+0.5*G47","v":0},0,"",0,{"$f":"'App.2-B_Fixed Asset Conti 2011'!K50","v":0},0]
[null,1985,"Miscellaneous Fixed Assets",{"$f":"'App.2-B_Fixed Asset Conti 2011'!E51","v":0},null,0,{"$f":"'App.2-B_Fixed Asset Conti 2011'!F51","v":0},0,0,"",0,{"$f":"'App.2-B_Fixed Asset Conti 2011'!K51","v":0},0]
[null,1995,"Contributions & Grants",{"$f":"'App.2-B_Fixed Asset Conti 2011'!E52","v":-10533301},null,-10533301,{"$f":"'App.2-B_Fixed Asset Conti 2011'!F52","v":-1410810},-11238706,null,"",0,{"$f":"'App.2-B_Fixed Asset Conti 2011'!K52","v":0},0]
[null,null,"Sub-total",{"$f":"SUM(D13:D49)","v":74143970},{"$f":"SUM(E13:E49)","v":1616003},72527967,4857254,74956594,null,null,{"$f":"SUM(K13:K49)","v":-3542656.2552592321},{"$f":"SUM(L13:L49)","v":-3424461},-118195.25525923209]
[null,2055,"Contract work in progress-electric"]
[null,null,"Total",{"$f":"D50+D51","v":74143970},{"$f":"E50+E51","v":1616003},72527967,4857254,74956594,null,null,{"$f":"K50+K51","v":-3542656.2552592321},{"$f":"L50+L51","v":-3424461},-118195.25525923209]
[]
[null,"Notes:"]
[null,1,"Board policy of the \"half-year\" rule - the applicant must ensure that additions in the year attract a half-year depreciation expense in the first year.  Deviations from this standard practice must be supported in the application."]
[null,2,"The applicant must provide an explanation of material variances in evidence"]
[null,"General:","Applicants must provide a breakdown of depreciation and amortization expense in the above format for all relevant accounts.  Asset Retirement Obligations (AROs), depreciation and accretion expense should be disclosed separately consistent with the Notes of historical Audited Financial Statements."]

{"sheet":"App.2-CF_CGAAP_DepExp_2012","index":9,"n_rows":61,"n_cols":12,"rows_kept":61,"cut":false,"hidden":false,"merged":[[9,0,9,11],[8,0,8,11],[57,1,57,11],[58,1,58,11],[60,1,61,11],[13,0,14,0],[13,1,14,1],[13,10,14,10],[10,0,10,11]]}
[null,null,null,null,null,null,null,null,null,null,"File Number:",{"$f":"'LDC Info'!$E$18","v":"EB-2012-0160"}]
[null,null,null,null,null,null,null,null,null,null,"Exhibit:",4]
[null,null,null,null,null,null,null,null,null,null,"Tab:",2]
[null,null,null,null,null,null,null,null,null,null,"Schedule:",7]
[null,null,null,null,null,null,null,null,null,null,"Page:"]
[]
[null,null,null,null,null,null,null,null,null,null,"Date:"]
[]
["Appendix 2-CF"]
["Depreciation and Amortization Expense"]
[]
[null,null,"Year",2012,"CGAAP"]
[]
["Account","Description","Opening Regulatory Gross PP&E as at Jan 1, 2012","Less Fully Depreciated","Net for Depreciation","Additions","Total for Depreciation","Years","Depreciation Rate","2012 Depreciation Expense","2012 Depreciation Expense per Appendix 2-B Fixed Assets, Column K\n (l)","Variance 2"]
[null,null,"(a)","(b)","(c)","(d)","(e) = (c) + ½ x (d) 1","(f)","(g) = 1 / (f)","(h) = (e) / (f)",null,"(m) = (h) - (l)"]
[1611,"Computer Software (Formally known as Account 1925)",{"$f":"'App.2-B_Fixed Asset Conti 2011'!H16+451964","v":509711},{"$f":"57747+99997","v":157744},{"$f":"C16-D16","v":351967},{"$f":"'App.2-B_F Asset CGAAP 2012'!F16","v":625000},{"$f":"E16+0.5*F16","v":664467},5,{"$f":"IF(H16=0,0,1/H16)","v":0.2},{"$f":"IF(H16=0,0,G16/H16)*-1","v":-132893.4},{"$f":"'App.2-B_F Asset CGAAP 2012'!K16","v":-132893},{"$f":"IF(ISERROR(+J16-K16), 0, +J16-K16)","v":-0.39999999999417923}]
[1612,"Land Rights (Formally known as Account 1906)",{"$f":"'App.2-B_Fixed Asset Conti 2011'!H17","v":0},null,{"$f":"C17-D17","v":0},{"$f":"'App.2-B_F Asset CGAAP 2012'!F17","v":0},{"$f":"E17+0.5*F17","v":0},null,null,null,{"$f":"'App.2-B_F Asset CGAAP 2012'!K17","v":0},0]
[1805,"Land",{"$f":"'App.2-B_Fixed Asset Conti 2011'!H18","v":134968},null,134968,{"$f":"'App.2-B_F Asset CGAAP 2012'!F18","v":0},134968,null,null,null,{"$f":"'App.2-B_F Asset CGAAP 2012'!K18","v":0},0]
[1808,"Buildings",{"$f":"'App.2-B_Fixed Asset Conti 2011'!H19","v":444815},null,444815,{"$f":"'App.2-B_F Asset CGAAP 2012'!F19","v":21516},455573,50,0.02,{"$f":"IF(H19=0,0,G19/H19)*-1","v":-9111.4599999999991},{"$f":"'App.2-B_F Asset CGAAP 2012'!K19","v":-11391},2279.5400000000009]
[1810,"Leasehold Improvements",{"$f":"'App.2-B_Fixed Asset Conti 2011'!H20","v":0},null,0,{"$f":"'App.2-B_F Asset CGAAP 2012'!F20","v":0},0,{"$f":"G20/K20*-1","v":{"$error":"#DIV/0!"}},null,null,{"$f":"'App.2-B_F Asset CGAAP 2012'!K20","v":0},0]
[1815,"Transformer Station Equipment >50 kV",{"$f":"'App.2-B_Fixed Asset Conti 2011'!H21","v":0},null,0,{"$f":"'App.2-B_F Asset CGAAP 2012'!F21","v":0},0,null,null,null,{"$f":"'App.2-B_F Asset CGAAP 2012'!K21","v":0},0]
[1820,"Distribution Station Equipment <50 kV",{"$f":"'App.2-B_Fixed Asset Conti 2011'!H22","v":3466251},null,3466251,{"$f":"'App.2-B_F Asset CGAAP 2012'!F22","v":219244},3575873,30,3.3333333333333333E-2,{"$f":"IF(H22=0,0,G22/H22)*-1","v":-119195.76666666666},{"$f":"'App.2-B_F Asset CGAAP 2012'!K22","v":-136284},17088.233333333337]
[1825,"Storage Battery Equipment",{"$f":"'App.2-B_Fixed Asset Conti 2011'!H23","v":0},null,0,{"$f":"'App.2-B_F Asset CGAAP 2012'!F23","v":0},0,null,null,null,{"$f":"'App.2-B_F Asset CGAAP 2012'!K23","v":0},0]
[1830,"Poles, Towers & Fixtures",{"$f":"'App.2-B_Fixed Asset Conti 2011'!H24","v":22740550},null,22740550,{"$f":"'App.2-B_F Asset CGAAP 2012'!F24","v":897108},23189104,23.2,4.3103448275862072E-2,{"$f":"IF(H24=0,0,G24/H24)*-1","v":-999530.3448275862},{"$f":"'App.2-B_F Asset CGAAP 2012'!K24","v":-1009762},10231.655172413797]
[1835,"Overhead Conductors & Devices",{"$f":"'App.2-B_Fixed Asset Conti 2011'!H25","v":9165810},null,9165810,{"$f":"'App.2-B_F Asset CGAAP 2012'!F25","v":1525501},9928560.5,25,0.04,-397142.42,{"$f":"'App.2-B_F Asset CGAAP 2012'!K25","v":-377233},-19909.419999999984]
[1840,"Underground Conduit",{"$f":"'App.2-B_Fixed Asset Conti 2011'!H26","v":15031740},null,15031740,{"$f":"'App.2-B_F Asset CGAAP 2012'!F26","v":1199801},15631640.5,25,0.04,-625265.62,{"$f":"'App.2-B_F Asset CGAAP 2012'!K26","v":-630111},4845.3800000000047]
[1845,"Underground Conductors & Devices",{"$f":"'App.2-B_Fixed Asset Conti 2011'!H27","v":5158092},null,5158092,{"$f":"'App.2-B_F Asset CGAAP 2012'!F27","v":470913},5393548.5,25,0.04,-215741.94,{"$f":"'App.2-B_F Asset CGAAP 2012'!K27","v":-140524},-75217.94]
[1850,"Line Transformers",{"$f":"'App.2-B_Fixed Asset Conti 2011'!H28","v":18572095},null,18572095,{"$f":"'App.2-B_F Asset CGAAP 2012'!F28","v":1393682},19268936,23.5,4.2553191489361701E-2,-819954.72340425535,{"$f":"'App.2-B_F Asset CGAAP 2012'!K28","v":-843882},23927.276595744654]
[1855,"Services (Overhead & Underground)",{"$f":"'App.2-B_Fixed Asset Conti 2011'!H29","v":13546399},null,13546399,{"$f":"'App.2-B_F Asset CGAAP 2012'!F29","v":1514450},14303624,25,0.04,-572144.96,{"$f":"'App.2-B_F Asset CGAAP 2012'!K29","v":-433332},-138812.95999999996]
[1860,"Meters",{"$f":"'App.2-B_Fixed Asset Conti 2011'!H30","v":911264},null,911264,{"$f":"'App.2-B_F Asset CGAAP 2012'!F30","v":292804},1057666,19.8,5.0505050505050504E-2,-53417.474747474749,{"$f":"'App.2-B_F Asset CGAAP 2012'!K30","v":-48165},-5252.4747474747492]
[1860,"Meters (Smart Meters)",{"$f":"'App.2-B_Fixed Asset Conti 2011'!H31+5702472","v":5702472},null,5702472,{"$f":"'App.2-B_F Asset CGAAP 2012'!F31","v":0},5702472,{"$f":"G31/K31*-1","v":14.999992108689648},6.6666701739175577E-2,-380165,{"$f":"'App.2-B_F Asset CGAAP 2012'!K31","v":-380165},0]
[1905,"Land",{"$f":"'App.2-B_Fixed Asset Conti 2011'!H32","v":0},null,0,{"$f":"'App.2-B_F Asset CGAAP 2012'!F32","v":0},0,null,null,null,{"$f":"'App.2-B_F Asset CGAAP 2012'!K32","v":0},0]
[1908,"Buildings & Fixtures",{"$f":"'App.2-B_Fixed Asset Conti 2011'!H33","v":0},null,0,{"$f":"'App.2-B_F Asset CGAAP 2012'!F33","v":0},0,null,null,null,{"$f":"'App.2-B_F Asset CGAAP 2012'!K33","v":0},0]
[1910,"Leasehold Improvements",{"$f":"'App.2-B_Fixed Asset Conti 2011'!H34","v":0},null,0,{"$f":"'App.2-B_F Asset CGAAP 2012'!F34","v":0},0,null,null,null,{"$f":"'App.2-B_F Asset CGAAP 2012'!K34","v":0},0]
[1915,"Office Furniture & Equipment (10 years)",{"$f":"'App.2-B_Fixed Asset Conti 2011'!H35","v":0},null,0,{"$f":"'App.2-B_F Asset CGAAP 2012'!F35","v":0},0,null,null,null,{"$f":"'App.2-B_F Asset CGAAP 2012'!K35","v":0},0]
[1915,"Office Furniture & Equipment (5 years)",{"$f":"'App.2-B_Fixed Asset Conti 2011'!H36","v":0},null,0,{"$f":"'App.2-B_F Asset CGAAP 2012'!F36","v":0},0,null,null,null,{"$f":"'App.2-B_F Asset CGAAP 2012'!K36","v":0},0]
[1920,"Computer Equipment - Hardware",{"$f":"'App.2-B_Fixed Asset Conti 2011'!H37","v":0},null,0,{"$f":"'App.2-B_F Asset CGAAP 2012'!F37","v":0},0,null,null,null,{"$f":"'App.2-B_F Asset CGAAP 2012'!K37","v":0},0]
[1920,"Computer Equip.-Hardware(Post Mar. 22/04)",{"$f":"'App.2-B_Fixed Asset Conti 2011'!H38","v":0},null,0,{"$f":"'App.2-B_F Asset CGAAP 2012'!F38","v":0},0,null,null,null,{"$f":"'App.2-B_F Asset CGAAP 2012'!K38","v":0},0]
[1920,"Computer Hardware(Post Mar. 19/07)",{"$f":"'App.2-B_Fixed Asset Conti 2011'!H39+44877","v":44877},null,44877,{"$f":"'App.2-B_F Asset CGAAP 2012'!F39","v":0},44877,{"$f":"G39/K39*-1","v":5.0002228412256269},0.19999108674822291,{"$f":"IF(H39=0,0,G39/H39)*-1","v":-8975},{"$f":"'App.2-B_F Asset CGAAP 2012'!K39","v":-8975},0]
[1930,"Transportation Equipment",{"$f":"'App.2-B_Fixed Asset Conti 2011'!H40","v":0},null,0,{"$f":"'App.2-B_F Asset CGAAP 2012'!F40","v":0},0,null,null,null,{"$f":"'App.2-B_F Asset CGAAP 2012'!K40","v":0},0]
[1935,"Stores Equipment",{"$f":"'App.2-B_Fixed Asset Conti 2011'!H41","v":0},null,0,{"$f":"'App.2-B_F Asset CGAAP 2012'!F41","v":0},0,null,null,null,{"$f":"'App.2-B_F Asset CGAAP 2012'!K41","v":0},0]
[1940,"Tools, Shop & Garage Equipment",{"$f":"'App.2-B_Fixed Asset Conti 2011'!H42","v":0},null,0,{"$f":"'App.2-B_F Asset CGAAP 2012'!F42","v":0},0,null,null,null,{"$f":"'App.2-B_F Asset CGAAP 2012'!K42","v":0},0]
[1945,"Measurement & Testing Equipment",{"$f":"'App.2-B_Fixed Asset Conti 2011'!H43","v":0},null,0,{"$f":"'App.2-B_F Asset CGAAP 2012'!F43","v":0},0,null,null,null,{"$f":"'App.2-B_F Asset CGAAP 2012'!K43","v":0},0]
[1950,"Power Operated Equipment",{"$f":"'App.2-B_Fixed Asset Conti 2011'!H44","v":0},null,0,{"$f":"'App.2-B_F Asset CGAAP 2012'!F44","v":0},0,null,null,null,{"$f":"'App.2-B_F Asset CGAAP 2012'!K44","v":0},0]
[1955,"Communications Equipment",{"$f":"'App.2-B_Fixed Asset Conti 2011'!H45","v":0},null,0,{"$f":"'App.2-B_F Asset CGAAP 2012'!F45","v":0},0,null,null,null,{"$f":"'App.2-B_F Asset CGAAP 2012'!K45","v":0},0]
[1955,"Communication Equipment (Smart Meters)",{"$f":"'App.2-B_Fixed Asset Conti 2011'!H46","v":0},null,0,{"$f":"'App.2-B_F Asset CGAAP 2012'!F46","v":0},0,null,null,null,{"$f":"'App.2-B_F Asset CGAAP 2012'!K46","v":0},0]
[1960,"Miscellaneous Equipment ",{"$f":"'App.2-B_Fixed Asset Conti 2011'!H47","v":82385},82385,0,{"$f":"'App.2-B_F Asset CGAAP 2012'!F47","v":0},0,null,null,null,{"$f":"'App.2-B_F Asset CGAAP 2012'!K47","v":0},0]
[1970,"Load Management Controls Customer Premises",{"$f":"'App.2-B_Fixed Asset Conti 2011'!H48","v":1633219},1481819,{"$f":"C48-D48","v":151400},{"$f":"'App.2-B_F Asset CGAAP 2012'!F48","v":5000},{"$f":"E48+0.5*F48","v":153900},10,{"$f":"IF(H48=0,0,1/H48)","v":0.1},{"$f":"IF(H48=0,0,G48/H48)*-1","v":-15390},{"$f":"'App.2-B_F Asset CGAAP 2012'!K48","v":-15985},{"$f":"IF(ISERROR(+J48-K48), 0, +J48-K48)","v":595}]
[1975,"Load Management Controls Utility Premises",{"$f":"'App.2-B_Fixed Asset Conti 2011'!H49","v":0},null,0,{"$f":"'App.2-B_F Asset CGAAP 2012'!F49","v":0},0,null,null,null,{"$f":"'App.2-B_F Asset CGAAP 2012'!K49","v":0},0]
[1980,"System Supervisor Equipment",{"$f":"'App.2-B_Fixed Asset Conti 2011'!H50","v":0},null,0,{"$f":"'App.2-B_F Asset CGAAP 2012'!F50","v":0},0,null,null,null,{"$f":"'App.2-B_F Asset CGAAP 2012'!K50","v":0},0]
[1985,"Miscellaneous Fixed Assets",{"$f":"'App.2-B_Fixed Asset Conti 2011'!H51","v":0},null,0,{"$f":"'App.2-B_F Asset CGAAP 2012'!F51","v":0},0,null,null,null,{"$f":"'App.2-B_F Asset CGAAP 2012'!K51","v":0},0]
[1995,"Contributions & Grants",{"$f":"'App.2-B_Fixed Asset Conti 2011'!H52","v":-11944111},null,-11944111,{"$f":"'App.2-B_F Asset CGAAP 2012'!F52","v":-1319000},-12603611,null,null,null,{"$f":"'App.2-B_F Asset CGAAP 2012'!K52","v":0},0]
[null,"Sub-total",{"$f":"SUM(C16:C52)","v":85200537},{"$f":"SUM(D16:D52)","v":1721948},83478589,6846019,86901598.5,null,null,{"$f":"SUM(J16:J52)","v":-4348928.1096459832},-4168702,-180226.10964598288]
[2055,"Contract work in progress-electric"]
[null,"Total",{"$f":"C53+C54","v":85200537},{"$f":"D53+D54","v":1721948},83478589,6846019,86901598.5,null,null,{"$f":"J53+J54","v":-4348928.1096459832},{"$f":"K53+K54","v":-4168702},{"$f":"L53+L54","v":-180226.10964598288}]
[]
["Notes:"]
[1,"Board policy of the \"half-year\" rule - the applicant must ensure that additions in the year attract a half-year depreciation expense in the first year.  Deviations from this standard practice must be supported in the application."]
[2,"The applicant must provide an explanation of material variances in evidence"]
[]
["General:","Applicants must provide a breakdown of depreciation and amortization expense in the above format for all relevant accounts.  Asset Retirement Obligations (AROs), depreciation and accretion expense should be disclosed separately consistent with the Notes of historical Audited Financial Statements."]

{"sheet":"App.2-CI _CGAAP DepExp 2013","index":10,"n_rows":63,"n_cols":12,"rows_kept":63,"cut":false,"hidden":false,"merged":[[62,1,64,11],[55,1,55,11],[56,1,56,11],[57,1,57,11],[58,1,58,11],[59,1,59,11],[60,1,60,11],[5,0,5,11],[6,0,6,11],[10,0,11,0],[10,1,11,1],[10,10,11,10]]}
[null,null,null,null,null,null,null,null,null,null,"File Number:",{"$f":"'LDC Info'!$E$18","v":"EB-2012-0160"}]
[null,null,null,null,null,null,null,null,null,null,"Exhibit:",4]
[null,null,null,null,null,null,null,null,null,null,"Tab:",2]
[null,null,null,null,null,null,null,null,null,null,"Schedule:",7]
[]
["Appendix 2-CI  "]
["Depreciation and Amortization Expense"]
[]
[null,null,"Year",2013,"CGAAP","Kinetrics Useful Life"]
[]
["Account","Description","Opening NBV as at Jan 1, 2013 5","Additions","Average Remaining Life of Opening NBV 4","Years (new additions only) 3","Depreciation Rate on New Additions","Depreciation Expense on Opening NBV","Depreciation Expense on Additions 1","2013 Depreciation Expense","2013 Depreciation Expense per Appendix 2-B Fixed Assets, Column K\n (l)","Variance 2"]
[null,null,"(a)","(d)","(i)","(f)","(g) = 1 / (f)","(j) = (a) / (i)","(h)=((d)*0.5)/(f) ","(k) = (j) + (h)",null,"(m) = (k) - (l)"]
[1611,"Computer Software (Formally known as Account 1925)",{"$f":"+'App.2-B_F Asset CGAAP 2012'!N16","v":639935},{"$f":"+'App.2-B_F Asset Conti 2013'!F13","v":0},3.3,5,{"$f":"IF(F13=0,0,1/F13)","v":0.2},{"$f":"IF(E13=0,0,+C13/E13)*-1","v":-193919.69696969699},{"$f":"IF(F13=0,0,+(D13*0.5)/F13)*-1","v":0},{"$f":"IF(ISERROR(+H13+I13), 0, +H13+I13)","v":-193919.69696969699},{"$f":"+'App.2-B_F Asset Conti 2013'!K13","v":-195393},{"$f":"IF(ISERROR(+J13-K13), 0, +J13-K13)","v":1473.30303030301}]
[1612,"Land Rights (Formally known as Account 1906)",{"$f":"+'App.2-B_F Asset CGAAP 2012'!N17","v":0},{"$f":"+'App.2-B_F Asset Conti 2013'!F14","v":0},null,null,0,{"$f":"IF(E14=0,0,+C14/E14)*-1","v":0},{"$f":"IF(F14=0,0,+(D14*0.5)/F14)*-1","v":0},{"$f":"IF(ISERROR(+H14+I14), 0, +H14+I14)","v":0},{"$f":"+'App.2-B_F Asset Conti 2013'!K14","v":0},0]
[1805,"Land",{"$f":"+'App.2-B_F Asset CGAAP 2012'!N18","v":134968},{"$f":"+'App.2-B_F Asset Conti 2013'!F15","v":130000},null,null,0,0,0,0,{"$f":"+'App.2-B_F Asset Conti 2013'!K15","v":0},0]
[1808,"Buildings",{"$f":"+'App.2-B_F Asset CGAAP 2012'!N19","v":380733},{"$f":"+'App.2-B_F Asset Conti 2013'!F16","v":40000},41.9,50,0.02,-9086.7064439140813,-400,-9486.7064439140813,{"$f":"+'App.2-B_F Asset Conti 2013'!K16","v":-9482},-4.7064439140813192]
[1810,"Leasehold Improvements",{"$f":"+'App.2-B_F Asset CGAAP 2012'!N20","v":0},{"$f":"+'App.2-B_F Asset Conti 2013'!F17","v":0},null,null,0,0,0,0,{"$f":"+'App.2-B_F Asset Conti 2013'!K17","v":0},0]
[1815,"Transformer Station Equipment >50 kV",{"$f":"+'App.2-B_F Asset CGAAP 2012'!N21","v":0},{"$f":"+'App.2-B_F Asset Conti 2013'!F18","v":0},null,null,0,0,0,0,{"$f":"+'App.2-B_F Asset Conti 2013'!K18","v":0},0]
[1820,"Distribution Station Equipment <50 kV",{"$f":"+'App.2-B_F Asset CGAAP 2012'!N22","v":2388962},{"$f":"+'App.2-B_F Asset Conti 2013'!F19","v":75000},16.8,45,2.2222222222222223E-2,-142200.11904761905,-833.33333333333337,-143033.4523809524,{"$f":"+'App.2-B_F Asset Conti 2013'!K19","v":-142806},-227.4523809523962]
[1825,"Storage Battery Equipment",{"$f":"+'App.2-B_F Asset CGAAP 2012'!N23","v":0},{"$f":"+'App.2-B_F Asset Conti 2013'!F20","v":0},null,null,0,0,0,0,{"$f":"+'App.2-B_F Asset Conti 2013'!K20","v":0},0]
[1830,"Poles, Towers & Fixtures",{"$f":"+'App.2-B_F Asset CGAAP 2012'!N24","v":12672891},{"$f":"+'App.2-B_F Asset Conti 2013'!F21","v":765050},23.6,45,2.2222222222222223E-2,-536986.90677966096,-8500.5555555555547,-545487.46233521646,{"$f":"+'App.2-B_F Asset Conti 2013'!K21","v":-543558},-1929.4623352164635]
[1835,"Overhead Conductors & Devices",{"$f":"+'App.2-B_F Asset CGAAP 2012'!N25","v":8104543},{"$f":"+'App.2-B_F Asset Conti 2013'!F22","v":1669500},42.5,48,2.0833333333333332E-2,-190695.1294117647,-17390.625,-208085.7544117647,{"$f":"+'App.2-B_F Asset Conti 2013'!K22","v":-206478},-1607.7544117647049]
[1840,"Underground Conduit",{"$f":"+'App.2-B_F Asset CGAAP 2012'!N26","v":9954566},{"$f":"+'App.2-B_F Asset Conti 2013'!F23","v":625200},30,44,2.2727272727272728E-2,-331818.86666666664,-7104.545454545455,-338923.41212121211,{"$f":"+'App.2-B_F Asset Conti 2013'!K23","v":-329225},-9698.4121212121099]
[1845,"Underground Conductors & Devices",{"$f":"+'App.2-B_F Asset CGAAP 2012'!N27","v":4769178},{"$f":"+'App.2-B_F Asset Conti 2013'!F24","v":252000},25,35,2.8571428571428571E-2,-190767.12,-3600,-194367.12,{"$f":"+'App.2-B_F Asset Conti 2013'!K24","v":-94941},-99426.12]
[1850,"Line Transformers",{"$f":"+'App.2-B_F Asset CGAAP 2012'!N28","v":11672477},{"$f":"+'App.2-B_F Asset Conti 2013'!F25","v":969750},24,44,2.2727272727272728E-2,-486353.20833333331,-11019.886363636364,-497373.09469696967,{"$f":"+'App.2-B_F Asset Conti 2013'!K25","v":-485443},-11930.094696969667]
[1855,"Services (Overhead & Underground)",{"$f":"+'App.2-B_F Asset CGAAP 2012'!N29","v":10867669},{"$f":"+'App.2-B_F Asset Conti 2013'!F26","v":1034000},30,45,2.2222222222222223E-2,-362255.63333333336,-11488.888888888889,-373744.52222222224,{"$f":"+'App.2-B_F Asset Conti 2013'!K26","v":-224042},-149702.52222222224]
[1860,"Meters",{"$f":"+'App.2-B_F Asset CGAAP 2012'!N30","v":797533},{"$f":"+'App.2-B_F Asset Conti 2013'!F27","v":205000},16,25,0.04,-49845.8125,-4100,-53945.8125,{"$f":"+'App.2-B_F Asset Conti 2013'!K27","v":-51797},-2148.8125]
[1860,"Meters (Smart Meters)",{"$f":"+'App.2-B_F Asset CGAAP 2012'!N31","v":4101303},{"$f":"+'App.2-B_F Asset Conti 2013'!F28","v":0},10.5,15,6.6666666666666666E-2,-390600.28571428574,0,-390600.28571428574,{"$f":"+'App.2-B_F Asset Conti 2013'!K28","v":-380163},-10437.285714285739]
[1905,"Land",{"$f":"+'App.2-B_F Asset CGAAP 2012'!N32","v":0},{"$f":"+'App.2-B_F Asset Conti 2013'!F29","v":0},null,null,0,0,0,0,{"$f":"+'App.2-B_F Asset Conti 2013'!K29","v":0},0]
[1908,"Buildings & Fixtures",{"$f":"+'App.2-B_F Asset CGAAP 2012'!N33","v":0},{"$f":"+'App.2-B_F Asset Conti 2013'!F30","v":0},null,null,0,0,0,0,{"$f":"+'App.2-B_F Asset Conti 2013'!K30","v":0},0]
[1910,"Leasehold Improvements",{"$f":"+'App.2-B_F Asset CGAAP 2012'!N34","v":0},{"$f":"+'App.2-B_F Asset Conti 2013'!F31","v":0},null,null,0,0,0,0,{"$f":"+'App.2-B_F Asset Conti 2013'!K31","v":0},0]
[1915,"Office Furniture & Equipment (10 years)",{"$f":"+'App.2-B_F Asset CGAAP 2012'!N35","v":0},{"$f":"+'App.2-B_F Asset Conti 2013'!F32","v":0},null,null,0,0,0,0,{"$f":"+'App.2-B_F Asset Conti 2013'!K32","v":0},0]
[1915,"Office Furniture & Equipment (5 years)",{"$f":"+'App.2-B_F Asset CGAAP 2012'!N36","v":0},{"$f":"+'App.2-B_F Asset Conti 2013'!F33","v":0},null,null,0,0,0,0,{"$f":"+'App.2-B_F Asset Conti 2013'!K33","v":0},0]
[1920,"Computer Equipment - Hardware",{"$f":"+'App.2-B_F Asset CGAAP 2012'!N37","v":0},{"$f":"+'App.2-B_F Asset Conti 2013'!F34","v":0},null,null,0,0,0,0,{"$f":"+'App.2-B_F Asset Conti 2013'!K34","v":0},0]
[1920,"Computer Equip.-Hardware(Post Mar. 22/04)",{"$f":"+'App.2-B_F Asset CGAAP 2012'!N38","v":0},{"$f":"+'App.2-B_F Asset Conti 2013'!F35","v":0},null,null,0,0,0,0,{"$f":"+'App.2-B_F Asset Conti 2013'!K35","v":0},0]
[1920,"Computer Equip.-Hardware(Post Mar. 19/07)",{"$f":"+'App.2-B_F Asset CGAAP 2012'!N39","v":9918},{"$f":"+'App.2-B_F Asset Conti 2013'!F36","v":0},{"$f":"-C36/K36","v":1.4726057906458798},null,0,-6735,0,-6735,{"$f":"+'App.2-B_F Asset Conti 2013'!K36","v":-6735},0]
[1930,"Transportation Equipment",{"$f":"+'App.2-B_F Asset CGAAP 2012'!N40","v":0},{"$f":"+'App.2-B_F Asset Conti 2013'!F37","v":0},null,null,0,0,0,0,{"$f":"+'App.2-B_F Asset Conti 2013'!K37","v":0},0]
[1935,"Stores Equipment",{"$f":"+'App.2-B_F Asset CGAAP 2012'!N41","v":0},{"$f":"+'App.2-B_F Asset Conti 2013'!F38","v":0},null,null,0,0,0,0,{"$f":"+'App.2-B_F Asset Conti 2013'!K38","v":0},0]
[1940,"Tools, Shop & Garage Equipment",{"$f":"+'App.2-B_F Asset CGAAP 2012'!N42","v":0},{"$f":"+'App.2-B_F Asset Conti 2013'!F39","v":0},null,null,0,0,0,0,{"$f":"+'App.2-B_F Asset Conti 2013'!K39","v":0},0]
[1945,"Measurement & Testing Equipment",{"$f":"+'App.2-B_F Asset CGAAP 2012'!N43","v":0},{"$f":"+'App.2-B_F Asset Conti 2013'!F40","v":0},null,null,0,0,0,0,{"$f":"+'App.2-B_F Asset Conti 2013'!K40","v":0},0]
[1950,"Power Operated Equipment",{"$f":"+'App.2-B_F Asset CGAAP 2012'!N44","v":0},{"$f":"+'App.2-B_F Asset Conti 2013'!F41","v":0},null,null,0,0,0,0,{"$f":"+'App.2-B_F Asset Conti 2013'!K41","v":0},0]
[1955,"Communications Equipment",{"$f":"+'App.2-B_F Asset CGAAP 2012'!N45","v":0},{"$f":"+'App.2-B_F Asset Conti 2013'!F42","v":0},null,null,0,0,0,0,{"$f":"+'App.2-B_F Asset Conti 2013'!K42","v":0},0]
[1955,"Communication Equipment (Smart Meters)",{"$f":"+'App.2-B_F Asset CGAAP 2012'!N46","v":0},{"$f":"+'App.2-B_F Asset Conti 2013'!F43","v":0},null,null,0,0,0,0,{"$f":"+'App.2-B_F Asset Conti 2013'!K43","v":0},0]
[1960,"Miscellaneous Equipment ",{"$f":"+'App.2-B_F Asset CGAAP 2012'!N47","v":0},{"$f":"+'App.2-B_F Asset Conti 2013'!F44","v":0},null,null,0,0,0,0,{"$f":"+'App.2-B_F Asset Conti 2013'!K44","v":0},0]
[1970,"Load Management Controls Customer Premises",{"$f":"+'App.2-B_F Asset CGAAP 2012'!N48","v":51253},{"$f":"+'App.2-B_F Asset Conti 2013'!F45","v":0},13,20,0.05,-3942.5384615384614,0,-3942.5384615384614,{"$f":"+'App.2-B_F Asset Conti 2013'!K45","v":-3793},-149.53846153846143]
[1975,"Load Management Controls Utility Premises",{"$f":"+'App.2-B_F Asset CGAAP 2012'!N49","v":0},{"$f":"+'App.2-B_F Asset Conti 2013'!F46","v":0},null,null,0,null,0,0,{"$f":"+'App.2-B_F Asset Conti 2013'!K46","v":0},0]
[1980,"System Supervisor Equipment",{"$f":"+'App.2-B_F Asset CGAAP 2012'!N50","v":0},{"$f":"+'App.2-B_F Asset Conti 2013'!F47","v":0},null,null,0,null,0,0,{"$f":"+'App.2-B_F Asset Conti 2013'!K47","v":0},0]
[1985,"Miscellaneous Fixed Assets",{"$f":"+'App.2-B_F Asset CGAAP 2012'!N51","v":0},{"$f":"+'App.2-B_F Asset Conti 2013'!F48","v":0},null,null,0,null,0,0,{"$f":"+'App.2-B_F Asset Conti 2013'!K48","v":0},0]
[1995,"Contributions & Grants",{"$f":"+'App.2-B_F Asset CGAAP 2012'!N52","v":-13263111},{"$f":"+'App.2-B_F Asset Conti 2013'!F49","v":-1180000},null,null,0,0,0,0,{"$f":"+'App.2-B_F Asset Conti 2013'!K49","v":0},0]
[null,"Sub-total",{"$f":"SUM(C13:C49)","v":53282818},{"$f":"SUM(D13:D49)","v":4585500},{"$f":"C50/(-K50-D50/F50/2)","v":20.426577334869442},{"$f":"AVERAGE(F13:F45)","v":35.083333333333336},null,{"$f":"SUM(H13:H49)","v":-2895207.0236618137},-64437.834595959604,-2959644.8582577733,-2673856,-285788.85825777281]
[2055,"Contract work in progress-electric",{"$f":"+'App.2-B_F Asset CGAAP 2012'!N54","v":922609},null,null,null,0,{"$f":"IF(E51=0,0,+C51/E51)","v":0},0,{"$f":"IF(ISERROR(+H51+I51), 0, +H51+I51)","v":0},{"$f":"'[3]App.2-B_Fixed Asset CGAAP 2012'!K54","v":0},0]
[null,"Total",{"$f":"C50+C51","v":54205427},{"$f":"D50+D51","v":4585500},null,null,null,{"$f":"H50+H51","v":-2895207.0236618137},-64437.834595959604,-2959644.8582577733,-2673856,-285788.85825777281]
[]
["Notes:"]
[]
[1,"Board policy of the \"half-year\" rule - the applicant must ensure that additions in the year attract a half-year depreciation expense in the first year.  Deviations from this standard practice must be supported in the application."]
[2,"The applicant must provide an explanation of material variances in evidence"]
[3,"The applicant should ensure that the years for new additions of assets are the asset useful lives determined by management in accordance with IFRS. "]
[4,"A recalculation should be performed to determine the average remaining life of opening balance of assets (i.e. excluding 2012 additions) under IFRS.  For example, Asset A had a useful life of 20 years under CGAAP.  On January 1, 2012, the date of transition, Asset A was 3 years depreciated. As a result, Asset A would have a remaining service life of 17 years (20 years less 3 years) under CGAAP as of January 1, 2012.  Due to the transition to IFRS, management re-assessed the asset useful lives under IFRS principles and concluded that the revised useful life of Asset A is now 30 years. Therefore, the average remaining useful life of opening balance of Asset A is determined to be 27 years (30 years less 3 years) under IFRS as of January 1, 2012."]
[5,"NBV must exclude assets still on the books but which have been fully amortized or depreciated."]
[6,"This column refers to the calculated full year depreciation but excludes the depreciation expense on assets fully depreciated during the year.  This column is used for the purpose of calculating depreciation expense in the following year on the next worksheet."]
[]
["General:","Applicants must provide a breakdown of depreciation and amortization expense in the above format for all relevant accounts.  Asset Retirement Obligations (AROs), depreciation and accretion expense should be disclosed separately consistent with the Notes of historical Audited Financial Statements."]

{"sheet":"App.2-D_Overhead","index":11,"n_rows":56,"n_cols":13,"rows_kept":56,"cut":false,"hidden":false,"merged":[[8,0,8,12],[9,0,9,12],[11,0,11,12],[13,0,15,2],[13,10,13,12],[14,10,14,12],[15,10,15,12],[13,4,15,4],[22,0,22,2],[22,10,22,12],[16,0,16,2],[16,10,16,12],[17,0,17,2],[17,10,17,12],[18,0,18,2],[18,10,18,12],[19,0,19,2],[19,10,19,12],[20,0,20,2],[20,10,20,12],[21,10,21,12],[23,0,23,2],[23,10,23,12],[24,0,24,2],[24,10,24,12],[25,0,25,2],[25,10,25,12],[35,0,37,2],[35,10,35,12],[36,10,36,12],[37,10,37,12],[26,0,26,2],[26,10,26,12],[27,0,27,2],[27,10,27,12],[28,0,28,2],[28,10,28,12],[29,0,29,2],[29,10,29,12],[30,0,30,2],[30,10,30,12],[33,0,33,12],[44,0,44,2],[44,10,44,12],[38,0,38,2],[38,10,38,12],[39,0,39,2],[39,10,39,12],[40,0,40,2],[40,10,40,12],[41,0,41,2],[41,10,41,12],[42,0,42,2],[42,10,42,12],[43,10,43,12],[45,0,45,2],[45,10,45,12],[46,0,46,2],[46,10,46,12],[47,0,47,2],[47,10,47,12],[48,0,48,2],[48,10,48,12],[49,0,49,2],[49,10,49,12],[50,0,50,2],[50,10,50,12],[51,0,51,2],[51,10,51,12],[52,0,52,2],[52,10,52,12],[57,0,58,0],[57,1,58,4],[55,1,56,12],[68,0,71,0],[73,0,74,0],[60,0,61,0],[60,1,60,4],[62,0,63,0],[65,0,66,0]]}
[null,null,null,null,null,null,null,null,null,null,null,"File Number:",{"$f":"'LDC Info'!$E$18","v":"EB-2012-0160"}]
[null,null,null,null,null,null,null,null,null,null,null,"Exhibit:",2]
[null,null,null,null,null,null,null,null,null,null,null,"Tab:",1]
[null,null,null,null,null,null,null,null,null,null,null,"Schedule:",4]
[null,null,null,null,null,null,null,null,null,null,null,"Page:"]
[]
[null,null,null,null,null,null,null,null,null,null,null,"Date:"]
[]
["Appendix 2-D"]
["Overhead Expense"]
[]
["The following table should be completed based on the information requested below. An explanation should be provided for any blank entries.  The entries should include overhead costs that are currently capitalized on self-constructed assets under MIFRS or an alternate accounting standard."]
[null,null,null,null,"(A) 1","(B)","(C)","(D)","(E) 1","(F)","(G)"]
["Nature of the Overhead Costs",null,null,null,"Dollar","Dollar","Dollar","Dollar Impact - ","Dollar Impact - ","Directly","Reasons why the overhead costs are allowed to be"]
[null,null,null,null,null,"Impact on PP&E","Impact on PP&E","PP&E Variance","PP&E Variance","Attributable?","capitalized under MIFRS or an alternate accounting"]
[null,null,null,null,null,"Bridge Year","Test Year","Test versus Bridge","Test versus Historic","(Y/N)","standard given limitations on capitalized overhead"]
["employee benefits",null,null,null,null,null,null,{"$f":"+G17-F17","v":0}]
["costs of site preparation",null,null,null,null,null,null,0]
["initial delivery and handling costs",null,null,null,null,null,null,0]
["costs of testing whether the asset is functioning properly",null,null,null,null,null,null,0]
["professional fees",null,null,null,null,null,null,0]
[null,null,null,null,null,null,null,0]
["costs of opening a new facility",null,null,null,null,null,null,0]
["costs of introducing a new product or service (including costs of advertising and promotional activities)",null,null,null,null,null,null,0]
["costs of conducting business in a new location or with a new class of customer (including costs of staff training)",null,null,null,null,null,null,0]
["administration and other general overhead costs",null,null,null,null,901927,0,-901927,null,"N","Capitalized in 2012 under CGAAP"]
[null,null,null,null,null,null,null,0]
[null,null,null,null,null,null,null,0]
[null,null,null,null,null,null,null,0]
["Insert description of additional item(s) and new rows if needed.",null,null,null,null,null,null,0]
["Total",null,null,null,{"$f":"SUM(E17:E30)","v":0},{"$f":"SUM(F17:F30)","v":901927},{"$f":"SUM(G17:G30)","v":0},{"$f":"SUM(H17:H30)","v":-901927},{"$f":"SUM(I17:I30)","v":0}]
[]
[]
["The following table should be completed based on the information requested below. An explanation should be provided for any blank entries.  The entries should include overhead costs that were capitalized on self-constructed assets under CGAAP but are no longer capitalized under MIFRS or an alternate accounting standard and are included in OM&A."]
[null,null,null,null,"(A) 1","(B)","(C)","(D)","(E) 1","(F)","(G)"]
["Nature of the Overhead Costs",null,null,null,"Dollar","Dollar","Dollar","Dollar Impact - ","Dollar Impact - ","Directly","Reasons why the overhead costs are not allowed to be"]
[null,null,null,null,"Impact on OM&A","Impact on OM&A","Impact on OM&A","OM&A Variance","OM&A Variance","Attributable?","capitalized under MIFRS or an alternate accounting"]
[null,null,null,null,"Historic Year","Bridge Year","Test Year","Test versus Bridge","Test versus Historic","(Y/N)","standard given limitations on capitalized overhead"]
["employee benefits",null,null,null,null,null,null,{"$f":"+G39-F39","v":0}]
["costs of site preparation",null,null,null,null,null,null,{"$f":"+G40-F40","v":0}]
["initial delivery and handling costs",null,null,null,null,null,null,{"$f":"+G41-F41","v":0}]
["costs of testing whether the asset is functioning properly",null,null,null,null,null,null,{"$f":"+G42-F42","v":0}]
["professional fees",null,null,null,null,null,null,{"$f":"+G43-F43","v":0}]
[]
["costs of opening a new facility",null,null,null,null,null,null,{"$f":"+G45-F45","v":0}]
["costs of introducing a new product or service (including costs of advertising and promotional activities)",null,null,null,null,null,null,0]
["costs of conducting business in a new location or with a new class of customer (including costs of staff training)",null,null,null,null,null,null,0]
["administration and other general overhead costs",null,null,null,null,0,950363,950363,null,"N","No longer capitalized with MIFRS policy under CGAAP"]
[null,null,null,null,null,null,null,0]
[null,null,null,null,null,null,null,0]
[null,null,null,null,null,null,null,0]
["Insert description of additional item(s) and new rows if needed.",null,null,null,null,null,null,0]
["Total",null,null,null,{"$f":"SUM(E39:E52)","v":0},{"$f":"SUM(F39:F52)","v":0},{"$f":"SUM(G39:G52)","v":950363},{"$f":"SUM(H39:H52)","v":950363},{"$f":"SUM(I39:I52)","v":0}]
[]
["Notes:"]
[1,"If the applicant chooses to adopt IFRS or an alternate accounting standard for financial reporting purposes in 2013, the applicant does not need to complete Columns A, E.  If the applicant adopts IFRS or an alternate accounting standard for financial reporting purposes in 2012, the applicant must complete all columns."]

{"sheet":"App.2-F_Other_Oper_Rev","index":12,"n_rows":59,"n_cols":16,"rows_kept":59,"cut":false,"hidden":false,"merged":[[36,1,37,9],[23,1,23,2],[24,1,24,2],[6,1,6,9],[7,1,7,9],[22,1,22,2],[31,3,31,9],[32,3,33,9],[25,1,25,2],[26,1,26,2],[29,1,29,2],[30,1,30,2],[31,1,31,2],[32,1,32,2],[57,2,57,9],[58,2,58,9],[47,1,47,2],[41,1,42,9],[46,1,46,2],[52,1,52,2],[48,1,48,2],[49,1,49,2],[50,1,50,2],[51,1,51,2]]}
[null,null,null,null,null,null,null,null,"File Number:",{"$f":"'LDC Info'!$E$18","v":"EB-2012-0160"}]
[null,null,null,null,null,null,null,null,"Exhibit:",3]
[null,null,null,null,null,null,null,null,"Tab:",1]
[null,null,null,null,null,null,null,null,"Schedule:",1]
[null,null,null,null,null,null,null,null,"Date:"]
[]
[null,"Appendix 2-F"]
[null,"Table 3-30   Other Operating Revenue"]
[]
[null,"USoA #","USoA Description",{"$f":"H11-3 & \" Actual\"","v":"2009 Actual"},{"$f":"H11-2 & \" Actual\"","v":"2010 Actual"},{"$f":"H11-1 & \" Actual\"& CHAR(178)","v":"2011 Actual²"},{"$f":"H11-1 & \" Actual\"& CHAR(178)","v":"2011 Actual²"},{"$f":"\"Bridge Year\" & CHAR(179)","v":"Bridge Year³"},"2012 Bridge Year","2013 Test Year"]
[null,null,null,null,null,null,null,{"$f":"'LDC Info'!E26","v":2012}]
[null,null,"Reporting Basis","CGAAP","CGAAP","CGAAP",null,"CGAAP","CGAAP","CGAAP"]
[null,4235,"Specific Service Charges",731535,712961,620946,null,{"$f":"480000+164000","v":644000},{"$f":"480000+164000","v":644000},650000]
[null,4225,"Late Payment Charges",203845,203072,207858,null,200000,200000,200000]
[null,4082,"Retail Services Revenues",34566,34326,27299,null,22000,22000,22000]
[null,4084,"STR Revenue",19532,20769,15678,null,11000,11000,11000]
[null,4086,"SSS Administration Revenue",89560,91279,95183,null,95000,95000,95000,null,"historically reported in account 4080"]
[null,4210,"Rent from Electric Property",216325,204294,210681,null,210000,210000,210000]
[null,4405,"Interest & Dividend Income",{"$f":"D53","v":10836},{"$f":"E53","v":82940},75551,null,{"$f":"H53","v":82000},{"$f":"I53","v":82000},75000]
[]
[]
[]
[null,"Specific Service Charges",null,{"$f":"D13","v":731535},712961,620946,{"$f":"G13","v":0},644000,644000,{"$f":"J13","v":650000}]
[null,"Late Payment Charges",null,203845,203072,207858,{"$f":"G14","v":0},200000,200000,{"$f":"J14","v":200000}]
[null,"Other Operating Revenues",null,{"$f":"SUM(D15:D18)","v":359983},{"$f":"SUM(E15:E18)","v":350668},348841,0,338000,338000,{"$f":"SUM(J15:J18)","v":338000}]
[null,"Other Income or Deductions",null,{"$f":"D19","v":10836},{"$f":"E19","v":82940},75551,0,82000,82000,{"$f":"J19","v":75000}]
[null,"Total",null,{"$f":"SUM(D23:D26)","v":1306199},1349641,1253196,0,1264000,1264000,1263000]
[null,null,null,null,null,null,null,null,null,null,null,null,null,null,null,0]
[null,"Description",null,"Account(s)"]
[null,"Specific Service Charges:",null,4235]
[null,"Late Payment Charges:",null,4225]
[null,"Other Distribution Revenues:",null,"4080, 4082, 4084, 4090, 4205, 4210, 4215, 4220, 4240, 4245"]
[null,"Other Income and Expenses:",null,"4305, 4310, 4315, 4320, 4325, 4330, 4335, 4340, 4345, 4350, 4355, 4360, 4365, 4370, 4375, 4380, 4385, 4390, 4395, 4398, 4405, 4415"]
[]
[]
[null,"Note: Add all applicable accounts listed above to the table and include all relevant information."]
[null,"The above table assumes adoption of MIFRS as of January 1, 2013.  If the adoption year differs, please adjust the table accordingly."]
[]
[]
[null,"Account Breakdown Details"]
[]
[null,"For each \"Other Operating Revenue\" and \"Other Income or Deductions\" Account, a detailed breakdown of the account components is required.  See the example below for Account 4405, Interest and Dividend Income."]
[]
[]
[null,"Account 4405 - Interest and Dividend Income"]
[null,null,null,{"$f":"D10","v":"2009 Actual"},{"$f":"E10","v":"2010 Actual"},{"$f":"F10","v":"2011 Actual²"},{"$f":"G10","v":"2011 Actual²"},"Bridge Year","Bridge Year","Test Year"]
[null,"Reporting Basis",null,{"$f":"IF(ISBLANK(D12), \"\", D12)","v":"CGAAP"},"CGAAP","CGAAP",null,"CGAAP","CGAAP","CGAAP"]
[null,"Short-term Investment Interest"]
[null,"Bank Deposit Interest",null,8789,70541,75551,null,82000,82000,75000]
[null,"Miscellaneous Interest Revenue",null,2047,12399]
[null,"etc.1"]
[]
[null,"Total",null,{"$f":"SUM(D48:D52)","v":10836},82940,75551,0,82000,82000,75000]
[]
[]
[null,"Notes:"]
[null,1,"List and specify any other interest revenue"]
[null,2,"If the applicant is adopting IFRS or an alternate accounting standard as of January 1, 2012 for financial reporting purposes, 2011 must be presented on both a CGAAP and MIFRS (or alternate accounting standard) basis."]
[null,3,"If the applicant is adopting IFRS or an alternate accounting standard as of January 1, 2013 for financial reporting purposes, 2012 must be presented on both a CGAAP and MIFRS (or alternate accounting standard) basis."]

{"sheet":"App.2-G_Detailed_OM&A_Expenses","index":13,"n_rows":139,"n_cols":11,"rows_kept":139,"cut":false,"hidden":false,"merged":[[129,1,129,2],[94,1,94,8],[63,1,63,2],[137,2,137,8],[138,2,138,8],[136,2,136,8],[123,1,123,2],[81,1,81,8],[122,1,122,2],[44,1,44,8],[68,1,68,8],[77,1,77,2],[8,1,8,8],[9,1,9,8],[10,1,10,8],[39,1,39,2],[15,1,15,8],[12,5,12,6]]}
[null,null,null,null,null,null,null,"File Number:",{"$f":"'LDC Info'!$E$18","v":"EB-2012-0160"}]
[null,null,null,null,null,null,null,"Exhibit:",4]
[null,null,null,null,null,null,null,"Tab:",2]
[null,null,null,null,null,null,null,"Schedule:",2]
[]
[]
[]
[]
[null,"Appendix 2-G"]
[null,"Detailed, Account by Account, OM&A Expense Table"]
[null,"(excluding Depreciation and Amortization)"]
[]
[]
[null,"Account","Description",{"$f":"\"Last Rebasing Year (\" & 'LDC Info'!E30 & \" Actuals)\"","v":"Last Rebasing Year (2009 Actuals)"},{"$f":"'LDC Info'!E26-2 & \" Actual\"","v":"2010 Actual"},{"$f":"'LDC Info'!E26-1 & \" Actual\" & CHAR(178)","v":"2011 Actual²"},{"$f":"'LDC Info'!E26-1 & \" Actual\"& CHAR(178)","v":"2011 Actual²"},{"$f":"\"Bridge Year \" & 'LDC Info'!E26& CHAR(179)","v":"Bridge Year 2012³"},"Test Year 2013 - MIFRS Asset policies under",null,"2009 Board Approved"]
[null,"Reporting Basis",null,"CGAAP","CGAAP","CGAAP",null,"CGAAP","CGAAP",null,"CGAAP"]
[null,"Operations"]
[null,5005,"Operation Supervision and Engineering",44039.479999999996,25430,85050,null,121478,121247,null,79985]
[null,5010,"Load Dispatching",270056.02,366423,328055,null,275876,332563,null,224105]
[null,5012,"Station Buildings and Fixtures Expense",124526.76,124582,97716,null,76420,73504,null,86595]
[null,5014,"Transformer Station Equipment - Operation Labour",0,0,0,null,0,0,null,0]
[null,5015,"Transformer Station Equipment - Operation Supplies and Expenses",0,0,0,null,0,0,null,0]
[null,5016,"Distribution Station Equipment - Operation Labour",61221.01,101742,118330,null,122933,181492,null,72747.851044044291]
[null,5017,"Distribution Station Equipment - Operation Supplies and Expenses",110009,112921,124859,null,104320,141100,null,69200.148955955694]
[null,5020,"Overhead Distribution Lines and Feeders - Operation Labour",20622.25,17056,25972,null,68926,51767,null,109404.62012842778]
[null,5025,"Overhead Distribution Lines and Feeders - Operation Supplies and Expenses",10659.41,7511,19854,null,24300,23800,null,14400.37987157223]
[null,5030,"Overhead Sub-transmission Feeders - Operation",16389.46,20576,16471,null,28548,28684,null,33070]
[null,5035,"Overhead Distribution Transformers - Operation",79239.48,1852,1103,null,11241,9685,null,89807]
[null,5040,"Underground Distribution Lines and Feeders - Operation Labour",85020.23,129882,164292,null,157669,166303,null,80031.619576757017]
[null,5045,"Underground Distribution Lines and Feeders - Operation Supplies and Expenses",20575.87,19997,58971,null,42500,67500,null,33000.380423242976]
[null,5050,"Underground Sub-transmission Feeders - Operation",0,0,0,null,0,0,null,0]
[null,5055,"Underground Distribution Transformers - Operation",17765.78,730,1669,null,40426,12060,null,11919]
[null,5060,"Street Lighting and Signal System Expense",0,0,0,null,0,0,null,0]
[null,5065,"Meter Expense",148256.63,193889,200185,null,296153,335758,null,296955]
[null,5070,"Customer Premises - Operation Labour",1064.3600000000001,620,0,null,0,0,null,0]
[null,5075,"Customer Premises - Operation Materials and Expenses",1865.81,0,0,null,0,0,null,0]
[null,5085,"Miscellaneous Distribution Expenses",473363.20000000001,238042,222179,null,278914,394047,null,19565]
[null,5090,"Underground Distribution Lines and Feeders - Rental Paid",0,0,0,null,0,0,null,0]
[null,5095,"Overhead Distribution Lines and Feeders - Rental Paid",0,0,0,null,0,0,null,0]
[null,5096,"Other Rent",0,0,0,null,0,0,null,0]
[null,"Total - Operations",null,{"$f":"SUM(D17:D39)","v":1484674.75},{"$f":"SUM(E17:E39)","v":1361253},{"$f":"SUM(F17:F39)","v":1464706},{"$f":"SUM(G17:G39)","v":0},1649704,{"$f":"SUM(I17:I39)","v":1939510},null,{"$f":"SUM(K17:K39)","v":1220786}]
[]
[]
[null,"Account","Description",{"$f":"D14","v":"Last Rebasing Year (2009 Actuals)"},"2010 Actual","2011 Actual²","2011 Actual²","Bridge Year 2012³","Test Year 2013 - MIFRS Asset policies under",null,"2009 Board Approved"]
[null,"Reporting Basis",null,"CGAAP","CGAAP","CGAAP",null,"CGAAP","CGAAP",null,"CGAAP"]
[null,"Maintenance"]
[null,5105,"Maintenance Supervision and Engineering",0,0,0,null,0,0,null,0]
[null,5110,"Maintenance of Buildings and Fixtures - Distribution Stations",4346.1000000000004,12485,34717,null,40843,37833,null,40087]
[null,5112,"Maintenance of Transformer Station Equipment",0,0,0,null,0,0,null,0]
[null,5114,"Maintenance of Distribution Station Equipment",0,0,0,null,0,0,null,0]
[null,5120,"Maintenance of Poles, Towers and Fixtures",0,0,0,null,0,0,null,0]
[null,5125,"Maintenance of Overhead Conductors and Devices",363559.81,323021,628345,null,444531,480690,null,336304]
[null,5130,"Maintenance of Overhead Services",140532.29,227515,251086,null,180377,209982,null,128108]
[null,5135,"Overhead Distribution Lines and Feeders - Right of Way",233412.9,74990,175650,null,253255,260938,null,198736]
[null,5145,"Maintenance of Underground Conduit",0,0,0,null,0,0,null,0]
[null,5150,"Maintenance of Underground Conductors and Devices",100921.12,79095,54381,null,106987,123877,null,110080]
[null,5155,"Maintenance of Underground Services",125491.31,130531,197492,null,149572,193237,null,79272]
[null,5160,"Maintenance of Line Transformers",121267.72,129247,145848,null,68104,132485,null,119955]
[null,5165,"Maintenance of Street Lighting and Signal Systems",0,0,0,null,0,0,null,0]
[null,5170,"Sentinel Lights - Labour",0,0,0,null,0,0,null,0]
[null,5172,"Sentinel Lights - Materials and Expenses",0,0,0,null,0,0,null,0]
[null,5175,"Maintenance of Meters",2405.0500000000002,0,0,null,1958,1781,null,1777]
[null,5178,"Customer Installations Expenses - Leased Property",0,0,0,null,0,0,null,0]
[null,5195,"Maintenance of Other Installations on Customer Premises",0,0,0,null,0,0,null,0]
[null,"Total - Maintenance",null,{"$f":"SUM(D46:D63)","v":1091936.3},{"$f":"SUM(E46:E63)","v":976884},{"$f":"SUM(F46:F63)","v":1487519},{"$f":"SUM(G46:G63)","v":0},1245627,{"$f":"SUM(I46:I63)","v":1440823},null,{"$f":"SUM(K46:K63)","v":1014319}]
[]
[]
[null,"Account","Description",{"$f":"D43","v":"Last Rebasing Year (2009 Actuals)"},{"$f":"E43","v":"2010 Actual"},{"$f":"F43","v":"2011 Actual²"},{"$f":"G43","v":"2011 Actual²"},"Bridge Year 2012³",{"$f":"I43","v":"Test Year 2013 - MIFRS Asset policies under"},null,"2009 Board Approved"]
[null,"Reporting Basis",null,"CGAAP","CGAAP","CGAAP",null,"CGAAP","CGAAP",null,"CGAAP"]
[null,"Billing and Collecting"]
[null,5305,"Supervision",240914,251449,273856,null,271543,253267,null,276232]
[null,5310,"Meter Reading Expense"]
[null,5315,"Customer Billing",879119,764253,789587,null,{"$f":"908922+37842","v":946764},1080326,null,858850]
[null,5320,"Collecting",779596,677734,681754,null,{"$f":"806026+33558","v":839584},880874,null,761621]
[null,5325,"Collecting - Cash Over and Short",-37,-55,-8]
[null,5330,"Collection Charges"]
[null,5335,"Bad Debt Expense",232960,165760,155097,null,230000,260000,null,130000]
[null,5340,"Miscellaneous Customer Accounts Expenses"]
[null,"Total - Billing and Collecting",null,{"$f":"SUM(D70:D77)","v":2132552},{"$f":"SUM(E70:E77)","v":1859141},{"$f":"SUM(F70:F77)","v":1900286},{"$f":"SUM(G70:G77)","v":0},2287891,{"$f":"SUM(I70:I77)","v":2474467},null,{"$f":"SUM(K70:K77)","v":2026703}]
[]
[]
[null,"Account","Description",{"$f":"D67","v":"Last Rebasing Year (2009 Actuals)"},{"$f":"E67","v":"2010 Actual"},{"$f":"F67","v":"2011 Actual²"},{"$f":"G67","v":"2011 Actual²"},"Bridge Year 2012³",{"$f":"I67","v":"Test Year 2013 - MIFRS Asset policies under"}]
[null,"Community Relations"]
[null,5405,"Supervision"]
[null,5410,"Community Relations - Sundry"]
[null,5415,"Energy Conservation"]
[null,5420,"Community Safety Program"]
[null,5425,"Miscellaneous Customer Service and Informational Expenses"]
[null,5505,"Supervision"]
[null,5510,"Demonstrating and Selling Expense"]
[null,5515,"Advertising Expenses"]
[null,5520,"Miscellaneous Sales Expense"]
[null,"Total - Community Relations",null,{"$f":"SUM(D83:D91)","v":0},{"$f":"SUM(E83:E91)","v":0},{"$f":"SUM(F83:F91)","v":0},{"$f":"SUM(G83:G91)","v":0},0,{"$f":"SUM(I83:I91)","v":0}]
[null,"Account","Description",{"$f":"D81","v":"Last Rebasing Year (2009 Actuals)"},{"$f":"E81","v":"2010 Actual"},{"$f":"F81","v":"2011 Actual²"},{"$f":"G81","v":"2011 Actual²"},"Bridge Year 2012³",{"$f":"I81","v":"Test Year 2013 - MIFRS Asset policies under"},null,"2009 Board Approved"]
[null,"Reporting Basis",null,"CGAAP","CGAAP","CGAAP",null,"CGAAP","CGAAP",null,"CGAAP"]
[null,"Administrative and General Expenses"]
[null,5605,"Executive Salaries and Expenses",174457,221186,229546,null,233219,221609,null,48800]
[null,5610,"Management Salaries and Expenses",null,null,0,null,null,0]
[null,5615,"General Administrative Salaries and Expenses",471249,561423,572290,null,628115,1800642,null,1071464]
[null,5620,"Office Supplies and Expenses",null,null,0,null,null,0,null,48000]
[null,5625,"Administrative Expense Transferred - Credit"]
[null,5630,"Outside Services Employed",163250,162461,178731,null,196939,190689,null,{"$f":"260021-37500","v":222521}]
[null,5635,"Property Insurance",82362,67448,91294,null,96000,110000,null,87000]
[null,5640,"Injuries and Damages",null,null,0,null,null,0]
[null,5645,"OMERS Pensions and Benefits",null,null,0,null,null,0]
[null,5646,"Employee Pensions and OPEB",null,null,0,null,null,0]
[null,5647,"Employee Sick Leave",null,null,0,null,null,0]
[null,5650,"Franchise Requirements",null,null,0,null,null,0]
[null,5655,"Regulatory Expenses",93936,93227,115143,null,120000,121250,null,120000]
[null,5660,"General Advertising Expenses",107382,108432,72655,null,59733,62000,null,40720]
[null,5665,"Miscellaneous General Expenses",78657,69291,78868,null,88800,103802,null,41386]
[null,5670,"Rent",681977,683293,667651,null,735000,739000,null,732407]
[null,5672,"Lease Payment Charge",null,null,0,null,null,0]
[null,5675,"Maintenance of General Plant",null,null,0,null,null,0]
[null,5680,"Electrical Safety Authority Fees",0,14553,14841,null,15000,15000]
[null,5681,"Special Purpose Charge Expense",0,187168,130179,null,0,0]
[null,5685,"Independent Electricity System Operator Fees and Penalties",null,null,0,null,null,0]
[null,5695,"OM&A Contra Account",null,null,0,null,null,0]
[null,6205,"Donations",null,null,0,null,null,0]
[null,6205,"Donations, Sub-account LEAP Funding",0,0,19505,null,20000,20000]
[null,"Total - Administrative and General Expenses",null,{"$f":"SUM(D96:D119)","v":1853270},{"$f":"SUM(E96:E119)","v":2168482},2170703,0,2192806,3383992,null,2412298]
[]
[]
[null,"Total OM&A",null,{"$f":"D40+D64+D78+D92+D120","v":6562433.0499999998},{"$f":"E40+E64+E78+E92+E120","v":6365760},{"$f":"F40+F64+F78+F92+F120","v":7023214},{"$f":"G40+G64+G78+G92+G120","v":0},7376028,{"$f":"I40+I64+I78+I92+I120","v":9238792},null,{"$f":"K40+K64+K78+K92+K120","v":6674106}]
[null,"Adjustments for non-recoverable items"]
[null,5681,"Special Purpose Charge Expense",{"$f":"D115","v":0},{"$f":"E115","v":187168},{"$f":"F115","v":130179},null,0,0]
[null,6205,"Donations1"]
[]
[]
[]
[null,"Total Recoverable OM&A",null,{"$f":"D123-SUM(D125:D129)","v":6562433.0499999998},{"$f":"E123-SUM(E125:E129)","v":6178592},6893035,{"$f":"G123-SUM(G125:G129)","v":0},7376028,9238792,null,{"$f":"+I130-M98","v":9238792}]
[]
[]
[]
[null,"1 Account 6205 - Donations is generally non-recoverable.  However, the sub-account LEAP funding of account 6205 is generally recoverable.",null,null,null,null,null,null,null,null,{"$f":"++K130-D130","v":2676358.9500000002}]
[null,null,null,null,null,null,null,null,null,null,{"$f":"+K134/D130","v":0.40783028636002622}]
[null,"Note:"]
[null,1,"If it has been more than three years since the applicant last filed a cost of service application, additional years of historical actuals should be incorporated into the table, as necessary, to go back to the last cost of service application.  If the applicant last filed a cost of service application less than three years ago, a minimum of three years of actual information is required."]
[null,2,"If the applicant is adopting IFRS or an alternate accounting standard as of January 1, 2012 for financial reporting purposes, 2011 must be presented on both a CGAAP and MIFRS (or alternate accounting standard) basis."]
[null,3,"If the applicant is adopting IFRS or an alternate accounting standard as of January 1, 2013 for financial reporting purposes, 2012 must be presented on both a CGAAP and MIFRS (or alternate accounting standard) basis."]

{"sheet":"App.2-H_OM&A_Detailed_Analysis","index":14,"n_rows":146,"n_cols":10,"rows_kept":146,"cut":false,"hidden":false,"merged":[[8,1,8,9],[9,1,9,9],[10,1,10,9],[40,1,40,2],[16,1,16,9],[13,1,14,1],[13,2,14,2],[13,3,14,3],[13,4,14,4],[13,5,14,5],[13,8,13,9],[13,6,13,7],[43,8,43,9],[68,1,69,1],[68,2,69,2],[68,3,69,3],[68,4,69,4],[68,5,69,5],[43,4,44,4],[43,5,44,5],[43,6,43,7],[68,8,68,9],[43,3,44,3],[68,6,68,7],[43,1,44,1],[43,2,44,2],[142,2,142,9],[143,2,143,9],[128,1,128,2],[84,1,84,9],[100,1,100,9],[135,1,135,2],[129,1,129,2],[97,1,98,1],[97,2,98,2],[97,3,98,3],[97,4,98,4],[97,5,98,5],[97,6,97,7],[97,8,97,9],[83,2,83,9],[46,1,46,9],[71,1,71,9],[80,1,80,2],[65,1,65,2]]}
[null,null,null,null,null,null,null,null,"File Number:",{"$f":"'LDC Info'!$E$18","v":"EB-2012-0160"}]
[null,null,null,null,null,null,null,null,"Exhibit:",4]
[null,null,null,null,null,null,null,null,"Tab:",2]
[null,null,null,null,null,null,null,null,"Schedule:",3]
[null,null,null,null,null,null,null,null,"Page:"]
[]
[null,null,null,null,null,null,null,null,"Date:"]
[]
[null,"Appendix 2-H"]
[null,"OM&A Detailed Variance Analysis"]
[null,"(excluding Depreciation and Amortization)"]
[]
[]
[null,"Account","Description","Last Board-approved Rebasing Year (2009 Year)3","Most Current Actuals               Year 2011",{"$f":"\"Test Year \" & 'LDC Info'!E28","v":"Test Year 2013"},"Test Year Versus Last Rebasing",null,"Test Year Versus Most Current Actuals"]
[null,null,null,null,null,null,"Variance ($)","Percentage Change (%)","Variance ($)","Percentage Change (%)"]
[null,"Reporting Basis",null,"CGAAP","CGAAP","CGAAP"]
[null,"Operations"]
[null,5005,"Operation Supervision and Engineering",79985,{"$f":"'App.2-G_Detailed_OM&A_Expenses'!F17","v":85050},{"$f":"'App.2-G_Detailed_OM&A_Expenses'!I17","v":121247},{"$f":"F18-D18","v":41262},{"$f":"IF(D18=0,\"\",(F18/D18)-1)","v":0.51587172594861541},{"$f":"F18-E18","v":36197},{"$f":"IF(E18=0,\"\",(F18/E18)-1)","v":0.42559670781893}]
[null,5010,"Load Dispatching",224105,{"$f":"'App.2-G_Detailed_OM&A_Expenses'!F18","v":328055},{"$f":"'App.2-G_Detailed_OM&A_Expenses'!I18","v":332563},{"$f":"F19-D19","v":108458},{"$f":"IF(D19=0,\"\",(F19/D19)-1)","v":0.48396064344838363},{"$f":"F19-E19","v":4508},{"$f":"IF(E19=0,\"\",(F19/E19)-1)","v":1.3741598207617667E-2}]
[null,5012,"Station Buildings and Fixtures Expense",86595,{"$f":"'App.2-G_Detailed_OM&A_Expenses'!F19","v":97716},{"$f":"'App.2-G_Detailed_OM&A_Expenses'!I19","v":73504},-13091,-0.15117501010450951,-24212,-0.24777927872610417]
[null,5014,"Transformer Station Equipment - Operation Labour",0,{"$f":"'App.2-G_Detailed_OM&A_Expenses'!F20","v":0},{"$f":"'App.2-G_Detailed_OM&A_Expenses'!I20","v":0},0,"",0,""]
[null,5015,"Transformer Station Equipment - Operation Supplies and Expenses",0,{"$f":"'App.2-G_Detailed_OM&A_Expenses'!F21","v":0},{"$f":"'App.2-G_Detailed_OM&A_Expenses'!I21","v":0},0,"",0,""]
[null,5016,"Distribution Station Equipment - Operation Labour",72747.851044044291,{"$f":"'App.2-G_Detailed_OM&A_Expenses'!F22","v":118330},{"$f":"'App.2-G_Detailed_OM&A_Expenses'!I22","v":181492},108744.14895595571,1.4948090891388381,63162,0.53377841629341671]
[null,5017,"Distribution Station Equipment - Operation Supplies and Expenses",69200.148955955694,{"$f":"'App.2-G_Detailed_OM&A_Expenses'!F23","v":124859},{"$f":"'App.2-G_Detailed_OM&A_Expenses'!I23","v":141100},71899.851044044306,1.0390129519779925,16241,0.13007472428899791]
[null,5020,"Overhead Distribution Lines and Feeders - Operation Labour",109404.62012842778,{"$f":"'App.2-G_Detailed_OM&A_Expenses'!F24","v":25972},{"$f":"'App.2-G_Detailed_OM&A_Expenses'!I24","v":51767},-57637.620128427778,-0.52682985472430865,25795,0.99318496842753734]
[null,5025,"Overhead Distribution Lines and Feeders - Operation Supplies and Expenses",14400.37987157223,{"$f":"'App.2-G_Detailed_OM&A_Expenses'!F25","v":19854},{"$f":"'App.2-G_Detailed_OM&A_Expenses'!I25","v":23800},9399.6201284277704,0.65273417869924022,3946,0.19875088143447162]
[null,5030,"Overhead Sub-transmission Feeders - Operation",33070,{"$f":"'App.2-G_Detailed_OM&A_Expenses'!F26","v":16471},{"$f":"'App.2-G_Detailed_OM&A_Expenses'!I26","v":28684},-4386,-0.13262775929845783,12213,0.74148503430271395]
[null,5035,"Overhead Distribution Transformers - Operation",89807,{"$f":"'App.2-G_Detailed_OM&A_Expenses'!F27","v":1103},{"$f":"'App.2-G_Detailed_OM&A_Expenses'!I27","v":9685},-80122,-0.89215762691104261,8582,7.7805983680870359]
[null,5040,"Underground Distribution Lines and Feeders - Operation Labour",80031.619576757017,{"$f":"'App.2-G_Detailed_OM&A_Expenses'!F28","v":164292},{"$f":"'App.2-G_Detailed_OM&A_Expenses'!I28","v":166303},86271.380423242983,1.077966194855041,2011,1.224040123682224E-2]
[null,5045,"Underground Distribution Lines and Feeders - Operation Supplies and Expenses",33000.380423242976,{"$f":"'App.2-G_Detailed_OM&A_Expenses'!F29","v":58971},{"$f":"'App.2-G_Detailed_OM&A_Expenses'!I29","v":67500},34499.619576757024,1.0454309657732943,8529,0.14463041155822354]
[null,5050,"Underground Sub-transmission Feeders - Operation",0,{"$f":"'App.2-G_Detailed_OM&A_Expenses'!F30","v":0},{"$f":"'App.2-G_Detailed_OM&A_Expenses'!I30","v":0},0,"",0,""]
[null,5055,"Underground Distribution Transformers - Operation",11919,{"$f":"'App.2-G_Detailed_OM&A_Expenses'!F31","v":1669},{"$f":"'App.2-G_Detailed_OM&A_Expenses'!I31","v":12060},141,1.1829851497608956E-2,10391,6.2258837627321748]
[null,5060,"Street Lighting and Signal System Expense",0,{"$f":"'App.2-G_Detailed_OM&A_Expenses'!F32","v":0},{"$f":"'App.2-G_Detailed_OM&A_Expenses'!I32","v":0},0,"",0,""]
[null,5065,"Meter Expense",296955,{"$f":"'App.2-G_Detailed_OM&A_Expenses'!F33","v":200185},{"$f":"'App.2-G_Detailed_OM&A_Expenses'!I33","v":335758},38803,0.13066963007863142,135573,0.67723855433723812]
[null,5070,"Customer Premises - Operation Labour",0,{"$f":"'App.2-G_Detailed_OM&A_Expenses'!F34","v":0},{"$f":"'App.2-G_Detailed_OM&A_Expenses'!I34","v":0},0,"",0,""]
[null,5075,"Customer Premises - Operation Materials and Expenses",0,{"$f":"'App.2-G_Detailed_OM&A_Expenses'!F35","v":0},{"$f":"'App.2-G_Detailed_OM&A_Expenses'!I35","v":0},0,"",0,""]
[null,5085,"Miscellaneous Distribution Expenses",19565,{"$f":"'App.2-G_Detailed_OM&A_Expenses'!F36","v":222179},{"$f":"'App.2-G_Detailed_OM&A_Expenses'!I36","v":394047},374482,19.140403782264247,171868,0.77355645673083417]
[null,5090,"Underground Distribution Lines and Feeders - Rental Paid",0,{"$f":"'App.2-G_Detailed_OM&A_Expenses'!F37","v":0},{"$f":"'App.2-G_Detailed_OM&A_Expenses'!I37","v":0},0,"",0,""]
[null,5095,"Overhead Distribution Lines and Feeders - Rental Paid",0,{"$f":"'App.2-G_Detailed_OM&A_Expenses'!F38","v":0},{"$f":"'App.2-G_Detailed_OM&A_Expenses'!I38","v":0},0,"",0,""]
[null,5096,"Other Rent",0,{"$f":"'App.2-G_Detailed_OM&A_Expenses'!F39","v":0},{"$f":"'App.2-G_Detailed_OM&A_Expenses'!I39","v":0},0,"",0,""]
[null,"Total - Operations",null,{"$f":"SUM(D18:D40)","v":1220786},{"$f":"SUM(E18:E40)","v":1464706},{"$f":"SUM(F18:F40)","v":1939510},{"$f":"F41-D41","v":718724},0.58873873062109161,474804,0.32416334745675934]
[]
[]
[null,"Account","Description",{"$f":"D$14","v":"Last Board-approved Rebasing Year (2009 Year)3"},{"$f":"E$14","v":"Most Current Actuals               Year 2011"},{"$f":"F$14","v":"Test Year 2013"},"Test Year Versus Last Rebasing",null,"Test Year Versus Most Current Actuals"]
[null,null,null,null,null,null,"Variance ($)","Percentage Change (%)","Variance ($)","Percentage Change (%)"]
[null,"Reporting Basis",null,"CGAAP","CGAAP","CGAAP"]
[null,"Maintenance"]
[null,5105,"Maintenance Supervision and Engineering",0,{"$f":"'App.2-G_Detailed_OM&A_Expenses'!F46","v":0},{"$f":"'App.2-G_Detailed_OM&A_Expenses'!I46","v":0},{"$f":"F48-D48","v":0},{"$f":"IF(D48=0,\"\",(F48/D48)-1)","v":""},{"$f":"F48-E48","v":0},{"$f":"IF(E48=0,\"\",(F48/E48)-1)","v":""}]
[null,5110,"Maintenance of Buildings and Fixtures - Distribution Stations",40087,{"$f":"'App.2-G_Detailed_OM&A_Expenses'!F47","v":34717},{"$f":"'App.2-G_Detailed_OM&A_Expenses'!I47","v":37833},-2254,-5.6227704742185747E-2,3116,8.9754299046576502E-2]
[null,5112,"Maintenance of Transformer Station Equipment",0,{"$f":"'App.2-G_Detailed_OM&A_Expenses'!F48","v":0},{"$f":"'App.2-G_Detailed_OM&A_Expenses'!I48","v":0},0,"",0,""]
[null,5114,"Maintenance of Distribution Station Equipment",0,{"$f":"'App.2-G_Detailed_OM&A_Expenses'!F49","v":0},{"$f":"'App.2-G_Detailed_OM&A_Expenses'!I49","v":0},0,"",0,""]
[null,5120,"Maintenance of Poles, Towers and Fixtures",0,{"$f":"'App.2-G_Detailed_OM&A_Expenses'!F50","v":0},{"$f":"'App.2-G_Detailed_OM&A_Expenses'!I50","v":0},0,"",0,""]
[null,5125,"Maintenance of Overhead Conductors and Devices",336304,{"$f":"'App.2-G_Detailed_OM&A_Expenses'!F51","v":628345},{"$f":"'App.2-G_Detailed_OM&A_Expenses'!I51","v":480690},144386,0.42933179504258057,-147655,-0.23499033174450346]
[null,5130,"Maintenance of Overhead Services",128108,{"$f":"'App.2-G_Detailed_OM&A_Expenses'!F52","v":251086},{"$f":"'App.2-G_Detailed_OM&A_Expenses'!I52","v":209982},81874,0.63910138320791843,-41104,-0.16370486606182744]
[null,5135,"Overhead Distribution Lines and Feeders - Right of Way",198736,{"$f":"'App.2-G_Detailed_OM&A_Expenses'!F53","v":175650},{"$f":"'App.2-G_Detailed_OM&A_Expenses'!I53","v":260938},62202,0.31298808469527417,85288,0.48555650441218323]
[null,5145,"Maintenance of Underground Conduit",0,{"$f":"'App.2-G_Detailed_OM&A_Expenses'!F54","v":0},{"$f":"'App.2-G_Detailed_OM&A_Expenses'!I54","v":0},0,"",0,""]
[null,5150,"Maintenance of Underground Conductors and Devices",110080,{"$f":"'App.2-G_Detailed_OM&A_Expenses'!F55","v":54381},{"$f":"'App.2-G_Detailed_OM&A_Expenses'!I55","v":123877},13797,0.12533611918604648,69496,1.277946341553116]
[null,5155,"Maintenance of Underground Services",79272,{"$f":"'App.2-G_Detailed_OM&A_Expenses'!F56","v":197492},{"$f":"'App.2-G_Detailed_OM&A_Expenses'!I56","v":193237},113965,1.4376450701382582,-4255,-2.1545176513478981E-2]
[null,5160,"Maintenance of Line Transformers",119955,{"$f":"'App.2-G_Detailed_OM&A_Expenses'!F57","v":145848},{"$f":"'App.2-G_Detailed_OM&A_Expenses'!I57","v":132485},12530,0.10445583760576893,-13363,-9.1622785365586101E-2]
[null,5165,"Maintenance of Street Lighting and Signal Systems",0,{"$f":"'App.2-G_Detailed_OM&A_Expenses'!F58","v":0},{"$f":"'App.2-G_Detailed_OM&A_Expenses'!I58","v":0},0,"",0,""]
[null,5170,"Sentinel Lights - Labour",0,{"$f":"'App.2-G_Detailed_OM&A_Expenses'!F59","v":0},{"$f":"'App.2-G_Detailed_OM&A_Expenses'!I59","v":0},0,"",0,""]
[null,5172,"Sentinel Lights - Materials and Expenses",0,{"$f":"'App.2-G_Detailed_OM&A_Expenses'!F60","v":0},{"$f":"'App.2-G_Detailed_OM&A_Expenses'!I60","v":0},0,"",0,""]
[null,5175,"Maintenance of Meters",1777,{"$f":"'App.2-G_Detailed_OM&A_Expenses'!F61","v":0},{"$f":"'App.2-G_Detailed_OM&A_Expenses'!I61","v":1781},4,2.2509848058525073E-3,1781,""]
[null,5178,"Customer Installations Expenses - Leased Property",0,{"$f":"'App.2-G_Detailed_OM&A_Expenses'!F62","v":0},{"$f":"'App.2-G_Detailed_OM&A_Expenses'!I62","v":0},0,"",0,""]
[null,5195,"Maintenance of Other Installations on Customer Premises",0,{"$f":"'App.2-G_Detailed_OM&A_Expenses'!F63","v":0},{"$f":"'App.2-G_Detailed_OM&A_Expenses'!I63","v":0},0,"",0,""]
[null,"Total - Maintenance",null,{"$f":"SUM(D48:D65)","v":1014319},{"$f":"SUM(E48:E65)","v":1487519},{"$f":"SUM(F48:F65)","v":1440823},{"$f":"F66-D66","v":426504},0.42048310245593346,-46696,-3.1391867935804507E-2]
[]
[]
[null,"Account","Description",{"$f":"D$14","v":"Last Board-approved Rebasing Year (2009 Year)3"},{"$f":"E$14","v":"Most Current Actuals               Year 2011"},{"$f":"F$14","v":"Test Year 2013"},"Test Year Versus Last Rebasing",null,"Test Year Versus Most Current Actuals"]
[null,null,null,null,null,null,"Variance ($)","Percentage Change (%)","Variance ($)","Percentage Change (%)"]
[null,"Reporting Basis",null,"CGAAP","CGAAP","CGAAP"]
[null,"Billing and Collecting"]
[null,5305,"Supervision",276232,{"$f":"'App.2-G_Detailed_OM&A_Expenses'!F70","v":273856},{"$f":"'App.2-G_Detailed_OM&A_Expenses'!I70","v":253267},{"$f":"F73-D73","v":-22965},{"$f":"IF(D73=0,\"\",(F73/D73)-1)","v":-8.3136638767412951E-2},{"$f":"F73-E73","v":-20589},{"$f":"IF(E73=0,\"\",(F73/E73)-1)","v":-7.5181847394251045E-2}]
[null,5310,"Meter Reading Expense",null,{"$f":"'App.2-G_Detailed_OM&A_Expenses'!F71","v":0},{"$f":"'App.2-G_Detailed_OM&A_Expenses'!I71","v":0},0,"",0,""]
[null,5315,"Customer Billing",858850,{"$f":"'App.2-G_Detailed_OM&A_Expenses'!F72","v":789587},{"$f":"'App.2-G_Detailed_OM&A_Expenses'!I72","v":1080326},221476,0.25787506549455674,290739,0.36821654865138354]
[null,5320,"Collecting",761621,{"$f":"'App.2-G_Detailed_OM&A_Expenses'!F73","v":681754},{"$f":"'App.2-G_Detailed_OM&A_Expenses'!I73","v":880874},119253,0.1565778779734277,199120,0.29207016020441401]
[null,5325,"Collecting - Cash Over and Short",null,{"$f":"'App.2-G_Detailed_OM&A_Expenses'!F74","v":-8},{"$f":"'App.2-G_Detailed_OM&A_Expenses'!I74","v":0},0,"",8,-1]
[null,5330,"Collection Charges",null,{"$f":"'App.2-G_Detailed_OM&A_Expenses'!F75","v":0},{"$f":"'App.2-G_Detailed_OM&A_Expenses'!I75","v":0},0,"",0,""]
[null,5335,"Bad Debt Expense",130000,{"$f":"'App.2-G_Detailed_OM&A_Expenses'!F76","v":155097},{"$f":"'App.2-G_Detailed_OM&A_Expenses'!I76","v":260000},130000,1,104903,0.67637027150750817]
[null,5340,"Miscellaneous Customer Accounts Expenses",null,{"$f":"'App.2-G_Detailed_OM&A_Expenses'!F77","v":0},{"$f":"'App.2-G_Detailed_OM&A_Expenses'!I77","v":0},0,"",0,""]
[null,"Total - Billing and Collecting",null,{"$f":"SUM(D73:D80)","v":2026703},{"$f":"SUM(E73:E80)","v":1900286},{"$f":"SUM(F73:F80)","v":2474467},447764,0.22093222341902097,574181,0.30215504403021431]
[]
[]
[null,"Account","Description"]
[null,"Community Relations"]
[null,5405,"Supervision",null,null,null,{"$f":"F86-D86","v":0},{"$f":"IF(D86=0,\"\",(F86/D86)-1)","v":""},{"$f":"F86-E86","v":0},{"$f":"IF(E86=0,\"\",(F86/E86)-1)","v":""}]
[null,5410,"Community Relations - Sundry",null,null,null,0,"",0,""]
[null,5415,"Energy Conservation",null,null,null,0,"",0,""]
[null,5420,"Community Safety Program",null,null,null,0,"",0,""]
[null,5425,"Miscellaneous Customer Service and Informational Expenses",null,null,null,0,"",0,""]
[null,5505,"Supervision",null,null,null,0,"",0,""]
[null,5510,"Demonstrating and Selling Expense",null,null,null,0,"",0,""]
[null,5515,"Advertising Expenses",null,null,null,0,"",0,""]
[null,5520,"Miscellaneous Sales Expense",null,null,null,0,"",0,""]
[null,"Total - Community Relations",null,{"$f":"SUM(D86:D94)","v":0},{"$f":"SUM(E86:E94)","v":0},{"$f":"SUM(F86:F94)","v":0},0,"",0,""]
[]
[]
[null,"Account","Description",{"$f":"D$14","v":"Last Board-approved Rebasing Year (2009 Year)3"},{"$f":"E$14","v":"Most Current Actuals               Year 2011"},{"$f":"F$14","v":"Test Year 2013"},"Test Year Versus Last Rebasing",null,"Test Year Versus Most Current Actuals"]
[null,null,null,null,null,null,"Variance ($)","Percentage Change (%)","Variance ($)","Percentage Change (%)"]
[null,"Reporting Basis",null,"CGAAP","CGAAP","CGAAP"]
[null,"Administrative and General Expenses"]
[null,5605,"Executive Salaries and Expenses",48800,{"$f":"'App.2-G_Detailed_OM&A_Expenses'!F96","v":229546},{"$f":"'App.2-G_Detailed_OM&A_Expenses'!I96","v":221609},{"$f":"F102-D102","v":172809},{"$f":"IF(D102=0,\"\",(F102/D102)-1)","v":3.5411680327868851},{"$f":"F102-E102","v":-7937},{"$f":"IF(E102=0,\"\",(F102/E102)-1)","v":-3.4576947539926683E-2}]
[null,5610,"Management Salaries and Expenses",null,{"$f":"'App.2-G_Detailed_OM&A_Expenses'!F97","v":0},{"$f":"'App.2-G_Detailed_OM&A_Expenses'!I97","v":0},0,"",0,""]
[null,5615,"General Administrative Salaries and Expenses",1071464,{"$f":"'App.2-G_Detailed_OM&A_Expenses'!F98","v":572290},{"$f":"'App.2-G_Detailed_OM&A_Expenses'!I98","v":1800642},729178,0.68054363002396712,1228352,2.1463803316500374]
[null,5620,"Office Supplies and Expenses",48000,{"$f":"'App.2-G_Detailed_OM&A_Expenses'!F99","v":0},{"$f":"'App.2-G_Detailed_OM&A_Expenses'!I99","v":0},-48000,-1,0,""]
[null,5625,"Administrative Expense Transferred - Credit",null,{"$f":"'App.2-G_Detailed_OM&A_Expenses'!F100","v":0},{"$f":"'App.2-G_Detailed_OM&A_Expenses'!I100","v":0},0,"",0,""]
[null,5630,"Outside Services Employed",{"$f":"260021-37500","v":222521},{"$f":"'App.2-G_Detailed_OM&A_Expenses'!F101","v":178731},{"$f":"'App.2-G_Detailed_OM&A_Expenses'!I101","v":190689},-31832,-0.14305166703367322,11958,6.6905013679775749E-2]
[null,5635,"Property Insurance",87000,{"$f":"'App.2-G_Detailed_OM&A_Expenses'!F102","v":91294},{"$f":"'App.2-G_Detailed_OM&A_Expenses'!I102","v":110000},23000,0.26436781609195403,18706,0.20489845992069577]
[null,5640,"Injuries and Damages",null,{"$f":"'App.2-G_Detailed_OM&A_Expenses'!F103","v":0},{"$f":"'App.2-G_Detailed_OM&A_Expenses'!I103","v":0},0,"",0,""]
[null,5645,"OMERS Pensions and Benefits",null,{"$f":"'App.2-G_Detailed_OM&A_Expenses'!F104","v":0},{"$f":"'App.2-G_Detailed_OM&A_Expenses'!I104","v":0},0,"",0,""]
[null,5646,"Employee Pensions and OPEB",null,{"$f":"'App.2-G_Detailed_OM&A_Expenses'!F105","v":0},{"$f":"'App.2-G_Detailed_OM&A_Expenses'!I105","v":0},0,"",{"$f":"F111-E111","v":0},{"$f":"IF(E111=0,\"\",(F111/E111)-1)","v":""}]
[null,5647,"Employee Sick Leave",null,{"$f":"'App.2-G_Detailed_OM&A_Expenses'!F106","v":0},{"$f":"'App.2-G_Detailed_OM&A_Expenses'!I106","v":0},0,"",0,""]
[null,5650,"Franchise Requirements",null,{"$f":"'App.2-G_Detailed_OM&A_Expenses'!F107","v":0},{"$f":"'App.2-G_Detailed_OM&A_Expenses'!I107","v":0},0,"",0,""]
[null,5655,"Regulatory Expenses",120000,{"$f":"'App.2-G_Detailed_OM&A_Expenses'!F108","v":115143},{"$f":"'App.2-G_Detailed_OM&A_Expenses'!I108","v":121250},1250,1.0416666666666741E-2,6107,5.3038395734000376E-2]
[null,5660,"General Advertising Expenses",40720,{"$f":"'App.2-G_Detailed_OM&A_Expenses'!F109","v":72655},{"$f":"'App.2-G_Detailed_OM&A_Expenses'!I109","v":62000},21280,0.52259332023575644,-10655,-0.14665198541050173]
[null,5665,"Miscellaneous General Expenses",41386,{"$f":"'App.2-G_Detailed_OM&A_Expenses'!F110","v":78868},{"$f":"'App.2-G_Detailed_OM&A_Expenses'!I110","v":103802},62416,1.5081428502392114,24934,0.3161485012933003]
[null,5670,"Rent",732407,{"$f":"'App.2-G_Detailed_OM&A_Expenses'!F111","v":667651},{"$f":"'App.2-G_Detailed_OM&A_Expenses'!I111","v":739000},6593,9.0018254877410886E-3,{"$f":"F117-E117","v":71349},0.10686571277508761]
[null,5672,"Lease Payment Charge",null,{"$f":"'App.2-G_Detailed_OM&A_Expenses'!F112","v":0},{"$f":"'App.2-G_Detailed_OM&A_Expenses'!I112","v":0},0,"",0]
[null,5675,"Maintenance of General Plant",null,{"$f":"'App.2-G_Detailed_OM&A_Expenses'!F113","v":0},{"$f":"'App.2-G_Detailed_OM&A_Expenses'!I113","v":0},0,"",0,""]
[null,5680,"Electrical Safety Authority Fees",null,{"$f":"'App.2-G_Detailed_OM&A_Expenses'!F114","v":14841},{"$f":"'App.2-G_Detailed_OM&A_Expenses'!I114","v":15000},15000,"",159,1.0713563776025836E-2]
[null,5681,"Special Purpose Charge Expense",null,{"$f":"'App.2-G_Detailed_OM&A_Expenses'!F115","v":130179},{"$f":"'App.2-G_Detailed_OM&A_Expenses'!I115","v":0},0,"",-130179]
[null,5685,"Independent Electricity System Operator Fees and Penalties",null,{"$f":"'App.2-G_Detailed_OM&A_Expenses'!F116","v":0},{"$f":"'App.2-G_Detailed_OM&A_Expenses'!I116","v":0},0,"",0,""]
[null,5695,"OM&A Contra Account",null,{"$f":"'App.2-G_Detailed_OM&A_Expenses'!F117","v":0},{"$f":"'App.2-G_Detailed_OM&A_Expenses'!I117","v":0},0,"",0,""]
[null,6205,"Donations",null,{"$f":"'App.2-G_Detailed_OM&A_Expenses'!F118","v":0},{"$f":"'App.2-G_Detailed_OM&A_Expenses'!I118","v":0},0,"",{"$f":"F124-E124","v":0},{"$f":"IF(E124=0,\"\",(F124/E124)-1)","v":""}]
[null,6205,"Donations, Sub-account LEAP Funding",null,{"$f":"'App.2-G_Detailed_OM&A_Expenses'!F119","v":19505},{"$f":"'App.2-G_Detailed_OM&A_Expenses'!I119","v":20000},20000,"",495,2.5378108177390502E-2]
[null,"Total - Administrative and General Expenses",null,{"$f":"SUM(D102:D125)","v":2412298},{"$f":"SUM(E102:E125)","v":2170703},{"$f":"SUM(F102:F125)","v":3383992},971694,0.40280844240636937,1213289,0.55893827944218999]
[]
[]
[null,"Total OM&A",null,{"$f":"D126+D95+D81+D66+D41","v":6674106},{"$f":"E126+E95+E81+E66+E41","v":7023214},{"$f":"F126+F95+F81+F66+F41","v":9238792},{"$f":"F129-D129","v":2564686},{"$f":"IF(D129=0,\"\",(F129/D129)-1)","v":0.384274088544593},2215578,0.31546497088085323]
[null,"Adjustments for non-recoverable items"]
[null,5681,"Special Purpose Charge Expense",{"$f":"D121","v":0},{"$f":"E121","v":130179},{"$f":"F121","v":0},{"$f":"F131-D131","v":0},{"$f":"IF(D131=0,\"\",(F131/D131)-1)","v":""},{"$f":"F131-E131","v":-130179},{"$f":"IF(E131=0,\"\",(F131/E131)-1)","v":-1}]
[null,6205,"Donations1",{"$f":"D124","v":0},{"$f":"E124","v":0},{"$f":"F124","v":0},{"$f":"F132-D132","v":0},"",{"$f":"F132-E132","v":0},{"$f":"IF(E132=0,\"\",(F132/E132)-1)","v":""}]
[null,null,null,null,null,null,{"$f":"F133-D133","v":0},"",{"$f":"F133-E133","v":0},{"$f":"IF(E133=0,\"\",(F133/E133)-1)","v":""}]
[null,null,null,null,null,null,{"$f":"F134-D134","v":0},"",{"$f":"F134-E134","v":0},{"$f":"IF(E134=0,\"\",(F134/E134)-1)","v":""}]
[null,null,null,null,null,null,{"$f":"F135-D135","v":0},"",{"$f":"F135-E135","v":0},{"$f":"IF(E135=0,\"\",(F135/E135)-1)","v":""}]
[null,"Total Recoverable OM&A",null,{"$f":"D129-SUM(D131:D135)","v":6674106},{"$f":"E129-SUM(E131:E135)","v":6893035},9238792,2564686,0.384274088544593,2345757,{"$f":"IF(E136=0,\"\",(F136/E136)-1)","v":0.34030829670819895}]
[]
[null,"1 Account 6205 - Donations is generally non-recoverable.  However, the sub-account LEAP funding of account 6205 is generally recoverable."]
[]
[]
[null,"Note:"]
[]
[null,1,"If the applicant is adopting IFRS or an alternate accounting standard as of January 1, 2013 for financial reporting purposes, Column D \"Most Current Actual Year\" must be provided on CGAAP."]
[null,2,"If the applicant is adopting IFRS or an alternate accounting standard as of January 1, 2012 for financial reporting purposes, Column D \"Most Current Actual Year\" must be provided on that standard."]
[null,3,"After the 2009 Cost of Service, PDI remapped a number of accounts in Operating and Maintenance. The remapped 2009 Board Approved O&M has been provided for detailed account analysis purposes."]
[null,null,"Refer to Exhibit 1 for details"]

{"sheet":"App.2-I_OM&A_Summary_Analys","index":15,"n_rows":60,"n_cols":17,"rows_kept":60,"cut":false,"hidden":false,"merged":[[62,2,63,6],[57,1,58,12],[8,1,8,7],[9,1,9,7],[25,1,25,6]]}
[null,null,null,null,null,null,null,null,null,null,null,"File Number:",{"$f":"'LDC Info'!$E$18","v":"EB-2012-0160"}]
[null,null,null,null,null,null,null,null,null,null,null,"Exhibit:",4]
[null,null,null,null,null,null,null,null,null,null,null,"Tab:",1]
[null,null,null,null,null,null,null,null,null,null,null,"Schedule:",1]
[null,null,null,null,null,null,null,null,null,null,null,"Page:"]
[]
[null,null,null,null,null,null,null,null,null,null,null,"Date:"]
[]
[null,"Appendix 2-I"]
[null,"Summary of Recoverable OM&A Expenses"]
[]
[]
[null,null,{"$f":"\"Last Rebasing Year (\" & 'LDC Info'!E30 & \" BA)\"","v":"Last Rebasing Year (2009 BA)"},{"$f":"\"Last Rebasing Year (\" & 'LDC Info'!E30 & \" Actuals)\"","v":"Last Rebasing Year (2009 Actuals)"},{"$f":"'LDC Info'!E26 -2 & \" Actuals\"","v":"2010 Actuals"},{"$f":"'LDC Info'!E26 -1 & \" Actuals\"","v":"2011 Actuals"},{"$f":"'LDC Info'!E26 & \" Bridge Year\"","v":"2012 Bridge Year"},{"$f":"'LDC Info'!E28 & \" Test Year\"","v":"2013 Test Year"}]
[null,"Reporting Basis","CGAAP","CGAAP","CGAAP","CGAAP","CGAAP","CGAAP"]
[null,"Operations",{"$f":"'App.2-H_OM&A_Detailed_Analysis'!D41","v":1220786},{"$f":"'App.2-G_Detailed_OM&A_Expenses'!D40","v":1484674.75},{"$f":"'App.2-G_Detailed_OM&A_Expenses'!E40","v":1361253},{"$f":"'App.2-G_Detailed_OM&A_Expenses'!F40","v":1464706},{"$f":"'App.2-G_Detailed_OM&A_Expenses'!H40","v":1649704},{"$f":"'App.2-G_Detailed_OM&A_Expenses'!I40","v":1939510}]
[null,"Maintenance",{"$f":"'App.2-H_OM&A_Detailed_Analysis'!D66","v":1014319},{"$f":"'App.2-G_Detailed_OM&A_Expenses'!D64","v":1091936.3},{"$f":"'App.2-G_Detailed_OM&A_Expenses'!E64","v":976884},{"$f":"'App.2-G_Detailed_OM&A_Expenses'!F64","v":1487519},{"$f":"'App.2-G_Detailed_OM&A_Expenses'!H64","v":1245627},{"$f":"'App.2-G_Detailed_OM&A_Expenses'!I64","v":1440823}]
[null,"SubTotal",{"$f":"SUM(C15:C16)","v":2235105},{"$f":"SUM(D15:D16)","v":2576611.0499999998},2338137,2952225,2895331,3380333,null,null,null,null,null,null,null,0.11,"Wages 4 years"]
[null,"%Change (year over year)",null,null,{"$f":"IF(ISERROR((E17-D17)/D17), \"\", (E17-D17)/D17)","v":-9.2553375489094411E-2},{"$f":"IF(ISERROR((F17-E17)/E17), \"\", (F17-E17)/E17)","v":0.26263987097419866},-1.9271566360965036E-2,{"$f":"IF(ISERROR((H17-#REF!)/#REF!), \"\", (H17-#REF!)/#REF!)","v":""},null,null,null,null,null,null,null,{"$f":"O18/D17","v":0},"3 New positions - Field Tech, Lineman, Engineer"]
[null,"%Change (Test Year vs \nLast Rebasing Year - Actual)",null,null,null,null,null,{"$f":"IF(ISERROR((H17-D17)/D17), \"\", (H17-D17)/D17)","v":0.31192987005159362},null,null,null,null,null,null,null,{"$f":"O19/D17","v":0},"OMERS increases"]
[null,"Billing and Collecting",{"$f":"'App.2-H_OM&A_Detailed_Analysis'!D81","v":2026703},{"$f":"'App.2-G_Detailed_OM&A_Expenses'!D78","v":2132552},{"$f":"'App.2-G_Detailed_OM&A_Expenses'!E78","v":1859141},{"$f":"'App.2-G_Detailed_OM&A_Expenses'!F78","v":1900286},{"$f":"'App.2-G_Detailed_OM&A_Expenses'!H78","v":2287891},{"$f":"'App.2-G_Detailed_OM&A_Expenses'!I78","v":2474467},null,null,null,null,null,null,null,null,"Storm Damage/Breakdowns"]
[null,"Community Relations",null,null,null,null,null,null,null,null,null,null,null,null,null,null,"Locates"]
[null,"Administrative and General",{"$f":"'App.2-H_OM&A_Detailed_Analysis'!D126","v":2412298},{"$f":"'App.2-G_Detailed_OM&A_Expenses'!D120-'App.2-G_Detailed_OM&A_Expenses'!D125","v":1853270},{"$f":"'App.2-G_Detailed_OM&A_Expenses'!E120-'App.2-G_Detailed_OM&A_Expenses'!E125","v":1981314},{"$f":"'App.2-G_Detailed_OM&A_Expenses'!F120-'App.2-G_Detailed_OM&A_Expenses'!F125","v":2040524},{"$f":"'App.2-G_Detailed_OM&A_Expenses'!H120-'App.2-G_Detailed_OM&A_Expenses'!H125","v":2192806},{"$f":"'App.2-G_Detailed_OM&A_Expenses'!I120-'App.2-G_Detailed_OM&A_Expenses'!I125","v":3383992}]
[null,"SubTotal",{"$f":"SUM(C20:C22)","v":4439001},3985822,3840455,3940810,4480697,5858459,null,null,null,null,null,null,null,null,"Remaining Variance"]
[null,"%Change (year over year)",null,null,{"$f":"IF(ISERROR((E23-D23)/D23), \"\", (E23-D23)/D23)","v":-3.6471021535833766E-2},{"$f":"IF(ISERROR((F23-E23)/E23), \"\", (F23-E23)/E23)","v":2.6131018329859354E-2},{"$f":"IF(ISERROR((G23-F23)/F23), \"\", (G23-F23)/F23)","v":0.13699899259289333},{"$f":"IF(ISERROR((H23-#REF!)/#REF!), \"\", (H23-#REF!)/#REF!)","v":""}]
[null,"%Change (Test Year vs \nLast Rebasing Year - Actual)",null,null,null,null,null,{"$f":"IF(ISERROR((H23-D23)/D23), \"\", (H23-D23)/D23)","v":0.4698245430929931}]
[null,"%Change (Test Year vs \nLast Rebasing Year - Actual) excl Capitalized Administration",null,null,null,null,null,{"$f":"IF(ISERROR((H23-#REF!-D23)/D23), \"\", (H23-#REF!-D23)/D23)","v":""}]
[null,"Total",{"$f":"SUM(C23,C17)","v":6674106},6562433.0499999998,6178592,6893035,7376028,9238792]
[null,"%Change (year over year)",null,null,{"$f":"IF(ISERROR((E27-D27)/D27), \"\", (E27-D27)/D27)","v":-5.8490661478062596E-2},{"$f":"IF(ISERROR((F27-E27)/E27), \"\", (F27-E27)/E27)","v":0.11563200806915233},{"$f":"IF(ISERROR((G27-F27)/F27), \"\", (G27-F27)/F27)","v":7.0069715299574134E-2},{"$f":"IF(ISERROR((H27-#REF!)/#REF!), \"\", (H27-#REF!)/#REF!)","v":""}]
[]
[]
[null,null,{"$f":"C13","v":"Last Rebasing Year (2009 BA)"},"Last Rebasing Year (2009 Actuals)","2010 Actuals","2011 Actuals","2012 Bridge Year","2013 Test Year"]
[null,"Operations",{"$f":"C15","v":1220786},{"$f":"D15","v":1484674.75},1361253,1464706,1649704,1939510]
[null,"Maintenance",{"$f":"C16","v":1014319},{"$f":"D16","v":1091936.3},976884,1487519,1245627,1440823]
[null,"Billing and Collecting",{"$f":"C20","v":2026703},{"$f":"D20","v":2132552},1859141,1900286,2287891,2474467]
[null,"Community Relations",{"$f":"C21","v":0},{"$f":"D21","v":0},0,0,0,0]
[null,"Administrative and General",{"$f":"C22","v":2412298},{"$f":"D22","v":1853270},{"$f":"E22","v":1981314},{"$f":"F22","v":2040524},{"$f":"G22","v":2192806},{"$f":"H22","v":3383992}]
[null,"Total",{"$f":"SUM(C32:C36)","v":6674106},{"$f":"SUM(D32:D36)","v":6562433.0499999998},6178592,6893035,7376028,9238792]
[null,"%Change (year over year)",null,null,{"$f":"IF(ISERROR((E37-D37)/D37), \"\", (E37-D37)/D37)","v":-5.8490661478062596E-2},{"$f":"IF(ISERROR((F37-E37)/E37), \"\", (F37-E37)/E37)","v":0.11563200806915233},{"$f":"IF(ISERROR((G37-F37)/F37), \"\", (G37-F37)/F37)","v":7.0069715299574134E-2},{"$f":"IF(ISERROR((H37-#REF!)/#REF!), \"\", (H37-#REF!)/#REF!)","v":""}]
[]
[]
[null,null,{"$f":"C13","v":"Last Rebasing Year (2009 BA)"},{"$f":"D13","v":"Last Rebasing Year (2009 Actuals)"},{"$f":"\"Variance \" & 'LDC Info'!E30 & \"  BA – \" & 'LDC Info'!E30 & \" Actuals\"","v":"Variance 2009  BA – 2009 Actuals"},{"$f":"E13","v":"2010 Actuals"},{"$f":"\"Variance \" & 'LDC Info'!E26 -2 & \" Actuals vs. \" &  'LDC Info'!E30 & \" Actuals\"","v":"Variance 2010 Actuals vs. 2009 Actuals"},{"$f":"F13","v":"2011 Actuals"},{"$f":"\"Variance \" & 'LDC Info'!E26 -1 & \" Actuals vs. \" &  'LDC Info'!E26-2 & \" Actuals\"","v":"Variance 2011 Actuals vs. 2010 Actuals"},{"$f":"G13","v":"2012 Bridge Year"},{"$f":"\"Variance \" & 'LDC Info'!E26 & \" Bridge vs. \" & 'LDC Info'!E26 -1 & \" Actuals\"","v":"Variance 2012 Bridge vs. 2011 Actuals"},{"$f":"H13","v":"2013 Test Year"},{"$f":"\"Variance \" & 'LDC Info'!E28 & \" Test vs. \" & 'LDC Info'!E26 & \" Bridge\"","v":"Variance 2013 Test vs. 2012 Bridge"}]
[null,"Operations",{"$f":"C15","v":1220786},1484674.75,{"$f":"C42-D42","v":-263888.75},{"$f":"E15","v":1361253},{"$f":"F42-D42","v":-123421.75},{"$f":"F15","v":1464706},{"$f":"H42-F42","v":103453},{"$f":"G15","v":1649704},{"$f":"J42-H42","v":184998},{"$f":"H15","v":1939510},{"$f":"L42-J42","v":289806}]
[null,"Maintenance ",1014319,1091936.3,{"$f":"C43-D43","v":-77617.300000000047},{"$f":"E16","v":976884},{"$f":"F43-D43","v":-115052.30000000005},{"$f":"F16","v":1487519},{"$f":"H43-F43","v":510635},{"$f":"G16","v":1245627},-241892,{"$f":"H16","v":1440823},195196]
[null,"Billing and Collecting ",{"$f":"C20","v":2026703},2132552,-105849,{"$f":"E20","v":1859141},-273411,{"$f":"F20","v":1900286},41145,{"$f":"G20","v":2287891},387605,{"$f":"H20","v":2474467},186576]
[null,"Community Relations ",0,0,0,{"$f":"E21","v":0},0,{"$f":"F21","v":0},0,{"$f":"G21","v":0},0,{"$f":"H21","v":0},0]
[null,"Administrative and General ",2412298,1853270,559028,{"$f":"E22","v":1981314},128044,{"$f":"F22","v":2040524},59210,{"$f":"G22","v":2192806},152282,{"$f":"H22","v":3383992},1191186]
[null,"Total OM&A Expenses ",{"$f":"SUM(C42:C46)","v":6674106},{"$f":"SUM(D42:D46)","v":6562433.0499999998},111672.94999999995,6178592,-383841.05000000005,6893035,714443,7376028,482993,9238792,1862764]
[null,"Variance from previous year ",null,null,null,{"$f":"F47-D47","v":-383841.04999999981},null,{"$f":"H47-F47","v":714443},null,{"$f":"J47-H47","v":482993},null,{"$f":"L47-J47","v":1862764}]
[null,"Percent change (year over year) ",null,null,null,{"$f":"IF(ISERROR(F48/D47), \"\", F48/D47)","v":-5.8490661478062596E-2},null,{"$f":"IF(ISERROR(H48/F47), \"\", H48/F47)","v":0.11563200806915233},null,{"$f":"IF(ISERROR(J48/H47), \"\", J48/H47)","v":7.0069715299574134E-2},null,{"$f":"IF(ISERROR(L48/J47), \"\", L48/J47)","v":0.25254296757007971}]
[null,"Percent Change:                                                    Test year vs. Most Current Actual ",null,null,null,null,null,null,null,null,null,{"$f":"IF(ISERROR((L47-H47)/H47), \"\", (L47-H47)/H47)","v":0.34030829670819895}]
[null,"Simple average of % variance for all years",null,null,null,null,null,null,null,null,null,null,{"$f":"IF(ISERROR(AVERAGE(F49,H49,J49,L49)), \"\", AVERAGE(F49,H49,J49,L49))","v":9.4938507365185887E-2}]
[null,"Compound Annual Growth Rate for all years",null,null,null,null,null,{"$f":"IF(ISERROR((L48-D48)/D48), \"\", (L48-D48)/D48)","v":""},null,null,null,null,{"$f":"((L47/D47)^(1/4))-1","v":8.9275099646438871E-2}]
[null,{"$f":"\"Compound Growth Rate                                                            (\" & F13 & \" vs. \" & 'LDC Info'!E30 & \" Actuals)\"","v":"Compound Growth Rate                                                            (2011 Actuals vs. 2009 Actuals)"},null,null,null,null,null,{"$f":"IF(ISERROR((H47/D47)^(1/(2010-2008)) - 1), \"\", (H47-D47)/D47)","v":5.0377953951088336E-2}]
[]
[null,"Note:"]
[]
[null,"1     \"BA\" = Board-Approved"]
[null,"2     If it has been more than three years since the applicant last filed a cost of service application, additional years of historical actuals should be incorporated into the table, as necessary, to go back to the last cost of service application.  If the applicant last filed a cost of service application less than three years ago, a minimum of three years of actual information is required."]
[]
[null,"3     Recoverable OM&A that is included on these tables should be identical to the recoverable OM&A that is shown for the corresponding periods on Appendix 2-H."]

{"sheet":"App.2-J_OM&A_Cost _Drivers","index":16,"n_rows":56,"n_cols":7,"rows_kept":56,"cut":false,"hidden":false,"merged":[[9,1,9,6],[10,1,10,6],[51,2,54,6],[55,2,56,6],[15,1,15,6],[20,1,20,6],[31,1,31,6],[33,1,33,6],[39,1,39,6]]}
[null,null,null,null,null,"File Number:",{"$f":"'LDC Info'!$E$18","v":"EB-2012-0160"}]
[null,null,null,null,null,"Exhibit:",4]
[null,null,null,null,null,"Tab:",2]
[null,null,null,null,null,"Schedule:",3]
[null,null,null,null,null,"Page:"]
[]
[null,null,null,null,null,"Date:"]
[]
[]
[null,"Appendix 2-J"]
[null,"OM&A Cost Driver Table"]
[]
[null,"OM&A",{"$f":"\"Last Rebasing Year (\" & 'LDC Info'!E30 & \" Actuals)\"","v":"Last Rebasing Year (2009 Actuals)"},{"$f":"'LDC Info'!E26 -2 & \" Actuals\"","v":"2010 Actuals"},{"$f":"'LDC Info'!E26 -1 & \" Actuals\"","v":"2011 Actuals"},{"$f":"'LDC Info'!E26 & \" Bridge Year\"","v":"2012 Bridge Year"},{"$f":"'LDC Info'!E28 & \" Test Year\"","v":"2013 Test Year"}]
[null,"Reporting Basis","CGAAP","CGAAP","CGAAP","CGAAP","CGAAP"]
[null,"Opening Balance",{"$f":"'App.2-H_OM&A_Detailed_Analysis'!D136","v":6674106},{"$f":" IF(ISERROR(FIND(\"2008\", $C$13)), C44,#REF!)","v":6562433.2084954483},{"$f":"D44","v":6178592.2084954483},{"$f":"E44","v":6893034.2084954483},{"$f":"F44","v":7376028.2084954483}]
[null,"A) Payroll and Benefits"]
[null,"Net Change in FTE's",null,-100000,-72000,116000,440400]
[null,"Progression and Cost of Living changes",150000,150000,199000,202000,237000]
[null,"OMERS/Green Shield rates less than anticipated",-144000]
[null,"OMERS rate increase",null,null,83000,56000,118000]
[null,"B) Operating and Maintenance"]
[null,"Meter maintenance",-43000]
[null,"Breakdown costs",null,84000,123000]
[null,"Tree trimming",null,-162000,101000]
[null,"Storm damage",null,-45000,271000,-40000]
[null,"PCB testing",null,-91000]
[null,"Control center costs",null,96000]
[null,"Substations",null,50000]
[null,"Meter reading costs",null,-109000]
[null,"Asset Management",null,null,42000]
[null,"Downtown Vaults",null,null,58000]
[null,"C) Billing and Collecting"]
[null,"Bad debt expense",103000,-67000,-11000,75000,30000]
[null,"D) Administration"]
[null,"Software/Equipment Rentals",-41011.192535355302]
[null,"Outside Services",{"$f":"-97000+37500","v":-59500}]
[null,"Systems support/maintenance",null,null,null,null,50000]
[null,"Change to capitalization of overhead",null,null,null,null,950363]
[null,"Allocation of Admin labour to capital projects",-63000,-68280,-44000]
[null,"E) Other"]
[null,"Changes in PDI's Share of PUSI costs",-24572.598969195515,-118000,-76000,60800,53000]
[null,"Other",10411,{"$f":"-3560-1","v":-3561},{"$f":"40443-1","v":40442},13194,-15999]
[]
[null,"Closing Balance",{"$f":"SUM(C15:C43)","v":6562433.2084954483},{"$f":"SUM(D15:D43)","v":6178592.2084954483},{"$f":"SUM(E15:E43)","v":6893034.2084954483},{"$f":"SUM(F15:F43)","v":7376028.2084954483},{"$f":"SUM(G15:G43)","v":9238792.2084954493}]
[]
[null,"Check",{"$f":"'App.2-G_Detailed_OM&A_Expenses'!D123-C44","v":-0.15849544852972031},{"$f":"'App.2-G_Detailed_OM&A_Expenses'!E130-D44","v":-0.20849544834345579},{"$f":"'App.2-G_Detailed_OM&A_Expenses'!F130-E44","v":0.79150455165654421},{"$f":"'App.2-G_Detailed_OM&A_Expenses'!H123-F44","v":-0.20849544834345579},{"$f":"'App.2-G_Detailed_OM&A_Expenses'!I123-G44","v":-0.20849544927477837}]
[null,"Notes:"]
[]
[null,1,"For each year, a detailed explanation for each cost driver and associated amount is"]
[null,null,"required."]
[null,2,"The closing balance for each year becomes the opening balance for the next year."]
[null,3,"If it has been more than three years since the applicant last filed a cost of service application, additional years of historical actuals should be incorporated into the table, as necessary, to go back to the last cost of service application.  If the applicant last filed a cost of service application less than three years ago, a minimum of three years of actual information is required."]
[]
[]
[]
[null,4,"Opening Balance for \"Last Rebasing Year\" (cell B15) should be equal to the Board-Approved amount."]

{"sheet":"App.2-K_Employee Costs","index":17,"n_rows":92,"n_cols":7,"rows_kept":92,"cut":false,"hidden":false,"merged":[[37,0,37,6],[43,0,43,6],[9,0,9,6],[73,0,73,6],[79,0,79,6],[49,0,49,6],[55,0,55,6],[61,0,61,6],[67,0,67,6],[8,0,8,6],[13,0,13,6],[19,0,19,6],[25,0,25,6],[31,0,31,6]]}
[null,null,null,null,null,"File Number:",{"$f":"'LDC Info'!$E$18","v":"EB-2012-0160"}]
[null,null,null,null,null,"Exhibit:",4]
[null,null,null,null,null,"Tab:",2]
[null,null,null,null,null,"Schedule:",4]
[null,null,null,null,null,"Page:"]
[]
[null,null,null,null,null,"Date:"]
[]
["Appendix 2-K"]
["Employee Costs"]
[]
[null,{"$f":"\"Last Rebasing Year (\" & 'LDC Info'!E30 & \" Board-Approved)\"","v":"Last Rebasing Year (2009 Board-Approved)"},{"$f":"\"Last Rebasing Year (\" & 'LDC Info'!E30 & \" Actuals)\"","v":"Last Rebasing Year (2009 Actuals)"},{"$f":"'LDC Info'!E26 -2 & \" Actuals\"","v":"2010 Actuals"},{"$f":"'LDC Info'!E26 -1 & \" Actuals\"","v":"2011 Actuals"},{"$f":"'LDC Info'!E26 & \" Bridge Year\"","v":"2012 Bridge Year"},{"$f":"'LDC Info'!E28 & \" Test Year\"","v":"2013 Test Year"}]
["Reporting Basis","CGAAP","CGAAP","CGAAP","CGAAP","CGAAP","CGAAP"]
["Number of Employees (FTEs including Part-Time)1"]
["Executive"]
["Management"]
["Non-Union",19.5,19,19.899999999999999,17.96,18.600000000000001,20.5]
["Union",45.1,45.6,44.5,45.33,47.5,50.1]
["Total",{"$f":"SUM(B15:B18)","v":64.599999999999994},64.599999999999994,64.400000000000006,63.29,66.099999999999994,70.599999999999994]
["Number of Part-Time Employees"]
["Executive"]
["Management"]
["Non-Union"]
["Union",{"$f":"(2*0.2)+(3*0.75)","v":2.65},{"$f":"(2*0.22)+(1*0.73)","v":1.17},{"$f":"(2*0.19)+(3*0.72)","v":2.54},{"$f":"(2*0.18)+(4*0.7)","v":3.1599999999999997},{"$f":"(4*0.73)+(1*0.2)","v":3.12},{"$f":"(2*0.69)+(1*0.25)","v":1.63}]
["Total",{"$f":"SUM(B21:B24)","v":2.65},1.17,2.54,3.1599999999999997,3.12,1.63]
["Total Salary and Wages"]
["Executive"]
["Management"]
["Non-Union",1630837.2399999998,1685957.1762000001,1795963.4955000004,1643818.0900999999,1689820.96,1896149.1]
["Union",2909600.0399999996,3105612.0585000003,3046590.8344000005,3283156.1445000004,{"$f":"3309918.33+71000","v":3380918.33},3696640.8]
["Total",{"$f":"SUM(B27:B30)","v":4540437.2799999993},4791569.2346999999,4842554.3299000012,4926974.2346000001,5070739.29,5592789.9000000004]
["Current Benefits"]
["Executive"]
["Management"]
["Non-Union",{"$f":"B29*0.24","v":391400.93759999995},307504.07410000003,334282,333208,345038.2,425204.9]
["Union",{"$f":"B30*0.24","v":698304.00959999987},638198.1111000001,625563,702474,{"$f":"773910.1+(71000*0.2406)","v":790992.7},918593.9]
["Total",{"$f":"SUM(B33:B36)","v":1089704.9471999998},945702.18520000018,959845,1035682,1136030.8999999999,1343798.8]
["Accrued Pension and Post-Retirement Benefits"]
["Executive"]
["Management"]
["Non-Union",39255.220588235301,33828.000000000007,41138.295239906824,34051.612280000001,36684.068571428579,35597.224877300614]
["Union",90790.279411764699,81187.200000000012,91992.670260093175,87561.288719999982,91710.171428571426,89184.445122699384]
["Total",{"$f":"SUM(B39:B42)","v":130045.5},115015.20000000001,133130.96549999999,121612.90099999998,128394.24000000001,124781.67]
["Total Benefits (Current + Accrued)"]
["Executive",{"$f":"B33+B39","v":0},0,0,0,0,0]
["Management",0,0,0,0,0,0]
["Non-Union",430656.15818823525,341332.07410000003,375420.29523990682,367259.61228,381722.26857142861,460802.12487730064]
["Union",789094.28901176457,719385.31110000005,717555.67026009317,790035.28871999995,882702.87142857141,1007778.3451226994]
["Total",1219750.4471999998,1060717.3852000001,1092975.9654999999,1157294.9010000001,1264425.1399999999,1468580.47]
["Total Compensation (Salary, Wages, & Benefits)"]
["Executive",{"$f":"B27+B45","v":0},0,0,0,0,0]
["Management",0,0,0,0,0,0]
["Non-Union",2061493.398188235,2027289.2503000002,2171383.7907399074,2011077.7023799999,2071543.2285714285,2356951.2248773007]
["Union",3698694.3290117644,3824997.3696000003,3764146.5046600937,4073191.4332200005,4263621.2014285717,4704419.1451226994]
["Total",5760187.7271999996,5852286.6199000003,5935530.2954000011,6084269.1356000006,6335164.4299999997,7061370.3700000001]
["Compensation - Average Yearly Base Wages"]
["Executive"]
["Management"]
["Non-Union",{"$f":"(B29/B17)-B71","v":82483.961025641009},{"$f":"(C29/C17)-C71","v":86407.909799999994},86857.411834170882,87565.965484409782,{"$f":"(F29/F17)-F71","v":88851.083870967734},89809.014634146341]
["Union",57312,60995,61308,63795,64524,66739]
["Total",{"$f":"SUMPRODUCT(B59:B60,B17:B18)/SUM(B17:B18)","v":64910.347368421055},68469.385235294118,69202.926948757755,70540.560753673562,71369.442662632384,73437.800283286124]
["Compensation - Average Yearly Overtime"]
["Executive"]
["Management"]
["Non-Union"]
["Union",{"$f":"262762.4/B18","v":5826.2172949002224},{"$f":"383658/C18","v":8413.5526315789466},{"$f":"316477/D18","v":7111.8426966292136},{"$f":"500185/E18","v":11034.303992940659},{"$f":"256115.1/F18","v":5391.8968421052632},{"$f":"289355.2/G18","v":5775.552894211577}]
["Total"]
["Compensation - Average Yearly Incentive Pay"]
["Executive"]
["Management"]
["Non-Union",{"$f":"22400/B17","v":1148.7179487179487},{"$f":"44206.89/C17","v":2326.6784210526316},{"$f":"67501/D17","v":3392.0100502512564},{"$f":"71133.35/E17","v":3960.6542316258351},{"$f":"(16303/F17)+1200-77","v":1999.505376344086},{"$f":"55064.3/G17","v":2686.0634146341463}]
["Union",0,{"$f":"12074/C18","v":264.78070175438597},{"$f":"240/D18","v":5.393258426966292},{"$f":"21977/E18","v":484.82241341275096},0,0]
["Total"]
["Compensation - Average Yearly Benefits"]
["Executive"]
["Management"]
["Non-Union",{"$f":"B47/B17","v":22084.931189140269},{"$f":"C47/C17","v":17964.84600526316},18865.341469342053,20448.753467706014,20522.702611367127,22478.152433039057]
["Union",{"$f":"B48/B18","v":17496.54742819877},15775.993664473684,16124.846522698723,17428.530525479815,18583.218345864661,20115.336229993998]
["Total",{"$f":"B49/B19","v":18881.58586996904},16419.773764705886,16971.676482919251,18285.588576394377,19128.973373676246,20801.423087818697]
[]
["Total Compensation",{"$f":"SUM(B51:B54)","v":5760187.7271999996},5852286.6199000003,5935530.2954000011,6084269.1356000006,6335164.4299999997,7061370.3700000001]
["Total Compensation Capitalized (CGAAP)",2886918,2826302.1,2757625,2611865,2884469,2121528]
["Total Compensation Charged to OM&A (CGAAP)",{"$f":"B81-B82","v":2873269.7271999996},{"$f":"C81-C82","v":3025984.5199000002},{"$f":"D81-D82","v":3177905.2954000011},{"$f":"E81-E82","v":3472404.1356000006},{"$f":"F81-F82","v":3450695.4299999997},4939842.37]
[]
["Total Compensation Capitalized (MIFRS)"]
["Total Compensation Charged to OM&A (MIFRS)"]
[]
[]
["1 If an applicant wishes to use headcount, it must also file the same schedule on an FTE basis."]
[]
["Note:"]
["1   Please report compensation on a CGAAP and MIFRS basis for your transition year."]

{"sheet":"App.2-L_OM&A_per_Cust_FTEE","index":18,"n_rows":34,"n_cols":10,"rows_kept":34,"cut":false,"hidden":false,"merged":[[8,1,8,9],[9,1,9,9],[28,2,29,7],[22,2,25,7],[26,2,26,7],[27,2,27,7],[15,1,15,2],[16,1,16,2],[17,1,17,2],[18,1,18,2],[13,1,13,2],[14,1,14,2],[12,1,12,2]]}
[null,null,null,null,null,null,null,"File Number:","File Number:",{"$f":"'LDC Info'!$E$18","v":"EB-2012-0160"}]
[null,null,null,null,null,null,null,"Exhibit:","Exhibit:",4]
[null,null,null,null,null,null,null,"Tab:","Tab:",1]
[null,null,null,null,null,null,null,"Schedule:","Schedule:",1]
[null,null,null,null,null,null,null,"Page:","Page:"]
[]
[null,null,null,null,null,null,null,"Date:","Date:"]
[]
[null,"Appendix 2-L"]
[null,"Recoverable OM&A Cost per Customer and per FTEE"]
[]
[null,null,null,{"$f":"\"Last Rebasing Year (\" & 'LDC Info'!E30 & \" Board-Approved)\"","v":"Last Rebasing Year (2009 Board-Approved)"},{"$f":"\"Last Rebasing Year (\" & 'LDC Info'!E30 & \" Actuals)\"","v":"Last Rebasing Year (2009 Actuals)"},{"$f":"'LDC Info'!E26 -2 & \" Actuals\"","v":"2010 Actuals"},{"$f":"'LDC Info'!E26 -1 & \" Actuals\"","v":"2011 Actuals"},{"$f":"'LDC Info'!E26 & \" Bridge Year\"","v":"2012 Bridge Year"},{"$f":"'LDC Info'!E26 & \" Bridge Year\"","v":"2012 Bridge Year"},{"$f":"'LDC Info'!E28 & \" Test Year\"","v":"2013 Test Year"}]
[null,"Reporting Basis",null,"CGAAP","CGAAP","CGAAP","CGAAP","CGAAP","CGAAP","CGAAP"]
[null,"Number of Customers",null,34890,34508,34764,35095,35395,35395,35697]
[null,"Total Recoverable OM&A from Appendix 2-I",null,{"$f":"'App.2-H_OM&A_Detailed_Analysis'!D136","v":6674106},{"$f":"'App.2-G_Detailed_OM&A_Expenses'!D130","v":6562433.0499999998},{"$f":"'App.2-G_Detailed_OM&A_Expenses'!E130","v":6178592},{"$f":"'App.2-G_Detailed_OM&A_Expenses'!F130","v":6893035},{"$f":"'App.2-G_Detailed_OM&A_Expenses'!H130","v":7376028},{"$f":"'App.2-G_Detailed_OM&A_Expenses'!#REF!","v":{"$error":"#REF!"}},{"$f":"'App.2-G_Detailed_OM&A_Expenses'!I130","v":9238792}]
[null,"OM&A cost per customer",null,{"$f":"IF(D14=0,\"\",D15/D14)","v":191.28993981083406},190.17135301958965,177.72960533885629,196.41074227097877,208.39180675236616,{"$error":"#REF!"},258.81144073731684]
[null,"Number of FTEEs",null,{"$f":"'App.2-K_Employee Costs'!B19","v":64.599999999999994},{"$f":"'App.2-K_Employee Costs'!C19","v":64.599999999999994},{"$f":"'App.2-K_Employee Costs'!D19","v":64.400000000000006},{"$f":"'App.2-K_Employee Costs'!E19","v":63.29},{"$f":"'App.2-K_Employee Costs'!F19","v":66.099999999999994},{"$f":"'App.2-K_Employee Costs'!F19","v":66.099999999999994},{"$f":"'App.2-K_Employee Costs'!G19","v":70.599999999999994}]
[null,"Customers/FTEEs",null,{"$f":"IF(D17=0,\"\",D14/D17)","v":540.09287925696594},534.17956656346757,539.81366459627327,554.51098119766152,535.47655068078677,535.47655068078677,505.62322946175641]
[null,"OM&A Cost per FTEE",null,{"$f":"IF(D17=0,\"\",D15/D17)","v":103314.33436532509},101585.65092879257,95940.869565217377,108911.91341444146,111588.92586989411,{"$error":"#REF!"},130861.07648725214]
[]
[null,"Notes:"]
[]
[null,1,"If it has been more than three years since the applicant last filed a cost of service application, additional years of historical actuals should be incorporated into the table, as necessary, to go back to the last cost of service application.  If the applicant last filed a cost of service application less than three years ago, a minimum of three years of actual information is required."]
[]
[]
[]
[null,2,"The method of calculating the number of customers must be identified. number of customers in the year.  "]
[null,3,"The method of calculating the number of FTEEs must be identified.  See also Appendix 2-K"]
[null,4,"The number of customers and the number of FTEEs should correspond to mid-year or average of January 1 and December 31 figures."]
[]
[]
[null,"PDI Notes"]
[null,2,"# of customers corresponds to the number of customers reported in the load forecast and is the average number of customers in the year"]
[null,3,"FTEEs have been calculated based on an estimate of PDI's portion of affiliate PUSI FTEEs (average Jan 1/Dec 31)"]

{"sheet":"App.2-M_Regulatory_Costs","index":19,"n_rows":46,"n_cols":13,"rows_kept":46,"cut":false,"hidden":false,"merged":[[13,1,13,2],[14,1,14,2],[8,1,8,11],[9,1,9,11]]}
[null,null,null,null,null,null,null,null,null,null,"File Number:",{"$f":"'LDC Info'!$E$18","v":"EB-2012-0160"}]
[null,null,null,null,null,null,null,null,null,null,"Exhibit:",4]
[null,null,null,null,null,null,null,null,null,null,"Tab:",1]
[null,null,null,null,null,null,null,null,null,null,"Schedule:",1]
[null,null,null,null,null,null,null,null,null,null,"Page:"]
[]
[null,null,null,null,null,null,null,null,null,null,"Date:"]
[]
[null,"Appendix 2-M"]
[null,"Regulatory Cost Schedule"]
[null,null,null,null,null,"On-Going"]
[null,null,null,null,null,"One-Time"]
[]
[null,"Regulatory Cost Category",null,"USoA Account","USoA Account Balance","Ongoing or One-time Cost? 2",{"$f":"\"Last Rebasing Year (\" & 'LDC Info'!E30 & \" Board Approved)\"","v":"Last Rebasing Year (2009 Board Approved)"},"Most Current Actuals               Year 2011",{"$f":"'LDC Info'!E26 & \" Bridge Year\"","v":"2012 Bridge Year"},"Annual % Change",{"$f":"'LDC Info'!E28 & \" Test Year Expenditures\"","v":"2013 Test Year Expenditures"},{"$f":"'LDC Info'!E28 & \" Test Year Requested for Recovery\"","v":"2013 Test Year Requested for Recovery"},"Annual % Change"]
[null,"(A)",null,"(B)","(C )","(D)","(E)","(F)","(G)","(H) = [(G)-(F)]/(F)","(I)",null,"(J) = [(I)-(G)]/(G)"]
[null,1,"OEB Annual Assessment",5655,null,"On-Going",100000,{"$f":"94174+800","v":94974},100000,{"$f":"IF(H16=0,\"\",(I16-H16)/H16)","v":5.291974645692505E-2},100000,{"$f":"K16","v":100000},{"$f":"IF(I16=0,\"\",(K16-I16)/I16)","v":0}]
[null,2,"OEB Section 30 Costs (Applicant-originated)",null,null,null,null,null,null,{"$f":"IF(H17=0,\"\",(I17-H17)/H17)","v":""},null,null,{"$f":"IF(I17=0,\"\",(K17-I17)/I17)","v":""}]
[null,3,"OEB Section 30 Costs (OEB-initiated)",5655,null,"On-Going",18000,4083,5000,0.22458976242958609,5000,{"$f":"K18","v":5000},0]
[null,4,"Expert Witness costs for regulatory matters",null,null,null,null,null,null,"",null,null,""]
[null,5,"Legal costs for regulatory matters",null,null,null,null,null,null,"",null,null,""]
[null,6,"Consultants' costs for regulatory matters",5630,null,"One-Time",120000,null,null,"",175000,{"$f":"K21/4","v":43750},""]
[null,7,"Operating expenses associated with staff resources allocated to regulatory matters",null,null,null,null,null,null,"",null,null,""]
[null,8,"Operating expenses associated with other resources allocated to regulatory matters 1",null,null,null,null,null,null,"",null,null,""]
[null,9,"Other regulatory agency fees or assessments",null,null,null,null,null,null,"",null,null,""]
[null,10,"Any other costs for regulatory matters (Consultant costs other regulatory, not Cost of Service)",5655,null,"On-Going",2000,3233,null,-1,10000,10000,""]
[null,11,"Intervenor costs - Ongoing",5655,null,"On-Going",null,12853,15000,0.16704271376332375]
[null,11,"Intervenor costs - One-Time",5655,null,"One-Time",null,null,null,"",25000,{"$f":"K27/4","v":6250},""]
[null,12,"Sub-total - Ongoing Costs 3",null,{"$f":"SUMIF($F16:$F27,$F11,E16:E27)","v":0},null,{"$f":"SUMIF($F16:$F27,$F11,G16:G27)","v":120000},{"$f":"SUMIF($F16:$F27,$F11,H16:H27)","v":115143},{"$f":"SUMIF($F16:$F27,$F11,I16:I27)","v":120000},4.2182329798598261E-2,{"$f":"SUMIF($F16:$F27,$F11,K16:K27)","v":115000},{"$f":"SUMIF($F16:$F27,$F11,L16:L27)","v":115000},-4.1666666666666664E-2]
[null,13,"Sub-total - One-time Costs 4",null,{"$f":"SUMIF($F16:$F27,$F12,E16:E27)","v":0},null,{"$f":"SUMIF($F16:$F27,$F12,G16:G27)","v":120000},{"$f":"SUMIF($F16:$F27,$F12,H16:H27)","v":0},{"$f":"SUMIF($F16:$F27,$F12,I16:I27)","v":0},"",{"$f":"SUMIF($F16:$F27,$F12,K16:K27)","v":200000},{"$f":"SUMIF($F16:$F27,$F12,L16:L27)","v":50000},""]
[null,14,"Total",null,{"$f":"E28+E29","v":0},null,{"$f":"G28+G29","v":240000},{"$f":"H28+H29","v":115143},{"$f":"I28+I29","v":120000},4.2182329798598261E-2,{"$f":"K28+K29","v":315000},{"$f":"L28+L29","v":165000},1.625]
[]
[]
[null,"1","Please identify the resources involved."]
[null,"2","Where a category's costs include both one-time and ongoing costs, the applicant should prove a separate breakdown between one-time and ongoing costs."]
[null,"3","Sum of all ongoing costs identified in rows 1 to 11 inclusive."]
[null,"4","Sum of all one-time costs identified in rows 1 to 11 inclusive."]
[]
[]
[null,"Please fill out the following table for all one-time costs related to this cost of service application"]
[]
[null,null,null,"Historical Year(s)",{"$f":"I14","v":"2012 Bridge Year"},{"$f":"K14","v":"2013 Test Year Expenditures"}]
[null,4,"Expert Witness costs for regulatory matters",null,{"$f":"I19","v":0},{"$f":"K19","v":0}]
[null,6,"Consultants' costs for regulatory matters",120000,{"$f":"I21","v":0},{"$f":"K21","v":175000}]
[null,7,"Operating expenses associated with staff resources allocated to regulatory matters",null,{"$f":"I22","v":0},{"$f":"K22","v":0}]
[null,8,"Operating expenses associated with other resources allocated to regulatory matters 1",null,{"$f":"I23","v":0},{"$f":"K23","v":0}]
[null,11,"Intervenor costs",null,{"$f":"I27","v":0},{"$f":"K27","v":25000}]

{"sheet":"App.2-N_Corp_Cost_Allocation09","index":20,"n_rows":42,"n_cols":7,"rows_kept":42,"cut":false,"hidden":false,"merged":[[16,6,17,6],[13,0,13,5],[8,0,8,5],[9,0,9,5],[41,1,42,5],[17,0,18,0],[17,1,18,1],[16,2,18,2],[16,3,18,3],[16,0,16,1],[16,4,17,4],[16,5,17,5]]}
[null,null,null,null,null,"File Number:",{"$f":"'LDC Info'!$E$18","v":"EB-2012-0160"}]
[null,null,null,null,null,"Exhibit:",4]
[null,null,null,null,null,"Tab:",2]
[null,null,null,null,null,"Schedule:",5]
[null,null,null,null,null,"Page:"]
[]
[null,null,null,null,null,"Date:"]
[]
["Appendix 2-N"]
["Shared Services and Corporate Cost Allocation"]
[]
[null,"Year:",2009]
[]
["Shared Servicesand Corporate Cost Allocation"]
[]
[]
["Name of Company",null,"Service Offered","Pricing Methdology","Price for the Service","Cost for the Service","% of Corporate Costs Allocated"]
["From","To"]
[null,null,null,null,"$","$","%"]
["PUSI","PDI","Electric Operations","Cost-Based",2043804,2043804,0.89089716638849903]
["PUSI","PDI","Engineering Services","Cost-Based",887422,887422,0.56030497412710378]
["PUSI","PDI","Field Technical Operations","Cost-Based",551098,551098,0.98131383637943559]
["PUSI","PDI","Vehicles","Cost-Based",502616,502616,0.58635992440327589]
["PUSI","PDI","Stores","Cost-Based",184301,184301,0.78936187527036461]
["PUSI","PDI","Customer Service","Cost-Based",1387816.35,1387816.35,0.73199999050594855]
["PUSI","PDI","Administration","Cost-Based",519762.12,519762.12,0.41470092837464556]
["PUSI","PDI","Corporate Services","Cost-Based",301682.48,301682.48,0.84383403167428406]
["PUSI","PDI","Finance","Cost-Based",198243.09,198243.09,0.49148051735550713]
["PUSI","PDI","Technology Services","Cost-Based",639718.25,639718.25,0.21960782395349404]
["PUSI","PDI","Human Resources","Cost-Based",249639.66,249639.66,0.37162860907040618]
["PUSI","PDI","Purchasing","Cost-Based",74613.03,74613.03,0.421298189423016]
["PUSI","PDI","Facilities Management","Cost-Based",514062.09,514062.09,0.48777742311174654]
["PUSI","PDI","Software & Equipment Rent","Cost-Based",167914.96,167914.96,0.4301397893809254]
[]
["PUI","PDI","Settlement Services","Market",41733.96,41733.96,0.37688478696696587]
["PUI","PDI","MDMA Services","Market",51868,51868,0.17451809681467798]
["PUI","PDI","MSP Services","Market",11380,11380,1.2852323639127533E-2]
[]
[]
[]
["Note: "]
[1,"This appendix must be completed in relation to each service provided or received for the Historical (actuals), Bridge and Test years."]

{"sheet":"App.2-N_Corp_Cost_Allocation10","index":21,"n_rows":42,"n_cols":7,"rows_kept":42,"cut":false,"hidden":false,"merged":[[16,6,17,6],[17,0,18,0],[17,1,18,1],[41,1,42,5],[8,0,8,5],[9,0,9,5],[13,0,13,5],[16,0,16,1],[16,2,18,2],[16,3,18,3],[16,4,17,4],[16,5,17,5]]}
[null,null,null,null,null,"File Number:",{"$f":"'LDC Info'!$E$18","v":"EB-2012-0160"}]
[null,null,null,null,null,"Exhibit:",4]
[null,null,null,null,null,"Tab:",2]
[null,null,null,null,null,"Schedule:",5]
[null,null,null,null,null,"Page:"]
[]
[null,null,null,null,null,"Date:"]
[]
["Appendix 2-N"]
["Shared Services and Corporate Cost Allocation"]
[]
[null,"Year:",2010]
[]
["Shared Servicesand Corporate Cost Allocation"]
[]
[]
["Name of Company",null,"Service Offered","Pricing Methdology","Price for the Service","Cost for the Service","% of Corporate Costs Allocated"]
["From","To"]
[null,null,null,null,"$","$","%"]
["PUSI","PDI","Electric Operations","Cost-Based",2141338,2141338,0.9080480388028549]
["PUSI","PDI","Engineering Services","Cost-Based",715392,715392,0.50187984305170485]
["PUSI","PDI","Field Technical Operations","Cost-Based",588294,588294,0.99858773844644444]
["PUSI","PDI","Vehicles","Cost-Based",497567,497567,0.54285642589998384]
["PUSI","PDI","Stores","Cost-Based",141989,141989,0.76788582491928459]
["PUSI","PDI","Customer Service","Cost-Based",1213090.23,1213090.23,0.71539988167824031]
["PUSI","PDI","Administration","Cost-Based",580115.56000000006,580115.56000000006,0.40450771135159752]
["PUSI","PDI","Corporate Services","Cost-Based",280039.42,280039.42,0.79720374598856569]
["PUSI","PDI","Finance","Cost-Based",127860.9,127860.9,0.3518988339531931]
["PUSI","PDI","Technology Services","Cost-Based",600363.31999999995,600363.31999999995,0.19114804403550781]
["PUSI","PDI","Human Resources","Cost-Based",283162.75,283162.75,0.38322317578519688]
["PUSI","PDI","Purchasing","Cost-Based",61122.04,61122.04,0.2655210718387333]
["PUSI","PDI","Facilities Management","Cost-Based",503276.04,503276.04,0.48913771965132069]
["PUSI","PDI","Software & Equipment Rent","Cost-Based",180017,180017,0.44186802982190082]
[]
["PUI","PDI","Settlement Services","Market",41733.96,41733.96,0.38139868329991305]
["PUI","PDI","MDMA Services","Market",51868,51868,0.1842455133451435]
["PUI","PDI","MSP Services","Market",11380,11380,1.4566885090602694E-2]
[]
[]
[]
["Note: "]
[1,"This appendix must be completed in relation to each service provided or received for the Historical (actuals), Bridge and Test years."]

{"sheet":"App.2-N_Corp_Cost_Allocation11","index":22,"n_rows":42,"n_cols":7,"rows_kept":42,"cut":false,"hidden":false,"merged":[[16,6,17,6],[17,0,18,0],[17,1,18,1],[41,1,42,5],[8,0,8,5],[9,0,9,5],[13,0,13,5],[16,0,16,1],[16,2,18,2],[16,3,18,3],[16,4,17,4],[16,5,17,5]]}
[null,null,null,null,null,"File Number:",{"$f":"'LDC Info'!$E$18","v":"EB-2012-0160"}]
[null,null,null,null,null,"Exhibit:",4]
[null,null,null,null,null,"Tab:",2]
[null,null,null,null,null,"Schedule:",5]
[null,null,null,null,null,"Page:"]
[]
[null,null,null,null,null,"Date:"]
[]
["Appendix 2-N"]
["Shared Services and Corporate Cost Allocation"]
[]
[null,"Year:",2011]
[]
["Shared Servicesand Corporate Cost Allocation"]
[]
[]
["Name of Company",null,"Service Offered","Pricing Methdology","Price for the Service","Cost for the Service","% of Corporate Costs Allocated"]
["From","To"]
[null,null,null,null,"$","$","%"]
["PUSI","PDI","Electric Operations","Cost-Based",2177301,2177301,0.86675822699397498]
["PUSI","PDI","Engineering Services","Cost-Based",797583,797583,0.52310950076758578]
["PUSI","PDI","Field Technical Operations","Cost-Based",527963,527963,0.98747123531302461]
["PUSI","PDI","Vehicles","Cost-Based",512120,512120,0.49696456851846099]
["PUSI","PDI","Stores","Cost-Based",138850,138850,0.72559194402203164]
["PUSI","PDI","Customer Service","Cost-Based",1274142.73,1274142.73,0.70299997509429812]
["PUSI","PDI","Administration","Cost-Based",538872.37,538872.37,0.39792744712857769]
["PUSI","PDI","Corporate Services","Cost-Based",269083,269083,0.81600044153537876]
["PUSI","PDI","Finance","Cost-Based",142978.79999999999,142978.79999999999,0.37838097472424043]
["PUSI","PDI","Technology Services","Cost-Based",600329.14,600329.14,0.17873903182376608]
["PUSI","PDI","Human Resources","Cost-Based",303799.71999999997,303799.71999999997,0.39400015798928067]
["PUSI","PDI","Purchasing","Cost-Based",110324.05,110324.05,0.39652576106195997]
["PUSI","PDI","Facilities Management","Cost-Based",513860,513860,0.48892064673090335]
["PUSI","PDI","Software & Equipment Rent","Cost-Based",153791,153791,0.41595938614000638]
[]
["PUI","PDI","Settlement Services","Market",41733.96,41733.96,0.37345947964645837]
["PUI","PDI","MDMA Services","Market",51868,51868,0.19026212859647654]
["PUI","PDI","MSP Services","Market",11380,11380,1.5379857401974305E-2]
[]
[]
[]
["Note: "]
[1,"This appendix must be completed in relation to each service provided or received for the Historical (actuals), Bridge and Test years."]

{"sheet":"App.2-N_Corp_Cost_Allocation12","index":23,"n_rows":42,"n_cols":7,"rows_kept":42,"cut":false,"hidden":false,"merged":[[16,6,17,6],[17,0,18,0],[17,1,18,1],[41,1,42,5],[8,0,8,5],[9,0,9,5],[13,0,13,5],[16,0,16,1],[16,2,18,2],[16,3,18,3],[16,4,17,4],[16,5,17,5]]}
[null,null,null,null,null,"File Number:",{"$f":"'LDC Info'!$E$18","v":"EB-2012-0160"}]
[null,null,null,null,null,"Exhibit:",4]
[null,null,null,null,null,"Tab:",2]
[null,null,null,null,null,"Schedule:",5]
[null,null,null,null,null,"Page:"]
[]
[null,null,null,null,null,"Date:"]
[]
["Appendix 2-N"]
["Shared Services and Corporate Cost Allocation"]
[]
[null,"Year:",2012]
[]
["Shared Servicesand Corporate Cost Allocation"]
[]
[]
["Name of Company",null,"Service Offered","Pricing Methdology","Price for the Service","Cost for the Service","% of Corporate Costs Allocated"]
["From","To"]
[null,null,null,null,"$","$","%"]
["PUSI","PDI","Electric Operations","Cost-Based",2087315,2087315,0.85599828088008112]
["PUSI","PDI","Engineering Services","Cost-Based",1070469,1070469,0.58772898348216862]
["PUSI","PDI","Field Technical Operations","Cost-Based",643950,643950,1]
["PUSI","PDI","Vehicles","Cost-Based",522110,522110,0.44947641004273431]
["PUSI","PDI","Stores","Cost-Based",136108,136108,0.75999352284592747]
["PUSI","PDI","Customer Service","Cost-Based",1467295,1467295,0.72740671409640989]
["PUSI","PDI","Administration","Cost-Based",504335,504335,0.38224311036229097]
["PUSI","PDI","Corporate Services","Cost-Based",321168,321168,0.87025134669369086]
["PUSI","PDI","Finance","Cost-Based",164040,164040,0.40403940886699508]
["PUSI","PDI","Technology Services","Cost-Based",692261,692261,0.20317019712992354]
["PUSI","PDI","Human Resources","Cost-Based",326825,326825,0.39394019750949516]
["PUSI","PDI","Purchasing","Cost-Based",112008,112008,0.39235384987231897]
["PUSI","PDI","Facilities Management","Cost-Based",524000,524000,0.49433962264150944]
["PUSI","PDI","Software & Equipment Rent","Cost-Based",211000,211000,0.42842639593908627]
[]
["PUI","PDI","Settlement Services","Market",41733.96,41733.96,0.37963347317288587]
["PUI","PDI","MDMA Services","Market",51868,51868,0.16664133879426973]
["PUI","PDI","MSP Services","Market",11380,11380,1.7832130792499911E-2]
[]
[]
[]
["Note: "]
[1,"This appendix must be completed in relation to each service provided or received for the Historical (actuals), Bridge and Test years."]

{"sheet":"App.2-N_Corp_Cost_Allocation13","index":24,"n_rows":42,"n_cols":7,"rows_kept":42,"cut":false,"hidden":false,"merged":[[16,6,17,6],[17,0,18,0],[17,1,18,1],[41,1,42,5],[8,0,8,5],[9,0,9,5],[13,0,13,5],[16,0,16,1],[16,2,18,2],[16,3,18,3],[16,4,17,4],[16,5,17,5]]}
[null,null,null,null,null,"File Number:",{"$f":"'LDC Info'!$E$18","v":"EB-2012-0160"}]
[null,null,null,null,null,"Exhibit:",4]
[null,null,null,null,null,"Tab:",2]
[null,null,null,null,null,"Schedule:",5]
[null,null,null,null,null,"Page:"]
[]
[null,null,null,null,null,"Date:"]
[]
["Appendix 2-N"]
["Shared Services and Corporate Cost Allocation"]
[]
[null,"Year:",2013]
[]
["Shared Servicesand Corporate Cost Allocation"]
[]
[]
["Name of Company",null,"Service Offered","Pricing Methdology","Price for the Service","Cost for the Service","% of Corporate Costs Allocated"]
["From","To"]
[null,null,null,null,"$","$","%"]
["PUSI","PDI","Electric Operations","Cost-Based",2233297,2233297,0.88449577771810639]
["PUSI","PDI","Engineering Services","Cost-Based",1246516,1246516,0.5887009593364696]
["PUSI","PDI","Field Technical Operations","Cost-Based",898940,898940,1]
["PUSI","PDI","Vehicles","Cost-Based",553540,553540,0.47429157013010159]
["PUSI","PDI","Stores","Cost-Based",120220,120220,0.76000101148030141]
["PUSI","PDI","Customer Service","Cost-Based",1456261,1456261,0.69000006159610672]
["PUSI","PDI","Administration","Cost-Based",561394,561394,0.40412072209816768]
["PUSI","PDI","Corporate Services","Cost-Based",348701,348701,0.88388380522673693]
["PUSI","PDI","Finance","Cost-Based",311570,311570,0.55750993093082346]
["PUSI","PDI","Technology Services","Cost-Based",894940,894940,0.25961005985355851]
["PUSI","PDI","Human Resources","Cost-Based",318633,318633,0.35249274842854961]
["PUSI","PDI","Purchasing","Cost-Based",123610,123610,0.39940030178778568]
["PUSI","PDI","Facilities Management","Cost-Based",531000,531000,0.51156069364161849]
["PUSI","PDI","Software & Equipment Rent","Cost-Based",208000,208000,0.42492339121552603]
[]
["PUI","PDI","Settlement Services","Market",41733.96,41733.96,0.37963347317288587]
["PUI","PDI","MDMA Services","Market",51868,51868,0.16664133879426973]
["PUI","PDI","MSP Services","Market",11380,11380,1.7832130792499911E-2]
[]
[]
[]
["Note: "]
[1,"This appendix must be completed in relation to each service provided or received for the Historical (actuals), Bridge and Test years."]

{"sheet":"App.2-OA Capital Structure","index":25,"n_rows":107,"n_cols":15,"rows_kept":107,"cut":false,"hidden":false,"merged":[[91,0,92,0],[92,4,92,8],[94,2,94,14],[72,0,72,14],[73,0,74,0],[74,4,74,8],[76,2,76,14],[90,0,90,14],[38,2,38,14],[53,0,53,14],[54,0,55,0],[55,4,55,8],[58,2,58,14],[32,0,32,14],[34,0,35,0],[35,4,35,8],[8,2,8,14],[9,2,9,14],[13,0,14,0],[14,4,14,8],[17,2,17,14],[11,0,11,14],[10,0,10,14]]}
[null,null,null,null,null,null,null,null,null,null,"File Number:",null,null,null,{"$f":"'LDC Info'!$E$18","v":"EB-2012-0160"}]
[null,null,null,null,null,null,null,null,null,null,"Exhibit:",null,null,null,5]
[null,null,null,null,null,null,null,null,null,null,"Tab:",null,null,null,1]
[null,null,null,null,null,null,null,null,null,null,"Schedule:",null,null,null,2]
[null,null,null,null,null,null,null,null,null,null,"Page:"]
[]
[null,null,null,null,null,null,null,null,null,null,"Date:"]
[]
[null,null,"Appendix 2-OA"]
[null,null,"Capital Structure and Cost of Capital"]
[]
[2009]
[]
["Line No."]
[null,null,"Particulars",null,"Capitalization Ratio",null,null,null,null,null,"Cost Rate",null,null,null,"Return"]
[]
[]
[null,null,"Application"]
[null,null,null,null,"(%)",null,null,null,"($)",null,"(%)",null,null,null,"($)"]
[null,null,"Debt"]
[1,null,"  Long-term Debt",null,0.52700000000000002,null,null,null,{"$f":"$I$30*E21","v":28508316.379000001},null,6.3060290000000005E-2,null,null,null,{"$f":"K21*I21","v":1797742.6982714902}]
[2,null,"  Short-term Debt",null,0.04,null,null,null,{"$f":"$I$30*E22","v":2163819.08},null,1.3299999999999999E-2,null,null,null,{"$f":"K22*I22","v":28778.793763999998}]
[3,null,"Total Debt",null,{"$f":"SUM(E21:E22)","v":0.56700000000000006},null,null,null,{"$f":"SUM(I21:I22)","v":30672135.458999999},null,{"$f":"IF(E23=0,0,SUMPRODUCT(E21:E22,K21:K22)/E23)","v":5.9549863897707236E-2},null,null,null,{"$f":"SUM(O21:O22)","v":1826521.4920354902}]
[]
[null,null,"Equity"]
[4,null,"  Common Equity",null,0.433,null,null,null,{"$f":"$I$30*E26","v":23423341.541000001},null,8.0100000000000005E-2,null,null,null,{"$f":"K26*I26","v":1876209.6574341003}]
[5,null,"  Preferred Shares",null,0,null,null,null,{"$f":"$I$30*E27","v":0},null,null,null,null,null,{"$f":"K27*I27","v":0}]
[6,null,"Total Equity",null,{"$f":"SUM(E26:E27)","v":0.433},null,null,null,{"$f":"SUM(I26:I27)","v":23423341.541000001},null,{"$f":"IF(E28=0,0,SUMPRODUCT(E26:E27,K26:K27)/E28)","v":8.0100000000000005E-2},null,null,null,{"$f":"SUM(O26:O27)","v":1876209.6574341003}]
[]
[7,null,"Total",null,1,null,null,null,54095477,null,{"$f":"(K23*E23)+(K28*E28)","v":6.8448072830000012E-2},null,null,null,{"$f":"O23+O28","v":3702731.1494695907}]
[]
[]
[2010]
[]
["Line No."]
[null,null,"Particulars",null,"Capitalization Ratio",null,null,null,null,null,"Cost Rate",null,null,null,"Return"]
[]
[]
[null,null,"Application"]
[null,null,null,null,"(%)",null,null,null,"($)",null,"(%)",null,null,null,"($)"]
[null,null,"Debt"]
[1,null,"  Long-term Debt",null,0.56000000000000005,null,null,null,{"$f":"$I51*E42","v":30606128.560000002},null,5.38082E-2,null,null,null,{"$f":"K42*I42","v":1646860.6867821922}]
[2,null,"  Short-term Debt",null,0.04,null,null,null,{"$f":"$I51*E43","v":2186152.04},null,1.3299999999999999E-2,null,null,null,{"$f":"K43*I43","v":29075.822131999998}]
[3,null,"Total Debt",null,{"$f":"SUM(E42:E43)","v":0.60000000000000009},null,null,null,{"$f":"SUM(I42:I43)","v":32792280.600000001},null,{"$f":"IF(E44=0,0,SUMPRODUCT(E42:E43,K42:K43)/E44)","v":5.1107653333333336E-2},null,null,null,{"$f":"SUM(O42:O43)","v":1675936.5089141922}]
[]
[null,null,"Equity"]
[4,null,"  Common Equity",null,0.4,null,null,null,{"$f":"$I51*E47","v":21861520.400000002},null,8.0100000000000005E-2,null,null,null,{"$f":"K47*I47","v":1751107.7840400003}]
[5,null,"  Preferred Shares",null,0,null,null,null,{"$f":"$I$30*E48","v":0},null,null,null,null,null,{"$f":"K48*I48","v":0}]
[6,null,"Total Equity",null,{"$f":"SUM(E47:E48)","v":0.4},null,null,null,{"$f":"SUM(I47:I48)","v":21861520.400000002},null,{"$f":"IF(E49=0,0,SUMPRODUCT(E47:E48,K47:K48)/E49)","v":8.0100000000000005E-2},null,null,null,{"$f":"SUM(O47:O48)","v":1751107.7840400003}]
[]
[7,null,"Total",null,1,null,null,null,54653801,null,{"$f":"(K44*E44)+(K49*E49)","v":6.2704592000000017E-2},null,null,null,{"$f":"O44+O49","v":3427044.2929541925}]
[]
[]
[2011]
["Line No."]
[null,null,"Particulars",null,"Capitalization Ratio",null,null,null,null,null,"Cost Rate",null,null,null,"Return"]
[]
[]
[null,null,"Application"]
[null,null,null,null,"(%)",null,null,null,"($)",null,"(%)",null,null,null,"($)"]
[null,null,"Debt"]
[1,null,"  Long-term Debt",null,0.56000000000000005,null,null,null,{"$f":"$I71*E62","v":31711468.880000003},null,5.07395E-2,null,null,null,{"$f":"K62*I62","v":1609024.0752367601}]
[2,null,"  Short-term Debt",null,0.04,null,null,null,{"$f":"$I71*E63","v":2265104.92},null,1.3299999999999999E-2,null,null,null,{"$f":"K63*I63","v":30125.895435999999}]
[3,null,"Total Debt",null,{"$f":"SUM(E62:E63)","v":0.60000000000000009},null,null,null,{"$f":"SUM(I62:I63)","v":33976573.800000004},null,{"$f":"IF(E64=0,0,SUMPRODUCT(E62:E63,K62:K63)/E64)","v":4.8243533333333331E-2},null,null,null,{"$f":"SUM(O62:O63)","v":1639149.9706727602}]
[]
[null,null,"Equity"]
[4,null,"  Common Equity",null,0.4,null,null,null,{"$f":"$I71*E67","v":22651049.200000003},null,8.0100000000000005E-2,null,null,null,{"$f":"K67*I67","v":1814349.0409200003}]
[5,null,"  Preferred Shares",null,0,null,null,null,{"$f":"$I$30*E68","v":0},null,null,null,null,null,{"$f":"K68*I68","v":0}]
[6,null,"Total Equity",null,{"$f":"SUM(E67:E68)","v":0.4},null,null,null,{"$f":"SUM(I67:I68)","v":22651049.200000003},null,{"$f":"IF(E69=0,0,SUMPRODUCT(E67:E68,K67:K68)/E69)","v":8.0100000000000005E-2},null,null,null,{"$f":"SUM(O67:O68)","v":1814349.0409200003}]
[]
[7,null,"Total",null,1,null,null,null,56627623,null,{"$f":"(K64*E64)+(K69*E69)","v":6.0986120000000005E-2},null,null,null,{"$f":"O64+O69","v":3453499.0115927607}]
[]
["2012 - Bridge Year - CGAAP"]
["Line No."]
[null,null,"Particulars",null,"Capitalization Ratio",null,null,null,null,null,"Cost Rate",null,null,null,"Return"]
[]
[null,null,"Application"]
[null,null,null,null,"(%)",null,null,null,"($)",null,"(%)",null,null,null,"($)"]
[null,null,"Debt"]
[1,null,"  Long-term Debt",null,0.56000000000000005,null,null,null,{"$f":"$I89*E80","v":35429980.880000003},null,4.5424939999999997E-2,null,null,null,{"$f":"K80*I80","v":1609404.7556751473}]
[2,null,"  Short-term Debt",null,0.04,null,null,null,{"$f":"$I89*E81","v":2530712.92},null,1.3299999999999999E-2,null,null,null,{"$f":"K81*I81","v":33658.481835999999}]
[3,null,"Total Debt",null,{"$f":"SUM(E80:E81)","v":0.60000000000000009},null,null,null,{"$f":"SUM(I80:I81)","v":37960693.800000004},null,{"$f":"IF(E82=0,0,SUMPRODUCT(E80:E81,K80:K81)/E82)","v":4.3283277333333328E-2},null,null,null,{"$f":"SUM(O80:O81)","v":1643063.2375111473}]
[]
[null,null,"Equity"]
[4,null,"  Common Equity",null,0.4,null,null,null,{"$f":"$I89*E85","v":25307129.200000003},null,8.0100000000000005E-2,null,null,null,{"$f":"K85*I85","v":2027101.0489200004}]
[5,null,"  Preferred Shares",null,0,null,null,null,{"$f":"$I$30*E86","v":0},null,null,null,null,null,{"$f":"K86*I86","v":0}]
[6,null,"Total Equity",null,{"$f":"SUM(E85:E86)","v":0.4},null,null,null,{"$f":"SUM(I85:I86)","v":25307129.200000003},null,{"$f":"IF(E87=0,0,SUMPRODUCT(E85:E86,K85:K86)/E87)","v":8.0100000000000005E-2},null,null,null,{"$f":"SUM(O85:O86)","v":2027101.0489200004}]
[]
[7,null,"Total",null,1,null,null,null,63267823,null,{"$f":"(K82*E82)+(K87*E87)","v":5.8009966400000008E-2},null,null,null,{"$f":"O82+O87","v":3670164.2864311477}]
[]
["2013 - Test Year - CGAAP,  Kinetrics Useful Lifes"]
["Line No."]
[null,null,"Particulars",null,"Capitalization Ratio",null,null,null,null,null,"Cost Rate",null,null,null,"Return"]
[]
[null,null,"Application"]
[null,null,null,null,"(%)",null,null,null,"($)",null,"(%)",null,null,null,"($)"]
[null,null,"Debt"]
[1,null,"  Long-term Debt",null,0.56000000000000005,null,null,null,{"$f":"$I107*E98","v":37133730.0656},null,4.2898560000000002E-2,null,null,null,{"$f":"K98*I98","v":1592983.5472429455}]
[2,null,"  Short-term Debt",null,0.04,null,null,null,{"$f":"$I107*E99","v":2652409.2903999998},null,2.0799999999999999E-2,null,null,null,{"$f":"K99*I99","v":55170.113240319995}]
[3,null,"Total Debt",null,{"$f":"SUM(E98:E99)","v":0.60000000000000009},null,null,null,{"$f":"SUM(I98:I99)","v":39786139.355999999},null,{"$f":"IF(E100=0,0,SUMPRODUCT(E98:E99,K98:K99)/E100)","v":4.1425322666666667E-2},null,null,null,{"$f":"SUM(O98:O99)","v":1648153.6604832655}]
[]
[null,null,"Equity"]
[4,null,"  Common Equity",null,0.4,null,null,null,{"$f":"$I107*E103","v":26524092.903999999},null,8.9300000000000004E-2,null,null,null,{"$f":"K103*I103","v":2368601.4963272}]
[5,null,"  Preferred Shares",null,0,null,null,null,{"$f":"$I$30*E104","v":0},null,null,null,null,null,{"$f":"K104*I104","v":0}]
[6,null,"Total Equity",null,{"$f":"SUM(E103:E104)","v":0.4},null,null,null,{"$f":"SUM(I103:I104)","v":26524092.903999999},null,{"$f":"IF(E105=0,0,SUMPRODUCT(E103:E104,K103:K104)/E105)","v":8.9300000000000004E-2},null,null,null,{"$f":"SUM(O103:O104)","v":2368601.4963272}]
[]
[7,null,"Total",null,1,null,null,null,66310232.259999998,null,{"$f":"(K100*E100)+(K105*E105)","v":6.0575193600000007E-2},null,null,null,{"$f":"O100+O105","v":4016755.1568104653}]

{"sheet":"App.2-OB_Debt Instruments","index":26,"n_rows":76,"n_cols":17,"rows_kept":76,"cut":false,"hidden":false,"merged":[[9,0,9,10],[10,0,10,10],[10,11,10,14],[12,0,12,10]]}
[null,null,null,null,null,null,null,null,null,"File Number:",{"$f":"'LDC Info'!$E$18","v":"EB-2012-0160"}]
[null,null,null,null,null,null,null,null,null,"Exhibit:",5]
[null,null,null,null,null,null,null,null,null,"Tab:",1]
[null,null,null,null,null,null,null,null,null,"Schedule:",3]
[null,null,null,null,null,null,null,null,null,"Page:"]
[]
[null,null,null,null,null,null,null,null,null,"Date:"]
[]
[]
["Appendix 2-OB"]
["Debt Instruments"]
[]
[]
[]
[null,null,null,"Year",2009]
[]
["Row","Description","Lender","Affiliated or Third-Party Debt?","Fixed or Variable-Rate?","Start Date","Term              (years)","Principal                         ($)","Rate (%)                     (Note 2)","Interest ($)       (Note 1)",null,null,null,null,null,"Notes"]
[1,"Demand Loan","City of Peterborough","Affiliated","Variable Rate","2000-01-01",null,1500000,0.01,{"$f":"H18*I18","v":15000}]
[2,"Demand Loan","City of Peterborough Holdings","Affiliated","Fixed Rate","2000-01-01",null,21657680,7.6200000000000004E-2,{"$f":"H19*I19","v":1650315.216},null,null,null,null,null,1,"If financing is in place only part of the year, calculate the pro-rated interest and input in the cell."]
[3,"Term Loan","Toronto Dominion Bank","Third-Party","Fixed Rate","2008-12-24",10,6285904,4.5499999999999999E-2,286008.63199999998,null,null,null,null,null,2,"Input actual or deemed long-term debt rate in accordance with the guidelines in The Report of the Board on the Cost of Capital for Ontario's Regulated Utilities, issued December 11, 2009"]
[4,"Term Loan","Toronto Dominion Bank","Third-Party","Fixed Rate","2009-12-22",10,10000000,5.3600000000000002E-2,536000,null,null,null,null,null,3,"Add more lines above row 12 if necessary."]
[{"$f":"+A21+1","v":5},null,null,null,null,null,null,null,null,0]
[]
["Total",null,null,null,null,null,null,{"$f":"SUM(H18:H22)","v":39443584},{"$f":"IF(H24=0,\"\",J24/H24)","v":6.3060290058834415E-2},{"$f":"SUM(J18:J22)","v":2487323.8480000002}]
[]
[]
[]
[null,null,null,"Year",2010]
[]
["Row","Description","Lender","Affiliated or Third-Party Debt?","Fixed or Variable-Rate?","Start Date","Term              (years)","Principal                         ($)","Rate (%)                     (Note 2)","Interest ($)       (Note 1)"]
[1,"Demand Loan","City of Peterborough","Affiliated","Variable Rate","2000-01-01",null,1500000,1.7500000000000002E-2,{"$f":"H31*I31","v":26250.000000000004}]
[2,"Demand Loan","City of Peterborough Holdings","Affiliated","Fixed Rate","2000-01-01",null,21657680,5.8700000000000002E-2,{"$f":"H32*I32","v":1271305.8160000001}]
[3,"Term Loan","Toronto Dominion Bank","Third-Party","Fixed Rate","2008-12-24",10,5957214,4.5499999999999999E-2,271053.23699999996]
[4,"Term Loan","Toronto Dominion Bank","Third-Party","Fixed Rate","2009-12-22",10,9553529,5.3600000000000002E-2,512069.1544]
[{"$f":"+A34+1","v":5},null,null,null,null,null,null,null,null,0]
[]
["Total",null,null,null,null,null,null,{"$f":"SUM(H31:H35)","v":38668423},{"$f":"IF(H37=0,\"\",J37/H37)","v":5.3808199196538224E-2},{"$f":"SUM(J31:J35)","v":2080678.2074000002}]
[]
[]
[null,null,null,"Year",2011]
[]
["Row","Description","Lender","Affiliated or Third-Party Debt?","Fixed or Variable-Rate?","Start Date","Term              (years)","Principal                         ($)","Rate (%)                     (Note 2)","Interest ($)       (Note 1)"]
[1,"Demand Loan","City of Peterborough","Affiliated","Variable Rate","2000-01-01",null,1500000,1.7500000000000002E-2,{"$f":"H43*I43","v":26250.000000000004}]
[2,"Demand Loan","City of Peterborough Holdings","Affiliated","Fixed Rate","2000-01-01",null,21657680,5.3199999999999997E-2,{"$f":"H44*I44","v":1152188.5759999999}]
[3,"Term Loan","Toronto Dominion Bank","Third-Party","Fixed Rate","2008-12-24",10,5613253,4.5499999999999999E-2,255403.01149999999]
[4,"Term Loan","Toronto Dominion Bank","Third-Party","Fixed Rate","2009-12-22",10,9082531,5.3600000000000002E-2,486823.66159999999]
[{"$f":"+A46+1","v":5},null,null,null,null,null,null,null,null,0]
[]
["Total",null,null,null,null,null,null,{"$f":"SUM(H43:H47)","v":37853464},{"$f":"IF(H49=0,\"\",J49/H49)","v":5.0739484478884149E-2},{"$f":"SUM(J43:J47)","v":1920665.2490999999}]
[]
[]
[null,null,null,"Year",2012]
[]
["Row","Description","Lender","Affiliated or Third-Party Debt?","Fixed or Variable-Rate?","Start Date","Term              (years)","Principal                         ($)","Rate (%)                     (Note 2)","Interest ($)       (Note 1)"]
[1,"Demand Loan","City of Peterborough","Affiliated","Variable Rate","2000-01-01",null,1500000,1.7500000000000002E-2,{"$f":"H55*I55","v":26250.000000000004}]
[2,"Demand Loan","City of Peterborough Holdings","Affiliated","Fixed Rate","2000-01-01",null,3657680,4.41E-2,{"$f":"H56*I56","v":161303.68799999999}]
[3,"Term Loan","Toronto Dominion Bank","Third-Party","Variable Rate","2012-12-20",3,18000000,4.41E-2,793800]
[4,"Term Loan","Toronto Dominion Bank","Third-Party","Fixed Rate","2008-12-24",10,5253311,4.5499999999999999E-2,{"$f":"H58*I58","v":239025.65049999999}]
[{"$f":"+A58+1","v":5},"Term Loan","Toronto Dominion Bank","Third-Party","Fixed Rate","2009-12-22",10,8585658,5.3600000000000002E-2,460191.26880000002]
[]
["Total",null,null,null,null,null,null,{"$f":"SUM(H55:H59)","v":36996649},{"$f":"IF(H61=0,\"\",J61/H61)","v":4.5424941250760305E-2},{"$f":"SUM(J55:J59)","v":1680570.6073}]
[]
[]
[]
[]
[null,null,null,"Year",2013]
[]
["Row","Description","Lender","Affiliated or Third-Party Debt?","Fixed or Variable-Rate?","Start Date","Term              (years)","Principal                         ($)","Rate (%)                     (Note 2)","Interest ($)       (Note 1)"]
[1,"Demand Loan","City of Peterborough","Affiliated","Variable Rate","2000-01-01",null,1500000,1.7500000000000002E-2,{"$f":"H69*I69","v":26250.000000000004}]
[2,"Term Loan","Toronto Dominion Bank","Third-Party","Variable Rate","2012-12-20",30,20995918,0.04,{"$f":"H70*I70","v":839836.72}]
[3,"Term Loan","Toronto Dominion Bank","Third-Party","Fixed Rate","2008-12-24",10,4876645,4.5499999999999999E-2,221887.3475]
[{"$f":"+A71+1","v":4},"Term Loan","Toronto Dominion Bank","Third-Party","Fixed Rate","2009-12-22",10,8061489,5.3600000000000002E-2,432095.81040000002]
[]
["Total",null,null,null,null,null,null,{"$f":"SUM(H69:H72)","v":35434052},{"$f":"IF(H74=0,\"\",J74/H74)","v":4.2898562035750244E-2},{"$f":"SUM(J69:J72)","v":1520069.8779}]
[]
[null,null,null,null,null,null,null,{"$f":"+H74-H69","v":33934052}]

{"sheet":"App.2-P_Cost_Allocation","index":27,"n_rows":117,"n_cols":6,"rows_kept":117,"cut":false,"hidden":false,"merged":[[31,0,32,4],[34,0,36,4],[38,0,39,4],[8,0,8,5],[9,0,9,5],[52,0,52,1],[53,0,53,1],[45,0,46,1],[45,2,46,2],[48,0,48,1],[49,0,49,1],[50,0,50,1],[51,0,51,1],[47,0,47,1],[42,1,42,5],[44,0,44,1],[45,3,46,3],[45,4,46,4],[45,5,46,5],[83,0,83,1],[65,0,65,5],[79,0,79,1],[80,0,80,1],[81,0,81,1],[82,0,82,1],[62,0,63,5],[54,0,54,1],[55,0,55,1],[56,0,56,1],[57,0,57,1],[58,0,58,1],[86,0,86,1],[87,0,87,1],[88,0,88,1],[67,0,68,5],[104,0,104,1],[70,0,71,5],[93,0,94,5],[96,0,96,5],[89,0,89,1],[84,0,84,1],[85,0,85,1],[75,0,77,1],[75,5,77,5],[76,3,77,3],[76,4,77,4],[78,0,78,1],[105,0,105,1],[100,0,102,1],[100,2,100,4],[100,5,101,5],[103,0,103,1],[113,0,113,1],[121,0,123,5],[106,0,106,1],[107,0,107,1],[108,0,108,1],[109,0,109,1],[110,0,110,1],[111,0,111,1],[116,0,119,5],[112,0,112,1]]}
[null,null,null,null,"File Number:",{"$f":"'LDC Info'!$E$18","v":"EB-2012-0160"}]
[null,null,null,null,"Exhibit:",7]
[null,null,null,null,"Tab:",1]
[null,null,null,null,"Schedule:",2]
[null,null,null,null,"Page:"]
[]
[null,null,null,null,"Date:"]
[]
["Appendix 2-P"]
["Cost Allocation"]
[]
["Please complete the following four tables."]
[]
["A)  Allocated Costs"]
[]
["Classes","Costs Allocated from Previous Study","%","Costs Allocated in Test Year Study                    (Column 7A)","%"]
["Residential",7560833.0358580779,{"$f":"IF(B$28=0,\"\",B17/B$28)","v":0.55197061678018033},10471540.058690799,{"$f":"IF(D$28=0,\"\",D17/D$28)","v":0.64274766622515667}]
["GS < 50 kW",2308443.7200364922,{"$f":"IF(B$28=0,\"\",B18/B$28)","v":0.16852549155732924},2395635.7835268113,0.1470451624457467]
["GS > 50 kW (or 50 kW < GS < xxx kW, if applicable)",2419352.2586758477,0.1766222520847234,2614947.5755584305,0.16050661527063365]
["GS > xxx kW, if applicable",null,0,null,0]
["Large User, if applicable",262707.94532488519,1.9178715615900906E-2,261368.1063175227,1.6042887619176018E-2]
["Street Lighting",711182.6810374792,5.191913923160571E-2,469885.54658186523,2.8841778455287282E-2]
["Sentinel Lighting",64016.499775250624,4.6734568396725844E-3,29022.198246866348,1.7813951040005268E-3]
["Unmetered Scattered Load (USL)",371354.30129196885,2.7110327890587812E-2,49437.495246655177,3.0344948799993087E-3]
["Other class, if applicable",null,0,null,0]
[null,null,0,null,0]
["Embedded distributor class",null,0,null,0]
["Total",{"$f":"SUM(B17:B27)","v":13697890.442000002},{"$f":"SUM(C17:C27)","v":0.99999999999999989},{"$f":"SUM(D17:D27)","v":16291836.764168948},{"$f":"SUM(E17:E27)","v":1.0000000000000002}]
[]
["Notes"]
[]
["1     Customer Classification - If proposed rate classes differ from those in place in the previous Cost Allocation study, modify the rate classes to match the current application as closely as possible."]
[]
[]
["2     Host Distributors -  Provide information on embedded distributor(s) as a separate class, if applicable.   If embedded distributor(s) are billed as customers in a General Service class, include the allocated cost and revenue of the embedded distributor(s) in the applicable class.  Also complete Appendix 2-Q."]
[]
[]
["  "]
["3     Class Revenue Requirements - If using the Board-issued model, in column 7A enter the results from Worksheet O-1, Revenue Requirement (row 40 in the 2013 model).  This excludes costs in deferral and variance accounts.  Note to Embedded Distributor(s), it also does not include Account 4750 - Low Voltage (LV) Costs. "]
[]
[]
[]
["B)  Calculated Class Revenues"]
[]
[null,null,"Column 7B","Column 7C","Column 7D","Column 7E"]
["Classes (same as previous table)",null,"Load Forecast (LF) X current approved rates","L.F. X current approved rates X (1 + d)","LF X proposed rates","Miscellaneous Revenue"]
[]
[{"$f":"A17","v":"Residential"},null,7952109.2437478071,8285511.2551735342,8811682.4509025905,880426.24066083331]
["GS < 50 kW",null,2282022.3653920041,2377698.9743795353,2377698.9743795353,162061.14520506639]
["GS > 50 kW (or 50 kW < GS < xxx kW, if applicable)",null,3107588.0783467758,3237877.5505164424,2982565.8226529802,155371.26801713629]
["GS > xxx kW, if applicable"]
["Large User, if applicable",null,235211.69562542022,245073.23676232394,245073.23676232391,18943.337498021632]
["Street Lighting",null,505234.26923383708,526416.84060459724,523392.5124533457,40470.143444892594]
["Sentinel Lighting",null,51687.510467495755,53854.573246342807,32337.938336400144,2488.6995598394737]
["Unmetered Scattered Load (USL)",null,290235.83718665846,302404.33348617062,56085.828681775914,3239.1656142102966]
["Other class, if applicable"]
[]
[{"$f":"A27","v":"Embedded distributor class"}]
[{"$f":"A28","v":"Total"},null,{"$f":"SUM(C48:C58)","v":14424089},{"$f":"SUM(D48:D58)","v":15028836.764168948},{"$f":"SUM(E48:E58)","v":15028836.764168954},{"$f":"SUM(F48:F58)","v":1262999.9999999998}]
[]
["Notes:"]
[]
["1     Columns 7B to 7D - LF means Load Forecast of Annual Billing Quantities (i.e. customers or connections X 12, (kWh or kW, as applicable).  Revenue Quantities should be net of Transfomrer Ownership Allowance.  Exclude revenue from rate adders and rate riders.  "]
[]
[]
["2     Columns 7C and 7D - Column total in each column should equal the Base Revenue Requirement"]
[]
["3     Columns 7C - The Board cost allocation model calculates \"1+d\" in worksheet O-1, cell C21. \"d\" is defined as Revenue Deficiency/ Revenue at Current Rates."]
[]
[]
["4     Columns 7E - If using the Board-issued Cost Allocation model, enter Miscellaneous Revenue as it appears in Worksheet O-1, row 19."]
[]
[]
["C)  Rebalancing Revenue-to-Cost (R/C) Ratios"]
[]
["Class",null,"Previously Approved Ratios","Status Quo Ratios","Proposed Ratios","Policy Range"]
[null,null,"Most Recent Year:","(7C + 7E) / (7A)","(7D + 7E) / (7A)"]
[null,null,2009]
[null,null,"%","%","%","%"]
[{"$f":"A48","v":"Residential"},null,103.35000000000001,{"$f":"IF(D17=0,\"\",(D48+F48)/D17*100)","v":87.531895446717471},{"$f":"IF(D17=0,\"\",(E48+F48)/D17*100)","v":92.556669193272185},"85 - 115"]
["GS < 50 kW",null,100.6,{"$f":"IF(D18=0,\"\",(D49+F49)/D18*100)","v":106.01612052419812},106.01612052419812,"80 - 120"]
["GS > 50 kW (or 50 kW < GS < xxx kW, if applicable)",null,103.35000000000001,129.76355052964837,120,"80 - 120"]
["GS > xxx kW, if applicable",null,null,"","","80 - 120"]
["Large User, if applicable",null,85,101.01330953502237,101.01330953502237,"85 - 115"]
["Street Lighting",null,70,120.64363081036473,120,"70 - 120"]
["Sentinel Lighting",null,70,194.13854294192171,120,"80 - 120"]
["Unmetered Scattered Load (USL)",null,80,618.24228265500574,120,"80 - 120"]
["Other class, if applicable",null,null,"",""]
[null,null,null,"",""]
[{"$f":"A58","v":"Embedded distributor class"},null,null,"",""]
[]
["Notes"]
[]
["1     Previously Approved Revenue-to-Cost Ratios - For most applicants, Most Recent Year would be the third year of the IRM 3 period,  e.g. if the applicant rebased in 2009 with further adjustments over 2 years, the Most recent year is 2011.  For applicants that have had rates adjusted only under IRM 2, the Most Recent Year is 2006, and the applicant should enter the ratios from their Informational Filing."]
[]
[]
["2     Status Quo Ratios - The Board's updated Cost Allocation Model yields the Status Quo Ratios in Worksheet O-1.  Status Quo means \"Before Rebalancing\"."]
[]
["D)  Proposed Revenue-to-Cost Ratios"]
[]
["Class",null,"Proposed Revenue-to-Cost Ratios",null,null,"Policy Range"]
[null,null,2013,2014,2015]
[null,null,"%","%","%","%"]
[{"$f":"A80","v":"Residential"},null,{"$f":"E80","v":92.556669193272185},92.556669193272185,92.556669193272185,{"$f":"F80","v":"85 - 115"}]
[{"$f":"A81","v":"GS < 50 kW"},null,{"$f":"E81","v":106.01612052419812},106.01612052419812,106.01612052419812,{"$f":"F81","v":"80 - 120"}]
["GS > 50 kW (or 50 kW < GS < xxx kW, if applicable)",null,120,120,120,"80 - 120"]
["GS > xxx kW, if applicable",null,"",null,null,"80 - 120"]
["Large User, if applicable",null,101.01330953502237,101.01330953502237,101.01330953502237,"85 - 115"]
["Street Lighting",null,120,120,120,"70 - 120"]
["Sentinel Lighting",null,120,120,120,"80 - 120"]
["Unmetered Scattered Load (USL)",null,120,120,120,"80 - 120"]
["Other class, if applicable",null,"",null,null,{"$f":"F88","v":0}]
[null,null,"",null,null,{"$f":"F89","v":0}]
["Embedded distributor class",null,""]
[]
["Note"]
["1     The applicant should complete Table D if it is applying for approval of a revenue to cost ratio in 2012 that is outside the Board’s policy range for any customer class. Table (d) will show the information that the distributor would likely enter in the IRM model) in 2013.  In 2013 Table (d), enter the planned ratios for the classes that will be ‘Change’ and ‘No Change’ in 2013 (in the current Revenue Cost Ratio Adjustment Workform, Worksheet C1.1 ‘Decision – Cost Revenue Adjustment’, column d), and enter TBD for class(es) that will be entered as ‘Rebalance’. "]

{"sheet":"App.2-Q_Cost of Serv. Emb. Dx","index":28,"n_rows":61,"n_cols":7,"rows_kept":61,"cut":false,"hidden":false,"merged":[[59,3,60,3],[59,4,60,4],[54,4,55,4],[8,0,8,6],[9,0,9,6],[16,0,16,1],[16,2,16,3],[54,3,55,3],[9,7,9,11],[12,0,12,6],[11,0,11,6],[14,0,14,1],[14,2,14,3]]}
[null,null,null,null,null,"File Number:",{"$f":"'LDC Info'!$E$18","v":"EB-2012-0160"}]
[null,null,null,null,null,"Exhibit:"]
[null,null,null,null,null,"Tab:"]
[null,null,null,null,null,"Schedule:"]
[null,null,null,null,null,"Page:"]
[]
[null,null,null,null,null,"Date:"]
[]
["Appendix 2-Q"]
["Cost of Serving Embedded Distributor(s) "]
[]
["To be completed by Host Distributors*"]
["(Not required if Host Distributor has an Embedded Distributor rate class, i.e. a separate row in Appendix 2-P.)"]
[]
[]
[]
["Proposed Rate Class for Billing Embedded Distributor(s)"]
[]
["Host's Distribution Facilities used by Embedded Distributor(s)"]
[]
["(1)","(2)","(3)","(4)","(5)","(6) = '(3) + (4)"]
["Asset Class","Total OM&A costs asociated with asset class ","Original cost of asset class ","Accumulated amortization of asset class","Annual amortization of asset class","Net Book Value of asset class"]
["Totals for Host Distributor:","($)","($)","($)","($)"]
["Distribution Stations",null,null,null,null,{"$f":"C24+D24","v":0}]
["Low Voltage Line",null,null,null,null,0]
["LV Line category # 2 (if applcable)",null,null,null,null,0]
["TS (owned by host)",null,null,null,null,0]
["add rows if necessary... ",null,null,null,null,0]
[null,null,null,null,null,0]
[null,null,null,null,null,0]
[]
["(1)","(7)","(8)","(9)","(10)","(11)"]
[{"$f":"A22","v":"Asset Class"},"Total line length or station capacity in asset class","Line length or capacity required to provide LV service to Embedded Distributor(s)","Annual total demand on station/line providing LV services (sum of 12 monthly peaks)","Annual billed Embedded Distributor demand on station/line providing LV services","Embedded Distributor(s)' Responsibility Share "]
["Embedded Distributor's share:","kW or kVa; km","kW or kVA; km","kW or kVA","kW or kVA","percent"]
["Distribution Stations",null,null,null,null,{"$f":"IF(D35=0,0,(C35/B35)*(E35/D35))","v":0}]
["Low Voltage Line",null,null,null,null,{"$f":"IF(D36=0,0,(C36/B36)*(E36/D36))","v":0}]
["LV Line # 2 (if applicable) ",null,null,null,null,{"$f":"IF(D37=0,0,(C37/B37)*(E37/D37))","v":0}]
["TS (owned by host)",null,null,null,null,{"$f":"IF(D38=0,0,(C38/B38)*(E38/D38))","v":0}]
["add rows if necessary ",null,null,null,null,{"$f":"IF(D39=0,0,(C39/B39)*(E39/D39))","v":0}]
[]
["(1)","(12)","(12a)","(13)","(14)","(15)","(16)"]
[{"$f":"A33","v":"Asset Class"},"Return on Assets used to Provide LV services","Taxes/PILs","Annual amortization on assets used to provide LV services","OM&A costs with burden associated with assets used to provide LV services","Total annual cost associated with assets used to provide LV services","Monthly cost associated with the delivery of LV services"]
[null,"($)","($)","($)","($)","($)","$/kW or $/kVA"]
["Distribution Stations",{"$f":"E$55*(F24+B24*E$60)*F35","v":0},{"$f":"(B44-(B$55*C$55*F35*(F24+B24*E58)+B$56*C$56*F35*(F24+B24*E$58)))*E$58/(1-E$58)","v":0},{"$f":"E24*F35","v":0},{"$f":"B24*F35","v":0},{"$f":"SUM(B44:E44)","v":0},{"$f":"IF(E35=0,0,(D44/E35))","v":0}]
["Low Voltage Line",{"$f":"E$55*(F25+B25*E$60)*F36","v":0},{"$f":"(B45-(B$55*C$55*F36*(F25+B25*E59)+B$56*C$56*F36*(F25+B25*E59)))*E$58/(1-E$58)","v":0},{"$f":"E25*F36","v":0},{"$f":"B25*F36","v":0},{"$f":"SUM(B45:E45)","v":0},{"$f":"IF(E36=0,0,(D45/E36))","v":0}]
["LV Line # 2 (if applicable) ",{"$f":"E$55*(F26+B26*E$60)*F37","v":0},{"$f":"(B46-(B$55*C$55*F37*(F26+B26*E60)+B$56*C$56*F37*(F26+B26*E$60)))*E$58/(1-E$58)","v":0},{"$f":"E26*F37","v":0},{"$f":"B26*F37","v":0},{"$f":"SUM(B46:E46)","v":0},{"$f":"IF(E37=0,0,(D46/E37))","v":0}]
["TS (owned by host)",{"$f":"E$55*(F27+B27*E$60)*F38","v":0},{"$f":"(B47-(B$55*C$55*F38*(F27+B27*E61)+B$56*C$56*F38*(F27+B27*E61)))*E$58/(1-E$58)","v":0},{"$f":"E27*F38","v":0},{"$f":"B27*F38","v":0},{"$f":"SUM(B47:E47)","v":0},{"$f":"IF(E38=0,0,(D47/E38))","v":0}]
["add rows if necessary ",{"$f":"E$55*(F28+B28*E$60)*F39","v":0},{"$f":"(B48-(B$55*C$55*F39*(F28+B28*I62)+B$56*C$56*F39*(F28+B28*I62)))*E$58/(1-E$58)","v":0},{"$f":"E28*F39","v":0},{"$f":"B28*F39","v":0},{"$f":"SUM(B48:E48)","v":0},{"$f":"IF(E39=0,0,(D48/E39))","v":0}]
[]
["Total",null,null,null,null,{"$f":"SUM(F44:F48)","v":0},{"$f":"SUM(G44:G48)","v":0}]
[]
["(17)","(18)","(19)","(20)","(21)"]
[null,"Capital Structure","Cost Rate"]
[null,"(%)","(%)",null,"(%)"]
["Long-Term Debt",null,null,"Weighted Average Cost of Capital",{"$f":"IF(B61=0%,0,SUMPRODUCT(B55:B59,C55:C59)/B61)","v":0}]
["Short-term Debt"]
[]
["Common Equity",null,null,"Tax/PILs Rate"]
["Preferred Shares"]
[null,null,null,"Working Capital Allowance Factor"]
["Total",{"$f":"SUM(B55:B59)","v":0}]

{"sheet":"App.2-R_Loss Factors","index":29,"n_rows":73,"n_cols":8,"rows_kept":73,"cut":false,"hidden":false,"merged":[[8,0,8,7],[9,0,9,7],[11,0,11,7],[13,0,14,1],[13,2,13,6],[13,7,14,7],[15,1,15,7],[24,1,24,7],[26,1,26,7],[54,1,55,7],[36,1,39,7],[43,1,45,7],[47,1,50,7],[57,1,58,7],[60,1,61,7],[32,1,34,7],[71,1,71,7],[63,1,63,7],[65,1,65,7],[67,1,69,6],[52,1,52,7]]}
[null,null,null,null,null,null,"File Number:",{"$f":"'LDC Info'!$E$18","v":"EB-2012-0160"}]
[null,null,null,null,null,null,"Exhibit:",8]
[null,null,null,null,null,null,"Tab:",1]
[null,null,null,null,null,null,"Schedule:",1]
[null,null,null,null,null,null,"Page:"]
[]
[null,null,null,null,null,null,"Date:"]
[]
["Appendix 2-R"]
["Loss Factors"]
[]
[]
[]
[null,null,"Historical Years",null,null,null,null,"5-Year Average"]
[null,null,{"$f":"IF(ISBLANK('LDC Info'!E26-5), \"Year 5\", 'LDC Info'!E26-5)","v":2007},{"$f":"IF(ISBLANK('LDC Info'!E26-4), \"Year 5\", 'LDC Info'!E26-4)","v":2008},{"$f":"IF(ISBLANK('LDC Info'!E26-3), \"Year 5\", 'LDC Info'!E26-3)","v":2009},{"$f":"IF(ISBLANK('LDC Info'!E26-2), \"Year 5\", 'LDC Info'!E26-2)","v":2010},{"$f":"IF(ISBLANK('LDC Info'!E26-1), \"Year 5\", 'LDC Info'!E26-1)","v":2011}]
[null,"Losses Within Distributor's System"]
["A(1)","\"Wholesale\" kWh delivered to distributor (higher value)",863940494,854066751,840014481,843920476,854625841,{"$f":"IF(SUM(C17:G17)=0,0,AVERAGE(C17:G17))","v":851313608.60000002}]
["A(2)","\"Wholesale\" kWh delivered to distributor (lower value)",857671135,847751263,834047120,838079589,848819148,{"$f":"IF(SUM(C18:G18)=0,0,AVERAGE(C18:G18))","v":845273651}]
["B","Portion of \"Wholesale\" kWh delivered to distributor for its Large Use Customer(s)",{"$f":"ROUND((C22*1.01),0)","v":63853311},{"$f":"ROUND((D22*1.01),0)","v":64021341},58877967,57313602,56803289,{"$f":"IF(SUM(C19:G19)=0,0,AVERAGE(C19:G19))","v":60173902}]
["C","Net \"Wholesale\" kWh delivered to distributor  = A(2) - B",{"$f":"C18-C19","v":793817824},783729922,775169153,780765987,792015859,785099749]
["D","\"Retail\" kWh delivered by distributor",820201486,819538762,791578450,801058085,813602220,{"$f":"IF(SUM(C21:G21)=0,0,AVERAGE(C21:G21))","v":809195800.60000002}]
["E","Portion of \"Retail\" kWh delivered by distributor to its Large Use Customer(s)",63221100,63387466,58295017,56746141,56240880,{"$f":"IF(SUM(C22:G22)=0,0,AVERAGE(C22:G22))","v":59578120.799999997}]
["F","Net \"Retail\" kWh delivered by distributor = D - E",{"$f":"C21-C22","v":756980386},756151296,733283433,744311944,757361340,749617679.80000007]
["G","Loss Factor in Distributor's system = C / F",{"$f":"IF(C23=0,\"\",C20/C23)","v":1.0486636624690564},1.0364723649167693,1.0571207777443405,1.0489768346374944,1.045756915714763,1.0473335543652955]
[null,"Losses Upstream of Distributor's System"]
["H","Supply Facilities Loss Factor",1.0073099999999999,1.00745,1.0071540000000001,1.006969,1.0068410000000001,{"$f":"IF(SUM(C26:G26)=0,0,AVERAGE(C26:G26))","v":1.0071448000000001}]
[null,"Total Losses"]
["I","Total Loss Factor = G x H",{"$f":"IF(C24=\"\",\"\",C24*C26)","v":1.0563293938417051},1.0441940840353992,1.0646834197883237,1.0562871541980832,1.0529109387751678,1.0548165431445247]
[]
["Notes"]
[]
[]
["A(1)","If directly connected to the IESO-controlled grid, kWh pertains to the virtual meter on the primary or high voltage side of the transformer at the interface with the transmission grid.  This corresponds to the \"With Losses\" kWh value provided by the IESO's MV-WEB.  It is the higher of the two values provided by MV-WEB."]
[]
[]
[]
[null,"If fully embedded within a host distributor, kWh pertains to the virtual meter on the primary or high voltage side of the transformer, at the interface between the host distributor and the transmission grid.  For example, if the host distributor is Hydro One Networks Inc., kWh from the Hydro One Networks' invoice corresponding to \"Total kWh w Losses\" should be reported.  This corresponds to the higher of the two kWh values provided in Hydro One Networks' invoice."]
[]
[]
[]
[]
[null,"If partially embedded, kWh pertains to the sum of the above."]
[]
["A(2)","If directly connected to the IESO-controlled grid, kWh pertains to a metering installation on the secondary or low voltage side of the transformer at the interface with the transmission grid.  This corresponds to the \"Without Losses\" kWh value provided by the IESO's MV-WEB.  It is the lower of the two kWh values provided by MV-WEB."]
[]
[]
[]
[null,"If fully embedded with the host distributor, kWh pertains to an actual or virtual meter at the interface between the embedded distributor and the host distributor.  For example, if the host distributor is Hydro One Networks Inc., kWh from the Hydro One Networks' invoice corresponding to \"Total kWh\" should be reported.  This corresponds to the lower of the two kWh values provided in Hydro One Networks' invoice."]
[]
[]
[]
[]
[null,"If partially embedded, kWh pertains to the sum of the above."]
[]
[null,"Additionally, kWh pertaining to distributed generation directly connected to the distributor's own distribution network should be included in A(2)."]
[]
[]
["B","If a Large Use Customer is metered on the secondary or low voltage side of the transformer, the default loss is 1%                         (i.e., B = 1.01 X E)."]
[]
[]
["D","kWh corresponding to D should equal metered or estimated kWh at the customer’s delivery point."]
[]
[]
["G and I","These loss factors pertain to secondary-metered customers with demand less than 5,000 kW."]
[]
["H","If directly connected to the IESO-controlled grid, SFLF = 1.0045."]
[]
[null,"If fully embedded within a host distributor, SFLF = loss factor re losses in transformer at grid interface X loss factor re losses in host distributor's system.  If the host distributor is Hydro One Networks Inc., SFLF = 1.0060 X 1.0278 = 1.0340. If partially embedded, SFLF should be calculated as the weighted average of above."]
[]
[]
[]
[null,"Distributors that wish to propose a different SFLF should provide appropriate justification for any such proposal including supporting"]
[null,"calculations and any other relevant material."]

{"sheet":"App.2-S_Stranded Meters","index":30,"n_rows":88,"n_cols":8,"rows_kept":88,"cut":false,"hidden":false,"merged":[[87,0,90,7],[80,1,82,7],[84,1,85,7],[65,1,66,7],[72,1,74,7],[76,1,78,7],[68,1,70,7],[58,2,60,7],[62,0,63,7],[33,1,34,7],[36,1,38,7],[40,1,43,7],[45,1,48,7],[53,2,56,7],[8,0,8,7],[9,0,9,7],[25,0,28,7],[30,0,31,7],[50,2,51,7]]}
[null,null,null,null,null,null,"File Number:",{"$f":"'LDC Info'!$E$18","v":"EB-2012-0160"}]
[null,null,null,null,null,null,"Exhibit:",9]
[null,null,null,null,null,null,"Tab:",2]
[null,null,null,null,null,null,"Schedule:",1]
[null,null,null,null,null,null,"Page:"]
[]
[null,null,null,null,null,null,"Date:"]
[]
["Appendix 2-S"]
["Stranded Meter Treatment"]
[]
["Year","Notes","Gross Asset Value","Accumulated Amortization","Contributed Capital (Net of Amortization)","Net Asset","Proceeds on Disposition","Residual Net Book Value"]
[null,null,"(A)","(B)","(C)","(D ) = (A) - (B) - (C)","(E)","(F) = (D) - (E)"]
[2006,null,null,null,null,{"$f":"C14-D14-E14","v":0},null,{"$f":"F14-G14","v":0}]
[2007,null,null,null,null,0,null,0]
[2008,null,null,null,null,0,null,0]
[2009,null,1679841,{"$f":"737749+116402","v":854151},null,825690,5089,820601]
[2010,null,{"$f":"1380993+1679841","v":3060834},{"$f":"273974+854151+157326","v":1285451},42633,1732750,{"$f":"5089+846","v":5935},1726815]
[2011,null,{"$f":"C18","v":3060834},{"$f":"D18+157326","v":1442777},{"$f":"E18","v":42633},1575424,{"$f":"G18","v":5935},1569489]
[2012,"(1)",{"$f":"C19","v":3060834},{"$f":"D19+157326","v":1600103},{"$f":"E19","v":42633},1418098,{"$f":"G19","v":5935},1412163]
[]
["Notes:"]
[]
["(1)","For 2012, please indicate whether the amounts provided are on a forecast or actual basis."]
[]
["Some distributors have transferred the cost of stranded meters from Account 1860 - Meters to \"Sub-account Stranded Meter Costs of Account 1555\", while in some cases distributors have left these costs in Account 1860.  Depending on which treatment the applicant has chosen. please provide the information under either of the two scenarios (A and B below), as applicable."]
[]
[]
[]
[]
["Scenario A:  If the stranded meter costs were transferred to \"Sub-account Stranded Meter Costs\" of Account 1555, the above table should be completed and the following information should be provided."]
[]
[]
[1,"A description of the accounting treatment followed by the applicant on stranded meter costs for financial accounting and reporting purposes."]
[]
[]
[2,"The amount of the pooled residual net book value of the removed from service stranded meters, less any contributed capital (net of accumulated amortization), and less any net proceeds from sales, which were transferred to this sub-account as of December 31, 2010."]
[]
[]
[]
[3,"A statement as to whether or not, since transferring the removed stranded meter costs to the sub-account, the recording of depreciation expenses was continued in order to reduce the net book value through accumulated depreciation.  If so, the total depreciation expense amount for the period from the time the costs for the stranded meters were transferred to the sub-account to December 31, 2010 should be provided."]
[]
[]
[]
[]
[null,"If no depreciation expenses were recorded to reduce the net book value of stranded meter costs through accumulated depreciation, the total depreciation expense amount that would have been applicable from the time that the stranded meter costs were transferred to the sub-account of Account 1555 to December 31, 2010 should be provided.  In addition, the following information should be provided:"]
[]
[]
[]
[]
[null,"a)","Whether or not carrying charges were recorded for the stranded meter cost balances in the sub-account, and if so, the total carrying charges recorded to December 31, 2010."]
[]
[]
[null,"b)","The estimated amount of the pooled residual net book value of the removed from service meters, less any net proceeds from sales and contributed capital, at the time when the smart meters will have been fully deployed (e.g., as of December 31, 2010).  If the smart meters have been fully deployed, the actual amount should be provided."]
[]
[]
[]
[]
[null,"c)","A description as to how the applicant intends to recover in rates the remaining costs for stranded meters, including the proposed accounting treatment, the proposed disposition period, and the associated bill impacts."]
[]
[]
[]
["Scenario B:  If the stranded meter costs remained recorded in Account 1860, the above table should be completed and the following information should be provided:"]
[]
[]
[1,"A description of the accounting treatment followed by the applicant on stranded meter costs for financial accounting and reporting purposes."]
[]
[]
[2,"The amount of the pooled residual net book value of the removed from service stranded meters, less any contributed capital (net of accumulated amortization), and less any net proceeds from sales, as of December 31, 2010."]
[]
[]
[]
[3,"A statement as to whether or not the recording of depreciation expenses continued in order to reduce the net book value through accumulated depreciation.  If so, provision of the total (cumulative) depreciation expense for the period from the time that the meters became stranded to December 31, 2010."]
[]
[]
[]
[4,"If no depreciation expenses were recorded to reduce the net book value of stranded meters through accumulated depreciation, the total (cumulative) depreciation expense amount that would have been applicable for the period from the time that the meters became stranded to December 31, 2010."]
[]
[]
[]
[5,"The estimated amount of the pooled residual net book value of the removed from service meters, less any net proceeds from sales and contributed capital, at the time when smart meters will have been fully deployed.  If the smart meters have been fully deployed, please provide the actual amount."]
[]
[]
[]
[6,"A description as to how the applicant intends to recover in rates the costs for stranded meters, including the proposed accounting treatment, the proposed disposition period and the associated bill impacts."]
[]
[]
["Distributors should also provide the Net Book Value per class of meter as of December 31, 2010 as well as the number of meters that were removed / stranded.  In preparing this information, distributors should review the Board's letter of January 16, 2007 Stranded Meter Costs Related to the Installation of Smart Meters   which stated that records were to be kept of the type and number of each meter to support the stranded meter costs."]

{"sheet":"App.2-T_1592_Tax_Variance","index":31,"n_rows":54,"n_cols":6,"rows_kept":54,"cut":false,"hidden":false,"merged":[[53,2,54,5],[37,1,38,1],[42,1,43,1],[45,1,46,1],[48,1,51,1],[53,1,54,1],[37,2,38,5],[40,2,40,5],[48,2,51,5],[45,2,46,5],[33,1,33,3],[42,2,43,5],[28,1,28,3],[29,1,29,3],[31,1,31,3],[32,1,32,3],[40,1,41,1],[30,1,30,3],[9,1,9,5],[20,1,20,3],[21,1,21,3],[22,1,22,3],[27,1,27,3],[23,1,23,3],[24,1,24,3],[25,1,25,3],[26,1,26,3],[11,1,11,5],[12,1,12,5],[14,1,14,5],[16,1,18,3],[19,1,19,3]]}
[null,null,null,"File Number:",null,{"$f":"'LDC Info'!$E$18","v":"EB-2012-0160"}]
[null,null,null,"Exhibit:",null,9]
[null,null,null,"Tab:",null,1]
[null,null,null,"Schedule:",null,4]
[null,null,null,"Page:"]
[]
[null,null,null,"Date:"]
[]
[]
[]
[]
[null,"Appendix 2-T"]
[null,"Deferred PILs Account 1592 Balances"]
[]
[null,"The following table should be completed based on the information requested below, in accordance with the notes following the table. An explanation should be provided for any blank entries."]
[]
[null,"Tax Item",null,null,null,"Principal as of"]
[null,null,null,null,null,"December 31,"]
[null,null,null,null,null,2011]
[null,"Large Corporation Tax grossed-up proxy from 2006 EDR application PILs model for the period from May 1, 2006 to April 30, 2007",null,null,null,0]
[null,"Large Corporation Tax grossed-up proxy from 2006 EDR application PILs model for the period from January 1, 2006 to April 30, 2006 (4/12ths of the approved grossed-up proxy), if not recorded in PILs account 1562"]
[null,"Ontario Capital Tax rate decrease and increase in capital deduction for 2007"]
[null,"Ontario Capital Tax rate decrease and increase in capital deduction for 2008"]
[null,"Ontario Capital Tax rate decrease and increase in capital deduction for 2009"]
[null,"Ontario Capital Tax rate decrease and increase in capital deduction for 2010"]
[null,"Capital Cost Allowance class changes from 2006 EDR application for 2006"]
[null,"Capital Cost Allowance class changes from 2006 EDR application for 2007"]
[null,"Capital Cost Allowance class changes from 2006 EDR application for 2008"]
[null,"Capital Cost Allowance class changes from 2006 EDR application for 2009"]
[null,"Capital Cost Allowance class changes from 2006 EDR application for 2010"]
[null,"Capital Cost Allowance class changes from 2006 EDR application for 2011"]
[null,"Capital Cost Allowance class changes from any prior application not recorded above.  Please provide details and explanation separately."]
[null,"HST/OVAT Input Tax Credits (ITC's) ",null,null,null,-22956]
[null,"Total",null,null,null,{"$f":"SUM(F20:F33)","v":-22956}]
[]
[null,"Notes:"]
[]
[null,1,"Revise the deferral and variance account continuity schedule to include account 1592 as a group 2 account and enter all relevant information for transactions, adjustments, etc., for all relevant years."]
[]
[]
[null,2,"Describe each type of tax item that has been recorded in account 1592."]
[]
[null,3,"Provide the calculations that show how each item was determined and provide any pertinent supporting evidence and documentation."]
[]
[]
[null,4,"Please state whether or not the applicant followed the guidance provided in the FAQ of July 2007.  If not, please provide an explanation."]
[]
[]
[null,5,"Identify the account balance as of December 31, 2011 as per the 2011 Audited Financial Statements.  Identify the account balance as of December 31, 2011 as per the April 2012 2.1.7 RRR filing to the Board.  Provide a reconciliation if the balances provided are not identical to each other and to the total shown on the continuity schedule."]
[]
[]
[]
[]
[null,6,"Complete the above table based on the answers to the previous.  Add rows as required to complete the analysis in an informative manner.  Please provide the completed table as a working Excel spreadsheet."]

{"sheet":"App.2-U_IFRS Transition Costs","index":32,"n_rows":36,"n_cols":12,"rows_kept":36,"cut":false,"hidden":false,"merged":[[22,0,22,2],[8,0,8,11],[9,0,9,11],[11,0,11,11],[13,0,15,2],[13,11,15,11],[16,0,16,2],[17,0,17,2],[18,0,18,2],[19,0,19,2],[20,0,20,2],[21,0,21,2],[38,0,39,0],[38,1,39,4],[23,0,23,2],[24,0,24,2],[25,0,25,2],[26,0,26,2],[27,0,27,2],[28,0,28,2],[29,0,29,2],[33,0,34,0],[33,1,34,11],[36,0,37,0],[36,1,36,4],[41,0,42,0],[41,1,42,4],[44,0,47,0],[44,1,47,4],[49,0,50,0],[49,1,50,4]]}
[null,null,null,null,null,null,null,null,null,"File Number:",{"$f":"'LDC Info'!$E$18","v":"EB-2012-0160"}]
[null,null,null,null,null,null,null,null,null,"Exhibit:"]
[null,null,null,null,null,null,null,null,null,"Tab:"]
[null,null,null,null,null,null,null,null,null,"Schedule:"]
[null,null,null,null,null,null,null,null,null,"Page:"]
[]
[null,null,null,null,null,null,null,null,null,"Date:"]
[]
["Appendix 2-U"]
["One-Time Incremental IFRS Transition Costs"]
[]
["The following table should be completed based on the information requested below. An explanation should be provided for any blank entries.  The entries should include one-time incremental IFRS transition costs that are currently included in Account 1508, Other Regulatory Assets, sub-account Deferred IFRS Transition Costs Account, or Account 1508, Other Regulatory Assets, sub-account IFRS Transition Costs Variance Account."]
[]
["Nature of One-Time Incremental IFRS Transition Costs 1",null,null,null,"Audited Actual","Audited Actual","Audited Actual","Audited Carrying","Total Audited","RRR 2.1.7","Variance 2","Reasons why the costs recorded meet the criteria of one-time IFRS administrative incremental costs"]
[null,null,null,null,"Costs Incurred","Costs Incurred","Costs Incurred","Charges","Actual Costs","Balance"]
[null,null,null,null,2009,2010,2011,"to Dec 31, 2011","to Dec 31, 2011","2011-12-31"]
["professional accounting fees",null,null,null,null,null,null,null,{"$f":"SUM(E17:H17)","v":0}]
["professional legal fees",null,null,null,null,null,null,null,{"$f":"SUM(E18:H18)","v":0}]
["salaries, wages and benefits of staff added to support the transition to IFRS",null,null,null,null,null,null,null,0]
["associated staff training and development costs",null,null,null,null,null,null,null,0]
["costs related to system upgrades, or replacements or changes where IFRS was the major reason for conversion",null,null,null,null,null,null,null,0]
[null,null,null,null,null,null,null,null,0]
[null,null,null,null,null,null,null,null,0]
[null,null,null,null,null,null,null,null,0]
[null,null,null,null,null,null,null,null,0]
[null,null,null,null,null,null,null,null,0]
[null,null,null,null,null,null,null,null,0]
[null,null,null,null,null,null,null,null,0]
["Insert description of additional item(s) and new rows if needed.",null,null,null,null,null,null,null,0]
["Total",null,null,null,{"$f":"SUM(E17:E29)","v":0},{"$f":"SUM(F17:F29)","v":0},{"$f":"SUM(G17:G29)","v":0},{"$f":"SUM(H17:H29)","v":0},{"$f":"SUM(I17:I29)","v":0},null,{"$f":"+I30-J30","v":0}]
[]
[]
["Note:"]
[1,"The Deferred IFRS Transition Costs Account and the IFRS Transition Costs Variance Account are exclusively for necessary, incremental transition costs and shall not include ongoing IFRS compliance costs or impacts arising from adopting accounting policy changes that reflect changes in the timing of the recognition of income. The incremental costs in these accounts shall not include costs related to system upgrades, or replacements or changes where IFRS was not the major reason for conversion. In addition, incremental IFRS costs shall not include capital assets or expenditures."]
[]
[2,"Applicants are to provide an explanation of material variances in evidence"]

{"sheet":"App.2-V_Rev_Reconciliation","index":33,"n_rows":35,"n_cols":17,"rows_kept":35,"cut":false,"hidden":false,"merged":[[34,1,35,14],[8,1,8,16],[12,11,13,11],[9,1,9,16],[12,6,12,7],[12,3,12,5],[12,13,13,13],[12,14,13,14],[12,15,13,15],[12,16,13,16],[12,2,13,2],[13,9,13,10],[12,8,12,10]]}
[null,null,null,null,null,null,null,null,null,null,null,null,null,null,null,"File Number:",{"$f":"'LDC Info'!$E$18","v":"EB-2012-0160"}]
[null,null,null,null,null,null,null,null,null,null,null,null,null,null,null,"Exhibit:",8]
[null,null,null,null,null,null,null,null,null,null,null,null,null,null,null,"Tab:",1]
[null,null,null,null,null,null,null,null,null,null,null,null,null,null,null,"Schedule:",7]
[null,null,null,null,null,null,null,null,null,null,null,null,null,null,null,"Page:"]
[]
[null,null,null,null,null,null,null,null,null,null,null,null,null,null,null,"Date:"]
[]
[null,"Appendix 2-V"]
[null,"Revenue Reconciliation"]
[]
[]
[null,"Rate Class","Customers/ Connections","Number of Customers/Connections",null,null,"Test Year Consumption",null,"Proposed Rates",null,null,"Revenues at Proposed Rates",null,"Class Specific Revenue Requirement","Transformer Allowance Credit","Total","Difference"]
[null,null,null,"Start of Test Year","End of Test Year","Average","kWh","kW","Monthly Service Charge","Volumetric"]
[null,null,null,null,null,null,null,null,null,"kWh","kW"]
[]
[null,"Residential","Customers",31576,31940,{"$f":"IF(SUM(D17:E17)=0,0,AVERAGE(D17:E17))","v":31758},294240107,null,13.2,1.29E-2,null,{"$f":"I17*F17*12+J17*G17+K17*H17","v":8826164.5802999996},null,8811682.4509025905,null,{"$f":"SUM(N17:O17)","v":8811682.4509025905},{"$f":"P17-L17","v":-14482.129397409037}]
[null,"GS < 50 kW","Customers",3556,3538,3547,112158205,null,31.15,9.4000000000000004E-3,null,2380155.727,null,2377698.9743795353,null,2377698.9743795353,-2456.7526204646565]
[null,"GS > 50 to 4,999 kW","Customers",384,396,390,350715605,862025,237.53,null,2.3443999999999998,3132571.8099999996,null,2982565.8226529802,150246,3132811.8226529802,240.01265298062935]
[null,"Large Use","Customers",2,2,2,null,113561,6576.42,null,0.76819999999999999,245071.64020000002,null,245073.23676232391,null,245073.23676232391,1.5965623238880653]
[null,"Streetlighting","Connections",8149,8151,8150,null,14877,3.27,null,13.662000000000001,523055.57400000002,null,523392.5124533457,null,523392.5124533457,336.93845334567595]
[null,"Sentinel Lighting","Connections",366,356,361,null,1993,2.33,null,11.155200000000001,32325.873599999999,null,32337.938336400141,null,32337.938336400141,12.064736400141555]
[null,"Unmetered Scattered Load","Connections",384,384,384,1632744,null,2.15,2.8299999999999999E-2,null,56113.855199999998,null,56085.828681775914,null,56085.828681775914,-28.026518224083702]
[null,"Standby Power",null,null,null,0,null,null,null,null,null,0,null,null,null,0,0]
[null,"Embedded Distributor Class",null,null,null,0,null,null,null,null,null,0,null,null,null,0,0]
[null,"etc.",null,null,null,0,null,null,null,null,null,0,null,null,null,0,0]
[null,null,null,null,null,0,null,null,null,null,null,0,null,null,null,0,0]
[null,null,null,null,null,0,null,null,null,null,null,0,null,null,null,0,0]
[null,null,null,null,null,0,null,null,null,null,null,0,null,null,null,0,0]
[]
[null,"Total",null,null,null,null,null,null,null,null,null,{"$f":"SUM(L17:L29)","v":15195459.060300002},null,{"$f":"SUM(N17:N29)","v":15028836.764168954},{"$f":"SUM(O17:O29)","v":150246},{"$f":"N31+O31","v":15179082.764168954},{"$f":"P31-L31","v":-16376.296131048352}]
[]
[null,"Note"]
[]
[null,"1       The class specific revenue requirements in column N must be the amounts used in the final rate design process.  The total of column N should equate to the proposed base revenue requirement"]

{"sheet":"App.2-W_Bill Impacts_Res","index":34,"n_rows":85,"n_cols":20,"rows_kept":85,"cut":false,"hidden":false,"merged":[[18,13,19,13],[18,14,19,14],[2,0,2,10],[17,5,17,7],[17,9,17,11],[17,13,17,14],[13,3,13,14],[9,1,9,14],[10,1,10,14],[60,1,60,3],[66,1,66,3],[67,1,67,3],[61,1,61,3],[18,3,19,3]]}
[null,null,null,null,null,null,null,null,null,null,null,null,null,"File Number:",{"$f":"'LDC Info'!$E$18","v":"EB-2012-0160"},null,null,null,null,2]
[null,null,null,null,null,null,null,null,null,null,null,null,null,"Exhibit:",8]
[null,null,null,null,null,null,null,null,null,null,null,null,null,"Tab:","Appendix M"]
[null,null,null,null,null,null,null,null,null,null,null,null,null,"Schedule:"]
[null,null,null,null,null,null,null,null,null,null,null,null,null,"Page:"]
[]
[null,null,null,null,null,null,null,null,null,null,null,null,null,"Date:"]
[]
[]
[null,"Appendix 2-W"]
[null,"Bill Impacts"]
[]
[]
[null,"Customer Class:",null,"Residential"]
[]
[null,null,null,"Consumption",null,800," kWh"]
[]
[null,null,null,null,null,"Current Board-Approved",null,null,null,"Proposed",null,null,null,"Impact"]
[null,null,null,"Charge Unit",null,"Rate","Volume","Charge",null,"Rate","Volume","Charge",null,"$ Change","% Change"]
[null,null,null,null,null,"($)",null,"($)",null,"($)",null,"($)"]
[null,"Monthly Service Charge",null,"Monthly",null,11.91,1,{"$f":"G21*F21","v":11.91},null,13.2,1,{"$f":"K21*J21","v":13.2},null,{"$f":"L21-H21","v":1.2899999999999991},{"$f":"IF((H21)=0,\"\",(N21/H21))","v":0.10831234256926944}]
[null,"Smart Meter Rate Adder",null,"Monthly",null,1.76,1,{"$f":"G22*F22","v":1.76},null,null,1,{"$f":"K22*J22","v":0},null,{"$f":"L22-H22","v":-1.76},{"$f":"IF((H22)=0,\"\",(N22/H22))","v":-1}]
[null,null,null,null,null,null,1,0,null,null,1,{"$f":"K23*J23","v":0},null,{"$f":"L23-H23","v":0},{"$f":"IF((H23)=0,\"\",(N23/H23))","v":""}]
[null,null,null,null,null,null,1,0,null,null,1,0,null,0,""]
[null,null,null,null,null,null,1,0,null,null,1,0,null,0,""]
[null,null,null,null,null,null,1,0,null,null,1,0,null,0,""]
[null,"Distribution Volumetric Rate",null,"per kWh",null,1.1599999999999999E-2,{"$f":"$F$16","v":800},9.2799999999999994,null,1.29E-2,{"$f":"$F$16","v":800},10.32,null,1.0400000000000009,0.11206896551724149]
[null,"Smart Meter Disposition Rider",null,"Monthly",null,0.37,1,0.37,null,{"$f":"F28","v":0.37},1,0.37,null,0,0]
[null,"LRAM & SSM Rate Rider",null,"per kWh",null,1.6000000000000001E-3,{"$f":"$F$16","v":800},1.28,null,2.0000000000000001E-4,{"$f":"$F$16","v":800},0.16,null,-1.1200000000000001,-0.87500000000000011]
[null,null,null,null,null,null,{"$f":"$F$16","v":800},{"$f":"G30*F30","v":0},null,null,800,{"$f":"K30*J30","v":0},null,{"$f":"L30-H30","v":0},{"$f":"IF((H30)=0,\"\",(N30/H30))","v":""}]
[null,null,null,null,null,null,800,0,null,null,800,0,null,0,""]
[null,null,null,null,null,null,800,0,null,null,800,0,null,0,""]
[null,null,null,null,null,null,{"$f":"$F$16","v":800},0,null,null,800,0,null,0,""]
[null,null,null,null,null,null,800,0,null,null,800,0,null,0,""]
[null,null,null,null,null,null,800,0,null,null,800,0,null,0,""]
[null,null,null,null,null,null,800,0,null,null,800,0,null,0,""]
[null,"Sub-Total A",null,null,null,null,null,{"$f":"SUM(H21:H36)","v":24.6},null,null,null,{"$f":"SUM(L21:L36)","v":24.05},null,-0.55000000000000071,-2.23577235772358E-2]
[null,"Deferral/Variance Account Disposition Rate Rider",null,"per kWh",null,{"$f":"-0.0015","v":-1.5E-3},{"$f":"$F$16","v":800},{"$f":"G38*F38","v":-1.2},null,-1.2999999999999999E-3,{"$f":"$F$16","v":800},{"$f":"K38*J38","v":-1.04},null,{"$f":"L38-H38","v":0.15999999999999992},{"$f":"IF((H38)=0,\"\",(N38/H38))","v":-0.13333333333333328}]
[null,"Tax Change Rate Rider",null,"per kWh",null,-5.0000000000000001E-4,{"$f":"$F$16","v":800},{"$f":"G39*F39","v":-0.4},null,null,{"$f":"$F$16","v":800},{"$f":"K39*J39","v":0},null,{"$f":"L39-H39","v":0.4},{"$f":"IF((H39)=0,\"\",(N39/H39))","v":-1}]
[null,"Global Adj Disposition Rider",null,"per kWh",null,-1.5E-3,800,-1.2,null,null,800,0,null,1.2,-1]
[null,"Stranded Meter Rate Rider",null,"Monthly",null,null,1,0,null,0.35,1,0.35,null,0.35,""]
[null,"Low Voltage Service Charge",null,"per kWh",null,5.0000000000000001E-4,800,{"$f":"G42*F42","v":0.4},null,8.9999999999999998E-4,800,{"$f":"K42*J42","v":0.72},null,{"$f":"L42-H42","v":0.31999999999999995},{"$f":"IF((H42)=0,\"\",(N42/H42))","v":0.79999999999999982}]
[null,"Smart Meter Entity Charge",null,"Monthly",null,null,null,null,null,null,1,{"$f":"K43*J43","v":0},null,{"$f":"L43-H43","v":0}]
[null,"Sub-Total B - Distribution (includes Sub-Total A)",null,null,null,null,null,{"$f":"SUM(H38:H42)+H37","v":22.200000000000003},null,null,null,{"$f":"SUM(L38:L42)+L37","v":24.080000000000002},null,{"$f":"L44-H44","v":1.879999999999999},{"$f":"IF((H44)=0,\"\",(N44/H44))","v":8.4684684684684625E-2}]
[null,"RTSR - Network",null,"per kWh",null,6.6E-3,{"$f":"F16*(1+F71)","v":838.95999999999992},{"$f":"G45*F45","v":5.5371359999999994},null,6.3E-3,{"$f":"F16*(1+J71)","v":843.83999999999992},{"$f":"K45*J45","v":5.3161919999999991},null,-0.22094400000000025,-3.9902216597172309E-2]
[null,"RTSR - Line and Transformation Connection",null,"per kWh",null,4.7000000000000002E-3,{"$f":"G45","v":838.95999999999992},{"$f":"G46*F46","v":3.9431119999999997},null,4.5999999999999999E-3,{"$f":"K45","v":843.83999999999992},{"$f":"K46*J46","v":3.8816639999999993},null,-6.1448000000000391E-2,-1.5583630391426974E-2]
[null,"Sub-Total C - Delivery (including Sub-Total B)",null,null,null,null,null,{"$f":"SUM(H44:H46)","v":31.680248000000002},null,null,null,{"$f":"SUM(L44:L46)","v":33.277856},null,1.5976079999999975,5.0429150680891051E-2]
[null,"Wholesale Market Service Charge (WMSC)",null,"per kWh",null,5.1999999999999998E-3,{"$f":"G46","v":838.95999999999992},{"$f":"G48*F48","v":4.3625919999999994},null,{"$f":"F48","v":5.1999999999999998E-3},{"$f":"K46","v":843.83999999999992},{"$f":"K48*J48","v":4.387967999999999},null,2.5375999999999621E-2,5.816725469628979E-3]
[null,"Rural and Remote Rate Protection (RRRP)",null,"per kWh",null,1.1000000000000001E-3,{"$f":"G46","v":838.95999999999992},0.92285600000000001,null,{"$f":"F49","v":1.1000000000000001E-3},{"$f":"K46","v":843.83999999999992},0.92822399999999994,null,5.3679999999999284E-3,5.8167254696289868E-3]
[null,"Standard Supply Service Charge",null,"Monthly",null,0.25,1,0.25,null,{"$f":"F50","v":0.25},1,0.25,null,0,0]
[null,"Debt Retirement Charge (DRC)",null,"per kWh",null,{"$f":"0.0067","v":6.7000000000000002E-3},{"$f":"G49","v":838.95999999999992},5.6210319999999996,null,{"$f":"F51","v":6.7000000000000002E-3},{"$f":"K49","v":843.83999999999992},5.6537279999999992,null,3.2695999999999614E-2,5.8167254696289963E-3]
[null,"Energy - RPP - Tier 1",null,null,null,7.4999999999999997E-2,{"$f":"IF($T$1=1,IF($F$16>=600,600,IF($F$16<600,$F$16*(1+$F$71),$F$16-600)),IF($T$1=2,IF($F$16>=1000,1000,IF($F$16<1000,$F$16*(1+$F$71),$F$16-1000))))","v":838.95999999999992},{"$f":"G52*F52","v":62.92199999999999},null,7.3999999999999996E-2,{"$f":"IF($T$1=1,IF($F$16>=600,600,IF($F$16<600,$F$16*(1+$J$71),$F$16-600)),IF($T$1=2,IF($F$16>=1000,1000,IF($F$16<1000,$F$16*(1+$J$71),$F$16-1000))))","v":843.83999999999992},{"$f":"K52*J52","v":62.444159999999989},null,-0.47784000000000049,-7.5941642032993318E-3]
[null,"Energy - RPP - Tier 2",null,null,null,8.7999999999999995E-2,{"$f":"IF($T$1=1,IF($F$16>=600,$F$16*(1+$F$71)-600,IF($F$16<600,0,)), IF($T$1=2,IF($F$16>=1000,$F$16*(1+$F$71)-1000,IF($F$16<1000,0))))","v":0},{"$f":"G53*F53","v":0},null,8.6999999999999994E-2,{"$f":"IF($T$1=1,IF($F$16>=600,$F$16*(1+$J$71)-600,IF($F$16<600,0,)), IF($T$1=2,IF($F$16>=1000,$F$16*(1+$J$71)-1000,IF($F$16<1000,0))))","v":0},{"$f":"K53*J53","v":0},null,0,""]
[null,"TOU - Off Peak",null,null,null,6.5000000000000002E-2,{"$f":"0.64*$F$16*(1+$F$71)","v":536.93439999999998},34.900736000000002,null,6.3E-2,{"$f":"0.64*$F$16*(1+$J$71)","v":540.05759999999998},34.023628799999997,null,-0.87710720000000464,-2.5131481467898117E-2]
[null,"TOU - Mid Peak",null,null,null,0.1,{"$f":"0.18*$F$16*(1+$F$71)","v":151.0128},15.101280000000001,null,9.9000000000000005E-2,{"$f":"0.18*$F$16*(1+$J$71)","v":151.8912},15.037228800000001,null,-6.4051199999999753E-2,-4.2414417850672095E-3]
[null,"TOU - On Peak",null,null,null,0.11700000000000001,{"$f":"0.18*$F$16*(1+$F$71)","v":151.0128},17.668497600000002,null,0.11799999999999999,{"$f":"0.18*$F$16*(1+$J$71)","v":151.8912},17.9231616,null,0.25466399999999823,1.4413449618942031E-2]
[]
[null,"Total Bill on RPP (before Taxes)",null,null,null,null,null,{"$f":"SUM(H47:H53)","v":105.75872799999999},null,null,null,{"$f":"SUM(L47:L53)","v":106.941936},null,1.1832080000000076,1.1187804754989183E-2]
[null,"HST",null,null,null,0.13,null,{"$f":"H58*F59","v":13.748634639999999},null,0.13,null,{"$f":"L58*J59","v":13.90245168},null,{"$f":"L59-H59","v":0.15381704000000163},{"$f":"IF((H59)=0,\"\",(N59/H59))","v":1.118780475498923E-2}]
[null,"Total Bill (including HST)",null,null,null,null,null,{"$f":"H58+H59","v":119.50736264},null,null,null,{"$f":"L58+L59","v":120.84438768},null,{"$f":"L60-H60","v":1.3370250400000003},{"$f":"IF((H60)=0,\"\",(N60/H60))","v":1.1187804754989114E-2}]
[null,"Ontario Clean Energy Benefit 1",null,null,null,null,null,{"$f":"ROUND(-H60*10%,2)","v":-11.95},null,null,null,{"$f":"ROUND(-L60*10%,2)","v":-12.08},null,{"$f":"L61-H61","v":-0.13000000000000078},{"$f":"IF((H61)=0,\"\",(N61/H61))","v":1.0878661087866176E-2}]
[null,"Total Bill on RPP (including OCEB)",null,null,null,null,null,{"$f":"SUM(H60:H61)","v":107.55736263999999},null,null,null,{"$f":"SUM(L60:L61)","v":108.76438768},null,1.2070250400000049,1.1222151700018711E-2]
[]
[null,"Total Bill on TOU (before Taxes)",null,null,null,null,null,{"$f":"SUM(H47:H51,H54:H56)","v":110.50724160000001},null,null,null,{"$f":"SUM(L47:L51,L54:L56)","v":111.48179520000001},null,{"$f":"L64-H64","v":0.97455359999999303},{"$f":"IF((H64)=0,\"\",(N64/H64))","v":8.8189116467820051E-3}]
[null,"HST",null,null,null,0.13,null,{"$f":"H64*F65","v":14.365941408000003},null,0.13,null,{"$f":"L64*J65","v":14.492633376000002},null,0.12669196799999938,8.8189116467820242E-3]
[null,"Total Bill (including HST)",null,null,null,null,null,{"$f":"H64+H65","v":124.87318300800001},null,null,null,{"$f":"L64+L65","v":125.97442857600001},null,1.101245567999996,8.8189116467820364E-3]
[null,"Ontario Clean Energy Benefit 1",null,null,null,null,null,{"$f":"ROUND(-H66*10%,2)","v":-12.49},null,null,null,{"$f":"ROUND(-L66*10%,2)","v":-12.6},null,-0.10999999999999943,8.8070456365091625E-3]
[null,"Total Bill on TOU (including OCEB)",null,null,null,null,null,{"$f":"H66+H67","v":112.38318300800002},null,null,null,{"$f":"L66+L67","v":113.37442857600001},null,0.99124556799999652,8.8202304069767666E-3]
[]
[]
[null,"Loss Factor (%)",null,null,null,4.87E-2,null,null,null,5.4800000000000001E-2]
[]
["1 Applicable to eligible customers only.  Refer to the Ontario Clean Energy Benefit Act, 2010."]
[]
["Note that the \"Charge $\" columns provide breakdowns of the amounts that each bill component contributes to the total monthly bill at the referenced "]
["consumption level at existing and proposed rates."]
[]
["Applicants must provide bill impacts for residential at 800 kWh and GS<50kW at 2000 kWh. In addition, their filing should cover the range that is relevant"]
["to their service territory, class by class. A general guideline of consumption levels follows:"]
[]
["Residential (kWh) - 100, 250, 500, 800, 1000, 1500, 2000"]
["GS<50kW (kWh) - 1000, 2000, 5000, 10000, 15000"]
["GS>50kW (kW) - 60, 100, 500, 1000"]
["Large User - range appropriate for utility"]
["Lighting Classes and USL - 150 kWh and 1 kW, range appropriate for utility."]

{"sheet":"App.2-W_Bill Impacts_GS<50","index":35,"n_rows":85,"n_cols":20,"rows_kept":85,"cut":false,"hidden":false,"merged":[[2,0,2,10],[9,1,9,14],[10,1,10,14],[13,3,13,14],[17,5,17,7],[17,9,17,11],[17,13,17,14],[67,1,67,3],[18,3,19,3],[18,13,19,13],[18,14,19,14],[60,1,60,3],[61,1,61,3],[66,1,66,3]]}
[null,null,null,null,null,null,null,null,null,null,null,null,null,"File Number:",{"$f":"'LDC Info'!$E$18","v":"EB-2012-0160"},null,null,null,null,2]
[null,null,null,null,null,null,null,null,null,null,null,null,null,"Exhibit:",8]
[null,null,null,null,null,null,null,null,null,null,null,null,null,"Tab:","Appendix M"]
[null,null,null,null,null,null,null,null,null,null,null,null,null,"Schedule:"]
[null,null,null,null,null,null,null,null,null,null,null,null,null,"Page:"]
[]
[null,null,null,null,null,null,null,null,null,null,null,null,null,"Date:"]
[]
[]
[null,"Appendix 2-W"]
[null,"Bill Impacts"]
[]
[]
[null,"Customer Class:",null,"General Service Less Than 50KW"]
[]
[null,null,null,"Consumption",null,2000," kWh"]
[]
[null,null,null,null,null,"Current Board-Approved",null,null,null,"Proposed",null,null,null,"Impact"]
[null,null,null,"Charge Unit",null,"Rate","Volume","Charge",null,"Rate","Volume","Charge",null,"$ Change","% Change"]
[null,null,null,null,null,"($)",null,"($)",null,"($)",null,"($)"]
[null,"Monthly Service Charge",null,"Monthly",null,29.9,1,{"$f":"G21*F21","v":29.9},null,31.15,1,{"$f":"K21*J21","v":31.15},null,{"$f":"L21-H21","v":1.25},{"$f":"IF((H21)=0,\"\",(N21/H21))","v":4.1806020066889632E-2}]
[null,"Smart Meter Rate Adder",null,"Monthly",null,6.15,1,{"$f":"G22*F22","v":6.15},null,null,1,{"$f":"K22*J22","v":0},null,{"$f":"L22-H22","v":-6.15},{"$f":"IF((H22)=0,\"\",(N22/H22))","v":-1}]
[null,null,null,null,null,null,1,0,null,null,1,{"$f":"K23*J23","v":0},null,{"$f":"L23-H23","v":0},{"$f":"IF((H23)=0,\"\",(N23/H23))","v":""}]
[null,null,null,null,null,null,1,0,null,null,1,0,null,0,""]
[null,null,null,null,null,null,1,0,null,null,1,0,null,0,""]
[null,null,null,null,null,null,1,0,null,null,1,0,null,0,""]
[null,"Distribution Volumetric Rate",null,"per kWh",null,8.9999999999999993E-3,{"$f":"$F$16","v":2000},18,null,9.4000000000000004E-3,{"$f":"$F$16","v":2000},18.8,null,0.80000000000000071,4.4444444444444481E-2]
[null,"Smart Meter Disposition Rider",null,"Monthly",null,5.52,1,5.52,null,{"$f":"F28","v":5.52},1,5.52,null,0,0]
[null,"LRAM & SSM Rate Rider",null,"per kWh",null,5.9999999999999995E-4,{"$f":"$F$16","v":2000},1.2,null,2.9999999999999997E-4,{"$f":"$F$16","v":2000},0.6,null,-0.6,-0.5]
[null,null,null,null,null,null,{"$f":"$F$16","v":2000},0,null,null,2000,0,null,0,""]
[null,null,null,null,null,null,2000,0,null,null,2000,0,null,0,""]
[null,null,null,null,null,null,2000,0,null,null,2000,0,null,0,""]
[null,null,null,null,null,null,2000,0,null,null,2000,0,null,0,""]
[null,null,null,null,null,null,2000,0,null,null,2000,0,null,0,""]
[null,null,null,null,null,null,2000,0,null,null,2000,0,null,0,""]
[null,null,null,null,null,null,2000,0,null,null,2000,0,null,0,""]
[null,"Sub-Total A",null,null,null,null,null,{"$f":"SUM(H21:H36)","v":60.769999999999996},null,null,null,{"$f":"SUM(L21:L36)","v":56.07},null,-4.6999999999999957,-7.734079315451696E-2]
[null,"Deferral/Variance Account Disposition Rate Rider",null,"per kWh",null,{"$f":"-0.0015","v":-1.5E-3},{"$f":"$F$16","v":2000},{"$f":"G38*F38","v":-3},null,-1.2999999999999999E-3,{"$f":"$F$16","v":2000},{"$f":"K38*J38","v":-2.6},null,{"$f":"L38-H38","v":0.39999999999999991},{"$f":"IF((H38)=0,\"\",(N38/H38))","v":-0.1333333333333333}]
[null,"Tax Change Rate Rider",null,"per kWh",null,-4.0000000000000002E-4,{"$f":"$F$16","v":2000},{"$f":"G39*F39","v":-0.8},null,null,{"$f":"$F$16","v":2000},{"$f":"K39*J39","v":0},null,{"$f":"L39-H39","v":0.8},{"$f":"IF((H39)=0,\"\",(N39/H39))","v":-1}]
[null,"Global Adj Disposition Rider",null,"per kWh",null,-1.5E-3,2000,-3,null,null,2000,0,null,3,-1]
[null,"Stranded Meter Rate Rider",null,"Monthly",null,null,1,0,null,5.12,1,5.12,null,5.12,""]
[null,"Low Voltage Service Charge",null,"per kWh",null,5.0000000000000001E-4,2000,{"$f":"G42*F42","v":1},null,8.0000000000000004E-4,2000,{"$f":"K42*J42","v":1.6},null,{"$f":"L42-H42","v":0.60000000000000009},{"$f":"IF((H42)=0,\"\",(N42/H42))","v":0.60000000000000009}]
[null,"Smart Meter Entity Charge",null,"Monthly",null,null,null,null,null,null,1,{"$f":"K43*J43","v":0},null,{"$f":"L43-H43","v":0}]
[null,"Sub-Total B - Distribution (includes Sub-Total A)",null,null,null,null,null,{"$f":"SUM(H38:H42)+H37","v":54.97},null,null,null,{"$f":"SUM(L38:L42)+L37","v":60.19},null,{"$f":"L44-H44","v":5.2199999999999989},{"$f":"IF((H44)=0,\"\",(N44/H44))","v":9.4960887756958323E-2}]
[null,"RTSR - Network",null,"per kWh",null,6.0000000000000001E-3,{"$f":"F16*(1+F71)","v":2097.4},{"$f":"G45*F45","v":12.5844},null,5.7000000000000002E-3,{"$f":"F16*(1+J71)","v":2109.6},{"$f":"K45*J45","v":12.02472},null,-0.55968000000000018,-4.4474110803852399E-2]
[null,"RTSR - Line and Transformation Connection",null,"per kWh",null,4.3E-3,{"$f":"G45","v":2097.4},{"$f":"G46*F46","v":9.0188199999999998},null,4.1999999999999997E-3,{"$f":"K45","v":2109.6},{"$f":"K46*J46","v":8.8603199999999998},null,-0.15850000000000009,-1.757436116919953E-2]
[null,"Sub-Total C - Delivery (including Sub-Total B)",null,null,null,null,null,{"$f":"SUM(H44:H46)","v":76.573220000000006},null,null,null,{"$f":"SUM(L44:L46)","v":81.075040000000001},null,4.501819999999995,5.8791049925809503E-2]
[null,"Wholesale Market Service Charge (WMSC)",null,"per kWh",null,5.1999999999999998E-3,{"$f":"G46","v":2097.4},{"$f":"G48*F48","v":10.90648},null,{"$f":"F48","v":5.1999999999999998E-3},{"$f":"K46","v":2109.6},{"$f":"K48*J48","v":10.969919999999998},null,6.3439999999998165E-2,5.8167254696288966E-3]
[null,"Rural and Remote Rate Protection (RRRP)",null,"per kWh",null,1.1000000000000001E-3,{"$f":"G46","v":2097.4},2.3071400000000004,null,{"$f":"F49","v":1.1000000000000001E-3},{"$f":"K46","v":2109.6},2.32056,null,1.3419999999999543E-2,5.8167254696288653E-3]
[null,"Standard Supply Service Charge",null,"Monthly",null,0.25,1,0.25,null,{"$f":"F50","v":0.25},1,0.25,null,0,0]
[null,"Debt Retirement Charge (DRC)",null,"per kWh",null,{"$f":"0.0067","v":6.7000000000000002E-3},{"$f":"G49","v":2097.4},14.052580000000001,null,{"$f":"F51","v":6.7000000000000002E-3},{"$f":"K49","v":2109.6},14.134320000000001,null,8.1739999999999924E-2,5.8167254696290588E-3]
[null,"Energy - RPP - Tier 1",null,null,null,7.4999999999999997E-2,{"$f":"IF($T$1=1,IF($F$16>=600,600,IF($F$16<600,$F$16*(1+$F$71),$F$16-600)),IF($T$1=2,IF($F$16>=1000,1000,IF($F$16<1000,$F$16*(1+$F$71),$F$16-1000))))","v":1000},{"$f":"G52*F52","v":75},null,7.3999999999999996E-2,{"$f":"IF($T$1=1,IF($F$16>=600,600,IF($F$16<600,$F$16*(1+$J$71),$F$16-600)),IF($T$1=2,IF($F$16>=1000,1000,IF($F$16<1000,$F$16*(1+$J$71),$F$16-1000))))","v":1000},{"$f":"K52*J52","v":74},null,-1,-1.3333333333333334E-2]
[null,"Energy - RPP - Tier 2",null,null,null,8.7999999999999995E-2,{"$f":"IF($T$1=1,IF($F$16>=600,$F$16*(1+$F$71)-600,IF($F$16<600,0,)), IF($T$1=2,IF($F$16>=1000,$F$16*(1+$F$71)-1000,IF($F$16<1000,0))))","v":1097.4000000000001},{"$f":"G53*F53","v":96.571200000000005},null,8.6999999999999994E-2,{"$f":"IF($T$1=1,IF($F$16>=600,$F$16*(1+$J$71)-600,IF($F$16<600,0,)), IF($T$1=2,IF($F$16>=1000,$F$16*(1+$J$71)-1000,IF($F$16<1000,0))))","v":1109.5999999999999},{"$f":"K53*J53","v":96.535199999999989},null,-3.6000000000015575E-2,-3.7278194741305456E-4]
[null,"TOU - Off Peak",null,null,null,6.5000000000000002E-2,{"$f":"0.64*$F$16*(1+$F$71)","v":1342.336},87.251840000000001,null,6.3E-2,{"$f":"0.64*$F$16*(1+$J$71)","v":1350.144},85.059072,null,-2.1927680000000009,-2.5131481467897995E-2]
[null,"TOU - Mid Peak",null,null,null,0.1,{"$f":"0.18*$F$16*(1+$F$71)","v":377.53199999999998},37.7532,null,9.9000000000000005E-2,{"$f":"0.18*$F$16*(1+$J$71)","v":379.72800000000001},37.593071999999999,null,-0.16012800000000027,-4.2414417850672329E-3]
[null,"TOU - On Peak",null,null,null,0.11700000000000001,{"$f":"0.18*$F$16*(1+$F$71)","v":377.53199999999998},44.171244000000002,null,0.11799999999999999,{"$f":"0.18*$F$16*(1+$J$71)","v":379.72800000000001},44.807904000000001,null,0.63665999999999912,1.4413449618942113E-2]
[]
[null,"Total Bill on RPP (before Taxes)",null,null,null,null,null,{"$f":"SUM(H47:H53)","v":275.66061999999999},null,null,null,{"$f":"SUM(L47:L53)","v":279.28503999999998},null,3.6244199999999864,1.3148123950385029E-2]
[null,"HST",null,null,null,0.13,null,{"$f":"H58*F59","v":35.835880600000003},null,0.13,null,{"$f":"L58*J59","v":36.307055200000001},null,0.47117459999999767,1.3148123950385013E-2]
[null,"Total Bill (including HST)",null,null,null,null,null,{"$f":"H58+H59","v":311.49650059999999},null,null,null,{"$f":"L58+L59","v":315.59209519999996},null,4.0955945999999699,1.3148123950384982E-2]
[null,"Ontario Clean Energy Benefit 1",null,null,null,null,null,{"$f":"ROUND(-H60*10%,2)","v":-31.15},null,null,null,{"$f":"ROUND(-L60*10%,2)","v":-31.56},null,-0.41000000000000014,1.3162118780096313E-2]
[null,"Total Bill on RPP (including OCEB)",null,null,null,null,null,{"$f":"SUM(H60:H61)","v":280.34650060000001},null,null,null,{"$f":"SUM(L60:L61)","v":284.03209519999996},null,3.6855945999999449,1.3146568949895944E-2]
[]
[null,"Total Bill on TOU (before Taxes)",null,null,null,null,null,{"$f":"SUM(H47:H51,H54:H56)","v":273.26570400000003},null,null,null,{"$f":"SUM(L47:L51,L54:L56)","v":276.20988800000003},null,{"$f":"L64-H64","v":2.944184000000007},{"$f":"IF((H64)=0,\"\",(N64/H64))","v":1.0774070645908814E-2}]
[null,"HST",null,null,null,0.13,null,{"$f":"H64*F65","v":35.524541520000007},null,0.13,null,{"$f":"L64*J65","v":35.907285440000003},null,0.3827439199999958,1.0774070645908669E-2]
[null,"Total Bill (including HST)",null,null,null,null,null,{"$f":"H64+H65","v":308.79024552000004},null,null,null,{"$f":"L64+L65","v":312.11717344000004},null,3.3269279200000028,1.0774070645908797E-2]
[null,"Ontario Clean Energy Benefit 1",null,null,null,null,null,{"$f":"ROUND(-H66*10%,2)","v":-30.88},null,null,null,{"$f":"ROUND(-L66*10%,2)","v":-31.21},null,-0.33000000000000185,1.0686528497409387E-2]
[null,"Total Bill on TOU (including OCEB)",null,null,null,null,null,{"$f":"H66+H67","v":277.91024552000005},null,null,null,{"$f":"L66+L67","v":280.90717344000007},null,2.9969279200000187,1.0783797892706127E-2]
[]
[]
[null,"Loss Factor (%)",null,null,null,4.87E-2,null,null,null,5.4800000000000001E-2]
[]
["1 Applicable to eligible customers only.  Refer to the Ontario Clean Energy Benefit Act, 2010."]
[]
["Note that the \"Charge $\" columns provide breakdowns of the amounts that each bill component contributes to the total monthly bill at the referenced "]
["consumption level at existing and proposed rates."]
[]
["Applicants must provide bill impacts for residential at 800 kWh and GS<50kW at 2000 kWh. In addition, their filing should cover the range that is relevant"]
["to their service territory, class by class. A general guideline of consumption levels follows:"]
[]
["Residential (kWh) - 100, 250, 500, 800, 1000, 1500, 2000"]
["GS<50kW (kWh) - 1000, 2000, 5000, 10000, 15000"]
["GS>50kW (kW) - 60, 100, 500, 1000"]
["Large User - range appropriate for utility"]
["Lighting Classes and USL - 150 kWh and 1 kW, range appropriate for utility."]

{"sheet":"App.2-W_Bill Impacts_GS>50","index":36,"n_rows":85,"n_cols":20,"rows_kept":85,"cut":false,"hidden":false,"merged":[[67,1,67,3],[18,3,19,3],[18,13,19,13],[18,14,19,14],[60,1,60,3],[61,1,61,3],[66,1,66,3],[2,0,2,10],[9,1,9,14],[10,1,10,14],[13,3,13,14],[17,5,17,7],[17,9,17,11],[17,13,17,14]]}
[null,null,null,null,null,null,null,null,null,null,null,null,null,"File Number:",{"$f":"'LDC Info'!$E$18","v":"EB-2012-0160"},null,null,null,null,2]
[null,null,null,null,null,null,null,null,null,null,null,null,null,"Exhibit:",8]
[null,null,null,null,null,null,null,null,null,null,null,null,null,"Tab:","Appendix M"]
[null,null,null,null,null,null,null,null,null,null,null,null,null,"Schedule:"]
[null,null,null,null,null,null,null,null,null,null,null,null,null,"Page:"]
[]
[null,null,null,null,null,null,null,null,null,null,null,null,null,"Date:"]
[]
[]
[null,"Appendix 2-W"]
[null,"Bill Impacts"]
[]
[]
[null,"Customer Class:",null,"General Service Greater Than 50KW"]
[]
[null,null,null,"Consumption",null,75000," kWh"]
[null,null,null,null,null,250," kW"]
[null,null,null,null,null,"Current Board-Approved",null,null,null,"Proposed",null,null,null,"Impact"]
[null,null,null,"Charge Unit",null,"Rate","Volume","Charge",null,"Rate","Volume","Charge",null,"$ Change","% Change"]
[null,null,null,null,null,"($)",null,"($)",null,"($)",null,"($)"]
[null,"Monthly Service Charge",null,"Monthly",null,247.49,1,{"$f":"G21*F21","v":247.49},null,237.53,1,{"$f":"K21*J21","v":237.53},null,{"$f":"L21-H21","v":-9.960000000000008},{"$f":"IF((H21)=0,\"\",(N21/H21))","v":-4.0244050264657188E-2}]
[null,"Smart Meter Rate Adder",null,"Monthly",null,null,1,{"$f":"G22*F22","v":0},null,null,1,{"$f":"K22*J22","v":0},null,{"$f":"L22-H22","v":0},{"$f":"IF((H22)=0,\"\",(N22/H22))","v":""}]
[null,null,null,null,null,null,1,0,null,null,1,{"$f":"K23*J23","v":0},null,{"$f":"L23-H23","v":0},{"$f":"IF((H23)=0,\"\",(N23/H23))","v":""}]
[null,null,null,null,null,null,1,0,null,null,1,0,null,0,""]
[null,null,null,null,null,null,1,0,null,null,1,0,null,0,""]
[null,null,null,null,null,null,1,0,null,null,1,0,null,0,""]
[null,"Distribution Volumetric Rate",null,"per kW",null,2.4354,{"$f":"$F$17","v":250},608.85,null,2.3443999999999998,{"$f":"$F$17","v":250},586.09999999999991,null,-22.750000000000114,-3.7365525170403403E-2]
[null,"Smart Meter Disposition Rider",null,"Monthly",null,null,1,0,null,{"$f":"F28","v":0},1,0,null,0,""]
[null,"LRAM & SSM Rate Rider",null,"per kW",null,6.1100000000000002E-2,{"$f":"$F$17","v":250},15.275,null,3.2599999999999997E-2,{"$f":"$F$17","v":250},8.1499999999999986,null,-7.1250000000000018,-0.46644844517184952]
[null,null,null,null,null,null,{"$f":"$F$16","v":75000},0,null,null,{"$f":"$F$16","v":75000},0,null,0,""]
[null,null,null,null,null,null,75000,0,null,null,75000,0,null,0,""]
[null,null,null,null,null,null,75000,0,null,null,75000,0,null,0,""]
[null,null,null,null,null,null,75000,0,null,null,75000,0,null,0,""]
[null,null,null,null,null,null,75000,0,null,null,75000,0,null,0,""]
[null,null,null,null,null,null,75000,0,null,null,75000,0,null,0,""]
[null,null,null,null,null,null,75000,0,null,null,75000,0,null,0,""]
[null,"Sub-Total A",null,null,null,null,null,{"$f":"SUM(H21:H36)","v":871.61500000000001},null,null,null,{"$f":"SUM(L21:L36)","v":831.77999999999986},null,-39.83500000000015,-4.5702517740057423E-2]
[null,"Deferral/Variance Account Disposition Rate Rider",null,"per kW",null,-0.61399999999999999,{"$f":"$F$17","v":250},{"$f":"G38*F38","v":-153.5},null,-0.52839999999999998,{"$f":"$F$17","v":250},{"$f":"K38*J38","v":-132.1},null,{"$f":"L38-H38","v":21.400000000000006},{"$f":"IF((H38)=0,\"\",(N38/H38))","v":-0.139413680781759}]
[null,"Tax Change Rate Rider",null,"per kW",null,-7.3400000000000007E-2,{"$f":"$F$17","v":250},{"$f":"G39*F39","v":-18.350000000000001},null,null,{"$f":"$F$17","v":250},{"$f":"K39*J39","v":0},null,{"$f":"L39-H39","v":18.350000000000001},{"$f":"IF((H39)=0,\"\",(N39/H39))","v":-1}]
[null,"Global Adj Disposition Rider",null,"per kW",null,-0.62409999999999999,250,-156.02500000000001,null,null,250,0,null,156.02500000000001,-1]
[null,"Stranded Meter Rate Rider",null,"Monthly",null,null,1,0,null,null,1,0,null,0,""]
[null,"Low Voltage Service Charge",null,"per kW",null,0.193,{"$f":"$F$17","v":250},{"$f":"G42*F42","v":48.25},null,0.31867961260151878,{"$f":"$F$17","v":250},{"$f":"K42*J42","v":79.669903150379696},null,{"$f":"L42-H42","v":31.419903150379696},{"$f":"IF((H42)=0,\"\",(N42/H42))","v":0.65118970259854292}]
[null,"Smart Meter Entity Charge",null,"Monthly",null,null,null,null,null,null,1,{"$f":"K43*J43","v":0},null,{"$f":"L43-H43","v":0}]
[null,"Sub-Total B - Distribution (includes Sub-Total A)",null,null,null,null,null,{"$f":"SUM(H38:H42)+H37","v":591.99},null,null,null,{"$f":"SUM(L38:L42)+L37","v":779.34990315037953},null,{"$f":"L44-H44","v":187.35990315037952},{"$f":"IF((H44)=0,\"\",(N44/H44))","v":0.3164916690322126}]
[null,"RTSR - Network",null,"per kW",null,2.4344999999999999,{"$f":"$F$17*(1+F$71)","v":262.17500000000001},{"$f":"G45*F45","v":638.26503749999995},null,2.3111000000000002,{"$f":"$F$17*(1+J$71)","v":263.7},{"$f":"K45*J45","v":609.43707000000006},null,-28.827967499999886,-4.5166139152655514E-2]
[null,"RTSR - Line and Transformation Connection",null,"per kW",null,1.6613,{"$f":"$F$17*(1+F$71)","v":262.17500000000001},{"$f":"G46*F46","v":435.55132750000001},null,1.6162000000000001,{"$f":"$F$17*(1+J$71)","v":263.7},{"$f":"K46*J46","v":426.19193999999999},null,-9.3593875000000253,-2.1488598264001447E-2]
[null,"Sub-Total C - Delivery (including Sub-Total B)",null,null,null,null,null,{"$f":"SUM(H44:H46)","v":1665.8063650000001},null,null,null,{"$f":"SUM(L44:L46)","v":1814.9789131503796},null,149.1725481503795,8.9549752771162866E-2]
[null,"Wholesale Market Service Charge (WMSC)",null,"per kWh",null,5.1999999999999998E-3,{"$f":"F16","v":75000},{"$f":"G48*F48","v":390},null,{"$f":"F48","v":5.1999999999999998E-3},{"$f":"J16","v":0},{"$f":"K48*J48","v":0},null,-390,-1]
[null,"Rural and Remote Rate Protection (RRRP)",null,"per kWh",null,1.1000000000000001E-3,{"$f":"F16","v":75000},82.5,null,{"$f":"F49","v":1.1000000000000001E-3},{"$f":"J16","v":0},0,null,-82.5,-1]
[null,"Standard Supply Service Charge",null,"Monthly",null,0.25,1,0.25,null,{"$f":"F50","v":0.25},1,0.25,null,0,0]
[null,"Debt Retirement Charge (DRC)",null,"per kWh",null,{"$f":"0.0067","v":6.7000000000000002E-3},{"$f":"F16","v":75000},502.5,null,{"$f":"F51","v":6.7000000000000002E-3},{"$f":"J16","v":0},0,null,-502.5,-1]
[null,"Energy - RPP - Tier 1",null,null,null,7.4999999999999997E-2,{"$f":"IF($T$1=1,IF($F$16>=600,600,IF($F$16<600,$F$16*(1+$F$71),$F$16-600)),IF($T$1=2,IF($F$16>=1000,1000,IF($F$16<1000,$F$16*(1+$F$71),$F$16-1000))))","v":1000},{"$f":"G52*F52","v":75},null,7.3999999999999996E-2,{"$f":"IF($T$1=1,IF($F$16>=600,600,IF($F$16<600,$F$16*(1+$F$71),$F$16-600)),IF($T$1=2,IF($F$16>=1000,1000,IF($F$16<1000,$F$16*(1+$F$71),$F$16-1000))))","v":1000},{"$f":"K52*J52","v":74},null,-1,-1.3333333333333334E-2]
[null,"Energy - RPP - Tier 2",null,null,null,8.7999999999999995E-2,{"$f":"IF($T$1=1,IF($F$16>=600,$F$16*(1+$F$71)-600,IF($F$16<600,0,)), IF($T$1=2,IF($F$16>=1000,$F$16*(1+$F$71)-1000,IF($F$16<1000,0))))","v":77652.5},{"$f":"G53*F53","v":6833.4199999999992},null,8.6999999999999994E-2,{"$f":"IF($T$1=1,IF($F$16>=600,$F$16*(1+$F$71)-600,IF($F$16<600,0,)), IF($T$1=2,IF($F$16>=1000,$F$16*(1+$F$71)-1000,IF($F$16<1000,0))))","v":77652.5},{"$f":"K53*J53","v":6755.7674999999999},null,-77.652499999999236,-1.1363636363636253E-2]
[null,"TOU - Off Peak",null,null,null,6.5000000000000002E-2,{"$f":"0.64*$F$16*(1+$F$71)","v":50337.599999999999},3271.944,null,6.3E-2,{"$f":"0.64*$F$16*(1+$F$71)","v":50337.599999999999},3171.2687999999998,null,-100.67520000000013,-3.0769230769230809E-2]
[null,"TOU - Mid Peak",null,null,null,0.1,{"$f":"0.18*$F$16*(1+$F$71)","v":14157.449999999999},1415.7449999999999,null,9.9000000000000005E-2,{"$f":"0.18*$F$16*(1+$F$71)","v":14157.449999999999},1401.58755,null,-14.157449999999926,-9.9999999999999482E-3]
[null,"TOU - On Peak",null,null,null,0.11700000000000001,{"$f":"0.18*$F$16*(1+$F$71)","v":14157.449999999999},1656.42165,null,0.11799999999999999,{"$f":"0.18*$F$16*(1+$F$71)","v":14157.449999999999},1670.5790999999997,null,14.157449999999699,8.5470085470083657E-3]
[]
[null,"Total Bill on RPP (before Taxes)",null,null,null,null,null,{"$f":"SUM(H47:H53)","v":9549.4763649999986},null,null,null,{"$f":"SUM(L47:L53)","v":8644.9964131503802},null,-904.47995184961837,-9.4715135917258067E-2]
[null,"HST",null,null,null,0.13,null,{"$f":"H58*F59","v":1241.4319274499999},null,0.13,null,{"$f":"L58*J59","v":1123.8495337095494},null,-117.58239374045047,-9.4715135917258123E-2]
[null,"Total Bill (including HST)",null,null,null,null,null,{"$f":"H58+H59","v":10790.908292449998},null,null,null,{"$f":"L58+L59","v":9768.8459468599303},null,-1022.0623455900677,-9.471513591725797E-2]
[null,"Ontario Clean Energy Benefit 1",null,null,null,null,null,{"$f":"ROUND(-H60*10%,2)","v":-1079.0899999999999},null,null,null,{"$f":"ROUND(-L60*10%,2)","v":-976.88},null,102.20999999999992,-9.4718698162340423E-2]
[null,"Total Bill on RPP (including OCEB)",null,null,null,null,null,{"$f":"SUM(H60:H61)","v":9711.8182924499979},null,null,null,{"$f":"SUM(L60:L61)","v":8791.9659468599311},null,-919.85234559006676,-9.4714740112586668E-2]
[]
[null,"Total Bill on TOU (before Taxes)",null,null,null,null,null,{"$f":"SUM(H47:H51,H54:H56)","v":8985.1670149999991},null,null,null,{"$f":"SUM(L47:L51,L54:L56)","v":8058.6643631503794},null,{"$f":"L64-H64","v":-926.50265184961972},{"$f":"IF((H64)=0,\"\",(N64/H64))","v":-0.10311468337793828}]
[null,"HST",null,null,null,0.13,null,{"$f":"H64*F65","v":1168.07171195},null,0.13,null,{"$f":"L64*J65","v":1047.6263672095492},null,-120.44534474045076,-0.10311468337793844]
[null,"Total Bill (including HST)",null,null,null,null,null,{"$f":"H64+H65","v":10153.23872695},null,null,null,{"$f":"L64+L65","v":9106.2907303599277},null,-1046.9479965900719,-0.10311468337793843]
[null,"Ontario Clean Energy Benefit 1",null,null,null,null,null,{"$f":"ROUND(-H66*10%,2)","v":-1015.32},null,null,null,{"$f":"ROUND(-L66*10%,2)","v":-910.63},null,104.69000000000005,-0.10311034944647998]
[null,"Total Bill on TOU (including OCEB)",null,null,null,null,null,{"$f":"H66+H67","v":9137.9187269499998},null,null,null,{"$f":"L66+L67","v":8195.6607303599285},null,-942.25799659007134,-0.10311516492383738]
[]
[]
[null,"Loss Factor (%)",null,null,null,4.87E-2,null,null,null,5.4800000000000001E-2]
[]
["1 Applicable to eligible customers only.  Refer to the Ontario Clean Energy Benefit Act, 2010."]
[]
["Note that the \"Charge $\" columns provide breakdowns of the amounts that each bill component contributes to the total monthly bill at the referenced "]
["consumption level at existing and proposed rates."]
[]
["Applicants must provide bill impacts for residential at 800 kWh and GS<50kW at 2000 kWh. In addition, their filing should cover the range that is relevant"]
["to their service territory, class by class. A general guideline of consumption levels follows:"]
[]
["Residential (kWh) - 100, 250, 500, 800, 1000, 1500, 2000"]
["GS<50kW (kWh) - 1000, 2000, 5000, 10000, 15000"]
["GS>50kW (kW) - 60, 100, 500, 1000"]
["Large User - range appropriate for utility"]
["Lighting Classes and USL - 150 kWh and 1 kW, range appropriate for utility."]

{"sheet":"App.2-W_Bill Impacts_LU","index":37,"n_rows":85,"n_cols":20,"rows_kept":85,"cut":false,"hidden":false,"merged":[[67,1,67,3],[18,3,19,3],[18,13,19,13],[18,14,19,14],[60,1,60,3],[61,1,61,3],[66,1,66,3],[2,0,2,10],[9,1,9,14],[10,1,10,14],[13,3,13,14],[17,5,17,7],[17,9,17,11],[17,13,17,14]]}
[null,null,null,null,null,null,null,null,null,null,null,null,null,"File Number:",{"$f":"'LDC Info'!$E$18","v":"EB-2012-0160"},null,null,null,null,2]
[null,null,null,null,null,null,null,null,null,null,null,null,null,"Exhibit:",8]
[null,null,null,null,null,null,null,null,null,null,null,null,null,"Tab:","Appendix M"]
[null,null,null,null,null,null,null,null,null,null,null,null,null,"Schedule:"]
[null,null,null,null,null,null,null,null,null,null,null,null,null,"Page:"]
[]
[null,null,null,null,null,null,null,null,null,null,null,null,null,"Date:"]
[]
[]
[null,"Appendix 2-W"]
[null,"Bill Impacts"]
[]
[]
[null,"Customer Class:",null,"Large User"]
[]
[null,null,null,"Consumption",null,2000000," kWh"]
[null,null,null,null,null,5000," kW"]
[null,null,null,null,null,"Current Board-Approved",null,null,null,"Proposed",null,null,null,"Impact"]
[null,null,null,"Charge Unit",null,"Rate","Volume","Charge",null,"Rate","Volume","Charge",null,"$ Change","% Change"]
[null,null,null,null,null,"($)",null,"($)",null,"($)",null,"($)"]
[null,"Monthly Service Charge",null,"Monthly",null,6311.79,1,{"$f":"G21*F21","v":6311.79},null,6576.42,1,{"$f":"K21*J21","v":6576.42},null,{"$f":"L21-H21","v":264.63000000000011},{"$f":"IF((H21)=0,\"\",(N21/H21))","v":4.1926299829366964E-2}]
[null,"Smart Meter Rate Adder",null,"Monthly",null,null,1,{"$f":"G22*F22","v":0},null,null,1,{"$f":"K22*J22","v":0},null,{"$f":"L22-H22","v":0},{"$f":"IF((H22)=0,\"\",(N22/H22))","v":""}]
[null,null,null,null,null,null,1,0,null,null,1,{"$f":"K23*J23","v":0},null,{"$f":"L23-H23","v":0},{"$f":"IF((H23)=0,\"\",(N23/H23))","v":""}]
[null,null,null,null,null,null,1,0,null,null,1,0,null,0,""]
[null,null,null,null,null,null,1,0,null,null,1,0,null,0,""]
[null,null,null,null,null,null,1,0,null,null,1,0,null,0,""]
[null,"Distribution Volumetric Rate",null,"per kW",null,0.73729999999999996,{"$f":"$F$17","v":5000},3686.5,null,0.76819999999999999,{"$f":"$F$17","v":5000},3841,null,154.5,4.1909670419096705E-2]
[null,"Smart Meter Disposition Rider",null,"Monthly",null,null,1,0,null,{"$f":"F28","v":0},1,0,null,0,""]
[null,"LRAM & SSM Rate Rider",null,"per kW",null,null,{"$f":"$F$17","v":5000},0,null,null,{"$f":"$F$17","v":5000},0,null,0,""]
[null,null,null,null,null,null,{"$f":"$F$16","v":2000000},0,null,null,{"$f":"$F$16","v":2000000},0,null,0,""]
[null,null,null,null,null,null,2000000,0,null,null,2000000,0,null,0,""]
[null,null,null,null,null,null,2000000,0,null,null,2000000,0,null,0,""]
[null,null,null,null,null,null,2000000,0,null,null,2000000,0,null,0,""]
[null,null,null,null,null,null,2000000,0,null,null,2000000,0,null,0,""]
[null,null,null,null,null,null,2000000,0,null,null,2000000,0,null,0,""]
[null,null,null,null,null,null,2000000,0,null,null,2000000,0,null,0,""]
[null,"Sub-Total A",null,null,null,null,null,{"$f":"SUM(H21:H36)","v":9998.2900000000009},null,null,null,{"$f":"SUM(L21:L36)","v":10417.42},null,419.1299999999992,4.1920168348787562E-2]
[null,"Deferral/Variance Account Disposition Rate Rider",null,"per kW",null,-0.70369999999999999,{"$f":"$F$17","v":5000},{"$f":"G38*F38","v":-3518.5},null,-0.61629999999999996,{"$f":"$F$17","v":5000},{"$f":"K38*J38","v":-3081.5},null,{"$f":"L38-H38","v":437},{"$f":"IF((H38)=0,\"\",(N38/H38))","v":-0.12420065368765099}]
[null,"Tax Change Rate Rider",null,"per kW",null,-3.5799999999999998E-2,{"$f":"$F$17","v":5000},{"$f":"G39*F39","v":-179},null,null,{"$f":"$F$17","v":5000},{"$f":"K39*J39","v":0},null,{"$f":"L39-H39","v":179},{"$f":"IF((H39)=0,\"\",(N39/H39))","v":-1}]
[null,"Global Adj Disposition Rider",null,"per kW",null,-0.71519999999999995,5000,-3575.9999999999995,null,null,5000,0,null,3575.9999999999995,-1]
[null,"Stranded Meter Rate Rider",null,"Monthly",null,null,1,0,null,null,1,0,null,0,""]
[null,"Low Voltage Service Charge",null,"per kW",null,0.2364,{"$f":"$F$17","v":5000},{"$f":"G42*F42","v":1182},null,0.39040000000000002,{"$f":"$F$17","v":5000},{"$f":"K42*J42","v":1952.0000000000002},null,{"$f":"L42-H42","v":770.00000000000023},{"$f":"IF((H42)=0,\"\",(N42/H42))","v":0.65143824027072772}]
[null,"Smart Meter Entity Charge",null,"Monthly",null,null,null,null,null,null,1,{"$f":"K43*J43","v":0},null,{"$f":"L43-H43","v":0}]
[null,"Sub-Total B - Distribution (includes Sub-Total A)",null,null,null,null,null,{"$f":"SUM(H38:H42)+H37","v":3906.7900000000009},null,null,null,{"$f":"SUM(L38:L42)+L37","v":9287.92},null,{"$f":"L44-H44","v":5381.1299999999992},{"$f":"IF((H44)=0,\"\",(N44/H44))","v":1.3773788711448525}]
[null,"RTSR - Network",null,"per kW",null,2.8683000000000001,{"$f":"$F$17*(1+F$71)","v":5085.4999999999991},{"$f":"G45*F45","v":14586.739649999998},null,2.7229999999999999,{"$f":"$F$17*(1+J$71)","v":5086.0000000000009},{"$f":"K45*J45","v":13849.178000000002},null,-737.56164999999601,-5.0563845499223409E-2]
[null,"RTSR - Line and Transformation Connection",null,"per kW",null,2.0352000000000001,{"$f":"$F$17*(1+F$71)","v":5085.4999999999991},{"$f":"G46*F46","v":10350.009599999999},null,1.9799,{"$f":"$F$17*(1+J$71)","v":5086.0000000000009},{"$f":"K46*J46","v":10069.771400000001},null,-280.23819999999796,-2.7076129475280677E-2]
[null,"Sub-Total C - Delivery (including Sub-Total B)",null,null,null,null,null,{"$f":"SUM(H44:H46)","v":28843.539249999994},null,null,null,{"$f":"SUM(L44:L46)","v":33206.869400000003},null,4363.3301500000089,0.15127582340645002]
[null,"Wholesale Market Service Charge (WMSC)",null,"per kWh",null,5.1999999999999998E-3,{"$f":"F16","v":2000000},{"$f":"G48*F48","v":10400},null,{"$f":"F48","v":5.1999999999999998E-3},{"$f":"J16","v":0},{"$f":"K48*J48","v":0},null,-10400,-1]
[null,"Rural and Remote Rate Protection (RRRP)",null,"per kWh",null,1.1000000000000001E-3,{"$f":"F16","v":2000000},2200,null,{"$f":"F49","v":1.1000000000000001E-3},{"$f":"J16","v":0},0,null,-2200,-1]
[null,"Standard Supply Service Charge",null,"Monthly",null,0.25,1,0.25,null,{"$f":"F50","v":0.25},1,0.25,null,0,0]
[null,"Debt Retirement Charge (DRC)",null,"per kWh",null,{"$f":"0.0067","v":6.7000000000000002E-3},{"$f":"F16","v":2000000},13400,null,{"$f":"F51","v":6.7000000000000002E-3},{"$f":"J16","v":0},0,null,-13400,-1]
[null,"Energy - RPP - Tier 1",null,null,null,7.4999999999999997E-2,{"$f":"IF($T$1=1,IF($F$16>=600,600,IF($F$16<600,$F$16*(1+$F$71),$F$16-600)),IF($T$1=2,IF($F$16>=1000,1000,IF($F$16<1000,$F$16*(1+$F$71),$F$16-1000))))","v":1000},{"$f":"G52*F52","v":75},null,7.3999999999999996E-2,{"$f":"IF($T$1=1,IF($F$16>=600,600,IF($F$16<600,$F$16*(1+$F$71),$F$16-600)),IF($T$1=2,IF($F$16>=1000,1000,IF($F$16<1000,$F$16*(1+$F$71),$F$16-1000))))","v":1000},{"$f":"K52*J52","v":74},null,-1,-1.3333333333333334E-2]
[null,"Energy - RPP - Tier 2",null,null,null,8.7999999999999995E-2,{"$f":"IF($T$1=1,IF($F$16>=600,$F$16*(1+$F$71)-600,IF($F$16<600,0,)), IF($T$1=2,IF($F$16>=1000,$F$16*(1+$F$71)-1000,IF($F$16<1000,0))))","v":2033199.9999999998},{"$f":"G53*F53","v":178921.59999999998},null,8.6999999999999994E-2,{"$f":"IF($T$1=1,IF($F$16>=600,$F$16*(1+$F$71)-600,IF($F$16<600,0,)), IF($T$1=2,IF($F$16>=1000,$F$16*(1+$F$71)-1000,IF($F$16<1000,0))))","v":2033199.9999999998},{"$f":"K53*J53","v":176888.39999999997},null,-2033.2000000000116,-1.136363636363643E-2]
[null,"TOU - Off Peak",null,null,null,6.5000000000000002E-2,{"$f":"0.64*$F$16*(1+$F$71)","v":1301887.9999999998},84622.719999999987,null,6.3E-2,{"$f":"0.64*$F$16*(1+$F$71)","v":1301887.9999999998},82018.943999999989,null,-2603.775999999998,-3.076923076923075E-2]
[null,"TOU - Mid Peak",null,null,null,0.1,{"$f":"0.18*$F$16*(1+$F$71)","v":366155.99999999994},36615.599999999999,null,9.9000000000000005E-2,{"$f":"0.18*$F$16*(1+$F$71)","v":366155.99999999994},36249.443999999996,null,-366.15600000000268,-1.0000000000000073E-2]
[null,"TOU - On Peak",null,null,null,0.11700000000000001,{"$f":"0.18*$F$16*(1+$F$71)","v":366155.99999999994},42840.251999999993,null,0.11799999999999999,{"$f":"0.18*$F$16*(1+$F$71)","v":366155.99999999994},43206.407999999989,null,366.1559999999954,8.5470085470084403E-3]
[]
[null,"Total Bill on RPP (before Taxes)",null,null,null,null,null,{"$f":"SUM(H47:H53)","v":233840.38924999998},null,null,null,{"$f":"SUM(L47:L53)","v":210169.51939999996},null,-23670.869850000017,-0.10122660985093283]
[null,"HST",null,null,null,0.13,null,{"$f":"H58*F59","v":30399.250602499997},null,0.13,null,{"$f":"L58*J59","v":27322.037521999995},null,-3077.2130805000015,-0.10122660985093282]
[null,"Total Bill (including HST)",null,null,null,null,null,{"$f":"H58+H59","v":264239.6398525},null,null,null,{"$f":"L58+L59","v":237491.55692199996},null,-26748.082930500037,-0.1012266098509329]
[null,"Ontario Clean Energy Benefit 1",null,null,null,null,null,{"$f":"ROUND(-H60*10%,2)","v":-26423.96},null,null,null,{"$f":"ROUND(-L60*10%,2)","v":-23749.16},null,2674.7999999999993,-0.10122631127204247]
[null,"Total Bill on RPP (including OCEB)",null,null,null,null,null,{"$f":"SUM(H60:H61)","v":237815.6798525},null,null,null,{"$f":"SUM(L60:L61)","v":213742.39692199996},null,-24073.282930500049,-0.10122664302635966]
[]
[null,"Total Bill on TOU (before Taxes)",null,null,null,null,null,{"$f":"SUM(H47:H51,H54:H56)","v":218922.36124999996},null,null,null,{"$f":"SUM(L47:L51,L54:L56)","v":194681.91539999997},null,{"$f":"L64-H64","v":-24240.445849999989},{"$f":"IF((H64)=0,\"\",(N64/H64))","v":-0.11072622144029608}]
[null,"HST",null,null,null,0.13,null,{"$f":"H64*F65","v":28459.906962499994},null,0.13,null,{"$f":"L64*J65","v":25308.649001999998},null,-3151.2579604999955,-0.11072622144029598]
[null,"Total Bill (including HST)",null,null,null,null,null,{"$f":"H64+H65","v":247382.26821249994},null,null,null,{"$f":"L64+L65","v":219990.56440199996},null,-27391.703810499981,-0.11072622144029606]
[null,"Ontario Clean Energy Benefit 1",null,null,null,null,null,{"$f":"ROUND(-H66*10%,2)","v":-24738.23},null,null,null,{"$f":"ROUND(-L66*10%,2)","v":-21999.06},null,2739.1699999999983,-0.11072619180919566]
[null,"Total Bill on TOU (including OCEB)",null,null,null,null,null,{"$f":"H66+H67","v":222644.03821249993},null,null,null,{"$f":"L66+L67","v":197991.50440199996},null,-24652.533810499968,-0.11072622473264096]
[]
[]
[null,"Loss Factor (%)",null,null,null,1.7100000000000001E-2,null,null,null,1.72E-2]
[]
["1 Applicable to eligible customers only.  Refer to the Ontario Clean Energy Benefit Act, 2010."]
[]
["Note that the \"Charge $\" columns provide breakdowns of the amounts that each bill component contributes to the total monthly bill at the referenced "]
["consumption level at existing and proposed rates."]
[]
["Applicants must provide bill impacts for residential at 800 kWh and GS<50kW at 2000 kWh. In addition, their filing should cover the range that is relevant"]
["to their service territory, class by class. A general guideline of consumption levels follows:"]
[]
["Residential (kWh) - 100, 250, 500, 800, 1000, 1500, 2000"]
["GS<50kW (kWh) - 1000, 2000, 5000, 10000, 15000"]
["GS>50kW (kW) - 60, 100, 500, 1000"]
["Large User - range appropriate for utility"]
["Lighting Classes and USL - 150 kWh and 1 kW, range appropriate for utility."]

{"sheet":"App.2-W_Bill Impacts_StrtLght","index":38,"n_rows":85,"n_cols":20,"rows_kept":85,"cut":false,"hidden":false,"merged":[[67,1,67,3],[18,3,19,3],[18,13,19,13],[18,14,19,14],[60,1,60,3],[61,1,61,3],[66,1,66,3],[2,0,2,10],[9,1,9,14],[10,1,10,14],[13,3,13,14],[17,5,17,7],[17,9,17,11],[17,13,17,14]]}
[null,null,null,null,null,null,null,null,null,null,null,null,null,"File Number:",{"$f":"'LDC Info'!$E$18","v":"EB-2012-0160"},null,null,null,null,2]
[null,null,null,null,null,null,null,null,null,null,null,null,null,"Exhibit:",8]
[null,null,null,null,null,null,null,null,null,null,null,null,null,"Tab:","Appendix M"]
[null,null,null,null,null,null,null,null,null,null,null,null,null,"Schedule:"]
[null,null,null,null,null,null,null,null,null,null,null,null,null,"Page:"]
[]
[null,null,null,null,null,null,null,null,null,null,null,null,null,"Date:"]
[]
[]
[null,"Appendix 2-W"]
[null,"Bill Impacts"]
[]
[]
[null,"Customer Class:",null,"Street Lighting"]
[]
[null,null,null,"Consumption",null,600000," kWh"]
[null,null,null,null,null,1500," kW"]
[null,null,null,null,null,"Current Board-Approved",null,null,null,"Proposed",null,null,null,"Impact"]
[null,null,null,"Charge Unit",null,"Rate","Volume","Charge",null,"Rate","Volume","Charge",null,"$ Change","% Change"]
[null,null,null,null,null,"($)",null,"($)",null,"($)",null,"($)"]
[null,"Monthly Service Charge",null,"Monthly",null,3.16,1,{"$f":"G21*F21","v":3.16},null,3.27,1,{"$f":"K21*J21","v":3.27},null,{"$f":"L21-H21","v":0.10999999999999988},{"$f":"IF((H21)=0,\"\",(N21/H21))","v":3.4810126582278438E-2}]
[null,"Smart Meter Rate Adder",null,"Monthly",null,null,1,{"$f":"G22*F22","v":0},null,null,1,{"$f":"K22*J22","v":0},null,{"$f":"L22-H22","v":0},{"$f":"IF((H22)=0,\"\",(N22/H22))","v":""}]
[null,null,null,null,null,null,1,0,null,null,1,{"$f":"K23*J23","v":0},null,{"$f":"L23-H23","v":0},{"$f":"IF((H23)=0,\"\",(N23/H23))","v":""}]
[null,null,null,null,null,null,1,0,null,null,1,0,null,0,""]
[null,null,null,null,null,null,1,0,null,null,1,0,null,0,""]
[null,null,null,null,null,null,1,0,null,null,1,0,null,0,""]
[null,"Distribution Volumetric Rate",null,"per kW",null,13.188000000000001,{"$f":"$F$17","v":1500},19782,null,13.662000000000001,{"$f":"$F$17","v":1500},20493,null,711,3.5941765241128298E-2]
[null,"Smart Meter Disposition Rider",null,"Monthly",null,null,1,0,null,{"$f":"F28","v":0},1,0,null,0,""]
[null,"LRAM & SSM Rate Rider",null,"per kW",null,null,{"$f":"$F$17","v":1500},0,null,null,{"$f":"$F$17","v":1500},0,null,0,""]
[null,null,null,null,null,null,{"$f":"$F$16","v":600000},0,null,null,{"$f":"$F$16","v":600000},0,null,0,""]
[null,null,null,null,null,null,600000,0,null,null,600000,0,null,0,""]
[null,null,null,null,null,null,600000,0,null,null,600000,0,null,0,""]
[null,null,null,null,null,null,600000,0,null,null,600000,0,null,0,""]
[null,null,null,null,null,null,600000,0,null,null,600000,0,null,0,""]
[null,null,null,null,null,null,600000,0,null,null,600000,0,null,0,""]
[null,null,null,null,null,null,600000,0,null,null,600000,0,null,0,""]
[null,"Sub-Total A",null,null,null,null,null,{"$f":"SUM(H21:H36)","v":19785.16},null,null,null,{"$f":"SUM(L21:L36)","v":20496.27},null,711.11000000000058,3.5941584500706621E-2]
[null,"Deferral/Variance Account Disposition Rate Rider",null,"per kW",null,-0.51819999999999999,{"$f":"$F$17","v":1500},{"$f":"G38*F38","v":-777.3},null,-0.60189999999999999,{"$f":"$F$17","v":1500},{"$f":"K38*J38","v":-902.85},null,{"$f":"L38-H38","v":-125.55000000000007},{"$f":"IF((H38)=0,\"\",(N38/H38))","v":0.16152064839830191}]
[null,"Tax Change Rate Rider",null,"per kW",null,-0.59160000000000001,{"$f":"$F$17","v":1500},{"$f":"G39*F39","v":-887.4},null,null,{"$f":"$F$17","v":1500},{"$f":"K39*J39","v":0},null,{"$f":"L39-H39","v":887.4},{"$f":"IF((H39)=0,\"\",(N39/H39))","v":-1}]
[null,"Global Adj Disposition Rider",null,"per kW",null,-0.52669999999999995,1500,-790.05,null,null,1500,0,null,790.05,-1]
[null,"Stranded Meter Rate Rider",null,"Monthly",null,null,1,0,null,null,1,0,null,0,""]
[null,"Low Voltage Service Charge",null,"per kW",null,0.1497,{"$f":"$F$17","v":1500},{"$f":"G42*F42","v":224.55},null,0.24709999999999999,{"$f":"$F$17","v":1500},{"$f":"K42*J42","v":370.65},null,{"$f":"L42-H42","v":146.09999999999997},{"$f":"IF((H42)=0,\"\",(N42/H42))","v":0.65063460253840999}]
[null,"Smart Meter Entity Charge",null,"Monthly",null,null,null,null,null,null,1,{"$f":"K43*J43","v":0},null,{"$f":"L43-H43","v":0}]
[null,"Sub-Total B - Distribution (includes Sub-Total A)",null,null,null,null,null,{"$f":"SUM(H38:H42)+H37","v":17554.96},null,null,null,{"$f":"SUM(L38:L42)+L37","v":19964.07},null,{"$f":"L44-H44","v":2409.1100000000006},{"$f":"IF((H44)=0,\"\",(N44/H44))","v":0.13723244029037951}]
[null,"RTSR - Network",null,"per kW",null,1.835,{"$f":"$F$17*(1+F$71)","v":1573.05},{"$f":"G45*F45","v":2886.54675},null,1.742,{"$f":"$F$17*(1+J$71)","v":1582.2},{"$f":"K45*J45","v":2756.1923999999999},null,-130.35435000000007,-4.5159272060984315E-2]
[null,"RTSR - Line and Transformation Connection",null,"per kW",null,1.2884,{"$f":"$F$17*(1+F$71)","v":1573.05},{"$f":"G46*F46","v":2026.7176199999999},null,1.2534000000000001,{"$f":"$F$17*(1+J$71)","v":1582.2},{"$f":"K46*J46","v":1983.1294800000001},null,-43.588139999999839,-2.1506765209846963E-2]
[null,"Sub-Total C - Delivery (including Sub-Total B)",null,null,null,null,null,{"$f":"SUM(H44:H46)","v":22468.22437},null,null,null,{"$f":"SUM(L44:L46)","v":24703.391879999999},null,2235.1675099999993,9.9481270668831195E-2]
[null,"Wholesale Market Service Charge (WMSC)",null,"per kWh",null,5.1999999999999998E-3,{"$f":"F16","v":600000},{"$f":"G48*F48","v":3120},null,{"$f":"F48","v":5.1999999999999998E-3},{"$f":"J16","v":0},{"$f":"K48*J48","v":0},null,-3120,-1]
[null,"Rural and Remote Rate Protection (RRRP)",null,"per kWh",null,1.1000000000000001E-3,{"$f":"F16","v":600000},660,null,{"$f":"F49","v":1.1000000000000001E-3},{"$f":"J16","v":0},0,null,-660,-1]
[null,"Standard Supply Service Charge",null,"Monthly",null,0.25,1,0.25,null,{"$f":"F50","v":0.25},1,0.25,null,0,0]
[null,"Debt Retirement Charge (DRC)",null,"per kWh",null,{"$f":"0.0067","v":6.7000000000000002E-3},{"$f":"F16","v":600000},4020,null,{"$f":"F51","v":6.7000000000000002E-3},{"$f":"J16","v":0},0,null,-4020,-1]
[null,"Energy - RPP - Tier 1",null,null,null,7.4999999999999997E-2,{"$f":"IF($T$1=1,IF($F$16>=600,600,IF($F$16<600,$F$16*(1+$F$71),$F$16-600)),IF($T$1=2,IF($F$16>=1000,1000,IF($F$16<1000,$F$16*(1+$F$71),$F$16-1000))))","v":1000},{"$f":"G52*F52","v":75},null,7.3999999999999996E-2,{"$f":"IF($T$1=1,IF($F$16>=600,600,IF($F$16<600,$F$16*(1+$F$71),$F$16-600)),IF($T$1=2,IF($F$16>=1000,1000,IF($F$16<1000,$F$16*(1+$F$71),$F$16-1000))))","v":1000},{"$f":"K52*J52","v":74},null,-1,-1.3333333333333334E-2]
[null,"Energy - RPP - Tier 2",null,null,null,8.7999999999999995E-2,{"$f":"IF($T$1=1,IF($F$16>=600,$F$16*(1+$F$71)-600,IF($F$16<600,0,)), IF($T$1=2,IF($F$16>=1000,$F$16*(1+$F$71)-1000,IF($F$16<1000,0))))","v":628220},{"$f":"G53*F53","v":55283.359999999993},null,8.6999999999999994E-2,{"$f":"IF($T$1=1,IF($F$16>=600,$F$16*(1+$F$71)-600,IF($F$16<600,0,)), IF($T$1=2,IF($F$16>=1000,$F$16*(1+$F$71)-1000,IF($F$16<1000,0))))","v":628220},{"$f":"K53*J53","v":54655.14},null,-628.21999999999389,-1.1363636363636255E-2]
[null,"TOU - Off Peak",null,null,null,6.5000000000000002E-2,{"$f":"0.64*$F$16*(1+$F$71)","v":402700.79999999999},26175.552,null,6.3E-2,{"$f":"0.64*$F$16*(1+$F$71)","v":402700.79999999999},25370.150399999999,null,-805.40160000000105,-3.0769230769230809E-2]
[null,"TOU - Mid Peak",null,null,null,0.1,{"$f":"0.18*$F$16*(1+$F$71)","v":113259.59999999999},11325.96,null,9.9000000000000005E-2,{"$f":"0.18*$F$16*(1+$F$71)","v":113259.59999999999},11212.7004,null,-113.25959999999941,-9.9999999999999482E-3]
[null,"TOU - On Peak",null,null,null,0.11700000000000001,{"$f":"0.18*$F$16*(1+$F$71)","v":113259.59999999999},13251.3732,null,0.11799999999999999,{"$f":"0.18*$F$16*(1+$F$71)","v":113259.59999999999},13364.632799999998,null,113.25959999999759,8.5470085470083657E-3]
[]
[null,"Total Bill on RPP (before Taxes)",null,null,null,null,null,{"$f":"SUM(H47:H53)","v":85626.834369999997},null,null,null,{"$f":"SUM(L47:L53)","v":79432.781879999995},null,-6194.0524900000019,-7.2337749440029922E-2]
[null,"HST",null,null,null,0.13,null,{"$f":"H58*F59","v":11131.4884681},null,0.13,null,{"$f":"L58*J59","v":10326.2616444},null,-805.22682370000075,-7.2337749440029964E-2]
[null,"Total Bill (including HST)",null,null,null,null,null,{"$f":"H58+H59","v":96758.322838099994},null,null,null,{"$f":"L58+L59","v":89759.043524399996},null,-6999.2793136999971,-7.2337749440029867E-2]
[null,"Ontario Clean Energy Benefit 1",null,null,null,null,null,{"$f":"ROUND(-H60*10%,2)","v":-9675.83},null,null,null,{"$f":"ROUND(-L60*10%,2)","v":-8975.9},null,699.93000000000029,-7.2337980307632554E-2]
[null,"Total Bill on RPP (including OCEB)",null,null,null,null,null,{"$f":"SUM(H60:H61)","v":87082.492838099992},null,null,null,{"$f":"SUM(L60:L61)","v":80783.143524400002},null,-6299.3493136999896,-7.2337723788080663E-2]
[]
[null,"Total Bill on TOU (before Taxes)",null,null,null,null,null,{"$f":"SUM(H47:H51,H54:H56)","v":81021.359570000001},null,null,null,{"$f":"SUM(L47:L51,L54:L56)","v":74651.125479999988},null,{"$f":"L64-H64","v":-6370.2340900000127},{"$f":"IF((H64)=0,\"\",(N64/H64))","v":-7.8624132251154374E-2}]
[null,"HST",null,null,null,0.13,null,{"$f":"H64*F65","v":10532.7767441},null,0.13,null,{"$f":"L64*J65","v":9704.6463123999984},null,-828.13043170000128,-7.8624132251154347E-2]
[null,"Total Bill (including HST)",null,null,null,null,null,{"$f":"H64+H65","v":91554.136314100004},null,null,null,{"$f":"L64+L65","v":84355.771792399988},null,-7198.3645217000158,-7.8624132251154388E-2]
[null,"Ontario Clean Energy Benefit 1",null,null,null,null,null,{"$f":"ROUND(-H66*10%,2)","v":-9155.41},null,null,null,{"$f":"ROUND(-L66*10%,2)","v":-8435.58},null,719.82999999999993,-7.8623458698190457E-2]
[null,"Total Bill on TOU (including OCEB)",null,null,null,null,null,{"$f":"H66+H67","v":82398.7263141},null,null,null,{"$f":"L66+L67","v":75920.191792399986},null,-6478.534521700014,-7.8624207090339612E-2]
[]
[]
[null,"Loss Factor (%)",null,null,null,4.87E-2,null,null,null,5.4800000000000001E-2]
[]
["1 Applicable to eligible customers only.  Refer to the Ontario Clean Energy Benefit Act, 2010."]
[]
["Note that the \"Charge $\" columns provide breakdowns of the amounts that each bill component contributes to the total monthly bill at the referenced "]
["consumption level at existing and proposed rates."]
[]
["Applicants must provide bill impacts for residential at 800 kWh and GS<50kW at 2000 kWh. In addition, their filing should cover the range that is relevant"]
["to their service territory, class by class. A general guideline of consumption levels follows:"]
[]
["Residential (kWh) - 100, 250, 500, 800, 1000, 1500, 2000"]
["GS<50kW (kWh) - 1000, 2000, 5000, 10000, 15000"]
["GS>50kW (kW) - 60, 100, 500, 1000"]
["Large User - range appropriate for utility"]
["Lighting Classes and USL - 150 kWh and 1 kW, range appropriate for utility."]

{"sheet":"App.2-W_Bill Impacts_SentLght","index":39,"n_rows":85,"n_cols":20,"rows_kept":85,"cut":false,"hidden":false,"merged":[[67,1,67,3],[18,3,19,3],[18,13,19,13],[18,14,19,14],[60,1,60,3],[61,1,61,3],[66,1,66,3],[2,0,2,10],[9,1,9,14],[10,1,10,14],[13,3,13,14],[17,5,17,7],[17,9,17,11],[17,13,17,14]]}
[null,null,null,null,null,null,null,null,null,null,null,null,null,"File Number:",{"$f":"'LDC Info'!$E$18","v":"EB-2012-0160"},null,null,null,null,2]
[null,null,null,null,null,null,null,null,null,null,null,null,null,"Exhibit:",8]
[null,null,null,null,null,null,null,null,null,null,null,null,null,"Tab:","Appendix M"]
[null,null,null,null,null,null,null,null,null,null,null,null,null,"Schedule:"]
[null,null,null,null,null,null,null,null,null,null,null,null,null,"Page:"]
[]
[null,null,null,null,null,null,null,null,null,null,null,null,null,"Date:"]
[]
[]
[null,"Appendix 2-W"]
[null,"Bill Impacts"]
[]
[]
[null,"Customer Class:",null,"Sentinel Lighting"]
[]
[null,null,null,"Consumption",null,150," kWh"]
[null,null,null,null,null,1," kW"]
[null,null,null,null,null,"Current Board-Approved",null,null,null,"Proposed",null,null,null,"Impact"]
[null,null,null,"Charge Unit",null,"Rate","Volume","Charge",null,"Rate","Volume","Charge",null,"$ Change","% Change"]
[null,null,null,null,null,"($)",null,"($)",null,"($)",null,"($)"]
[null,"Monthly Service Charge",null,"Monthly",null,3.73,1,{"$f":"G21*F21","v":3.73},null,2.33,1,{"$f":"K21*J21","v":2.33},null,{"$f":"L21-H21","v":-1.4},{"$f":"IF((H21)=0,\"\",(N21/H21))","v":-0.37533512064343161}]
[null,"Smart Meter Rate Adder",null,"Monthly",null,null,1,{"$f":"G22*F22","v":0},null,null,1,{"$f":"K22*J22","v":0},null,{"$f":"L22-H22","v":0},{"$f":"IF((H22)=0,\"\",(N22/H22))","v":""}]
[null,null,null,null,null,null,1,0,null,null,1,{"$f":"K23*J23","v":0},null,{"$f":"L23-H23","v":0},{"$f":"IF((H23)=0,\"\",(N23/H23))","v":""}]
[null,null,null,null,null,null,1,0,null,null,1,0,null,0,""]
[null,null,null,null,null,null,1,0,null,null,1,0,null,0,""]
[null,null,null,null,null,null,1,0,null,null,1,0,null,0,""]
[null,"Distribution Volumetric Rate",null,"per kW",null,17.829999999999998,{"$f":"$F$17","v":1},17.829999999999998,null,11.155200000000001,{"$f":"$F$17","v":1},11.155200000000001,null,-6.6747999999999976,-0.3743578238923162]
[null,"Smart Meter Disposition Rider",null,"Monthly",null,null,1,0,null,{"$f":"F28","v":0},1,0,null,0,""]
[null,"LRAM & SSM Rate Rider",null,"per kW",null,null,{"$f":"$F$17","v":1},0,null,null,{"$f":"$F$17","v":1},0,null,0,""]
[null,null,null,null,null,null,{"$f":"$F$16","v":150},0,null,null,{"$f":"$F$16","v":150},0,null,0,""]
[null,null,null,null,null,null,150,0,null,null,150,0,null,0,""]
[null,null,null,null,null,null,150,0,null,null,150,0,null,0,""]
[null,null,null,null,null,null,150,0,null,null,150,0,null,0,""]
[null,null,null,null,null,null,150,0,null,null,150,0,null,0,""]
[null,null,null,null,null,null,150,0,null,null,150,0,null,0,""]
[null,null,null,null,null,null,150,0,null,null,150,0,null,0,""]
[null,"Sub-Total A",null,null,null,null,null,{"$f":"SUM(H21:H36)","v":21.56},null,null,null,{"$f":"SUM(L21:L36)","v":13.485200000000001},null,-8.074799999999998,-0.37452690166975872]
[null,"Deferral/Variance Account Disposition Rate Rider",null,"per kW",null,-0.55020000000000002,{"$f":"$F$17","v":1},{"$f":"G38*F38","v":-0.55020000000000002},null,-0.49740000000000001,{"$f":"$F$17","v":1},{"$f":"K38*J38","v":-0.49740000000000001},null,{"$f":"L38-H38","v":5.2800000000000014E-2},{"$f":"IF((H38)=0,\"\",(N38/H38))","v":-9.5965103598691412E-2}]
[null,"Tax Change Rate Rider",null,"per kW",null,-0.52029999999999998,{"$f":"$F$17","v":1},{"$f":"G39*F39","v":-0.52029999999999998},null,null,{"$f":"$F$17","v":1},{"$f":"K39*J39","v":0},null,{"$f":"L39-H39","v":0.52029999999999998},{"$f":"IF((H39)=0,\"\",(N39/H39))","v":-1}]
[null,"Global Adj Disposition Rider",null,"per kW",null,-0.55920000000000003,1,-0.55920000000000003,null,null,1,0,null,0.55920000000000003,-1]
[null,"Stranded Meter Rate Rider",null,"Monthly",null,null,1,0,null,null,1,0,null,0,""]
[null,"Low Voltage Service Charge",null,"per kW",null,0.1532,{"$f":"$F$17","v":1},{"$f":"G42*F42","v":0.1532},null,0.253,{"$f":"$F$17","v":1},{"$f":"K42*J42","v":0.253},null,{"$f":"L42-H42","v":9.98E-2},{"$f":"IF((H42)=0,\"\",(N42/H42))","v":0.65143603133159267}]
[null,"Smart Meter Entity Charge",null,"Monthly",null,null,null,null,null,null,1,{"$f":"K43*J43","v":0},null,{"$f":"L43-H43","v":0}]
[null,"Sub-Total B - Distribution (includes Sub-Total A)",null,null,null,null,null,{"$f":"SUM(H38:H42)+H37","v":20.083499999999997},null,null,null,{"$f":"SUM(L38:L42)+L37","v":13.2408},null,{"$f":"L44-H44","v":-6.8426999999999971},{"$f":"IF((H44)=0,\"\",(N44/H44))","v":-0.34071252520725959}]
[null,"RTSR - Network",null,"per kW",null,1.8487,{"$f":"$F$17*(1+F$71)","v":1.0487},{"$f":"G45*F45","v":1.93873169},null,1.7549999999999999,{"$f":"$F$17*(1+J$71)","v":1.0548},{"$f":"K45*J45","v":1.8511739999999999},null,-8.7557690000000132E-2,-4.5162355601666641E-2]
[null,"RTSR - Line and Transformation Connection",null,"per kW",null,1.3190999999999999,{"$f":"$F$17*(1+F$71)","v":1.0487},{"$f":"G46*F46","v":1.3833401699999999},null,1.2833000000000001,{"$f":"$F$17*(1+J$71)","v":1.0548},{"$f":"K46*J46","v":1.3536248400000002},null,-2.9715329999999707E-2,-2.1480855283772832E-2]
[null,"Sub-Total C - Delivery (including Sub-Total B)",null,null,null,null,null,{"$f":"SUM(H44:H46)","v":23.405571859999998},null,null,null,{"$f":"SUM(L44:L46)","v":16.445598840000002},null,-6.9599730199999961,-0.29736393802428535]
[null,"Wholesale Market Service Charge (WMSC)",null,"per kWh",null,5.1999999999999998E-3,{"$f":"F16","v":150},{"$f":"G48*F48","v":0.77999999999999992},null,{"$f":"F48","v":5.1999999999999998E-3},{"$f":"J16","v":0},{"$f":"K48*J48","v":0},null,-0.77999999999999992,-1]
[null,"Rural and Remote Rate Protection (RRRP)",null,"per kWh",null,1.1000000000000001E-3,{"$f":"F16","v":150},0.16500000000000001,null,{"$f":"F49","v":1.1000000000000001E-3},{"$f":"J16","v":0},0,null,-0.16500000000000001,-1]
[null,"Standard Supply Service Charge",null,"Monthly",null,0.25,1,0.25,null,{"$f":"F50","v":0.25},1,0.25,null,0,0]
[null,"Debt Retirement Charge (DRC)",null,"per kWh",null,{"$f":"0.0067","v":6.7000000000000002E-3},{"$f":"F16","v":150},1.0050000000000001,null,{"$f":"F51","v":6.7000000000000002E-3},{"$f":"J16","v":0},0,null,-1.0050000000000001,-1]
[null,"Energy - RPP - Tier 1",null,null,null,7.4999999999999997E-2,{"$f":"IF($T$1=1,IF($F$16>=600,600,IF($F$16<600,$F$16*(1+$F$71),$F$16-600)),IF($T$1=2,IF($F$16>=1000,1000,IF($F$16<1000,$F$16*(1+$F$71),$F$16-1000))))","v":157.30500000000001},{"$f":"G52*F52","v":11.797874999999999},null,7.3999999999999996E-2,{"$f":"IF($T$1=1,IF($F$16>=600,600,IF($F$16<600,$F$16*(1+$F$71),$F$16-600)),IF($T$1=2,IF($F$16>=1000,1000,IF($F$16<1000,$F$16*(1+$F$71),$F$16-1000))))","v":157.30500000000001},{"$f":"K52*J52","v":11.64057},null,-0.15730499999999914,-1.3333333333333261E-2]
[null,"Energy - RPP - Tier 2",null,null,null,8.7999999999999995E-2,{"$f":"IF($T$1=1,IF($F$16>=600,$F$16*(1+$F$71)-600,IF($F$16<600,0,)), IF($T$1=2,IF($F$16>=1000,$F$16*(1+$F$71)-1000,IF($F$16<1000,0))))","v":0},{"$f":"G53*F53","v":0},null,8.6999999999999994E-2,{"$f":"IF($T$1=1,IF($F$16>=600,$F$16*(1+$F$71)-600,IF($F$16<600,0,)), IF($T$1=2,IF($F$16>=1000,$F$16*(1+$F$71)-1000,IF($F$16<1000,0))))","v":0},{"$f":"K53*J53","v":0},null,0,""]
[null,"TOU - Off Peak",null,null,null,6.5000000000000002E-2,{"$f":"0.64*$F$16*(1+$F$71)","v":100.67519999999999},6.5438879999999999,null,6.3E-2,{"$f":"0.64*$F$16*(1+$F$71)","v":100.67519999999999},6.3425375999999991,null,-0.20135040000000082,-3.0769230769230896E-2]
[null,"TOU - Mid Peak",null,null,null,0.1,{"$f":"0.18*$F$16*(1+$F$71)","v":28.314899999999998},2.8314900000000001,null,9.9000000000000005E-2,{"$f":"0.18*$F$16*(1+$F$71)","v":28.314899999999998},2.8031750999999998,null,-2.8314900000000254E-2,-1.0000000000000089E-2]
[null,"TOU - On Peak",null,null,null,0.11700000000000001,{"$f":"0.18*$F$16*(1+$F$71)","v":28.314899999999998},3.3128432999999999,null,0.11799999999999999,{"$f":"0.18*$F$16*(1+$F$71)","v":28.314899999999998},3.3411581999999997,null,2.831489999999981E-2,8.5470085470084889E-3]
[]
[null,"Total Bill on RPP (before Taxes)",null,null,null,null,null,{"$f":"SUM(H47:H53)","v":37.403446859999995},null,null,null,{"$f":"SUM(L47:L53)","v":28.336168840000003},null,-9.0672780199999927,-0.2424182470117941]
[null,"HST",null,null,null,0.13,null,{"$f":"H58*F59","v":4.8624480917999993},null,0.13,null,{"$f":"L58*J59","v":3.6837019492000005},null,-1.1787461425999988,-0.24241824701179404]
[null,"Total Bill (including HST)",null,null,null,null,null,{"$f":"H58+H59","v":42.265894951799993},null,null,null,{"$f":"L58+L59","v":32.019870789200006},null,-10.246024162599987,-0.24241824701179399]
[null,"Ontario Clean Energy Benefit 1",null,null,null,null,null,{"$f":"ROUND(-H60*10%,2)","v":-4.2300000000000004},null,null,null,{"$f":"ROUND(-L60*10%,2)","v":-3.2},null,1.0300000000000002,-0.24349881796690312]
[null,"Total Bill on RPP (including OCEB)",null,null,null,null,null,{"$f":"SUM(H60:H61)","v":38.035894951799989},null,null,null,{"$f":"SUM(L60:L61)","v":28.819870789200007},null,-9.2160241625999824,-0.24229807591693983]
[]
[null,"Total Bill on TOU (before Taxes)",null,null,null,null,null,{"$f":"SUM(H47:H51,H54:H56)","v":38.29379316},null,null,null,{"$f":"SUM(L47:L51,L54:L56)","v":29.182469740000002},null,{"$f":"L64-H64","v":-9.111323419999998},{"$f":"IF((H64)=0,\"\",(N64/H64))","v":-0.23793212079907725}]
[null,"HST",null,null,null,0.13,null,{"$f":"H64*F65","v":4.9781931108000004},null,0.13,null,{"$f":"L64*J65","v":3.7937210662000003},null,-1.1844720446000001,-0.2379321207990773]
[null,"Total Bill (including HST)",null,null,null,null,null,{"$f":"H64+H65","v":43.271986270799999},null,null,null,{"$f":"L64+L65","v":32.976190806200002},null,-10.295795464599998,-0.23793212079907725]
[null,"Ontario Clean Energy Benefit 1",null,null,null,null,null,{"$f":"ROUND(-H66*10%,2)","v":-4.33},null,null,null,{"$f":"ROUND(-L66*10%,2)","v":-3.3},null,1.0300000000000002,-0.23787528868360283]
[null,"Total Bill on TOU (including OCEB)",null,null,null,null,null,{"$f":"H66+H67","v":38.941986270800001},null,null,null,{"$f":"L66+L67","v":29.676190806200001},null,-9.2657954646,-0.23793844002117073]
[]
[]
[null,"Loss Factor (%)",null,null,null,4.87E-2,null,null,null,5.4800000000000001E-2]
[]
["1 Applicable to eligible customers only.  Refer to the Ontario Clean Energy Benefit Act, 2010."]
[]
["Note that the \"Charge $\" columns provide breakdowns of the amounts that each bill component contributes to the total monthly bill at the referenced "]
["consumption level at existing and proposed rates."]
[]
["Applicants must provide bill impacts for residential at 800 kWh and GS<50kW at 2000 kWh. In addition, their filing should cover the range that is relevant"]
["to their service territory, class by class. A general guideline of consumption levels follows:"]
[]
["Residential (kWh) - 100, 250, 500, 800, 1000, 1500, 2000"]
["GS<50kW (kWh) - 1000, 2000, 5000, 10000, 15000"]
["GS>50kW (kW) - 60, 100, 500, 1000"]
["Large User - range appropriate for utility"]
["Lighting Classes and USL - 150 kWh and 1 kW, range appropriate for utility."]

{"sheet":"App.2-W_Bill Impacts_USL","index":40,"n_rows":85,"n_cols":20,"rows_kept":85,"cut":false,"hidden":false,"merged":[[67,1,67,3],[18,3,19,3],[18,13,19,13],[18,14,19,14],[60,1,60,3],[61,1,61,3],[66,1,66,3],[2,0,2,10],[9,1,9,14],[10,1,10,14],[13,3,13,14],[17,5,17,7],[17,9,17,11],[17,13,17,14]]}
[null,null,null,null,null,null,null,null,null,null,null,null,null,"File Number:",{"$f":"'LDC Info'!$E$18","v":"EB-2012-0160"},null,null,null,null,2]
[null,null,null,null,null,null,null,null,null,null,null,null,null,"Exhibit:",8]
[null,null,null,null,null,null,null,null,null,null,null,null,null,"Tab:","Appendix M"]
[null,null,null,null,null,null,null,null,null,null,null,null,null,"Schedule:"]
[null,null,null,null,null,null,null,null,null,null,null,null,null,"Page:"]
[]
[null,null,null,null,null,null,null,null,null,null,null,null,null,"Date:"]
[]
[]
[null,"Appendix 2-W"]
[null,"Bill Impacts"]
[]
[]
[null,"Customer Class:",null,"Unmetered Scattered Load"]
[]
[null,null,null,"Consumption",null,35000," kWh"]
[]
[null,null,null,null,null,"Current Board-Approved",null,null,null,"Proposed",null,null,null,"Impact"]
[null,null,null,"Charge Unit",null,"Rate","Volume","Charge",null,"Rate","Volume","Charge",null,"$ Change","% Change"]
[null,null,null,null,null,"($)",null,"($)",null,"($)",null,"($)"]
[null,"Monthly Service Charge",null,"Monthly",null,11.1,1,{"$f":"G21*F21","v":11.1},null,2.15,1,{"$f":"K21*J21","v":2.15},null,{"$f":"L21-H21","v":-8.9499999999999993},{"$f":"IF((H21)=0,\"\",(N21/H21))","v":-0.80630630630630629}]
[null,"Smart Meter Rate Adder",null,"Monthly",null,null,1,{"$f":"G22*F22","v":0},null,null,1,{"$f":"K22*J22","v":0},null,{"$f":"L22-H22","v":0},{"$f":"IF((H22)=0,\"\",(N22/H22))","v":""}]
[null,null,null,null,null,null,1,0,null,null,1,{"$f":"K23*J23","v":0},null,{"$f":"L23-H23","v":0},{"$f":"IF((H23)=0,\"\",(N23/H23))","v":""}]
[null,null,null,null,null,null,1,0,null,null,1,0,null,0,""]
[null,null,null,null,null,null,1,0,null,null,1,0,null,0,""]
[null,null,null,null,null,null,1,0,null,null,1,0,null,0,""]
[null,"Distribution Volumetric Rate",null,"per kWh",null,0.1464,{"$f":"$F$16","v":35000},5124,null,2.8299999999999999E-2,{"$f":"$F$16","v":35000},990.5,null,-4133.5,-0.80669398907103829]
[null,"Smart Meter Disposition Rider",null,"Monthly",null,null,1,0,null,{"$f":"F28","v":0},1,0,null,0,""]
[null,"LRAM & SSM Rate Rider",null,"per kWh",null,null,{"$f":"$F$16","v":35000},0,null,null,{"$f":"$F$16","v":35000},0,null,0,""]
[null,null,null,null,null,null,{"$f":"$F$16","v":35000},0,null,null,35000,0,null,0,""]
[null,null,null,null,null,null,35000,0,null,null,35000,0,null,0,""]
[null,null,null,null,null,null,35000,0,null,null,35000,0,null,0,""]
[null,null,null,null,null,null,35000,0,null,null,35000,0,null,0,""]
[null,null,null,null,null,null,35000,0,null,null,35000,0,null,0,""]
[null,null,null,null,null,null,35000,0,null,null,35000,0,null,0,""]
[null,null,null,null,null,null,35000,0,null,null,35000,0,null,0,""]
[null,"Sub-Total A",null,null,null,null,null,{"$f":"SUM(H21:H36)","v":5135.1000000000004},null,null,null,{"$f":"SUM(L21:L36)","v":992.65},null,-4142.4500000000007,-0.80669315105840211]
[null,"Deferral/Variance Account Disposition Rate Rider",null,"per kWh",null,-1.5E-3,{"$f":"$F$16","v":35000},{"$f":"G38*F38","v":-52.5},null,-1.4E-3,{"$f":"$F$16","v":35000},{"$f":"K38*J38","v":-49},null,{"$f":"L38-H38","v":3.5},{"$f":"IF((H38)=0,\"\",(N38/H38))","v":-6.6666666666666666E-2}]
[null,"Tax Change Rate Rider",null,"per kWh",null,-3.3E-3,{"$f":"$F$16","v":35000},{"$f":"G39*F39","v":-115.5},null,null,{"$f":"$F$16","v":35000},{"$f":"K39*J39","v":0},null,{"$f":"L39-H39","v":115.5},{"$f":"IF((H39)=0,\"\",(N39/H39))","v":-1}]
[null,"Global Adj Disposition Rider",null,"per kWh",null,-1.5E-3,35000,-52.5,null,null,35000,0,null,52.5,-1]
[null,"Stranded Meter Rate Rider",null,"Monthly",null,null,1,0,null,null,1,0,null,0,""]
[null,"Low Voltage Service Charge",null,"per kWh",null,5.0000000000000001E-4,35000,{"$f":"G42*F42","v":17.5},null,8.0000000000000004E-4,35000,{"$f":"K42*J42","v":28},null,{"$f":"L42-H42","v":10.5},{"$f":"IF((H42)=0,\"\",(N42/H42))","v":0.6}]
[null,"Smart Meter Entity Charge",null,"Monthly",null,null,null,null,null,null,1,{"$f":"K43*J43","v":0},null,{"$f":"L43-H43","v":0}]
[null,"Sub-Total B - Distribution (includes Sub-Total A)",null,null,null,null,null,{"$f":"SUM(H38:H42)+H37","v":4932.1000000000004},null,null,null,{"$f":"SUM(L38:L42)+L37","v":971.65},null,{"$f":"L44-H44","v":-3960.4500000000003},{"$f":"IF((H44)=0,\"\",(N44/H44))","v":-0.80299466758581539}]
[null,"RTSR - Network",null,"per kWh",null,6.0000000000000001E-3,{"$f":"F16*(1+F71)","v":36704.5},{"$f":"G45*F45","v":220.227},null,5.7000000000000002E-3,{"$f":"F16*(1+J71)","v":36918},{"$f":"K45*J45","v":210.43260000000001},null,-9.794399999999996,-4.4474110803852371E-2]
[null,"RTSR - Line and Transformation Connection",null,"per kWh",null,4.3E-3,{"$f":"G45","v":36704.5},{"$f":"G46*F46","v":157.82935000000001},null,4.1999999999999997E-3,{"$f":"K45","v":36918},{"$f":"K46*J46","v":155.0556},null,-2.7737500000000068,-1.7574361169199561E-2]
[null,"Sub-Total C - Delivery (including Sub-Total B)",null,null,null,null,null,{"$f":"SUM(H44:H46)","v":5310.1563500000002},null,null,null,{"$f":"SUM(L44:L46)","v":1337.1381999999999},null,-3973.0181500000003,-0.7481923107593621]
[null,"Wholesale Market Service Charge (WMSC)",null,"per kWh",null,5.1999999999999998E-3,{"$f":"G46","v":36704.5},{"$f":"G48*F48","v":190.86339999999998},null,{"$f":"F48","v":5.1999999999999998E-3},{"$f":"K46","v":36918},{"$f":"K48*J48","v":191.9736},null,1.1102000000000203,5.8167254696291715E-3]
[null,"Rural and Remote Rate Protection (RRRP)",null,"per kWh",null,1.1000000000000001E-3,{"$f":"G46","v":36704.5},40.374950000000005,null,{"$f":"F49","v":1.1000000000000001E-3},{"$f":"K46","v":36918},40.6098,null,0.23484999999999445,5.816725469628926E-3]
[null,"Standard Supply Service Charge",null,"Monthly",null,0.25,1,0.25,null,{"$f":"F50","v":0.25},1,0.25,null,0,0]
[null,"Debt Retirement Charge (DRC)",null,"per kWh",null,{"$f":"0.0067","v":6.7000000000000002E-3},{"$f":"G49","v":36704.5},245.92015000000001,null,{"$f":"F51","v":6.7000000000000002E-3},{"$f":"K49","v":36918},247.35060000000001,null,1.4304500000000075,5.8167254696290952E-3]
[null,"Energy - RPP - Tier 1",null,null,null,7.4999999999999997E-2,{"$f":"IF($T$1=1,IF($F$16>=600,600,IF($F$16<600,$F$16*(1+$F$71),$F$16-600)),IF($T$1=2,IF($F$16>=1000,1000,IF($F$16<1000,$F$16*(1+$F$71),$F$16-1000))))","v":1000},{"$f":"G52*F52","v":75},null,7.3999999999999996E-2,{"$f":"IF($T$1=1,IF($F$16>=600,600,IF($F$16<600,$F$16*(1+$J$71),$F$16-600)),IF($T$1=2,IF($F$16>=1000,1000,IF($F$16<1000,$F$16*(1+$J$71),$F$16-1000))))","v":1000},{"$f":"K52*J52","v":74},null,-1,-1.3333333333333334E-2]
[null,"Energy - RPP - Tier 2",null,null,null,8.7999999999999995E-2,{"$f":"IF($T$1=1,IF($F$16>=600,$F$16*(1+$F$71)-600,IF($F$16<600,0,)), IF($T$1=2,IF($F$16>=1000,$F$16*(1+$F$71)-1000,IF($F$16<1000,0))))","v":35704.5},{"$f":"G53*F53","v":3141.9959999999996},null,8.6999999999999994E-2,{"$f":"IF($T$1=1,IF($F$16>=600,$F$16*(1+$J$71)-600,IF($F$16<600,0,)), IF($T$1=2,IF($F$16>=1000,$F$16*(1+$J$71)-1000,IF($F$16<1000,0))))","v":35918},{"$f":"K53*J53","v":3124.866},null,-17.129999999999654,-5.4519483793103668E-3]
[null,"TOU - Off Peak",null,null,null,6.5000000000000002E-2,{"$f":"0.64*$F$16*(1+$F$71)","v":23490.880000000001},1526.9072000000001,null,6.3E-2,{"$f":"0.64*$F$16*(1+$J$71)","v":23627.52},1488.53376,null,-38.373440000000073,-2.513148146789803E-2]
[null,"TOU - Mid Peak",null,null,null,0.1,{"$f":"0.18*$F$16*(1+$F$71)","v":6606.8099999999995},660.68100000000004,null,9.9000000000000005E-2,{"$f":"0.18*$F$16*(1+$J$71)","v":6645.24},657.87876000000006,null,-2.8022399999999834,-4.2414417850672008E-3]
[null,"TOU - On Peak",null,null,null,0.11700000000000001,{"$f":"0.18*$F$16*(1+$F$71)","v":6606.8099999999995},772.99676999999997,null,0.11799999999999999,{"$f":"0.18*$F$16*(1+$J$71)","v":6645.24},784.13831999999991,null,11.141549999999938,1.4413449618942054E-2]
[]
[null,"Total Bill on RPP (before Taxes)",null,null,null,null,null,{"$f":"SUM(H47:H53)","v":9004.5608499999998},null,null,null,{"$f":"SUM(L47:L53)","v":5016.1881999999996},null,-3988.3726500000002,-0.44292805795187673]
[null,"HST",null,null,null,0.13,null,{"$f":"H58*F59","v":1170.5929105},null,0.13,null,{"$f":"L58*J59","v":652.104466},null,-518.48844450000001,-0.44292805795187667]
[null,"Total Bill (including HST)",null,null,null,null,null,{"$f":"H58+H59","v":10175.153760499999},null,null,null,{"$f":"L58+L59","v":5668.2926659999994},null,-4506.8610945,-0.44292805795187673]
[null,"Ontario Clean Energy Benefit 1",null,null,null,null,null,{"$f":"ROUND(-H60*10%,2)","v":-1017.52},null,null,null,{"$f":"ROUND(-L60*10%,2)","v":-566.83000000000004},null,450.68999999999994,-0.44292986870036949]
[null,"Total Bill on RPP (including OCEB)",null,null,null,null,null,{"$f":"SUM(H60:H61)","v":9157.633760499999},null,null,null,{"$f":"SUM(L60:L61)","v":5101.4626659999994},null,-4056.1710944999995,-0.4429278567565838]
[]
[null,"Total Bill on TOU (before Taxes)",null,null,null,null,null,{"$f":"SUM(H47:H51,H54:H56)","v":8748.1498200000005},null,null,null,{"$f":"SUM(L47:L51,L54:L56)","v":4747.8730399999995},null,{"$f":"L64-H64","v":-4000.2767800000011},{"$f":"IF((H64)=0,\"\",(N64/H64))","v":-0.45727117874165546}]
[null,"HST",null,null,null,0.13,null,{"$f":"H64*F65","v":1137.2594766000002},null,0.13,null,{"$f":"L64*J65","v":617.2234952},null,-520.0359814000002,-0.45727117874165546]
[null,"Total Bill (including HST)",null,null,null,null,null,{"$f":"H64+H65","v":9885.4092966000007},null,null,null,{"$f":"L64+L65","v":5365.0965351999994},null,-4520.3127614000014,-0.45727117874165546]
[null,"Ontario Clean Energy Benefit 1",null,null,null,null,null,{"$f":"ROUND(-H66*10%,2)","v":-988.54},null,null,null,{"$f":"ROUND(-L66*10%,2)","v":-536.51},null,452.03,-0.45727031784247474]
[null,"Total Bill on TOU (including OCEB)",null,null,null,null,null,{"$f":"H66+H67","v":8896.8692966000017},null,null,null,{"$f":"L66+L67","v":4828.5865351999992},null,-4068.2827614000025,-0.45727127439702009]
[]
[]
[null,"Loss Factor (%)",null,null,null,4.87E-2,null,null,null,5.4800000000000001E-2]
[]
["1 Applicable to eligible customers only.  Refer to the Ontario Clean Energy Benefit Act, 2010."]
[]
["Note that the \"Charge $\" columns provide breakdowns of the amounts that each bill component contributes to the total monthly bill at the referenced "]
["consumption level at existing and proposed rates."]
[]
["Applicants must provide bill impacts for residential at 800 kWh and GS<50kW at 2000 kWh. In addition, their filing should cover the range that is relevant"]
["to their service territory, class by class. A general guideline of consumption levels follows:"]
[]
["Residential (kWh) - 100, 250, 500, 800, 1000, 1500, 2000"]
["GS<50kW (kWh) - 1000, 2000, 5000, 10000, 15000"]
["GS>50kW (kW) - 60, 100, 500, 1000"]
["Large User - range appropriate for utility"]
["Lighting Classes and USL - 150 kWh and 1 kW, range appropriate for utility."]

{"sheet":"App.2-X_CoS_Flowchart","index":41,"n_rows":16,"n_cols":7,"rows_kept":16,"cut":false,"hidden":false,"merged":[[15,1,15,6],[12,1,12,6],[13,1,13,6]]}
[null,null,null,null,null,"File Number:",{"$f":"'LDC Info'!$E$18","v":"EB-2012-0160"}]
[null,null,null,null,null,"Exhibit:"]
[null,null,null,null,null,"Tab:"]
[null,null,null,null,null,"Schedule:"]
[null,null,null,null,null,"Page:"]
[]
[null,null,null,null,null,"Date:"]
[]
[]
[]
[]
[]
[null,"Appendix 2-X"]
[null,"Cost of Service Rate Application Schematic"]
[]
[null,"The Cost of Service Rate Application Schematic is a flowchart appended to Chapter 2 of the Filing Requirements as a guide for the components of an application and how demand and costs interrelate to derive the revenue requirement and then how the revenue requirement is allocated between classes and through fixed/variable splits to derive rates that will be compensatory for the annual revenue requirement, based on the the forecasted demand.  There is no form to be filled out; therefore, this Schedule is not required to be filed. "]