{"text_format":"1","workbook":"xlsx","n_sheets":60,"sheets":["LDC Info","Index","App.2-A_Capital Projects","App.2-A_to Ass Plan","App.2-B_FA Cont 2009 CGAAP","App.2-B_FA Cont 2010 CGAAP ","App.2-B_FA Cont 2011 CGAAP  ","App.2-B_FA Cont 2012 CGAAP  ","App.2-B_FA Cont 2012 MIFRS","App.2-B_FA Cont 2013 MIFRS ","App.2-CE_CGAAP_DepExp_2011","App.2-CF_CGAAP_DepExp_2012","App.2-CG_MIFRS_DepExp_2012","App.2-CH_MIFRS_DepExp_2013","App.2-D_Overhead","App.2-EB_PP&E Deferral Account","App.2-F_Other_Oper_Rev","App.2-G_Detailed_OM&A_Expenses","App.2-H_OM&A_Detailed_Analysis","App.2-I_OM&A_Summary_Analys","App.2-J_OM&A_Cost _Drivers","App.2-K_Employee Costs","App.2-L_OM&A_per_Cust_FTEE","App.2-M_Regulatory_Costs","App.2-N_Corp_Cost_Allocation 09","App.2-N_Corp_Cost_Allocation 10","App.2-N_Corp_Cost_Allocation 11","App.2-N_Corp_Cost_Allocatio 12","App.2-N_Corp_Cost_Allocatio 13 ","App.2-OA Capital Structure 09","App.2-OA Capital Structure  10","App.2-OA Capital Structure  11","App.2-OA Capital Structure  12","App.2-OA Capital Structure  13","App.2-OB_Debt Instruments 09","App.2-OB_Debt Instruments 12","App.2-OB_Debt Instruments 13","App.2-P_Cost_Allocation","App.2-Q_Cost of Serv. Emb. Dx","App.2-R_Loss Factors","App.2-S_Stranded Meters","App.2-T_1592_Tax_Variance","App.2-U_IFRS Transition Costs","App.2-V_Rev_Reconciliation","App.2-W_Bill Imp Res 500","App.2-W_Bill Imp Res 800","App.2-W_Bill Imp Res 1100","App.2-W_Bill Imp GS<50 1000","App.2-W_Bill Imp GS<50 2000","App.2-W_Bill Imp GS<50 5000","App.2-W_Bill Imp GS>50 60","App.2-W_Bill Imp GS>50 60 (2)","App.2-W_Bill Imp GS>50 250","App.2-W_Bill Imp GS>50 4100","App.2-W_Bill Imp Large ","App.2-W_Bill Imp Unmtered 150","App.2-W_Bill Imp Unmtered 400","App.2-W_Bill Imp Sentinel","App.2-W_Bill Imp Street","App.2-X_CoS_Flowchart"],"not_rendered":{"charts":0,"images":3,"macros":1,"external_links":2,"defined_names":70,"comments":15,"pivot_tables":0},"unopened":[],"bounds":{"document_bytes":16777216,"sheet_cells":100000,"rows_first":2000,"rows_last":500,"rows_between":2000,"halvings":0,"cell_chars":16384,"cell_head_chars":4096},"cells_cut":0,"cells_raw":0,"read":"whole","date_system":"1900"}

{"sheet":"LDC Info","index":0,"n_rows":80,"n_cols":27,"rows_kept":80,"cut":false,"hidden":false,"merged":[[19,4,19,10],[33,2,33,11],[37,2,37,12],[13,4,13,10],[15,4,15,8],[17,4,17,8],[21,4,21,8],[23,4,23,8],[25,4,25,6],[27,4,27,6],[35,2,35,13],[29,4,29,6]]}
[]
[]
[null,null,null,null,null,null,null,null,null,null,null,null,null,null,null,null,null,null,null,null,null,null,null,null,null,null,"Algoma Power Inc."]
[null,null,null,null,null,null,null,null,null,null,null,null,null,null,null,null,null,null,null,null,null,null,null,null,null,null,"Atikokan Hydro Inc."]
[null,null,null,null,null,null,null,null,null,null,null,null,null,null,null,null,null,null,null,null,null,null,null,null,null,null,"Attawapiskat Power Corporation"]
[null,null,null,null,null,null,null,null,null,null,null,null,null,null,null,null,null,null,null,null,null,null,null,null,null,null,"Bluewater Power Distribution Corp."]
[null,null,null,null,null,null,null,null,null,null,null,null,null,null,null,null,null,null,null,null,null,null,null,null,null,null,"Brant County Power"]
[null,null,null,null,null,null,null,null,null,null,null,null,null,null,null,null,null,null,null,null,null,null,null,null,null,null,"Brantford Power Inc."]
[null,null,null,null,null,null,null,null,null,null,null,null,null,null,null,null,null,null,null,null,null,null,null,null,null,null,"Burlington Hydro Inc."]
[null,null,null,null,null,null,null,null,null,null,null,null,null,null,null,null,null,null,null,null,null,null,null,null,null,null,"Cambridge and North Dumfries Hydro"]
[null,null,null,null,null,null,null,null,null,null,null,null,null,null,null,null,null,null,null,null,null,null,null,null,null,null,"Canadian Niagara Power Inc. – Eastern Ontario Power/Fort Erie/Port Colborne"]
[null,null,null,null,null,null,null,null,null,null,null,null,null,null,null,null,null,null,null,null,null,null,null,null,null,null,"Centre Wellington Hydro Ltd."]
[null,null,null,null,null,null,null,null,null,null,null,null,null,"Version 1.1",null,null,null,null,null,null,null,null,null,null,null,null,"Chapleau Public Utilities Corporation"]
[null,null,null,"Utility Name   ","Welland Hydro Electric System Corp.",null,null,null,null,null,null,null,null,null,null,null,null,null,null,null,null,null,null,null,null,null,"COLLUS Power Corp."]
[null,null,null,null,null,null,null,null,null,null,null,null,null,null,null,null,null,null,null,null,null,null,null,null,null,null,"Cooperative Hydro Embrun Inc."]
[null,null,null,"Service Territory","City of Welland",null,null,null,null,null,null,null,null,null,null,null,null,null,null,null,null,null,null,null,null,null,"E.L.K. Energy Inc."]
[null,null,null,null,null,null,null,null,null,null,null,null,null,null,null,null,null,null,null,null,null,null,null,null,null,null,"Enersource Hydro Mississauga Inc."]
[null,null,null,"Assigned EB Number","EB-2012-0173",null,null,null,null,null,null,null,null,null,null,null,null,null,null,null,null,null,null,null,null,null,"Entegrus Powerlines Inc."]
[null,null,null,null,null,null,null,null,null,null,null,null,null,null,null,null,null,null,null,null,null,null,null,null,null,null,"ENWIN Utilities Ltd."]
[null,null,null,"Name of Contact and Title","Wayne Armstrong-Director of Finance",null,null,null,null,null,null,null,null,null,null,null,null,null,null,null,null,null,null,null,null,null,"Erie Thames Powerlines Corp."]
[null,null,null,null,null,null,null,null,null,null,null,null,null,null,null,null,null,null,null,null,null,null,null,null,null,null,"Espanola Regional Hydro Distribution Corporation"]
[null,null,null,"Phone Number   ","905-732-1381 Ext 234",null,null,null,null,null,null,null,null,null,null,null,null,null,null,null,null,null,null,null,null,null,"Essex Powerlines Corporation"]
[null,null,null,null,null,null,null,null,null,null,null,null,null,null,null,null,null,null,null,null,null,null,null,null,null,null,"Festival Hydro Inc."]
[null,null,null,"Email Address   ","warmstrong@wellandhydro.com",null,null,null,null,null,null,null,null,null,null,null,null,null,null,null,null,null,null,null,null,null,"Fort Albany Power Corporation"]
[null,null,null,null,null,null,null,null,null,null,null,null,null,null,null,null,null,null,null,null,null,null,null,null,null,null,"Fort Frances Power Corporation"]
[null,null,null,"Bridge Year",2012,null,null,null,null,null,null,null,null,null,null,null,null,null,null,null,null,null,null,null,null,null,"Greater Sudbury Hydro Inc."]
[null,null,null,null,null,null,null,null,null,null,null,null,null,null,null,null,null,null,null,null,null,null,null,null,null,null,"Grimsby Power Inc."]
[null,null,null,"Test Year",2013,null,null,null,null,null,null,null,null,null,null,null,null,null,null,null,null,null,null,null,null,null,"Guelph Hydro Electric Systems Inc."]
[null,null,null,null,null,null,null,null,null,null,null,null,null,null,null,null,null,null,null,null,null,null,null,null,null,null,"Haldimand County Hydro Inc."]
[null,null,null,"Last Rebasing Year",2009,null,null,null,null,null,null,null,null,null,null,null,null,null,null,null,null,null,null,null,null,null,"Guelph Hydro Electric Systems Inc."]
[null,null,null,null,null,null,null,null,null,null,null,null,null,null,null,null,null,null,null,null,null,null,null,null,null,null,"Halton Hills Hydro Inc."]
[null,"Notes",null,null,null,null,null,null,null,null,null,null,null,null,null,null,null,null,null,null,null,null,null,null,null,null,"Hearst Power Distribution Co. Ltd."]
[null,null,null,null,null,null,null,null,null,null,null,null,null,null,null,null,null,null,null,null,null,null,null,null,null,null,"Horizon Utilities Corporation"]
[null,null,"Pale green cells represent input cells.",null,null,null,null,null,null,null,null,null,null,null,null,null,null,null,null,null,null,null,null,null,null,null,"Hydro 2000 Inc."]
[null,null,null,null,null,null,null,null,null,null,null,null,null,null,null,null,null,null,null,null,null,null,null,null,null,null,"Hydro Hawkesbury Inc."]
[null,null,"Pale blue cells represent drop-down lists.  The applicant should select the appropriate item from the drop-down list.",null,null,null,null,null,null,null,null,null,null,null,null,null,null,null,null,null,null,null,null,null,null,null,"Hydro One Brampton Networks Inc."]
[null,null,null,null,null,null,null,null,null,null,null,null,null,null,null,null,null,null,null,null,null,null,null,null,null,null,"Hydro One Networks Inc."]
[null,null,"White cells contain fixed values, automatically generated values or formulae. ",null,null,null,null,null,null,null,null,null,null,null,null,null,null,null,null,null,null,null,null,null,null,null,"Hydro One Remote Communities Inc."]
[null,null,null,null,null,null,null,null,null,null,null,null,null,null,null,null,null,null,null,null,null,null,null,null,null,null,"Hydro Ottawa Limited"]
[null,null,null,null,null,null,null,null,null,null,null,null,null,null,null,null,null,null,null,null,null,null,null,null,null,null,"Innisfil Hydro Dist. Systems Limited"]
[null,null,null,null,null,null,null,null,null,null,null,null,null,null,null,null,null,null,null,null,null,null,null,null,null,null,"Kashechewan Power Corporation"]
[null,null,null,null,null,null,null,null,null,null,null,null,null,null,null,null,null,null,null,null,null,null,null,null,null,null,"Kenora Hydro Electric Corporation Ltd."]
[null,null,null,null,null,null,null,null,null,null,null,null,null,null,null,null,null,null,null,null,null,null,null,null,null,null,"Kingston Hydro Corporation"]
[null,null,null,null,null,null,null,null,null,null,null,null,null,null,null,null,null,null,null,null,null,null,null,null,null,null,"Kitchener-Wilmot Hydro Inc."]
[null,null,null,null,null,null,null,null,null,null,null,null,null,null,null,null,null,null,null,null,null,null,null,null,null,null,"Lakefront Utilities Inc."]
[null,null,null,null,null,null,null,null,null,null,null,null,null,null,null,null,null,null,null,null,null,null,null,null,null,null,"Lakeland Power Distribution Ltd."]
[null,null,null,null,null,null,null,null,null,null,null,null,null,null,null,null,null,null,null,null,null,null,null,null,null,null,"London Hydro Inc."]
[null,null,null,null,null,null,null,null,null,null,null,null,null,null,null,null,null,null,null,null,null,null,null,null,null,null,"Midland Power Utility Corporation"]
[null,null,null,null,null,null,null,null,null,null,null,null,null,null,null,null,null,null,null,null,null,null,null,null,null,null,"Milton Hydro Distribution Inc."]
[null,null,null,null,null,null,null,null,null,null,null,null,null,null,null,null,null,null,null,null,null,null,null,null,null,null,"Newmarket – Tay Power Distribution Ltd."]
[null,null,null,null,null,null,null,null,null,null,null,null,null,null,null,null,null,null,null,null,null,null,null,null,null,null,"Niagara Peninsula Energy Inc."]
[null,null,null,null,null,null,null,null,null,null,null,null,null,null,null,null,null,null,null,null,null,null,null,null,null,null,"Niagara-on-the-Lake Hydro Inc."]
[null,null,null,null,null,null,null,null,null,null,null,null,null,null,null,null,null,null,null,null,null,null,null,null,null,null,"Norfolk Power Distribution Ltd."]
[null,null,null,null,null,null,null,null,null,null,null,null,null,null,null,null,null,null,null,null,null,null,null,null,null,null,"North Bay Hydro Distribution Limited"]
[null,null,null,null,null,null,null,null,null,null,null,null,null,null,null,null,null,null,null,null,null,null,null,null,null,null,"Northern Ontario Wires Inc."]
[null,null,null,null,null,null,null,null,null,null,null,null,null,null,null,null,null,null,null,null,null,null,null,null,null,null,"Oakville Hydro Distribution Inc."]
[null,null,null,null,null,null,null,null,null,null,null,null,null,null,null,null,null,null,null,null,null,null,null,null,null,null,"Orangeville Hydro Limited"]
[null,null,null,null,null,null,null,null,null,null,null,null,null,null,null,null,null,null,null,null,null,null,null,null,null,null,"Orillia Power Distribution Corp."]
[null,null,null,null,null,null,null,null,null,null,null,null,null,null,null,null,null,null,null,null,null,null,null,null,null,null,"Oshawa PUC Networks Inc."]
[null,null,null,null,null,null,null,null,null,null,null,null,null,null,null,null,null,null,null,null,null,null,null,null,null,null,"Ottawa River Power Corporation"]
[null,null,null,null,null,null,null,null,null,null,null,null,null,null,null,null,null,null,null,null,null,null,null,null,null,null,"Parry Sound Power Corporation"]
[null,null,null,null,null,null,null,null,null,null,null,null,null,null,null,null,null,null,null,null,null,null,null,null,null,null,"Peterborough Distribution Inc."]
[null,null,null,null,null,null,null,null,null,null,null,null,null,null,null,null,null,null,null,null,null,null,null,null,null,null,"PowerStream Inc."]
[null,null,null,null,null,null,null,null,null,null,null,null,null,null,null,null,null,null,null,null,null,null,null,null,null,null,"PUC Distribution Inc."]
[null,null,null,null,null,null,null,null,null,null,null,null,null,null,null,null,null,null,null,null,null,null,null,null,null,null,"Renfrew Hydro Inc."]
[null,null,null,null,null,null,null,null,null,null,null,null,null,null,null,null,null,null,null,null,null,null,null,null,null,null,"Rideau St. Lawrence Distribution Inc."]
[null,null,null,null,null,null,null,null,null,null,null,null,null,null,null,null,null,null,null,null,null,null,null,null,null,null,"St. Thomas Energy Inc."]
[null,null,null,null,null,null,null,null,null,null,null,null,null,null,null,null,null,null,null,null,null,null,null,null,null,null,"Sioux Lookout Hydro Inc."]
[null,null,null,null,null,null,null,null,null,null,null,null,null,null,null,null,null,null,null,null,null,null,null,null,null,null,"Thunder Bay Hydro Electricity Distribution"]
[null,null,null,null,null,null,null,null,null,null,null,null,null,null,null,null,null,null,null,null,null,null,null,null,null,null,"Tillsonburg Hydro Inc."]
[null,null,null,null,null,null,null,null,null,null,null,null,null,null,null,null,null,null,null,null,null,null,null,null,null,null,"Toronto Hydro-Electric System Limited"]
[null,null,null,null,null,null,null,null,null,null,null,null,null,null,null,null,null,null,null,null,null,null,null,null,null,null,"Veridian Connections Inc."]
[null,null,null,null,null,null,null,null,null,null,null,null,null,null,null,null,null,null,null,null,null,null,null,null,null,null,"Wasaga Distribution Inc."]
[null,null,null,null,null,null,null,null,null,null,null,null,null,null,null,null,null,null,null,null,null,null,null,null,null,null,"Waterloo North Hydro Inc."]
[null,null,null,null,null,null,null,null,null,null,null,null,null,null,null,null,null,null,null,null,null,null,null,null,null,null,"Welland Hydro Electric System Corp."]
[null,null,null,null,null,null,null,null,null,null,null,null,null,null,null,null,null,null,null,null,null,null,null,null,null,null,"Wellington North Power Inc."]
[null,null,null,null,null,null,null,null,null,null,null,null,null,null,null,null,null,null,null,null,null,null,null,null,null,null,"West Coast Huron Energy Inc."]
[null,null,null,null,null,null,null,null,null,null,null,null,null,null,null,null,null,null,null,null,null,null,null,null,null,null,"Westario Power Inc."]
[null,null,null,null,null,null,null,null,null,null,null,null,null,null,null,null,null,null,null,null,null,null,null,null,null,null,"Whitby Hydro Electric Corporation"]
[null,null,null,null,null,null,null,null,null,null,null,null,null,null,null,null,null,null,null,null,null,null,null,null,null,null,"Woodstock Hydro Services Inc."]

{"sheet":"Index","index":1,"n_rows":32,"n_cols":6,"rows_kept":32,"cut":false,"hidden":false,"merged":[]}
[]
[]
[]
[]
[]
[]
[]
[]
[]
[]
[]
[]
[]
[]
[1,"LDC Information Sheet",null,null,19,"Appendix 2-H OM&A Detailed Analysis"]
[2,"Index",null,null,20,"Appendix 2-I OM&A Summary Analysis"]
[3,"Appendix 2-A Capital Projects",null,null,21,"Appendix 2-J OM&A Cost  Drivers"]
[4,"Appendix 2-B Fixed Asset Continuity",null,null,22,"Appendix 2-K Employee Costs"]
[5,"Appendix 2-CA CGAAP Depreciation Expense 2011",null,null,23,"Appendix 2-L OM&A per Cust FTEE"]
[6,"Appendix 2-CB MIFRS Depreciation Expense 2011",null,null,24,"Appendix 2-M Regulatory Costs"]
[7,"Appendix 2-CC MIFRS Depreciation Expense 2012",null,null,25,"Appendix 2-N Corp Cost Allocation"]
[8,"Appendix 2-CD MIFRS Depreciation Expense 2013",null,null,26,"Appendix 2-OA Capital Structure and Cost of Capital"]
[9,"Appendix 2-CE CGAAP Depreciation Expense 2011",null,null,27,"Appendix 2-OB Debt Instruments"]
[10,"Appendix 2-CF CGAAP Depreciation Expense 2012",null,null,28,"Appendix 2-P Cost Allocation"]
[11,"Appendix 2-CG MIFRS Depreciation Expense 2012",null,null,29,"Appendix 2-Q Cost of Service Embedded Distributor"]
[12,"Appendix 2-CH MIFRS Depreciation Expense 2013",null,null,30,"Appendix 2-R Loss Factors"]
[13,"Appendix 2-CI Alternative Accounting Standards Depreciation Expense",null,null,31,"Appendix 2-S Stranded Meters"]
[14,"Appendix 2-D Overhead",null,null,32,"Appendix 2-T 1592 Tax Variance"]
[15,"Appendix 2-EA PP&E Deferral Account - 2012 IFRS Adopters",null,null,33,"Appendix 2-U IFRS Transition Costs"]
[16,"Appendix 2-EB PP&E Deferral Account - 2013 IFRS Adopters",null,null,34,"Appendix 2-V Rev Reconciliation"]
[17,"Appendix 2-F Other Operating Revenue",null,null,35,"Appendix 2-W Bill Impacts"]
[18,"Appendix 2-G Detailed OM&A Expenses",null,null,36,"Appendix 2-X CoS Flowchart"]

{"sheet":"App.2-A_Capital Projects","index":2,"n_rows":119,"n_cols":8,"rows_kept":119,"cut":false,"hidden":false,"merged":[[11,0,11,7],[120,0,121,8],[9,0,9,7],[8,0,8,7],[116,0,116,7],[118,0,118,7]]}
[null,null,null,null,null,null,"File Number:",{"$f":"'LDC Info'!$E$18","v":"EB-2012-0173"}]
[null,null,null,null,null,null,"Exhibit:",2]
[null,null,null,null,null,null,"Tab:",3]
[null,null,null,null,null,null,"Schedule:",2]
[null,null,null,null,null,null,"Page:","2 & 3 of 12"]
[]
[null,null,null,null,null,null,"Date:","Aug 31, 2012"]
[]
["Appendix 2-A"]
["Capital Projects Table"]
[]
[]
["Projects",{"$f":"IF(ISBLANK('LDC Info'!E26), \"Year 1\", 'LDC Info'!E26-5)","v":2007},{"$f":"IF(ISBLANK('LDC Info'!E26), \"Year 2\", 'LDC Info'!E26-4)","v":2008},{"$f":"IF(ISBLANK('LDC Info'!E26), \"Year 3\", 'LDC Info'!E26-3)","v":2009},{"$f":"IF(ISBLANK('LDC Info'!E26), \"Year 4\", 'LDC Info'!E26-2)","v":2010},{"$f":"IF(ISBLANK('LDC Info'!E26), \"Year 5\", 'LDC Info'!E26-1)","v":2011},{"$f":"'LDC Info'!E26 & \" Bridge Year\"","v":"2012 Bridge Year"},{"$f":"'LDC Info'!E28 & \" Test Year\"","v":"2013 Test Year"}]
["Reporting Basis","CGAAP","CGAAP","CGAAP","CGAAP","CGAAP","MIFRS","MIFRS"]
[]
["Wholesale Metering-TS",0,0,5485,433700,28174,0]
[]
[]
[]
[]
["Sub-Total TS>50 kV",{"$f":"SUM(B16:B20)","v":0},{"$f":"SUM(C16:C20)","v":0},5485,433700,28174,0,0]
[]
["Substations"]
["Rebuild MS#11 Darby Road",157516,175258,24523,0,0,0,0]
["Rebuild MS#2 McMaster Ave",0,0,133385,249644,0,0,0]
["Primary Cabling MS#7 Fitch St",0,0,0,0,30541,0,0]
["MS#6 Transformer/Underground",0,0,0,0,0,106634,0]
[]
["Sub-Total DS<50 kV",{"$f":"SUM(B24:B28)","v":157516},175258,157908,249644,30541,106634,0]
[]
["Overhead/Underground"]
["Major Street Rebuild",146419,31800,0,0,0,0,0]
["Towline Tunnel Rebuild",177138,0,0,0,0,0,0]
["Load Transfer Hydro One",144267,84178,0,0,0,0,0]
["Niagara Street 27.6",243729,0,0,0,0,0,0]
["Colbeck Drive 27.6",0,217031,0,0,0,0,0]
["Churchhill Ave 27.6",0,76862,9982,0,0,0,0]
["Lincoln to Cartier 4.16",0,52388,0,0,0,0,0]
["Cartier Court Underground",0,50029,0,0,0,0,0]
["Harold to Major 4.16",0,81771,0,0,0,0,0]
["Barrington to Fairlawn Undergrd",0,151481,0,0,0,0,0]
["Mill Street Rebuild",0,171307,186228,0,0,0,0]
["Darby Road Rebuild",0,0,64647,0,0,0,0]
["Ontario Road 27.6",0,0,67892,0,0,0,0]
["Wilton,Oakwood, Elmwood 27.6",0,0,145132,392452,0,0,0]
["Burgar Street Rebuild 4.16",0,0,173526,0,0,0,0]
["Shotwell & Church 4.16",0,0,106635,4241,0,0,0]
["Smith Street Rebuild",0,0,72002,0,0,0,0]
["Margaret,Nye, Thorold 4.16",0,0,123222,0,0,0,0]
["Relocate Poles Thorold & Clare",0,0,82824,2155,0,0,0]
["King Street & Merritt 27.6",0,0,66713,0,0,0,0]
["Acadia Ave Underground",0,0,203172,0,0,0,0]
["McMaster Ave Rebuild",0,0,0,282900,0,0,0]
["Marc Blvd Underground",0,0,0,172543,112754,0,0]
["Pole Replace First Ave",0,0,0,73458,0,0,0]
["Pole Replace Wavel Court",0,0,0,64166,0,0,0]
["East Main to Centre 27.6",0,0,0,67183,0,0,0]
["Rolling Acres Drive Underground",0,0,0,177533,0,0,0]
["East Main to Wellington 4.16",0,0,0,0,73383,0,0]
["Pole Replacement Scholfield",0,0,0,0,42966,0,0]
["Mayfair Estates 27.6 Rebuild",0,0,0,0,228756,83778,0]
["Mayfair Estates Underground",0,0,0,0,238254,0,0]
["Pole Replacement East Main",0,0,0,0,40978,0,0]
["Federal Road 27.6",0,0,0,0,129453,0,0]
["Pole Replacement Cozy/Empire",0,0,0,0,50587,0,0]
["Highway 406 Woodlawn/E Main",0,0,0,0,108735,0,0]
["Townline Road/Dain City 27.6",0,0,0,0,132433,0,0]
["Relocate Poles Rice to Woodlawn",0,0,0,0,0,111404,0]
["Champlain Ave Underground",0,0,0,0,0,86000,0]
["Regent Street 27.6",0,0,0,0,0,209074,0]
["PCB Transformer Replacements",0,0,0,0,0,41534,0]
["Dennistoun, Maple, Bald Rebuild",0,0,0,0,0,313610,0]
["Acqeduct, Beechwood Rebuild",0,0,0,0,0,{"$f":"125444+54015","v":179459},0]
["Wilson, Riverside Drive Rebuild",0,0,0,0,0,0,167000]
["McCormick & Dufferin Rebuild",0,0,0,0,0,0,83000]
["Garner Ave Rebuild",0,0,0,0,0,0,63000]
["Cady Street Rebuild",0,0,0,0,0,0,30000]
["Major to Schofield Rebuild",0,0,0,0,0,0,139000]
["Southworth Street Rebuild",0,0,0,0,0,0,{"$f":"126000+84000","v":210000}]
["Ridge Road Expansion-Solar",0,0,0,0,0,0,0]
["Lancaster Rebuild",0,0,0,0,0,0,84000]
["Preston & Wiltshire Underground",0,0,0,0,0,0,172000]
["Bettes Avenue Underground",0,0,0,0,0,0,60000]
["Claremount Circle Underground",0,0,0,0,0,0,68000]
["Change Transformer Inventory",436139,76329,-109366,-399,65026,0,0]
["Misc Pole Replacement",172247,239746,146453,90495,{"$f":"85817+97384","v":183201},84426,{"$f":"87000+29000","v":116000}]
["Misc Underground Rebuild",122131,60224,85939,23022,26234,25800,{"$f":"27000+21000","v":48000}]
["Misc Overhead Primary",62950,155309,15901,63531,28413,29095,30000]
["Misc Transformer Replacement",117577,190861,67514,70480,33797,62301,64200]
["Sub-Total Overhead/Underground",{"$f":"SUM(B32:B89)","v":1622597},1639316,1508416,1483760,1494970,1226481,1334200]
[]
["Other"]
["Contributed Capital",137723,-72017,11503,-24288,58762,50000,50000]
["Scada Upgrade",84584,0,0,0,0,0,0]
["Scada Switches",0,0,0,104364,0,27500,52500]
["Back Up Generator",24019,109380,144796,0,0,0,0]
["Single Bucket Truck",0,195126,29804,0,0,0,0]
["Pickup Trucks/Vans",29551,0,0,25545,66729,0,0]
["Double Bucket Truck",0,0,0,0,0,0,325165]
["New CIS/Financial System",0,0,0,330030,235589,65000,0]
["Atrium Replacement/Building Ext",0,0,0,0,292812,155000,0]
["Conference Room Renovations",0,0,0,0,0,100000,0]
["Building & Fixtures",{"$f":"59294","v":59294},28972,29920,10200,0,20000,20000]
["Meters",25511,23826,16417,84374,26046,12000,50000]
["Furniture & Equipment",59294,16527,6564,0,5735,17500,0]
["Computer Hardware",{"$f":"7160+9554","v":16714},11096,20314,16315,20247,35000,46000]
["Computer Software",41442,57068,2500,2985,5345,25000,58500]
["Sub-Total Other",{"$f":"SUM(B93:B107)","v":478132},369978,261818,549525,711265,507000,602165]
[]
["Miscellaneous",{"$f":"2293024-2228694-29551","v":34779},{"$f":"2274217-2184552","v":89665},{"$f":"2015220-1933627","v":81593},{"$f":"2752184-2716629","v":35555},{"$f":"2316425-2167566-97384","v":51475},{"$f":"1833000-1786100","v":46900},{"$f":"2001200-1943700-17500","v":40000}]
["Total",{"$f":"B110+B108+B90+B29+B21","v":2293024},2274217,2015220,2752184,2316425,1887015,1976365]
[]
[]
[]
["Notes:"]
[]
["1   Please provide a breakdown of the major components of each capital project.  Please ensure that all projects below the materiality threshold are included in the miscellaneous line.  Add more projects as required."]
[]
["2   Amounts should be reported on a MIFRS basis for the adoption year and any subsequent years, only."]

{"sheet":"App.2-A_to Ass Plan","index":3,"n_rows":103,"n_cols":10,"rows_kept":103,"cut":false,"hidden":false,"merged":[[0,0,0,7],[3,0,3,7],[1,0,1,8]]}
["Appendix 2-A"]
["Capital Projects vs Asset Management"]
[]
[]
["Projects",{"$f":"IF(ISBLANK('LDC Info'!E26), \"Year 1\", 'LDC Info'!E26-5)","v":2007},{"$f":"IF(ISBLANK('LDC Info'!E26), \"Year 2\", 'LDC Info'!E26-4)","v":2008},{"$f":"IF(ISBLANK('LDC Info'!E26), \"Year 3\", 'LDC Info'!E26-3)","v":2009},{"$f":"IF(ISBLANK('LDC Info'!E26), \"Year 4\", 'LDC Info'!E26-2)","v":2010},{"$f":"IF(ISBLANK('LDC Info'!E26), \"Year 5\", 'LDC Info'!E26-1)","v":2011},{"$f":"'LDC Info'!E26 & \" Bridge Year\"","v":"2012 Bridge Year"},{"$f":"'LDC Info'!E28 & \" Test Year\"","v":"2013 Test Year"},"Asset Management Plan"]
["Reporting Basis","CGAAP","CGAAP","CGAAP","CGAAP","CGAAP","MIFRS","MIFRS","MIFRS"]
[]
["Wholesale Metering-TS",0,0,5485,433700,28174,0]
[]
[]
[]
[]
["Sub-Total TS>50 kV",{"$f":"SUM(B8:B12)","v":0},{"$f":"SUM(C8:C12)","v":0},5485,433700,28174,0,0,{"$f":"SUM(I8:I12)","v":0}]
[]
["Substations"]
["Rebuild MS#11 Darby Road",157516,175258,24523,0,0,0,0,0]
["Rebuild MS#2 McMaster Ave",0,0,133385,249644,0,0,0,0]
["Primary Cabling MS#7 Fitch St",0,0,0,0,30541,0,0,0]
["MS#6 Transformer/Underground",0,0,0,0,0,106634,0,0]
[]
["Sub-Total DS<50 kV",{"$f":"SUM(B16:B20)","v":157516},175258,157908,249644,30541,106634,0,{"$f":"SUM(I16:I20)","v":0}]
[]
["Overhead/Underground"]
["Major Street Rebuild",146419,31800,0,0,0,0,0,0]
["Towline Tunnel Rebuild",177138,0,0,0,0,0,0,0]
["Load Transfer Hydro One",144267,84178,0,0,0,0,0,0]
["Niagara Street 27.6",243729,0,0,0,0,0,0,0]
["Colbeck Drive 27.6",0,217031,0,0,0,0,0,0]
["Churchhill Ave 27.6",0,76862,9982,0,0,0,0,0]
["Lincoln to Cartier 4.16",0,52388,0,0,0,0,0,0]
["Cartier Court Underground",0,50029,0,0,0,0,0,0]
["Harold to Major 4.16",0,81771,0,0,0,0,0,0]
["Barrington to Fairlawn Undergrd",0,151481,0,0,0,0,0,0]
["Mill Street Rebuild",0,171307,186228,0,0,0,0,0]
["Darby Road Rebuild",0,0,64647,0,0,0,0,0]
["Ontario Road 27.6",0,0,67892,0,0,0,0,0]
["Wilton,Oakwood, Elmwood 27.6",0,0,145132,392452,0,0,0,0]
["Burgar Street Rebuild 4.16",0,0,173526,0,0,0,0,0]
["Shotwell & Church 4.16",0,0,106635,4241,0,0,0,0]
["Smith Street Rebuild",0,0,72002,0,0,0,0,0]
["Margaret,Nye, Thorold 4.16",0,0,123222,0,0,0,0,0]
["Relocate Poles Thorold & Clare",0,0,82824,2155,0,0,0,0]
["King Street & Merritt 27.6",0,0,66713,0,0,0,0,0]
["Acadia Ave Underground",0,0,203172,0,0,0,0,0]
["McMaster Ave Rebuild",0,0,0,282900,0,0,0,0]
["Marc Blvd Underground",0,0,0,172543,112754,0,0,0]
["Pole Replace First Ave",0,0,0,73458,0,0,0,0]
["Pole Replace Wavel Court",0,0,0,64166,0,0,0,0]
["East Main to Centre 27.6",0,0,0,67183,0,0,0,0]
["Rolling Acres Drive Underground",0,0,0,177533,0,0,0,0]
["East Main to Wellington 4.16",0,0,0,0,73383,0,0,0]
["Pole Replacement Scholfield",0,0,0,0,42966,0,0,0]
["Mayfair Estates 27.6 Rebuild",0,0,0,0,228756,83778,0,0]
["Mayfair Estates Underground",0,0,0,0,238254,0,0,0]
["Pole Replacement East Main",0,0,0,0,40978,0,0,0]
["Federal Road 27.6",0,0,0,0,129453,0,0,0]
["Pole Replacement Cozy/Empire",0,0,0,0,50587,0,0,0]
["Highway 406 Woodlawn/E Main",0,0,0,0,108735,0,0,0]
["Townline Road/Dain City 27.6",0,0,0,0,132433,0,0,0]
["Relocate Poles Rice to Woodlawn",0,0,0,0,0,111404,0,0]
["Champlain Ave Underground",0,0,0,0,0,86000,0,0]
["Regent Street 27.6",0,0,0,0,0,209074,0,0]
["PCB Transformer Replacements",0,0,0,0,0,41534,0,0]
["Dennistoun, Maple, Bald Rebuild",0,0,0,0,0,313610,0,0]
["Acqeduct, Beechwood Rebuild",0,0,0,0,0,125444,0,0]
["Wilson, Riverside Drive Rebuild",0,0,0,0,0,0,167000,167000,"9.1.1 Project 1"]
["McCormick & Dufferin Rebuild",0,0,0,0,0,0,83000,83000,"9.1.1 Project 2"]
["Garner Ave Rebuild",0,0,0,0,0,0,63000,63000,"9.1.1 Project 3"]
["Cady Street Rebuild",0,0,0,0,0,0,30000,30000,"9.1.1 Project 4"]
["Major to Schofield Rebuild",0,0,0,0,0,0,139000,139000,"9.1.1 Project 6"]
["Southworth Street Rebuild",0,0,0,0,0,0,{"$f":"126000+84000","v":210000},{"$f":"126000+84000","v":210000},"9.1.2 Project 7"]
["Ridge Road Expansion-Solar",0,0,0,0,0,0,0,0,"9.1.3 Project 8"]
["Lancaster Rebuild",0,0,0,0,0,0,84000,84000,"9.1.4 Project 9"]
["Preston & Wiltshire Underground",0,0,0,0,0,0,172000,172000,"9.2.1 Project 10"]
["Bettes Avenue Underground",0,0,0,0,0,0,60000,60000,"9.2.1 Project 12"]
["Claremount Circle Underground",0,0,0,0,0,0,68000,68000,"9.2.1 Project 13"]
[]
[null,null,null,null,null,null,null,null,null,"9.1.1 Misc Pole $87,000"]
[null,null,null,null,null,null,null,null,null,"9.1.1 Project 5 $29,000"]
["Misc Pole Replacement",172247,239746,146453,90495,{"$f":"85817+97384","v":183201},84426,{"$f":"87000+29000","v":116000},{"$f":"87000+29000","v":116000}]
[]
[null,null,null,null,null,null,null,null,null,"9.2.1 Minor Under $27,000"]
[null,null,null,null,null,null,null,null,null,"9.2.1 Project 11 $21,000"]
["Misc Underground Rebuild",122131,60224,85939,23022,26234,25800,{"$f":"27000+21000","v":48000},{"$f":"27000+21000","v":48000}]
[]
["Misc Overhead Primary",62950,155309,15901,63531,28413,29095,30000,30000,"9.1.1 Misc Overhead"]
["Misc Transformer Replacement",117577,190861,67514,70480,33797,62301,64200,64200,"9.1.1 Misc Transformer"]
["Sub-Total Overhead/Underground",{"$f":"SUM(B24:B87)","v":1186458},1562987,1617782,1484159,1429944,1172466,1334200,{"$f":"SUM(I24:I87)","v":1334200}]
[]
["Other"]
["Contributed Capital",137723,-72017,11503,-24288,58762,50000,50000,50000,"9.2.2 Developer Contribution"]
["Scada Switches",0,0,0,104364,0,27500,52500,52500,"9.4.3 SCADA"]
["Double Bucket Truck",0,0,0,0,0,0,325165,325165,"9.3 Fleet Replacement"]
["Building & Fixtures",{"$f":"59294","v":59294},28972,29920,10200,0,20000,20000,20000,"9.4.1 Buildings"]
["Meters",25511,23826,16417,84374,26046,12000,50000,50000,"9.4.4 Meters"]
["Computer Hardware",{"$f":"7160+9554","v":16714},11096,20314,16315,20247,35000,46000,46000,"9.4.2 Computer Hardware"]
["Computer Software",41442,57068,2500,2985,5345,25000,58500,58500,"9.4.2 Computer Software"]
["Sub-Total Other",{"$f":"SUM(B91:B97)","v":280684},48945,80654,193950,110400,169500,602165,{"$f":"SUM(I91:I97)","v":602165}]
[]
[null,null,null,null,null,null,null,null,null,"9.1.1 Misc Services $35,000"]
[null,null,null,null,null,null,null,null,null,"9.4.5 Tools $5,000"]
["Miscellaneous",{"$f":"2293024-2228694-29551","v":34779},{"$f":"2274217-2184552","v":89665},{"$f":"2015220-1933627","v":81593},{"$f":"2752184-2716629","v":35555},{"$f":"2316425-2167566-97384","v":51475},{"$f":"1833000-1786100","v":46900},{"$f":"2001200-1943700-17500","v":40000},{"$f":"2001200-1943700-17500","v":40000}]
["Total",{"$f":"B102+B98+B88+B21+B13","v":1659437},1876855,1943422,2397008,1650534,1495500,1976365,1976365]

{"sheet":"App.2-B_FA Cont 2009 CGAAP","index":4,"n_rows":74,"n_cols":14,"rows_kept":74,"cut":false,"hidden":false,"merged":[[9,0,9,13],[8,0,8,13],[65,1,66,13],[71,1,71,13],[13,4,13,7],[68,1,69,13]]}
[null,null,null,null,null,null,null,null,null,null,null,null,"File Number:",{"$f":"'LDC Info'!$E$18","v":"EB-2012-0173"}]
[null,null,null,null,null,null,null,null,null,null,null,null,"Exhibit:",2]
[null,null,null,null,null,null,null,null,null,null,null,null,"Tab:",2]
[null,null,null,null,null,null,null,null,null,null,null,null,"Schedule:",1]
[null,null,null,null,null,null,null,null,null,null,null,null,"Page:","2 of 11"]
[]
[null,null,null,null,null,null,null,null,null,null,null,null,"Date:","Aug 31, 2012"]
[]
["Appendix 2-B"]
["Fixed Asset Continuity Schedule-CGAAP"]
[]
[null,null,null,null,null,"Year ",2009]
[]
[null,null,null,null,"Cost",null,null,null,null,null,"Accumulated Depreciation"]
["CCA Class","OEB","Description","Depreciation Rate","Opening Balance","Additions","Disposals","Closing Balance",null,"Opening Balance","Additions","Disposals","Closing Balance","Net Book Value"]
[12,1611,"Computer Software (Formally known as Account 1925)",null,null,null,null,{"$f":"E16+F16+G16","v":0},null,null,null,null,{"$f":"J16+K16+L16","v":0},{"$f":"H16+M16","v":0}]
["CEC",1612,"Land Rights (Formally known as Account 1906)",null,null,null,null,{"$f":"E17+F17+G17","v":0},null,null,null,null,{"$f":"J17+K17+L17","v":0},{"$f":"H17+M17","v":0}]
["N/A",1805,"Land",null,158686,null,null,{"$f":"E18+F18+G18","v":158686},null,null,null,null,{"$f":"J18+K18+L18","v":0},{"$f":"H18+M18","v":158686}]
[null,1806,"Land Rights ",null,70296,null,null,{"$f":"E19+F19+G19","v":70296},null,-57597,-464,null,{"$f":"J19+K19+L19","v":-58061},{"$f":"H19+M19","v":12235}]
[47,1808,"Buildings",null,96567,null,null,96567,null,-52635,-2040,null,-54675,41892]
[13,1810,"Leasehold Improvements",null,null,null,null,0,null,null,null,null,0,0]
[47,1815,"Transformer Station Equipment >50 kV",null,null,5485,null,5485,null,null,null,null,0,5485]
[47,1820,"Distribution Station Equipment <50 kV",null,3862200,164711,null,4026911,null,-2141766,-113325,null,-2255091,1771820]
[47,1825,"Storage Battery Equipment",null,null,null,null,0,null,null,null,null,0,0]
[47,1830,"Poles, Towers & Fixtures",null,3596853,1019194,null,4616047,null,-421269,-184642,null,-605911,4010136]
[47,1835,"Overhead Conductors & Devices",null,12119533,152334,null,12271867,null,-6871963,-442744,null,-7314707,4957160]
[47,1840,"Underground Conduit",null,386610,100369,null,486979,null,-39343,-19479,null,-58822,428157]
[47,1845,"Underground Conductors & Devices",null,10626540,171940,null,10798480,null,-5994598,-408152,null,-6402750,4395730]
[47,1850,"Line Transformers",null,5954195,130919,-30345,6054769,null,-2615858,-242711,21486,-2837083,3217686]
[47,1855,"Services (Overhead & Underground)",null,346546,69887,null,416433,null,-48010,-16657,null,-64667,351766]
[47,1860,"Meters",null,2288712,16417,null,2305129,null,-1431635,-87695,null,-1519330,785799]
[47,1860,"Meters (Smart Meters)",null,null,null,null,0,null,null,null,null,0,0]
[null,1870,"Other Installations-Customer Premises",null,8010,null,null,8010,null,-1922,-320,null,-2242,5768]
["N/A",1905,"Land",null,null,null,null,0,null,null,null,null,0,0]
[47,1908,"Buildings & Fixtures",null,1834723,29920,null,1864643,null,-818014,-46133,null,-864147,1000496]
[13,1910,"Leasehold Improvements",null,null,null,null,0,null,null,null,null,0,0]
[8,1915,"Office Furniture & Equipment (10 years)",null,240687,6564,null,247251,null,-135673,-18845,null,-154518,92733]
[8,1915,"Office Furniture & Equipment (5 years)",null,null,null,null,0,null,null,null,null,0,0]
[10,1920,"Computer Equipment - Hardware",null,348682,20314,null,368996,null,-307999,-23222,null,-331221,37775]
[45,1920,"Computer Equip.-Hardware(Post Mar. 22/04)",null,null,null,null,0,null,null,null,null,0,0]
[45.1,1920,"Computer Equip.-Hardware(Post Mar. 19/07)",null,null,null,null,0,null,null,null,null,0,0]
[null,1925,"Computer Software ",null,619325,2500,null,621825,null,-473173,-67069,null,-540242,81583]
[10,1930,"Transportation Equipment",null,1579871,29803,-161927,1447747,null,-1325484,-40306,161927,-1203863,243884]
[8,1935,"Stores Equipment",null,30023,null,null,30023,null,-24810,-761,null,-25571,4452]
[8,1940,"Tools, Shop & Garage Equipment",null,320268,7521,null,327789,null,-264236,-10237,null,-274473,53316]
[8,1945,"Measurement & Testing Equipment",null,152441,null,-134055,18386,null,-145654,-1349,134055,-12948,5438]
[8,1950,"Power Operated Equipment",null,null,null,null,0,null,null,null,null,0,0]
[8,1955,"Communications Equipment",null,110718,15938,null,126656,null,-96899,-5432,null,-102331,24325]
[8,1955,"Communication Equipment (Smart Meters)",null,null,null,null,0,null,null,null,null,0,0]
[8,1960,"Miscellaneous Equipment ",null,170439,144796,null,315235,null,-37040,-11128,null,-48168,267067]
[47,1975,"Load Management Controls Utility Premises",null,null,null,null,0,null,null,null,null,0,0]
[47,1980,"System Supervisor Equipment",null,1030381,null,null,1030381,null,-703486,-50197,null,-753683,276698]
[47,1985,"Miscellaneous Fixed Assets",null,null,null,null,0,null,null,null,null,0,0]
[47,1995,"Contributions & Grants",null,-1444763,-73392,null,-1518155,null,161576,60727,null,222303,-1295852]
[null,"etc.",null,null,null,null,null,0,null,null,null,null,0,0]
[null,null,null,null,null,null,null,0,null,null,null,null,0,0]
[null,null,"Total",null,{"$f":"SUM(E16:E56)","v":44507543},{"$f":"SUM(F16:F56)","v":2015220},-326327,46196436,null,{"$f":"SUM(J16:J56)","v":-23847488},{"$f":"SUM(K16:K56)","v":-1732181},317468,-25262201,20934235]
[]
[null,null,null,null,null,null,null,null,null,"Less: Fully Allocated Depreciation"]
[10,null,"Transportation",null,null,null,null,null,null,"Transportation"]
[8,null,"Stores Equipment",null,null,null,null,null,null,"Stores Equipment"]
[null,null,null,null,null,null,null,null,null,"Net Depreciation",null,{"$f":"K57","v":-1732181}]
[]
["Notes:"]
[]
[1,"Tables in the format outlined above covering all fixed asset accounts should be submitted for the Test Year, Bridge Year and all relevant historical years.  At a minimum , the applicant must provide data for the earlier of: 1) all historical years back to its last rebasing; or 2) at least three years of historical actuals, in addition to Bridge Year and Test Year forecasts."]
[]
[]
[2,"The \"CCA Class\" for fixed assets should agree with the CCA Class used for tax purposes in Tax Returns. Fixed Assets sub-components may be used where the underlying asset components are classified under multiple CCA Classes for tax purposes. If an applicant uses any different classes from those shown in the table, an explanation should be provided. (also see note 3 below)."]
[]
[]
[3,"The table may need to be customized for a utility's asset categories or for any new asset accounts announced or authorized by the Board."]
[]
[4,"The depreciation column (D) is not required as the relevant information will be provided in the following 2-C series of appendices."]

{"sheet":"App.2-B_FA Cont 2010 CGAAP ","index":5,"n_rows":74,"n_cols":14,"rows_kept":74,"cut":false,"hidden":false,"merged":[[71,1,71,13],[8,0,8,13],[9,0,9,13],[13,4,13,7],[65,1,66,13],[68,1,69,13]]}
[null,null,null,null,null,null,null,null,null,null,null,null,"File Number:",{"$f":"'LDC Info'!$E$18","v":"EB-2012-0173"}]
[null,null,null,null,null,null,null,null,null,null,null,null,"Exhibit:",2]
[null,null,null,null,null,null,null,null,null,null,null,null,"Tab:",2]
[null,null,null,null,null,null,null,null,null,null,null,null,"Schedule:",1]
[null,null,null,null,null,null,null,null,null,null,null,null,"Page:","3 of 11"]
[]
[null,null,null,null,null,null,null,null,null,null,null,null,"Date:","Aug 31, 2012"]
[]
["Appendix 2-B"]
["Fixed Asset Continuity Schedule-CGAAP"]
[]
[null,null,null,null,null,"Year ",2010]
[]
[null,null,null,null,"Cost",null,null,null,null,null,"Accumulated Depreciation"]
["CCA Class","OEB","Description","Depreciation Rate","Opening Balance","Additions","Disposals","Closing Balance",null,"Opening Balance","Additions","Disposals","Closing Balance","Net Book Value"]
[12,1611,"Computer Software (Formally known as Account 1925)",null,null,null,null,{"$f":"E16+F16+G16","v":0},null,null,null,null,{"$f":"J16+K16+L16","v":0},{"$f":"H16+M16","v":0}]
["CEC",1612,"Land Rights (Formally known as Account 1906)",null,null,null,null,{"$f":"E17+F17+G17","v":0},null,null,null,null,{"$f":"J17+K17+L17","v":0},{"$f":"H17+M17","v":0}]
["N/A",1805,"Land",null,{"$f":"'App.2-B_FA Cont 2009 CGAAP'!H18","v":158686},null,null,{"$f":"E18+F18+G18","v":158686},null,{"$f":"'App.2-B_FA Cont 2009 CGAAP'!M18","v":0},null,null,{"$f":"J18+K18+L18","v":0},{"$f":"H18+M18","v":158686}]
[null,1806,"Land Rights ",null,{"$f":"'App.2-B_FA Cont 2009 CGAAP'!H19","v":70296},null,null,{"$f":"E19+F19+G19","v":70296},null,{"$f":"'App.2-B_FA Cont 2009 CGAAP'!M19","v":-58061},-465,null,{"$f":"J19+K19+L19","v":-58526},{"$f":"H19+M19","v":11770}]
[47,1808,"Buildings",null,{"$f":"'App.2-B_FA Cont 2009 CGAAP'!H20","v":96567},null,null,96567,null,{"$f":"'App.2-B_FA Cont 2009 CGAAP'!M20","v":-54675},-2040,null,-56715,39852]
[13,1810,"Leasehold Improvements",null,{"$f":"'App.2-B_FA Cont 2009 CGAAP'!H21","v":0},null,null,0,null,{"$f":"'App.2-B_FA Cont 2009 CGAAP'!M21","v":0},null,null,0,0]
[47,1815,"Transformer Station Equipment >50 kV",null,{"$f":"'App.2-B_FA Cont 2009 CGAAP'!H22","v":5485},433700,null,439185,null,{"$f":"'App.2-B_FA Cont 2009 CGAAP'!M22","v":0},-7411,null,-7411,431774]
[47,1820,"Distribution Station Equipment <50 kV",null,{"$f":"'App.2-B_FA Cont 2009 CGAAP'!H23","v":4026911},439,-16145,4011205,null,{"$f":"'App.2-B_FA Cont 2009 CGAAP'!M23","v":-2255091},-118208,12378,-2360921,1650284]
[47,1825,"Storage Battery Equipment",null,{"$f":"'App.2-B_FA Cont 2009 CGAAP'!H24","v":0},null,null,0,null,{"$f":"'App.2-B_FA Cont 2009 CGAAP'!M24","v":0},null,null,0,0]
[47,1830,"Poles, Towers & Fixtures",null,{"$f":"'App.2-B_FA Cont 2009 CGAAP'!H25","v":4616047},965206,null,5581253,null,{"$f":"'App.2-B_FA Cont 2009 CGAAP'!M25","v":-605911},-203946,null,-809857,4771396]
[47,1835,"Overhead Conductors & Devices",null,{"$f":"'App.2-B_FA Cont 2009 CGAAP'!H26","v":12271867},202390,null,12474257,null,{"$f":"'App.2-B_FA Cont 2009 CGAAP'!M26","v":-7314707},-437889,null,-7752596,4721661]
[47,1840,"Underground Conduit",null,{"$f":"'App.2-B_FA Cont 2009 CGAAP'!H27","v":486979},228724,null,715703,null,{"$f":"'App.2-B_FA Cont 2009 CGAAP'!M27","v":-58822},-24054,null,-82876,632827]
[47,1845,"Underground Conductors & Devices",null,{"$f":"'App.2-B_FA Cont 2009 CGAAP'!H28","v":10798480},256382,null,11054862,null,{"$f":"'App.2-B_FA Cont 2009 CGAAP'!M28","v":-6402750},-413281,null,-6816031,4238831]
[47,1850,"Line Transformers",null,{"$f":"'App.2-B_FA Cont 2009 CGAAP'!H29","v":6054769},206802,-21451,6240120,null,{"$f":"'App.2-B_FA Cont 2009 CGAAP'!M29","v":-2837083},-264953,12672,-3089364,3150756]
[47,1855,"Services (Overhead & Underground)",null,{"$f":"'App.2-B_FA Cont 2009 CGAAP'!H30","v":416433},83294,null,499727,null,{"$f":"'App.2-B_FA Cont 2009 CGAAP'!M30","v":-64667},-18323,null,-82990,416737]
[47,1860,"Meters",null,{"$f":"'App.2-B_FA Cont 2009 CGAAP'!H31","v":2305129},84374,null,2389503,null,{"$f":"'App.2-B_FA Cont 2009 CGAAP'!M31","v":-1519330},-136945,null,-1656275,733228]
[47,1860,"Meters (Smart Meters)",null,{"$f":"'App.2-B_FA Cont 2009 CGAAP'!H32","v":0},null,null,0,null,{"$f":"'App.2-B_FA Cont 2009 CGAAP'!M32","v":0},null,null,0,0]
[null,1870,"Other Installations-Customer Premises",null,{"$f":"'App.2-B_FA Cont 2009 CGAAP'!H33","v":8010},null,null,8010,null,{"$f":"'App.2-B_FA Cont 2009 CGAAP'!M33","v":-2242},-320,null,-2562,5448]
["N/A",1905,"Land",null,{"$f":"'App.2-B_FA Cont 2009 CGAAP'!H34","v":0},null,null,0,null,{"$f":"'App.2-B_FA Cont 2009 CGAAP'!M34","v":0},null,null,0,0]
[47,1908,"Buildings & Fixtures",null,{"$f":"'App.2-B_FA Cont 2009 CGAAP'!H35","v":1864643},10200,null,1874843,null,{"$f":"'App.2-B_FA Cont 2009 CGAAP'!M35","v":-864147},-45852,null,-909999,964844]
[13,1910,"Leasehold Improvements",null,{"$f":"'App.2-B_FA Cont 2009 CGAAP'!H36","v":0},null,null,0,null,{"$f":"'App.2-B_FA Cont 2009 CGAAP'!M36","v":0},null,null,0,0]
[8,1915,"Office Furniture & Equipment (10 years)",null,{"$f":"'App.2-B_FA Cont 2009 CGAAP'!H37","v":247251},null,-162667,84584,null,{"$f":"'App.2-B_FA Cont 2009 CGAAP'!M37","v":-154518},-49619,162667,-41470,43114]
[8,1915,"Office Furniture & Equipment (5 years)",null,{"$f":"'App.2-B_FA Cont 2009 CGAAP'!H38","v":0},null,null,0,null,{"$f":"'App.2-B_FA Cont 2009 CGAAP'!M38","v":0},null,null,0,0]
[10,1920,"Computer Equipment - Hardware",null,{"$f":"'App.2-B_FA Cont 2009 CGAAP'!H39","v":368996},16315,-159687,225624,null,{"$f":"'App.2-B_FA Cont 2009 CGAAP'!M39","v":-331221},-21102,159687,-192636,32988]
[45,1920,"Computer Equip.-Hardware(Post Mar. 22/04)",null,{"$f":"'App.2-B_FA Cont 2009 CGAAP'!H40","v":0},null,null,0,null,{"$f":"'App.2-B_FA Cont 2009 CGAAP'!M40","v":0},null,null,0,0]
[45.1,1920,"Computer Equip.-Hardware(Post Mar. 19/07)",null,{"$f":"'App.2-B_FA Cont 2009 CGAAP'!H41","v":0},null,null,0,null,{"$f":"'App.2-B_FA Cont 2009 CGAAP'!M41","v":0},null,null,0,0]
[null,1925,"Computer Software ",null,{"$f":"'App.2-B_FA Cont 2009 CGAAP'!H42","v":621825},333015,-213229,741611,null,{"$f":"'App.2-B_FA Cont 2009 CGAAP'!M42","v":-540242},-63832,213229,-390845,350766]
[10,1930,"Transportation Equipment",null,{"$f":"'App.2-B_FA Cont 2009 CGAAP'!H43","v":1447747},25545,null,1473292,null,{"$f":"'App.2-B_FA Cont 2009 CGAAP'!M43","v":-1203863},-32499,null,-1236362,236930]
[8,1935,"Stores Equipment",null,{"$f":"'App.2-B_FA Cont 2009 CGAAP'!H44","v":30023},null,null,30023,null,{"$f":"'App.2-B_FA Cont 2009 CGAAP'!M44","v":-25571},-761,null,-26332,3691]
[8,1940,"Tools, Shop & Garage Equipment",null,{"$f":"'App.2-B_FA Cont 2009 CGAAP'!H45","v":327789},11698,-224537,114950,null,{"$f":"'App.2-B_FA Cont 2009 CGAAP'!M45","v":-274473},-22020,224540,-71953,42997]
[8,1945,"Measurement & Testing Equipment",null,{"$f":"'App.2-B_FA Cont 2009 CGAAP'!H46","v":18386},null,null,18386,null,{"$f":"'App.2-B_FA Cont 2009 CGAAP'!M46","v":-12948},-1349,null,-14297,4089]
[8,1950,"Power Operated Equipment",null,{"$f":"'App.2-B_FA Cont 2009 CGAAP'!H47","v":0},null,null,0,null,{"$f":"'App.2-B_FA Cont 2009 CGAAP'!M47","v":0},null,null,0,0]
[8,1955,"Communications Equipment",null,{"$f":"'App.2-B_FA Cont 2009 CGAAP'!H48","v":126656},null,-53404,73252,null,{"$f":"'App.2-B_FA Cont 2009 CGAAP'!M48","v":-102331},-5369,53401,-54299,18953]
[8,1955,"Communication Equipment (Smart Meters)",null,{"$f":"'App.2-B_FA Cont 2009 CGAAP'!H49","v":0},null,null,0,null,{"$f":"'App.2-B_FA Cont 2009 CGAAP'!M49","v":0},null,null,0,0]
[8,1960,"Miscellaneous Equipment ",null,{"$f":"'App.2-B_FA Cont 2009 CGAAP'!H50","v":315235},null,null,315235,null,{"$f":"'App.2-B_FA Cont 2009 CGAAP'!M50","v":-48168},-11128,null,-59296,255939]
[47,1975,"Load Management Controls Utility Premises",null,{"$f":"'App.2-B_FA Cont 2009 CGAAP'!H51","v":0},null,null,0,null,{"$f":"'App.2-B_FA Cont 2009 CGAAP'!M51","v":0},null,null,0,0]
[47,1980,"System Supervisor Equipment",null,{"$f":"'App.2-B_FA Cont 2009 CGAAP'!H52","v":1030381},104364,null,1134745,null,{"$f":"'App.2-B_FA Cont 2009 CGAAP'!M52","v":-753683},-53677,null,-807360,327385]
[47,1985,"Miscellaneous Fixed Assets",null,{"$f":"'App.2-B_FA Cont 2009 CGAAP'!H53","v":0},null,null,0,null,{"$f":"'App.2-B_FA Cont 2009 CGAAP'!M53","v":0},null,null,0,0]
[47,1995,"Contributions & Grants",null,{"$f":"'App.2-B_FA Cont 2009 CGAAP'!H54","v":-1518155},-210264,null,-1728419,null,{"$f":"'App.2-B_FA Cont 2009 CGAAP'!M54","v":222303},64932,null,287235,-1441184]
[null,"etc.",null,null,{"$f":"'App.2-B_FA Cont 2009 CGAAP'!H55","v":0},null,null,0,null,{"$f":"'App.2-B_FA Cont 2009 CGAAP'!M55","v":0},null,null,0,0]
[null,null,null,null,{"$f":"'App.2-B_FA Cont 2009 CGAAP'!H56","v":0},null,null,0,null,{"$f":"'App.2-B_FA Cont 2009 CGAAP'!M56","v":0},null,null,0,0]
[null,null,"Total",null,{"$f":"SUM(E16:E56)","v":46196436},{"$f":"SUM(F16:F56)","v":2752184},-851120,48097500,null,{"$f":"SUM(J16:J56)","v":-25262201},{"$f":"SUM(K16:K56)","v":-1870111},838574,-26293738,21803762]
[]
[null,null,null,null,null,null,null,null,null,"Less: Fully Allocated Depreciation"]
[10,null,"Transportation",null,null,null,null,null,null,"Transportation"]
[8,null,"Stores Equipment",null,null,null,null,null,null,"Stores Equipment"]
[null,null,null,null,null,null,null,null,null,"Net Depreciation",null,{"$f":"K57","v":-1870111}]
[]
["Notes:"]
[]
[1,"Tables in the format outlined above covering all fixed asset accounts should be submitted for the Test Year, Bridge Year and all relevant historical years.  At a minimum , the applicant must provide data for the earlier of: 1) all historical years back to its last rebasing; or 2) at least three years of historical actuals, in addition to Bridge Year and Test Year forecasts."]
[]
[]
[2,"The \"CCA Class\" for fixed assets should agree with the CCA Class used for tax purposes in Tax Returns. Fixed Assets sub-components may be used where the underlying asset components are classified under multiple CCA Classes for tax purposes. If an applicant uses any different classes from those shown in the table, an explanation should be provided. (also see note 3 below)."]
[]
[]
[3,"The table may need to be customized for a utility's asset categories or for any new asset accounts announced or authorized by the Board."]
[]
[4,"The depreciation column (D) is not required as the relevant information will be provided in the following 2-C series of appendices."]

{"sheet":"App.2-B_FA Cont 2011 CGAAP  ","index":6,"n_rows":78,"n_cols":14,"rows_kept":78,"cut":false,"hidden":false,"merged":[[75,1,75,13],[8,0,8,13],[9,0,9,13],[13,4,13,7],[69,1,70,13],[72,1,73,13]]}
[null,null,null,null,null,null,null,null,null,null,null,null,"File Number:",{"$f":"'LDC Info'!$E$18","v":"EB-2012-0173"}]
[null,null,null,null,null,null,null,null,null,null,null,null,"Exhibit:",2]
[null,null,null,null,null,null,null,null,null,null,null,null,"Tab:",2]
[null,null,null,null,null,null,null,null,null,null,null,null,"Schedule:",1]
[null,null,null,null,null,null,null,null,null,null,null,null,"Page:","4 of 11"]
[]
[null,null,null,null,null,null,null,null,null,null,null,null,"Date:","Aug 31, 2012"]
[]
["Appendix 2-B"]
["Fixed Asset Continuity Schedule-CGAAP"]
[]
[null,null,null,null,null,"Year ",2011]
[]
[null,null,null,null,"Cost",null,null,null,null,null,"Accumulated Depreciation"]
["CCA Class","OEB","Description","Depreciation Rate","Opening Balance","Additions","Disposals","Closing Balance",null,"Opening Balance","Additions","Disposals","Closing Balance","Net Book Value"]
[12,1611,"Computer Software (Formally known as Account 1925)",null,null,null,null,{"$f":"E16+F16+G16","v":0},null,null,null,null,{"$f":"J16+K16+L16","v":0},{"$f":"H16+M16","v":0}]
["CEC",1612,"Land Rights (Formally known as Account 1906)",null,null,null,null,{"$f":"E17+F17+G17","v":0},null,null,null,null,{"$f":"J17+K17+L17","v":0},{"$f":"H17+M17","v":0}]
["N/A",1805,"Land",null,{"$f":"'App.2-B_FA Cont 2010 CGAAP '!H18","v":158686},null,null,{"$f":"E18+F18+G18","v":158686},null,{"$f":"'App.2-B_FA Cont 2010 CGAAP '!M18","v":0},null,null,{"$f":"J18+K18+L18","v":0},{"$f":"H18+M18","v":158686}]
[null,1806,"Land Rights ",null,{"$f":"'App.2-B_FA Cont 2010 CGAAP '!H19","v":70296},null,null,{"$f":"E19+F19+G19","v":70296},null,{"$f":"'App.2-B_FA Cont 2010 CGAAP '!M19","v":-58526},-465,null,{"$f":"J19+K19+L19","v":-58991},{"$f":"H19+M19","v":11305}]
[47,1808,"Buildings",null,{"$f":"'App.2-B_FA Cont 2010 CGAAP '!H20","v":96567},null,null,96567,null,{"$f":"'App.2-B_FA Cont 2010 CGAAP '!M20","v":-56715},-2040,null,-58755,37812]
[13,1810,"Leasehold Improvements",null,{"$f":"'App.2-B_FA Cont 2010 CGAAP '!H21","v":0},null,null,0,null,{"$f":"'App.2-B_FA Cont 2010 CGAAP '!M21","v":0},null,null,0,0]
[47,1815,"Transformer Station Equipment >50 kV",null,{"$f":"'App.2-B_FA Cont 2010 CGAAP '!H22","v":439185},28174,null,467359,null,{"$f":"'App.2-B_FA Cont 2010 CGAAP '!M22","v":-7411},-15579,null,-22990,444369]
[47,1820,"Distribution Station Equipment <50 kV",null,{"$f":"'App.2-B_FA Cont 2010 CGAAP '!H23","v":4011205},30541,null,4041746,null,{"$f":"'App.2-B_FA Cont 2010 CGAAP '!M23","v":-2360921},-110295,null,-2471216,1570530]
[47,1825,"Storage Battery Equipment",null,{"$f":"'App.2-B_FA Cont 2010 CGAAP '!H24","v":0},null,null,0,null,{"$f":"'App.2-B_FA Cont 2010 CGAAP '!M24","v":0},null,null,0,0]
[47,1830,"Poles, Towers & Fixtures",null,{"$f":"'App.2-B_FA Cont 2010 CGAAP '!H25","v":5581253},870254,null,6451507,null,{"$f":"'App.2-B_FA Cont 2010 CGAAP '!M25","v":-809857},-240658,null,-1050515,5400992]
[47,1835,"Overhead Conductors & Devices",null,{"$f":"'App.2-B_FA Cont 2010 CGAAP '!H26","v":12474257},114952,null,12589209,null,{"$f":"'App.2-B_FA Cont 2010 CGAAP '!M26","v":-7752596},-433779,null,-8186375,4402834]
[47,1840,"Underground Conduit",null,{"$f":"'App.2-B_FA Cont 2010 CGAAP '!H27","v":715703},110951,null,826654,null,{"$f":"'App.2-B_FA Cont 2010 CGAAP '!M27","v":-82876},-30847,null,-113723,712931]
[47,1845,"Underground Conductors & Devices",null,{"$f":"'App.2-B_FA Cont 2010 CGAAP '!H28","v":11054862},404033,null,11458895,null,{"$f":"'App.2-B_FA Cont 2010 CGAAP '!M28","v":-6816031},-419922,null,-7235953,4222942]
[47,1850,"Line Transformers",null,{"$f":"'App.2-B_FA Cont 2010 CGAAP '!H29","v":6240120},260447,-32834,6467733,null,{"$f":"'App.2-B_FA Cont 2010 CGAAP '!M29","v":-3089364},-245651,32794,-3302221,3165512]
[47,1855,"Services (Overhead & Underground)",null,{"$f":"'App.2-B_FA Cont 2010 CGAAP '!H30","v":499727},147746,null,647473,null,{"$f":"'App.2-B_FA Cont 2010 CGAAP '!M30","v":-82990},-22944,null,-105934,541539]
[47,1860,"Meters",null,{"$f":"'App.2-B_FA Cont 2010 CGAAP '!H31","v":2389503},26046,null,2415549,null,{"$f":"'App.2-B_FA Cont 2010 CGAAP '!M31","v":-1656275},-63385,null,-1719660,695889]
[47,1860,"Meters (Smart Meters)",null,{"$f":"'App.2-B_FA Cont 2010 CGAAP '!H32","v":0},null,null,0,null,{"$f":"'App.2-B_FA Cont 2010 CGAAP '!M32","v":0},null,null,0,0]
[null,1870,"Other Installations-Customer Premises",null,{"$f":"'App.2-B_FA Cont 2010 CGAAP '!H33","v":8010},null,null,8010,null,{"$f":"'App.2-B_FA Cont 2010 CGAAP '!M33","v":-2562},-320,null,-2882,5128]
["N/A",1905,"Land",null,{"$f":"'App.2-B_FA Cont 2010 CGAAP '!H34","v":0},null,null,0,null,{"$f":"'App.2-B_FA Cont 2010 CGAAP '!M34","v":0},null,null,0,0]
[47,1908,"Buildings & Fixtures",null,{"$f":"'App.2-B_FA Cont 2010 CGAAP '!H35","v":1874843},292812,null,2167655,null,{"$f":"'App.2-B_FA Cont 2010 CGAAP '!M35","v":-909999},-46098,null,-956097,1211558]
[13,1910,"Leasehold Improvements",null,{"$f":"'App.2-B_FA Cont 2010 CGAAP '!H36","v":0},null,null,0,null,{"$f":"'App.2-B_FA Cont 2010 CGAAP '!M36","v":0},null,null,0,0]
[8,1915,"Office Furniture & Equipment (10 years)",null,{"$f":"'App.2-B_FA Cont 2010 CGAAP '!H37","v":84584},5735,null,90319,null,{"$f":"'App.2-B_FA Cont 2010 CGAAP '!M37","v":-41470},-8134,null,-49604,40715]
[8,1915,"Office Furniture & Equipment (5 years)",null,{"$f":"'App.2-B_FA Cont 2010 CGAAP '!H38","v":0},null,null,0,null,{"$f":"'App.2-B_FA Cont 2010 CGAAP '!M38","v":0},null,null,0,0]
[10,1920,"Computer Equipment - Hardware",null,{"$f":"'App.2-B_FA Cont 2010 CGAAP '!H39","v":225624},20247,null,245871,null,{"$f":"'App.2-B_FA Cont 2010 CGAAP '!M39","v":-192636},-15978,null,-208614,37257]
[45,1920,"Computer Equip.-Hardware(Post Mar. 22/04)",null,{"$f":"'App.2-B_FA Cont 2010 CGAAP '!H40","v":0},null,null,0,null,{"$f":"'App.2-B_FA Cont 2010 CGAAP '!M40","v":0},null,null,0,0]
[45.1,1920,"Computer Equip.-Hardware(Post Mar. 19/07)",null,{"$f":"'App.2-B_FA Cont 2010 CGAAP '!H41","v":0},null,null,0,null,{"$f":"'App.2-B_FA Cont 2010 CGAAP '!M41","v":0},null,null,0,0]
[null,1925,"Computer Software ",null,{"$f":"'App.2-B_FA Cont 2010 CGAAP '!H42","v":741611},240934,null,982545,null,{"$f":"'App.2-B_FA Cont 2010 CGAAP '!M42","v":-390845},-44794,null,-435639,546906]
[10,1930,"Transportation Equipment",null,{"$f":"'App.2-B_FA Cont 2010 CGAAP '!H43","v":1473292},66729,-148571,1391450,null,{"$f":"'App.2-B_FA Cont 2010 CGAAP '!M43","v":-1236362},-37337,148574,-1125125,266325]
[8,1935,"Stores Equipment",null,{"$f":"'App.2-B_FA Cont 2010 CGAAP '!H44","v":30023},null,null,30023,null,{"$f":"'App.2-B_FA Cont 2010 CGAAP '!M44","v":-26332},-761,null,-27093,2930]
[8,1940,"Tools, Shop & Garage Equipment",null,{"$f":"'App.2-B_FA Cont 2010 CGAAP '!H45","v":114950},null,null,114950,null,{"$f":"'App.2-B_FA Cont 2010 CGAAP '!M45","v":-71953},-7886,null,-79839,35111]
[8,1945,"Measurement & Testing Equipment",null,{"$f":"'App.2-B_FA Cont 2010 CGAAP '!H46","v":18386},2005,null,20391,null,{"$f":"'App.2-B_FA Cont 2010 CGAAP '!M46","v":-14297},-1449,null,-15746,4645]
[8,1950,"Power Operated Equipment",null,{"$f":"'App.2-B_FA Cont 2010 CGAAP '!H47","v":0},null,null,0,null,{"$f":"'App.2-B_FA Cont 2010 CGAAP '!M47","v":0},null,null,0,0]
[8,1955,"Communications Equipment",null,{"$f":"'App.2-B_FA Cont 2010 CGAAP '!H48","v":73252},null,null,73252,null,{"$f":"'App.2-B_FA Cont 2010 CGAAP '!M48","v":-54299},-14932,null,-69231,4021]
[8,1955,"Communication Equipment (Smart Meters)",null,{"$f":"'App.2-B_FA Cont 2010 CGAAP '!H49","v":0},null,null,0,null,{"$f":"'App.2-B_FA Cont 2010 CGAAP '!M49","v":0},null,null,0,0]
[8,1960,"Miscellaneous Equipment ",null,{"$f":"'App.2-B_FA Cont 2010 CGAAP '!H50","v":315235},null,null,315235,null,{"$f":"'App.2-B_FA Cont 2010 CGAAP '!M50","v":-59296},-11128,null,-70424,244811]
[47,1975,"Load Management Controls Utility Premises",null,{"$f":"'App.2-B_FA Cont 2010 CGAAP '!H51","v":0},null,null,0,null,{"$f":"'App.2-B_FA Cont 2010 CGAAP '!M51","v":0},null,null,0,0]
[47,1980,"System Supervisor Equipment",null,{"$f":"'App.2-B_FA Cont 2010 CGAAP '!H52","v":1134745},null,null,1134745,null,{"$f":"'App.2-B_FA Cont 2010 CGAAP '!M52","v":-807360},-51998,null,-859358,275387]
[47,1985,"Miscellaneous Fixed Assets",null,{"$f":"'App.2-B_FA Cont 2010 CGAAP '!H53","v":0},null,null,0,null,{"$f":"'App.2-B_FA Cont 2010 CGAAP '!M53","v":0},null,null,0,0]
[47,1995,"Contributions & Grants",null,{"$f":"'App.2-B_FA Cont 2010 CGAAP '!H54","v":-1728419},-305181,null,-2033600,null,{"$f":"'App.2-B_FA Cont 2010 CGAAP '!M54","v":287235},75240,null,362475,-1671125]
[null,"etc.",null,null,{"$f":"'App.2-B_FA Cont 2010 CGAAP '!H55","v":0},null,null,0,null,{"$f":"'App.2-B_FA Cont 2010 CGAAP '!M55","v":0},null,null,0,0]
[null,null,null,null,{"$f":"'App.2-B_FA Cont 2010 CGAAP '!H56","v":0},null,null,0,null,{"$f":"'App.2-B_FA Cont 2010 CGAAP '!M56","v":0},null,null,0,0]
[null,null,"Total",null,{"$f":"SUM(E16:E56)","v":48097500},{"$f":"SUM(F16:F56)","v":2316425},-181405,50232520,null,{"$f":"SUM(J16:J56)","v":-26293738},{"$f":"SUM(K16:K56)","v":-1751140},181368,-27863510,22369010]
[]
[null,null,"Transfer Smart Meters from 1555 to Various Accounts",null,null,null,null,3032864,null,null,null,null,-458210,{"$f":"H59+M59","v":2574654}]
[null,null,"Transfer Stranded Meters from 1860 to 1555",null,null,null,null,-2191404,null,null,null,null,1635495,{"$f":"H60+M60","v":-555909}]
[null,null,"Revised Closing Blance Forward",null,null,null,null,{"$f":"H57+H59+H60","v":51073980},null,null,null,null,{"$f":"M57+M59+M60","v":-26686225},{"$f":"N57+N59+N60","v":24387755}]
[]
[null,null,null,null,null,null,null,null,null,"Less: Fully Allocated Depreciation"]
[10,null,"Transportation",null,null,null,null,null,null,"Transportation"]
[8,null,"Stores Equipment",null,null,null,null,null,null,"Stores Equipment"]
[null,null,null,null,null,null,null,null,null,"Net Depreciation",null,{"$f":"K57","v":-1751140}]
[]
["Notes:"]
[]
[1,"Tables in the format outlined above covering all fixed asset accounts should be submitted for the Test Year, Bridge Year and all relevant historical years.  At a minimum , the applicant must provide data for the earlier of: 1) all historical years back to its last rebasing; or 2) at least three years of historical actuals, in addition to Bridge Year and Test Year forecasts."]
[]
[]
[2,"The \"CCA Class\" for fixed assets should agree with the CCA Class used for tax purposes in Tax Returns. Fixed Assets sub-components may be used where the underlying asset components are classified under multiple CCA Classes for tax purposes. If an applicant uses any different classes from those shown in the table, an explanation should be provided. (also see note 3 below)."]
[]
[]
[3,"The table may need to be customized for a utility's asset categories or for any new asset accounts announced or authorized by the Board."]
[]
[4,"The depreciation column (D) is not required as the relevant information will be provided in the following 2-C series of appendices."]

{"sheet":"App.2-B_FA Cont 2012 CGAAP  ","index":7,"n_rows":74,"n_cols":14,"rows_kept":74,"cut":false,"hidden":false,"merged":[[71,1,71,13],[8,0,8,13],[9,0,9,13],[13,4,13,7],[65,1,66,13],[68,1,69,13]]}
[null,null,null,null,null,null,null,null,null,null,null,null,"File Number:",{"$f":"'LDC Info'!$E$18","v":"EB-2012-0173"}]
[null,null,null,null,null,null,null,null,null,null,null,null,"Exhibit:",2]
[null,null,null,null,null,null,null,null,null,null,null,null,"Tab:",2]
[null,null,null,null,null,null,null,null,null,null,null,null,"Schedule:",1]
[null,null,null,null,null,null,null,null,null,null,null,null,"Page:","5 of 11"]
[]
[null,null,null,null,null,null,null,null,null,null,null,null,"Date:","Aug 31, 2012"]
[]
["Appendix 2-B"]
["Fixed Asset Continuity Schedule-CGAAP"]
[]
[null,null,null,null,null,"Year ",2012]
[]
[null,null,null,null,"Cost",null,null,null,null,null,"Accumulated Depreciation"]
["CCA Class","OEB","Description","Depreciation Rate","Opening Balance","Additions","Disposals","Closing Balance",null,"Opening Balance","Additions","Disposals","Closing Balance","Net Book Value"]
[12,1611,"Computer Software (Formally known as Account 1925)",null,null,null,null,{"$f":"E16+F16+G16","v":0},null,null,null,null,{"$f":"J16+K16+L16","v":0},{"$f":"H16+M16","v":0}]
["CEC",1612,"Land Rights (Formally known as Account 1906)",null,null,null,null,{"$f":"E17+F17+G17","v":0},null,null,null,null,{"$f":"J17+K17+L17","v":0},{"$f":"H17+M17","v":0}]
["N/A",1805,"Land",null,{"$f":"'App.2-B_FA Cont 2011 CGAAP  '!H18","v":158686},null,null,{"$f":"E18+F18+G18","v":158686},null,{"$f":"'App.2-B_FA Cont 2011 CGAAP  '!M18","v":0},null,null,{"$f":"J18+K18+L18","v":0},{"$f":"H18+M18","v":158686}]
[null,1806,"Land Rights ",null,{"$f":"'App.2-B_FA Cont 2011 CGAAP  '!H19","v":70296},null,null,{"$f":"E19+F19+G19","v":70296},null,{"$f":"'App.2-B_FA Cont 2011 CGAAP  '!M19","v":-58991},-465,null,{"$f":"J19+K19+L19","v":-59456},{"$f":"H19+M19","v":10840}]
[47,1808,"Buildings",null,{"$f":"'App.2-B_FA Cont 2011 CGAAP  '!H20","v":96567},null,null,96567,null,{"$f":"'App.2-B_FA Cont 2011 CGAAP  '!M20","v":-58755},-2041,null,-60796,35771]
[13,1810,"Leasehold Improvements",null,{"$f":"'App.2-B_FA Cont 2011 CGAAP  '!H21","v":0},null,null,0,null,{"$f":"'App.2-B_FA Cont 2011 CGAAP  '!M21","v":0},null,null,0,0]
[47,1815,"Transformer Station Equipment >50 kV",null,{"$f":"'App.2-B_FA Cont 2011 CGAAP  '!H22","v":467359},null,null,467359,null,{"$f":"'App.2-B_FA Cont 2011 CGAAP  '!M22","v":-22990},-15579,null,-38569,428790]
[47,1820,"Distribution Station Equipment <50 kV",null,{"$f":"'App.2-B_FA Cont 2011 CGAAP  '!H23","v":4041746},null,null,4041746,null,{"$f":"'App.2-B_FA Cont 2011 CGAAP  '!M23","v":-2471216},-106654,null,-2577870,1463876]
[47,1825,"Storage Battery Equipment",null,{"$f":"'App.2-B_FA Cont 2011 CGAAP  '!H24","v":0},null,null,0,null,{"$f":"'App.2-B_FA Cont 2011 CGAAP  '!M24","v":0},null,null,0,0]
[47,1830,"Poles, Towers & Fixtures",null,{"$f":"'App.2-B_FA Cont 2011 CGAAP  '!H25","v":6451507},{"$f":"610000+68085","v":678085},null,7129592,null,{"$f":"'App.2-B_FA Cont 2011 CGAAP  '!M25","v":-1050515},{"$f":"-270260-1362","v":-271622},null,-1322137,5807455]
[47,1835,"Overhead Conductors & Devices",null,{"$f":"'App.2-B_FA Cont 2011 CGAAP  '!H26","v":12589209},367500,null,12956709,null,{"$f":"'App.2-B_FA Cont 2011 CGAAP  '!M26","v":-8186375},-431813,null,-8618188,4338521]
[47,1840,"Underground Conduit",null,{"$f":"'App.2-B_FA Cont 2011 CGAAP  '!H27","v":826654},90000,null,916654,null,{"$f":"'App.2-B_FA Cont 2011 CGAAP  '!M27","v":-113723},-34866,null,-148589,768065]
[47,1845,"Underground Conductors & Devices",null,{"$f":"'App.2-B_FA Cont 2011 CGAAP  '!H28","v":11458895},195000,null,11653895,null,{"$f":"'App.2-B_FA Cont 2011 CGAAP  '!M28","v":-7235953},-414305,null,-7650258,4003637]
[47,1850,"Line Transformers",null,{"$f":"'App.2-B_FA Cont 2011 CGAAP  '!H29","v":6467733},427500,null,6895233,null,{"$f":"'App.2-B_FA Cont 2011 CGAAP  '!M29","v":-3302221},-252266,null,-3554487,3340746]
[47,1855,"Services (Overhead & Underground)",null,{"$f":"'App.2-B_FA Cont 2011 CGAAP  '!H30","v":647473},40000,null,687473,null,{"$f":"'App.2-B_FA Cont 2011 CGAAP  '!M30","v":-105934},-26699,null,-132633,554840]
[47,1860,"Meters",null,224145,null,null,224145,null,-84165,-8475,null,-92640,131505]
[47,1860,"Meters (Smart Meters)",null,2755384,12000,null,2767384,null,-386894,-184092,null,-570986,2196398]
[null,1870,"Other Installations-Customer Premises",null,{"$f":"'App.2-B_FA Cont 2011 CGAAP  '!H33","v":8010},null,null,8010,null,{"$f":"'App.2-B_FA Cont 2011 CGAAP  '!M33","v":-2882},-320,null,-3202,4808]
["N/A",1905,"Land",null,{"$f":"'App.2-B_FA Cont 2011 CGAAP  '!H34","v":0},null,null,0,null,{"$f":"'App.2-B_FA Cont 2011 CGAAP  '!M34","v":0},null,null,0,0]
[47,1908,"Buildings & Fixtures",null,2169785,275000,null,2444785,null,-956310,-60650,null,-1016960,1427825]
[13,1910,"Leasehold Improvements",null,{"$f":"'App.2-B_FA Cont 2011 CGAAP  '!H36","v":0},null,null,0,null,{"$f":"'App.2-B_FA Cont 2011 CGAAP  '!M36","v":0},null,null,0,0]
[8,1915,"Office Furniture & Equipment (10 years)",null,{"$f":"'App.2-B_FA Cont 2011 CGAAP  '!H37","v":90319},17500,null,107819,null,{"$f":"'App.2-B_FA Cont 2011 CGAAP  '!M37","v":-49604},-9250,null,-58854,48965]
[8,1915,"Office Furniture & Equipment (5 years)",null,{"$f":"'App.2-B_FA Cont 2011 CGAAP  '!H38","v":0},null,null,0,null,{"$f":"'App.2-B_FA Cont 2011 CGAAP  '!M38","v":0},null,null,0,0]
[10,1920,"Computer Equipment - Hardware",null,287608,35000,null,322608,null,-223707,-25442,null,-249149,73459]
[45,1920,"Computer Equip.-Hardware(Post Mar. 22/04)",null,{"$f":"'App.2-B_FA Cont 2011 CGAAP  '!H40","v":0},null,null,0,null,{"$f":"'App.2-B_FA Cont 2011 CGAAP  '!M40","v":0},null,null,0,0]
[45.1,1920,"Computer Equip.-Hardware(Post Mar. 19/07)",null,{"$f":"'App.2-B_FA Cont 2011 CGAAP  '!H41","v":0},null,null,0,null,{"$f":"'App.2-B_FA Cont 2011 CGAAP  '!M41","v":0},null,null,0,0]
[null,1925,"Computer Software ",null,1010405,90000,null,1100405,null,-441749,-138101,null,-579850,520555]
[10,1930,"Transportation Equipment",null,{"$f":"'App.2-B_FA Cont 2011 CGAAP  '!H43","v":1391450},null,null,1391450,null,{"$f":"'App.2-B_FA Cont 2011 CGAAP  '!M43","v":-1125125},-40898,null,-1166023,225427]
[8,1935,"Stores Equipment",null,{"$f":"'App.2-B_FA Cont 2011 CGAAP  '!H44","v":30023},null,null,30023,null,{"$f":"'App.2-B_FA Cont 2011 CGAAP  '!M44","v":-27093},-761,null,-27854,2169]
[8,1940,"Tools, Shop & Garage Equipment",null,{"$f":"'App.2-B_FA Cont 2011 CGAAP  '!H45","v":114950},13000,null,127950,null,{"$f":"'App.2-B_FA Cont 2011 CGAAP  '!M45","v":-79839},-8121,null,-87960,39990]
[8,1945,"Measurement & Testing Equipment",null,{"$f":"'App.2-B_FA Cont 2011 CGAAP  '!H46","v":20391},null,null,20391,null,{"$f":"'App.2-B_FA Cont 2011 CGAAP  '!M46","v":-15746},-1035,null,-16781,3610]
[8,1950,"Power Operated Equipment",null,{"$f":"'App.2-B_FA Cont 2011 CGAAP  '!H47","v":0},null,null,0,null,{"$f":"'App.2-B_FA Cont 2011 CGAAP  '!M47","v":0},null,null,0,0]
[8,1955,"Communications Equipment",null,279005,null,null,279005,null,-119132,-24857,null,-143989,135016]
[8,1955,"Communication Equipment (Smart Meters)",null,{"$f":"'App.2-B_FA Cont 2011 CGAAP  '!H49","v":0},null,null,0,null,{"$f":"'App.2-B_FA Cont 2011 CGAAP  '!M49","v":0},null,null,0,0]
[8,1960,"Miscellaneous Equipment ",null,{"$f":"'App.2-B_FA Cont 2011 CGAAP  '!H50","v":315235},null,null,315235,null,{"$f":"'App.2-B_FA Cont 2011 CGAAP  '!M50","v":-70424},-11128,null,-81552,233683]
[47,1975,"Load Management Controls Utility Premises",null,{"$f":"'App.2-B_FA Cont 2011 CGAAP  '!H51","v":0},null,null,0,null,{"$f":"'App.2-B_FA Cont 2011 CGAAP  '!M51","v":0},null,null,0,0]
[47,1980,"System Supervisor Equipment",null,{"$f":"'App.2-B_FA Cont 2011 CGAAP  '!H52","v":1134745},27500,null,1162245,null,{"$f":"'App.2-B_FA Cont 2011 CGAAP  '!M52","v":-859358},-53094,null,-912452,249793]
[47,1985,"Miscellaneous Fixed Assets",null,{"$f":"'App.2-B_FA Cont 2011 CGAAP  '!H53","v":0},null,null,0,null,{"$f":"'App.2-B_FA Cont 2011 CGAAP  '!M53","v":0},null,null,0,0]
[47,1995,"Contributions & Grants",null,{"$f":"'App.2-B_FA Cont 2011 CGAAP  '!H54","v":-2033600},-100000,null,-2133600,null,{"$f":"'App.2-B_FA Cont 2011 CGAAP  '!M54","v":362475},83343,null,445818,-1687782]
[null,"etc.",null,null,{"$f":"'App.2-B_FA Cont 2011 CGAAP  '!H55","v":0},null,null,0,null,{"$f":"'App.2-B_FA Cont 2011 CGAAP  '!M55","v":0},null,null,0,0]
[null,null,null,null,{"$f":"'App.2-B_FA Cont 2011 CGAAP  '!H56","v":0},null,null,0,null,{"$f":"'App.2-B_FA Cont 2011 CGAAP  '!M56","v":0},null,null,0,0]
[null,null,"Total",null,{"$f":"SUM(E16:E56)","v":51073980},{"$f":"SUM(F16:F56)","v":2168085},0,53242065,null,{"$f":"SUM(J16:J56)","v":-26686226},{"$f":"SUM(K16:K56)","v":-2039191},0,-28725417,24516648]
[]
[null,null,null,null,null,null,null,null,null,"Less: Fully Allocated Depreciation"]
[10,null,"Transportation",null,null,null,null,null,null,"Transportation"]
[8,null,"Stores Equipment",null,null,null,null,null,null,"Stranded Meters",null,-75669]
[null,null,null,null,null,null,null,null,null,"Net Depreciation",null,{"$f":"K57+L60+L61","v":-2114860}]
[]
["Notes:"]
[]
[1,"Tables in the format outlined above covering all fixed asset accounts should be submitted for the Test Year, Bridge Year and all relevant historical years.  At a minimum , the applicant must provide data for the earlier of: 1) all historical years back to its last rebasing; or 2) at least three years of historical actuals, in addition to Bridge Year and Test Year forecasts."]
[]
[]
[2,"The \"CCA Class\" for fixed assets should agree with the CCA Class used for tax purposes in Tax Returns. Fixed Assets sub-components may be used where the underlying asset components are classified under multiple CCA Classes for tax purposes. If an applicant uses any different classes from those shown in the table, an explanation should be provided. (also see note 3 below)."]
[]
[]
[3,"The table may need to be customized for a utility's asset categories or for any new asset accounts announced or authorized by the Board."]
[]
[4,"The depreciation column (D) is not required as the relevant information will be provided in the following 2-C series of appendices."]

{"sheet":"App.2-B_FA Cont 2012 MIFRS","index":8,"n_rows":74,"n_cols":14,"rows_kept":74,"cut":false,"hidden":false,"merged":[[71,1,71,13],[8,0,8,13],[9,0,9,13],[13,4,13,7],[65,1,66,13],[68,1,69,13]]}
[null,null,null,null,null,null,null,null,null,null,null,null,"File Number:",{"$f":"'LDC Info'!$E$18","v":"EB-2012-0173"}]
[null,null,null,null,null,null,null,null,null,null,null,null,"Exhibit:",2]
[null,null,null,null,null,null,null,null,null,null,null,null,"Tab:",2]
[null,null,null,null,null,null,null,null,null,null,null,null,"Schedule:",1]
[null,null,null,null,null,null,null,null,null,null,null,null,"Page:","6 of 11"]
[]
[null,null,null,null,null,null,null,null,null,null,null,null,"Date:","Aug 31, 2012"]
[]
["Appendix 2-B"]
["Fixed Asset Continuity Schedule-MIFRS"]
[]
[null,null,null,null,null,"Year ",2012]
[]
[null,null,null,null,"Cost",null,null,null,null,null,"Accumulated Depreciation"]
["CCA Class","OEB","Description","Depreciation Rate","Opening Balance","Additions","Disposals","Closing Balance",null,"Opening Balance","Additions","Disposals","Closing Balance","Net Book Value"]
[12,1611,"Computer Software (Formally known as Account 1925)",null,null,null,null,{"$f":"E16+F16+G16","v":0},null,null,null,null,{"$f":"J16+K16+L16","v":0},{"$f":"H16+M16","v":0}]
["CEC",1612,"Land Rights (Formally known as Account 1906)",null,null,null,null,{"$f":"E17+F17+G17","v":0},null,null,null,null,{"$f":"J17+K17+L17","v":0},{"$f":"H17+M17","v":0}]
["N/A",1805,"Land",null,{"$f":"'App.2-B_FA Cont 2012 CGAAP  '!E18","v":158686},null,null,{"$f":"E18+F18+G18","v":158686},null,{"$f":"'App.2-B_FA Cont 2012 CGAAP  '!J18","v":0},null,null,{"$f":"J18+K18+L18","v":0},{"$f":"H18+M18","v":158686}]
[null,1806,"Land Rights ",null,{"$f":"'App.2-B_FA Cont 2012 CGAAP  '!E19","v":70296},null,null,{"$f":"E19+F19+G19","v":70296},null,{"$f":"'App.2-B_FA Cont 2012 CGAAP  '!J19","v":-58991},-640,null,{"$f":"J19+K19+L19","v":-59631},{"$f":"H19+M19","v":10665}]
[47,1808,"Buildings",null,{"$f":"'App.2-B_FA Cont 2012 CGAAP  '!E20","v":96567},null,null,96567,null,{"$f":"'App.2-B_FA Cont 2012 CGAAP  '!J20","v":-58755},-1236,null,-59991,36576]
[13,1810,"Leasehold Improvements",null,{"$f":"'App.2-B_FA Cont 2012 CGAAP  '!E21","v":0},null,null,0,null,{"$f":"'App.2-B_FA Cont 2012 CGAAP  '!J21","v":0},null,null,0,0]
[47,1815,"Transformer Station Equipment >50 kV",null,{"$f":"'App.2-B_FA Cont 2012 CGAAP  '!E22","v":467359},null,null,467359,null,{"$f":"'App.2-B_FA Cont 2012 CGAAP  '!J22","v":-22990},-14857,null,-37847,429512]
[47,1820,"Distribution Station Equipment <50 kV",null,{"$f":"'App.2-B_FA Cont 2012 CGAAP  '!E23","v":4041746},null,null,4041746,null,{"$f":"'App.2-B_FA Cont 2012 CGAAP  '!J23","v":-2471216},-71683,null,-2542899,1498847]
[47,1825,"Storage Battery Equipment",null,{"$f":"'App.2-B_FA Cont 2012 CGAAP  '!E24","v":0},null,null,0,null,{"$f":"'App.2-B_FA Cont 2012 CGAAP  '!J24","v":0},null,null,0,0]
[47,1830,"Poles, Towers & Fixtures",null,{"$f":"'App.2-B_FA Cont 2012 CGAAP  '!E25","v":6451507},{"$f":"515000+54015","v":569015},null,7020522,null,{"$f":"'App.2-B_FA Cont 2012 CGAAP  '!J25","v":-1050515},{"$f":"-122350-540","v":-122890},null,-1173405,5847117]
[47,1835,"Overhead Conductors & Devices",null,{"$f":"'App.2-B_FA Cont 2012 CGAAP  '!E26","v":12589209},305500,null,12894709,null,{"$f":"'App.2-B_FA Cont 2012 CGAAP  '!J26","v":-8186375},-120862,null,-8307237,4587472]
[47,1840,"Underground Conduit",null,{"$f":"'App.2-B_FA Cont 2012 CGAAP  '!E27","v":826654},79000,null,905654,null,{"$f":"'App.2-B_FA Cont 2012 CGAAP  '!J27","v":-113723},-16054,null,-129777,775877]
[47,1845,"Underground Conductors & Devices",null,{"$f":"'App.2-B_FA Cont 2012 CGAAP  '!E28","v":11458895},171000,null,11629895,null,{"$f":"'App.2-B_FA Cont 2012 CGAAP  '!J28","v":-7235953},-205480,null,-7441433,4188462]
[47,1850,"Line Transformers",null,{"$f":"'App.2-B_FA Cont 2012 CGAAP  '!E29","v":6467733},358500,null,6826233,null,{"$f":"'App.2-B_FA Cont 2012 CGAAP  '!J29","v":-3302221},-111060,null,-3413281,3412952]
[47,1855,"Services (Overhead & Underground)",null,{"$f":"'App.2-B_FA Cont 2012 CGAAP  '!E30","v":647473},34000,null,681473,null,{"$f":"'App.2-B_FA Cont 2012 CGAAP  '!J30","v":-105934},-15428,null,-121362,560111]
[47,1860,"Meters",null,{"$f":"'App.2-B_FA Cont 2012 CGAAP  '!E31","v":224145},null,null,224145,null,{"$f":"'App.2-B_FA Cont 2012 CGAAP  '!J31","v":-84165},-8475,null,-92640,131505]
[47,1860,"Meters (Smart Meters)",null,{"$f":"'App.2-B_FA Cont 2012 CGAAP  '!E32","v":2755384},12000,null,2767384,null,{"$f":"'App.2-B_FA Cont 2012 CGAAP  '!J32","v":-386894},-184092,null,-570986,2196398]
[null,1870,"Other Installations-Customer Premises",null,{"$f":"'App.2-B_FA Cont 2012 CGAAP  '!E33","v":8010},null,null,8010,null,{"$f":"'App.2-B_FA Cont 2012 CGAAP  '!J33","v":-2882},-2564,null,-5446,2564]
["N/A",1905,"Land",null,{"$f":"'App.2-B_FA Cont 2012 CGAAP  '!E34","v":0},null,null,0,null,{"$f":"'App.2-B_FA Cont 2012 CGAAP  '!J34","v":0},null,null,0,0]
[47,1908,"Buildings & Fixtures",null,{"$f":"'App.2-B_FA Cont 2012 CGAAP  '!E35","v":2169785},275000,null,2444785,null,{"$f":"'App.2-B_FA Cont 2012 CGAAP  '!J35","v":-956310},-61319,null,-1017629,1427156]
[13,1910,"Leasehold Improvements",null,{"$f":"'App.2-B_FA Cont 2012 CGAAP  '!E36","v":0},null,null,0,null,{"$f":"'App.2-B_FA Cont 2012 CGAAP  '!J36","v":0},null,null,0,0]
[8,1915,"Office Furniture & Equipment (10 years)",null,{"$f":"'App.2-B_FA Cont 2012 CGAAP  '!E37","v":90319},17500,null,107819,null,{"$f":"'App.2-B_FA Cont 2012 CGAAP  '!J37","v":-49604},-9250,null,-58854,48965]
[8,1915,"Office Furniture & Equipment (5 years)",null,{"$f":"'App.2-B_FA Cont 2012 CGAAP  '!E38","v":0},null,null,0,null,{"$f":"'App.2-B_FA Cont 2012 CGAAP  '!J38","v":0},null,null,0,0]
[10,1920,"Computer Equipment - Hardware",null,{"$f":"'App.2-B_FA Cont 2012 CGAAP  '!E39","v":287608},35000,null,322608,null,{"$f":"'App.2-B_FA Cont 2012 CGAAP  '!J39","v":-223707},-39126,null,-262833,59775]
[45,1920,"Computer Equip.-Hardware(Post Mar. 22/04)",null,{"$f":"'App.2-B_FA Cont 2012 CGAAP  '!E40","v":0},null,null,0,null,{"$f":"'App.2-B_FA Cont 2012 CGAAP  '!J40","v":0},null,null,0,0]
[45.1,1920,"Computer Equip.-Hardware(Post Mar. 19/07)",null,{"$f":"'App.2-B_FA Cont 2012 CGAAP  '!E41","v":0},null,null,0,null,{"$f":"'App.2-B_FA Cont 2012 CGAAP  '!J41","v":0},null,null,0,0]
[null,1925,"Computer Software ",null,{"$f":"'App.2-B_FA Cont 2012 CGAAP  '!E42","v":1010405},90000,null,1100405,null,{"$f":"'App.2-B_FA Cont 2012 CGAAP  '!J42","v":-441749},-138101,null,-579850,520555]
[10,1930,"Transportation Equipment",null,{"$f":"'App.2-B_FA Cont 2012 CGAAP  '!E43","v":1391450},null,null,1391450,null,{"$f":"'App.2-B_FA Cont 2012 CGAAP  '!J43","v":-1125125},-29819,null,-1154944,236506]
[8,1935,"Stores Equipment",null,{"$f":"'App.2-B_FA Cont 2012 CGAAP  '!E44","v":30023},null,null,30023,null,{"$f":"'App.2-B_FA Cont 2012 CGAAP  '!J44","v":-27093},-759,null,-27852,2171]
[8,1940,"Tools, Shop & Garage Equipment",null,{"$f":"'App.2-B_FA Cont 2012 CGAAP  '!E45","v":114950},13000,null,127950,null,{"$f":"'App.2-B_FA Cont 2012 CGAAP  '!J45","v":-79839},-8121,null,-87960,39990]
[8,1945,"Measurement & Testing Equipment",null,{"$f":"'App.2-B_FA Cont 2012 CGAAP  '!E46","v":20391},null,null,20391,null,{"$f":"'App.2-B_FA Cont 2012 CGAAP  '!J46","v":-15746},-1299,null,-17045,3346]
[8,1950,"Power Operated Equipment",null,{"$f":"'App.2-B_FA Cont 2012 CGAAP  '!E47","v":0},null,null,0,null,{"$f":"'App.2-B_FA Cont 2012 CGAAP  '!J47","v":0},null,null,0,0]
[8,1955,"Communications Equipment",null,{"$f":"'App.2-B_FA Cont 2012 CGAAP  '!E48","v":279005},null,null,279005,null,{"$f":"'App.2-B_FA Cont 2012 CGAAP  '!J48","v":-119132},-24143,null,-143275,135730]
[8,1955,"Communication Equipment (Smart Meters)",null,{"$f":"'App.2-B_FA Cont 2012 CGAAP  '!E49","v":0},null,null,0,null,{"$f":"'App.2-B_FA Cont 2012 CGAAP  '!J49","v":0},null,null,0,0]
[8,1960,"Miscellaneous Equipment ",null,{"$f":"'App.2-B_FA Cont 2012 CGAAP  '!E50","v":315235},null,null,315235,null,{"$f":"'App.2-B_FA Cont 2012 CGAAP  '!J50","v":-70424},-11128,null,-81552,233683]
[47,1975,"Load Management Controls Utility Premises",null,{"$f":"'App.2-B_FA Cont 2012 CGAAP  '!E51","v":0},null,null,0,null,{"$f":"'App.2-B_FA Cont 2012 CGAAP  '!J51","v":0},null,null,0,0]
[47,1980,"System Supervisor Equipment",null,{"$f":"'App.2-B_FA Cont 2012 CGAAP  '!E52","v":1134745},27500,null,1162245,null,{"$f":"'App.2-B_FA Cont 2012 CGAAP  '!J52","v":-859358},-49204,null,-908562,253683]
[47,1985,"Miscellaneous Fixed Assets",null,{"$f":"'App.2-B_FA Cont 2012 CGAAP  '!E53","v":0},null,null,0,null,{"$f":"'App.2-B_FA Cont 2012 CGAAP  '!J53","v":0},null,null,0,0]
[47,1995,"Contributions & Grants",null,{"$f":"'App.2-B_FA Cont 2012 CGAAP  '!E54","v":-2033600},-100000,null,-2133600,null,{"$f":"'App.2-B_FA Cont 2012 CGAAP  '!J54","v":362475},63000,null,425475,-1708125]
[null,"etc.",null,null,{"$f":"'App.2-B_FA Cont 2012 CGAAP  '!E55","v":0},null,null,0,null,{"$f":"'App.2-B_FA Cont 2012 CGAAP  '!J55","v":0},null,null,0,0]
[null,null,null,null,{"$f":"'App.2-B_FA Cont 2012 CGAAP  '!E56","v":0},null,null,0,null,{"$f":"'App.2-B_FA Cont 2012 CGAAP  '!J56","v":0},null,null,0,0]
[null,null,"Total",null,{"$f":"SUM(E16:E56)","v":51073980},{"$f":"SUM(F16:F56)","v":1887015},0,52960995,null,{"$f":"SUM(J16:J56)","v":-26686226},{"$f":"SUM(K16:K56)","v":-1184590},0,-27870816,25090179]
[]
[null,null,null,null,null,null,null,null,null,"Less: Fully Allocated Depreciation"]
[10,null,"Transportation",null,null,null,null,null,null,"Transportation"]
[8,null,"Stores Equipment",null,null,null,null,null,null,"Stranded Meters",null,-75669]
[null,null,null,null,null,null,null,null,null,"Net Depreciation",null,{"$f":"K57+L60+L61","v":-1260259}]
[]
["Notes:"]
[]
[1,"Tables in the format outlined above covering all fixed asset accounts should be submitted for the Test Year, Bridge Year and all relevant historical years.  At a minimum , the applicant must provide data for the earlier of: 1) all historical years back to its last rebasing; or 2) at least three years of historical actuals, in addition to Bridge Year and Test Year forecasts."]
[]
[]
[2,"The \"CCA Class\" for fixed assets should agree with the CCA Class used for tax purposes in Tax Returns. Fixed Assets sub-components may be used where the underlying asset components are classified under multiple CCA Classes for tax purposes. If an applicant uses any different classes from those shown in the table, an explanation should be provided. (also see note 3 below)."]
[]
[]
[3,"The table may need to be customized for a utility's asset categories or for any new asset accounts announced or authorized by the Board."]
[]
[4,"The depreciation column (D) is not required as the relevant information will be provided in the following 2-C series of appendices."]

{"sheet":"App.2-B_FA Cont 2013 MIFRS ","index":9,"n_rows":73,"n_cols":14,"rows_kept":73,"cut":false,"hidden":false,"merged":[[70,1,70,13],[8,0,8,13],[9,0,9,13],[13,4,13,7],[64,1,65,13],[67,1,68,13]]}
[null,null,null,null,null,null,null,null,null,null,null,null,"File Number:",{"$f":"'LDC Info'!$E$18","v":"EB-2012-0173"}]
[null,null,null,null,null,null,null,null,null,null,null,null,"Exhibit:",2]
[null,null,null,null,null,null,null,null,null,null,null,null,"Tab:",2]
[null,null,null,null,null,null,null,null,null,null,null,null,"Schedule:",1]
[null,null,null,null,null,null,null,null,null,null,null,null,"Page:","7 of 11"]
[]
[null,null,null,null,null,null,null,null,null,null,null,null,"Date:","Aug 31, 2012"]
[]
["Appendix 2-B"]
["Fixed Asset Continuity Schedule-MIFRS"]
[]
[null,null,null,null,null,"Year ",2013]
[]
[null,null,null,null,"Cost",null,null,null,null,null,"Accumulated Depreciation"]
["CCA Class","OEB","Description","Depreciation Rate","Opening Balance","Additions","Disposals","Closing Balance",null,"Opening Balance","Additions","Disposals","Closing Balance","Net Book Value"]
[12,1611,"Computer Software (Formally known as Account 1925)",null,null,null,null,{"$f":"E16+F16+G16","v":0},null,null,null,null,{"$f":"J16+K16+L16","v":0},{"$f":"H16+M16","v":0}]
["CEC",1612,"Land Rights (Formally known as Account 1906)",null,null,null,null,{"$f":"E17+F17+G17","v":0},null,null,null,null,{"$f":"J17+K17+L17","v":0},{"$f":"H17+M17","v":0}]
["N/A",1805,"Land",null,{"$f":"'App.2-B_FA Cont 2012 MIFRS'!H18","v":158686},null,null,{"$f":"E18+F18+G18","v":158686},null,{"$f":"'App.2-B_FA Cont 2012 MIFRS'!M18","v":0},null,null,{"$f":"J18+K18+L18","v":0},{"$f":"H18+M18","v":158686}]
[null,1806,"Land Rights ",null,{"$f":"'App.2-B_FA Cont 2012 MIFRS'!H19","v":70296},null,null,{"$f":"E19+F19+G19","v":70296},null,{"$f":"'App.2-B_FA Cont 2012 MIFRS'!M19","v":-59631},-640,null,{"$f":"J19+K19+L19","v":-60271},{"$f":"H19+M19","v":10025}]
[47,1808,"Buildings",null,{"$f":"'App.2-B_FA Cont 2012 MIFRS'!H20","v":96567},null,null,96567,null,{"$f":"'App.2-B_FA Cont 2012 MIFRS'!M20","v":-59991},-1236,null,-61227,35340]
[13,1810,"Leasehold Improvements",null,{"$f":"'App.2-B_FA Cont 2012 MIFRS'!H21","v":0},null,null,0,null,{"$f":"'App.2-B_FA Cont 2012 MIFRS'!M21","v":0},null,null,0,0]
[47,1815,"Transformer Station Equipment >50 kV",null,{"$f":"'App.2-B_FA Cont 2012 MIFRS'!H22","v":467359},null,null,467359,null,{"$f":"'App.2-B_FA Cont 2012 MIFRS'!M22","v":-37847},-14857,null,-52704,414655]
[47,1820,"Distribution Station Equipment <50 kV",null,{"$f":"'App.2-B_FA Cont 2012 MIFRS'!H23","v":4041746},null,null,4041746,null,{"$f":"'App.2-B_FA Cont 2012 MIFRS'!M23","v":-2542899},-71683,null,-2614582,1427164]
[47,1825,"Storage Battery Equipment",null,{"$f":"'App.2-B_FA Cont 2012 MIFRS'!H24","v":0},null,null,0,null,{"$f":"'App.2-B_FA Cont 2012 MIFRS'!M24","v":0},null,null,0,0]
[47,1830,"Poles, Towers & Fixtures",null,{"$f":"'App.2-B_FA Cont 2012 MIFRS'!H25","v":7020522},625000,null,7645522,null,{"$f":"'App.2-B_FA Cont 2012 MIFRS'!M25","v":-1173405},{"$f":"-133751-540-540","v":-134831},null,-1308236,6337286]
[47,1835,"Overhead Conductors & Devices",null,{"$f":"'App.2-B_FA Cont 2012 MIFRS'!H26","v":12894709},133600,null,13028309,null,{"$f":"'App.2-B_FA Cont 2012 MIFRS'!M26","v":-8307237},-125253,null,-8432490,4595819]
[47,1840,"Underground Conduit",null,{"$f":"'App.2-B_FA Cont 2012 MIFRS'!H27","v":905654},116200,null,1021854,null,{"$f":"'App.2-B_FA Cont 2012 MIFRS'!M27","v":-129777},-18006,null,-147783,874071]
[47,1845,"Underground Conductors & Devices",null,{"$f":"'App.2-B_FA Cont 2012 MIFRS'!H28","v":11629895},192100,null,11821995,null,{"$f":"'App.2-B_FA Cont 2012 MIFRS'!M28","v":-7441433},-211532,null,-7652965,4169030]
[47,1850,"Line Transformers",null,{"$f":"'App.2-B_FA Cont 2012 MIFRS'!H29","v":6826233},317300,null,7143533,null,{"$f":"'App.2-B_FA Cont 2012 MIFRS'!M29","v":-3413281},-119507,null,-3532788,3610745]
[47,1855,"Services (Overhead & Underground)",null,{"$f":"'App.2-B_FA Cont 2012 MIFRS'!H30","v":681473},35000,null,716473,null,{"$f":"'App.2-B_FA Cont 2012 MIFRS'!M30","v":-121362},-16290,null,-137652,578821]
[47,1860,"Meters",null,{"$f":"'App.2-B_FA Cont 2012 MIFRS'!H31","v":224145},null,null,224145,null,{"$f":"'App.2-B_FA Cont 2012 MIFRS'!M31","v":-92640},-8475,null,-101115,123030]
[47,1860,"Meters (Smart Meters)",null,{"$f":"'App.2-B_FA Cont 2012 MIFRS'!H32","v":2767384},50000,null,2817384,null,{"$f":"'App.2-B_FA Cont 2012 MIFRS'!M32","v":-570986},-186159,null,-757145,2060239]
[null,1870,"Other Installations-Customer Premises",null,{"$f":"'App.2-B_FA Cont 2012 MIFRS'!H33","v":8010},null,null,8010,null,{"$f":"'App.2-B_FA Cont 2012 MIFRS'!M33","v":-5446},-2564,null,-8010,0]
["N/A",1905,"Land",null,{"$f":"'App.2-B_FA Cont 2012 MIFRS'!H34","v":0},null,null,0,null,{"$f":"'App.2-B_FA Cont 2012 MIFRS'!M34","v":0},null,null,0,0]
[47,1908,"Buildings & Fixtures",null,{"$f":"'App.2-B_FA Cont 2012 MIFRS'!H35","v":2444785},20000,null,2464785,null,{"$f":"'App.2-B_FA Cont 2012 MIFRS'!M35","v":-1017629},-65006,null,-1082635,1382150]
[13,1910,"Leasehold Improvements",null,{"$f":"'App.2-B_FA Cont 2012 MIFRS'!H36","v":0},null,null,0,null,{"$f":"'App.2-B_FA Cont 2012 MIFRS'!M36","v":0},null,null,0,0]
[8,1915,"Office Furniture & Equipment (10 years)",null,{"$f":"'App.2-B_FA Cont 2012 MIFRS'!H37","v":107819},null,null,107819,null,{"$f":"'App.2-B_FA Cont 2012 MIFRS'!M37","v":-58854},-9591,null,-68445,39374]
[8,1915,"Office Furniture & Equipment (5 years)",null,{"$f":"'App.2-B_FA Cont 2012 MIFRS'!H38","v":0},null,null,0,null,{"$f":"'App.2-B_FA Cont 2012 MIFRS'!M38","v":0},null,null,0,0]
[10,1920,"Computer Equipment - Hardware",null,{"$f":"'App.2-B_FA Cont 2012 MIFRS'!H39","v":322608},46000,null,368608,null,{"$f":"'App.2-B_FA Cont 2012 MIFRS'!M39","v":-262833},-27988,null,-290821,77787]
[45,1920,"Computer Equip.-Hardware(Post Mar. 22/04)",null,{"$f":"'App.2-B_FA Cont 2012 MIFRS'!H40","v":0},null,null,0,null,{"$f":"'App.2-B_FA Cont 2012 MIFRS'!M40","v":0},null,null,0,0]
[45.1,1920,"Computer Equip.-Hardware(Post Mar. 19/07)",null,{"$f":"'App.2-B_FA Cont 2012 MIFRS'!H41","v":0},null,null,0,null,{"$f":"'App.2-B_FA Cont 2012 MIFRS'!M41","v":0},null,null,0,0]
[null,1925,"Computer Software ",null,{"$f":"'App.2-B_FA Cont 2012 MIFRS'!H42","v":1100405},58500,null,1158905,null,{"$f":"'App.2-B_FA Cont 2012 MIFRS'!M42","v":-579850},-144712,null,-724562,434343]
[10,1930,"Transportation Equipment",null,{"$f":"'App.2-B_FA Cont 2012 MIFRS'!H43","v":1391450},325165,-132851,1583764,null,{"$f":"'App.2-B_FA Cont 2012 MIFRS'!M43","v":-1154944},{"$f":"-41485+828","v":-40657},132851,-1062750,521014]
[8,1935,"Stores Equipment",null,{"$f":"'App.2-B_FA Cont 2012 MIFRS'!H44","v":30023},null,null,30023,null,{"$f":"'App.2-B_FA Cont 2012 MIFRS'!M44","v":-27852},-759,null,-28611,1412]
[8,1940,"Tools, Shop & Garage Equipment",null,{"$f":"'App.2-B_FA Cont 2012 MIFRS'!H45","v":127950},5000,null,132950,null,{"$f":"'App.2-B_FA Cont 2012 MIFRS'!M45","v":-87960},-8298,null,-96258,36692]
[8,1945,"Measurement & Testing Equipment",null,{"$f":"'App.2-B_FA Cont 2012 MIFRS'!H46","v":20391},null,null,20391,null,{"$f":"'App.2-B_FA Cont 2012 MIFRS'!M46","v":-17045},-1168,null,-18213,2178]
[8,1950,"Power Operated Equipment",null,{"$f":"'App.2-B_FA Cont 2012 MIFRS'!H47","v":0},null,null,0,null,{"$f":"'App.2-B_FA Cont 2012 MIFRS'!M47","v":0},null,null,0,0]
[8,1955,"Communications Equipment",null,{"$f":"'App.2-B_FA Cont 2012 MIFRS'!H48","v":279005},null,null,279005,null,{"$f":"'App.2-B_FA Cont 2012 MIFRS'!M48","v":-143275},-21373,null,-164648,114357]
[8,1955,"Communication Equipment (Smart Meters)",null,{"$f":"'App.2-B_FA Cont 2012 MIFRS'!H49","v":0},null,null,0,null,{"$f":"'App.2-B_FA Cont 2012 MIFRS'!M49","v":0},null,null,0,0]
[8,1960,"Miscellaneous Equipment ",null,{"$f":"'App.2-B_FA Cont 2012 MIFRS'!H50","v":315235},null,null,315235,null,{"$f":"'App.2-B_FA Cont 2012 MIFRS'!M50","v":-81552},-11128,null,-92680,222555]
[47,1975,"Load Management Controls Utility Premises",null,{"$f":"'App.2-B_FA Cont 2012 MIFRS'!H51","v":0},null,null,0,null,{"$f":"'App.2-B_FA Cont 2012 MIFRS'!M51","v":0},null,null,0,0]
[47,1980,"System Supervisor Equipment",null,{"$f":"'App.2-B_FA Cont 2012 MIFRS'!H52","v":1162245},52500,null,1214745,null,{"$f":"'App.2-B_FA Cont 2012 MIFRS'!M52","v":-908562},-50852,null,-959414,255331]
[47,1985,"Miscellaneous Fixed Assets",null,{"$f":"'App.2-B_FA Cont 2012 MIFRS'!H53","v":0},null,null,0,null,{"$f":"'App.2-B_FA Cont 2012 MIFRS'!M53","v":0},null,null,0,0]
[47,1995,"Contributions & Grants",null,{"$f":"'App.2-B_FA Cont 2012 MIFRS'!H54","v":-2133600},null,null,-2133600,null,{"$f":"'App.2-B_FA Cont 2012 MIFRS'!M54","v":425475},64000,null,489475,-1644125]
[null,"etc.",null,null,{"$f":"'App.2-B_FA Cont 2012 MIFRS'!H55","v":0},null,null,0,null,{"$f":"'App.2-B_FA Cont 2012 MIFRS'!M55","v":0},null,null,0,0]
[null,null,null,null,{"$f":"'App.2-B_FA Cont 2012 MIFRS'!H56","v":0},null,null,0,null,{"$f":"'App.2-B_FA Cont 2012 MIFRS'!M56","v":0},null,null,0,0]
[null,null,"Total",null,{"$f":"SUM(E16:E56)","v":52960995},{"$f":"SUM(F16:F56)","v":1976365},-132851,54804509,null,{"$f":"SUM(J16:J56)","v":-27870816},{"$f":"SUM(K16:K56)","v":-1228565},132851,-28966530,25837979]
[]
[null,null,null,null,null,null,null,null,null,"Less: Fully Allocated Depreciation"]
[null,null,null,null,null,null,null,null,null,"Account 1576",null,143383]
[null,null,null,null,null,null,null,null,null,"Net Depreciation",null,{"$f":"K57+L60","v":-1085182}]
[]
["Notes:"]
[]
[1,"Tables in the format outlined above covering all fixed asset accounts should be submitted for the Test Year, Bridge Year and all relevant historical years.  At a minimum , the applicant must provide data for the earlier of: 1) all historical years back to its last rebasing; or 2) at least three years of historical actuals, in addition to Bridge Year and Test Year forecasts."]
[]
[]
[2,"The \"CCA Class\" for fixed assets should agree with the CCA Class used for tax purposes in Tax Returns. Fixed Assets sub-components may be used where the underlying asset components are classified under multiple CCA Classes for tax purposes. If an applicant uses any different classes from those shown in the table, an explanation should be provided. (also see note 3 below)."]
[]
[]
[3,"The table may need to be customized for a utility's asset categories or for any new asset accounts announced or authorized by the Board."]
[]
[4,"The depreciation column (D) is not required as the relevant information will be provided in the following 2-C series of appendices."]

{"sheet":"App.2-CE_CGAAP_DepExp_2011","index":10,"n_rows":62,"n_cols":12,"rows_kept":62,"cut":false,"hidden":false,"merged":[[61,1,63,11],[9,0,9,11],[8,0,8,11],[60,1,60,11],[59,1,59,11],[13,0,14,0],[13,1,14,1],[13,10,14,10],[10,0,10,11]]}
[null,null,null,null,null,null,null,null,null,null,"File Number:",{"$f":"'LDC Info'!$E$18","v":"EB-2012-0173"}]
[null,null,null,null,null,null,null,null,null,null,"Exhibit:",2]
[null,null,null,null,null,null,null,null,null,null,"Tab:",2]
[null,null,null,null,null,null,null,null,null,null,"Schedule:",1]
[null,null,null,null,null,null,null,null,null,null,"Page:","8 of 11"]
[]
[null,null,null,null,null,null,null,null,null,null,"Date:","Aug 31, 2012"]
[]
["Appendix 2-CE"]
["Depreciation and Amortization Expense"]
["Assumes the applicant adopted IFRS for financial reporting purposes January 1, 2013"]
[null,null,"Year",2011,"CGAAP"]
[]
["Account","Description","Opening Regulatory Gross PP&E as at Jan 1, 2011","Less Fully Depreciated","Net for Depreciation","Additions","Total for Depreciation","Years","Depreciation Rate","2011 Depreciation Expense","2011 Depreciation Expense per Appendix 2-B Fixed Assets, Column K\n (l)","Variance 2"]
[null,null,"(a)","(b)","(c)","(d)","(e) = (c) + ½ x (d) 1","(f)","(g) = 1 / (f)","(h) = (e) / (f)",null,"(m) = (h) - (l)"]
[1611,"Computer Software (Formally known as Account 1925)",null,null,{"$f":"C16-D16","v":0},null,{"$f":"E16+0.5*F16","v":0},null,{"$f":"IF(H16=0,\"\",1/H16)","v":""},{"$f":"IF(H16=0,0,G16/H16)","v":0},null,{"$f":"IF(ISERROR(+J16-K16), \"\", +J16-K16)","v":0}]
[1612,"Land Rights (Formally known as Account 1906)",null,null,{"$f":"C17-D17","v":0},null,{"$f":"E17+0.5*F17","v":0},null,"",0,null,{"$f":"IF(ISERROR(+J17-K17), \"\", +J17-K17)","v":0}]
[1805,"Land",{"$f":"'App.2-B_FA Cont 2011 CGAAP  '!E18","v":158686},null,158686,{"$f":"'App.2-B_FA Cont 2011 CGAAP  '!F18","v":0},158686,null,"",0,{"$f":"'App.2-B_FA Cont 2011 CGAAP  '!K18","v":0},0]
[1806,"Land Rights ",{"$f":"'App.2-B_FA Cont 2011 CGAAP  '!E19","v":70296},55355,14941,{"$f":"'App.2-B_FA Cont 2011 CGAAP  '!F19","v":0},14941,{"$f":"G19/K19","v":32.131182795698926},{"$f":"IF(H19=0,\"\",1/H19)","v":3.112241483167124E-2},{"$f":"IF(H19=0,0,G19/H19)","v":465},{"$f":"-'App.2-B_FA Cont 2011 CGAAP  '!K19","v":465},{"$f":"IF(ISERROR(+J19-K19), \"\", +J19-K19)","v":0}]
[1808,"Buildings",{"$f":"'App.2-B_FA Cont 2011 CGAAP  '!E20","v":96567},null,96567,{"$f":"'App.2-B_FA Cont 2011 CGAAP  '!F20","v":0},96567,{"$f":"G20/K20","v":47.336764705882352},2.1125229115536364E-2,2040,{"$f":"-'App.2-B_FA Cont 2011 CGAAP  '!K20","v":2040},0]
[1810,"Leasehold Improvements",{"$f":"'App.2-B_FA Cont 2011 CGAAP  '!E21","v":0},null,0,{"$f":"'App.2-B_FA Cont 2011 CGAAP  '!F21","v":0},0,null,"",0,{"$f":"-'App.2-B_FA Cont 2011 CGAAP  '!K21","v":0},0]
[1815,"Transformer Station Equipment >50 kV",{"$f":"'App.2-B_FA Cont 2011 CGAAP  '!E22","v":439185},null,439185,{"$f":"'App.2-B_FA Cont 2011 CGAAP  '!F22","v":28174},453272,{"$f":"G22/K22","v":29.095063868027474},3.4370091247639387E-2,15579,{"$f":"-'App.2-B_FA Cont 2011 CGAAP  '!K22","v":15579},0]
[1820,"Distribution Station Equipment <50 kV",{"$f":"'App.2-B_FA Cont 2011 CGAAP  '!E23","v":4011205},454198,3557007,{"$f":"'App.2-B_FA Cont 2011 CGAAP  '!F23","v":30541},3572277.5,{"$f":"G23/K23","v":32.388390226211527},3.0875260950472071E-2,110294.99999999999,{"$f":"-'App.2-B_FA Cont 2011 CGAAP  '!K23","v":110295},-1.4551915228366852E-11]
[1825,"Storage Battery Equipment",{"$f":"'App.2-B_FA Cont 2011 CGAAP  '!E24","v":0},null,0,{"$f":"'App.2-B_FA Cont 2011 CGAAP  '!F24","v":0},0,null,"",0,{"$f":"-'App.2-B_FA Cont 2011 CGAAP  '!K24","v":0},0]
[1830,"Poles, Towers & Fixtures",{"$f":"'App.2-B_FA Cont 2011 CGAAP  '!E25","v":5581253},null,5581253,{"$f":"'App.2-B_FA Cont 2011 CGAAP  '!F25","v":870254},6016380,{"$f":"G25/K25","v":24.999709130799722},4.0000465396135221E-2,240658.00000000003,{"$f":"-'App.2-B_FA Cont 2011 CGAAP  '!K25","v":240658},2.9103830456733704E-11]
[1835,"Overhead Conductors & Devices",{"$f":"'App.2-B_FA Cont 2011 CGAAP  '!E26","v":12474257},1688531,10785726,{"$f":"'App.2-B_FA Cont 2011 CGAAP  '!F26","v":114952},10843202,24.997065325891757,4.0004696029825877E-2,433779,{"$f":"-'App.2-B_FA Cont 2011 CGAAP  '!K26","v":433779},0]
[1840,"Underground Conduit",{"$f":"'App.2-B_FA Cont 2011 CGAAP  '!E27","v":715703},null,715703,{"$f":"'App.2-B_FA Cont 2011 CGAAP  '!F27","v":110951},771178.5,25.000113463221709,3.9999818459669191E-2,30846.999999999996,{"$f":"-'App.2-B_FA Cont 2011 CGAAP  '!K27","v":30847},-3.637978807091713E-12]
[1845,"Underground Conductors & Devices",{"$f":"'App.2-B_FA Cont 2011 CGAAP  '!E28","v":11054862},null,11054862,{"$f":"'App.2-B_FA Cont 2011 CGAAP  '!F28","v":404033},11256878.5,26.80707012254657,3.7303591755032263E-2,419922,{"$f":"-'App.2-B_FA Cont 2011 CGAAP  '!K28","v":419922},0]
[1850,"Line Transformers",{"$f":"'App.2-B_FA Cont 2011 CGAAP  '!E29","v":6240120},299221,5940899,{"$f":"'App.2-B_FA Cont 2011 CGAAP  '!F29","v":260447},6071122.5,24.714422086618821,4.046220447701393E-2,245651,{"$f":"-'App.2-B_FA Cont 2011 CGAAP  '!K29","v":245651},0]
[1855,"Services (Overhead & Underground)",{"$f":"'App.2-B_FA Cont 2011 CGAAP  '!E30","v":499727},null,499727,{"$f":"'App.2-B_FA Cont 2011 CGAAP  '!F30","v":147746},573600,25,0.04,22944,{"$f":"-'App.2-B_FA Cont 2011 CGAAP  '!K30","v":22944},0]
[1860,"Meters",{"$f":"'App.2-B_FA Cont 2011 CGAAP  '!E31","v":2389503},641581,1747922,{"$f":"'App.2-B_FA Cont 2011 CGAAP  '!F31","v":26046},1760945,27.781730693381714,3.5994877750298845E-2,63385,{"$f":"-'App.2-B_FA Cont 2011 CGAAP  '!K31","v":63385},0]
[1860,"Meters (Smart Meters)",{"$f":"'App.2-B_FA Cont 2011 CGAAP  '!E32","v":0},null,0,{"$f":"'App.2-B_FA Cont 2011 CGAAP  '!F32","v":0},0,null,"",0,{"$f":"-'App.2-B_FA Cont 2011 CGAAP  '!K32","v":0},0]
[1870,"Lease Property on Customer Premises",{"$f":"'App.2-B_FA Cont 2011 CGAAP  '!E33","v":8010},null,8010,{"$f":"'App.2-B_FA Cont 2011 CGAAP  '!F33","v":0},8010,{"$f":"G33/K33","v":25.03125},3.9950062421972535E-2,320,{"$f":"-'App.2-B_FA Cont 2011 CGAAP  '!K33","v":320},0]
[1905,"Land",{"$f":"'App.2-B_FA Cont 2011 CGAAP  '!E34","v":0},null,0,{"$f":"'App.2-B_FA Cont 2011 CGAAP  '!F34","v":0},0,null,"",0,{"$f":"-'App.2-B_FA Cont 2011 CGAAP  '!K34","v":0},0]
[1908,"Buildings & Fixtures",{"$f":"'App.2-B_FA Cont 2011 CGAAP  '!E35","v":1874843},null,1874843,{"$f":"'App.2-B_FA Cont 2011 CGAAP  '!F35","v":292812},2021249,{"$f":"G35/K35","v":43.846782940691568},2.280669031870888E-2,46098,{"$f":"-'App.2-B_FA Cont 2011 CGAAP  '!K35","v":46098},0]
[1910,"Leasehold Improvements",{"$f":"'App.2-B_FA Cont 2011 CGAAP  '!E36","v":0},null,0,{"$f":"'App.2-B_FA Cont 2011 CGAAP  '!F36","v":0},0,null,"",0,{"$f":"-'App.2-B_FA Cont 2011 CGAAP  '!K36","v":0},0]
[1915,"Office Furniture & Equipment (10 years)",{"$f":"'App.2-B_FA Cont 2011 CGAAP  '!E37","v":84584},6502,78082,{"$f":"'App.2-B_FA Cont 2011 CGAAP  '!F37","v":5735},80949.5,{"$f":"G37/K37","v":9.9519916400295063},0.10048239952068883,8134,{"$f":"-'App.2-B_FA Cont 2011 CGAAP  '!K37","v":8134},0]
[1915,"Office Furniture & Equipment (5 years)",{"$f":"'App.2-B_FA Cont 2011 CGAAP  '!E38","v":0},null,0,{"$f":"'App.2-B_FA Cont 2011 CGAAP  '!F38","v":0},0,null,"",0,{"$f":"-'App.2-B_FA Cont 2011 CGAAP  '!K38","v":0},0]
[1920,"Computer Equipment - Hardware",{"$f":"'App.2-B_FA Cont 2011 CGAAP  '!E39","v":225624},169507,56117,{"$f":"'App.2-B_FA Cont 2011 CGAAP  '!F39","v":20247},66240.5,{"$f":"G39/K39","v":4.1457316309926151},0.24121194737358564,15977.999999999998,{"$f":"-'App.2-B_FA Cont 2011 CGAAP  '!K39","v":15978},-1.8189894035458565E-12]
[1920,"Computer Equip.-Hardware(Post Mar. 22/04)",{"$f":"'App.2-B_FA Cont 2011 CGAAP  '!E40","v":0},null,0,{"$f":"'App.2-B_FA Cont 2011 CGAAP  '!F40","v":0},0,null,"",0,{"$f":"-'App.2-B_FA Cont 2011 CGAAP  '!K40","v":0},0]
[1920,"Computer Equip.-Hardware(Post Mar. 19/07)",{"$f":"'App.2-B_FA Cont 2011 CGAAP  '!E41","v":0},null,0,{"$f":"'App.2-B_FA Cont 2011 CGAAP  '!F41","v":0},0,null,"",0,{"$f":"-'App.2-B_FA Cont 2011 CGAAP  '!K41","v":0},0]
[1925,"Computer Software ",{"$f":"'App.2-B_FA Cont 2011 CGAAP  '!E42","v":741611},364897,376714,{"$f":"'App.2-B_FA Cont 2011 CGAAP  '!F42","v":240934},497181,{"$f":"G42/K42","v":11.099276688842256},9.0095961028277424E-2,44794,{"$f":"-'App.2-B_FA Cont 2011 CGAAP  '!K42","v":44794},0]
[1930,"Transportation Equipment",{"$f":"'App.2-B_FA Cont 2011 CGAAP  '!E43","v":1473292},1142814,330478,{"$f":"'App.2-B_FA Cont 2011 CGAAP  '!F43","v":66729},363842.5,{"$f":"G43/K43","v":9.7448241690548247},0.10261857809354323,37337,{"$f":"-'App.2-B_FA Cont 2011 CGAAP  '!K43","v":37337},0]
[1935,"Stores Equipment",{"$f":"'App.2-B_FA Cont 2011 CGAAP  '!E44","v":30023},22418,7605,{"$f":"'App.2-B_FA Cont 2011 CGAAP  '!F44","v":0},7605,{"$f":"G44/K44","v":9.9934296977660964},0.10006574621959238,761.00000000000011,{"$f":"-'App.2-B_FA Cont 2011 CGAAP  '!K44","v":761},1.1368683772161603E-13]
[1940,"Tools, Shop & Garage Equipment",{"$f":"'App.2-B_FA Cont 2011 CGAAP  '!E45","v":114950},34748,80202,{"$f":"'App.2-B_FA Cont 2011 CGAAP  '!F45","v":0},80202,{"$f":"G45/K45","v":10.17017499365965},9.8326725019326197E-2,7886,{"$f":"-'App.2-B_FA Cont 2011 CGAAP  '!K45","v":7886},0]
[1945,"Measurement & Testing Equipment",{"$f":"'App.2-B_FA Cont 2011 CGAAP  '!E46","v":18386},4896,13490,{"$f":"'App.2-B_FA Cont 2011 CGAAP  '!F46","v":2005},14492.5,{"$f":"G46/K46","v":10.001725327812284},9.9982749698119711E-2,1449,{"$f":"-'App.2-B_FA Cont 2011 CGAAP  '!K46","v":1449},0]
[1950,"Power Operated Equipment",{"$f":"'App.2-B_FA Cont 2011 CGAAP  '!E47","v":0},null,0,{"$f":"'App.2-B_FA Cont 2011 CGAAP  '!F47","v":0},0,null,"",0,{"$f":"-'App.2-B_FA Cont 2011 CGAAP  '!K47","v":0},0]
[1955,"Communications Equipment",{"$f":"'App.2-B_FA Cont 2011 CGAAP  '!E48","v":73252},20574,52678,{"$f":"'App.2-B_FA Cont 2011 CGAAP  '!F48","v":0},52678,{"$f":"G48/K48","v":3.5278596303241363},0.28345799005277345,14932,{"$f":"-'App.2-B_FA Cont 2011 CGAAP  '!K48","v":14932},0]
[1955,"Communication Equipment (Smart Meters)",{"$f":"'App.2-B_FA Cont 2011 CGAAP  '!E49","v":0},null,0,{"$f":"'App.2-B_FA Cont 2011 CGAAP  '!F49","v":0},0,null,"",0,{"$f":"-'App.2-B_FA Cont 2011 CGAAP  '!K49","v":0},0]
[1960,"Miscellaneous Equipment ",{"$f":"'App.2-B_FA Cont 2011 CGAAP  '!E50","v":315235},37040,278195,{"$f":"'App.2-B_FA Cont 2011 CGAAP  '!F50","v":0},278195,{"$f":"G50/K50","v":24.9995506829619},4.0000718920181887E-2,11128,{"$f":"-'App.2-B_FA Cont 2011 CGAAP  '!K50","v":11128},0]
[1975,"Load Management Controls Utility Premises",{"$f":"'App.2-B_FA Cont 2011 CGAAP  '!E51","v":0},null,0,{"$f":"'App.2-B_FA Cont 2011 CGAAP  '!F51","v":0},0,null,"",0,{"$f":"-'App.2-B_FA Cont 2011 CGAAP  '!K51","v":0},0]
[1980,"System Supervisor Equipment",{"$f":"'App.2-B_FA Cont 2011 CGAAP  '!E52","v":1134745},221166,913579,{"$f":"'App.2-B_FA Cont 2011 CGAAP  '!F52","v":0},913579,{"$f":"G52/K52","v":17.569502673179738},5.6916807413480389E-2,51998,{"$f":"-'App.2-B_FA Cont 2011 CGAAP  '!K52","v":51998},0]
[1985,"Miscellaneous Fixed Assets",{"$f":"'App.2-B_FA Cont 2011 CGAAP  '!E53","v":0},null,0,{"$f":"'App.2-B_FA Cont 2011 CGAAP  '!F53","v":0},0,null,"",0,{"$f":"-'App.2-B_FA Cont 2011 CGAAP  '!K53","v":0},0]
[1995,"Contributions & Grants",{"$f":"'App.2-B_FA Cont 2011 CGAAP  '!E54","v":-1728419},null,-1728419,{"$f":"'App.2-B_FA Cont 2011 CGAAP  '!F54","v":-305181},-1881009.5,{"$f":"G54/K54","v":25.000126262626264},3.9999797980818277E-2,-75240,{"$f":"-'App.2-B_FA Cont 2011 CGAAP  '!K54","v":-75240},0]
["etc.",null,null,null,0,{"$f":"'App.2-B_FA Cont 2011 CGAAP  '!F55","v":0},0,null,"",0,{"$f":"-'App.2-B_FA Cont 2011 CGAAP  '!K55","v":0},0]
[null,null,null,null,0,{"$f":"'App.2-B_FA Cont 2011 CGAAP  '!F56","v":0},0,null,"",0,{"$f":"-'App.2-B_FA Cont 2011 CGAAP  '!K56","v":0},0]
[null,"Total",{"$f":"SUM(C16:C56)","v":48097500},{"$f":"SUM(D16:D56)","v":5163448},{"$f":"SUM(E16:E56)","v":42934052},{"$f":"SUM(F16:F56)","v":2316425},{"$f":"SUM(G16:G56)","v":44092264.5},null,null,{"$f":"SUM(J16:J56)","v":1751140},{"$f":"SUM(K16:K56)","v":1751140},{"$f":"SUM(L16:L56)","v":9.2086338554508984E-12}]
[]
["Notes:"]
[1,"Board policy of the \"half-year\" rule - the applicant must ensure that additions in the year attract a half-year depreciation expense in the first year.  Deviations from this standard practice must be supported in the application."]
[2,"The applicant must provide an explanation of material variances in evidence"]
["General:","Applicants must provide a breakdown of depreciation and amortization expense in the above format for all relevant accounts.  Asset Retirement Obligations (AROs), depreciation and accretion expense should be disclosed separately consistent with the Notes of historical Audited Financial Statements."]

{"sheet":"App.2-CF_CGAAP_DepExp_2012","index":11,"n_rows":63,"n_cols":12,"rows_kept":63,"cut":false,"hidden":false,"merged":[[9,0,9,11],[8,0,8,11],[59,1,59,11],[60,1,60,11],[62,1,63,11],[13,0,14,0],[13,1,14,1],[13,10,14,10],[10,0,10,11]]}
[null,null,null,null,null,null,null,null,null,null,"File Number:",{"$f":"'LDC Info'!$E$18","v":"EB-2012-0173"}]
[null,null,null,null,null,null,null,null,null,null,"Exhibit:",2]
[null,null,null,null,null,null,null,null,null,null,"Tab:",2]
[null,null,null,null,null,null,null,null,null,null,"Schedule:",1]
[null,null,null,null,null,null,null,null,null,null,"Page:","9 of 11"]
[]
[null,null,null,null,null,null,null,null,null,null,"Date:","Aug 31, 2012"]
[]
["Appendix 2-CF"]
["Depreciation and Amortization Expense"]
["Assumes the applicant adopted IFRS for financial reporting purposes January 1, 2013"]
[null,null,"Year",2012,"CGAAP"]
[]
["Account","Description","Opening Regulatory Gross PP&E as at Jan 1, 2012","Less Fully Depreciated","Net for Depreciation","Additions","Total for Depreciation","Years","Depreciation Rate","2012 Depreciation Expense","2012 Depreciation Expense per Appendix 2-B Fixed Assets, Column K\n (l)","Variance 2"]
[null,null,"(a)","(b)","(c)","(d)","(e) = (c) + ½ x (d) 1","(f)","(g) = 1 / (f)","(h) = (e) / (f)",null,"(m) = (h) - (l)"]
[1611,"Computer Software (Formally known as Account 1925)",null,null,{"$f":"C16-D16","v":0},null,{"$f":"E16+0.5*F16","v":0},null,{"$f":"IF(H16=0,0,1/H16)","v":0},{"$f":"IF(H16=0,0,G16/H16)","v":0},null,{"$f":"IF(ISERROR(+J16-K16), 0, +J16-K16)","v":0}]
[1612,"Land Rights (Formally known as Account 1906)",null,null,{"$f":"C17-D17","v":0},null,{"$f":"E17+0.5*F17","v":0},null,0,0,null,0]
[1805,"Land",{"$f":"'App.2-B_FA Cont 2012 CGAAP  '!E18","v":158686},null,{"$f":"C18-D18","v":158686},{"$f":"'App.2-B_FA Cont 2012 CGAAP  '!F18","v":0},{"$f":"E18+0.5*F18","v":158686},null,{"$f":"IF(H18=0,0,1/H18)","v":0},{"$f":"IF(H18=0,0,G18/H18)","v":0},{"$f":"'App.2-B_FA Cont 2012 CGAAP  '!K18","v":0},{"$f":"IF(ISERROR(+J18-K18), 0, +J18-K18)","v":0}]
[1806,"Land Rights ",{"$f":"'App.2-B_FA Cont 2012 CGAAP  '!E19","v":70296},55355,14941,{"$f":"'App.2-B_FA Cont 2012 CGAAP  '!F19","v":0},14941,{"$f":"G19/K19","v":32.131182795698926},3.112241483167124E-2,465,{"$f":"-'App.2-B_FA Cont 2012 CGAAP  '!K19","v":465},0]
[1808,"Buildings",{"$f":"'App.2-B_FA Cont 2012 CGAAP  '!E20","v":96567},null,96567,{"$f":"'App.2-B_FA Cont 2012 CGAAP  '!F20","v":0},96567,{"$f":"G20/K20","v":47.313571778539931},2.1135584620004765E-2,2041,{"$f":"-'App.2-B_FA Cont 2012 CGAAP  '!K20","v":2041},0]
[1810,"Leasehold Improvements",{"$f":"'App.2-B_FA Cont 2012 CGAAP  '!E21","v":0},null,0,{"$f":"'App.2-B_FA Cont 2012 CGAAP  '!F21","v":0},0,null,0,0,{"$f":"-'App.2-B_FA Cont 2012 CGAAP  '!K21","v":0},0]
[1815,"Transformer Station Equipment >50 kV",{"$f":"'App.2-B_FA Cont 2012 CGAAP  '!E22","v":467359},null,467359,{"$f":"'App.2-B_FA Cont 2012 CGAAP  '!F22","v":0},467359,{"$f":"G22/K22","v":29.999293921304321},3.3334117883682561E-2,15579,{"$f":"-'App.2-B_FA Cont 2012 CGAAP  '!K22","v":15579},0]
[1820,"Distribution Station Equipment <50 kV",{"$f":"'App.2-B_FA Cont 2012 CGAAP  '!E23","v":4041746},587215,3454531,{"$f":"'App.2-B_FA Cont 2012 CGAAP  '!F23","v":0},3454531,{"$f":"G23/K23","v":32.390074446340506},3.0873655497663788E-2,106653.99999999999,{"$f":"-'App.2-B_FA Cont 2012 CGAAP  '!K23","v":106654},-1.4551915228366852E-11]
[1825,"Storage Battery Equipment",{"$f":"'App.2-B_FA Cont 2012 CGAAP  '!E24","v":0},null,0,{"$f":"'App.2-B_FA Cont 2012 CGAAP  '!F24","v":0},0,null,0,0,{"$f":"-'App.2-B_FA Cont 2012 CGAAP  '!K24","v":0},0]
[1830,"Poles, Towers & Fixtures",{"$f":"'App.2-B_FA Cont 2012 CGAAP  '!E25","v":6451507},null,6451507,{"$f":"'App.2-B_FA Cont 2012 CGAAP  '!F25","v":678085},6790549.5,{"$f":"G25/K25","v":24.999998159206545},4.0000002945269744E-2,271622,{"$f":"-'App.2-B_FA Cont 2012 CGAAP  '!K25","v":271622},0]
[1835,"Overhead Conductors & Devices",{"$f":"'App.2-B_FA Cont 2012 CGAAP  '!E26","v":12589209},1977606,10611603,{"$f":"'App.2-B_FA Cont 2012 CGAAP  '!F26","v":367500},10795353,25.000064842883379,3.9999896251655689E-2,431813,{"$f":"-'App.2-B_FA Cont 2012 CGAAP  '!K26","v":431813},0]
[1840,"Underground Conduit",{"$f":"'App.2-B_FA Cont 2012 CGAAP  '!E27","v":826654},null,826654,{"$f":"'App.2-B_FA Cont 2012 CGAAP  '!F27","v":90000},871654,25.00011472494694,3.9999816440927247E-2,34866,{"$f":"-'App.2-B_FA Cont 2012 CGAAP  '!K27","v":34866},0]
[1845,"Underground Conductors & Devices",{"$f":"'App.2-B_FA Cont 2012 CGAAP  '!E28","v":11458895},482983,10975912,{"$f":"'App.2-B_FA Cont 2012 CGAAP  '!F28","v":195000},11073412,26.727681297594767,3.7414394045846032E-2,414305,{"$f":"-'App.2-B_FA Cont 2012 CGAAP  '!K28","v":414305},0]
[1850,"Line Transformers",{"$f":"'App.2-B_FA Cont 2012 CGAAP  '!E29","v":6467733},299221,6168512,{"$f":"'App.2-B_FA Cont 2012 CGAAP  '!F29","v":427500},6382262,25.299731236076205,3.9526111588649916E-2,252266,{"$f":"-'App.2-B_FA Cont 2012 CGAAP  '!K29","v":252266},0]
[1855,"Services (Overhead & Underground)",{"$f":"'App.2-B_FA Cont 2012 CGAAP  '!E30","v":647473},null,647473,{"$f":"'App.2-B_FA Cont 2012 CGAAP  '!F30","v":40000},667473,24.999925090827372,4.0000119855035335E-2,26699,{"$f":"-'App.2-B_FA Cont 2012 CGAAP  '!K30","v":26699},0]
[1860,"Meters",{"$f":"'App.2-B_FA Cont 2012 CGAAP  '!E31","v":224145},97020,127125,{"$f":"'App.2-B_FA Cont 2012 CGAAP  '!F31","v":0},127125,15,6.6666666666666666E-2,8475,{"$f":"-'App.2-B_FA Cont 2012 CGAAP  '!K31","v":8475},0]
[1860,"Meters (Smart Meters)",{"$f":"'App.2-B_FA Cont 2012 CGAAP  '!E32","v":2755384},null,2755384,{"$f":"'App.2-B_FA Cont 2012 CGAAP  '!F32","v":12000},2761384,15.000021728266301,6.6666570096734101E-2,184092,{"$f":"-'App.2-B_FA Cont 2012 CGAAP  '!K32","v":184092},0]
[1870,"Leased Property on Customer Premises",{"$f":"'App.2-B_FA Cont 2012 CGAAP  '!E33","v":8010},null,8010,{"$f":"'App.2-B_FA Cont 2012 CGAAP  '!F33","v":0},8010,25.03125,3.9950062421972535E-2,320,{"$f":"-'App.2-B_FA Cont 2012 CGAAP  '!K33","v":320},0]
[1905,"Land",{"$f":"'App.2-B_FA Cont 2012 CGAAP  '!E34","v":0},null,0,{"$f":"'App.2-B_FA Cont 2012 CGAAP  '!F34","v":0},0,null,0,0,{"$f":"-'App.2-B_FA Cont 2012 CGAAP  '!K34","v":0},0]
[1908,"Buildings & Fixtures",{"$f":"'App.2-B_FA Cont 2012 CGAAP  '!E35","v":2169785},null,2169785,{"$f":"'App.2-B_FA Cont 2012 CGAAP  '!F35","v":275000},2307285,{"$f":"G35/K35","v":38.042621599340478},2.6286306199710917E-2,60650,{"$f":"-'App.2-B_FA Cont 2012 CGAAP  '!K35","v":60650},0]
[1910,"Leasehold Improvements",{"$f":"'App.2-B_FA Cont 2012 CGAAP  '!E36","v":0},null,0,{"$f":"'App.2-B_FA Cont 2012 CGAAP  '!F36","v":0},0,null,0,0,{"$f":"-'App.2-B_FA Cont 2012 CGAAP  '!K36","v":0},0]
[1915,"Office Furniture & Equipment (10 years)",{"$f":"'App.2-B_FA Cont 2012 CGAAP  '!E37","v":90319},6961,83358,{"$f":"'App.2-B_FA Cont 2012 CGAAP  '!F37","v":17500},92108,{"$f":"G37/K37","v":9.9576216216216213},0.10042558735397578,9250,{"$f":"-'App.2-B_FA Cont 2012 CGAAP  '!K37","v":9250},0]
[1915,"Office Furniture & Equipment (5 years)",{"$f":"'App.2-B_FA Cont 2012 CGAAP  '!E38","v":0},null,0,{"$f":"'App.2-B_FA Cont 2012 CGAAP  '!F38","v":0},0,null,0,0,{"$f":"-'App.2-B_FA Cont 2012 CGAAP  '!K38","v":0},0]
[1920,"Computer Equipment - Hardware",{"$f":"'App.2-B_FA Cont 2012 CGAAP  '!E39","v":287608},177898,109710,{"$f":"'App.2-B_FA Cont 2012 CGAAP  '!F39","v":35000},127210,{"$f":"G39/K39","v":5},0.2,25442,{"$f":"-'App.2-B_FA Cont 2012 CGAAP  '!K39","v":25442},0]
[1920,"Computer Equip.-Hardware(Post Mar. 22/04)",{"$f":"'App.2-B_FA Cont 2012 CGAAP  '!E40","v":0},null,0,{"$f":"'App.2-B_FA Cont 2012 CGAAP  '!F40","v":0},0,null,0,0,{"$f":"-'App.2-B_FA Cont 2012 CGAAP  '!K40","v":0},0]
[1920,"Computer Equip.-Hardware(Post Mar. 19/07)",{"$f":"'App.2-B_FA Cont 2012 CGAAP  '!E41","v":0},null,0,{"$f":"'App.2-B_FA Cont 2012 CGAAP  '!F41","v":0},0,null,0,0,{"$f":"-'App.2-B_FA Cont 2012 CGAAP  '!K41","v":0},0]
[1925,"Computer Software ",{"$f":"'App.2-B_FA Cont 2012 CGAAP  '!E42","v":1010405},364897,645508,{"$f":"'App.2-B_FA Cont 2012 CGAAP  '!F42","v":90000},690508,{"$f":"G42/K42","v":5.0000217232315478},0.19999913107451325,138101,{"$f":"-'App.2-B_FA Cont 2012 CGAAP  '!K42","v":138101},0]
[1930,"Transportation Equipment",{"$f":"'App.2-B_FA Cont 2012 CGAAP  '!E43","v":1391450},994242,397208,{"$f":"'App.2-B_FA Cont 2012 CGAAP  '!F43","v":0},397208,{"$f":"G43/K43","v":9.7121619639102157},0.10296368653199331,40898,{"$f":"-'App.2-B_FA Cont 2012 CGAAP  '!K43","v":40898},0]
[1935,"Stores Equipment",{"$f":"'App.2-B_FA Cont 2012 CGAAP  '!E44","v":30023},22418,7605,{"$f":"'App.2-B_FA Cont 2012 CGAAP  '!F44","v":0},7605,{"$f":"G44/K44","v":9.9934296977660964},0.10006574621959238,761.00000000000011,{"$f":"-'App.2-B_FA Cont 2012 CGAAP  '!K44","v":761},1.1368683772161603E-13]
[1940,"Tools, Shop & Garage Equipment",{"$f":"'App.2-B_FA Cont 2012 CGAAP  '!E45","v":114950},40241,74709,{"$f":"'App.2-B_FA Cont 2012 CGAAP  '!F45","v":13000},81209,{"$f":"G45/K45","v":9.9998768624553627},0.10000123139060942,8121,{"$f":"-'App.2-B_FA Cont 2012 CGAAP  '!K45","v":8121},0]
[1945,"Measurement & Testing Equipment",{"$f":"'App.2-B_FA Cont 2012 CGAAP  '!E46","v":20391},9371,11020,{"$f":"'App.2-B_FA Cont 2012 CGAAP  '!F46","v":0},11020,{"$f":"G46/K46","v":10.647342995169081},9.3920145190562618E-2,1035,{"$f":"-'App.2-B_FA Cont 2012 CGAAP  '!K46","v":1035},0]
[1950,"Power Operated Equipment",{"$f":"'App.2-B_FA Cont 2012 CGAAP  '!E47","v":0},null,0,{"$f":"'App.2-B_FA Cont 2012 CGAAP  '!F47","v":0},0,null,0,0,{"$f":"-'App.2-B_FA Cont 2012 CGAAP  '!K47","v":0},0]
[1955,"Communications Equipment",{"$f":"'App.2-B_FA Cont 2012 CGAAP  '!E48","v":279005},28621,250384,{"$f":"'App.2-B_FA Cont 2012 CGAAP  '!F48","v":0},250384,{"$f":"G48/K48","v":10.072977430904775},9.9275512812320277E-2,24857,{"$f":"-'App.2-B_FA Cont 2012 CGAAP  '!K48","v":24857},0]
[1955,"Communication Equipment (Smart Meters)",{"$f":"'App.2-B_FA Cont 2012 CGAAP  '!E49","v":0},null,0,{"$f":"'App.2-B_FA Cont 2012 CGAAP  '!F49","v":0},0,null,0,0,{"$f":"-'App.2-B_FA Cont 2012 CGAAP  '!K49","v":0},0]
[1960,"Miscellaneous Equipment ",{"$f":"'App.2-B_FA Cont 2012 CGAAP  '!E50","v":315235},37040,278195,{"$f":"'App.2-B_FA Cont 2012 CGAAP  '!F50","v":0},278195,{"$f":"G50/K50","v":24.9995506829619},4.0000718920181887E-2,11128,{"$f":"-'App.2-B_FA Cont 2012 CGAAP  '!K50","v":11128},0]
[1975,"Load Management Controls Utility Premises",{"$f":"'App.2-B_FA Cont 2012 CGAAP  '!E51","v":0},null,0,{"$f":"'App.2-B_FA Cont 2012 CGAAP  '!F51","v":0},0,null,0,0,{"$f":"-'App.2-B_FA Cont 2012 CGAAP  '!K51","v":0},0]
[1980,"System Supervisor Equipment",{"$f":"'App.2-B_FA Cont 2012 CGAAP  '!E52","v":1134745},232221,902524,{"$f":"'App.2-B_FA Cont 2012 CGAAP  '!F52","v":27500},916274,{"$f":"G52/K52","v":17.257580894263004},5.7945549038824637E-2,53094.000000000007,{"$f":"-'App.2-B_FA Cont 2012 CGAAP  '!K52","v":53094},7.2759576141834259E-12]
[1985,"Miscellaneous Fixed Assets",{"$f":"'App.2-B_FA Cont 2012 CGAAP  '!E53","v":0},null,0,{"$f":"'App.2-B_FA Cont 2012 CGAAP  '!F53","v":0},0,null,0,0,{"$f":"-'App.2-B_FA Cont 2012 CGAAP  '!K53","v":0},0]
[1995,"Contributions & Grants",{"$f":"'App.2-B_FA Cont 2012 CGAAP  '!E54","v":-2033600},null,-2033600,{"$f":"'App.2-B_FA Cont 2012 CGAAP  '!F54","v":-100000},-2083600,{"$f":"G54/K54","v":25.000299965204036},3.9999520061432141E-2,-83343,{"$f":"-'App.2-B_FA Cont 2012 CGAAP  '!K54","v":-83343},0]
["etc.",null,null,null,0,{"$f":"'App.2-B_FA Cont 2012 CGAAP  '!F55","v":0},0,null,0,0,{"$f":"-'App.2-B_FA Cont 2012 CGAAP  '!K55","v":0},0]
[null,null,null,null,0,{"$f":"'App.2-B_FA Cont 2012 CGAAP  '!F56","v":0},0,null,0,0,{"$f":"-'App.2-B_FA Cont 2012 CGAAP  '!K56","v":0},0]
[null,"Total",{"$f":"SUM(C16:C56)","v":51073980},{"$f":"SUM(D16:D56)","v":5413310},{"$f":"SUM(E16:E56)","v":45660670},{"$f":"SUM(F16:F56)","v":2168085},{"$f":"SUM(G16:G56)","v":46744712.5},null,null,{"$f":"SUM(J16:J56)","v":2039191},{"$f":"SUM(K16:K56)","v":2039191},{"$f":"SUM(L16:L56)","v":-7.1622707764618099E-12}]
[]
["Notes:"]
[1,"Board policy of the \"half-year\" rule - the applicant must ensure that additions in the year attract a half-year depreciation expense in the first year.  Deviations from this standard practice must be supported in the application."]
[2,"The applicant must provide an explanation of material variances in evidence"]
[]
["General:","Applicants must provide a breakdown of depreciation and amortization expense in the above format for all relevant accounts.  Asset Retirement Obligations (AROs), depreciation and accretion expense should be disclosed separately consistent with the Notes of historical Audited Financial Statements."]

{"sheet":"App.2-CG_MIFRS_DepExp_2012","index":12,"n_rows":68,"n_cols":15,"rows_kept":68,"cut":false,"hidden":false,"merged":[[67,1,69,11],[9,0,9,14],[8,0,8,14],[10,0,10,14],[64,1,64,14],[63,1,63,14],[62,1,62,14],[61,1,61,14],[60,1,60,14],[13,0,14,0],[13,1,14,1],[13,10,14,10],[13,13,14,13],[65,1,65,14]]}
[null,null,null,null,null,null,null,null,null,null,null,null,null,"File Number:",{"$f":"'LDC Info'!$E$18","v":"EB-2012-0173"}]
[null,null,null,null,null,null,null,null,null,null,null,null,null,"Exhibit:",2]
[null,null,null,null,null,null,null,null,null,null,null,null,null,"Tab:",2]
[null,null,null,null,null,null,null,null,null,null,null,null,null,"Schedule:",1]
[null,null,null,null,null,null,null,null,null,null,null,null,null,"Page:","10 of 11"]
[]
[null,null,null,null,null,null,null,null,null,null,null,null,null,"Date:","Aug 31, 2012"]
[]
["Appendix 2-CG"]
["Depreciation and Amortization Expense"]
["Assumes the applicant adopted IFRS for financial reporting purposes January 1, 2013"]
[null,null,"Year",2012,"MIFRS"]
[]
["Account","Description","Opening NBV as at Jan 1, 2012 5","Additions","Average Remaining Life of Opening NBV 4","Years (new additions only) 3","Depreciation Rate on New Additions","Depreciation Expense on Opening NBV","Depreciation Expense on Additions 1","2012 Depreciation Expense","2012 Depreciation Expense per Appendix 2-B Fixed Assets, Column K\n (l)","Variance 2","Depreciation Expense on 2012 Full Year Additions","Less Depreciation Expense on Assets Fully Depreciated during the year\n(o)","2012 Full Year Depreciation 6"]
[null,null,"(a)","(d)","(i)","(f)","(g) = 1 / (f)","(j) = (a) / (i)","(h)=((d)*0.5)/(f) ","(k) = (j) + (h)",null,"(m) = (k) - (l)","(n)=((d))/(f) ",null,"(p) = (j) + (n) - (o)"]
[1611,"Computer Software (Formally known as Account 1925)",null,null,null,null,{"$f":"IF(F16=0,0,1/F16)","v":0},{"$f":"IF(E16=0,0,+C16/E16)","v":0},{"$f":"IF(F16=0,0,+(D16*0.5)/F16)","v":0},{"$f":"IF(ISERROR(+H16+I16), 0, +H16+I16)","v":0},null,{"$f":"IF(ISERROR(+J16-K16), 0, +J16-K16)","v":0},{"$f":"IF(F16=0,0,+(D16)/F16)","v":0},null,{"$f":"IF(ISERROR(+M16+H16-N16), 0, +M16+H16-N16)","v":0}]
[1612,"Land Rights (Formally known as Account 1906)",null,null,null,null,0,0,0,0,null,0,0,null,{"$f":"IF(ISERROR(+M17+H17-N17), 0, +M17+H17-N17)","v":0}]
[1805,"Land",{"$f":"'App.2-B_FA Cont 2012 MIFRS'!E18+'App.2-B_FA Cont 2012 MIFRS'!J18","v":158686},{"$f":"'App.2-B_FA Cont 2012 MIFRS'!F18","v":0},null,null,0,0,0,0,{"$f":"-'App.2-B_FA Cont 2012 MIFRS'!K18","v":0},0,0,null,0]
[1806,"Land Rights ",{"$f":"'App.2-B_FA Cont 2012 MIFRS'!E19+'App.2-B_FA Cont 2012 MIFRS'!J19","v":11305},{"$f":"'App.2-B_FA Cont 2012 MIFRS'!F19","v":0},{"$f":"C19/640","v":17.6640625},null,{"$f":"IF(F19=0,0,1/F19)","v":0},{"$f":"IF(E19=0,0,+C19/E19)","v":640},{"$f":"IF(F19=0,0,+(D19*0.5)/F19)","v":0},{"$f":"IF(ISERROR(+H19+I19), 0, +H19+I19)","v":640},{"$f":"-'App.2-B_FA Cont 2012 MIFRS'!K19","v":640},{"$f":"IF(ISERROR(+J19-K19), 0, +J19-K19)","v":0},{"$f":"IF(F19=0,0,+(D19)/F19)","v":0},null,{"$f":"IF(ISERROR(+M19+H19-N19), 0, +M19+H19-N19)","v":640}]
[1808,"Buildings",{"$f":"'App.2-B_FA Cont 2012 MIFRS'!E20+'App.2-B_FA Cont 2012 MIFRS'!J20","v":37812},{"$f":"'App.2-B_FA Cont 2012 MIFRS'!F20","v":0},{"$f":"C20/1236","v":30.592233009708739},null,0,1236,0,1236,{"$f":"-'App.2-B_FA Cont 2012 MIFRS'!K20","v":1236},0,0,null,1236]
[1810,"Leasehold Improvements",{"$f":"'App.2-B_FA Cont 2012 MIFRS'!E21+'App.2-B_FA Cont 2012 MIFRS'!J21","v":0},{"$f":"'App.2-B_FA Cont 2012 MIFRS'!F21","v":0},null,null,0,0,0,0,{"$f":"-'App.2-B_FA Cont 2012 MIFRS'!K21","v":0},0,0,null,0]
[1815,"Transformer Station Equipment >50 kV",{"$f":"'App.2-B_FA Cont 2012 MIFRS'!E22+'App.2-B_FA Cont 2012 MIFRS'!J22","v":444369},{"$f":"'App.2-B_FA Cont 2012 MIFRS'!F22","v":0},{"$f":"C22/14857","v":29.909739516726123},null,0,14857,0,14857,{"$f":"-'App.2-B_FA Cont 2012 MIFRS'!K22","v":14857},0,0,null,14857]
[1820,"Distribution Station Equipment <50 kV",{"$f":"'App.2-B_FA Cont 2012 MIFRS'!E23+'App.2-B_FA Cont 2012 MIFRS'!J23","v":1570530},{"$f":"'App.2-B_FA Cont 2012 MIFRS'!F23","v":0},{"$f":"C23/71683","v":21.909378792740259},null,0,71683,0,71683,{"$f":"-'App.2-B_FA Cont 2012 MIFRS'!K23","v":71683},0,0,null,71683]
[1825,"Storage Battery Equipment",{"$f":"'App.2-B_FA Cont 2012 MIFRS'!E24+'App.2-B_FA Cont 2012 MIFRS'!J24","v":0},{"$f":"'App.2-B_FA Cont 2012 MIFRS'!F24","v":0},null,null,0,0,0,0,{"$f":"-'App.2-B_FA Cont 2012 MIFRS'!K24","v":0},0,0,null,0]
[1830,"Poles, Towers & Fixtures",{"$f":"'App.2-B_FA Cont 2012 MIFRS'!E25+'App.2-B_FA Cont 2012 MIFRS'!J25","v":5400992},{"$f":"'App.2-B_FA Cont 2012 MIFRS'!F25","v":569015},{"$f":"C25/117200","v":46.083549488054608},50,0.02,117200,5690.15,122890.15,{"$f":"-'App.2-B_FA Cont 2012 MIFRS'!K25","v":122890},0.14999999999417923,11380.3,null,128580.3]
[1835,"Overhead Conductors & Devices",{"$f":"'App.2-B_FA Cont 2012 MIFRS'!E26+'App.2-B_FA Cont 2012 MIFRS'!J26","v":4402834},{"$f":"'App.2-B_FA Cont 2012 MIFRS'!F26","v":305500},{"$f":"C26/117807","v":37.373280025804917},50,0.02,117807,3055,120862,{"$f":"-'App.2-B_FA Cont 2012 MIFRS'!K26","v":120862},0,6110,null,123917]
[1840,"Underground Conduit",{"$f":"'App.2-B_FA Cont 2012 MIFRS'!E27+'App.2-B_FA Cont 2012 MIFRS'!J27","v":712931},{"$f":"'App.2-B_FA Cont 2012 MIFRS'!F27","v":79000},{"$f":"C27/15264","v":46.706695492662476},50,0.02,15264,790,16054,{"$f":"-'App.2-B_FA Cont 2012 MIFRS'!K27","v":16054},0,1580,null,16844]
[1845,"Underground Conductors & Devices",{"$f":"'App.2-B_FA Cont 2012 MIFRS'!E28+'App.2-B_FA Cont 2012 MIFRS'!J28","v":4222942},{"$f":"'App.2-B_FA Cont 2012 MIFRS'!F28","v":171000},{"$f":"C28/202630","v":20.840655381730247},30,3.3333333333333333E-2,202630,2850,205480,{"$f":"-'App.2-B_FA Cont 2012 MIFRS'!K28","v":205480},0,5700,null,208330]
[1850,"Line Transformers",{"$f":"'App.2-B_FA Cont 2012 MIFRS'!E29+'App.2-B_FA Cont 2012 MIFRS'!J29","v":3165512},{"$f":"'App.2-B_FA Cont 2012 MIFRS'!F29","v":358500},{"$f":"C29/106579","v":29.701085579710824},40,2.5000000000000001E-2,106579,4481.25,111060.25,{"$f":"-'App.2-B_FA Cont 2012 MIFRS'!K29","v":111060},0.25,8962.5,null,115541.5]
[1855,"Services (Overhead & Underground)",{"$f":"'App.2-B_FA Cont 2012 MIFRS'!E30+'App.2-B_FA Cont 2012 MIFRS'!J30","v":541539},{"$f":"'App.2-B_FA Cont 2012 MIFRS'!F30","v":34000},{"$f":"C30/15003","v":36.095380923815235},40,2.5000000000000001E-2,15003.000000000002,425,15428.000000000002,{"$f":"-'App.2-B_FA Cont 2012 MIFRS'!K30","v":15428},1.8189894035458565E-12,850,null,15853.000000000002]
[1860,"Meters",{"$f":"'App.2-B_FA Cont 2012 MIFRS'!E31+'App.2-B_FA Cont 2012 MIFRS'!J31","v":139980},{"$f":"'App.2-B_FA Cont 2012 MIFRS'!F31","v":0},{"$f":"C31/8475","v":16.516814159292036},null,0,8475,0,8475,{"$f":"-'App.2-B_FA Cont 2012 MIFRS'!K31","v":8475},0,0,null,8475]
[1860,"Meters (Smart Meters)",{"$f":"'App.2-B_FA Cont 2012 MIFRS'!E32+'App.2-B_FA Cont 2012 MIFRS'!J32","v":2368490},{"$f":"'App.2-B_FA Cont 2012 MIFRS'!F32","v":12000},{"$f":"C32/183692","v":12.89381137991856},15,6.6666666666666666E-2,183692,400,184092,{"$f":"-'App.2-B_FA Cont 2012 MIFRS'!K32","v":184092},0,800,null,184492]
[1870,"Leased Property Customer Premises",{"$f":"'App.2-B_FA Cont 2012 MIFRS'!E33+'App.2-B_FA Cont 2012 MIFRS'!J33","v":5128},{"$f":"'App.2-B_FA Cont 2012 MIFRS'!F33","v":0},{"$f":"C33/2564","v":2},null,0,2564,0,2564,{"$f":"-'App.2-B_FA Cont 2012 MIFRS'!K33","v":2564},0,0,null,2564]
[1905,"Land",{"$f":"'App.2-B_FA Cont 2012 MIFRS'!E34+'App.2-B_FA Cont 2012 MIFRS'!J34","v":0},{"$f":"'App.2-B_FA Cont 2012 MIFRS'!F34","v":0},null,null,0,0,0,0,{"$f":"-'App.2-B_FA Cont 2012 MIFRS'!K34","v":0},0,0,null,0]
[1908,"Buildings & Fixtures",{"$f":"'App.2-B_FA Cont 2012 MIFRS'!E35+'App.2-B_FA Cont 2012 MIFRS'!J35","v":1213475},{"$f":"'App.2-B_FA Cont 2012 MIFRS'!F35","v":275000},{"$f":"C35/57881.5","v":20.964816046577923},40,2.5000000000000001E-2,57881.5,3437.5,61319,{"$f":"-'App.2-B_FA Cont 2012 MIFRS'!K35","v":61319},0,6875,null,64756.5]
[1910,"Leasehold Improvements",{"$f":"'App.2-B_FA Cont 2012 MIFRS'!E36+'App.2-B_FA Cont 2012 MIFRS'!J36","v":0},{"$f":"'App.2-B_FA Cont 2012 MIFRS'!F36","v":0},null,null,0,0,0,0,{"$f":"-'App.2-B_FA Cont 2012 MIFRS'!K36","v":0},0,0,null,0]
[1915,"Office Furniture & Equipment (10 years)",{"$f":"'App.2-B_FA Cont 2012 MIFRS'!E37+'App.2-B_FA Cont 2012 MIFRS'!J37","v":40715},{"$f":"'App.2-B_FA Cont 2012 MIFRS'!F37","v":17500},{"$f":"C37/8375","v":4.861492537313433},10,0.1,8375,875,9250,{"$f":"-'App.2-B_FA Cont 2012 MIFRS'!K37","v":9250},0,1750,534,9591]
[1915,"Office Furniture & Equipment (5 years)",{"$f":"'App.2-B_FA Cont 2012 MIFRS'!E38+'App.2-B_FA Cont 2012 MIFRS'!J38","v":0},{"$f":"'App.2-B_FA Cont 2012 MIFRS'!F38","v":0},null,null,0,0,0,0,{"$f":"-'App.2-B_FA Cont 2012 MIFRS'!K38","v":0},0,0,null,0]
[1920,"Computer Equipment - Hardware",{"$f":"'App.2-B_FA Cont 2012 MIFRS'!E39+'App.2-B_FA Cont 2012 MIFRS'!J39","v":63901},{"$f":"'App.2-B_FA Cont 2012 MIFRS'!F39","v":35000},{"$f":"C39/34751","v":1.8388247820206614},4,0.25,34751,4375,39126,{"$f":"-'App.2-B_FA Cont 2012 MIFRS'!K39","v":39126},0,8750,21263,22238]
[1920,"Computer Equip.-Hardware(Post Mar. 22/04)",{"$f":"'App.2-B_FA Cont 2012 MIFRS'!E40+'App.2-B_FA Cont 2012 MIFRS'!J40","v":0},{"$f":"'App.2-B_FA Cont 2012 MIFRS'!F40","v":0},null,null,0,0,0,0,{"$f":"-'App.2-B_FA Cont 2012 MIFRS'!K40","v":0},0,0,null,0]
[1920,"Computer Equip.-Hardware(Post Mar. 19/07)",{"$f":"'App.2-B_FA Cont 2012 MIFRS'!E41+'App.2-B_FA Cont 2012 MIFRS'!J41","v":0},{"$f":"'App.2-B_FA Cont 2012 MIFRS'!F41","v":0},null,null,0,0,0,0,{"$f":"-'App.2-B_FA Cont 2012 MIFRS'!K41","v":0},0,0,null,0]
[1925,"Computer Software ",{"$f":"'App.2-B_FA Cont 2012 MIFRS'!E42+'App.2-B_FA Cont 2012 MIFRS'!J42","v":568656},{"$f":"'App.2-B_FA Cont 2012 MIFRS'!F42","v":90000},{"$f":"C42/129101","v":4.4047373761628492},5,0.2,129101,9000,138101,{"$f":"-'App.2-B_FA Cont 2012 MIFRS'!K42","v":138101},0,18000,8239,138862]
[1930,"Transportation Equipment",{"$f":"'App.2-B_FA Cont 2012 MIFRS'!E43+'App.2-B_FA Cont 2012 MIFRS'!J43","v":266325},{"$f":"'App.2-B_FA Cont 2012 MIFRS'!F43","v":0},{"$f":"C43/29819","v":8.9313860290418852},null,0,29819.000000000004,0,29819.000000000004,{"$f":"-'App.2-B_FA Cont 2012 MIFRS'!K43","v":29819},3.637978807091713E-12,0,null,29819.000000000004]
[1935,"Stores Equipment",{"$f":"'App.2-B_FA Cont 2012 MIFRS'!E44+'App.2-B_FA Cont 2012 MIFRS'!J44","v":2930},{"$f":"'App.2-B_FA Cont 2012 MIFRS'!F44","v":0},{"$f":"C44/759","v":3.86034255599473},null,0,759,0,759,{"$f":"-'App.2-B_FA Cont 2012 MIFRS'!K44","v":759},0,0,null,759]
[1940,"Tools, Shop & Garage Equipment",{"$f":"'App.2-B_FA Cont 2012 MIFRS'!E45+'App.2-B_FA Cont 2012 MIFRS'!J45","v":35111},{"$f":"'App.2-B_FA Cont 2012 MIFRS'!F45","v":13000},{"$f":"C45/7471","v":4.699638602596707},10,0.1,7471.0000000000009,650,8121.0000000000009,{"$f":"-'App.2-B_FA Cont 2012 MIFRS'!K45","v":8121},9.0949470177292824E-13,1300,723,8048]
[1945,"Measurement & Testing Equipment",{"$f":"'App.2-B_FA Cont 2012 MIFRS'!E46+'App.2-B_FA Cont 2012 MIFRS'!J46","v":4645},{"$f":"'App.2-B_FA Cont 2012 MIFRS'!F46","v":0},{"$f":"C46/1299","v":3.5758275596612781},null,0,1299,0,1299,{"$f":"-'App.2-B_FA Cont 2012 MIFRS'!K46","v":1299},0,0,131,1168]
[1950,"Power Operated Equipment",{"$f":"'App.2-B_FA Cont 2012 MIFRS'!E47+'App.2-B_FA Cont 2012 MIFRS'!J47","v":0},{"$f":"'App.2-B_FA Cont 2012 MIFRS'!F47","v":0},null,null,0,0,0,0,{"$f":"-'App.2-B_FA Cont 2012 MIFRS'!K47","v":0},0,0,null,0]
[1955,"Communications Equipment",{"$f":"'App.2-B_FA Cont 2012 MIFRS'!E48+'App.2-B_FA Cont 2012 MIFRS'!J48","v":159873},{"$f":"'App.2-B_FA Cont 2012 MIFRS'!F48","v":0},{"$f":"C48/24143","v":6.6219193969266454},null,0,24143,0,24143,{"$f":"-'App.2-B_FA Cont 2012 MIFRS'!K48","v":24143},0,0,2770,21373]
[1955,"Communication Equipment (Smart Meters)",{"$f":"'App.2-B_FA Cont 2012 MIFRS'!E49+'App.2-B_FA Cont 2012 MIFRS'!J49","v":0},{"$f":"'App.2-B_FA Cont 2012 MIFRS'!F49","v":0},null,null,0,0,0,0,{"$f":"-'App.2-B_FA Cont 2012 MIFRS'!K49","v":0},0,0,null,0]
[1960,"Miscellaneous Equipment ",{"$f":"'App.2-B_FA Cont 2012 MIFRS'!E50+'App.2-B_FA Cont 2012 MIFRS'!J50","v":244811},{"$f":"'App.2-B_FA Cont 2012 MIFRS'!F50","v":0},{"$f":"C50/11128","v":21.9995506829619},null,0,11128,0,11128,{"$f":"-'App.2-B_FA Cont 2012 MIFRS'!K50","v":11128},0,0,null,11128]
[1975,"Load Management Controls Utility Premises",{"$f":"'App.2-B_FA Cont 2012 MIFRS'!E51+'App.2-B_FA Cont 2012 MIFRS'!J51","v":0},{"$f":"'App.2-B_FA Cont 2012 MIFRS'!F51","v":0},null,null,0,0,0,0,{"$f":"-'App.2-B_FA Cont 2012 MIFRS'!K51","v":0},0,0,null,0]
[1980,"System Supervisor Equipment",{"$f":"'App.2-B_FA Cont 2012 MIFRS'!E52+'App.2-B_FA Cont 2012 MIFRS'!J52","v":275387},{"$f":"'App.2-B_FA Cont 2012 MIFRS'!F52","v":27500},{"$f":"C52/48516.5","v":5.6761514124060888},20,0.05,48516.5,687.5,49204,{"$f":"-'App.2-B_FA Cont 2012 MIFRS'!K52","v":49204},0,1375,352,49539.5]
[1985,"Miscellaneous Fixed Assets",{"$f":"'App.2-B_FA Cont 2012 MIFRS'!E53+'App.2-B_FA Cont 2012 MIFRS'!J53","v":0},{"$f":"'App.2-B_FA Cont 2012 MIFRS'!F53","v":0},null,null,0,0,0,0,{"$f":"-'App.2-B_FA Cont 2012 MIFRS'!K53","v":0},0,0,null,0]
[1995,"Contributions & Grants",{"$f":"'App.2-B_FA Cont 2012 MIFRS'!E54+'App.2-B_FA Cont 2012 MIFRS'!J54","v":-1671125},{"$f":"'App.2-B_FA Cont 2012 MIFRS'!F54","v":-100000},{"$f":"C54/-62000","v":26.953629032258064},50,0.02,-62000,-1000,-63000,{"$f":"-'App.2-B_FA Cont 2012 MIFRS'!K54","v":-63000},0,-2000,null,-64000]
["etc.",null,null,null,null,null,0,0,0,0,{"$f":"-'App.2-B_FA Cont 2012 MIFRS'!K55","v":0},0,0,null,0]
[null,null,null,null,null,null,0,0,0,0,{"$f":"-'App.2-B_FA Cont 2012 MIFRS'!K56","v":0},0,0,null,0]
[null,"Total",{"$f":"SUM(C16:C56)","v":24387754},{"$f":"SUM(D16:D56)","v":1887015},null,null,null,{"$f":"SUM(H16:H56)","v":1148874},35716.400000000001,1184590.3999999999,1184590,0.4000000000005457,71432.800000000003,{"$f":"SUM(N16:N56)","v":34012},1186294.8]
[]
["Notes:"]
[]
[1,"Board policy of the \"half-year\" rule - the applicant must ensure that additions in the year attract a half-year depreciation expense in the first year.  Deviations from this standard practice must be supported in the application."]
[2,"The applicant must provide an explanation of material variances in evidence"]
[3,"The applicant should ensure that the years for new additions of assets are the asset useful lives determined by management in accordance with IFRS. "]
[4,"A recalculation should be performed to determine the average remaining life of opening balance of assets (i.e. excluding 2012 additions) under IFRS.  For example, Asset A had a useful life of 20 years under CGAAP.  On January 1, 2012, the date of transition, Asset A was 3 years depreciated. As a result, Asset A would have a remaining service life of 17 years (20 years less 3 years) under CGAAP as of January 1, 2012.  Due to the transition to IFRS, management re-assessed the asset useful lives under IFRS principles and concluded that the revised useful life of Asset A is now 30 years. Therefore, the average remaining useful life of opening balance of Asset A is determined to be 27 years (30 years less 3 years) under IFRS as of January 1, 2012."]
[5,"NBV must exclude assets still on the books but which have been fully amortized or depreciated."]
[6,"This column refers to the calculated full year depreciation but excludes the depreciation expense on assets fully depreciated during the year.  This column is used for the purpose of calculating depreciation expense in the following year on the next worksheet."]
[]
["General:","Applicants must provide a breakdown of depreciation and amortization expense in the above format for all relevant accounts.  Asset Retirement Obligations (AROs), depreciation and accretion expense should be disclosed separately consistent with the Notes of historical Audited Financial Statements."]

{"sheet":"App.2-CH_MIFRS_DepExp_2013","index":13,"n_rows":66,"n_cols":10,"rows_kept":66,"cut":false,"hidden":false,"merged":[[8,0,8,9],[58,1,58,4],[65,1,66,9],[62,1,62,9],[61,1,61,9],[13,0,14,0],[13,1,14,1],[13,6,14,6],[10,0,10,9],[9,0,9,9]]}
[null,null,null,null,null,null,null,null,"File Number:",{"$f":"'LDC Info'!$E$18","v":"EB-2012-0173"}]
[null,null,null,null,null,null,null,null,"Exhibit:",2]
[null,null,null,null,null,null,null,null,"Tab:",2]
[null,null,null,null,null,null,null,null,"Schedule:",1]
[null,null,null,null,null,null,null,null,"Page:","11 of 11"]
[]
[null,null,null,null,null,null,null,null,"Date:","Aug 31, 2012"]
[]
["Appendix 2-CH"]
["Depreciation and Amortization Expense"]
["Assumes the applicant adopted IFRS for financial reporting purposes January 1, 2013"]
[null,null,"Year",2013,"MIFRS"]
[]
["Account","Description","Additions","Years (new additions only)","Depreciation Rate on New Additions","2013 Depreciation Expense 1","2013 Depreciation Expense per Appendix 2-B Fixed Assets, Column K\n (l)","Variance 2"]
[null,null,"(d)","(f)","(g) = 1 / (f)","(h)=2012 Full Year Depreciation + ((d)*0.5)/(f) ",null,"(m) = (h) - (l)"]
[1611,"Computer Software (Formally known as Account 1925)",null,null,{"$f":"IF(D16=0,0,1/D16)","v":0},{"$f":"IF(D16=0,'App.2-CG_MIFRS_DepExp_2012'!O16,+'App.2-CG_MIFRS_DepExp_2012'!O16+((C16*0.5)/D16))","v":0},null,{"$f":"IF(ISERROR(+F16-G16), 0, +F16-G16)","v":0}]
[1612,"Land Rights (Formally known as Account 1906)",null,null,0,{"$f":"IF(D17=0,'App.2-CG_MIFRS_DepExp_2012'!O17,+'App.2-CG_MIFRS_DepExp_2012'!O17+((C17*0.5)/D17))","v":0},null,0]
[1805,"Land",{"$f":"'App.2-B_FA Cont 2013 MIFRS '!F18","v":0},null,{"$f":"IF(D18=0,0,1/D18)","v":0},{"$f":"IF(D18=0,'App.2-CG_MIFRS_DepExp_2012'!O18,+'App.2-CG_MIFRS_DepExp_2012'!O18+((C18*0.5)/D18))","v":0},{"$f":"-'App.2-B_FA Cont 2013 MIFRS '!K18","v":0},{"$f":"IF(ISERROR(+F18-G18), 0, +F18-G18)","v":0}]
[1806,"Land Rights ",{"$f":"'App.2-B_FA Cont 2013 MIFRS '!F19","v":0},null,0,{"$f":"IF(D19=0,'App.2-CG_MIFRS_DepExp_2012'!O19,+'App.2-CG_MIFRS_DepExp_2012'!O19+((C19*0.5)/D19))","v":640},{"$f":"-'App.2-B_FA Cont 2013 MIFRS '!K19","v":640},0]
[1808,"Buildings",{"$f":"'App.2-B_FA Cont 2013 MIFRS '!F20","v":0},null,0,{"$f":"IF(D20=0,'App.2-CG_MIFRS_DepExp_2012'!O20,+'App.2-CG_MIFRS_DepExp_2012'!O20+((C20*0.5)/D20))","v":1236},{"$f":"-'App.2-B_FA Cont 2013 MIFRS '!K20","v":1236},0]
[1810,"Leasehold Improvements",{"$f":"'App.2-B_FA Cont 2013 MIFRS '!F21","v":0},null,0,{"$f":"IF(D21=0,'App.2-CG_MIFRS_DepExp_2012'!O21,+'App.2-CG_MIFRS_DepExp_2012'!O21+((C21*0.5)/D21))","v":0},{"$f":"-'App.2-B_FA Cont 2013 MIFRS '!K21","v":0},0]
[1815,"Transformer Station Equipment >50 kV",{"$f":"'App.2-B_FA Cont 2013 MIFRS '!F22","v":0},null,0,{"$f":"IF(D22=0,'App.2-CG_MIFRS_DepExp_2012'!O22,+'App.2-CG_MIFRS_DepExp_2012'!O22+((C22*0.5)/D22))","v":14857},{"$f":"-'App.2-B_FA Cont 2013 MIFRS '!K22","v":14857},0]
[1820,"Distribution Station Equipment <50 kV",{"$f":"'App.2-B_FA Cont 2013 MIFRS '!F23","v":0},null,0,{"$f":"IF(D23=0,'App.2-CG_MIFRS_DepExp_2012'!O23,+'App.2-CG_MIFRS_DepExp_2012'!O23+((C23*0.5)/D23))","v":71683},{"$f":"-'App.2-B_FA Cont 2013 MIFRS '!K23","v":71683},0]
[1825,"Storage Battery Equipment",{"$f":"'App.2-B_FA Cont 2013 MIFRS '!F24","v":0},null,0,{"$f":"IF(D24=0,'App.2-CG_MIFRS_DepExp_2012'!O24,+'App.2-CG_MIFRS_DepExp_2012'!O24+((C24*0.5)/D24))","v":0},{"$f":"-'App.2-B_FA Cont 2013 MIFRS '!K24","v":0},0]
[1830,"Poles, Towers & Fixtures",{"$f":"'App.2-B_FA Cont 2013 MIFRS '!F25","v":625000},50,0.02,{"$f":"IF(D25=0,'App.2-CG_MIFRS_DepExp_2012'!O25,+'App.2-CG_MIFRS_DepExp_2012'!O25+((C25*0.5)/D25))","v":134830.29999999999},{"$f":"-'App.2-B_FA Cont 2013 MIFRS '!K25","v":134831},-0.70000000001164153]
[1835,"Overhead Conductors & Devices",{"$f":"'App.2-B_FA Cont 2013 MIFRS '!F26","v":133600},50,0.02,{"$f":"IF(D26=0,'App.2-CG_MIFRS_DepExp_2012'!O26,+'App.2-CG_MIFRS_DepExp_2012'!O26+((C26*0.5)/D26))","v":125253},{"$f":"-'App.2-B_FA Cont 2013 MIFRS '!K26","v":125253},0]
[1840,"Underground Conduit",{"$f":"'App.2-B_FA Cont 2013 MIFRS '!F27","v":116200},50,0.02,{"$f":"IF(D27=0,'App.2-CG_MIFRS_DepExp_2012'!O27,+'App.2-CG_MIFRS_DepExp_2012'!O27+((C27*0.5)/D27))","v":18006},{"$f":"-'App.2-B_FA Cont 2013 MIFRS '!K27","v":18006},0]
[1845,"Underground Conductors & Devices",{"$f":"'App.2-B_FA Cont 2013 MIFRS '!F28","v":192100},30,3.3333333333333333E-2,{"$f":"IF(D28=0,'App.2-CG_MIFRS_DepExp_2012'!O28,+'App.2-CG_MIFRS_DepExp_2012'!O28+((C28*0.5)/D28))","v":211531.66666666666},{"$f":"-'App.2-B_FA Cont 2013 MIFRS '!K28","v":211532},-0.33333333334303461]
[1850,"Line Transformers",{"$f":"'App.2-B_FA Cont 2013 MIFRS '!F29","v":317300},40,2.5000000000000001E-2,{"$f":"IF(D29=0,'App.2-CG_MIFRS_DepExp_2012'!O29,+'App.2-CG_MIFRS_DepExp_2012'!O29+((C29*0.5)/D29))","v":119507.75},{"$f":"-'App.2-B_FA Cont 2013 MIFRS '!K29","v":119507},0.75]
[1855,"Services (Overhead & Underground)",{"$f":"'App.2-B_FA Cont 2013 MIFRS '!F30","v":35000},40,2.5000000000000001E-2,{"$f":"IF(D30=0,'App.2-CG_MIFRS_DepExp_2012'!O30,+'App.2-CG_MIFRS_DepExp_2012'!O30+((C30*0.5)/D30))","v":16290.500000000002},{"$f":"-'App.2-B_FA Cont 2013 MIFRS '!K30","v":16290},0.50000000000181899]
[1860,"Meters",{"$f":"'App.2-B_FA Cont 2013 MIFRS '!F31","v":0},null,0,{"$f":"IF(D31=0,'App.2-CG_MIFRS_DepExp_2012'!O31,+'App.2-CG_MIFRS_DepExp_2012'!O31+((C31*0.5)/D31))","v":8475},{"$f":"-'App.2-B_FA Cont 2013 MIFRS '!K31","v":8475},0]
[1860,"Meters (Smart Meters)",{"$f":"'App.2-B_FA Cont 2013 MIFRS '!F32","v":50000},15,6.6666666666666666E-2,{"$f":"IF(D32=0,'App.2-CG_MIFRS_DepExp_2012'!O32,+'App.2-CG_MIFRS_DepExp_2012'!O32+((C32*0.5)/D32))","v":186158.66666666666},{"$f":"-'App.2-B_FA Cont 2013 MIFRS '!K32","v":186159},-0.33333333334303461]
[1870,"Leased Property on Customer Premises",{"$f":"'App.2-B_FA Cont 2013 MIFRS '!F33","v":0},null,0,{"$f":"IF(D33=0,'App.2-CG_MIFRS_DepExp_2012'!O33,+'App.2-CG_MIFRS_DepExp_2012'!O33+((C33*0.5)/D33))","v":2564},{"$f":"-'App.2-B_FA Cont 2013 MIFRS '!K33","v":2564},0]
[1905,"Land",{"$f":"'App.2-B_FA Cont 2013 MIFRS '!F34","v":0},null,0,{"$f":"IF(D34=0,'App.2-CG_MIFRS_DepExp_2012'!O34,+'App.2-CG_MIFRS_DepExp_2012'!O34+((C34*0.5)/D34))","v":0},{"$f":"-'App.2-B_FA Cont 2013 MIFRS '!K34","v":0},0]
[1908,"Buildings & Fixtures",{"$f":"'App.2-B_FA Cont 2013 MIFRS '!F35","v":20000},40,2.5000000000000001E-2,{"$f":"IF(D35=0,'App.2-CG_MIFRS_DepExp_2012'!O35,+'App.2-CG_MIFRS_DepExp_2012'!O35+((C35*0.5)/D35))","v":65006.5},{"$f":"-'App.2-B_FA Cont 2013 MIFRS '!K35","v":65006},0.5]
[1910,"Leasehold Improvements",{"$f":"'App.2-B_FA Cont 2013 MIFRS '!F36","v":0},null,0,{"$f":"IF(D36=0,'App.2-CG_MIFRS_DepExp_2012'!O36,+'App.2-CG_MIFRS_DepExp_2012'!O36+((C36*0.5)/D36))","v":0},{"$f":"-'App.2-B_FA Cont 2013 MIFRS '!K36","v":0},0]
[1915,"Office Furniture & Equipment (10 years)",{"$f":"'App.2-B_FA Cont 2013 MIFRS '!F37","v":0},null,0,{"$f":"IF(D37=0,'App.2-CG_MIFRS_DepExp_2012'!O37,+'App.2-CG_MIFRS_DepExp_2012'!O37+((C37*0.5)/D37))","v":9591},{"$f":"-'App.2-B_FA Cont 2013 MIFRS '!K37","v":9591},0]
[1915,"Office Furniture & Equipment (5 years)",{"$f":"'App.2-B_FA Cont 2013 MIFRS '!F38","v":0},null,0,{"$f":"IF(D38=0,'App.2-CG_MIFRS_DepExp_2012'!O38,+'App.2-CG_MIFRS_DepExp_2012'!O38+((C38*0.5)/D38))","v":0},{"$f":"-'App.2-B_FA Cont 2013 MIFRS '!K38","v":0},0]
[1920,"Computer Equipment - Hardware",{"$f":"'App.2-B_FA Cont 2013 MIFRS '!F39","v":46000},4,0.25,{"$f":"IF(D39=0,'App.2-CG_MIFRS_DepExp_2012'!O39,+'App.2-CG_MIFRS_DepExp_2012'!O39+((C39*0.5)/D39))","v":27988},{"$f":"-'App.2-B_FA Cont 2013 MIFRS '!K39","v":27988},0]
[1920,"Computer Equip.-Hardware(Post Mar. 22/04)",{"$f":"'App.2-B_FA Cont 2013 MIFRS '!F40","v":0},null,0,{"$f":"IF(D40=0,'App.2-CG_MIFRS_DepExp_2012'!O40,+'App.2-CG_MIFRS_DepExp_2012'!O40+((C40*0.5)/D40))","v":0},{"$f":"-'App.2-B_FA Cont 2013 MIFRS '!K40","v":0},0]
[1920,"Computer Equip.-Hardware(Post Mar. 19/07)",{"$f":"'App.2-B_FA Cont 2013 MIFRS '!F41","v":0},null,0,{"$f":"IF(D41=0,'App.2-CG_MIFRS_DepExp_2012'!O41,+'App.2-CG_MIFRS_DepExp_2012'!O41+((C41*0.5)/D41))","v":0},{"$f":"-'App.2-B_FA Cont 2013 MIFRS '!K41","v":0},0]
[1925,"Computer Software ",{"$f":"'App.2-B_FA Cont 2013 MIFRS '!F42","v":58500},5,0.2,{"$f":"IF(D42=0,'App.2-CG_MIFRS_DepExp_2012'!O42,+'App.2-CG_MIFRS_DepExp_2012'!O42+((C42*0.5)/D42))","v":144712},{"$f":"-'App.2-B_FA Cont 2013 MIFRS '!K42","v":144712},0]
[1930,"Transportation Equipment",{"$f":"'App.2-B_FA Cont 2013 MIFRS '!F43","v":325165},15,6.6666666666666666E-2,{"$f":"IF(D43=0,'App.2-CG_MIFRS_DepExp_2012'!O43,+'App.2-CG_MIFRS_DepExp_2012'!O43+((C43*0.5)/D43))","v":40657.833333333336},{"$f":"-'App.2-B_FA Cont 2013 MIFRS '!K43","v":40657},0.83333333333575865]
[1935,"Stores Equipment",{"$f":"'App.2-B_FA Cont 2013 MIFRS '!F44","v":0},null,0,{"$f":"IF(D44=0,'App.2-CG_MIFRS_DepExp_2012'!O44,+'App.2-CG_MIFRS_DepExp_2012'!O44+((C44*0.5)/D44))","v":759},{"$f":"-'App.2-B_FA Cont 2013 MIFRS '!K44","v":759},0]
[1940,"Tools, Shop & Garage Equipment",{"$f":"'App.2-B_FA Cont 2013 MIFRS '!F45","v":5000},10,0.1,{"$f":"IF(D45=0,'App.2-CG_MIFRS_DepExp_2012'!O45,+'App.2-CG_MIFRS_DepExp_2012'!O45+((C45*0.5)/D45))","v":8298},{"$f":"-'App.2-B_FA Cont 2013 MIFRS '!K45","v":8298},0]
[1945,"Measurement & Testing Equipment",{"$f":"'App.2-B_FA Cont 2013 MIFRS '!F46","v":0},null,0,{"$f":"IF(D46=0,'App.2-CG_MIFRS_DepExp_2012'!O46,+'App.2-CG_MIFRS_DepExp_2012'!O46+((C46*0.5)/D46))","v":1168},{"$f":"-'App.2-B_FA Cont 2013 MIFRS '!K46","v":1168},0]
[1950,"Power Operated Equipment",{"$f":"'App.2-B_FA Cont 2013 MIFRS '!F47","v":0},null,0,{"$f":"IF(D47=0,'App.2-CG_MIFRS_DepExp_2012'!O47,+'App.2-CG_MIFRS_DepExp_2012'!O47+((C47*0.5)/D47))","v":0},{"$f":"-'App.2-B_FA Cont 2013 MIFRS '!K47","v":0},0]
[1955,"Communications Equipment",{"$f":"'App.2-B_FA Cont 2013 MIFRS '!F48","v":0},null,0,{"$f":"IF(D48=0,'App.2-CG_MIFRS_DepExp_2012'!O48,+'App.2-CG_MIFRS_DepExp_2012'!O48+((C48*0.5)/D48))","v":21373},{"$f":"-'App.2-B_FA Cont 2013 MIFRS '!K48","v":21373},0]
[1955,"Communication Equipment (Smart Meters)",{"$f":"'App.2-B_FA Cont 2013 MIFRS '!F49","v":0},null,0,{"$f":"IF(D49=0,'App.2-CG_MIFRS_DepExp_2012'!O49,+'App.2-CG_MIFRS_DepExp_2012'!O49+((C49*0.5)/D49))","v":0},{"$f":"-'App.2-B_FA Cont 2013 MIFRS '!K49","v":0},0]
[1960,"Miscellaneous Equipment ",{"$f":"'App.2-B_FA Cont 2013 MIFRS '!F50","v":0},null,0,{"$f":"IF(D50=0,'App.2-CG_MIFRS_DepExp_2012'!O50,+'App.2-CG_MIFRS_DepExp_2012'!O50+((C50*0.5)/D50))","v":11128},{"$f":"-'App.2-B_FA Cont 2013 MIFRS '!K50","v":11128},0]
[1975,"Load Management Controls Utility Premises",{"$f":"'App.2-B_FA Cont 2013 MIFRS '!F51","v":0},null,0,{"$f":"IF(D51=0,'App.2-CG_MIFRS_DepExp_2012'!O51,+'App.2-CG_MIFRS_DepExp_2012'!O51+((C51*0.5)/D51))","v":0},{"$f":"-'App.2-B_FA Cont 2013 MIFRS '!K51","v":0},0]
[1980,"System Supervisor Equipment",{"$f":"'App.2-B_FA Cont 2013 MIFRS '!F52","v":52500},20,0.05,{"$f":"IF(D52=0,'App.2-CG_MIFRS_DepExp_2012'!O52,+'App.2-CG_MIFRS_DepExp_2012'!O52+((C52*0.5)/D52))","v":50852},{"$f":"-'App.2-B_FA Cont 2013 MIFRS '!K52","v":50852},0]
[1985,"Miscellaneous Fixed Assets",{"$f":"'App.2-B_FA Cont 2013 MIFRS '!F53","v":0},null,0,{"$f":"IF(D53=0,'App.2-CG_MIFRS_DepExp_2012'!O53,+'App.2-CG_MIFRS_DepExp_2012'!O53+((C53*0.5)/D53))","v":0},{"$f":"-'App.2-B_FA Cont 2013 MIFRS '!K53","v":0},0]
[1995,"Contributions & Grants",{"$f":"'App.2-B_FA Cont 2013 MIFRS '!F54","v":0},null,0,{"$f":"IF(D54=0,'App.2-CG_MIFRS_DepExp_2012'!O54,+'App.2-CG_MIFRS_DepExp_2012'!O54+((C54*0.5)/D54))","v":-64000},{"$f":"-'App.2-B_FA Cont 2013 MIFRS '!K54","v":-64000},0]
["etc.",null,{"$f":"'App.2-B_FA Cont 2013 MIFRS '!F55","v":0},null,0,{"$f":"IF(D55=0,'App.2-CG_MIFRS_DepExp_2012'!O55,+'App.2-CG_MIFRS_DepExp_2012'!O55+((C55*0.5)/D55))","v":0},null,0]
[null,null,null,null,0,{"$f":"IF(D56=0,'App.2-CG_MIFRS_DepExp_2012'!O56,+'App.2-CG_MIFRS_DepExp_2012'!O56+((C56*0.5)/D56))","v":0},null,0]
[null,"Total",{"$f":"SUM(C16:C56)","v":1976365},null,null,{"$f":"SUM(F16:F56)","v":1228566.2166666666},{"$f":"SUM(G16:G56)","v":1228565},{"$f":"SUM(H16:H56)","v":1.2166666666398669}]
[null,"Depreciation expense adjustment resulting from  amortization of Account 1576",null,null,null,-143383]
[null,"Total Depreciation expense to be included in the test year revenue requirement",null,null,null,{"$f":"+F58+F57","v":1085183.2166666666}]
[]
["Notes:"]
[1,"Board policy of the \"half-year\" rule - the applicant must ensure that additions in the year attract a half-year depreciation expense in the first year.  Deviations from this standard practice must be supported in the application."]
[2,"The applicant must provide an explanation of material variances in evidence"]
[]
[]
["General:","Applicants must provide a breakdown of depreciation and amortization expense in the above format for all relevant accounts.  Asset Retirement Obligations (AROs), depreciation and accretion expense should be disclosed separately consistent with the Notes of historical Audited Financial Statements."]

{"sheet":"App.2-D_Overhead","index":14,"n_rows":56,"n_cols":13,"rows_kept":56,"cut":false,"hidden":false,"merged":[[8,0,8,12],[9,0,9,12],[11,0,11,12],[13,0,15,2],[13,10,13,12],[14,10,14,12],[15,10,15,12],[22,0,22,2],[22,10,22,12],[16,0,16,2],[16,10,16,12],[17,0,17,2],[17,10,17,12],[18,0,18,2],[18,10,18,12],[19,0,19,2],[19,10,19,12],[20,0,20,2],[20,10,20,12],[21,10,21,12],[23,0,23,2],[23,10,23,12],[24,0,24,2],[24,10,24,12],[25,0,25,2],[25,10,25,12],[35,0,37,2],[35,10,35,12],[36,10,36,12],[37,10,37,12],[26,0,26,2],[26,10,26,12],[27,0,27,2],[27,10,27,12],[28,0,28,2],[28,10,28,12],[29,0,29,2],[29,10,29,12],[30,0,30,2],[30,10,30,12],[33,0,33,12],[44,0,44,2],[44,10,44,12],[38,0,38,2],[38,10,38,12],[39,0,39,2],[39,10,39,12],[40,0,40,2],[40,10,40,12],[41,0,41,2],[41,10,41,12],[42,0,42,2],[42,10,42,12],[43,10,43,12],[45,0,45,2],[45,10,45,12],[46,0,46,2],[46,10,46,12],[47,0,47,2],[47,10,47,12],[48,0,48,2],[48,10,48,12],[49,0,49,2],[49,10,49,12],[50,0,50,2],[50,10,50,12],[51,0,51,2],[51,10,51,12],[52,0,52,2],[52,10,52,12],[57,0,58,0],[57,1,58,4],[55,1,56,12],[68,0,71,0],[73,0,74,0],[60,0,61,0],[60,1,60,4],[62,0,63,0],[65,0,66,0]]}
[null,null,null,null,null,null,null,null,null,null,null,"File Number:",{"$f":"'LDC Info'!$E$18","v":"EB-2012-0173"}]
[null,null,null,null,null,null,null,null,null,null,null,"Exhibit:",2]
[null,null,null,null,null,null,null,null,null,null,null,"Tab:",3]
[null,null,null,null,null,null,null,null,null,null,null,"Schedule:",5]
[null,null,null,null,null,null,null,null,null,null,null,"Page:","4 of 6"]
[]
[null,null,null,null,null,null,null,null,null,null,null,"Date:","Aug 31, 2012"]
[]
["Appendix 2-D"]
["Overhead Expense"]
[]
["The following table should be completed based on the information requested below. An explanation should be provided for any blank entries.  The entries should include overhead costs that are currently capitalized on self-constructed assets under MIFRS or an alternate accounting standard."]
[null,null,null,null,"(A) 1","(B)","(C)","(D)","(E) 1","(F)","(G)"]
["Nature of the Overhead Costs",null,null,null,"Dollar","Dollar","Dollar","Dollar Impact - ","Dollar Impact - ","Directly","Reasons why the overhead costs are allowed to be"]
[null,null,null,null,"Impact on PP&E","Impact on PP&E","Impact on PP&E","PP&E Variance","PP&E Variance","Attributable?","capitalized under MIFRS or an alternate accounting"]
[null,null,null,null,"Historic Year","Bridge Year","Test Year","Test versus Bridge","Test versus Historic","(Y/N)","standard given limitations on capitalized overhead"]
["employee benefits",null,null,null,null,127329,137725,{"$f":"+G17-F17","v":10396},{"$f":"+G17-E17","v":137725},"Y","Employee Benefits excluding safety training are capitalized "]
["costs of site preparation",null,null,null,null,null,null,0,0,null,"under IFRS"]
["initial delivery and handling costs",null,null,null,null,null,null,0,0]
["costs of testing whether the asset is functioning properly",null,null,null,null,null,null,0,0]
["professional fees",null,null,null,null,null,null,0,0]
[null,null,null,null,null,null,null,0,0]
["costs of opening a new facility",null,null,null,null,null,null,0,0]
["costs of introducing a new product or service (including costs of advertising and promotional activities)",null,null,null,null,null,null,0,0]
["costs of conducting business in a new location or with a new class of customer (including costs of staff training)",null,null,null,null,null,null,0,0]
["administration and other general overhead costs",null,null,null,null,null,null,0,0,null,"Welland stopped capitalizing Adminstrative Overheads in"]
[null,null,null,null,null,null,null,0,0,null,"2010 and General Overheads in 2012"]
[null,null,null,null,null,null,null,0,0]
[null,null,null,null,null,null,null,0,0]
["Insert description of additional item(s) and new rows if needed.",null,null,null,null,null,null,0,0]
["Total",null,null,null,{"$f":"SUM(E17:E30)","v":0},{"$f":"SUM(F17:F30)","v":127329},{"$f":"SUM(G17:G30)","v":137725},{"$f":"SUM(H17:H30)","v":10396},{"$f":"SUM(I17:I30)","v":137725}]
[]
[]
["The following table should be completed based on the information requested below. An explanation should be provided for any blank entries.  The entries should include overhead costs that were capitalized on self-constructed assets under CGAAP but are no longer capitalized under MIFRS or an alternate accounting standard and are included in OM&A."]
[null,null,null,null,"(A) 1","(B)","(C)","(D)","(E) 1","(F)","(G)"]
["Nature of the Overhead Costs",null,null,null,"Dollar","Dollar","Dollar","Dollar Impact - ","Dollar Impact - ","Directly","Reasons why the overhead costs are not allowed to be"]
[null,null,null,null,"Impact on OM&A","Impact on OM&A","Impact on OM&A","OM&A Variance","OM&A Variance","Attributable?","capitalized under MIFRS or an alternate accounting"]
[null,null,null,null,"Historic Year","Bridge Year","Test Year","Test versus Bridge","Test versus Historic","(Y/N)","standard given limitations on capitalized overhead"]
["employee benefits",null,null,null,null,null,null,{"$f":"+G39-F39","v":0},{"$f":"+G39-E39","v":0},null,"Should have small increase in OM&A due to safety training"]
["costs of site preparation",null,null,null,null,null,null,{"$f":"+G40-F40","v":0},{"$f":"+G40-E40","v":0},null,"no longer included in Burden Overheads"]
["initial delivery and handling costs",null,null,null,null,null,null,{"$f":"+G41-F41","v":0},{"$f":"+G41-E41","v":0}]
["costs of testing whether the asset is functioning properly",null,null,null,null,null,null,{"$f":"+G42-F42","v":0},{"$f":"+G42-E42","v":0}]
["professional fees",null,null,null,null,null,null,{"$f":"+G43-F43","v":0},{"$f":"+G43-E43","v":0}]
[]
["costs of opening a new facility",null,null,null,null,null,null,{"$f":"+G45-F45","v":0},{"$f":"+G45-E45","v":0}]
["costs of introducing a new product or service (including costs of advertising and promotional activities)",null,null,null,null,null,null,0,0]
["costs of conducting business in a new location or with a new class of customer (including costs of staff training)",null,null,null,null,null,null,0,0]
["administration and other general overhead costs",null,null,null,null,null,null,0,0]
["Material Overhead-Stores",null,null,null,null,57845,72435,14590,72435,"N","Not directly attributable and mainly building ovhd/storekeeper"]
["Truck Charges",null,null,null,null,149183,128252,-20931,128252,"N","Depreciation amount not material enough to capitalize"]
["Engineering Overhead",null,null,null,null,74042,65954,-8088,65954,"N","Mainly record keeping/GIS.  Some hours charged directly"]
["Insert description of additional item(s) and new rows if needed.",null,null,null,null,null,null,0,0,null,"to Capital Projects By Engineers"]
["Total",null,null,null,{"$f":"SUM(E39:E52)","v":0},{"$f":"SUM(F39:F52)","v":281070},{"$f":"SUM(G39:G52)","v":266641},{"$f":"SUM(H39:H52)","v":-14429},{"$f":"SUM(I39:I52)","v":266641}]
[]
["Notes:"]
[1,"If the applicant chooses to adopt IFRS or an alternate accounting standard for financial reporting purposes in 2013, the applicant does not need to complete Columns A, E.  If the applicant adopts IFRS or an alternate accounting standard for financial reporting purposes in 2012, the applicant must complete all columns."]

{"sheet":"App.2-EB_PP&E Deferral Account","index":15,"n_rows":55,"n_cols":10,"rows_kept":55,"cut":false,"hidden":false,"merged":[[54,0,55,8],[20,1,20,8],[8,0,8,8],[9,0,9,8],[10,0,10,8],[14,0,14,8],[12,0,12,8]]}
[null,null,null,null,null,null,null,"File Number:",{"$f":"'LDC Info'!$E$18","v":"EB-2012-0173"}]
[null,null,null,null,null,null,null,"Exhibit:",2]
[null,null,null,null,null,null,null,"Tab:",3]
[null,null,null,null,null,null,null,"Schedule:",5]
[null,null,null,null,null,null,null,"Page:","6 of 6"]
[]
[null,null,null,null,null,null,null,"Date:","Aug 31, 2012"]
[]
["Appendix 2-EB"]
["CGAAP Transitional PP&E Amounts"]
["2012 Adopters of Extended Lives & Overhead Capitalization"]
[]
["For applicants that adopt IFRS on January 1, 2013 for financial reporting purposes"]
[]
["Note: this sheet should be filled out if the applicant adopts IFRS for its financial reporting purpose as of January 1, 2013. "]
[]
[null,"2009 Rebasing Year",2010,2011,2012,"2013 Rebasing Year",2014,2015,2016]
["Reporting Basis","CGAAP","IRM","IRM","IRM","MIFRS","IRM","IRM","IRM"]
["Forecast vs. Actual Used in Rebasing Year","Forecast","Actual","Actual","Forecast","Forecast"]
[null,null,null,"$","$","$","$","$","$"]
["PP&E Values under CGAAP"]
["            Opening net PP&E - Note 1",null,null,null,{"$f":"'App.2-B_FA Cont 2012 CGAAP  '!E57+'App.2-B_FA Cont 2012 CGAAP  '!J57","v":24387754}]
["            Additions",null,null,null,2168085]
["            Depreciation (amounts should be negative)",null,null,null,-2039191]
["            Closing net PP&E (1)",null,null,null,{"$f":"SUM(E22:E24)","v":24516648}]
[]
["PP&E Values under MIFRS (Starts from 2012, the transition year)"]
["            Opening net PP&E  - Note 1",null,null,null,{"$f":"'App.2-B_FA Cont 2012 MIFRS'!E57+'App.2-B_FA Cont 2012 MIFRS'!J57","v":24387754}]
["            Additions",null,null,null,{"$f":"'App.2-B_FA Cont 2012 MIFRS'!F57","v":1887015}]
["            Depreciation (amounts should be negative)",null,null,null,{"$f":"'App.2-B_FA Cont 2012 MIFRS'!K57","v":-1184590}]
["            Closing net PP&E (2)",null,null,null,{"$f":"SUM(E28:E30)","v":25090179}]
[]
["Difference in Closing net PP&E, CGAAP vs. MIFRS (Shown as adjustment to rate base on rebasing)",null,null,null,{"$f":"E25-E31","v":-573531}]
[]
["Account 1576 CGAAP Transitional PP&E Amounts"]
["          Opening balance ",null,null,null,{"$f":"D40","v":0},{"$f":"E40","v":-573531},{"$f":"F40","v":-430148.25},{"$f":"G40","v":-286765.5},{"$f":"H40","v":-143382.75}]
["          Amounts added in the year",null,null,null,{"$f":"E33-D33","v":-573531}]
["Sub-total",null,null,null,{"$f":"E36+E37","v":-573531},{"$f":"F36+F37","v":-573531},{"$f":"G36+G37","v":-430148.25},{"$f":"H36+H37","v":-286765.5},{"$f":"I36+I37","v":-143382.75}]
["Amount of amortization, included in  depreciation expense  - Note 2",null,null,null,null,{"$f":"IF(ISERROR(-E33/I44), 0, -E33/I44)","v":143382.75},{"$f":"+F39","v":143382.75},{"$f":"+F39","v":143382.75},{"$f":"+F39","v":143382.75}]
["          Closing balance in deferral account",null,null,null,{"$f":"E38+E39","v":-573531},{"$f":"IF(ISERROR(F38+F39), 0, F38+F39)","v":-430148.25},{"$f":"G38+G39","v":-286765.5},{"$f":"H38+H39","v":-143382.75},{"$f":"I38+I39","v":0}]
[]
["Effect on Revenue Requirement"]
["        Amortization of deferred balance as above - Note 2",null,null,null,null,{"$f":"IF(ISERROR(E33/I44), 0, E33/I44)","v":-143382.75},null,"WACC",5.7700000000000001E-2]
["Return on Rate Base Associated with deferred PP&E balance at WACC  - Note 3 ",null,null,null,null,{"$f":"E33*I43","v":-33092.738700000002},null,"Disposition Period - Note 4",4,"Years"]
["     Amount included in Revenue Requirement on rebasing",null,null,null,null,{"$f":"F43+F44","v":-176475.48869999999}]
[]
["Notes:"]
["1  For an applicant that adopts IFRS on January 1, 2013, the PP&E values as of January 1, 2012 under both CGAAP and MIFRS should be the same. "]
["2  Amortization of the deferred balance in Account 1575 will start from the rebasing year. "]
["    Assume the utility requests for a certain disposition period, the amortization that should be included in the depreciation expense is calculated as:"]
["   the opening balance of Account 1575 / the approved disposition period"]
["3  Return on rate base associated with deferred balance is calculated as:"]
["     the deferred account opening balance as of 2013 rebasing year x WACC "]
["     * Please note that the calculation should be adjusted once WACC is updated and finalized in the rate application."]
["4  Consistent with the 4 year normal rate cycle, the model is using a 4 year amortization period as a default selection to \"clear\" the PP&E deferral account through a one-time adjustment to ratebase to capture and remove the impact of the accounting policy changes as caused by the transition from CGAAP to MIFRS."]

{"sheet":"App.2-F_Other_Oper_Rev","index":16,"n_rows":136,"n_cols":9,"rows_kept":136,"cut":false,"hidden":false,"merged":[[111,0,111,1],[112,0,112,1],[115,0,115,1],[116,0,116,1],[48,0,48,1],[49,0,49,1],[50,0,50,1],[52,0,52,1],[53,0,53,1],[59,0,59,1],[60,0,60,1],[61,0,61,1],[62,0,62,1],[90,0,90,1],[91,0,91,1],[72,0,72,1],[35,0,36,8],[20,0,20,1],[21,0,21,1],[8,0,8,8],[9,0,9,8],[18,0,18,8],[19,0,19,1],[30,2,30,8],[31,2,32,8],[22,0,22,1],[23,0,23,1],[28,0,28,1],[29,0,29,1],[30,0,30,1],[31,0,31,1],[134,1,134,8],[135,1,135,8],[100,0,100,1],[40,0,41,8],[122,0,122,1],[126,0,126,1],[123,0,123,1],[124,0,124,1],[104,0,104,1],[125,0,125,1],[68,0,68,1],[69,0,69,1],[70,0,70,1],[71,0,71,1],[83,0,83,1],[84,0,84,1],[101,0,101,1],[105,0,105,1],[81,0,81,1],[82,0,82,1],[92,0,92,1],[93,0,93,1],[99,0,99,1]]}
[null,null,null,null,null,null,null,"File Number:",{"$f":"'LDC Info'!$E$18","v":"EB-2012-0173"}]
[null,null,null,null,null,null,null,"Exhibit:",3]
[null,null,null,null,null,null,null,"Tab:",3]
[null,null,null,null,null,null,null,"Schedule:",3]
[null,null,null,null,null,null,null,"Page:","1 to 4"]
[]
[null,null,null,null,null,null,null,"Date:","Aug 31, 2012"]
[]
["Appendix 2-F"]
["Other Operating Revenue"]
[]
["USoA #","USoA Description",{"$f":"G13-3 & \" Actual\"","v":"2009 Actual"},{"$f":"G13-2 & \" Actual\"","v":"2010 Actual"},{"$f":"G13-1 & \" Actual\"& CHAR(178)","v":"2011 Actual²"},{"$f":"G13-1 & \" Actual\"& CHAR(178)","v":"2011 Actual²"},{"$f":"\"Bridge Year\" & CHAR(179)","v":"Bridge Year³"},{"$f":"\"Bridge Year\" & CHAR(179)","v":"Bridge Year³"},"Test Year"]
[null,null,null,null,null,null,{"$f":"'LDC Info'!E26","v":2012},{"$f":"'LDC Info'!E26","v":2012},{"$f":"'LDC Info'!E28","v":2013}]
[null,"Reporting Basis",null,null,null,null,"CGAAP","MIFRS","MIFRS"]
[4235,"Specific Service Charges",156418,149379,157412,null,149069,149069,155775]
[4225,"Late Payment Charges",71531,3072,143690,null,68785,68785,71971]
[]
[]
[]
["Specific Service Charges",null,{"$f":"C15","v":156418},149379,157412,null,149069,{"$f":"H15","v":149069},{"$f":"I15","v":155775}]
["Late Payment Charges",null,71531,3072,143690,null,68785,{"$f":"H16","v":68785},{"$f":"I16","v":71971}]
["Other Operating Revenues",null,{"$f":"C73+C63+C54","v":325438},{"$f":"D73+D63+D54","v":149543},241857,0,234491,234491,236973]
["Other Income or Deductions",null,{"$f":"C85+C94+C106+C117+C127","v":193826},{"$f":"D85+D94+D106+D117+D127","v":206649},289265,null,112475,112475,146531]
["Total Other Operating Revenue",null,{"$f":"SUM(C20:C23)","v":747213},508643,832224,0,564820,564820,611250]
["Less 4375 Non Distribution Revenue",null,{"$f":"C106","v":85848},{"$f":"D106","v":96065},{"$f":"E106","v":79849},null,{"$f":"G106","v":23250},{"$f":"H106","v":23250},{"$f":"I106","v":36250}]
["Other Operating Revenues-Distribution",null,{"$f":"C24-C25","v":661365},{"$f":"D24-D25","v":412578},{"$f":"E24-E25","v":752375},null,{"$f":"G24-G25","v":541570},{"$f":"H24-H25","v":541570},{"$f":"I24-I25","v":575000}]
[]
["Description",null,"Account(s)"]
["Specific Service Charges:",null,4235]
["Late Payment Charges:",null,4225]
["Other Distribution Revenues:",null,"4080, 4082, 4084, 4090, 4205, 4210, 4215, 4220, 4240, 4245"]
["Other Income and Expenses:",null,"4305, 4310, 4315, 4320, 4325, 4330, 4335, 4340, 4345, 4350, 4355, 4360, 4365, 4370, 4375, 4380, 4385, 4390, 4395, 4398, 4405, 4415"]
[]
[]
["Note: Add all applicable accounts listed above to the table and include all relevant information."]
["The above table assumes adoption of MIFRS as of January 1, 2013.  If the adoption year differs, please adjust the table accordingly."]
[]
[]
["Account Breakdown Details"]
[]
["For each \"Other Operating Revenue\" and \"Other Income or Deductions\" Account, a detailed breakdown of the account components is required.  See the example below for Account 4405, Interest and Dividend Income."]
[]
[]
["Other Operating Revenues"]
[]
["Account 4080 - Monthly Service Charges"]
[null,null,{"$f":"$C$12","v":"2009 Actual"},{"$f":"$D$12","v":"2010 Actual"},{"$f":"$E$12","v":"2011 Actual²"},{"$f":"$F$12","v":"2011 Actual²"},"Bridge Year","Bridge Year","Test Year"]
[null,null,null,null,null,null,2012,2012,2013]
["Reporting Basis",null,"CGAAP","CGAAP","CGAAP","MIFRS","CGAAP","MIFRS","MIFRS"]
["SSA Administration",null,74544,-42912,59382,null,60501,60501,61575]
["Microfits",null,0,0,0,null,696,696,1425]
["Retail Service Revenue",null,39496,36881,30135,null,20525,20525,20515]
[]
["Total",null,{"$f":"SUM(C50:C53)","v":114040},-6031,89517,0,81722,81722,83515]
[]
[]
["Account 4084 - Service Trans Revenue"]
[null,null,{"$f":"$C$12","v":"2009 Actual"},{"$f":"$D$12","v":"2010 Actual"},{"$f":"$E$12","v":"2011 Actual²"},{"$f":"$F$12","v":"2011 Actual²"},"Bridge Year","Bridge Year","Test Year"]
[null,null,null,null,null,null,2012,2012,2013]
["Reporting Basis",null,"CGAAP","CGAAP","CGAAP","MIFRS","CGAAP","MIFRS","MIFRS"]
["Service Trans Revenue",null,748,1303,789,null,789,789,789]
[]
["Total",null,{"$f":"SUM(C61:C62)","v":748},1303,789,0,789,789,789]
[]
[]
["Account 4210 - Rent from Electrical Property"]
[null,null,{"$f":"$C$12","v":"2009 Actual"},{"$f":"$D$12","v":"2010 Actual"},{"$f":"$E$12","v":"2011 Actual²"},{"$f":"$F$12","v":"2011 Actual²"},"Bridge Year","Bridge Year","Test Year"]
[null,null,null,null,null,null,2012,2012,2013]
["Reporting Basis",null,"CGAAP","CGAAP","CGAAP","MIFRS","CGAAP","MIFRS","MIFRS"]
["Pole",null,189876,132640,130085,null,130085,130085,129990]
["Service Centre",null,20774,21631,21466,null,21895,21895,22679]
[]
["Total",null,{"$f":"SUM(C70:C72)","v":210650},154271,151551,0,151980,151980,152669]
[]
[]
[]
["Other Income or Deductions"]
[]
["Account 4355 - Gain on Disposition of Property"]
[null,null,{"$f":"$C$12","v":"2009 Actual"},{"$f":"$D$12","v":"2010 Actual"},{"$f":"$E$12","v":"2011 Actual²"},{"$f":"$F$12","v":"2011 Actual²"},"Bridge Year","Bridge Year","Test Year"]
[null,null,null,null,null,null,2012,2012,2013]
["Reporting Basis",null,"CGAAP","CGAAP","CGAAP","MIFRS","CGAAP","MIFRS","MIFRS"]
["Gain on Disposition of Utility Property",null,-69,2849,14409,null,0,0,7911]
[]
["Total",null,{"$f":"SUM(C83:C84)","v":-69},2849,14409,0,0,0,7911]
[]
[]
["Account 4362 - Asset Retirement MIFRS"]
[null,null,{"$f":"$C$12","v":"2009 Actual"},{"$f":"$D$12","v":"2010 Actual"},{"$f":"$E$12","v":"2011 Actual²"},{"$f":"$F$12","v":"2011 Actual²"},"Bridge Year","Bridge Year","Test Year"]
[null,null,null,null,null,null,2012,2012,2013]
["Reporting Basis",null,"CGAAP","CGAAP","CGAAP","MIFRS","CGAAP","MIFRS","MIFRS"]
["Asset Retirment MIFRS",null,0,0,0,null,0,0]
[]
["Total",null,{"$f":"SUM(C92:C93)","v":0},0,0,0,0,0,0]
[]
[]
["Account 4375 - Revenues from Non-Utility Operations"]
[null,null,{"$f":"$C$12","v":"2009 Actual"},{"$f":"$D$12","v":"2010 Actual"},{"$f":"$E$12","v":"2011 Actual²"},{"$f":"$F$12","v":"2011 Actual²"},"Bridge Year","Bridge Year","Test Year"]
[null,null,null,null,null,null,2012,2012,2013]
["Reporting Basis",null,"CGAAP","CGAAP","CGAAP","MIFRS",{"$f":"IF(ISBLANK(G4), \"\", G4)","v":""},{"$f":"IF(ISBLANK(H4), \"\", H4)","v":"Schedule:"},{"$f":"IF(ISBLANK(I4), \"\", I4)","v":3}]
["Mark Up OPA Programs",null,82154,90530,45537,null,0,0,0]
["Solar Revenue",null,0,0,0,null,23250,23250,36250]
["Revenue Final Variance Accounts",null,0,0,28822,null,0,0,0]
["Miscellaneous Non Operating",null,3694,5535,5490,null,0,0,0]
[]
["Total",null,{"$f":"SUM(C101:C105)","v":85848},96065,79849,0,23250,23250,36250]
[]
[]
["Account 4390 - Miscellaneous Non Operating Income"]
[null,null,{"$f":"$C$12","v":"2009 Actual"},{"$f":"$D$12","v":"2010 Actual"},{"$f":"$E$12","v":"2011 Actual²"},{"$f":"$F$12","v":"2011 Actual²"},"Bridge Year","Bridge Year","Test Year"]
[null,null,null,null,null,null,2012,2012,2013]
["Reporting Basis",null,"CGAAP","CGAAP","CGAAP","MIFRS","CGAAP","MIFRS","MIFRS"]
["Scrap Metal Sales",null,8920,18221,9812,null,9812,9812,16570]
["Misc Service-Other Revenue",null,18888,7077,8023,null,8023,8023,9657]
["PILS 1562 Adjustment",null,0,0,28779,null,0,0,0]
[]
["Total",null,{"$f":"SUM(C113:C116)","v":27808},25298,46614,0,17835,17835,26227]
[]
[]
["Account 4405 - Interest and Dividend Income"]
[null,null,{"$f":"$C$12","v":"2009 Actual"},{"$f":"$D$12","v":"2010 Actual"},{"$f":"$E$12","v":"2011 Actual²"},{"$f":"$F$12","v":"2011 Actual²"},"Bridge Year","Bridge Year","Test Year"]
[null,null,null,null,null,null,2012,2012,2013]
["Reporting Basis",null,"CGAAP","CGAAP","CGAAP","MIFRS",{"$f":"IF(ISBLANK(G14), \"\", G14)","v":"CGAAP"},{"$f":"IF(ISBLANK(H14), \"\", H14)","v":"MIFRS"},{"$f":"IF(ISBLANK(I14), \"\", I14)","v":"MIFRS"}]
["Bank Deposit & Miscellaneous",null,59852,58093,97396,null,62500,62500,76143]
["RSVA & Other Variance Accounts",null,20387,24344,50997,null,8890,8890,0]
[]
["Total",null,{"$f":"SUM(C124:C126)","v":80239},82437,148393,0,71390,71390,76143]
[]
[]
[]
[]
[]
["Notes:"]
[1,"List and specify any other interest revenue"]
[2,"If the applicant is adopting IFRS or an alternate accounting standard as of January 1, 2012 for financial reporting purposes, 2011 must be presented on both a CGAAP and MIFRS (or alternate accounting standard) basis."]
[3,"If the applicant is adopting IFRS or an alternate accounting standard as of January 1, 2013 for financial reporting purposes, 2012 must be presented on both a CGAAP and MIFRS (or alternate accounting standard) basis."]

{"sheet":"App.2-G_Detailed_OM&A_Expenses","index":17,"n_rows":126,"n_cols":8,"rows_kept":126,"cut":false,"hidden":false,"merged":[[118,0,118,1],[85,0,85,7],[60,0,60,1],[124,1,124,7],[125,1,125,7],[123,1,123,7],[112,0,112,1],[73,0,73,7],[111,0,111,1],[41,0,41,7],[62,0,62,7],[71,0,71,1],[8,0,8,7],[9,0,9,7],[10,0,10,7],[39,0,39,1],[15,0,15,7],[12,5,12,6]]}
[null,null,null,null,null,null,"File Number:",{"$f":"'LDC Info'!$E$18","v":"EB-2012-0173"}]
[null,null,null,null,null,null,"Exhibit:",4]
[null,null,null,null,null,null,"Tab:",1]
[null,null,null,null,null,null,"Schedule:",2]
[null,null,null,null,null,null,"Page:","4 & 5"]
[]
[null,null,null,null,null,null,"Date:","Aug 31, 2012"]
[]
["Appendix 2-G"]
["Detailed, Account by Account, OM&A Expense Table"]
["(excluding Depreciation and Amortization)"]
[]
[]
["Account","Description",{"$f":"\"Last Rebasing Year (\" & 'LDC Info'!E30 & \" Actuals)\"","v":"Last Rebasing Year (2009 Actuals)"},{"$f":"'LDC Info'!E26-2 & \" Actual\"","v":"2010 Actual"},{"$f":"'LDC Info'!E26-1 & \" Actual\" & CHAR(178)","v":"2011 Actual²"},{"$f":"\"Bridge Year \" & 'LDC Info'!E26& CHAR(179)","v":"Bridge Year 2012³"},{"$f":"\"Bridge Year \" & 'LDC Info'!E26& CHAR(179)","v":"Bridge Year 2012³"},{"$f":"\"Test Year \" & 'LDC Info'!E28","v":"Test Year 2013"}]
["Reporting Basis",null,"CGAAP","CGAAP","CGAAP","CGAAP","MIFRS","MIFRS"]
["Operations"]
[5005,"Operation Supervision and Engineering",104436,136631,114232,{"$f":"127299+5504","v":132803},127299,134256]
[5010,"Load Dispatching",123056,128513,115993,{"$f":"127528+4605","v":132133},127528,133100]
[5012,"Station Buildings and Fixtures Expense",16520,8566,22509,23233,23233,21876]
[5014,"Transformer Station Equipment - Operation Labour"]
[5015,"Transformer Station Equipment - Operation Supplies and Expenses"]
[5016,"Distribution Station Equipment - Operation Labour",6008,2422,16029,{"$f":"17804+717","v":18521},17804,18844]
[5017,"Distribution Station Equipment - Operation Supplies and Expenses",111782,112071,112811,{"$f":"117183+1848","v":119031},117183,110495]
[5020,"Overhead Distribution Lines and Feeders - Operation Labour",81357,92003,91382,{"$f":"101575+4089","v":105664},101575,107507]
[5025,"Overhead Distribution Lines and Feeders - Operation Supplies and Expenses",55703,27244,45170,{"$f":"47460+1162","v":48622},47460,44838]
[5030,"Overhead Sub-transmission Feeders - Operation",54233,59547,61803,{"$f":"74131+7805","v":81936},74131,77389]
[5035,"Overhead Distribution Transformers - Operation",195,1428,0,4750,4750,4473]
[5040,"Underground Distribution Lines and Feeders - Operation Labour",137920,179166,128887,{"$f":"177967+9230","v":187197},177967,179097]
[5045,"Underground Distribution Lines and Feeders - Operation Supplies and Expenses",21126,15408,5291,{"$f":"9386+3529","v":12915},9386,9120]
[5050,"Underground Sub-transmission Feeders - Operation",38287,42351,39349,{"$f":"46777+4572","v":51349},46777,48911]
[5055,"Underground Distribution Transformers - Operation",1284,11104,2720,{"$f":"3156+363","v":3519},3156,2990]
[5060,"Street Lighting and Signal System Expense"]
[5065,"Meter Expense",328138,325424,244451,{"$f":"278012+18394","v":296406},278012,287652]
[5070,"Customer Premises - Operation Labour"]
[5075,"Customer Premises - Operation Materials and Expenses",null,null,1100,1122,1122,1057]
[5085,"Miscellaneous Distribution Expenses",154186,130315,133946,{"$f":"185055+4282","v":189337},185055,186565]
[5090,"Underground Distribution Lines and Feeders - Rental Paid"]
[5095,"Overhead Distribution Lines and Feeders - Rental Paid",83652,25470,25470,25581,25581,24087]
[5096,"Other Rent"]
["Total - Operations",null,{"$f":"SUM(C17:C39)","v":1317883},{"$f":"SUM(D17:D39)","v":1297663},{"$f":"SUM(E17:E39)","v":1161143},{"$f":"SUM(F17:F39)","v":1434119},1368019,{"$f":"SUM(H17:H39)","v":1392257}]
["Account","Description",{"$f":"C14","v":"Last Rebasing Year (2009 Actuals)"},"2010 Actual","2011 Actual²","Bridge Year 2012³","Bridge Year 2012³","Test Year 2013"]
["Maintenance"]
[5105,"Maintenance Supervision and Engineering",68494,74720,73241,{"$f":"87148+8521","v":95669},87148,90702]
[5110,"Maintenance of Buildings and Fixtures - Distribution Stations",23412,16250,34626,{"$f":"36054+542","v":36596},36054,34409]
[5112,"Maintenance of Transformer Station Equipment"]
[5114,"Maintenance of Distribution Station Equipment",13000,31245,45466,{"$f":"55424+7515","v":62939},55424,55059]
[5120,"Maintenance of Poles, Towers and Fixtures",133966,103120,127596,{"$f":"154531+19149","v":173680},154531,193474]
[5125,"Maintenance of Overhead Conductors and Devices",275994,207830,261068,{"$f":"335997+55702","v":391699},335997,345864]
[5130,"Maintenance of Overhead Services",220601,203536,209843,{"$f":"271274+47010","v":318284},271274,276468]
[5135,"Overhead Distribution Lines and Feeders - Right of Way",115523,101407,199793,{"$f":"140547+5454","v":146001},140547,170445]
[5145,"Maintenance of Underground Conduit",4363,-21560,-7088,0,0,0]
[5150,"Maintenance of Underground Conductors and Devices",124719,98512,135874,{"$f":"173674+27930","v":201604},173674,177009]
[5155,"Maintenance of Underground Services",84208,62992,91273,{"$f":"110923+14174","v":125097},110923,111345]
[5160,"Maintenance of Line Transformers",122552,51394,57529,{"$f":"75594+14544","v":90138},75594,84948]
[5165,"Maintenance of Street Lighting and Signal Systems",1378,0,0,0,0,0]
[5170,"Sentinel Lights - Labour"]
[5172,"Sentinel Lights - Materials and Expenses"]
[5175,"Maintenance of Meters",3206,3142,3028,28168,28168,81829]
[5178,"Customer Installations Expenses - Leased Property"]
[5195,"Maintenance of Other Installations on Customer Premises",554,0,0,null,0]
["Total - Maintenance",null,{"$f":"SUM(C43:C60)","v":1191970},932588,1232249,1669875,1469334,1621552]
["Account","Description",{"$f":"C41","v":"Last Rebasing Year (2009 Actuals)"},"2010 Actual","2011 Actual²","Bridge Year 2012³","Bridge Year 2012³","Test Year 2013"]
["Billing and Collecting"]
[5305,"Supervision"]
[5310,"Meter Reading Expense",114896,113514,81501,30479,30479,31725]
[5315,"Customer Billing",374838,417828,608728,862496,862496,906187]
[5320,"Collecting",317569,327780,328891,332975,332975,354093]
[5325,"Collecting - Cash Over and Short",168,77,-462,0,0]
[5330,"Collection Charges"]
[5335,"Bad Debt Expense",66509,87088,96439,98368,98368,{"$f":"100335-16000","v":84335}]
[5340,"Miscellaneous Customer Accounts Expenses",25468,23056,28924,29374,29374,30935]
["Total - Billing and Collecting",null,{"$f":"SUM(C64:C71)","v":899448},{"$f":"SUM(D64:D71)","v":969343},{"$f":"SUM(E64:E71)","v":1144021},{"$f":"SUM(F64:F71)","v":1353692},1353692,{"$f":"SUM(H64:H71)","v":1407275}]
["Account","Description",{"$f":"C62","v":"Last Rebasing Year (2009 Actuals)"},{"$f":"D62","v":"2010 Actual"},{"$f":"E62","v":"2011 Actual²"},{"$f":"F62","v":"Bridge Year 2012³"},"Bridge Year 2012³",{"$f":"H62","v":"Test Year 2013"}]
["Community Relations"]
[5405,"Supervision",35455,42011,38716,39223,39223,42200]
[5410,"Community Relations - Sundry",3119,2908,2938,2949,2949,3008]
[5415,"Energy Conservation",38051,57991,69157,69707,69707,71375]
[5420,"Community Safety Program",4873,4873,4489,4579,4579,4671]
[5425,"Miscellaneous Customer Service and Informational Expenses",0,0,0]
[5505,"Supervision"]
[5510,"Demonstrating and Selling Expense"]
[5515,"Advertising Expenses",2868,10987,6608,12740,12740,12995]
[5520,"Miscellaneous Sales Expense"]
["Total - Community Relations",null,{"$f":"SUM(C75:C83)","v":84366},{"$f":"SUM(D75:D83)","v":118770},{"$f":"SUM(E75:E83)","v":121908},{"$f":"SUM(F75:F83)","v":129198},129198,{"$f":"SUM(H75:H83)","v":134249}]
["Account","Description",{"$f":"C73","v":"Last Rebasing Year (2009 Actuals)"},{"$f":"D73","v":"2010 Actual"},{"$f":"E73","v":"2011 Actual²"},{"$f":"F73","v":"Bridge Year 2012³"},"Bridge Year 2012³",{"$f":"H73","v":"Test Year 2013"}]
["Administrative and General Expenses"]
[5605,"Executive Salaries and Expenses",349609,356939,371981,385270,385270,394555]
[5610,"Management Salaries and Expenses",437113,481385,489774,514036,514036,{"$f":"556670-30000","v":526670}]
[5615,"General Administrative Salaries and Expenses",256814,290299,336905,374284,374284,385614]
[5620,"Office Supplies and Expenses"]
[5625,"Administrative Expense Transferred - Credit",-159344,-146212,-10691,-8596,-8596,-8930]
[5630,"Outside Services Employed",144669,168531,130437,140770,140770,{"$f":"144719-5415","v":139304}]
[5635,"Property Insurance"]
[5640,"Injuries and Damages"]
[5645,"OMERS Pensions and Benefits",78207,78422,132940,117484,117484,{"$f":"120243+35415","v":155658}]
[5646,"Employee Pensions and OPEB"]
[5647,"Employee Sick Leave"]
[5650,"Franchise Requirements"]
[5655,"Regulatory Expenses",87520,51642,58621,{"$f":"111000-11000","v":100000},{"$f":"111000-11000","v":100000},{"$f":"102184-11000","v":91184}]
[5660,"General Advertising Expenses"]
[5665,"Miscellaneous General Expenses",96029,124942,99042,107343,107343,109823]
[5670,"Rent"]
[5672,"Lease Payment Charge"]
[5675,"Maintenance of General Plant"]
[5680,"Electrical Safety Authority Fees",9071,9014,9409,9597,9597,9789]
[5681,"Special Purpose Charge Expense"]
[5685,"Independent Electricity System Operator Fees and Penalties"]
[5695,"OM&A Contra Account"]
[6205,"Donations",27671,29020,52845,23600,23600,23600]
[6205,"Donations, Sub-account LEAP Funding",0,0,0,11000,11000,11000]
["Total - Administrative and General Expenses",null,{"$f":"SUM(C87:C110)","v":1327359},{"$f":"SUM(D87:D110)","v":1443982},1671263,1774788,1774788,1838267]
["Total OM&A",null,{"$f":"C40+C61+C72+C84+C111","v":4821026},4762346,5330584,6361672,6095031,6393600]
["Adjustments for non-recoverable items"]
[5681,"Special Purpose Charge Expense"]
[6205,"Donations1",27671,29020,52845,23600,23600,23600]
[6215,"Penalties",20,0,0,0,0,0]
[]
[]
["Total Recoverable OM&A",null,{"$f":"C112-SUM(C114:C118)","v":4793335},{"$f":"D112-SUM(D114:D118)","v":4733326},5277739,{"$f":"F112-SUM(F114:F118)","v":6338072},6071431,6370000]
[]
["1 Account 6205 - Donations is generally non-recoverable.  However, the sub-account LEAP funding of account 6205 is generally recoverable."]
[]
["Note:"]
[1,"If it has been more than three years since the applicant last filed a cost of service application, additional years of historical actuals should be incorporated into the table, as necessary, to go back to the last cost of service application.  If the applicant last filed a cost of service application less than three years ago, a minimum of three years of actual information is required."]
[2,"If the applicant is adopting IFRS or an alternate accounting standard as of January 1, 2012 for financial reporting purposes, 2011 must be presented on both a CGAAP and MIFRS (or alternate accounting standard) basis."]
[3,"If the applicant is adopting IFRS or an alternate accounting standard as of January 1, 2013 for financial reporting purposes, 2012 must be presented on both a CGAAP and MIFRS (or alternate accounting standard) basis."]

{"sheet":"App.2-H_OM&A_Detailed_Analysis","index":18,"n_rows":128,"n_cols":9,"rows_kept":128,"cut":false,"hidden":false,"merged":[[41,1,41,8],[8,0,8,8],[9,0,9,8],[10,0,10,8],[40,0,40,1],[16,0,16,8],[13,0,14,0],[13,1,14,1],[13,2,14,2],[13,3,14,3],[13,4,14,4],[13,7,13,8],[13,5,13,6],[73,1,73,8],[85,1,85,8],[119,0,119,1],[113,0,113,1],[42,0,42,8],[63,0,63,8],[62,1,62,8],[72,0,72,1],[61,0,61,1],[126,1,126,8],[127,1,127,8],[112,0,112,1],[74,0,74,8],[86,0,86,8]]}
[null,null,null,null,null,null,null,"File Number:",{"$f":"'LDC Info'!$E$18","v":"EB-2012-0173"}]
[null,null,null,null,null,null,null,"Exhibit:",4]
[null,null,null,null,null,null,null,"Tab:",1]
[null,null,null,null,null,null,null,"Schedule:",3]
[null,null,null,null,null,null,null,"Page:","2 & 3"]
[]
[null,null,null,null,null,null,null,"Date:","Aug 31, 2012"]
[]
["Appendix 2-H"]
["OM&A Detailed Variance Analysis"]
["(excluding Depreciation and Amortization)"]
[]
[]
["Account","Description",{"$f":"\"Last Board-approved Rebasing Year (\"&'LDC Info'!E30&\" Year)\"","v":"Last Board-approved Rebasing Year (2009 Year)"},"Most Current Actuals               Year 2011",{"$f":"\"Test Year \" & 'LDC Info'!E28","v":"Test Year 2013"},"Test Year Versus Last Rebasing",null,"Test Year Versus Most Current Actuals"]
[null,null,null,null,null,"Variance ($)","Percentage Change (%)","Variance ($)","Percentage Change (%)"]
["Reporting Basis",null,"CGAAP","CGAAP","MIFRS"]
["Operations"]
[5005,"Operation Supervision and Engineering",81046,{"$f":"'App.2-G_Detailed_OM&A_Expenses'!E17","v":114232},{"$f":"'App.2-G_Detailed_OM&A_Expenses'!H17","v":134256},{"$f":"E18-C18","v":53210},{"$f":"IF(C18=0,\"\",(E18/C18)-1)","v":0.65654072995582746},{"$f":"E18-D18","v":20024},{"$f":"IF(D18=0,\"\",(E18/D18)-1)","v":0.17529238742208841}]
[5010,"Load Dispatching",79101,{"$f":"'App.2-G_Detailed_OM&A_Expenses'!E18","v":115993},{"$f":"'App.2-G_Detailed_OM&A_Expenses'!H18","v":133100},{"$f":"E19-C19","v":53999},{"$f":"IF(C19=0,\"\",(E19/C19)-1)","v":0.68265887915449874},{"$f":"E19-D19","v":17107},{"$f":"IF(D19=0,\"\",(E19/D19)-1)","v":0.14748303776952065}]
[5012,"Station Buildings and Fixtures Expense",12268,{"$f":"'App.2-G_Detailed_OM&A_Expenses'!E19","v":22509},{"$f":"'App.2-G_Detailed_OM&A_Expenses'!H19","v":21876},9608,0.78317574176719917,-633,-2.8122084499533573E-2]
[5014,"Transformer Station Equipment - Operation Labour",0,{"$f":"'App.2-G_Detailed_OM&A_Expenses'!E20","v":0},{"$f":"'App.2-G_Detailed_OM&A_Expenses'!H20","v":0},0,"",0,""]
[5015,"Transformer Station Equipment - Operation Supplies and Expenses",0,{"$f":"'App.2-G_Detailed_OM&A_Expenses'!E21","v":0},{"$f":"'App.2-G_Detailed_OM&A_Expenses'!H21","v":0},0,"",0,""]
[5016,"Distribution Station Equipment - Operation Labour",17280,{"$f":"'App.2-G_Detailed_OM&A_Expenses'!E22","v":16029},{"$f":"'App.2-G_Detailed_OM&A_Expenses'!H22","v":18844},1564,9.0509259259259345E-2,2815,0.17561919021773043]
[5017,"Distribution Station Equipment - Operation Supplies and Expenses",115650,{"$f":"'App.2-G_Detailed_OM&A_Expenses'!E23","v":112811},{"$f":"'App.2-G_Detailed_OM&A_Expenses'!H23","v":110495},-5155,-4.4574146130566317E-2,-2316,-2.0529912863107347E-2]
[5020,"Overhead Distribution Lines and Feeders - Operation Labour",91528,{"$f":"'App.2-G_Detailed_OM&A_Expenses'!E24","v":91382},{"$f":"'App.2-G_Detailed_OM&A_Expenses'!H24","v":107507},15979,0.17458045625382401,16125,0.17645707032019442]
[5025,"Overhead Distribution Lines and Feeders - Operation Supplies and Expenses",180955,{"$f":"'App.2-G_Detailed_OM&A_Expenses'!E25","v":45170},{"$f":"'App.2-G_Detailed_OM&A_Expenses'!H25","v":44838},-136117,-0.75221463899864605,-332,-7.3500110692937826E-3]
[5030,"Overhead Sub-transmission Feeders - Operation",81780,{"$f":"'App.2-G_Detailed_OM&A_Expenses'!E26","v":61803},{"$f":"'App.2-G_Detailed_OM&A_Expenses'!H26","v":77389},-4391,-5.369283443384687E-2,15586,0.25218840509360385]
[5035,"Overhead Distribution Transformers - Operation",14131,{"$f":"'App.2-G_Detailed_OM&A_Expenses'!E27","v":0},{"$f":"'App.2-G_Detailed_OM&A_Expenses'!H27","v":4473},-9658,-0.68346189229353904,4473,""]
[5040,"Underground Distribution Lines and Feeders - Operation Labour",149845,{"$f":"'App.2-G_Detailed_OM&A_Expenses'!E28","v":128887},{"$f":"'App.2-G_Detailed_OM&A_Expenses'!H28","v":179097},29252,0.19521505555740926,50210,0.38956605398527389]
[5045,"Underground Distribution Lines and Feeders - Operation Supplies and Expenses",27295,{"$f":"'App.2-G_Detailed_OM&A_Expenses'!E29","v":5291},{"$f":"'App.2-G_Detailed_OM&A_Expenses'!H29","v":9120},-18175,-0.6658728704891006,3829,0.72368172368172368]
[5050,"Underground Sub-transmission Feeders - Operation",45687,{"$f":"'App.2-G_Detailed_OM&A_Expenses'!E30","v":39349},{"$f":"'App.2-G_Detailed_OM&A_Expenses'!H30","v":48911},3224,7.0567119749600504E-2,9562,0.24300490482604387]
[5055,"Underground Distribution Transformers - Operation",13444,{"$f":"'App.2-G_Detailed_OM&A_Expenses'!E31","v":2720},{"$f":"'App.2-G_Detailed_OM&A_Expenses'!H31","v":2990},-10454,-0.77759595358524247,270,9.9264705882353033E-2]
[5060,"Street Lighting and Signal System Expense",null,{"$f":"'App.2-G_Detailed_OM&A_Expenses'!E32","v":0},{"$f":"'App.2-G_Detailed_OM&A_Expenses'!H32","v":0},0,"",0,""]
[5065,"Meter Expense",339284,{"$f":"'App.2-G_Detailed_OM&A_Expenses'!E33","v":244451},{"$f":"'App.2-G_Detailed_OM&A_Expenses'!H33","v":287652},-51632,-0.15217929522170215,43201,0.17672662414962503]
[5070,"Customer Premises - Operation Labour",8366,{"$f":"'App.2-G_Detailed_OM&A_Expenses'!E34","v":0},{"$f":"'App.2-G_Detailed_OM&A_Expenses'!H34","v":0},-8366,-1,0,""]
[5075,"Customer Premises - Operation Materials and Expenses",0,{"$f":"'App.2-G_Detailed_OM&A_Expenses'!E35","v":1100},{"$f":"'App.2-G_Detailed_OM&A_Expenses'!H35","v":1057},1057,"",-43,-3.9090909090909065E-2]
[5085,"Miscellaneous Distribution Expenses",185704,{"$f":"'App.2-G_Detailed_OM&A_Expenses'!E36","v":133946},{"$f":"'App.2-G_Detailed_OM&A_Expenses'!H36","v":186565},861,4.6364106319733978E-3,52619,0.39283741209143974]
[5090,"Underground Distribution Lines and Feeders - Rental Paid",0,{"$f":"'App.2-G_Detailed_OM&A_Expenses'!E37","v":0},{"$f":"'App.2-G_Detailed_OM&A_Expenses'!H37","v":0},0,"",0,""]
[5095,"Overhead Distribution Lines and Feeders - Rental Paid",22405,{"$f":"'App.2-G_Detailed_OM&A_Expenses'!E38","v":25470},{"$f":"'App.2-G_Detailed_OM&A_Expenses'!H38","v":24087},1682,7.5072528453470122E-2,-1383,-5.4299175500588936E-2]
[5096,"Other Rent",null,{"$f":"'App.2-G_Detailed_OM&A_Expenses'!E39","v":0},{"$f":"'App.2-G_Detailed_OM&A_Expenses'!H39","v":0},0,"",0,""]
["Total - Operations",null,{"$f":"SUM(C18:C40)","v":1465769},{"$f":"SUM(D18:D40)","v":1161143},{"$f":"SUM(E18:E40)","v":1392257},-73512,-5.015251379992347E-2,231114,0.19904008377951721]
["Account","Description"]
["Maintenance"]
[5105,"Maintenance Supervision and Engineering",88868,{"$f":"'App.2-G_Detailed_OM&A_Expenses'!E43","v":73241},{"$f":"'App.2-G_Detailed_OM&A_Expenses'!H43","v":90702},{"$f":"E44-C44","v":1834},{"$f":"IF(C44=0,\"\",(E44/C44)-1)","v":2.0637349777197667E-2},{"$f":"E44-D44","v":17461},{"$f":"IF(D44=0,\"\",(E44/D44)-1)","v":0.23840471866850543}]
[5110,"Maintenance of Buildings and Fixtures - Distribution Stations",18905,{"$f":"'App.2-G_Detailed_OM&A_Expenses'!E44","v":34626},{"$f":"'App.2-G_Detailed_OM&A_Expenses'!H44","v":34409},15504,0.82010050251256272,-217,-6.2669670190030891E-3]
[5112,"Maintenance of Transformer Station Equipment",null,{"$f":"'App.2-G_Detailed_OM&A_Expenses'!E45","v":0},{"$f":"'App.2-G_Detailed_OM&A_Expenses'!H45","v":0},0,"",0,""]
[5114,"Maintenance of Distribution Station Equipment",17736,{"$f":"'App.2-G_Detailed_OM&A_Expenses'!E46","v":45466},{"$f":"'App.2-G_Detailed_OM&A_Expenses'!H46","v":55059},37323,2.10436400541272,9593,0.2109928298068886]
[5120,"Maintenance of Poles, Towers and Fixtures",{"$f":"47668+13042","v":60710},{"$f":"'App.2-G_Detailed_OM&A_Expenses'!E47","v":127596},{"$f":"'App.2-G_Detailed_OM&A_Expenses'!H47","v":193474},132764,2.1868555427441936,65878,0.51630145145615858]
[5125,"Maintenance of Overhead Conductors and Devices",{"$f":"170116+69883","v":239999},{"$f":"'App.2-G_Detailed_OM&A_Expenses'!E48","v":261068},{"$f":"'App.2-G_Detailed_OM&A_Expenses'!H48","v":345864},105865,0.44110600460835259,84796,0.32480426555533426]
[5130,"Maintenance of Overhead Services",189462,{"$f":"'App.2-G_Detailed_OM&A_Expenses'!E49","v":209843},{"$f":"'App.2-G_Detailed_OM&A_Expenses'!H49","v":276468},87006,0.45922665231022575,66625,0.31749927326620386]
[5135,"Overhead Distribution Lines and Feeders - Right of Way",169166,{"$f":"'App.2-G_Detailed_OM&A_Expenses'!E50","v":199793},{"$f":"'App.2-G_Detailed_OM&A_Expenses'!H50","v":170445},1279,7.5606209285554726E-3,-29348,-0.14689203325441835]
[5145,"Maintenance of Underground Conduit",23054,{"$f":"'App.2-G_Detailed_OM&A_Expenses'!E51","v":-7088},{"$f":"'App.2-G_Detailed_OM&A_Expenses'!H51","v":0},-23054,-1,7088,-1]
[5150,"Maintenance of Underground Conductors and Devices",{"$f":"150889+21443","v":172332},{"$f":"'App.2-G_Detailed_OM&A_Expenses'!E52","v":135874},{"$f":"'App.2-G_Detailed_OM&A_Expenses'!H52","v":177009},4677,2.713947496692426E-2,41135,0.3027437184450299]
[5155,"Maintenance of Underground Services",59882,{"$f":"'App.2-G_Detailed_OM&A_Expenses'!E53","v":91273},{"$f":"'App.2-G_Detailed_OM&A_Expenses'!H53","v":111345},51463,0.85940683343909696,20072,0.21991169349095574]
[5160,"Maintenance of Line Transformers",62609,{"$f":"'App.2-G_Detailed_OM&A_Expenses'!E54","v":57529},{"$f":"'App.2-G_Detailed_OM&A_Expenses'!H54","v":84948},22339,0.35680173776933022,27419,0.47661179578994939]
[5165,"Maintenance of Street Lighting and Signal Systems",0,{"$f":"'App.2-G_Detailed_OM&A_Expenses'!E55","v":0},{"$f":"'App.2-G_Detailed_OM&A_Expenses'!H55","v":0},0,"",0,""]
[5170,"Sentinel Lights - Labour",0,{"$f":"'App.2-G_Detailed_OM&A_Expenses'!E56","v":0},{"$f":"'App.2-G_Detailed_OM&A_Expenses'!H56","v":0},0,"",0,""]
[5172,"Sentinel Lights - Materials and Expenses",0,{"$f":"'App.2-G_Detailed_OM&A_Expenses'!E57","v":0},{"$f":"'App.2-G_Detailed_OM&A_Expenses'!H57","v":0},0,"",0,""]
[5175,"Maintenance of Meters",3813,{"$f":"'App.2-G_Detailed_OM&A_Expenses'!E58","v":3028},{"$f":"'App.2-G_Detailed_OM&A_Expenses'!H58","v":81829},78016,20.460529766587989,78801,26.024108322324967]
[5178,"Customer Installations Expenses - Leased Property",0,{"$f":"'App.2-G_Detailed_OM&A_Expenses'!E59","v":0},{"$f":"'App.2-G_Detailed_OM&A_Expenses'!H59","v":0},0,"",0,""]
[5195,"Maintenance of Other Installations on Customer Premises",5096,{"$f":"'App.2-G_Detailed_OM&A_Expenses'!E60","v":0},{"$f":"'App.2-G_Detailed_OM&A_Expenses'!H60","v":0},-5096,-1,0,""]
["Total - Maintenance",null,{"$f":"SUM(C44:C61)","v":1111632},{"$f":"SUM(D44:D61)","v":1232249},{"$f":"SUM(E44:E61)","v":1621552},509920,0.45871295536652412,389303,0.31592884230378759]
["Account","Description"]
["Billing and Collecting"]
[5305,"Supervision",0,{"$f":"'App.2-G_Detailed_OM&A_Expenses'!E64","v":0},{"$f":"'App.2-G_Detailed_OM&A_Expenses'!H64","v":0},{"$f":"E65-C65","v":0},{"$f":"IF(C65=0,\"\",(E65/C65)-1)","v":""},{"$f":"E65-D65","v":0},{"$f":"IF(D65=0,\"\",(E65/D65)-1)","v":""}]
[5310,"Meter Reading Expense",132554,{"$f":"'App.2-G_Detailed_OM&A_Expenses'!E65","v":81501},{"$f":"'App.2-G_Detailed_OM&A_Expenses'!H65","v":31725},-100829,-0.7606635786170165,-49776,-0.61074097250340487]
[5315,"Customer Billing",409365,{"$f":"'App.2-G_Detailed_OM&A_Expenses'!E66","v":608728},{"$f":"'App.2-G_Detailed_OM&A_Expenses'!H66","v":906187},496822,1.2136406385499492,297459,0.48865667424531156]
[5320,"Collecting",345711,{"$f":"'App.2-G_Detailed_OM&A_Expenses'!E67","v":328891},{"$f":"'App.2-G_Detailed_OM&A_Expenses'!H67","v":354093},8382,2.4245684979650628E-2,25202,7.6627210838849269E-2]
[5325,"Collecting - Cash Over and Short",50,{"$f":"'App.2-G_Detailed_OM&A_Expenses'!E68","v":-462},{"$f":"'App.2-G_Detailed_OM&A_Expenses'!H68","v":0},-50,-1,462,-1]
[5330,"Collection Charges",0,{"$f":"'App.2-G_Detailed_OM&A_Expenses'!E69","v":0},{"$f":"'App.2-G_Detailed_OM&A_Expenses'!H69","v":0},0,"",0,""]
[5335,"Bad Debt Expense",59650,{"$f":"'App.2-G_Detailed_OM&A_Expenses'!E70","v":96439},{"$f":"'App.2-G_Detailed_OM&A_Expenses'!H70","v":84335},24685,0.41383067896060344,-12104,-0.12550938935492906]
[5340,"Miscellaneous Customer Accounts Expenses",{"$f":"30725+2119","v":32844},{"$f":"'App.2-G_Detailed_OM&A_Expenses'!E71","v":28924},{"$f":"'App.2-G_Detailed_OM&A_Expenses'!H71","v":30935},-1909,-5.8123249299719904E-2,2011,6.952703637117974E-2]
["Total - Billing and Collecting",null,{"$f":"SUM(C65:C72)","v":980174},{"$f":"SUM(D65:D72)","v":1144021},{"$f":"SUM(E65:E72)","v":1407275},427101,0.43573998086054111,263254,0.23011290876653478]
["Account","Description"]
["Community Relations"]
[5405,"Supervision",40800,{"$f":"'App.2-G_Detailed_OM&A_Expenses'!E75","v":38716},{"$f":"'App.2-G_Detailed_OM&A_Expenses'!H75","v":42200},{"$f":"E76-C76","v":1400},{"$f":"IF(C76=0,\"\",(E76/C76)-1)","v":3.4313725490196179E-2},{"$f":"E76-D76","v":3484},{"$f":"IF(D76=0,\"\",(E76/D76)-1)","v":8.9988635189585775E-2}]
[5410,"Community Relations - Sundry",5536,{"$f":"'App.2-G_Detailed_OM&A_Expenses'!E76","v":2938},{"$f":"'App.2-G_Detailed_OM&A_Expenses'!H76","v":3008},-2528,-0.45664739884393069,70,2.3825731790333649E-2]
[5415,"Energy Conservation",95274,{"$f":"'App.2-G_Detailed_OM&A_Expenses'!E77","v":69157},{"$f":"'App.2-G_Detailed_OM&A_Expenses'!H77","v":71375},-23899,-0.2508449314608393,2218,3.2071952224648204E-2]
[5420,"Community Safety Program",6500,{"$f":"'App.2-G_Detailed_OM&A_Expenses'!E78","v":4489},{"$f":"'App.2-G_Detailed_OM&A_Expenses'!H78","v":4671},-1829,-0.28138461538461534,182,4.0543550902205405E-2]
[5425,"Miscellaneous Customer Service and Informational Expenses",100,{"$f":"'App.2-G_Detailed_OM&A_Expenses'!E79","v":0},{"$f":"'App.2-G_Detailed_OM&A_Expenses'!H79","v":0},-100,-1,0,""]
[5505,"Supervision",null,{"$f":"'App.2-G_Detailed_OM&A_Expenses'!E80","v":0},{"$f":"'App.2-G_Detailed_OM&A_Expenses'!H80","v":0},0,"",0,""]
[5510,"Demonstrating and Selling Expense",null,{"$f":"'App.2-G_Detailed_OM&A_Expenses'!E81","v":0},{"$f":"'App.2-G_Detailed_OM&A_Expenses'!H81","v":0},0,"",0,""]
[5515,"Advertising Expenses",11457,{"$f":"'App.2-G_Detailed_OM&A_Expenses'!E82","v":6608},{"$f":"'App.2-G_Detailed_OM&A_Expenses'!H82","v":12995},1538,0.13424107532512863,6387,0.96655569007263931]
[5520,"Miscellaneous Sales Expense",null,{"$f":"'App.2-G_Detailed_OM&A_Expenses'!E83","v":0},{"$f":"'App.2-G_Detailed_OM&A_Expenses'!H83","v":0},0,"",0,""]
["Total - Community Relations",null,{"$f":"SUM(C76:C84)","v":159667},{"$f":"SUM(D76:D84)","v":121908},{"$f":"SUM(E76:E84)","v":134249},-25418,-0.15919382214233369,12341,0.10123207664796396]
["Account","Description"]
["Administrative and General Expenses"]
[5605,"Executive Salaries and Expenses",327398,{"$f":"'App.2-G_Detailed_OM&A_Expenses'!E87","v":371981},{"$f":"'App.2-G_Detailed_OM&A_Expenses'!H87","v":394555},{"$f":"E88-C88","v":67157},{"$f":"IF(C88=0,\"\",(E88/C88)-1)","v":0.20512342775459835},{"$f":"E88-D88","v":22574},{"$f":"IF(D88=0,\"\",(E88/D88)-1)","v":6.0685895247337918E-2}]
[5610,"Management Salaries and Expenses",403669,{"$f":"'App.2-G_Detailed_OM&A_Expenses'!E88","v":489774},{"$f":"'App.2-G_Detailed_OM&A_Expenses'!H88","v":526670},123001,0.30470756981586389,36896,7.5332704471858358E-2]
[5615,"General Administrative Salaries and Expenses",283123,{"$f":"'App.2-G_Detailed_OM&A_Expenses'!E89","v":336905},{"$f":"'App.2-G_Detailed_OM&A_Expenses'!H89","v":385614},102491,0.36200167418401197,48709,0.14457784835487741]
[5620,"Office Supplies and Expenses",0,{"$f":"'App.2-G_Detailed_OM&A_Expenses'!E90","v":0},{"$f":"'App.2-G_Detailed_OM&A_Expenses'!H90","v":0},0,"",0,""]
[5625,"Administrative Expense Transferred - Credit",-215178,{"$f":"'App.2-G_Detailed_OM&A_Expenses'!E91","v":-10691},{"$f":"'App.2-G_Detailed_OM&A_Expenses'!H91","v":-8930},206248,-0.95849947485337716,1761,-0.16471798709194652]
[5630,"Outside Services Employed",146700,{"$f":"'App.2-G_Detailed_OM&A_Expenses'!E92","v":130437},{"$f":"'App.2-G_Detailed_OM&A_Expenses'!H92","v":139304},-7396,-5.0415814587593699E-2,8867,6.7979177687312653E-2]
[5635,"Property Insurance",0,{"$f":"'App.2-G_Detailed_OM&A_Expenses'!E93","v":0},{"$f":"'App.2-G_Detailed_OM&A_Expenses'!H93","v":0},0,"",0,""]
[5640,"Injuries and Damages",0,{"$f":"'App.2-G_Detailed_OM&A_Expenses'!E94","v":0},{"$f":"'App.2-G_Detailed_OM&A_Expenses'!H94","v":0},0,"",0,""]
[5645,"OMERS Pensions and Benefits",74300,{"$f":"'App.2-G_Detailed_OM&A_Expenses'!E95","v":132940},{"$f":"'App.2-G_Detailed_OM&A_Expenses'!H95","v":155658},81358,1.094993270524899,22718,0.17088912291259217]
[5646,"Employee Pensions and OPEB",0,{"$f":"'App.2-G_Detailed_OM&A_Expenses'!E96","v":0},{"$f":"'App.2-G_Detailed_OM&A_Expenses'!H96","v":0},{"$f":"E97-C97","v":0},{"$f":"IF(C97=0,\"\",(E97/C97)-1)","v":""},{"$f":"E97-D97","v":0},{"$f":"IF(D97=0,\"\",(E97/D97)-1)","v":""}]
[5647,"Employee Sick Leave",0,{"$f":"'App.2-G_Detailed_OM&A_Expenses'!E97","v":0},{"$f":"'App.2-G_Detailed_OM&A_Expenses'!H97","v":0},0,"",0,""]
[5650,"Franchise Requirements",0,{"$f":"'App.2-G_Detailed_OM&A_Expenses'!E98","v":0},{"$f":"'App.2-G_Detailed_OM&A_Expenses'!H98","v":0},0,"",0,""]
[5655,"Regulatory Expenses",60250,{"$f":"'App.2-G_Detailed_OM&A_Expenses'!E99","v":58621},{"$f":"'App.2-G_Detailed_OM&A_Expenses'!H99","v":91184},30934,0.51342738589211612,32563,0.55548352979307758]
[5660,"General Advertising Expenses",0,{"$f":"'App.2-G_Detailed_OM&A_Expenses'!E100","v":0},{"$f":"'App.2-G_Detailed_OM&A_Expenses'!H100","v":0},0,"",0,""]
[5665,"Miscellaneous General Expenses",108070,{"$f":"'App.2-G_Detailed_OM&A_Expenses'!E101","v":99042},{"$f":"'App.2-G_Detailed_OM&A_Expenses'!H101","v":109823},1753,1.6220967891181548E-2,10781,0.10885280991902424]
[5670,"Rent",0,{"$f":"'App.2-G_Detailed_OM&A_Expenses'!E102","v":0},{"$f":"'App.2-G_Detailed_OM&A_Expenses'!H102","v":0},{"$f":"E103-C103","v":0},{"$f":"IF(C103=0,\"\",(E103/C103)-1)","v":""},{"$f":"E103-D103","v":0},""]
[5672,"Lease Payment Charge",0,{"$f":"'App.2-G_Detailed_OM&A_Expenses'!E103","v":0},{"$f":"'App.2-G_Detailed_OM&A_Expenses'!H103","v":0},0,"",0]
[5675,"Maintenance of General Plant",0,{"$f":"'App.2-G_Detailed_OM&A_Expenses'!E104","v":0},{"$f":"'App.2-G_Detailed_OM&A_Expenses'!H104","v":0},0,"",0,""]
[5680,"Electrical Safety Authority Fees",8263,{"$f":"'App.2-G_Detailed_OM&A_Expenses'!E105","v":9409},{"$f":"'App.2-G_Detailed_OM&A_Expenses'!H105","v":9789},1526,0.18467868812779864,380,4.0386863641194592E-2]
[5681,"Special Purpose Charge Expense",0,{"$f":"'App.2-G_Detailed_OM&A_Expenses'!E106","v":0},{"$f":"'App.2-G_Detailed_OM&A_Expenses'!H106","v":0},0,"",0]
[5685,"Independent Electricity System Operator Fees and Penalties",0,{"$f":"'App.2-G_Detailed_OM&A_Expenses'!E107","v":0},{"$f":"'App.2-G_Detailed_OM&A_Expenses'!H107","v":0},0,"",0,""]
[5695,"OM&A Contra Account",0,{"$f":"'App.2-G_Detailed_OM&A_Expenses'!E108","v":0},{"$f":"'App.2-G_Detailed_OM&A_Expenses'!H108","v":0},0,"",0,""]
[6205,"Donations",0,{"$f":"'App.2-G_Detailed_OM&A_Expenses'!E109","v":52845},{"$f":"'App.2-G_Detailed_OM&A_Expenses'!H109","v":23600},{"$f":"E110-C110","v":23600},{"$f":"IF(C110=0,\"\",(E110/C110)-1)","v":""},{"$f":"E110-D110","v":-29245},{"$f":"IF(D110=0,\"\",(E110/D110)-1)","v":-0.55341091872457193}]
[6205,"Donations, Sub-account LEAP Funding",0,{"$f":"'App.2-G_Detailed_OM&A_Expenses'!E110","v":0},{"$f":"'App.2-G_Detailed_OM&A_Expenses'!H110","v":11000},11000,"",11000,""]
["Total - Administrative and General Expenses",null,{"$f":"SUM(C88:C111)","v":1196595},{"$f":"SUM(D88:D111)","v":1671263},{"$f":"SUM(E88:E111)","v":1838267},641672,0.53624827113601503,167004,9.9926821810810251E-2]
["Total OM&A",null,{"$f":"C112+C85+C73+C62+C41","v":4913837},{"$f":"D112+D85+D73+D62+D41","v":5330584},{"$f":"E112+E85+E73+E62+E41","v":6393600},1479763,0.30114206067478433,1063016,0.19941830013371886]
["Adjustments for non-recoverable items"]
[5681,"Special Purpose Charge Expense",null,null,null,{"$f":"E115-C115","v":0},{"$f":"IF(C115=0,\"\",(E115/C115)-1)","v":""},{"$f":"E115-D115","v":0},{"$f":"IF(D115=0,\"\",(E115/D115)-1)","v":""}]
[6205,"Donations1",0,{"$f":"'App.2-G_Detailed_OM&A_Expenses'!E115","v":52845},{"$f":"'App.2-G_Detailed_OM&A_Expenses'!H115","v":23600},{"$f":"E116-C116","v":23600},{"$f":"IF(C116=0,\"\",(E116/C116)-1)","v":""},{"$f":"E116-D116","v":-29245},{"$f":"IF(D116=0,\"\",(E116/D116)-1)","v":-0.55341091872457193}]
[null,null,null,null,null,{"$f":"E117-C117","v":0},{"$f":"IF(C117=0,\"\",(E117/C117)-1)","v":""},{"$f":"E117-D117","v":0},{"$f":"IF(D117=0,\"\",(E117/D117)-1)","v":""}]
[null,null,null,null,null,{"$f":"E118-C118","v":0},{"$f":"IF(C118=0,\"\",(E118/C118)-1)","v":""},{"$f":"E118-D118","v":0},{"$f":"IF(D118=0,\"\",(E118/D118)-1)","v":""}]
[null,null,null,null,null,{"$f":"E119-C119","v":0},{"$f":"IF(C119=0,\"\",(E119/C119)-1)","v":""},{"$f":"E119-D119","v":0},{"$f":"IF(D119=0,\"\",(E119/D119)-1)","v":""}]
["Total Recoverable OM&A",null,{"$f":"C113-SUM(C115:C119)","v":4913837},{"$f":"D113-SUM(D115:D119)","v":5277739},6370000,1456163,{"$f":"IF(C120=0,\"\",(E120/C120)-1)","v":0.29633929656193314},1092261,{"$f":"IF(D120=0,\"\",(E120/D120)-1)","v":0.20695623637318938}]
[]
["1 Account 6205 - Donations is generally non-recoverable.  However, the sub-account LEAP funding of account 6205 is generally recoverable."]
[]
[]
["Note:"]
[]
[1,"If the applicant is adopting IFRS or an alternate accounting standard as of January 1, 2013 for financial reporting purposes, Column D \"Most Current Actual Year\" must be provided on CGAAP."]
[2,"If the applicant is adopting IFRS or an alternate accounting standard as of January 1, 2012 for financial reporting purposes, Column D \"Most Current Actual Year\" must be provided on that standard."]

{"sheet":"App.2-I_OM&A_Summary_Analys","index":19,"n_rows":59,"n_cols":12,"rows_kept":59,"cut":false,"hidden":false,"merged":[[61,1,62,5],[56,0,57,11],[8,0,8,6],[9,0,9,6],[12,7,12,8]]}
[null,null,null,null,null,null,null,null,null,null,"File Number:",{"$f":"'LDC Info'!$E$18","v":"EB-2012-0173"}]
[null,null,null,null,null,null,null,null,null,null,"Exhibit:",4]
[null,null,null,null,null,null,null,null,null,null,"Tab:",1]
[null,null,null,null,null,null,null,null,null,null,"Schedule:",2]
[null,null,null,null,null,null,null,null,null,null,"Page:",3]
[]
[null,null,null,null,null,null,null,null,null,null,"Date:","Aug 31, 2012"]
[]
["Appendix 2-I"]
["Summary of Recoverable OM&A Expenses"]
[]
[]
[null,{"$f":"\"Last Rebasing Year (\" & 'LDC Info'!E30 & \" BA)\"","v":"Last Rebasing Year (2009 BA)"},{"$f":"\"Last Rebasing Year (\" & 'LDC Info'!E30 & \" Actuals)\"","v":"Last Rebasing Year (2009 Actuals)"},{"$f":"'LDC Info'!E26 -2 & \" Actuals\"","v":"2010 Actuals"},{"$f":"'LDC Info'!E26 -1 & \" Actuals\"","v":"2011 Actuals"},{"$f":"'LDC Info'!E26 & \" Bridge Year\"","v":"2012 Bridge Year"},{"$f":"'LDC Info'!E28 & \" Test Year\"","v":"2013 Test Year"}]
["Reporting Basis","CGAAP","CGAAP","CGAAP","CGAAP","MIFRS","MIFRS"]
["Operations",{"$f":"'App.2-H_OM&A_Detailed_Analysis'!C41","v":1465769},{"$f":"'App.2-G_Detailed_OM&A_Expenses'!C40","v":1317883},{"$f":"'App.2-G_Detailed_OM&A_Expenses'!D40","v":1297663},{"$f":"'App.2-G_Detailed_OM&A_Expenses'!E40","v":1161143},{"$f":"'App.2-G_Detailed_OM&A_Expenses'!G40","v":1368019},{"$f":"'App.2-G_Detailed_OM&A_Expenses'!H40","v":1392257}]
["Maintenance",{"$f":"'App.2-H_OM&A_Detailed_Analysis'!C62","v":1111632},{"$f":"'App.2-G_Detailed_OM&A_Expenses'!C61","v":1191970},{"$f":"'App.2-G_Detailed_OM&A_Expenses'!D61","v":932588},{"$f":"'App.2-G_Detailed_OM&A_Expenses'!E61","v":1232249},{"$f":"'App.2-G_Detailed_OM&A_Expenses'!G61","v":1469334},{"$f":"'App.2-G_Detailed_OM&A_Expenses'!H61","v":1621552}]
["SubTotal",{"$f":"SUM(B15:B16)","v":2577401},{"$f":"SUM(C15:C16)","v":2509853},2230251,2393392,2837353,3013809]
["%Change (year over year)",null,null,{"$f":"IF(ISERROR((D17-C17)/C17), \"\", (D17-C17)/C17)","v":-0.11140174344871991},{"$f":"IF(ISERROR((E17-D17)/D17), \"\", (E17-D17)/D17)","v":7.3149165721705767E-2},0.18549447812978401,6.2190358407995056E-2]
["%Change (Test Year vs \nLast Rebasing Year - Actual)",null,null,null,null,null,{"$f":"IF(ISERROR((G17-C17)/C17), \"\", (G17-C17)/C17)","v":0.20079104234391418}]
["Billing and Collecting",{"$f":"'App.2-H_OM&A_Detailed_Analysis'!C73","v":980174},{"$f":"'App.2-G_Detailed_OM&A_Expenses'!C72","v":899448},{"$f":"'App.2-G_Detailed_OM&A_Expenses'!D72","v":969343},{"$f":"'App.2-G_Detailed_OM&A_Expenses'!E72","v":1144021},{"$f":"'App.2-G_Detailed_OM&A_Expenses'!G72","v":1353692},{"$f":"'App.2-G_Detailed_OM&A_Expenses'!H72","v":1407275}]
["Community Relations",{"$f":"'App.2-H_OM&A_Detailed_Analysis'!C85","v":159667},{"$f":"'App.2-G_Detailed_OM&A_Expenses'!C84","v":84366},{"$f":"'App.2-G_Detailed_OM&A_Expenses'!D84","v":118770},{"$f":"'App.2-G_Detailed_OM&A_Expenses'!E84","v":121908},{"$f":"'App.2-G_Detailed_OM&A_Expenses'!G84","v":129198},{"$f":"'App.2-G_Detailed_OM&A_Expenses'!H84","v":134249}]
["Administrative and General",{"$f":"'App.2-H_OM&A_Detailed_Analysis'!C112","v":1196595},{"$f":"'App.2-G_Detailed_OM&A_Expenses'!C111","v":1327359},{"$f":"'App.2-G_Detailed_OM&A_Expenses'!D111","v":1443982},{"$f":"'App.2-G_Detailed_OM&A_Expenses'!E111","v":1671263},{"$f":"'App.2-G_Detailed_OM&A_Expenses'!G111","v":1774788},{"$f":"'App.2-G_Detailed_OM&A_Expenses'!H111","v":1838267}]
["SubTotal",{"$f":"SUM(B20:B22)","v":2336436},{"$f":"SUM(C20:C22)","v":2311173},2532095,2937192,3257678,3379791]
["%Change (year over year)",null,null,{"$f":"IF(ISERROR((D23-C23)/C23), \"\", (D23-C23)/C23)","v":9.5588690245169874E-2},{"$f":"IF(ISERROR((E23-D23)/D23), \"\", (E23-D23)/D23)","v":0.15998491367819928},{"$f":"IF(ISERROR((F23-E23)/E23), \"\", (F23-E23)/E23)","v":0.10911305764144802},{"$f":"IF(ISERROR((G23-F23)/F23), \"\", (G23-F23)/F23)","v":3.7484674667048128E-2}]
["%Change (Test Year vs \nLast Rebasing Year - Actual)",null,null,null,null,null,{"$f":"IF(ISERROR((G23-C23)/C23), \"\", (G23-C23)/C23)","v":0.46237040671555091}]
["Total",{"$f":"SUM(B23,B17)","v":4913837},{"$f":"SUM(C23,C17)","v":4821026},4762346,5330584,6095031,6393600]
["%Change (year over year)",null,null,{"$f":"IF(ISERROR((D26-C26)/C26), \"\", (D26-C26)/C26)","v":-1.2171682957113279E-2},{"$f":"IF(ISERROR((E26-D26)/D26), \"\", (E26-D26)/D26)","v":0.11931892390851064},{"$f":"IF(ISERROR((F26-E26)/E26), \"\", (F26-E26)/E26)","v":0.14340773918955221},{"$f":"IF(ISERROR((G26-F26)/F26), \"\", (G26-F26)/F26)","v":4.8985640926190531E-2}]
[]
[]
[null,{"$f":"B13","v":"Last Rebasing Year (2009 BA)"},{"$f":"C13","v":"Last Rebasing Year (2009 Actuals)"},"2010 Actuals","2011 Actuals","2012 Bridge Year","2013 Test Year"]
["Operations",{"$f":"B15","v":1465769},{"$f":"C15","v":1317883},1297663,1161143,1368019,1392257]
["Maintenance",{"$f":"B16","v":1111632},{"$f":"C16","v":1191970},932588,1232249,1469334,1621552]
["Billing and Collecting",{"$f":"B20","v":980174},{"$f":"C20","v":899448},969343,1144021,1353692,1407275]
["Community Relations",{"$f":"B21","v":159667},{"$f":"C21","v":84366},118770,121908,129198,134249]
["Administrative and General",{"$f":"B22","v":1196595},{"$f":"C22","v":1327359},1443982,1671263,1774788,1838267]
["Total",{"$f":"SUM(B31:B35)","v":4913837},{"$f":"SUM(C31:C35)","v":4821026},4762346,5330584,6095031,6393600]
["%Change (year over year)",null,null,{"$f":"IF(ISERROR((D36-C36)/C36), \"\", (D36-C36)/C36)","v":-1.2171682957113279E-2},{"$f":"IF(ISERROR((E36-D36)/D36), \"\", (E36-D36)/D36)","v":0.11931892390851064},{"$f":"IF(ISERROR((F36-E36)/E36), \"\", (F36-E36)/E36)","v":0.14340773918955221},{"$f":"IF(ISERROR((G36-F36)/F36), \"\", (G36-F36)/F36)","v":4.8985640926190531E-2}]
[]
[]
[null,{"$f":"B13","v":"Last Rebasing Year (2009 BA)"},{"$f":"C13","v":"Last Rebasing Year (2009 Actuals)"},{"$f":"\"Variance \" & 'LDC Info'!E30 & \"  BA – \" & 'LDC Info'!E30 & \" Actuals\"","v":"Variance 2009  BA – 2009 Actuals"},{"$f":"D13","v":"2010 Actuals"},{"$f":"\"Variance \" & 'LDC Info'!E26 -2 & \" Actuals vs. \" &  'LDC Info'!E30 & \" Actuals\"","v":"Variance 2010 Actuals vs. 2009 Actuals"},{"$f":"E13","v":"2011 Actuals"},{"$f":"\"Variance \" & 'LDC Info'!E26 -1 & \" Actuals vs. \" &  'LDC Info'!E26-2 & \" Actuals\"","v":"Variance 2011 Actuals vs. 2010 Actuals"},{"$f":"F13","v":"2012 Bridge Year"},{"$f":"\"Variance \" & 'LDC Info'!E26 & \" Bridge vs. \" & 'LDC Info'!E26 -1 & \" Actuals\"","v":"Variance 2012 Bridge vs. 2011 Actuals"},{"$f":"G13","v":"2013 Test Year"},{"$f":"\"Variance \" & 'LDC Info'!E28 & \" Test vs. \" & 'LDC Info'!E26 & \" Bridge\"","v":"Variance 2013 Test vs. 2012 Bridge"}]
["Operations",{"$f":"B15","v":1465769},1317883,{"$f":"B41-C41","v":147886},{"$f":"D15","v":1297663},{"$f":"E41-C41","v":-20220},{"$f":"E15","v":1161143},{"$f":"G41-E41","v":-136520},{"$f":"F15","v":1368019},{"$f":"I41-G41","v":206876},{"$f":"G15","v":1392257},{"$f":"K41-I41","v":24238}]
["Maintenance ",1111632,1191970,{"$f":"B42-C42","v":-80338},{"$f":"D16","v":932588},{"$f":"E42-C42","v":-259382},{"$f":"E16","v":1232249},{"$f":"G42-E42","v":299661},{"$f":"F16","v":1469334},237085,{"$f":"G16","v":1621552},152218]
["Billing and Collecting ",{"$f":"B20","v":980174},899448,80726,{"$f":"D20","v":969343},69895,{"$f":"E20","v":1144021},174678,{"$f":"F20","v":1353692},209671,{"$f":"G20","v":1407275},53583]
["Community Relations ",159667,84366,75301,{"$f":"D21","v":118770},34404,{"$f":"E21","v":121908},3138,{"$f":"F21","v":129198},7290,{"$f":"G21","v":134249},5051]
["Administrative and General ",1196595,1327359,-130764,1443982,116623,1671263,227281,1774788,103525,1838267,63479]
["Total OM&A Expenses ",{"$f":"SUM(B41:B45)","v":4913837},{"$f":"SUM(C41:C45)","v":4821026},92811,4762346,-58680,5330584,568238,6095031,764447,6393600,298569]
["Variance from previous year ",null,null,null,{"$f":"E46-C46","v":-58680},null,{"$f":"G46-E46","v":568238},null,{"$f":"I46-G46","v":764447},null,{"$f":"K46-I46","v":298569}]
["Percent change (year over year) ",null,null,null,{"$f":"IF(ISERROR(E47/C46), \"\", E47/C46)","v":-1.2171682957113279E-2},null,{"$f":"IF(ISERROR(G47/E46), \"\", G47/E46)","v":0.11931892390851064},null,{"$f":"IF(ISERROR(I47/G46), \"\", I47/G46)","v":0.14340773918955221},null,{"$f":"IF(ISERROR(K47/I46), \"\", K47/I46)","v":4.8985640926190531E-2}]
["Percent Change:                                                    Test year vs. Most Current Actual ",null,null,null,null,null,{"$f":"IF(ISERROR((K46-G46)/G46), \"\", (K46-G46)/G46)","v":0.19941830013371895}]
["Simple average of % variance for all years",null,null,null,null,null,{"$f":"IF(ISERROR((K46-C46)/C46), \"\", (K46-C46)/C46)","v":0.32619073201430565},null,null,null,null,{"$f":"IF(ISERROR(AVERAGE(E48,G48,I48,K48)), \"\", AVERAGE(E48,G48,I48,K48))","v":7.488515526678502E-2}]
["Compound Annual Growth Rate for all years",null,null,null,null,null,{"$f":"IF(ISERROR((K47-C47)/C47), \"\", (K47-C47)/C47)","v":""},null,null,null,null,8.4199999999999997E-2]
[{"$f":"\"Compound Growth Rate                                                            (\" & E13 & \" vs. \" & 'LDC Info'!E30 & \" Actuals)\"","v":"Compound Growth Rate                                                            (2011 Actuals vs. 2009 Actuals)"},null,null,null,null,null,{"$f":"IF(ISERROR((G46/C46)^(1/(2010-2008)) - 1), \"\", (G46-C46)/C46)","v":0.10569492883879904}]
[]
["Note:"]
[]
["1     \"BA\" = Board-Approved"]
["2     If it has been more than three years since the applicant last filed a cost of service application, additional years of historical actuals should be incorporated into the table, as necessary, to go back to the last cost of service application.  If the applicant last filed a cost of service application less than three years ago, a minimum of three years of actual information is required."]
[]
["3     Recoverable OM&A that is included on these tables should be identical to the recoverable OM&A that is shown for the corresponding periods on Appendix 2-H."]

{"sheet":"App.2-J_OM&A_Cost _Drivers","index":20,"n_rows":67,"n_cols":9,"rows_kept":67,"cut":false,"hidden":false,"merged":[[9,0,9,6],[10,0,10,6],[62,1,65,6],[66,1,67,6]]}
[null,null,null,null,null,"File Number:",{"$f":"'LDC Info'!$E$18","v":"EB-2012-0173"}]
[null,null,null,null,null,"Exhibit:",4]
[null,null,null,null,null,"Tab:",1]
[null,null,null,null,null,"Schedule:",2]
[null,null,null,null,null,"Page:",2]
[]
[null,null,null,null,null,"Date:","Aug 31, 2012"]
[]
[]
["Appendix 2-J"]
["OM&A Cost Driver Table"]
[]
["OM&A",{"$f":"\"Last Rebasing Year (\" & 'LDC Info'!E30 & \" Actuals)\"","v":"Last Rebasing Year (2009 Actuals)"},"2009 Actuals",{"$f":"'LDC Info'!E26 -2 & \" Actuals\"","v":"2010 Actuals"},{"$f":"'LDC Info'!E26 -1 & \" Actuals\"","v":"2011 Actuals"},{"$f":"'LDC Info'!E26 & \" Bridge Year\"","v":"2012 Bridge Year"},{"$f":"'LDC Info'!E28 & \" Test Year\"","v":"2013 Test Year"},null,"Total Change      2009 COS                           2013 COS"]
["Reporting Basis","CGAAP",null,"CGAAP","CGAAP","MIFRS","MIFRS"]
["OM&A Labour (Appendix 2-K)",3227443,null,3034601,3122804,3259864,3636477]
["OM&A Expenses",{"$f":"B17-B15","v":1686394},null,{"$f":"D17-D15","v":1758734},1610522,1967875,2434954]
["Opening Balance",4913837,{"$f":"B55","v":4793335},{"$f":"B55","v":4793335},{"$f":"D55","v":4733326},{"$f":"E55","v":5227739},{"$f":"F55","v":6071431},null,4913837]
["CDM Employee Hired Jun/09",-38200,null,38200,0,0,0,null,{"$f":"B18+D18+E18+F18+G18","v":0}]
["Adjust Manage Wage vs 2009 COS",0,null,0,-90000,0,0,null,{"$f":"B19+D19+E19+F19+G19","v":-90000}]
["Adjust Manage Benefits vs 2009 COS",0,null,0,-25139,0,0,null,-25139]
["Adjust Union Wage vs 2009 COS",0,null,-18694,12463,6231,0,null,0]
["Adjust Union Benefits vs 2009 COS",0,null,-4902,3268,1634,0,null,0]
["Smart Meters-Add Salaried Wage",0,null,0,0,68436,9275,null,77711]
["Smart Meters-Add Salaried Benefits",0,null,0,0,19520,2626,null,22146]
["Upgrade Accounting Assistant Base",0,null,0,0,0,0,null,0]
["Union Apprentice Lineman-Wages",0,null,0,0,0,56397,null,56397]
["Union Apprentice Lineman-Benefits",0,null,0,0,0,18617,null,18617]
["Management Overtime",38703,null,8599,16786,5388,-26272,null,43204]
["Union Overtime",9710,null,-21885,31326,395,-20514,null,-968]
["Wagees Inflation",-674,null,93613,54557,84296,123776,null,355568]
["Benefits Inflation",-35582,null,34215,62093,44542,66093,null,171361]
["Compensation Capitalized",-116084,null,-11919,-31112,-45461,-60040,null,-264616]
["Compensation Third Party",30901,null,-44775,20491,-716,-31882,null,-25981]
["Compensation Charged to Affiliates",-70666,null,1638,26941,49562,41981,null,49456]
["Retiree Benefits Premium Costs",0,null,6769,33068,-3300,{"$f":"9923+35415","v":45338},null,81875]
["Stores Ovhd Charged to Affiliates/3rd",-11201,null,-6599,26229,1926,2750,null,13105]
["Equipment Charged to Affiliates/3rd",-4661,null,-1764,2252,{"$f":"15232+9232","v":24464},8434,null,28725]
["Bad Debt Expense",{"$f":"66509-59650","v":6859},null,20579,9351,2199,{"$f":"1967-16000","v":-14033},null,24955]
["2009 Regulatory Exp Actual vs 4 Year",{"$f":"87520-60250","v":27270},null,-27270,0,0,0,null,0]
["2013 Cost of Service Regulatory",0,null,0,0,40000,-10000,null,30000]
["Legal Fees",0,null,0,-17453,10000,null,null,-7453]
["Tree Trimming Actual vs 4 Year",-51439,null,-9748,95915,-67359,38817,null,6186]
["Transformer PCB Program/Testing",35335,null,-61645,0,0,10000,null,-16310]
["CIS/Financial Expenses",-20259,null,7086,132769,88144,8181,null,215921]
["Smart Meter Expenses",0,null,0,106144,169742,68533,null,344419]
["Meter Reading Costs",0,null,0,-36459,-47580,0,null,-84039]
["Receivable Insurance GS>50 Large Use",0,null,6800,27256,10853,900,null,45809]
["Bell Pole Rental Charges",61247,null,-61247,0,0,0,null,0]
["Leap Payments to OMA",0,null,0,0,11000,0,null,11000]
["IFRS-Admin Ovhd Capital Adj",{"$f":"14398+14398","v":28796},null,0,0,0,0,null,28796]
["IFRS-Indirect Wages Capital Adj",0,null,0,0,158151,0,null,158151]
["IFRS-General Ovhd Capital Adj",0,null,0,0,108490,0,null,108490]
["IFRS-Safety Exp Removed Burd Capital",0,null,0,0,4911,0,null,4911]
["All Other & Expense Inflation",-10557,null,-7060,33667,98224,{"$f":"60835-101243","v":-40408},null,73866]
["Closing Balance",{"$f":"SUM(B17:B54)","v":4793335},{"$f":"SUM(C17:C54)","v":4793335},4733326,5227739,6071431,6370000,null,6370000]
["Balance Per Appendix 2-G",4793335,null,4733326,5227739,6071431,6370000]
[]
["Notes:"]
[]
[1,"For each year, a detailed explanation for each cost driver and associated amount is"]
[null,"required."]
[2,"The closing balance for each year becomes the opening balance for the next year."]
[3,"If it has been more than three years since the applicant last filed a cost of service application, additional years of historical actuals should be incorporated into the table, as necessary, to go back to the last cost of service application.  If the applicant last filed a cost of service application less than three years ago, a minimum of three years of actual information is required."]
[]
[]
[]
[4,"Opening Balance for \"Last Rebasing Year\" (cell B15) should be equal to the Board-Approved amount."]

{"sheet":"App.2-K_Employee Costs","index":21,"n_rows":101,"n_cols":7,"rows_kept":101,"cut":false,"hidden":false,"merged":[[39,0,39,6],[45,0,45,6],[9,0,9,6],[75,0,75,6],[81,0,81,6],[51,0,51,6],[57,0,57,6],[63,0,63,6],[69,0,69,6],[8,0,8,6],[13,0,13,6],[19,0,19,6],[25,0,25,6],[33,0,33,6]]}
[null,null,null,null,null,"File Number:",{"$f":"'LDC Info'!$E$18","v":"EB-2012-0173"}]
[null,null,null,null,null,"Exhibit:",4]
[null,null,null,null,null,"Tab:",1]
[null,null,null,null,null,"Schedule:",4]
[null,null,null,null,null,"Page:","2 & 3"]
[]
[null,null,null,null,null,"Date:","Aug 31, 2012"]
[]
["Appendix 2-K"]
["Employee Costs"]
[]
[null,{"$f":"\"Last Rebasing Year (\" & 'LDC Info'!E30 & \" Board-Approved)\"","v":"Last Rebasing Year (2009 Board-Approved)"},{"$f":"\"Last Rebasing Year (\" & 'LDC Info'!E30 & \" Actuals)\"","v":"Last Rebasing Year (2009 Actuals)"},{"$f":"'LDC Info'!E26 -2 & \" Actuals\"","v":"2010 Actuals"},{"$f":"'LDC Info'!E26 -1 & \" Actuals\"","v":"2011 Actuals"},{"$f":"'LDC Info'!E26 & \" Bridge Year\"","v":"2012 Bridge Year"},{"$f":"'LDC Info'!E28 & \" Test Year\"","v":"2013 Test Year"}]
["Reporting Basis","CGAAP","CGAAP","CGAAP","CGAAP","MIFRS","MIFRS"]
["Number of Employees (FTEs including Part-Time)1"]
["Executive",0,0,0,0,0,0]
["Management",14,13.5,14,13,14,14]
["Non-Union",0,0,0,0,0,0]
["Union",27,27,26.7,26.9,27,28]
["Total",{"$f":"SUM(B15:B18)","v":41},40.5,40.700000000000003,39.9,41,42]
["Number of Part-Time Employees"]
["Executive",0,0,0,0,0,0]
["Management",0,0,0,0,0,0]
["Non-Union",1,1,1,1,1,1]
["Union",0,0,0,0,0,0]
["Total",{"$f":"SUM(B21:B24)","v":1},1,1,1,1,1]
["Total Salary and Wages"]
["Executive"]
["Management-Base",1237378,1206887,1282448,1200600,1290310,{"$f":"1462700-90000-30000","v":1342700}]
["Management-Overtime",0,38703,47302,64088,69476,43204]
["Non-Union",36802,37234,39244,41841,42992,43852]
["Union-Base",1637056,1628241,1663789,1720060,1788162,1924361]
["Union-Overtime",74529,84239,62354,93680,94075,{"$f":"93561-20000","v":73561}]
["Total",{"$f":"SUM(B27:B32)","v":2985765},2995304,3095137,3120269,3285015,3427678]
["Current Benefits"]
["Executive"]
["Management",273498,250867,269743,276916,310030,{"$f":"361664-25139","v":336525}]
["Non-Union",3574,3661,3801,4283,3826,3947]
["Union",439042,426004,436301,468868,501907,562627]
["Total",{"$f":"SUM(B35:B38)","v":716114},680532,709845,750067,815763,903099]
["Accrued Pension and Post-Retirement Benefits"]
["Executive"]
["Management"]
["Non-Union"]
["Union"]
["Total",{"$f":"SUM(B41:B44)","v":0},0,0,0,0,0]
["Total Benefits (Current + Accrued)"]
["Executive",{"$f":"B35+B41","v":0},0,0,0,0,0]
["Management",273498,250867,269743,276916,310030,336525]
["Non-Union",3574,3661,3801,4283,3826,3947]
["Union",439042,426004,436301,468868,501907,562627]
["Total",716114,680532,709845,750067,815763,903099]
["Total Compensation (Salary, Wages, & Benefits)"]
["Executive",{"$f":"B27+B47","v":0},{"$f":"C27+C47","v":0},0,0,0,0]
["Management",{"$f":"B28+B48+B29","v":1510876},{"$f":"C28+C48+C29","v":1496457},1599493,1541604,1669816,1722429]
["Non-Union",{"$f":"B30+B49","v":40376},{"$f":"C30+C49","v":40895},43045,46124,46818,47799]
["Union",{"$f":"B32+B50+B31","v":2150627},{"$f":"C32+C50+C31","v":2138484},2162444,2282608,2384144,2560549]
["Total",{"$f":"SUM(B53:B56)","v":3701879},{"$f":"SUM(C53:C56)","v":3675836},3804982,3870336,4100778,4330777]
["Compensation - Average Yearly Base Wages"]
["Executive"]
["Management",{"$f":"B28/B16","v":88384.142857142855},{"$f":"C28/C16","v":89399.037037037036},91603.428571428565,92353.846153846156,92165,95907.142857142855]
["Non-Union",{"$f":"B30/B23","v":36802},{"$f":"C30/C23","v":37234},39244,41841,42992,43852]
["Union",{"$f":"B31/B18","v":60631.703703703701},{"$f":"C31/C18","v":60305.222222222219},62314.194756554309,63942.750929368034,66228.222222222219,68727.178571428565]
["Total",{"$f":"(B28+B30+B31)/(B19+B25)","v":69315.142857142855},{"$f":"(C28+C30+C31)/(C19+C25)","v":69213.542168674699},71594.268585131897,72432.787286063569,74320.571428571435,76997.976744186046]
["Compensation - Average Yearly Overtime"]
["Executive"]
["Management",{"$f":"B29/B16","v":0},{"$f":"C29/C16","v":2866.8888888888887},3378.7142857142858,4929.8461538461543,4962.5714285714284,3086]
["Non-Union"]
["Union",{"$f":"B32/B18","v":2760.3333333333335},{"$f":"C32/C18","v":3119.962962962963},2335.355805243446,3482.5278810408922,3484.2592592592591,2627.1785714285716]
["Total",{"$f":"(B29+B32)/(B19+B25)","v":1774.5},{"$f":"(C29+C32)/(C19+C25)","v":2962.4578313253014},2629.6402877697842,3857.4083129584355,3894.0714285714284,2715.4651162790697]
["Compensation - Average Yearly Incentive Pay"]
["Executive"]
["Management"]
["Non-Union"]
["Union"]
["Total"]
["Compensation - Average Yearly Benefits"]
["Executive"]
["Management",{"$f":"B48/B16","v":19535.571428571428},{"$f":"C48/C16","v":18582.740740740741},19267.357142857141,21301.23076923077,22145,24037.5]
["Non-Union",{"$f":"B49/B23","v":3574},{"$f":"C49/C23","v":3661},3801,4283,3826,3947]
["Union",{"$f":"B50/B18","v":16260.814814814816},{"$f":"C50/C18","v":15777.925925925925},16340.861423220975,17430.03717472119,18589.14814814815,20093.821428571428]
["Total",{"$f":"B51/(B19+B25)","v":17050.333333333332},{"$f":"C51/(C19+C25)","v":16398.361445783132},17022.661870503594,18339.046454767726,19422.928571428572,21002.302325581397]
[]
["Total Compensation Before Retiree",{"$f":"SUM(B53:B56)","v":3701879},{"$f":"SUM(C53:C56)","v":3675836},3804982,3870336,4100778,4330777]
["Retiree Benefits Premiums",71160,73783,80552,113620,110320,{"$f":"120243+35415","v":155658}]
["Retiree Benefits Accrual",3140,4424,-2130,19320,7164,0]
["Total Compensation",{"$f":"B83+B84+B85","v":3776179},{"$f":"C83+C84+C85","v":3754043},3883404,4003276,4218262,4486435]
["Total Compensation Capitalized (CGAAP) ",322122,438206,450125,462460,526698,586738]
["Total Compensation Capitalized Smart Meter 1555",0,255,0,18777]
["Total Compensation Charged to Third Party",139982,109081,153856,133365,134081,{"$f":"145963+20000","v":165963}]
["Total Compensation Charged to Smart Meter 1556",0,14602,959,0]
["Total Compensation Charged to Associate Companies",86632,157298,155660,128719,79157,37176]
["Total Compensation Charged to OM&A (CGAAP)",{"$f":"B86-B87-B88-B89-B90-B91","v":3227443},{"$f":"C86-C87-C88-C89-C90-C91","v":3034601},3122804,3259955,3478326,3696558]
[]
["Total Compensation Capitalized (MIFRS)",null,null,null,{"$f":"198916+94774+7192+3427+12718+6059","v":323086},368547,428587]
["Total Compensation Charged to OM&A (MIFRS)",null,null,null,{"$f":"E86-E94-E89-E90-E91","v":3418106},{"$f":"F86-F94-F89-F90-F91","v":3636477},{"$f":"G86-G94-G89-G90-G91","v":3854709}]
[]
[]
["1 If an applicant wishes to use headcount, it must also file the same schedule on an FTE basis."]
[]
["Note:"]
["1   Please report compensation on a CGAAP and MIFRS basis for your transition year."]

{"sheet":"App.2-L_OM&A_per_Cust_FTEE","index":22,"n_rows":31,"n_cols":8,"rows_kept":31,"cut":false,"hidden":false,"merged":[[8,0,8,7],[9,0,9,7],[30,1,31,6],[24,1,27,6],[28,1,28,6],[29,1,29,6],[15,0,15,1],[16,0,16,1],[17,0,17,1],[18,0,18,1],[13,0,13,1],[14,0,14,1],[12,0,12,1]]}
[null,null,null,null,null,null,"File Number:",{"$f":"'LDC Info'!$E$18","v":"EB-2012-0173"}]
[null,null,null,null,null,null,"Exhibit:",4]
[null,null,null,null,null,null,"Tab:",1]
[null,null,null,null,null,null,"Schedule:",2]
[null,null,null,null,null,null,"Page:",7]
[]
[null,null,null,null,null,null,"Date:","Aug 31, 2012"]
[]
["Appendix 2-L"]
["Recoverable OM&A Cost per Customer and per FTEE"]
[]
[null,null,{"$f":"\"Last Rebasing Year (\" & 'LDC Info'!E30 & \" Board-Approved)\"","v":"Last Rebasing Year (2009 Board-Approved)"},{"$f":"\"Last Rebasing Year (\" & 'LDC Info'!E30 & \" Actuals)\"","v":"Last Rebasing Year (2009 Actuals)"},{"$f":"'LDC Info'!E26 -2 & \" Actuals\"","v":"2010 Actuals"},{"$f":"'LDC Info'!E26 -1 & \" Actuals\"","v":"2011 Actuals"},{"$f":"'LDC Info'!E26 & \" Bridge Year\"","v":"2012 Bridge Year"},{"$f":"'LDC Info'!E28 & \" Test Year\"","v":"2013 Test Year"}]
["Reporting Basis",null,"CGAAP","CGAAP","CGAAP","CGAAP","MIFRS","MIFRS"]
["Number of Customers",null,22637,22053,22205,22466,22740,23098]
["Total Recoverable OM&A from Appendix 2-I",null,4913837,4793555,4733326,5277739,6071431,6370000]
["OM&A cost per customer",null,{"$f":"IF(C14=0,\"\",C15/C14)","v":217.07103414763441},217.36521108239242,213.16487277640172,234.92116976764891,266.99344766930517,275.78145293964843]
["Number of FTEEs",null,42,41.5,41.7,40.9,42,43]
["Customers/FTEEs",null,{"$f":"IF(C17=0,\"\",C14/C17)","v":538.97619047619048},531.39759036144574,532.49400479616304,549.29095354523224,541.42857142857144,537.16279069767438]
["OM&A Cost per FTEE",null,{"$f":"IF(C17=0,\"\",C15/C17)","v":116996.11904761905},115507.34939759035,113509.01678657073,129040.07334963325,144557.88095238095,148139.53488372092]
[]
["Number of Customers is based on Customers/Connects with the exception of Streetlights which has been counted as 1."]
[]
["Notes:"]
[]
[1,"If it has been more than three years since the applicant last filed a cost of service application, additional years of historical actuals should be incorporated into the table, as necessary, to go back to the last cost of service application.  If the applicant last filed a cost of service application less than three years ago, a minimum of three years of actual information is required."]
[]
[]
[]
[2,"The method of calculating the number of customers must be identified."]
[3,"The method of calculating the number of FTEEs must be identified.  See also Appendix 2-K"]
[4,"The number of customers and the number of FTEEs should correspond to mid-year or average of January 1 and December 31 figures."]

{"sheet":"App.2-M_Regulatory_Costs","index":23,"n_rows":46,"n_cols":11,"rows_kept":46,"cut":false,"hidden":false,"merged":[[12,0,12,1],[13,0,13,1],[8,0,8,10],[9,0,9,10]]}
[null,null,null,null,null,null,null,null,null,"File Number:",{"$f":"'LDC Info'!$E$18","v":"EB-2012-0173"}]
[null,null,null,null,null,null,null,null,null,"Exhibit:",4]
[null,null,null,null,null,null,null,null,null,"Tab:",1]
[null,null,null,null,null,null,null,null,null,"Schedule:",2]
[null,null,null,null,null,null,null,null,null,"Page:",6]
[]
[null,null,null,null,null,null,null,null,null,"Date:","Aug 31, 2012"]
[]
["Appendix 2-M"]
["Regulatory Cost Schedule"]
[null,null,null,null,"On-Going"]
[null,null,null,null,"On-Time"]
["Regulatory Cost Category",null,"USoA Account","USoA Account Balance","Ongoing or One-time Cost? 2",{"$f":"\"Last Rebasing Year (\" & 'LDC Info'!E30 & \" Board Approved)\"","v":"Last Rebasing Year (2009 Board Approved)"},"Most Current Actuals               Year 2011",{"$f":"'LDC Info'!E26 & \" Bridge Year\"","v":"2012 Bridge Year"},"Annual % Change",{"$f":"'LDC Info'!E28 & \" Test Year\"","v":"2013 Test Year"},"Annual % Change"]
["(A)",null,"(B)","(C )","(D)","(E)","(F)","(G)","(H) = [(G)-(F)]/(F)","(I)","(J) = [(I)-(G)]/(G)"]
[1,"OEB Annual Assessment",5655,null,"On-Going",50057,53298,54200,{"$f":"IF(G15=0,\"\",(H15-G15)/G15)","v":1.692371195917295E-2},55284,{"$f":"IF(H15=0,\"\",(J15-H15)/H15)","v":0.02}]
[2,"OEB Section 30 Costs (Applicant-originated)",null,null,null,null,null,null,{"$f":"IF(G16=0,\"\",(H16-G16)/G16)","v":""},null,{"$f":"IF(H16=0,\"\",(J16-H16)/H16)","v":""}]
[3,"OEB Section 30 Costs (OEB-initiated)",5655,null,"On-Going",4715,2293,2500,9.0274749236807672E-2,2550,0.02]
[4,"Expert Witness costs for regulatory matters",null,null,null,null,null,null,"",null,""]
[5,"Legal costs for regulatory matters",5655,null,null,null,null,null,"",null,""]
[6,"Consultants & Legal Fees 2013 COS",5655,null,"On-Time",null,null,30000,"",{"$f":"G42","v":13750},-0.54166666666666663]
[7,"Operating expenses associated with staff            Overtime Costs 2013 COS",5655,null,"On-Time",null,null,10000,"",{"$f":"G43","v":2500},-0.75]
[8,"Operating expenses associated with other resources -Board Costs 2013 COS",null,null,"On-Time",null,null,null,"",{"$f":"G44","v":2500},""]
[9,"Other regulatory agency fees or assessments",5655,null,"On-Going",800,800,800,0,800,0]
[10,"Any other costs for regulatory matters-       Notice of Application-Newspapers Costs",5655,null,"On-Going",2060,2230,2500,0.1210762331838565,2550,0.02]
[11,"Intervenor costs",5655,null,"On-Time",29886,0,null,"",{"$f":"G45","v":11250},""]
[12,"Sub-total - Ongoing Costs 3",null,{"$f":"SUMIF($E15:$E25,$E11,D15:D25)","v":0},null,{"$f":"SUMIF($E15:$E25,$E11,F15:F25)","v":57632},{"$f":"SUMIF($E15:$E25,$E11,G15:G25)","v":58621},{"$f":"SUMIF($E15:$E25,$E11,H15:H25)","v":60000},2.352399310827178E-2,{"$f":"SUMIF($E15:$E25,$E11,J15:J25)","v":61184},1.9733333333333332E-2]
[13,"Sub-total - One-time Costs 4",null,{"$f":"SUMIF($E15:$E25,$E12,D15:D25)","v":0},null,{"$f":"SUMIF($E15:$E25,$E12,F15:F25)","v":29886},{"$f":"SUMIF($E15:$E25,$E12,G15:G25)","v":0},{"$f":"SUMIF($E15:$E25,$E12,H15:H25)","v":40000},"",{"$f":"SUMIF($E15:$E25,$E12,J15:J25)","v":30000},-0.25]
[14,"Total",null,{"$f":"D26+D27","v":0},null,{"$f":"F26+F27","v":87518},{"$f":"G26+G27","v":58621},{"$f":"H26+H27","v":100000},0.70587332184711959,{"$f":"J26+J27","v":91184},-8.8160000000000002E-2]
[]
[]
[]
["1","Please identify the resources involved."]
["2","Where a category's costs include both one-time and ongoing costs, the applicant should prove a separate breakdown between one-time and ongoing costs."]
["3","Sum of all ongoing costs identified in rows 1 to 11 inclusive."]
["4","Sum of all one-time costs identified in rows 1 to 11 inclusive."]
[]
[]
["Please fill out the following table for all one-time costs related to this cost of service application"]
[]
[null,null,"Historical Year(s)",{"$f":"H13","v":"2012 Bridge Year"},{"$f":"J13","v":"2013 Test Year"},"Total Costs","Cost/4 yrs"]
[4,"Expert Witness costs for regulatory matters",null,0,0,{"$f":"D41+E41","v":0},{"$f":"F41/4","v":0}]
[6,"Consultants & Legals Fees",null,30000,25000,{"$f":"D42+E42","v":55000},{"$f":"F42/4","v":13750}]
[7,"Operating expenses associated with staff resources allocated to regulatory matters",null,10000,0,{"$f":"D43+E43","v":10000},{"$f":"F43/4","v":2500}]
[8,"Board Costs",null,0,10000,{"$f":"D44+E44","v":10000},{"$f":"F44/4","v":2500}]
[11,"Intervenor costs",null,0,45000,{"$f":"D45+E45","v":45000},{"$f":"F45/4","v":11250}]
[null,"Total Cost",null,{"$f":"SUM(D41:D45)","v":40000},{"$f":"SUM(E41:E45)","v":80000},{"$f":"SUM(F41:F45)","v":120000},{"$f":"SUM(G41:G45)","v":30000}]

{"sheet":"App.2-N_Corp_Cost_Allocation 09","index":24,"n_rows":48,"n_cols":9,"rows_kept":48,"cut":false,"hidden":false,"merged":[[13,0,13,5],[8,0,8,5],[9,0,9,5],[47,1,48,5],[16,0,17,0],[16,1,17,1],[15,2,17,2],[15,3,17,3],[15,0,15,1],[15,4,16,4],[15,5,16,5],[15,6,16,6],[34,0,34,1],[34,2,36,2],[34,3,36,3],[34,5,35,5],[34,4,35,4],[35,0,36,0],[35,1,36,1],[32,0,32,5]]}
[null,null,null,null,null,"File Number:",{"$f":"'LDC Info'!$E$18","v":"EB-2012-0173"}]
[null,null,null,null,null,"Exhibit:",4]
[null,null,null,null,null,"Tab:",1]
[null,null,null,null,null,"Schedule:",5]
[null,null,null,null,null,"Page:",2]
[]
[null,null,null,null,null,"Date:","Aug 31, 2012"]
[]
["Appendix 2-N"]
["Shared Services and Corporate Cost Allocation"]
[]
[null,"Year:",2009]
[]
["Shared Services"]
[]
["Name of Company",null,"Service Offered","Pricing Methdology","Price for the Service","Cost for the Service"]
["From","To"]
[null,null,null,null,"$","$"]
["Systems Corp","Energy Services","Street Lights Labour","Time Card",{"$f":"F19*1.07","v":72896.960000000006},68128]
["Systems Corp","Energy Services","Street Ligths Burden","% Labour",{"$f":"F20*1.07","v":36448.480000000003},34064]
["Systems Corp","Energy Services","Material Burden","% Material Issue",{"$f":"F21*1.07","v":13315.08},12444]
["Systems Corp","Energy Services","Truck Charges","Time Card",40110.020000000004,37486]
[null,null,"Total Street Light",null,{"$f":"SUM(E19:E22)","v":162770.54},{"$f":"SUM(F19:F22)","v":152122}]
[]
["Systems Corp","Energy Services","Sentinel Lights Labour","Time Card",{"$f":"F25*1.07","v":6235.96},5828]
["Systems Corp","Energy Services","Sentinel Lights Burden","% Labour",2619.36,2448]
["Systems Corp","Energy Services","Material Burden","% Material Issue",1009.0100000000001,943]
["Systems Corp","Energy Services","Truck Charges","Time Card",3205.7200000000003,2996]
[null,null,"Total Sentinel Light",null,{"$f":"SUM(E25:E28)","v":13070.05},{"$f":"SUM(F25:F28)","v":12215}]
[]
[null,null,null,"Totals",{"$f":"E23+E29","v":175840.59},{"$f":"F29+F23","v":164337}]
[]
["Corporate Cost Allocation"]
[]
["Name of Company",null,"Service Offered","Pricing Methdology","% of Corporate Costs Allocated","Amount Allocated"]
["From","To"]
[null,null,null,null,"%","$"]
["Systems Corp","Holding Corp","Administrative","Estimated",16468,16468]
["Systems Corp","Energy Services","Administrative","Estimated",8489,8489]
[]
[]
[]
[null,null,null,null,null,null,null,null,{"$f":"F31+F45","v":189294}]
[null,null,null,null,null,null,null,null,"ok"]
[null,null,null,"Totals",{"$f":"SUM(E38:E44)","v":24957},{"$f":"SUM(F38:F44)","v":24957}]
[]
["Note: "]
[1,"This appendix must be completed in relation to each service provided or received for the Historical (actuals), Bridge and Test years."]

{"sheet":"App.2-N_Corp_Cost_Allocation 10","index":25,"n_rows":48,"n_cols":9,"rows_kept":48,"cut":false,"hidden":false,"merged":[[35,1,36,1],[47,1,48,5],[15,6,16,6],[16,0,17,0],[16,1,17,1],[32,0,32,5],[34,0,34,1],[34,2,36,2],[34,3,36,3],[34,4,35,4],[34,5,35,5],[35,0,36,0],[8,0,8,5],[9,0,9,5],[13,0,13,5],[15,0,15,1],[15,2,17,2],[15,3,17,3],[15,4,16,4],[15,5,16,5]]}
[null,null,null,null,null,"File Number:",{"$f":"'LDC Info'!$E$18","v":"EB-2012-0173"}]
[null,null,null,null,null,"Exhibit:",4]
[null,null,null,null,null,"Tab:",1]
[null,null,null,null,null,"Schedule:",5]
[null,null,null,null,null,"Page:",3]
[]
[null,null,null,null,null,"Date:","Aug 31, 2012"]
[]
["Appendix 2-N"]
["Shared Services and Corporate Cost Allocation"]
[]
[null,"Year:",2010]
[]
["Shared Services"]
[]
["Name of Company",null,"Service Offered","Pricing Methdology","Price for the Service","Cost for the Service"]
["From","To"]
[null,null,null,null,"$","$"]
["Systems Corp","Energy Services","Street Lights Labour","Time Card",{"$f":"F19*1.07","v":75981.77},71011]
["Systems Corp","Energy Services","Street Ligths Burden","% Labour",{"$f":"F20*1.07","v":37991.420000000006},35506]
["Systems Corp","Energy Services","Material Burden","% Material Issue",13097.87,12241]
["Systems Corp","Energy Services","Truck Charges","Time Card",35830.020000000004,33486]
[null,null,"Total Street Light",null,{"$f":"SUM(E19:E22)","v":162901.08000000002},{"$f":"SUM(F19:F22)","v":152244}]
[]
["Systems Corp","Energy Services","Sentinel Lights Labour","Time Card",{"$f":"F25*1.07","v":6492.76},6068]
["Systems Corp","Energy Services","Sentinel Lights Burden","% Labour",3246.38,3034]
["Systems Corp","Energy Services","Material Burden","% Material Issue",907.36,848,null,null,{"$f":"F31+F45","v":182485}]
["Systems Corp","Energy Services","Truck Charges","Time Card",2683.56,2508,null,null,"ok"]
[null,null,"Total Sentinel Light",null,{"$f":"SUM(E25:E28)","v":13330.06},{"$f":"SUM(F25:F28)","v":12458}]
[]
[null,null,null,"Totals",{"$f":"E23+E29","v":176231.14},{"$f":"F29+F23","v":164702}]
[]
["Corporate Cost Allocation"]
[]
["Name of Company",null,"Service Offered","Pricing Methdology","% of Corporate Costs Allocated","Amount Allocated"]
["From","To"]
[null,null,null,null,"%","$"]
["Systems Corp","Holding Corp","Administrative","Estimated",10991,10991]
["Systems Corp","Energy Services","Administrative","Estimated",6792,6792]
[]
[]
[]
[]
[]
[null,null,null,"Totals",{"$f":"SUM(E38:E44)","v":17783},{"$f":"SUM(F38:F44)","v":17783}]
[]
["Note: "]
[1,"This appendix must be completed in relation to each service provided or received for the Historical (actuals), Bridge and Test years."]

{"sheet":"App.2-N_Corp_Cost_Allocation 11","index":26,"n_rows":48,"n_cols":9,"rows_kept":48,"cut":false,"hidden":false,"merged":[[35,1,36,1],[47,1,48,5],[15,6,16,6],[16,0,17,0],[16,1,17,1],[32,0,32,5],[34,0,34,1],[34,2,36,2],[34,3,36,3],[34,4,35,4],[34,5,35,5],[35,0,36,0],[8,0,8,5],[9,0,9,5],[13,0,13,5],[15,0,15,1],[15,2,17,2],[15,3,17,3],[15,4,16,4],[15,5,16,5]]}
[null,null,null,null,null,"File Number:",{"$f":"'LDC Info'!$E$18","v":"EB-2012-0173"}]
[null,null,null,null,null,"Exhibit:",4]
[null,null,null,null,null,"Tab:",1]
[null,null,null,null,null,"Schedule:",5]
[null,null,null,null,null,"Page:",4]
[]
[null,null,null,null,null,"Date:","Aug 31, 2012"]
[]
["Appendix 2-N"]
["Shared Services and Corporate Cost Allocation"]
[]
[null,"Year:",2011]
[]
["Shared Services"]
[]
["Name of Company",null,"Service Offered","Pricing Methdology","Price for the Service","Cost for the Service"]
["From","To"]
[null,null,null,null,"$","$"]
["Systems Corp","Energy Services","Street Lights Labour","Time Card",{"$f":"F19*1.07","v":62439.850000000006},58355]
["Systems Corp","Energy Services","Street Ligths Burden","% Labour",{"$f":"F20*1.07","v":31220.460000000003},29178]
["Systems Corp","Energy Services","Material Burden","% Material Issue",6384.6900000000005,5967]
["Systems Corp","Energy Services","Truck Charges","Time Card",26177.550000000003,24465]
[null,null,"Total Street Light",null,{"$f":"SUM(E19:E22)","v":126222.55000000002},{"$f":"SUM(F19:F22)","v":117965}]
[]
["Systems Corp","Energy Services","Sentinel Lights Labour","Time Card",{"$f":"F25*1.07","v":3245.3100000000004},3033]
["Systems Corp","Energy Services","Sentinel Lights Burden","% Labour",1622.1200000000001,1516]
["Systems Corp","Energy Services","Material Burden","% Material Issue",86.67,81]
["Systems Corp","Energy Services","Truck Charges","Time Card",1457.3400000000001,1362]
[null,null,"Total Sentinel Light",null,{"$f":"SUM(E25:E28)","v":6411.4400000000005},{"$f":"SUM(F25:F28)","v":5992}]
[]
[null,null,null,"Totals",{"$f":"E23+E29","v":132633.99000000002},{"$f":"F29+F23","v":123957},null,null,{"$f":"F31+F45","v":147236}]
[null,null,null,null,null,null,null,null,"ok"]
["Corporate Cost Allocation"]
[]
["Name of Company",null,"Service Offered","Pricing Methdology","% of Corporate Costs Allocated","Amount Allocated"]
["From","To"]
[null,null,null,null,"%","$"]
["Systems Corp","Holding Corp","Administrative","Estimated",16487,16487]
["Systems Corp","Energy Services","Administrative","Estimated",6792,6792]
[]
[]
[]
[]
[]
[null,null,null,"Totals",{"$f":"SUM(E38:E44)","v":23279},{"$f":"SUM(F38:F44)","v":23279}]
[]
["Note: "]
[1,"This appendix must be completed in relation to each service provided or received for the Historical (actuals), Bridge and Test years."]

{"sheet":"App.2-N_Corp_Cost_Allocatio 12","index":27,"n_rows":48,"n_cols":9,"rows_kept":48,"cut":false,"hidden":false,"merged":[[35,1,36,1],[47,1,48,5],[15,6,16,6],[16,0,17,0],[16,1,17,1],[32,0,32,5],[34,0,34,1],[34,2,36,2],[34,3,36,3],[34,4,35,4],[34,5,35,5],[35,0,36,0],[8,0,8,5],[9,0,9,5],[13,0,13,5],[15,0,15,1],[15,2,17,2],[15,3,17,3],[15,4,16,4],[15,5,16,5]]}
[null,null,null,null,null,"File Number:",{"$f":"'LDC Info'!$E$18","v":"EB-2012-0173"}]
[null,null,null,null,null,"Exhibit:",4]
[null,null,null,null,null,"Tab:",1]
[null,null,null,null,null,"Schedule:",5]
[null,null,null,null,null,"Page:",5]
[]
[null,null,null,null,null,"Date:","Aug 31, 2012"]
[]
["Appendix 2-N"]
["Shared Services and Corporate Cost Allocation"]
[]
[null,"Year:",2012]
[]
["Shared Services"]
[]
["Name of Company",null,"Service Offered","Pricing Methdology","Price for the Service","Cost for the Service"]
["From","To"]
[null,null,null,null,"$","$"]
["Systems Corp","Energy Services","Street Lights Labour","Time Card",{"$f":"F19*1.07","v":32117.120000000003},30016]
["Systems Corp","Energy Services","Street Ligths Burden","% Labour",{"$f":"F20*1.07","v":15344.87},14341]
["Systems Corp","Energy Services","Material Burden","% Material Issue",3210,3000]
["Systems Corp","Energy Services","Truck Charges","Time Card",9879.3100000000013,9233]
[null,null,"Total Street Light",null,{"$f":"SUM(E19:E22)","v":60551.3},{"$f":"SUM(F19:F22)","v":56590}]
[]
["Systems Corp","Energy Services","Sentinel Lights Labour","Time Card",{"$f":"F25*1.07","v":3322.3500000000004},3105]
["Systems Corp","Energy Services","Sentinel Lights Burden","% Labour",1587.88,1484]
["Systems Corp","Energy Services","Material Burden","% Material Issue",545.70000000000005,510]
["Systems Corp","Energy Services","Truck Charges","Time Card",1457.3400000000001,1362]
[null,null,"Total Sentinel Light",null,{"$f":"SUM(E25:E28)","v":6913.27},{"$f":"SUM(F25:F28)","v":6461}]
[null,null,null,null,null,null,null,null,{"$f":"F31+F45","v":86616}]
[null,null,null,"Totals",{"$f":"E23+E29","v":67464.570000000007},{"$f":"F29+F23","v":63051},null,null,"ok"]
[]
["Corporate Cost Allocation"]
[]
["Name of Company",null,"Service Offered","Pricing Methdology","% of Corporate Costs Allocated","Amount Allocated"]
["From","To"]
[null,null,null,null,"%","$"]
["Systems Corp","Holding Corp","Administrative","Estimated",16690,16690]
["Systems Corp","Energy Services","Administrative","Estimated",6875,6875]
[]
[]
[]
[]
[]
[null,null,null,"Totals",{"$f":"SUM(E38:E44)","v":23565},{"$f":"SUM(F38:F44)","v":23565}]
[]
["Note: "]
[1,"This appendix must be completed in relation to each service provided or received for the Historical (actuals), Bridge and Test years."]

{"sheet":"App.2-N_Corp_Cost_Allocatio 13 ","index":28,"n_rows":48,"n_cols":9,"rows_kept":48,"cut":false,"hidden":false,"merged":[[35,1,36,1],[47,1,48,5],[15,6,16,6],[16,0,17,0],[16,1,17,1],[32,0,32,5],[34,0,34,1],[34,2,36,2],[34,3,36,3],[34,4,35,4],[34,5,35,5],[35,0,36,0],[8,0,8,5],[9,0,9,5],[13,0,13,5],[15,0,15,1],[15,2,17,2],[15,3,17,3],[15,4,16,4],[15,5,16,5]]}
[null,null,null,null,null,"File Number:",{"$f":"'LDC Info'!$E$18","v":"EB-2012-0173"}]
[null,null,null,null,null,"Exhibit:",4]
[null,null,null,null,null,"Tab:",1]
[null,null,null,null,null,"Schedule:",5]
[null,null,null,null,null,"Page:",6]
[]
[null,null,null,null,null,"Date:","Aug 31, 2012"]
[]
["Appendix 2-N"]
["Shared Services and Corporate Cost Allocation"]
[]
[null,"Year:",2013]
[]
["Shared Services"]
[]
["Name of Company",null,"Service Offered","Pricing Methdology","Price for the Service","Cost for the Service"]
["From","To"]
[null,null,null,null,"$","$"]
["Systems Corp","Energy Services","Street Lights Labour","Time Card",{"$f":"F19*1.07","v":5350},5000]
["Systems Corp","Energy Services","Street Ligths Burden","% Labour",{"$f":"F20*1.07","v":2533.7600000000002},2368]
["Systems Corp","Energy Services","Material Burden","% Material Issue",0,0]
["Systems Corp","Energy Services","Truck Charges","Time Card",0,0]
[null,null,"Total Street Light",null,{"$f":"SUM(E19:E22)","v":7883.76},{"$f":"SUM(F19:F22)","v":7368}]
[]
["Systems Corp","Energy Services","Sentinel Lights Labour","Time Card",{"$f":"F25*1.07","v":3455.03},3229]
["Systems Corp","Energy Services","Sentinel Lights Burden","% Labour",1636.0300000000002,1529]
["Systems Corp","Energy Services","Material Burden","% Material Issue",545.70000000000005,510]
["Systems Corp","Energy Services","Truck Charges","Time Card",1501.21,1403]
[null,null,"Total Sentinel Light",null,{"$f":"SUM(E25:E28)","v":7137.97},{"$f":"SUM(F25:F28)","v":6671}]
[null,null,null,null,null,null,null,null,{"$f":"F45+F31","v":38182}]
[null,null,null,"Totals",{"$f":"E23+E29","v":15021.73},{"$f":"F29+F23","v":14039},null,null,"ok"]
[]
["Corporate Cost Allocation"]
[]
["Name of Company",null,"Service Offered","Pricing Methdology","% of Corporate Costs Allocated","Amount Allocated"]
["From","To"]
[null,null,null,null,"%","$"]
["Systems Corp","Holding Corp","Administrative","Estimated",17099,17099]
["Systems Corp","Energy Services","Administrative","Estimated",7044,7044]
[]
[]
[]
[]
[]
[null,null,null,null,{"$f":"SUM(E38:E44)","v":24143},{"$f":"SUM(F38:F44)","v":24143}]
[]
["Note: "]
[1,"This appendix must be completed in relation to each service provided or received for the Historical (actuals), Bridge and Test years."]

{"sheet":"App.2-OA Capital Structure 09","index":29,"n_rows":35,"n_cols":15,"rows_kept":35,"cut":false,"hidden":false,"merged":[[9,2,9,14],[10,2,10,14],[14,0,15,0],[15,4,15,8],[18,2,18,14],[40,2,40,14],[12,0,12,14],[34,2,34,14],[35,2,35,14],[36,2,36,14],[37,2,37,14],[38,2,38,14],[39,2,39,14],[33,0,33,14]]}
[null,null,null,null,null,null,null,null,null,null,"File Number:",null,null,null,{"$f":"'LDC Info'!$E$18","v":"EB-2012-0173"}]
[null,null,null,null,null,null,null,null,null,null,"Exhibit:",null,null,null,5]
[null,null,null,null,null,null,null,null,null,null,"Tab:",null,null,null,1]
[null,null,null,null,null,null,null,null,null,null,"Schedule:",null,null,null,1]
[null,null,null,null,null,null,null,null,null,null,"Page:",null,null,null,2]
[]
[null,null,null,null,null,null,null,null,null,null,"Date:",null,null,null,"August 31, 2012"]
[]
[]
[null,null,"Appendix 2-OA"]
[null,null,"Capital Structure and Cost of Capital-2009"]
[]
["This table must be completed for the required years of all historical years, the bridge year and the test year."]
[]
["Line No."]
[null,null,"Particulars",null,"Capitalization Ratio",null,null,null,null,null,"Cost Rate",null,null,null,"Return"]
[]
[]
[null,null,"Application"]
[null,null,null,null,"(%)",null,null,null,"($)",null,"(%)",null,null,null,"($)"]
[null,null,"Debt"]
[1,null,"  Long-term Debt",null,0.52700000000000002,null,null,null,{"$f":"$I$31*E22","v":13873327.700000001},null,7.6200000000000004E-2,null,null,null,{"$f":"K22*I22","v":1057147.5707400001}]
[2,null,"  Short-term Debt",null,0.04,null,"(1)",null,{"$f":"$I$31*E23","v":1053004},null,1.3299999999999999E-2,null,null,null,{"$f":"K23*I23","v":14004.9532}]
[3,null,"Total Debt",null,{"$f":"SUM(E22:E23)","v":0.56700000000000006},null,null,null,{"$f":"SUM(I22:I23)","v":14926331.700000001},null,{"$f":"IF(E24=0,0,SUMPRODUCT(E22:E23,K22:K23)/E24)","v":7.1762610229276894E-2},null,null,null,{"$f":"SUM(O22:O23)","v":1071152.5239400002}]
[]
[null,null,"Equity"]
[4,null,"  Common Equity",null,0.433,null,null,null,{"$f":"$I$31*E27","v":11398768.300000001},null,8.0100000000000005E-2,null,null,null,{"$f":"K27*I27","v":913041.34083000012}]
[5,null,"  Preferred Shares",null,null,null,null,null,{"$f":"$I$31*E28","v":0},null,null,null,null,null,{"$f":"K28*I28","v":0}]
[6,null,"Total Equity",null,{"$f":"SUM(E27:E28)","v":0.433},null,null,null,{"$f":"SUM(I27:I28)","v":11398768.300000001},null,{"$f":"IF(E29=0,0,SUMPRODUCT(E27:E28,K27:K28)/E29)","v":8.0100000000000005E-2},null,null,null,{"$f":"SUM(O27:O28)","v":913041.34083000012}]
[]
[7,null,"Total",null,{"$f":"E24+E29","v":1},null,null,null,26325100,null,{"$f":"(K24*E24)+(K29*E29)","v":7.5372700000000001E-2},null,null,null,{"$f":"O24+O29","v":1984193.8647700003}]
[]
[]
["Notes"]
["(1)",null,"4.0% unless an applicant has proposed or been approved for a different amount."]

{"sheet":"App.2-OA Capital Structure  10","index":30,"n_rows":35,"n_cols":15,"rows_kept":35,"cut":false,"hidden":false,"merged":[[39,2,39,14],[40,2,40,14],[33,0,33,14],[34,2,34,14],[35,2,35,14],[36,2,36,14],[37,2,37,14],[38,2,38,14],[18,2,18,14],[9,2,9,14],[10,2,10,14],[12,0,12,14],[14,0,15,0],[15,4,15,8]]}
[null,null,null,null,null,null,null,null,null,null,"File Number:",null,null,null,{"$f":"'LDC Info'!$E$18","v":"EB-2012-0173"}]
[null,null,null,null,null,null,null,null,null,null,"Exhibit:",null,null,null,5]
[null,null,null,null,null,null,null,null,null,null,"Tab:",null,null,null,1]
[null,null,null,null,null,null,null,null,null,null,"Schedule:",null,null,null,1]
[null,null,null,null,null,null,null,null,null,null,"Page:",null,null,null,3]
[]
[null,null,null,null,null,null,null,null,null,null,"Date:",null,null,null,"August 31, 2012"]
[]
[]
[null,null,"Appendix 2-OA"]
[null,null,"Capital Structure and Cost of Capital-2010"]
[]
["This table must be completed for the required years of all historical years, the bridge year and the test year."]
[]
["Line No."]
[null,null,"Particulars",null,"Capitalization Ratio",null,null,null,null,null,"Cost Rate",null,null,null,"Return"]
[]
[]
[null,null,"Application"]
[null,null,null,null,"(%)",null,null,null,"($)",null,"(%)",null,null,null,"($)"]
[null,null,"Debt"]
[1,null,"  Long-term Debt",null,0.56000000000000005,null,null,null,{"$f":"$I$31*E22","v":15379673.120000001},null,7.6200000000000004E-2,null,null,null,{"$f":"K22*I22","v":1171931.0917440001}]
[2,null,"  Short-term Debt",null,0.04,null,"(1)",null,{"$f":"$I$31*E23","v":1098548.08},null,1.3299999999999999E-2,null,null,null,{"$f":"K23*I23","v":14610.689464000001}]
[3,null,"Total Debt",null,{"$f":"SUM(E22:E23)","v":0.60000000000000009},null,null,null,{"$f":"SUM(I22:I23)","v":16478221.200000001},null,{"$f":"IF(E24=0,0,SUMPRODUCT(E22:E23,K22:K23)/E24)","v":7.2006666666666663E-2},null,null,null,{"$f":"SUM(O22:O23)","v":1186541.7812080001}]
[]
[null,null,"Equity"]
[4,null,"  Common Equity",null,0.4,null,null,null,{"$f":"$I$31*E27","v":10985480.800000001},null,8.0100000000000005E-2,null,null,null,{"$f":"K27*I27","v":879937.01208000013}]
[5,null,"  Preferred Shares",null,null,null,null,null,{"$f":"$I$31*E28","v":0},null,null,null,null,null,{"$f":"K28*I28","v":0}]
[6,null,"Total Equity",null,{"$f":"SUM(E27:E28)","v":0.4},null,null,null,{"$f":"SUM(I27:I28)","v":10985480.800000001},null,{"$f":"IF(E29=0,0,SUMPRODUCT(E27:E28,K27:K28)/E29)","v":8.0100000000000005E-2},null,null,null,{"$f":"SUM(O27:O28)","v":879937.01208000013}]
[]
[7,null,"Total",null,{"$f":"E24+E29","v":1},null,null,null,27463702,null,{"$f":"(K24*E24)+(K29*E29)","v":7.5244000000000005E-2},null,null,null,{"$f":"O24+O29","v":2066478.7932880004}]
[]
[]
["Notes"]
["(1)",null,"4.0% unless an applicant has proposed or been approved for a different amount."]

{"sheet":"App.2-OA Capital Structure  11","index":31,"n_rows":35,"n_cols":15,"rows_kept":35,"cut":false,"hidden":false,"merged":[[39,2,39,14],[40,2,40,14],[33,0,33,14],[34,2,34,14],[35,2,35,14],[36,2,36,14],[37,2,37,14],[38,2,38,14],[18,2,18,14],[9,2,9,14],[10,2,10,14],[12,0,12,14],[14,0,15,0],[15,4,15,8]]}
[null,null,null,null,null,null,null,null,null,null,"File Number:",null,null,null,{"$f":"'LDC Info'!$E$18","v":"EB-2012-0173"}]
[null,null,null,null,null,null,null,null,null,null,"Exhibit:",null,null,null,5]
[null,null,null,null,null,null,null,null,null,null,"Tab:",null,null,null,1]
[null,null,null,null,null,null,null,null,null,null,"Schedule:",null,null,null,1]
[null,null,null,null,null,null,null,null,null,null,"Page:",null,null,null,4]
[]
[null,null,null,null,null,null,null,null,null,null,"Date:",null,null,null,"August 31, 2012"]
[]
[]
[null,null,"Appendix 2-OA"]
[null,null,"Capital Structure and Cost of Capital-2011"]
[]
["This table must be completed for the required years of all historical years, the bridge year and the test year."]
[]
["Line No."]
[null,null,"Particulars",null,"Capitalization Ratio",null,null,null,null,null,"Cost Rate",null,null,null,"Return"]
[]
[]
[null,null,"Application"]
[null,null,null,null,"(%)",null,null,null,"($)",null,"(%)",null,null,null,"($)"]
[null,null,"Debt"]
[1,null,"  Long-term Debt",null,0.56000000000000005,null,null,null,{"$f":"$I$31*E22","v":16058659.120000001},null,7.6200000000000004E-2,null,null,null,{"$f":"K22*I22","v":1223669.8249440002}]
[2,null,"  Short-term Debt",null,0.04,null,"(1)",null,{"$f":"$I$31*E23","v":1147047.08},null,1.3299999999999999E-2,null,null,null,{"$f":"K23*I23","v":15255.726164}]
[3,null,"Total Debt",null,{"$f":"SUM(E22:E23)","v":0.60000000000000009},null,null,null,{"$f":"SUM(I22:I23)","v":17205706.200000003},null,{"$f":"IF(E24=0,0,SUMPRODUCT(E22:E23,K22:K23)/E24)","v":7.2006666666666663E-2},null,null,null,{"$f":"SUM(O22:O23)","v":1238925.5511080003}]
[]
[null,null,"Equity"]
[4,null,"  Common Equity",null,0.4,null,null,null,{"$f":"$I$31*E27","v":11470470.800000001},null,8.0100000000000005E-2,null,null,null,{"$f":"K27*I27","v":918784.71108000015}]
[5,null,"  Preferred Shares",null,null,null,null,null,{"$f":"$I$31*E28","v":0},null,null,null,null,null,{"$f":"K28*I28","v":0}]
[6,null,"Total Equity",null,{"$f":"SUM(E27:E28)","v":0.4},null,null,null,{"$f":"SUM(I27:I28)","v":11470470.800000001},null,{"$f":"IF(E29=0,0,SUMPRODUCT(E27:E28,K27:K28)/E29)","v":8.0100000000000005E-2},null,null,null,{"$f":"SUM(O27:O28)","v":918784.71108000015}]
[]
[7,null,"Total",null,{"$f":"E24+E29","v":1},null,null,null,28676177,null,{"$f":"(K24*E24)+(K29*E29)","v":7.5244000000000005E-2},null,null,null,{"$f":"O24+O29","v":2157710.2621880006}]
[]
[]
["Notes"]
["(1)",null,"4.0% unless an applicant has proposed or been approved for a different amount."]

{"sheet":"App.2-OA Capital Structure  12","index":32,"n_rows":35,"n_cols":15,"rows_kept":35,"cut":false,"hidden":false,"merged":[[39,2,39,14],[40,2,40,14],[33,0,33,14],[34,2,34,14],[35,2,35,14],[36,2,36,14],[37,2,37,14],[38,2,38,14],[18,2,18,14],[9,2,9,14],[10,2,10,14],[12,0,12,14],[14,0,15,0],[15,4,15,8]]}
[null,null,null,null,null,null,null,null,null,null,"File Number:",null,null,null,{"$f":"'LDC Info'!$E$18","v":"EB-2012-0173"}]
[null,null,null,null,null,null,null,null,null,null,"Exhibit:",null,null,null,5]
[null,null,null,null,null,null,null,null,null,null,"Tab:",null,null,null,1]
[null,null,null,null,null,null,null,null,null,null,"Schedule:",null,null,null,1]
[null,null,null,null,null,null,null,null,null,null,"Page:",null,null,null,5]
[]
[null,null,null,null,null,null,null,null,null,null,"Date:",null,null,null,"August 31, 2012"]
[]
[]
[null,null,"Appendix 2-OA"]
[null,null,"Capital Structure and Cost of Capital-2012 Bridge Year"]
[]
["This table must be completed for the required years of all historical years, the bridge year and the test year."]
[]
["Line No."]
[null,null,"Particulars",null,"Capitalization Ratio",null,null,null,null,null,"Cost Rate",null,null,null,"Return"]
[]
[]
[null,null,"Application"]
[null,null,null,null,"(%)",null,null,null,"($)",null,"(%)",null,null,null,"($)"]
[null,null,"Debt"]
[1,null,"  Long-term Debt",null,0.56000000000000005,null,null,null,{"$f":"$I$31*E22","v":17988412.400000002},null,7.6200000000000004E-2,null,null,null,{"$f":"K22*I22","v":1370717.0248800002}]
[2,null,"  Short-term Debt",null,0.04,null,"(1)",null,{"$f":"$I$31*E23","v":1284886.6000000001},null,1.3299999999999999E-2,null,null,null,{"$f":"K23*I23","v":17088.99178}]
[3,null,"Total Debt",null,{"$f":"SUM(E22:E23)","v":0.60000000000000009},null,null,null,{"$f":"SUM(I22:I23)","v":19273299.000000004},null,{"$f":"IF(E24=0,0,SUMPRODUCT(E22:E23,K22:K23)/E24)","v":7.2006666666666663E-2},null,null,null,{"$f":"SUM(O22:O23)","v":1387806.0166600002}]
[]
[null,null,"Equity"]
[4,null,"  Common Equity",null,0.4,null,null,null,{"$f":"$I$31*E27","v":12848866},null,8.0100000000000005E-2,null,null,null,{"$f":"K27*I27","v":1029194.1666000001}]
[5,null,"  Preferred Shares",null,null,null,null,null,{"$f":"$I$31*E28","v":0},null,null,null,null,null,{"$f":"K28*I28","v":0}]
[6,null,"Total Equity",null,{"$f":"SUM(E27:E28)","v":0.4},null,null,null,{"$f":"SUM(I27:I28)","v":12848866},null,{"$f":"IF(E29=0,0,SUMPRODUCT(E27:E28,K27:K28)/E29)","v":8.0100000000000005E-2},null,null,null,{"$f":"SUM(O27:O28)","v":1029194.1666000001}]
[]
[7,null,"Total",null,{"$f":"E24+E29","v":1},null,null,null,32122165,null,{"$f":"(K24*E24)+(K29*E29)","v":7.5244000000000005E-2},null,null,null,{"$f":"O24+O29","v":2417000.1832600003}]
[]
[]
["Notes"]
["(1)",null,"4.0% unless an applicant has proposed or been approved for a different amount."]

{"sheet":"App.2-OA Capital Structure  13","index":33,"n_rows":35,"n_cols":15,"rows_kept":35,"cut":false,"hidden":false,"merged":[[39,2,39,14],[40,2,40,14],[33,0,33,14],[34,2,34,14],[35,2,35,14],[36,2,36,14],[37,2,37,14],[38,2,38,14],[18,2,18,14],[9,2,9,14],[10,2,10,14],[12,0,12,14],[14,0,15,0],[15,4,15,8]]}
[null,null,null,null,null,null,null,null,null,null,"File Number:",null,null,null,{"$f":"'LDC Info'!$E$18","v":"EB-2012-0173"}]
[null,null,null,null,null,null,null,null,null,null,"Exhibit:",null,null,null,5]
[null,null,null,null,null,null,null,null,null,null,"Tab:",null,null,null,1]
[null,null,null,null,null,null,null,null,null,null,"Schedule:",null,null,null,1]
[null,null,null,null,null,null,null,null,null,null,"Page:",null,null,null,6]
[]
[null,null,null,null,null,null,null,null,null,null,"Date:",null,null,null,"August 31, 2012"]
[]
[]
[null,null,"Appendix 2-OA"]
[null,null,"Capital Structure and Cost of Capital-2013 Test Year"]
[]
["This table must be completed for the required years of all historical years, the bridge year and the test year."]
[]
["Line No."]
[null,null,"Particulars",null,"Capitalization Ratio",null,null,null,null,null,"Cost Rate",null,null,null,"Return"]
[]
[]
[null,null,"Application"]
[null,null,null,null,"(%)",null,null,null,"($)",null,"(%)",null,null,null,"($)"]
[null,null,"Debt"]
[1,null,"  Long-term Debt",null,0.56000000000000005,null,null,null,{"$f":"$I$31*E22","v":17604085.520000003},null,3.78E-2,null,null,null,{"$f":"K22*I22","v":665434.43265600014}]
[2,null,"  Short-term Debt",null,0.04,null,"(1)",null,{"$f":"$I$31*E23","v":1257434.68},null,2.0799999999999999E-2,null,null,null,{"$f":"K23*I23","v":26154.641343999996}]
[3,null,"Total Debt",null,{"$f":"SUM(E22:E23)","v":0.60000000000000009},null,null,null,{"$f":"SUM(I22:I23)","v":18861520.200000003},null,{"$f":"IF(E24=0,0,SUMPRODUCT(E22:E23,K22:K23)/E24)","v":3.6666666666666667E-2},null,null,null,{"$f":"SUM(O22:O23)","v":691589.07400000014}]
[]
[null,null,"Equity"]
[4,null,"  Common Equity",null,0.4,null,null,null,{"$f":"$I$31*E27","v":12574346.800000001},null,8.9300000000000004E-2,null,null,null,{"$f":"K27*I27","v":1122889.1692400002}]
[5,null,"  Preferred Shares",null,null,null,null,null,{"$f":"$I$31*E28","v":0},null,null,null,null,null,{"$f":"K28*I28","v":0}]
[6,null,"Total Equity",null,{"$f":"SUM(E27:E28)","v":0.4},null,null,null,{"$f":"SUM(I27:I28)","v":12574346.800000001},null,{"$f":"IF(E29=0,0,SUMPRODUCT(E27:E28,K27:K28)/E29)","v":8.9300000000000004E-2},null,null,null,{"$f":"SUM(O27:O28)","v":1122889.1692400002}]
[]
[7,null,"Total",null,{"$f":"E24+E29","v":1},null,null,null,31435867,null,{"$f":"(K24*E24)+(K29*E29)","v":5.7720000000000007E-2},null,null,null,{"$f":"O24+O29","v":1814478.2432400002}]
[]
[]
["Notes"]
["(1)",null,"4.0% unless an applicant has proposed or been approved for a different amount."]

{"sheet":"App.2-OB_Debt Instruments 09","index":34,"n_rows":36,"n_cols":11,"rows_kept":36,"cut":false,"hidden":false,"merged":[[9,0,9,10],[10,0,10,10],[10,11,10,14],[12,0,12,10],[13,2,13,3]]}
[null,null,null,null,null,null,null,null,null,"File Number:",{"$f":"'LDC Info'!$E$18","v":"EB-2012-0173"}]
[null,null,null,null,null,null,null,null,null,"Exhibit:",5]
[null,null,null,null,null,null,null,null,null,"Tab:",1]
[null,null,null,null,null,null,null,null,null,"Schedule:",1]
[null,null,null,null,null,null,null,null,null,"Page:",7]
[]
[null,null,null,null,null,null,null,null,null,"Date:","August 31, 2012"]
[]
[]
["Appendix 2-OB"]
["Debt Instruments"]
[]
["This table must be completed for the required years of all historical years, the bridge year and the test year."]
[null,null,"2009 to 2011 Years"]
[]
["Row","Description","Lender","Affiliated or Third-Party Debt?","Fixed or Variable-Rate?","Start Date","Term              (years)","Principal                         ($)","Rate (%)                     (Note 2)","Interest ($)       (Note 1)"]
[1,"Long Term Note Payable","City of Welland","Affiliated","Fixed Rate","2005-10-16",null,13499953,7.6200000000000004E-2,{"$f":"H17*I17","v":1028696.4186000001},"Actual Rate 6.25%"]
[2,"Long Term Loan","TD Securities","Third-Party","Fixed Rate","2009-02-06",5,3700000,2.87E-2,{"$f":"H18*I18","v":106190},"Swap - Fixed Rate"]
[3,null,null,null,null,null,null,null,null,0]
[4,null,null,null,null,null,null,null,null,0]
[5,null,null,null,null,null,null,null,null,0]
[6,null,null,null,null,null,null,null,null,0]
[7,null,null,null,null,null,null,null,null,0]
[8,null,null,null,null,null,null,null,null,0]
[9,null,null,null,null,null,null,null,null,0]
[10,null,null,null,null,null,null,null,null,0]
[11,null,null,null,null,null,null,null,null,0]
[12,null,null,null,null,null,null,null,null,0]
[]
["Total",null,null,null,null,null,null,{"$f":"SUM(H17:H28)","v":17199953},{"$f":"IF(H30=0,\"\",J30/H30)","v":6.5981948822767131E-2},{"$f":"SUM(J17:J28)","v":1134886.4186}]
[]
["Notes"]
[]
[1,"If financing is in place only part of the year, calculate the pro-rated interest and input in the cell."]
[2,"Input actual or deemed long-term debt rate in accordance with the guidelines in The Report of the Board on the Cost of Capital for Ontario's Regulated Utilities, issued December 11, 2009"]
[3,"Add more lines above row 12 if necessary."]

{"sheet":"App.2-OB_Debt Instruments 12","index":35,"n_rows":36,"n_cols":11,"rows_kept":36,"cut":false,"hidden":false,"merged":[[9,0,9,10],[10,0,10,10],[10,11,10,14],[12,0,12,10]]}
[null,null,null,null,null,null,null,null,null,"File Number:",{"$f":"'LDC Info'!$E$18","v":"EB-2012-0173"}]
[null,null,null,null,null,null,null,null,null,"Exhibit:",5]
[null,null,null,null,null,null,null,null,null,"Tab:",1]
[null,null,null,null,null,null,null,null,null,"Schedule:",1]
[null,null,null,null,null,null,null,null,null,"Page:",8]
[]
[null,null,null,null,null,null,null,null,null,"Date:","August 31, 2012"]
[]
[]
["Appendix 2-OB"]
["Debt Instruments"]
[]
["This table must be completed for the required years of all historical years, the bridge year and the test year."]
[null,null,null,"Bridge Year",2012]
[]
["Row","Description","Lender","Affiliated or Third-Party Debt?","Fixed or Variable-Rate?","Start Date","Term              (years)","Principal                         ($)","Rate (%)                     (Note 2)","Interest ($)       (Note 1)"]
[1,"Long Term Note Payable","City of Welland","Affiliated","Fixed Rate","2005-10-16",null,13499953,7.6200000000000004E-2,{"$f":"H17*I17","v":1028696.4186000001},"Actual Rate 6.25%"]
[2,"Long Term Loan","TD Securities","Third-Party","Fixed Rate","2009-02-06",5,3700000,2.87E-2,{"$f":"H18*I18","v":106190},"Swap - Fixed Rate"]
[3,null,null,null,null,null,null,null,null,0]
[4,null,null,null,null,null,null,null,null,0]
[5,null,null,null,null,null,null,null,null,0]
[6,null,null,null,null,null,null,null,null,0]
[7,null,null,null,null,null,null,null,null,0]
[8,null,null,null,null,null,null,null,null,0]
[9,null,null,null,null,null,null,null,null,0]
[10,null,null,null,null,null,null,null,null,0]
[11,null,null,null,null,null,null,null,null,0]
[12,null,null,null,null,null,null,null,null,0]
[]
["Total",null,null,null,null,null,null,{"$f":"SUM(H17:H28)","v":17199953},{"$f":"IF(H30=0,\"\",J30/H30)","v":6.5981948822767131E-2},{"$f":"SUM(J17:J28)","v":1134886.4186}]
[]
["Notes"]
[]
[1,"If financing is in place only part of the year, calculate the pro-rated interest and input in the cell."]
[2,"Input actual or deemed long-term debt rate in accordance with the guidelines in The Report of the Board on the Cost of Capital for Ontario's Regulated Utilities, issued December 11, 2009"]
[3,"Add more lines above row 12 if necessary."]

{"sheet":"App.2-OB_Debt Instruments 13","index":36,"n_rows":36,"n_cols":11,"rows_kept":36,"cut":false,"hidden":false,"merged":[[9,0,9,10],[10,0,10,10],[10,11,10,14],[12,0,12,10]]}
[null,null,null,null,null,null,null,null,null,"File Number:",{"$f":"'LDC Info'!$E$18","v":"EB-2012-0173"}]
[null,null,null,null,null,null,null,null,null,"Exhibit:",5]
[null,null,null,null,null,null,null,null,null,"Tab:",1]
[null,null,null,null,null,null,null,null,null,"Schedule:",1]
[null,null,null,null,null,null,null,null,null,"Page:",9]
[]
[null,null,null,null,null,null,null,null,null,"Date:","August 31, 2012"]
[]
[]
["Appendix 2-OB"]
["Debt Instruments"]
[]
["This table must be completed for the required years of all historical years, the bridge year and the test year."]
[null,null,null,"Test Year",2013]
[]
["Row","Description","Lender","Affiliated or Third-Party Debt?","Fixed or Variable-Rate?","Start Date","Term              (years)","Principal                         ($)","Rate (%)                     (Note 2)","Interest ($)       (Note 1)"]
[1,"Long Term Note Payable","City of Welland","Affiliated","Fixed Rate","2005-10-16",null,13499953,4.0300000000000002E-2,{"$f":"H17*I17","v":544048.10590000008},"Actual Rate 6.25%"]
[2,"Long Term Loan","TD Securities","Third-Party","Fixed Rate","2009-02-06",5,3700000,2.87E-2,{"$f":"H18*I18","v":106190},"Swap - Fixed Rate"]
[3,null,null,null,null,null,null,null,null,0]
[4,null,null,null,null,null,null,null,null,0]
[5,null,null,null,null,null,null,null,null,0]
[6,null,null,null,null,null,null,null,null,0]
[7,null,null,null,null,null,null,null,null,0]
[8,null,null,null,null,null,null,null,null,0]
[9,null,null,null,null,null,null,null,null,0]
[10,null,null,null,null,null,null,null,null,0]
[11,null,null,null,null,null,null,null,null,0]
[12,null,null,null,null,null,null,null,null,0]
[]
["Total",null,null,null,null,null,null,{"$f":"SUM(H17:H28)","v":17199953},{"$f":"IF(H30=0,\"\",J30/H30)","v":3.7804644344086293E-2},{"$f":"SUM(J17:J28)","v":650238.10590000008}]
[]
["Notes"]
[]
[1,"If financing is in place only part of the year, calculate the pro-rated interest and input in the cell."]
[2,"Input actual or deemed long-term debt rate in accordance with the guidelines in The Report of the Board on the Cost of Capital for Ontario's Regulated Utilities, issued December 11, 2009"]
[3,"Add more lines above row 12 if necessary."]

{"sheet":"App.2-P_Cost_Allocation","index":37,"n_rows":113,"n_cols":6,"rows_kept":113,"cut":false,"hidden":false,"merged":[[30,0,31,4],[33,0,35,4],[37,0,38,4],[8,0,8,5],[9,0,9,5],[50,0,50,1],[51,0,51,1],[44,0,45,1],[44,2,45,2],[47,0,47,1],[48,0,48,1],[49,0,49,1],[46,0,46,1],[41,1,41,5],[43,0,43,1],[44,3,45,3],[44,4,45,4],[44,5,45,5],[80,0,80,1],[63,0,63,5],[77,0,77,1],[78,0,78,1],[79,0,79,1],[60,0,61,5],[52,0,52,1],[53,0,53,1],[54,0,54,1],[55,0,55,1],[56,0,56,1],[83,0,83,1],[84,0,84,1],[85,0,85,1],[65,0,66,5],[101,0,101,1],[68,0,69,5],[90,0,91,5],[93,0,93,5],[86,0,86,1],[81,0,81,1],[82,0,82,1],[73,0,75,1],[73,5,75,5],[74,3,75,3],[74,4,75,4],[76,0,76,1],[102,0,102,1],[97,0,99,1],[97,2,97,4],[97,5,98,5],[100,0,100,1],[109,0,109,1],[117,0,119,5],[103,0,103,1],[104,0,104,1],[105,0,105,1],[106,0,106,1],[107,0,107,1],[112,0,115,5],[108,0,108,1]]}
[null,null,null,null,"File Number:",{"$f":"'LDC Info'!$E$18","v":"EB-2012-0173"}]
[null,null,null,null,"Exhibit:",7]
[null,null,null,null,"Tab:",1]
[null,null,null,null,"Schedule:",2]
[null,null,null,null,"Page:","6 & 7 of 7"]
[]
[null,null,null,null,"Date:","Aug 31, 2012"]
[]
["Appendix 2-P"]
["Cost Allocation"]
[]
["Please complete the following four tables."]
[]
["A)  Allocated Costs"]
[]
["Classes","Costs Allocated from Previous Study","%","Costs Allocated in Test Year Study                    (Column 7A)","%"]
["Residential",4427397,{"$f":"IF(B$27=0,\"\",B17/B$27)","v":0.58350496224691073},5998831,{"$f":"IF(D$27=0,\"\",D17/D$27)","v":0.64572721384700327}]
["GS < 50 kW",1115311,0.14699144959184016,1118010,0.12034502761506168]
["GS > 50 to 4999 kW",1344754,0.17723069153305707,1806382,0.19444288662297327]
["Large User, if applicable",182588,2.4064027699964324E-2,101544,1.093041697672098E-2]
["Street Lighting",429341,5.658462613496168E-2,187006,2.0129732501661189E-2]
["Sentinel Lighting",48748,6.4247005406590837E-3,39282,4.2283999023039623E-3]
["Unmetered Scattered Load (USL)",39452,5.1995422526069212E-3,38984,4.1963225342756903E-3]
["Other class, if applicable",null,0,null,0]
[null,null,0,null,0]
["Embedded distributor class",null,0,null,0]
["Total",{"$f":"SUM(B17:B26)","v":7587591},{"$f":"SUM(C17:C26)","v":1},{"$f":"SUM(D17:D26)","v":9290039},{"$f":"SUM(E17:E26)","v":1}]
[]
["Notes"]
[]
["1     Customer Classification - If proposed rate classes differ from those in place in the previous Cost Allocation study, modify the rate classes to match the current application as closely as possible."]
[]
[]
["2     Host Distributors -  Provide information on embedded distributor(s) as a separate class, if applicable.   If embedded distributor(s) are billed as customers in a General Service class, include the allocated cost and revenue of the embedded distributor(s) in the applicable class.  Also complete Appendix 2-Q."]
[]
[]
["  "]
["3     Class Revenue Requirements - If using the Board-issued model, in column 7A enter the results from Worksheet O-1, Revenue Requirement (row 40 in the 2013 model).  This excludes costs in deferral and variance accounts.  Note to Embedded Distributor(s), it also does not include Account 4750 - Low Voltage (LV) Costs. "]
[]
[]
[]
["B)  Calculated Class Revenues"]
[]
[null,null,"Column 7B","Column 7C","Column 7D","Column 7E"]
["Classes (same as previous table)",null,"Load Forecast (LF) X current approved rates","L.F. X current approved rates X (1 + d)","LF X proposed rates","Miscellaneous Revenue"]
[]
[{"$f":"A17","v":"Residential"},null,{"$f":"4057795+2292174","v":6349969},6145770,6007416,379785]
[{"$f":"A18","v":"GS < 50 kW"},null,{"$f":"585120+465669-11558","v":1039231},1005810,{"$f":"1005810","v":1005810},68092]
[{"$f":"A19","v":"GS > 50 to 4999 kW"},null,{"$f":"688486+553532-128634","v":1113384},1077580,{"$f":"1342766","v":1342766},102339]
[{"$f":"A20","v":"Large User, if applicable"},null,{"$f":"155834+145251-118173","v":182912},177030,{"$f":"108118","v":108118},0]
["Street Lighting",null,{"$f":"203310+37553","v":240863},233118,181212,17901]
["Sentinel Lighting",null,{"$f":"18184+13615","v":31799},30777,30776,4315]
["Unmetered Scattered Load (USL)",null,{"$f":"36558+9890","v":46448},44954,38941,2568]
["Other class, if applicable"]
[]
[{"$f":"A26","v":"Embedded distributor class"}]
[{"$f":"A27","v":"Total"},null,{"$f":"SUM(C47:C56)","v":9004606},{"$f":"SUM(D47:D56)","v":8715039},{"$f":"SUM(E47:E56)","v":8715039},{"$f":"SUM(F47:F56)","v":575000}]
[]
["Notes:"]
[]
["1     Columns 7B to 7D - LF means Load Forecast of Annual Billing Quantities (i.e. customers or connections X 12, (kWh or kW, as applicable).  Revenue Quantities should be net of Transfomrer Ownership Allowance.  Exclude revenue from rate adders and rate riders.  "]
[]
[]
["2     Columns 7C and 7D - Column total in each column should equal the Base Revenue Requirement"]
[]
["3     Columns 7C - The Board cost allocation model calculates \"1+d\" in worksheet O-1, cell C21. \"d\" is defined as Revenue Deficiency/ Revenue at Current Rates."]
[]
[]
["4     Columns 7E - If using the Board-issued Cost Allocation model, enter Miscellaneous Revenue as it appears in Worksheet O-1, row 19."]
[]
[]
["C)  Rebalancing Revenue-to-Cost (R/C) Ratios"]
[]
["Class",null,"Previously Approved Ratios","Status Quo Ratios","Proposed Ratios","Policy Range"]
[null,null,"Most Recent Year:","(7C + 7E) / (7A)","(7D + 7E) / (7A)"]
[null,null,2010]
[null,null,"%","%","%","%"]
[{"$f":"A47","v":"Residential"},null,115.19,{"$f":"IF(D17=0,\"\",(D47+F47)/D17*100)","v":108.78044405651701},{"$f":"IF(D17=0,\"\",(E47+F47)/D17*100)","v":106.4740947027846},"85 - 115"]
[{"$f":"A48","v":"GS < 50 kW"},null,80.05,96.054775896458892,96.054775896458892,"80 - 120"]
[{"$f":"A49","v":"GS > 50 to 4999 kW"},null,80,65.319461774973391,79.999966784434292,"80 - 120"]
[{"$f":"A50","v":"Large User, if applicable"},null,100.74,174.33821791538645,106.47404080989521,"85 - 115"]
["Street Lighting",null,70,134.2304524988503,106.47412382490403,"70 - 120"]
["Sentinel Lighting",null,70,89.333536988951678,89.33099129372232,"80 - 120"]
["Unmetered Scattered Load (USL)",null,101.44,121.90129283808741,106.47701621177919,"80 - 120"]
["Other class, if applicable",null,null,"",""]
[null,null,null,"",""]
[{"$f":"A56","v":"Embedded distributor class"},null,null,"",""]
[]
["Notes"]
[]
["1     Previously Approved Revenue-to-Cost Ratios - For most applicants, Most Recent Year would be the third year of the IRM 3 period,  e.g. if the applicant rebased in 2009 with further adjustments over 2 years, the Most recent year is 2011.  For applicants that have had rates adjusted only under IRM 2, the Most Recent Year is 2006, and the applicant should enter the ratios from their Informational Filing."]
[]
[]
["2     Status Quo Ratios - The Board's updated Cost Allocation Model yields the Status Quo Ratios in Worksheet O-1.  Status Quo means \"Before Rebalancing\"."]
[]
["D)  Proposed Revenue-to-Cost Ratios"]
[]
["Class",null,"Proposed Revenue-to-Cost Ratios",null,null,"Policy Range"]
[null,null,2013,2014,2015]
[null,null,"%","%","%","%"]
[{"$f":"A78","v":"Residential"},null,{"$f":"E78","v":106.4740947027846},106.87,106.87,{"$f":"F78","v":"85 - 115"}]
[{"$f":"A79","v":"GS < 50 kW"},null,{"$f":"E79","v":96.054775896458892},95.13,95.13,{"$f":"F79","v":"80 - 120"}]
[{"$f":"A80","v":"GS > 50 to 4999 kW"},null,{"$f":"E80","v":79.999966784434292},80,80,{"$f":"F80","v":"80 - 120"}]
[{"$f":"A81","v":"Large User, if applicable"},null,{"$f":"E81","v":106.47404080989521},106.87,106.87,{"$f":"F81","v":"85 - 115"}]
["Street Lighting",null,106.47412382490403,106.87,106.87,"70 - 120"]
["Sentinel Lighting",null,89.33099129372232,106.87,106.87,"80 - 120"]
["Unmetered Scattered Load (USL)",null,106.47701621177919,106.87,106.87,"80 - 120"]
["Other class, if applicable",null,"",null,null,{"$f":"F85","v":0}]
[null,null,"",null,null,{"$f":"F86","v":0}]
["Embedded distributor class",null,""]
[]
["Note"]
["1     The applicant should complete Table D if it is applying for approval of a revenue to cost ratio in 2012 that is outside the Board’s policy range for any customer class. Table (d) will show the information that the distributor would likely enter in the IRM model) in 2013.  In 2013 Table (d), enter the planned ratios for the classes that will be ‘Change’ and ‘No Change’ in 2013 (in the current Revenue Cost Ratio Adjustment Workform, Worksheet C1.1 ‘Decision – Cost Revenue Adjustment’, column d), and enter TBD for class(es) that will be entered as ‘Rebalance’. "]

{"sheet":"App.2-Q_Cost of Serv. Emb. Dx","index":38,"n_rows":61,"n_cols":7,"rows_kept":61,"cut":false,"hidden":true,"merged":[[59,3,60,3],[59,4,60,4],[54,4,55,4],[8,0,8,6],[9,0,9,6],[16,0,16,1],[16,2,16,3],[54,3,55,3],[9,7,9,11],[12,0,12,6],[11,0,11,6],[14,0,14,1],[14,2,14,3]]}
[null,null,null,null,null,"File Number:",{"$f":"'LDC Info'!$E$18","v":"EB-2012-0173"}]
[null,null,null,null,null,"Exhibit:"]
[null,null,null,null,null,"Tab:"]
[null,null,null,null,null,"Schedule:"]
[null,null,null,null,null,"Page:"]
[]
[null,null,null,null,null,"Date:"]
[]
["Appendix 2-Q"]
["Cost of Serving Embedded Distributor(s) "]
[]
["To be completed by Host Distributors*"]
["(Not required if Host Distributor has an Embedded Distributor rate class, i.e. a separate row in Appendix 2-P.)"]
[]
[]
[]
["Proposed Rate Class for Billing Embedded Distributor(s)"]
[]
["Host's Distribution Facilities used by Embedded Distributor(s)"]
[]
["(1)","(2)","(3)","(4)","(5)","(6) = '(3) + (4)"]
["Asset Class","Total OM&A costs asociated with asset class ","Original cost of asset class ","Accumulated amortization of asset class","Annual amortization of asset class","Net Book Value of asset class"]
["Totals for Host Distributor:","($)","($)","($)","($)"]
["Distribution Stations",null,null,null,null,{"$f":"C24+D24","v":0}]
["Low Voltage Line",null,null,null,null,0]
["LV Line category # 2 (if applcable)",null,null,null,null,0]
["TS (owned by host)",null,null,null,null,0]
["add rows if necessary... ",null,null,null,null,0]
[null,null,null,null,null,0]
[null,null,null,null,null,0]
[]
["(1)","(7)","(8)","(9)","(10)","(11)"]
[{"$f":"A22","v":"Asset Class"},"Total line length or station capacity in asset class","Line length or capacity required to provide LV service to Embedded Distributor(s)","Annual total demand on station/line providing LV services (sum of 12 monthly peaks)","Annual billed Embedded Distributor demand on station/line providing LV services","Embedded Distributor(s)' Responsibility Share "]
["Embedded Distributor's share:","kW or kVa; km","kW or kVA; km","kW or kVA","kW or kVA","percent"]
["Distribution Stations",null,null,null,null,{"$f":"IF(D35=0,0,(C35/B35)*(E35/D35))","v":0}]
["Low Voltage Line",null,null,null,null,{"$f":"IF(D36=0,0,(C36/B36)*(E36/D36))","v":0}]
["LV Line # 2 (if applicable) ",null,null,null,null,{"$f":"IF(D37=0,0,(C37/B37)*(E37/D37))","v":0}]
["TS (owned by host)",null,null,null,null,{"$f":"IF(D38=0,0,(C38/B38)*(E38/D38))","v":0}]
["add rows if necessary ",null,null,null,null,{"$f":"IF(D39=0,0,(C39/B39)*(E39/D39))","v":0}]
[]
["(1)","(12)","(12a)","(13)","(14)","(15)","(16)"]
[{"$f":"A33","v":"Asset Class"},"Return on Assets used to Provide LV services","Taxes/PILs","Annual amortization on assets used to provide LV services","OM&A costs with burden associated with assets used to provide LV services","Total annual cost associated with assets used to provide LV services","Monthly cost associated with the delivery of LV services"]
[null,"($)","($)","($)","($)","($)","$/kW or $/kVA"]
["Distribution Stations",{"$f":"E$55*(F24+B24*E$60)*F35","v":0},{"$f":"(B44-(B$55*C$55*F35*(F24+B24*E58)+B$56*C$56*F35*(F24+B24*E$58)))*E$58/(1-E$58)","v":0},{"$f":"E24*F35","v":0},{"$f":"B24*F35","v":0},{"$f":"SUM(B44:E44)","v":0},{"$f":"IF(E35=0,0,(D44/E35))","v":0}]
["Low Voltage Line",{"$f":"E$55*(F25+B25*E$60)*F36","v":0},{"$f":"(B45-(B$55*C$55*F36*(F25+B25*E59)+B$56*C$56*F36*(F25+B25*E59)))*E$58/(1-E$58)","v":0},{"$f":"E25*F36","v":0},{"$f":"B25*F36","v":0},{"$f":"SUM(B45:E45)","v":0},{"$f":"IF(E36=0,0,(D45/E36))","v":0}]
["LV Line # 2 (if applicable) ",{"$f":"E$55*(F26+B26*E$60)*F37","v":0},{"$f":"(B46-(B$55*C$55*F37*(F26+B26*E60)+B$56*C$56*F37*(F26+B26*E$60)))*E$58/(1-E$58)","v":0},{"$f":"E26*F37","v":0},{"$f":"B26*F37","v":0},{"$f":"SUM(B46:E46)","v":0},{"$f":"IF(E37=0,0,(D46/E37))","v":0}]
["TS (owned by host)",{"$f":"E$55*(F27+B27*E$60)*F38","v":0},{"$f":"(B47-(B$55*C$55*F38*(F27+B27*E61)+B$56*C$56*F38*(F27+B27*E61)))*E$58/(1-E$58)","v":0},{"$f":"E27*F38","v":0},{"$f":"B27*F38","v":0},{"$f":"SUM(B47:E47)","v":0},{"$f":"IF(E38=0,0,(D47/E38))","v":0}]
["add rows if necessary ",{"$f":"E$55*(F28+B28*E$60)*F39","v":0},{"$f":"(B48-(B$55*C$55*F39*(F28+B28*I62)+B$56*C$56*F39*(F28+B28*I62)))*E$58/(1-E$58)","v":0},{"$f":"E28*F39","v":0},{"$f":"B28*F39","v":0},{"$f":"SUM(B48:E48)","v":0},{"$f":"IF(E39=0,0,(D48/E39))","v":0}]
[]
["Total",null,null,null,null,{"$f":"SUM(F44:F48)","v":0},{"$f":"SUM(G44:G48)","v":0}]
[]
["(17)","(18)","(19)","(20)","(21)"]
[null,"Capital Structure","Cost Rate"]
[null,"(%)","(%)",null,"(%)"]
["Long-Term Debt",null,null,"Weighted Average Cost of Capital",{"$f":"IF(B61=0%,0,SUMPRODUCT(B55:B59,C55:C59)/B61)","v":0}]
["Short-term Debt"]
[]
["Common Equity",null,null,"Tax/PILs Rate"]
["Preferred Shares"]
[null,null,null,"Working Capital Allowance Factor"]
["Total",{"$f":"SUM(B55:B59)","v":0}]

{"sheet":"App.2-R_Loss Factors","index":39,"n_rows":73,"n_cols":8,"rows_kept":73,"cut":false,"hidden":false,"merged":[[8,0,8,7],[9,0,9,7],[11,0,11,7],[13,0,14,1],[13,2,13,6],[13,7,14,7],[15,1,15,7],[24,1,24,7],[26,1,26,7],[54,1,55,7],[36,1,39,7],[43,1,45,7],[47,1,50,7],[57,1,58,7],[60,1,61,7],[32,1,34,7],[71,1,71,7],[63,1,63,7],[65,1,65,7],[67,1,69,6],[52,1,52,7]]}
[null,null,null,null,null,null,"File Number:",{"$f":"'LDC Info'!$E$18","v":"EB-2012-0173"}]
[null,null,null,null,null,null,"Exhibit:",8]
[null,null,null,null,null,null,"Tab:",1]
[null,null,null,null,null,null,"Schedule:",5]
[null,null,null,null,null,null,"Page:","2 of 2"]
[]
[null,null,null,null,null,null,"Date:","Aug 31, 2012"]
[]
["Appendix 2-R"]
["Loss Factors"]
[]
[]
[]
[null,null,"Historical Years",null,null,null,null,"5-Year Average"]
[null,null,{"$f":"IF(ISBLANK('LDC Info'!E26-5), \"Year 5\", 'LDC Info'!E26-5)","v":2007},{"$f":"IF(ISBLANK('LDC Info'!E26-4), \"Year 5\", 'LDC Info'!E26-4)","v":2008},{"$f":"IF(ISBLANK('LDC Info'!E26-3), \"Year 5\", 'LDC Info'!E26-3)","v":2009},{"$f":"IF(ISBLANK('LDC Info'!E26-2), \"Year 5\", 'LDC Info'!E26-2)","v":2010},{"$f":"IF(ISBLANK('LDC Info'!E26-1), \"Year 5\", 'LDC Info'!E26-1)","v":2011}]
[null,"Losses Within Distributor's System"]
["A(1)","\"Wholesale\" kWh delivered to distributor (higher value)",493927030,487062910,419617213,443594623,452100623,{"$f":"IF(SUM(C17:G17)=0,0,AVERAGE(C17:G17))","v":459260479.80000001}]
["A(2)","\"Wholesale\" kWh delivered to distributor (lower value)",{"$f":"C17/1.0045","v":491714315.57989049},{"$f":"D17/1.0045","v":484880945.74415135},417737394.7237432,441607389.74614239,450075284.2210055,{"$f":"IF(SUM(C18:G18)=0,0,AVERAGE(C18:G18))","v":457203066.00298661}]
["B","Portion of \"Wholesale\" kWh delivered to distributor for its Large Use Customer(s)",{"$f":"C22*1.01","v":84878748.650000006},{"$f":"D22*1.01","v":103613833.54000001},52428320.280000001,59291406.630000003,60593426.920000002,{"$f":"IF(SUM(C19:G19)=0,0,AVERAGE(C19:G19))","v":72161147.204000011}]
["C","Net \"Wholesale\" kWh delivered to distributor  = A(2) - B",{"$f":"C18-C19","v":406835566.92989051},381267112.20415133,365309074.44374323,382315983.11614239,389481857.30100548,385041918.79898661]
["D","\"Retail\" kWh delivered by distributor",470352000,467550816,401259942,424292841,429952199,{"$f":"IF(SUM(C21:G21)=0,0,AVERAGE(C21:G21))","v":438681559.60000002}]
["E","Portion of \"Retail\" kWh delivered by distributor to its Large Use Customer(s)",84038365,102587954,51909228,58704363,59993492,{"$f":"IF(SUM(C22:G22)=0,0,AVERAGE(C22:G22))","v":71446680.400000006}]
["F","Net \"Retail\" kWh delivered by distributor = D - E",{"$f":"C21-C22","v":386313635},364962862,349350714,365588478,369958707,367234879.20000005]
["G","Loss Factor in Distributor's system = C / F",{"$f":"IF(C23=0,\"\",C20/C23)","v":1.0531224633836456},1.0446737241011426,1.0456800567573572,1.0457550117762255,1.0527711604879337,1.0484895106853089]
[null,"Losses Upstream of Distributor's System"]
["H","Supply Facilities Loss Factor",1.0044999999999999,1.0044999999999999,1.0044999999999999,1.0044999999999999,1.0044999999999999,{"$f":"IF(SUM(C26:G26)=0,0,AVERAGE(C26:G26))","v":1.0044999999999999}]
[null,"Total Losses"]
["I","Total Loss Factor = G x H",{"$f":"IF(C24=\"\",\"\",C24*C26)","v":1.0578615144688719},1.0493747558595976,1.0503856170127652,1.0504609093292185,1.0575086307101293,1.0532077134833928]
[]
["Notes"]
[]
[]
["A(1)","If directly connected to the IESO-controlled grid, kWh pertains to the virtual meter on the primary or high voltage side of the transformer at the interface with the transmission grid.  This corresponds to the \"With Losses\" kWh value provided by the IESO's MV-WEB.  It is the higher of the two values provided by MV-WEB."]
[]
[]
[]
[null,"If fully embedded within a host distributor, kWh pertains to the virtual meter on the primary or high voltage side of the transformer, at the interface between the host distributor and the transmission grid.  For example, if the host distributor is Hydro One Networks Inc., kWh from the Hydro One Networks' invoice corresponding to \"Total kWh w Losses\" should be reported.  This corresponds to the higher of the two kWh values provided in Hydro One Networks' invoice."]
[]
[]
[]
[]
[null,"If partially embedded, kWh pertains to the sum of the above."]
[]
["A(2)","If directly connected to the IESO-controlled grid, kWh pertains to a metering installation on the secondary or low voltage side of the transformer at the interface with the transmission grid.  This corresponds to the \"Without Losses\" kWh value provided by the IESO's MV-WEB.  It is the lower of the two kWh values provided by MV-WEB."]
[]
[]
[]
[null,"If fully embedded with the host distributor, kWh pertains to an actual or virtual meter at the interface between the embedded distributor and the host distributor.  For example, if the host distributor is Hydro One Networks Inc., kWh from the Hydro One Networks' invoice corresponding to \"Total kWh\" should be reported.  This corresponds to the lower of the two kWh values provided in Hydro One Networks' invoice."]
[]
[]
[]
[]
[null,"If partially embedded, kWh pertains to the sum of the above."]
[]
[null,"Additionally, kWh pertaining to distributed generation directly connected to the distributor's own distribution network should be included in A(2)."]
[]
[]
["B","If a Large Use Customer is metered on the secondary or low voltage side of the transformer, the default loss is 1%                         (i.e., B = 1.01 X E)."]
[]
[]
["D","kWh corresponding to D should equal metered or estimated kWh at the customer’s delivery point."]
[]
[]
["G and I","These loss factors pertain to secondary-metered customers with demand less than 5,000 kW."]
[]
["H","If directly connected to the IESO-controlled grid, SFLF = 1.0045."]
[]
[null,"If fully embedded within a host distributor, SFLF = loss factor re losses in transformer at grid interface X loss factor re losses in host distributor's system.  If the host distributor is Hydro One Networks Inc., SFLF = 1.0060 X 1.0278 = 1.0340. If partially embedded, SFLF should be calculated as the weighted average of above."]
[]
[]
[]
[null,"Distributors that wish to propose a different SFLF should provide appropriate justification for any such proposal including supporting"]
[null,"calculations and any other relevant material."]

{"sheet":"App.2-S_Stranded Meters","index":40,"n_rows":99,"n_cols":8,"rows_kept":99,"cut":false,"hidden":false,"merged":[[98,0,101,7],[91,1,93,7],[95,1,96,7],[76,1,77,7],[83,1,85,7],[87,1,89,7],[79,1,81,7],[69,2,71,7],[73,0,74,7],[44,1,45,7],[47,1,49,7],[51,1,54,7],[56,1,59,7],[64,2,67,7],[8,0,8,7],[9,0,9,7],[36,0,39,7],[41,0,42,7],[61,2,62,7]]}
[null,null,null,null,null,null,"File Number:",{"$f":"'LDC Info'!$E$18","v":"EB-2012-0173"}]
[null,null,null,null,null,null,"Exhibit:",2]
[null,null,null,null,null,null,"Tab:",3]
[null,null,null,null,null,null,"Schedule:",6]
[null,null,null,null,null,null,"Page:","2 of 2"]
[]
[null,null,null,null,null,null,"Date:","Aug 31, 2012"]
[]
["Appendix 2-S"]
["Stranded Meter Treatment"]
[]
["Year","Notes","Gross Asset Value","Accumulated Amortization","Contributed Capital (Net of Amortization)","Net Asset","Proceeds on Disposition","Residual Net Book Value"]
[null,null,"(A)","(B)","(C)","(D ) = (A) - (B) - (C)","(E)","(F) = (D) - (E)"]
[2006,null,null,null,null,{"$f":"C14-D14-E14","v":0},null,{"$f":"F14-G14","v":0}]
[2007,null,null,null,null,0,null,0]
[2008,null,null,null,null,0,null,0]
[2009,null,null,null,null,0,null,0]
[2010,"Actual",2194968,{"$f":"D19-80453","v":1555042},null,639926,2128,637798]
[2011,"Actual",2194968,1635495,null,559473,3564,555909]
[2012,"Actual",2194968,{"$f":"D19+75669","v":1711164},null,483804,3564,480240]
[]
["Note:","For 2010 and 2011 Stranded Meters were recorded in 1860 and transferred to 1555 Effective January 1, 2012"]
[null,"Depreciation Expense will continue in Account 1555 in 2012 and totals $75,669"]
[null,"No Carrying Charges have been included in Account 1555 for Stranded Meters in 2012"]
[null,"Welland is requesting disposition of the $480,240 Related to 1555 Smart Meters in this Rate Application"]
[null,"As per response to Board Staff Interogatory 2b in EB-2011-0415 these charges will be split by class as follows:"]
[]
[null,null,null,null,"# Customers","# Months","Rate Rider/Mth"]
[null,null,"Residential",441084,20432,48,{"$f":"D29/E29/F29","v":0.44974794440093974}]
[null,null,"GS<50",39156,1696,48,{"$f":"D30/E30/F30","v":0.48098466981132076}]
[null,null,"Total",480240,{"$f":"E29+E30","v":22128}]
[]
["Notes:"]
[]
["(1)","For 2012, please indicate whether the amounts provided are on a forecast or actual basis."]
[]
["Some distributors have transferred the cost of stranded meters from Account 1860 - Meters to \"Sub-account Stranded Meter Costs of Account 1555\", while in some cases distributors have left these costs in Account 1860.  Depending on which treatment the applicant has chosen. please provide the information under either of the two scenarios (A and B below), as applicable."]
[]
[]
[]
[]
["Scenario A:  If the stranded meter costs were transferred to \"Sub-account Stranded Meter Costs\" of Account 1555, the above table should be completed and the following information should be provided."]
[]
[]
[1,"A description of the accounting treatment followed by the applicant on stranded meter costs for financial accounting and reporting purposes."]
[]
[]
[2,"The amount of the pooled residual net book value of the removed from service stranded meters, less any contributed capital (net of accumulated amortization), and less any net proceeds from sales, which were transferred to this sub-account as of December 31, 2010."]
[]
[]
[]
[3,"A statement as to whether or not, since transferring the removed stranded meter costs to the sub-account, the recording of depreciation expenses was continued in order to reduce the net book value through accumulated depreciation.  If so, the total depreciation expense amount for the period from the time the costs for the stranded meters were transferred to the sub-account to December 31, 2010 should be provided."]
[]
[]
[]
[]
[null,"If no depreciation expenses were recorded to reduce the net book value of stranded meter costs through accumulated depreciation, the total depreciation expense amount that would have been applicable from the time that the stranded meter costs were transferred to the sub-account of Account 1555 to December 31, 2010 should be provided.  In addition, the following information should be provided:"]
[]
[]
[]
[]
[null,"a)","Whether or not carrying charges were recorded for the stranded meter cost balances in the sub-account, and if so, the total carrying charges recorded to December 31, 2010."]
[]
[]
[null,"b)","The estimated amount of the pooled residual net book value of the removed from service meters, less any net proceeds from sales and contributed capital, at the time when the smart meters will have been fully deployed (e.g., as of December 31, 2010).  If the smart meters have been fully deployed, the actual amount should be provided."]
[]
[]
[]
[]
[null,"c)","A description as to how the applicant intends to recover in rates the remaining costs for stranded meters, including the proposed accounting treatment, the proposed disposition period, and the associated bill impacts."]
[]
[]
[]
["Scenario B:  If the stranded meter costs remained recorded in Account 1860, the above table should be completed and the following information should be provided:"]
[]
[]
[1,"A description of the accounting treatment followed by the applicant on stranded meter costs for financial accounting and reporting purposes."]
[]
[]
[2,"The amount of the pooled residual net book value of the removed from service stranded meters, less any contributed capital (net of accumulated amortization), and less any net proceeds from sales, as of December 31, 2010."]
[]
[]
[]
[3,"A statement as to whether or not the recording of depreciation expenses continued in order to reduce the net book value through accumulated depreciation.  If so, provision of the total (cumulative) depreciation expense for the period from the time that the meters became stranded to December 31, 2010."]
[]
[]
[]
[4,"If no depreciation expenses were recorded to reduce the net book value of stranded meters through accumulated depreciation, the total (cumulative) depreciation expense amount that would have been applicable for the period from the time that the meters became stranded to December 31, 2010."]
[]
[]
[]
[5,"The estimated amount of the pooled residual net book value of the removed from service meters, less any net proceeds from sales and contributed capital, at the time when smart meters will have been fully deployed.  If the smart meters have been fully deployed, please provide the actual amount."]
[]
[]
[]
[6,"A description as to how the applicant intends to recover in rates the costs for stranded meters, including the proposed accounting treatment, the proposed disposition period and the associated bill impacts."]
[]
[]
["Distributors should also provide the Net Book Value per class of meter as of December 31, 2010 as well as the number of meters that were removed / stranded.  In preparing this information, distributors should review the Board's letter of January 16, 2007 Stranded Meter Costs Related to the Installation of Smart Meters   which stated that records were to be kept of the type and number of each meter to support the stranded meter costs."]

{"sheet":"App.2-T_1592_Tax_Variance","index":41,"n_rows":54,"n_cols":5,"rows_kept":54,"cut":false,"hidden":false,"merged":[[8,0,8,4],[28,0,28,2],[53,1,54,4],[37,0,38,0],[42,0,43,0],[45,0,46,0],[48,0,51,0],[53,0,54,0],[37,1,38,4],[40,1,40,4],[48,1,51,4],[9,0,9,4],[10,0,10,4],[12,0,12,4],[14,0,16,2],[17,0,17,2],[18,0,18,2],[19,0,19,2],[20,0,20,2],[25,0,25,2],[45,1,46,4],[33,0,33,2],[42,1,43,4],[26,0,26,2],[27,0,27,2],[29,0,29,2],[32,0,32,2],[40,0,41,0],[21,0,21,2],[22,0,22,2],[23,0,23,2],[24,0,24,2]]}
[null,null,"File Number:",null,{"$f":"'LDC Info'!$E$18","v":"EB-2012-0173"}]
[null,null,"Exhibit:",null,2]
[null,null,"Tab:",null,3]
[null,null,"Schedule:",null,7]
[null,null,"Page:",null,"2 of 7"]
[]
[null,null,"Date:",null,"Aug 31, 2012"]
[]
["Table 2.4"]
["Appendix 2-T"]
["Deferred PILs Account 1592 Balances"]
[]
["The following table should be completed based on the information requested below, in accordance with the notes following the table. An explanation should be provided for any blank entries."]
[]
["Tax Item",null,null,null,"Principal as of"]
[null,null,null,null,"December 31,"]
[null,null,null,null,2011]
["Large Corporation Tax grossed-up proxy from 2006 EDR application PILs model for the period from May 1, 2006 to April 30, 2007"]
["Large Corporation Tax grossed-up proxy from 2006 EDR application PILs model for the period from January 1, 2006 to April 30, 2006 (4/12ths of the approved grossed-up proxy), if not recorded in PILs account 1562"]
["Ontario Capital Tax rate decrease and increase in capital deduction for 2007"]
["Ontario Capital Tax rate decrease and increase in capital deduction for 2008"]
["Ontario Capital Tax rate decrease and increase in capital deduction for 2009"]
["Ontario Capital Tax rate decrease and increase in capital deduction for 2010"]
["Capital Cost Allowance class changes from 2006 EDR application for 2006"]
["Capital Cost Allowance class changes from 2006 EDR application for 2007"]
["Capital Cost Allowance class changes from 2006 EDR application for 2008"]
["Capital Cost Allowance class changes from 2006 EDR application for 2009"]
["Capital Cost Allowance class changes from 2006 EDR application for 2010"]
["Capital Cost Allowance class changes from 2006 EDR application for 2011"]
["Capital Cost Allowance class changes from any prior application not recorded above.  Please provide details and explanation separately."]
["PST Capital and OM&A Expense Savings",null,null,null,-157307]
["PST Capital and OM&A Expense Savings - Contra",null,null,null,157307]
["Insert description of additional item(s) and new rows if needed."]
["Total",null,null,null,{"$f":"SUM(E18:E33)","v":0}]
[]
["Notes:"]
[]
[1,"Revise the deferral and variance account continuity schedule to include account 1592 as a group 2 account and enter all relevant information for transactions, adjustments, etc., for all relevant years."]
[]
[]
[2,"Describe each type of tax item that has been recorded in account 1592."]
[]
[3,"Provide the calculations that show how each item was determined and provide any pertinent supporting evidence and documentation."]
[]
[]
[4,"Please state whether or not the applicant followed the guidance provided in the FAQ of July 2007.  If not, please provide an explanation."]
[]
[]
[5,"Identify the account balance as of December 31, 2011 as per the 2011 Audited Financial Statements.  Identify the account balance as of December 31, 2011 as per the April 2012 2.1.7 RRR filing to the Board.  Provide a reconciliation if the balances provided are not identical to each other and to the total shown on the continuity schedule."]
[]
[]
[]
[]
[6,"Complete the above table based on the answers to the previous.  Add rows as required to complete the analysis in an informative manner.  Please provide the completed table as a working Excel spreadsheet."]

{"sheet":"App.2-U_IFRS Transition Costs","index":42,"n_rows":36,"n_cols":12,"rows_kept":36,"cut":false,"hidden":false,"merged":[[22,0,22,2],[8,0,8,11],[9,0,9,11],[11,0,11,11],[13,0,15,2],[13,11,15,11],[16,0,16,2],[17,0,17,2],[18,0,18,2],[19,0,19,2],[20,0,20,2],[21,0,21,2],[38,0,39,0],[38,1,39,4],[23,0,23,2],[24,0,24,2],[25,0,25,2],[26,0,26,2],[27,0,27,2],[28,0,28,2],[29,0,29,2],[33,0,34,0],[33,1,34,11],[36,0,37,0],[36,1,36,4],[41,0,42,0],[41,1,42,4],[44,0,47,0],[44,1,47,4],[49,0,50,0],[49,1,50,4]]}
[null,null,null,null,null,null,null,null,null,"File Number:",{"$f":"'LDC Info'!$E$18","v":"EB-2012-0173"}]
[null,null,null,null,null,null,null,null,null,"Exhibit:",9]
[null,null,null,null,null,null,null,null,null,"Tab:",1]
[null,null,null,null,null,null,null,null,null,"Schedule:",2]
[null,null,null,null,null,null,null,null,null,"Page:","4 of 7"]
[]
[null,null,null,null,null,null,null,null,null,"Date:","Aug 31, 2012"]
[]
["Appendix 2-U"]
["One-Time Incremental IFRS Transition Costs"]
[]
["The following table should be completed based on the information requested below. An explanation should be provided for any blank entries.  The entries should include one-time incremental IFRS transition costs that are currently included in Account 1508, Other Regulatory Assets, sub-account Deferred IFRS Transition Costs Account, or Account 1508, Other Regulatory Assets, sub-account IFRS Transition Costs Variance Account."]
[]
["Nature of One-Time Incremental IFRS Transition Costs 1",null,null,null,"Audited Actual","Audited Actual","Audited Actual","Audited Carrying","Total Audited","RRR 2.1.7","Variance 2","Reasons why the costs recorded meet the criteria of one-time IFRS administrative incremental costs"]
[null,null,null,null,"Costs Incurred","Costs Incurred","Costs Incurred","Charges","Actual Costs","Balance"]
[null,null,null,null,2009,2010,2011,"to Dec 31, 2011","to Dec 31, 2011","2011-12-31"]
["professional accounting fees",null,null,null,19000,5075,20000,605,{"$f":"SUM(E17:H17)","v":44680},null,null,"2009 to 2010 Deloitte IFRS Review"]
["professional legal fees",null,null,null,0,0,0,0,{"$f":"SUM(E18:H18)","v":0},null,null,"2011 KPMG Fixed Assets Useful Lives"]
["salaries, wages and benefits of staff added to support the transition to IFRS",null,null,null,0,0,0,0,0,null,null,"2011 KPMG Overhead Analysis"]
["associated staff training and development costs",null,null,null,598,null,null,8,606,null,null,"EDA Conference"]
["costs related to system upgrades, or replacements or changes where IFRS was the major reason for conversion",null,null,null,0,0,0,0,0]
[null,null,null,null,null,null,null,null,0]
[null,null,null,null,null,null,null,null,0,null,null,"This account includes only outside consulting"]
[null,null,null,null,null,null,null,null,0,null,null,"expenses and does not include any costs"]
[null,null,null,null,null,null,null,null,0,null,null,"relating to completing the 2013 COS in both"]
[null,null,null,null,null,null,null,null,0,null,null,"CGAAP and MIFRS which was done by "]
[null,null,null,null,null,null,null,null,0,null,null,"Welland Hydro personnel."]
[null,null,null,null,null,null,null,null,0]
["Insert description of additional item(s) and new rows if needed.",null,null,null,null,null,null,null,0]
["Total",null,null,null,{"$f":"SUM(E17:E29)","v":19598},{"$f":"SUM(F17:F29)","v":5075},{"$f":"SUM(G17:G29)","v":20000},{"$f":"SUM(H17:H29)","v":613},{"$f":"SUM(I17:I29)","v":45286},45286,{"$f":"+I30-J30","v":0}]
[]
[]
["Note:"]
[1,"The Deferred IFRS Transition Costs Account and the IFRS Transition Costs Variance Account are exclusively for necessary, incremental transition costs and shall not include ongoing IFRS compliance costs or impacts arising from adopting accounting policy changes that reflect changes in the timing of the recognition of income. The incremental costs in these accounts shall not include costs related to system upgrades, or replacements or changes where IFRS was not the major reason for conversion. In addition, incremental IFRS costs shall not include capital assets or expenditures."]
[]
[2,"Applicants are to provide an explanation of material variances in evidence"]

{"sheet":"App.2-V_Rev_Reconciliation","index":43,"n_rows":34,"n_cols":16,"rows_kept":34,"cut":false,"hidden":false,"merged":[[33,0,34,13],[8,0,8,15],[11,10,12,10],[9,0,9,15],[11,5,11,6],[11,2,11,4],[11,12,12,12],[11,13,12,13],[11,14,12,14],[11,15,12,15],[11,1,12,1],[12,8,12,9],[11,7,11,9]]}
[null,null,null,null,null,null,null,null,null,null,null,null,null,null,"File Number:",{"$f":"'LDC Info'!$E$18","v":"EB-2012-0173"}]
[null,null,null,null,null,null,null,null,null,null,null,null,null,null,"Exhibit:",8]
[null,null,null,null,null,null,null,null,null,null,null,null,null,null,"Appendix:","A"]
[null,null,null,null,null,null,null,null,null,null,null,null,null,null,"Schedule:"]
[null,null,null,null,null,null,null,null,null,null,null,null,null,null,"Page:",1]
[]
[null,null,null,null,null,null,null,null,null,null,null,null,null,null,"Date:","Aug 31, 2012"]
[]
["Appendix 2-V"]
["Revenue Reconciliation"]
[]
["Rate Class","Customers/ Connections","Number of Customers/Connections",null,null,"Test Year Consumption",null,"Proposed Rates",null,null,"Revenues at Proposed Rates",null,"Class Specific Revenue Requirement","Transformer Allowance Credit","Total","Difference"]
[null,null,"Start of Test Year","End of Test Year","Average","kWh","kW","Monthly Service Charge","Volumetric"]
[null,null,null,null,null,null,null,null,"kWh","kW"]
[]
["Residential","Customers",20245,20619,{"$f":"IF(SUM(C16:D16)=0,0,AVERAGE(C16:D16))","v":20432},162565618,null,15.66,1.3299999999999999E-2,null,{"$f":"H16*E16*12+I16*F16+J16*G16","v":6001704.1593999993},null,6007416,null,{"$f":"SUM(M16:N16)","v":6007416},{"$f":"O16-K16","v":5711.8406000006944}]
["GS < 50 kW","Customers",1695,1697,1696,54784534,null,27.83,8.2000000000000007E-3,null,1015629.3388,null,1005811,11559,1017370,1740.6611999999732]
["GS > 50 to 4,999 kW","Customers",169,169,169,141530394,396002,267.94,null,2.3435000000000001,1471413.0070000002,null,1342766,128634,1471400,-13.007000000216067]
["Large Use","Customers",1,1,1,59538701,168818,7676.01,null,0.79479999999999995,226288.66639999999,null,108118,118173,226291,2.333600000012666]
["Streetlighting","Connections",6750,6750,6750,1273281,3552,1.89,null,7.9541000000000004,181342.9632,null,181212,null,181212,-130.96319999999832]
["Sentinel Lighting","Connections",574,574,574,831977,2297,2.56,null,5.7365000000000004,30810.020499999999,null,30776,null,30776,-34.020499999998719]
["Unmetered Scattered Load","Connections",225,225,225,1111230,null,11.35,7.4999999999999997E-3,null,38979.224999999999,null,38941,null,38941,-38.224999999998545]
["Standby Power",null,null,null,0,null,null,null,null,null,0,null,null,null,0,0]
["Embedded Distributor Class",null,null,null,0,null,null,null,null,null,0,null,null,null,0,0]
["etc.",null,null,null,0,null,null,null,null,null,0,null,null,null,0,0]
[null,null,null,null,0,null,null,null,null,null,0,null,null,null,0,0]
[null,null,null,null,0,null,null,null,null,null,0,null,null,null,0,0]
[null,null,null,null,0,null,null,null,null,null,0,null,null,null,0,0]
[]
["Total",null,null,null,null,null,null,null,null,null,{"$f":"SUM(K16:K28)","v":8966167.3802999984},null,{"$f":"SUM(M16:M28)","v":8715040},{"$f":"SUM(N16:N28)","v":258366},{"$f":"M30+N30","v":8973406},{"$f":"O30-K30","v":7238.6197000015527}]
[]
["Note"]
[]
["1       The class specific revenue requirements in column N must be the amounts used in the final rate design process.  The total of column N should equate to the proposed base revenue requirement"]

{"sheet":"App.2-W_Bill Imp Res 500","index":44,"n_rows":85,"n_cols":20,"rows_kept":85,"cut":false,"hidden":false,"merged":[[18,13,19,13],[18,14,19,14],[2,0,2,10],[17,5,17,7],[17,9,17,11],[17,13,17,14],[13,3,13,14],[9,1,9,14],[10,1,10,14],[60,1,60,3],[66,1,66,3],[67,1,67,3],[61,1,61,3],[18,3,19,3]]}
[null,null,null,null,null,null,null,null,null,null,null,null,null,"File Number:",{"$f":"'LDC Info'!$E$18","v":"EB-2012-0173"},null,null,null,null,1]
[null,null,null,null,null,null,null,null,null,null,null,null,null,"Exhibit:",8]
[null,null,null,null,null,null,null,null,null,null,null,null,null,"Tab:",1]
[null,null,null,null,null,null,null,null,null,null,null,null,null,"Schedule:",11]
[null,null,null,null,null,null,null,null,null,null,null,null,null,"Page:","2 of 17"]
[]
[null,null,null,null,null,null,null,null,null,null,null,null,null,"Date:","Aug 31, 2012"]
[]
[]
[null,"Appendix 2-W"]
[null,"Bill Impacts"]
[]
[]
[null,"Customer Class:",null,"Residential"]
[]
[null,null,null,"Consumption",null,500," kWh"]
[]
[null,null,null,null,null,"Current Board-Approved",null,null,null,"Proposed",null,null,null,"Impact"]
[null,null,null,"Charge Unit",null,"Rate","Volume","Charge",null,"Rate","Volume","Charge",null,"$ Change","% Change"]
[null,null,null,null,null,"($)",null,"($)",null,"($)",null,"($)"]
[null,"Monthly Service Charge",null,"Monthly",null,16.55,1,{"$f":"G21*F21","v":16.55},null,15.66,1,{"$f":"K21*J21","v":15.66},null,{"$f":"L21-H21","v":-0.89000000000000057},{"$f":"IF((H21)=0,\"\",(N21/H21))","v":-5.3776435045317254E-2}]
[null,"Smart Meter Rate Adder",null,null,null,null,1,{"$f":"G22*F22","v":0},null,null,1,{"$f":"K22*J22","v":0},null,{"$f":"L22-H22","v":0},{"$f":"IF((H22)=0,\"\",(N22/H22))","v":""}]
[null,"Smart Meter Residual ",null,"Monthly",null,-0.24,1,-0.24,null,0,1,{"$f":"K23*J23","v":0},null,{"$f":"L23-H23","v":0.24},{"$f":"IF((H23)=0,\"\",(N23/H23))","v":-1}]
[null,"Stranded Meter Rate Rider",null,"Monthly",null,null,1,0,null,0.45,1,0.45,null,0.45,""]
[null,null,null,null,null,null,1,0,null,null,1,0,null,0,""]
[null,null,null,null,null,null,1,0,null,null,1,0,null,0,""]
[null,"Distribution Volumetric Rate",null,"per kWh",null,1.41E-2,{"$f":"$F$16","v":500},7.05,null,1.3299999999999999E-2,{"$f":"$F$16","v":500},6.6499999999999995,null,-0.40000000000000036,-5.6737588652482324E-2]
[null,"Smart Meter Disposition Rider",null,null,null,null,{"$f":"$F$16","v":500},0,null,null,{"$f":"$F$16","v":500},0,null,0,""]
[null,"LRAM & SSM Rate Rider",null,null,null,null,{"$f":"$F$16","v":500},0,null,null,500,0,null,0,""]
[null,"Disposition-Residual Smart",null,null,null,null,{"$f":"$F$16","v":500},{"$f":"G30*F30","v":0},null,null,500,{"$f":"K30*J30","v":0},null,{"$f":"L30-H30","v":0},{"$f":"IF((H30)=0,\"\",(N30/H30))","v":""}]
[null,null,null,null,null,null,500,0,null,null,500,0,null,0,""]
[null,null,null,null,null,null,500,0,null,null,500,0,null,0,""]
[null,null,null,null,null,null,{"$f":"$F$16","v":500},0,null,null,500,0,null,0,""]
[null,null,null,null,null,null,500,0,null,null,500,0,null,0,""]
[null,null,null,null,null,null,500,0,null,null,500,0,null,0,""]
[null,null,null,null,null,null,500,0,null,null,500,0,null,0,""]
[null,"Sub-Total A",null,null,null,null,null,{"$f":"SUM(H21:H36)","v":23.360000000000003},null,null,null,{"$f":"SUM(L21:L36)","v":22.759999999999998},null,-0.60000000000000497,-2.5684931506849525E-2]
[null,"Deferral/Variance Account Disposition Rate Rider 2012",null,"per kWh",null,-1.6000000000000001E-3,{"$f":"$F$16","v":500},{"$f":"G38*F38","v":-0.8},null,-1.6000000000000001E-3,{"$f":"$F$16","v":500},{"$f":"K38*J38","v":-0.8},null,{"$f":"L38-H38","v":0},{"$f":"IF((H38)=0,\"\",(N38/H38))","v":0}]
[null,"Deferral/Variance Account Disposition Rate Rider 2013",null,"per kWh",null,null,{"$f":"$F$16","v":500},{"$f":"G39*F39","v":0},null,2.9999999999999997E-4,{"$f":"$F$16","v":500},{"$f":"K39*J39","v":0.15},null,{"$f":"L39-H39","v":0.15},{"$f":"IF((H39)=0,\"\",(N39/H39))","v":""}]
[null,null,null,null,null,null,500,0,null,null,500,0,null,0,""]
[null,null,null,null,null,null,500,0,null,null,500,0,null,0,""]
[null,"Low Voltage Service Charge",null,null,null,null,500,{"$f":"G42*F42","v":0},null,null,500,{"$f":"K42*J42","v":0},null,{"$f":"L42-H42","v":0},{"$f":"IF((H42)=0,\"\",(N42/H42))","v":""}]
[null,"Smart Meter Entity Charge",null,null,null,null,null,null,null,null,500,{"$f":"K43*J43","v":0},null,{"$f":"L43-H43","v":0}]
[null,"Sub-Total B - Distribution (includes Sub-Total A)",null,null,null,null,null,{"$f":"SUM(H38:H42)+H37","v":22.560000000000002},null,null,null,{"$f":"SUM(L38:L42)+L37","v":22.11},null,{"$f":"L44-H44","v":-0.45000000000000284},{"$f":"IF((H44)=0,\"\",(N44/H44))","v":-1.994680851063842E-2}]
[null,"RTSR - Network",null,"per kWh",null,8.0000000000000002E-3,{"$f":"F16*(1+F71)","v":526.59999999999991},{"$f":"G45*F45","v":4.2127999999999997},null,8.3000000000000001E-3,{"$f":"F16*(1+J71)","v":526.59999999999991},{"$f":"K45*J45","v":4.370779999999999},null,0.15797999999999934,3.7499999999999846E-2]
[null,"RTSR - Line and Transformation Connection",null,"per kWh",null,5.5999999999999999E-3,{"$f":"G45","v":526.59999999999991},{"$f":"G46*F46","v":2.9489599999999996},null,5.4999999999999997E-3,{"$f":"K45","v":526.59999999999991},{"$f":"K46*J46","v":2.8962999999999992},null,-5.2660000000000373E-2,-1.7857142857142985E-2]
[null,"Sub-Total C - Delivery (including Sub-Total B)",null,null,null,null,null,{"$f":"SUM(H44:H46)","v":29.721760000000003},null,null,null,{"$f":"SUM(L44:L46)","v":29.377079999999999},null,-0.34468000000000387,-1.1596890628280555E-2]
[null,"Wholesale Market Service Charge (WMSC)",null,"per kWh",null,5.1999999999999998E-3,{"$f":"G46","v":526.59999999999991},{"$f":"G48*F48","v":2.7383199999999994},null,5.1999999999999998E-3,{"$f":"K46","v":526.59999999999991},{"$f":"K48*J48","v":2.7383199999999994},null,0,0]
[null,"Rural and Remote Rate Protection (RRRP)",null,"per kWh",null,1.1000000000000001E-3,{"$f":"G46","v":526.59999999999991},0.57925999999999989,null,{"$f":"F49","v":1.1000000000000001E-3},{"$f":"K46","v":526.59999999999991},0.57925999999999989,null,0,0]
[null,"Standard Supply Service Charge",null,"Monthly",null,0.25,1,0.25,null,0.25,1,0.25,null,0,0]
[null,"Debt Retirement Charge (DRC)",null,"per kWh",null,7.0000000000000001E-3,{"$f":"G49","v":526.59999999999991},3.6861999999999995,null,7.0000000000000001E-3,{"$f":"K49","v":526.59999999999991},3.6861999999999995,null,0,0]
[null,"Energy - RPP - Tier 1",null,null,null,7.3999999999999996E-2,{"$f":"IF($T$1=1,IF($F$16>=600,600,IF($F$16<600,$F$16*(1+$F$71),$F$16-600)),IF($T$1=2,IF($F$16>=1000,1000,IF($F$16<1000,$F$16*(1+$F$71),$F$16-1000))))","v":526.59999999999991},{"$f":"G52*F52","v":38.968399999999988},null,{"$f":"F52","v":7.3999999999999996E-2},{"$f":"IF($T$1=1,IF($F$16>=600,600,IF($F$16<600,$F$16*(1+$J$71),$F$16-600)),IF($T$1=2,IF($F$16>=1000,1000,IF($F$16<1000,$F$16*(1+$J$71),$F$16-1000))))","v":526.59999999999991},{"$f":"K52*J52","v":38.968399999999988},null,0,0]
[null,"Energy - RPP - Tier 2",null,null,null,8.6999999999999994E-2,{"$f":"IF($T$1=1,IF($F$16>=600,$F$16*(1+$F$71)-600,IF($F$16<600,0,)), IF($T$1=2,IF($F$16>=1000,$F$16*(1+$F$71)-1000,IF($F$16<1000,0))))","v":0},{"$f":"G53*F53","v":0},null,{"$f":"F53","v":8.6999999999999994E-2},{"$f":"IF($T$1=1,IF($F$16>=600,$F$16*(1+$J$71)-600,IF($F$16<600,0,)), IF($T$1=2,IF($F$16>=1000,$F$16*(1+$J$71)-1000,IF($F$16<1000,0))))","v":0},{"$f":"K53*J53","v":0},null,0,""]
[null,"TOU - Off Peak",null,null,null,6.3E-2,{"$f":"0.64*$F$16*(1+$F$71)","v":337.024},21.232512,null,{"$f":"F54","v":6.3E-2},{"$f":"0.64*$F$16*(1+$J$71)","v":337.024},21.232512,null,0,0]
[null,"TOU - Mid Peak",null,null,null,9.9000000000000005E-2,{"$f":"0.18*$F$16*(1+$F$71)","v":94.787999999999997},9.3840120000000002,null,{"$f":"F55","v":9.9000000000000005E-2},{"$f":"0.18*$F$16*(1+$J$71)","v":94.787999999999997},9.3840120000000002,null,0,0]
[null,"TOU - On Peak",null,null,null,0.11799999999999999,{"$f":"0.18*$F$16*(1+$F$71)","v":94.787999999999997},11.184983999999998,null,{"$f":"F56","v":0.11799999999999999},{"$f":"0.18*$F$16*(1+$J$71)","v":94.787999999999997},11.184983999999998,null,0,0]
[]
[null,"Total Bill on RPP (before Taxes)",null,null,null,null,null,{"$f":"SUM(H47:H53)","v":75.943939999999998},null,null,null,{"$f":"SUM(L47:L53)","v":75.599259999999987},null,-0.34468000000001098,-4.5386109806787875E-3]
[null,"HST",null,null,null,0.13,null,{"$f":"H58*F59","v":9.8727122000000005},null,0.13,null,{"$f":"L58*J59","v":9.8279037999999979},null,{"$f":"L59-H59","v":-4.4808400000002635E-2},{"$f":"IF((H59)=0,\"\",(N59/H59))","v":-4.538610980678909E-3}]
[null,"Total Bill (including HST)",null,null,null,null,null,{"$f":"H58+H59","v":85.816652199999993},null,null,null,{"$f":"L58+L59","v":85.427163799999988},null,{"$f":"L60-H60","v":-0.38948840000000473},{"$f":"IF((H60)=0,\"\",(N60/H60))","v":-4.5386109806786982E-3}]
[null,"Ontario Clean Energy Benefit 1",null,null,null,null,null,{"$f":"ROUND(-H60*10%,2)","v":-8.58},null,null,null,{"$f":"ROUND(-L60*10%,2)","v":-8.5399999999999991},null,{"$f":"L61-H61","v":4.0000000000000924E-2},{"$f":"IF((H61)=0,\"\",(N61/H61))","v":-4.6620046620047696E-3}]
[null,"Total Bill on RPP (including OCEB)",null,null,null,null,null,{"$f":"SUM(H60:H61)","v":77.236652199999995},null,null,null,{"$f":"SUM(L60:L61)","v":76.887163799999996},null,-0.34948839999999848,-4.5249035276026441E-3]
[]
[null,"Total Bill on TOU (before Taxes)",null,null,null,null,null,{"$f":"SUM(H47:H51,H54:H56)","v":78.777048000000008},null,null,null,{"$f":"SUM(L47:L51,L54:L56)","v":78.432367999999997},null,{"$f":"L64-H64","v":-0.34468000000001098},{"$f":"IF((H64)=0,\"\",(N64/H64))","v":-4.3753860896134488E-3}]
[null,"HST",null,null,null,0.13,null,{"$f":"H64*F65","v":10.241016240000002},null,0.13,null,{"$f":"L64*J65","v":10.19620784},null,-4.4808400000002635E-2,-4.3753860896135659E-3]
[null,"Total Bill (including HST)",null,null,null,null,null,{"$f":"H64+H65","v":89.018064240000015},null,null,null,{"$f":"L64+L65","v":88.628575839999996},null,-0.38948840000001894,-4.3753860896135217E-3]
[null,"Ontario Clean Energy Benefit 1",null,null,null,null,null,{"$f":"ROUND(-H66*10%,2)","v":-8.9},null,null,null,{"$f":"ROUND(-L66*10%,2)","v":-8.86},null,4.0000000000000924E-2,-4.4943820224720137E-3]
[null,"Total Bill on TOU (including OCEB)",null,null,null,null,null,{"$f":"H66+H67","v":80.11806424000001},null,null,null,{"$f":"L66+L67","v":79.768575839999997},null,-0.34948840000001269,-4.3621673004117087E-3]
[]
[]
[null,"Loss Factor (%)",null,null,null,5.3199999999999997E-2,null,null,null,5.3199999999999997E-2]
[]
["1 Applicable to eligible customers only.  Refer to the Ontario Clean Energy Benefit Act, 2010."]
[]
["Note that the \"Charge $\" columns provide breakdowns of the amounts that each bill component contributes to the total monthly bill at the referenced "]
["consumption level at existing and proposed rates."]
[]
["Applicants must provide bill impacts for residential at 800 kWh and GS<50kW at 2000 kWh. In addition, their filing should cover the range that is relevant"]
["to their service territory, class by class. A general guideline of consumption levels follows:"]
[]
["Residential (kWh) - 100, 250, 500, 800, 1000, 1500, 2000"]
["GS<50kW (kWh) - 1000, 2000, 5000, 10000, 15000"]
["GS>50kW (kW) - 60, 100, 500, 1000"]
["Large User - range appropriate for utility"]
["Lighting Classes and USL - 150 kWh and 1 kW, range appropriate for utility."]

{"sheet":"App.2-W_Bill Imp Res 800","index":45,"n_rows":85,"n_cols":20,"rows_kept":85,"cut":false,"hidden":false,"merged":[[67,1,67,3],[18,3,19,3],[18,13,19,13],[18,14,19,14],[60,1,60,3],[61,1,61,3],[66,1,66,3],[2,0,2,10],[9,1,9,14],[10,1,10,14],[13,3,13,14],[17,5,17,7],[17,9,17,11],[17,13,17,14]]}
[null,null,null,null,null,null,null,null,null,null,null,null,null,"File Number:",{"$f":"'LDC Info'!$E$18","v":"EB-2012-0173"},{"$f":"'LDC Info'!$E$18","v":"EB-2012-0173"},null,null,null,1]
[null,null,null,null,null,null,null,null,null,null,null,null,null,"Exhibit:",1,8]
[null,null,null,null,null,null,null,null,null,null,null,null,null,"Tab:",2,1]
[null,null,null,null,null,null,null,null,null,null,null,null,null,"Schedule:",1,11]
[null,null,null,null,null,null,null,null,null,null,null,null,null,"Page:","4 of 7","3 of 17"]
[]
[null,null,null,null,null,null,null,null,null,null,null,null,null,"Date:","Aug 31, 2012","Aug 31, 2012"]
[]
[]
[null,"Appendix 2-W"]
[null,"Bill Impacts"]
[]
[]
[null,"Customer Class:",null,"Residential"]
[]
[null,null,null,"Consumption",null,800," kWh"]
[]
[null,null,null,null,null,"Current Board-Approved",null,null,null,"Proposed",null,null,null,"Impact"]
[null,null,null,"Charge Unit",null,"Rate","Volume","Charge",null,"Rate","Volume","Charge",null,"$ Change","% Change"]
[null,null,null,null,null,"($)",null,"($)",null,"($)",null,"($)"]
[null,"Monthly Service Charge",null,"Monthly",null,16.55,1,{"$f":"G21*F21","v":16.55},null,{"$f":"'App.2-W_Bill Imp Res 500'!J21","v":15.66},1,{"$f":"K21*J21","v":15.66},null,{"$f":"L21-H21","v":-0.89000000000000057},{"$f":"IF((H21)=0,\"\",(N21/H21))","v":-5.3776435045317254E-2}]
[null,"Smart Meter Rate Adder",null,null,null,null,1,{"$f":"G22*F22","v":0},null,null,1,{"$f":"K22*J22","v":0},null,{"$f":"L22-H22","v":0},{"$f":"IF((H22)=0,\"\",(N22/H22))","v":""}]
[null,"Smart Meter Residual ",null,"Monthly",null,-0.24,1,-0.24,null,0,1,{"$f":"K23*J23","v":0},null,{"$f":"L23-H23","v":0.24},{"$f":"IF((H23)=0,\"\",(N23/H23))","v":-1}]
[null,"Stranded Meter Rate Rider",null,"Monthly",null,null,1,0,null,{"$f":"'App.2-W_Bill Imp Res 500'!J24","v":0.45},1,0.45,null,0.45,""]
[null,null,null,null,null,null,1,0,null,null,1,0,null,0,""]
[null,null,null,null,null,null,1,0,null,null,1,0,null,0,""]
[null,"Distribution Volumetric Rate",null,"per kWh",null,1.41E-2,{"$f":"$F$16","v":800},11.28,null,{"$f":"'App.2-W_Bill Imp Res 500'!J27","v":1.3299999999999999E-2},{"$f":"$F$16","v":800},10.639999999999999,null,-0.64000000000000057,-5.6737588652482324E-2]
[null,"Smart Meter Disposition Rider",null,null,null,null,{"$f":"$F$16","v":800},0,null,null,{"$f":"$F$16","v":800},0,null,0,""]
[null,"LRAM & SSM Rate Rider",null,null,null,null,{"$f":"$F$16","v":800},0,null,null,800,0,null,0,""]
[null,"Disposition-Residual Smart",null,null,null,null,{"$f":"$F$16","v":800},0,null,null,800,0,null,0,""]
[null,null,null,null,null,null,800,0,null,null,800,0,null,0,""]
[null,null,null,null,null,null,800,0,null,null,800,0,null,0,""]
[null,null,null,null,null,null,800,0,null,null,800,0,null,0,""]
[null,null,null,null,null,null,800,0,null,null,800,0,null,0,""]
[null,null,null,null,null,null,800,0,null,null,800,0,null,0,""]
[null,null,null,null,null,null,800,0,null,null,800,0,null,0,""]
[null,"Sub-Total A",null,null,null,null,null,{"$f":"SUM(H21:H36)","v":27.590000000000003},null,null,null,{"$f":"SUM(L21:L36)","v":26.75},null,-0.84000000000000341,-3.0445813700616286E-2]
[null,"Deferral/Variance Account Disposition Rate Rider 2012",null,"per kWh",null,-1.6000000000000001E-3,{"$f":"$F$16","v":800},{"$f":"G38*F38","v":-1.28},null,{"$f":"'App.2-W_Bill Imp Res 500'!J38","v":-1.6000000000000001E-3},{"$f":"$F$16","v":800},{"$f":"K38*J38","v":-1.28},null,{"$f":"L38-H38","v":0},{"$f":"IF((H38)=0,\"\",(N38/H38))","v":0}]
[null,"Deferral/Variance Account Disposition Rate Rider 2013",null,"per kWh",null,null,{"$f":"$F$16","v":800},{"$f":"G39*F39","v":0},null,{"$f":"'App.2-W_Bill Imp Res 500'!J39","v":2.9999999999999997E-4},{"$f":"$F$16","v":800},{"$f":"K39*J39","v":0.24},null,{"$f":"L39-H39","v":0.24},{"$f":"IF((H39)=0,\"\",(N39/H39))","v":""}]
[null,null,null,null,null,null,800,0,null,null,800,0,null,0,""]
[null,null,null,null,null,null,800,0,null,null,800,0,null,0,""]
[null,"Low Voltage Service Charge",null,null,null,null,800,{"$f":"G42*F42","v":0},null,null,800,{"$f":"K42*J42","v":0},null,{"$f":"L42-H42","v":0},{"$f":"IF((H42)=0,\"\",(N42/H42))","v":""}]
[null,"Smart Meter Entity Charge",null,null,null,null,null,null,null,null,800,{"$f":"K43*J43","v":0},null,{"$f":"L43-H43","v":0}]
[null,"Sub-Total B - Distribution (includes Sub-Total A)",null,null,null,null,null,{"$f":"SUM(H38:H42)+H37","v":26.310000000000002},null,null,null,{"$f":"SUM(L38:L42)+L37","v":25.71},null,{"$f":"L44-H44","v":-0.60000000000000142},{"$f":"IF((H44)=0,\"\",(N44/H44))","v":-2.2805017103762881E-2}]
[null,"RTSR - Network",null,"per kWh",null,8.0000000000000002E-3,{"$f":"F16*(1+F71)","v":842.56},{"$f":"G45*F45","v":6.7404799999999998},null,{"$f":"'App.2-W_Bill Imp Res 500'!J45","v":8.3000000000000001E-3},{"$f":"F16*(1+J71)","v":842.56},{"$f":"K45*J45","v":6.9932479999999995},null,0.25276799999999966,3.749999999999995E-2]
[null,"RTSR - Line and Transformation Connection",null,"per kWh",null,5.5999999999999999E-3,{"$f":"G45","v":842.56},{"$f":"G46*F46","v":4.7183359999999999},null,{"$f":"'App.2-W_Bill Imp Res 500'!J46","v":5.4999999999999997E-3},{"$f":"K45","v":842.56},{"$f":"K46*J46","v":4.6340799999999991},null,-8.4256000000000775E-2,-1.7857142857143023E-2]
[null,"Sub-Total C - Delivery (including Sub-Total B)",null,null,null,null,null,{"$f":"SUM(H44:H46)","v":37.768816000000001},null,null,null,{"$f":"SUM(L44:L46)","v":37.337327999999999},null,-0.43148800000000165,-1.1424451325135573E-2]
[null,"Wholesale Market Service Charge (WMSC)",null,"per kWh",null,5.1999999999999998E-3,{"$f":"G46","v":842.56},{"$f":"G48*F48","v":4.3813119999999994},null,{"$f":"'App.2-W_Bill Imp Res 500'!J48","v":5.1999999999999998E-3},{"$f":"K46","v":842.56},{"$f":"K48*J48","v":4.3813119999999994},null,0,0]
[null,"Rural and Remote Rate Protection (RRRP)",null,"per kWh",null,1.1000000000000001E-3,{"$f":"G46","v":842.56},0.92681599999999997,null,{"$f":"'App.2-W_Bill Imp Res 500'!J49","v":1.1000000000000001E-3},{"$f":"K46","v":842.56},0.92681599999999997,null,0,0]
[null,"Standard Supply Service Charge",null,"Monthly",null,0.25,1,0.25,null,0.25,1,0.25,null,0,0]
[null,"Debt Retirement Charge (DRC)",null,"per kWh",null,7.0000000000000001E-3,{"$f":"G49","v":842.56},5.8979200000000001,null,7.0000000000000001E-3,{"$f":"K49","v":842.56},5.8979200000000001,null,0,0]
[null,"Energy - RPP - Tier 1",null,null,null,{"$f":"J52","v":7.3999999999999996E-2},{"$f":"IF($T$1=1,IF($F$16>=600,600,IF($F$16<600,$F$16*(1+$F$71),$F$16-600)),IF($T$1=2,IF($F$16>=1000,1000,IF($F$16<1000,$F$16*(1+$F$71),$F$16-1000))))","v":600},{"$f":"G52*F52","v":44.4},null,{"$f":"'App.2-W_Bill Imp Res 500'!J52","v":7.3999999999999996E-2},{"$f":"IF($T$1=1,IF($F$16>=600,600,IF($F$16<600,$F$16*(1+$J$71),$F$16-600)),IF($T$1=2,IF($F$16>=1000,1000,IF($F$16<1000,$F$16*(1+$J$71),$F$16-1000))))","v":600},{"$f":"K52*J52","v":44.4},null,0,0]
[null,"Energy - RPP - Tier 2",null,null,null,{"$f":"J53","v":8.6999999999999994E-2},{"$f":"IF($T$1=1,IF($F$16>=600,$F$16*(1+$F$71)-600,IF($F$16<600,0,)), IF($T$1=2,IF($F$16>=1000,$F$16*(1+$F$71)-1000,IF($F$16<1000,0))))","v":242.55999999999995},{"$f":"G53*F53","v":21.102719999999994},null,{"$f":"'App.2-W_Bill Imp Res 500'!J53","v":8.6999999999999994E-2},{"$f":"IF($T$1=1,IF($F$16>=600,$F$16*(1+$J$71)-600,IF($F$16<600,0,)), IF($T$1=2,IF($F$16>=1000,$F$16*(1+$J$71)-1000,IF($F$16<1000,0))))","v":242.55999999999995},{"$f":"K53*J53","v":21.102719999999994},null,0,0]
[null,"TOU - Off Peak",null,null,null,{"$f":"J54","v":6.3E-2},{"$f":"0.64*$F$16*(1+$F$71)","v":539.23839999999996},33.972019199999998,null,{"$f":"'App.2-W_Bill Imp Res 500'!J54","v":6.3E-2},{"$f":"0.64*$F$16*(1+$J$71)","v":539.23839999999996},33.972019199999998,null,0,0]
[null,"TOU - Mid Peak",null,null,null,{"$f":"J55","v":9.9000000000000005E-2},{"$f":"0.18*$F$16*(1+$F$71)","v":151.66079999999999},15.014419200000001,null,{"$f":"'App.2-W_Bill Imp Res 500'!J55","v":9.9000000000000005E-2},{"$f":"0.18*$F$16*(1+$J$71)","v":151.66079999999999},15.014419200000001,null,0,0]
[null,"TOU - On Peak",null,null,null,{"$f":"J56","v":0.11799999999999999},{"$f":"0.18*$F$16*(1+$F$71)","v":151.66079999999999},17.8959744,null,{"$f":"'App.2-W_Bill Imp Res 500'!J56","v":0.11799999999999999},{"$f":"0.18*$F$16*(1+$J$71)","v":151.66079999999999},17.8959744,null,0,0]
[]
[null,"Total Bill on RPP (before Taxes)",null,null,null,null,null,{"$f":"SUM(H47:H53)","v":114.72758399999999},null,null,null,{"$f":"SUM(L47:L53)","v":114.29609599999999},null,-0.43148800000000165,-3.7609787023842644E-3]
[null,"HST",null,null,null,0.13,null,{"$f":"H58*F59","v":14.91458592},null,0.13,null,{"$f":"L58*J59","v":14.858492479999999},null,-5.6093440000001493E-2,-3.7609787023843498E-3]
[null,"Total Bill (including HST)",null,null,null,null,null,{"$f":"H58+H59","v":129.64216991999999},null,null,null,{"$f":"L58+L59","v":129.15458848},null,-0.48758143999998538,-3.7609787023841373E-3]
[null,"Ontario Clean Energy Benefit 1",null,null,null,null,null,{"$f":"ROUND(-H60*10%,2)","v":-12.96},null,null,null,{"$f":"ROUND(-L60*10%,2)","v":-12.92},null,4.0000000000000924E-2,-3.0864197530864907E-3]
[null,"Total Bill on RPP (including OCEB)",null,null,null,null,null,{"$f":"SUM(H60:H61)","v":116.68216991999998},null,null,null,{"$f":"SUM(L60:L61)","v":116.23458848},null,-0.44758143999997912,-3.8359026088291932E-3]
[]
[null,"Total Bill on TOU (before Taxes)",null,null,null,null,null,{"$f":"SUM(H47:H51,H54:H56)","v":116.10727680000001},null,null,null,{"$f":"SUM(L47:L51,L54:L56)","v":115.67578880000001},null,{"$f":"L64-H64","v":-0.43148800000000165},{"$f":"IF((H64)=0,\"\",(N64/H64))","v":-3.7162873154217464E-3}]
[null,"HST",null,null,null,0.13,null,{"$f":"H64*F65","v":15.093945984000001},null,0.13,null,{"$f":"L64*J65","v":15.037852544000001},null,-5.6093439999999717E-2,-3.7162873154217135E-3]
[null,"Total Bill (including HST)",null,null,null,null,null,{"$f":"H64+H65","v":131.20122278400001},null,null,null,{"$f":"L64+L65","v":130.713641344},null,-0.4875814400000138,-3.7162873154218375E-3]
[null,"Ontario Clean Energy Benefit 1",null,null,null,null,null,{"$f":"ROUND(-H66*10%,2)","v":-13.12},null,null,null,{"$f":"ROUND(-L66*10%,2)","v":-13.07},null,4.9999999999998934E-2,-3.8109756097560164E-3]
[null,"Total Bill on TOU (including OCEB)",null,null,null,null,null,{"$f":"H66+H67","v":118.081222784},null,null,null,{"$f":"L66+L67","v":117.643641344},null,-0.43758144000000243,-3.7057665027779053E-3]
[]
[]
[null,"Loss Factor (%)",null,null,null,5.3199999999999997E-2,null,null,null,5.3199999999999997E-2]
[]
["1 Applicable to eligible customers only.  Refer to the Ontario Clean Energy Benefit Act, 2010."]
[]
["Note that the \"Charge $\" columns provide breakdowns of the amounts that each bill component contributes to the total monthly bill at the referenced "]
["consumption level at existing and proposed rates."]
[]
["Applicants must provide bill impacts for residential at 800 kWh and GS<50kW at 2000 kWh. In addition, their filing should cover the range that is relevant"]
["to their service territory, class by class. A general guideline of consumption levels follows:"]
[]
["Residential (kWh) - 100, 250, 500, 800, 1000, 1500, 2000"]
["GS<50kW (kWh) - 1000, 2000, 5000, 10000, 15000"]
["GS>50kW (kW) - 60, 100, 500, 1000"]
["Large User - range appropriate for utility"]
["Lighting Classes and USL - 150 kWh and 1 kW, range appropriate for utility."]

{"sheet":"App.2-W_Bill Imp Res 1100","index":46,"n_rows":85,"n_cols":20,"rows_kept":85,"cut":false,"hidden":false,"merged":[[67,1,67,3],[18,3,19,3],[18,13,19,13],[18,14,19,14],[60,1,60,3],[61,1,61,3],[66,1,66,3],[2,0,2,10],[9,1,9,14],[10,1,10,14],[13,3,13,14],[17,5,17,7],[17,9,17,11],[17,13,17,14]]}
[null,null,null,null,null,null,null,null,null,null,null,null,null,"File Number:",{"$f":"'LDC Info'!$E$18","v":"EB-2012-0173"},null,null,null,null,1]
[null,null,null,null,null,null,null,null,null,null,null,null,null,"Exhibit:",8]
[null,null,null,null,null,null,null,null,null,null,null,null,null,"Tab:",1]
[null,null,null,null,null,null,null,null,null,null,null,null,null,"Schedule:",11]
[null,null,null,null,null,null,null,null,null,null,null,null,null,"Page:","4 of 17"]
[]
[null,null,null,null,null,null,null,null,null,null,null,null,null,"Date:","Aug 31, 2012"]
[]
[]
[null,"Appendix 2-W"]
[null,"Bill Impacts"]
[]
[]
[null,"Customer Class:",null,"Residential"]
[]
[null,null,null,"Consumption",null,1100," kWh"]
[]
[null,null,null,null,null,"Current Board-Approved",null,null,null,"Proposed",null,null,null,"Impact"]
[null,null,null,"Charge Unit",null,"Rate","Volume","Charge",null,"Rate","Volume","Charge",null,"$ Change","% Change"]
[null,null,null,null,null,"($)",null,"($)",null,"($)",null,"($)"]
[null,"Monthly Service Charge",null,"Monthly",null,16.55,1,{"$f":"G21*F21","v":16.55},null,{"$f":"'App.2-W_Bill Imp Res 800'!J21","v":15.66},1,{"$f":"K21*J21","v":15.66},null,{"$f":"L21-H21","v":-0.89000000000000057},{"$f":"IF((H21)=0,\"\",(N21/H21))","v":-5.3776435045317254E-2}]
[null,"Smart Meter Rate Adder",null,null,null,null,1,{"$f":"G22*F22","v":0},null,null,1,{"$f":"K22*J22","v":0},null,{"$f":"L22-H22","v":0},{"$f":"IF((H22)=0,\"\",(N22/H22))","v":""}]
[null,"Smart Meter Residual ",null,"Monthly",null,-0.24,1,-0.24,null,0,1,{"$f":"K23*J23","v":0},null,{"$f":"L23-H23","v":0.24},{"$f":"IF((H23)=0,\"\",(N23/H23))","v":-1}]
[null,"Stranded Meter Rate Rider",null,"Monthly",null,null,1,0,null,{"$f":"'App.2-W_Bill Imp Res 800'!J24","v":0.45},1,0.45,null,0.45,""]
[null,null,null,null,null,null,1,0,null,null,1,0,null,0,""]
[null,null,null,null,null,null,1,0,null,null,1,0,null,0,""]
[null,"Distribution Volumetric Rate",null,"per kWh",null,1.41E-2,{"$f":"$F$16","v":1100},15.51,null,{"$f":"'App.2-W_Bill Imp Res 800'!J27","v":1.3299999999999999E-2},{"$f":"$F$16","v":1100},14.629999999999999,null,-0.88000000000000078,-5.6737588652482324E-2]
[null,"Smart Meter Disposition Rider",null,null,null,null,{"$f":"$F$16","v":1100},0,null,null,{"$f":"$F$16","v":1100},0,null,0,""]
[null,"LRAM & SSM Rate Rider",null,null,null,null,{"$f":"$F$16","v":1100},0,null,null,1100,0,null,0,""]
[null,"Disposition-Residual Smart",null,null,null,null,{"$f":"$F$16","v":1100},0,null,null,1100,0,null,0,""]
[null,null,null,null,null,null,1100,0,null,null,1100,0,null,0,""]
[null,null,null,null,null,null,1100,0,null,null,1100,0,null,0,""]
[null,null,null,null,null,null,1100,0,null,null,1100,0,null,0,""]
[null,null,null,null,null,null,1100,0,null,null,1100,0,null,0,""]
[null,null,null,null,null,null,1100,0,null,null,1100,0,null,0,""]
[null,null,null,null,null,null,1100,0,null,null,1100,0,null,0,""]
[null,"Sub-Total A",null,null,null,null,null,{"$f":"SUM(H21:H36)","v":31.82},null,null,null,{"$f":"SUM(L21:L36)","v":30.74},null,-1.0800000000000018,-3.3940917661847952E-2]
[null,"Deferral/Variance Account Disposition Rate Rider 2012",null,"per kWh",null,-1.6000000000000001E-3,{"$f":"$F$16","v":1100},{"$f":"G38*F38","v":-1.76},null,{"$f":"'App.2-W_Bill Imp Res 800'!J38","v":-1.6000000000000001E-3},{"$f":"$F$16","v":1100},{"$f":"K38*J38","v":-1.76},null,{"$f":"L38-H38","v":0},{"$f":"IF((H38)=0,\"\",(N38/H38))","v":0}]
[null,"Deferral/Variance Account Disposition Rate Rider 2013",null,"per kWh",null,null,{"$f":"$F$16","v":1100},{"$f":"G39*F39","v":0},null,{"$f":"'App.2-W_Bill Imp Res 800'!J39","v":2.9999999999999997E-4},{"$f":"$F$16","v":1100},{"$f":"K39*J39","v":0.32999999999999996},null,{"$f":"L39-H39","v":0.32999999999999996},{"$f":"IF((H39)=0,\"\",(N39/H39))","v":""}]
[null,null,null,null,null,null,1100,0,null,null,1100,0,null,0,""]
[null,null,null,null,null,null,1100,0,null,null,1100,0,null,0,""]
[null,"Low Voltage Service Charge",null,null,null,null,1100,{"$f":"G42*F42","v":0},null,null,1100,{"$f":"K42*J42","v":0},null,{"$f":"L42-H42","v":0},{"$f":"IF((H42)=0,\"\",(N42/H42))","v":""}]
[null,"Smart Meter Entity Charge",null,null,null,null,null,null,null,null,1100,{"$f":"K43*J43","v":0},null,{"$f":"L43-H43","v":0}]
[null,"Sub-Total B - Distribution (includes Sub-Total A)",null,null,null,null,null,{"$f":"SUM(H38:H42)+H37","v":30.06},null,null,null,{"$f":"SUM(L38:L42)+L37","v":29.31},null,{"$f":"L44-H44","v":-0.75},{"$f":"IF((H44)=0,\"\",(N44/H44))","v":-2.4950099800399202E-2}]
[null,"RTSR - Network",null,"per kWh",null,8.0000000000000002E-3,{"$f":"F16*(1+F71)","v":1158.52},{"$f":"G45*F45","v":9.26816},null,{"$f":"'App.2-W_Bill Imp Res 800'!J45","v":8.3000000000000001E-3},{"$f":"F16*(1+J71)","v":1158.52},{"$f":"K45*J45","v":9.6157160000000008},null,0.34755600000000086,3.7500000000000096E-2]
[null,"RTSR - Line and Transformation Connection",null,"per kWh",null,5.5999999999999999E-3,{"$f":"G45","v":1158.52},{"$f":"G46*F46","v":6.4877120000000001},null,{"$f":"'App.2-W_Bill Imp Res 800'!J46","v":5.4999999999999997E-3},{"$f":"K45","v":1158.52},{"$f":"K46*J46","v":6.3718599999999999},null,-0.11585200000000029,-1.7857142857142901E-2]
[null,"Sub-Total C - Delivery (including Sub-Total B)",null,null,null,null,null,{"$f":"SUM(H44:H46)","v":45.815871999999999},null,null,null,{"$f":"SUM(L44:L46)","v":45.297575999999999},null,-0.51829599999999942,-1.1312586171010768E-2]
[null,"Wholesale Market Service Charge (WMSC)",null,"per kWh",null,5.1999999999999998E-3,{"$f":"G46","v":1158.52},{"$f":"G48*F48","v":6.0243039999999999},null,{"$f":"'App.2-W_Bill Imp Res 800'!J48","v":5.1999999999999998E-3},{"$f":"K46","v":1158.52},{"$f":"K48*J48","v":6.0243039999999999},null,0,0]
[null,"Rural and Remote Rate Protection (RRRP)",null,"per kWh",null,1.1000000000000001E-3,{"$f":"G46","v":1158.52},1.2743720000000001,null,{"$f":"'App.2-W_Bill Imp Res 800'!J49","v":1.1000000000000001E-3},{"$f":"K46","v":1158.52},1.2743720000000001,null,0,0]
[null,"Standard Supply Service Charge",null,"Monthly",null,0.25,1,0.25,null,{"$f":"'App.2-W_Bill Imp Res 800'!J50","v":0.25},1,0.25,null,0,0]
[null,"Debt Retirement Charge (DRC)",null,"per kWh",null,7.0000000000000001E-3,{"$f":"G49","v":1158.52},8.1096400000000006,null,{"$f":"'App.2-W_Bill Imp Res 800'!J51","v":7.0000000000000001E-3},{"$f":"K49","v":1158.52},8.1096400000000006,null,0,0]
[null,"Energy - RPP - Tier 1",null,null,null,{"$f":"J52","v":7.3999999999999996E-2},{"$f":"IF($T$1=1,IF($F$16>=600,600,IF($F$16<600,$F$16*(1+$F$71),$F$16-600)),IF($T$1=2,IF($F$16>=1000,1000,IF($F$16<1000,$F$16*(1+$F$71),$F$16-1000))))","v":600},{"$f":"G52*F52","v":44.4},null,{"$f":"'App.2-W_Bill Imp Res 800'!J52","v":7.3999999999999996E-2},{"$f":"IF($T$1=1,IF($F$16>=600,600,IF($F$16<600,$F$16*(1+$J$71),$F$16-600)),IF($T$1=2,IF($F$16>=1000,1000,IF($F$16<1000,$F$16*(1+$J$71),$F$16-1000))))","v":600},{"$f":"K52*J52","v":44.4},null,0,0]
[null,"Energy - RPP - Tier 2",null,null,null,{"$f":"J53","v":8.6999999999999994E-2},{"$f":"IF($T$1=1,IF($F$16>=600,$F$16*(1+$F$71)-600,IF($F$16<600,0,)), IF($T$1=2,IF($F$16>=1000,$F$16*(1+$F$71)-1000,IF($F$16<1000,0))))","v":558.52},{"$f":"G53*F53","v":48.591239999999992},null,{"$f":"'App.2-W_Bill Imp Res 800'!J53","v":8.6999999999999994E-2},{"$f":"IF($T$1=1,IF($F$16>=600,$F$16*(1+$J$71)-600,IF($F$16<600,0,)), IF($T$1=2,IF($F$16>=1000,$F$16*(1+$J$71)-1000,IF($F$16<1000,0))))","v":558.52},{"$f":"K53*J53","v":48.591239999999992},null,0,0]
[null,"TOU - Off Peak",null,null,null,{"$f":"J54","v":6.3E-2},{"$f":"0.64*$F$16*(1+$F$71)","v":741.45279999999991},46.711526399999997,null,{"$f":"'App.2-W_Bill Imp Res 800'!J54","v":6.3E-2},{"$f":"0.64*$F$16*(1+$J$71)","v":741.45279999999991},46.711526399999997,null,0,0]
[null,"TOU - Mid Peak",null,null,null,{"$f":"J55","v":9.9000000000000005E-2},{"$f":"0.18*$F$16*(1+$F$71)","v":208.53359999999998},20.644826399999999,null,{"$f":"'App.2-W_Bill Imp Res 800'!J55","v":9.9000000000000005E-2},{"$f":"0.18*$F$16*(1+$J$71)","v":208.53359999999998},20.644826399999999,null,0,0]
[null,"TOU - On Peak",null,null,null,{"$f":"J56","v":0.11799999999999999},{"$f":"0.18*$F$16*(1+$F$71)","v":208.53359999999998},24.606964799999997,null,{"$f":"'App.2-W_Bill Imp Res 800'!J56","v":0.11799999999999999},{"$f":"0.18*$F$16*(1+$J$71)","v":208.53359999999998},24.606964799999997,null,0,0]
[]
[null,"Total Bill on RPP (before Taxes)",null,null,null,null,null,{"$f":"SUM(H47:H53)","v":154.465428},null,null,null,{"$f":"SUM(L47:L53)","v":153.94713199999998},null,-0.51829600000002074,-3.3554174983415753E-3]
[null,"HST",null,null,null,0.13,null,{"$f":"H58*F59","v":20.080505640000002},null,0.13,null,{"$f":"L58*J59","v":20.01312716},null,-6.7378480000002128E-2,-3.3554174983415467E-3]
[null,"Total Bill (including HST)",null,null,null,null,null,{"$f":"H58+H59","v":174.54593364000002},null,null,null,{"$f":"L58+L59","v":173.96025915999999},null,-0.58567448000002287,-3.3554174983415719E-3]
[null,"Ontario Clean Energy Benefit 1",null,null,null,null,null,{"$f":"ROUND(-H60*10%,2)","v":-17.45},null,null,null,{"$f":"ROUND(-L60*10%,2)","v":-17.399999999999999},null,5.0000000000000711E-2,-2.8653295128940235E-3]
[null,"Total Bill on RPP (including OCEB)",null,null,null,null,null,{"$f":"SUM(H60:H61)","v":157.09593364000003},null,null,null,{"$f":"SUM(L60:L61)","v":156.56025915999999},null,-0.53567448000003992,-3.4098557969526309E-3]
[]
[null,"Total Bill on TOU (before Taxes)",null,null,null,null,null,{"$f":"SUM(H47:H51,H54:H56)","v":153.43750559999998},null,null,null,{"$f":"SUM(L47:L51,L54:L56)","v":152.91920959999999},null,{"$f":"L64-H64","v":-0.51829599999999232},{"$f":"IF((H64)=0,\"\",(N64/H64))","v":-3.3778964143952586E-3}]
[null,"HST",null,null,null,0.13,null,{"$f":"H64*F65","v":19.946875727999998},null,0.13,null,{"$f":"L64*J65","v":19.879497248},null,-6.7378479999998575E-2,-3.3778964143952369E-3]
[null,"Total Bill (including HST)",null,null,null,null,null,{"$f":"H64+H65","v":173.38438132799999},null,null,null,{"$f":"L64+L65","v":172.79870684799999},null,-0.58567447999999445,-3.3778964143952764E-3]
[null,"Ontario Clean Energy Benefit 1",null,null,null,null,null,{"$f":"ROUND(-H66*10%,2)","v":-17.34},null,null,null,{"$f":"ROUND(-L66*10%,2)","v":-17.28},null,5.9999999999998721E-2,-3.4602076124566738E-3]
[null,"Total Bill on TOU (including OCEB)",null,null,null,null,null,{"$f":"H66+H67","v":156.04438132799999},null,null,null,{"$f":"L66+L67","v":155.51870684799999},null,-0.52567447999999217,-3.3687498103186571E-3]
[]
[]
[null,"Loss Factor (%)",null,null,null,5.3199999999999997E-2,null,null,null,5.3199999999999997E-2]
[]
["1 Applicable to eligible customers only.  Refer to the Ontario Clean Energy Benefit Act, 2010."]
[]
["Note that the \"Charge $\" columns provide breakdowns of the amounts that each bill component contributes to the total monthly bill at the referenced "]
["consumption level at existing and proposed rates."]
[]
["Applicants must provide bill impacts for residential at 800 kWh and GS<50kW at 2000 kWh. In addition, their filing should cover the range that is relevant"]
["to their service territory, class by class. A general guideline of consumption levels follows:"]
[]
["Residential (kWh) - 100, 250, 500, 800, 1000, 1500, 2000"]
["GS<50kW (kWh) - 1000, 2000, 5000, 10000, 15000"]
["GS>50kW (kW) - 60, 100, 500, 1000"]
["Large User - range appropriate for utility"]
["Lighting Classes and USL - 150 kWh and 1 kW, range appropriate for utility."]

{"sheet":"App.2-W_Bill Imp GS<50 1000","index":47,"n_rows":85,"n_cols":20,"rows_kept":85,"cut":false,"hidden":false,"merged":[[67,1,67,3],[18,3,19,3],[18,13,19,13],[18,14,19,14],[60,1,60,3],[61,1,61,3],[66,1,66,3],[2,0,2,10],[9,1,9,14],[10,1,10,14],[13,3,13,14],[17,5,17,7],[17,9,17,11],[17,13,17,14]]}
[null,null,null,null,null,null,null,null,null,null,null,null,null,"File Number:",{"$f":"'LDC Info'!$E$18","v":"EB-2012-0173"},null,null,null,null,1]
[null,null,null,null,null,null,null,null,null,null,null,null,null,"Exhibit:",8]
[null,null,null,null,null,null,null,null,null,null,null,null,null,"Tab:",1]
[null,null,null,null,null,null,null,null,null,null,null,null,null,"Schedule:",11]
[null,null,null,null,null,null,null,null,null,null,null,null,null,"Page:","5 of 17"]
[]
[null,null,null,null,null,null,null,null,null,null,null,null,null,"Date:","Aug 31, 2012"]
[]
[]
[null,"Appendix 2-W"]
[null,"Bill Impacts"]
[]
[]
[null,"Customer Class:",null,"GS<50 kW"]
[]
[null,null,null,"Consumption",null,1000," kWh"]
[]
[null,null,null,null,null,"Current Board-Approved",null,null,null,"Proposed",null,null,null,"Impact"]
[null,null,null,"Charge Unit",null,"Rate","Volume","Charge",null,"Rate","Volume","Charge",null,"$ Change","% Change"]
[null,null,null,null,null,"($)",null,"($)",null,"($)",null,"($)"]
[null,"Monthly Service Charge",null,"Monthly",null,28.75,1,{"$f":"G21*F21","v":28.75},null,27.83,1,{"$f":"K21*J21","v":27.83},null,{"$f":"L21-H21","v":-0.92000000000000171},{"$f":"IF((H21)=0,\"\",(N21/H21))","v":-3.2000000000000056E-2}]
[null,"Smart Meter Rate Adder",null,null,null,null,1,{"$f":"G22*F22","v":0},null,null,1,{"$f":"K22*J22","v":0},null,{"$f":"L22-H22","v":0},{"$f":"IF((H22)=0,\"\",(N22/H22))","v":""}]
[null,"Smart Meter Residual ",null,"Monthly",null,-0.3,1,-0.3,null,0,1,{"$f":"K23*J23","v":0},null,{"$f":"L23-H23","v":0.3},{"$f":"IF((H23)=0,\"\",(N23/H23))","v":-1}]
[null,"Stranded Meter Rate Rider",null,"Monthly",null,null,1,0,null,0.48,1,0.48,null,0.48,""]
[null,null,null,null,null,null,1,0,null,null,1,0,null,0,""]
[null,null,null,null,null,null,1,0,null,null,1,0,null,0,""]
[null,"Distribution Volumetric Rate",null,"per kWh",null,8.5000000000000006E-3,{"$f":"$F$16","v":1000},8.5,null,8.2000000000000007E-3,{"$f":"$F$16","v":1000},8.2000000000000011,null,-0.29999999999999893,-3.5294117647058698E-2]
[null,"Smart Meter Disposition Rider",null,null,null,null,{"$f":"$F$16","v":1000},0,null,null,{"$f":"$F$16","v":1000},0,null,0,""]
[null,"LRAM & SSM Rate Rider",null,null,null,null,{"$f":"$F$16","v":1000},0,null,null,1000,0,null,0,""]
[null,"Disposition-Residual Smart",null,null,null,null,{"$f":"$F$16","v":1000},0,null,null,1000,0,null,0,""]
[null,null,null,null,null,null,1000,0,null,null,1000,0,null,0,""]
[null,null,null,null,null,null,1000,0,null,null,1000,0,null,0,""]
[null,null,null,null,null,null,1000,0,null,null,1000,0,null,0,""]
[null,null,null,null,null,null,1000,0,null,null,1000,0,null,0,""]
[null,null,null,null,null,null,1000,0,null,null,1000,0,null,0,""]
[null,null,null,null,null,null,1000,0,null,null,1000,0,null,0,""]
[null,"Sub-Total A",null,null,null,null,null,{"$f":"SUM(H21:H36)","v":36.950000000000003},null,null,null,{"$f":"SUM(L21:L36)","v":36.51},null,-0.44000000000000483,-1.1907983761840454E-2]
[null,"Deferral/Variance Account Disposition Rate Rider 2012",null,"per kWh",null,-1.5E-3,{"$f":"$F$16","v":1000},{"$f":"G38*F38","v":-1.5},null,-1.5E-3,{"$f":"$F$16","v":1000},{"$f":"K38*J38","v":-1.5},null,{"$f":"L38-H38","v":0},{"$f":"IF((H38)=0,\"\",(N38/H38))","v":0}]
[null,"Deferral/Variance Account Disposition Rate Rider 2013",null,"per kWh",null,null,{"$f":"$F$16","v":1000},{"$f":"G39*F39","v":0},null,2.9999999999999997E-4,{"$f":"$F$16","v":1000},{"$f":"K39*J39","v":0.3},null,{"$f":"L39-H39","v":0.3},{"$f":"IF((H39)=0,\"\",(N39/H39))","v":""}]
[null,null,null,null,null,null,1000,0,null,null,1000,0,null,0,""]
[null,null,null,null,null,null,1000,0,null,null,1000,0,null,0,""]
[null,"Low Voltage Service Charge",null,null,null,null,1000,{"$f":"G42*F42","v":0},null,null,1000,{"$f":"K42*J42","v":0},null,{"$f":"L42-H42","v":0},{"$f":"IF((H42)=0,\"\",(N42/H42))","v":""}]
[null,"Smart Meter Entity Charge",null,null,null,null,null,null,null,null,1000,{"$f":"K43*J43","v":0},null,{"$f":"L43-H43","v":0}]
[null,"Sub-Total B - Distribution (includes Sub-Total A)",null,null,null,null,null,{"$f":"SUM(H38:H42)+H37","v":35.450000000000003},null,null,null,{"$f":"SUM(L38:L42)+L37","v":35.309999999999995},null,{"$f":"L44-H44","v":-0.14000000000000767},{"$f":"IF((H44)=0,\"\",(N44/H44))","v":-3.9492242595206674E-3}]
[null,"RTSR - Network",null,"per kWh",null,7.1000000000000004E-3,{"$f":"F16*(1+F71)","v":1053.1999999999998},{"$f":"G45*F45","v":7.4777199999999988},null,7.3000000000000001E-3,{"$f":"F16*(1+J71)","v":1053.1999999999998},{"$f":"K45*J45","v":7.6883599999999985},null,0.21063999999999972,2.8169014084507008E-2]
[null,"RTSR - Line and Transformation Connection",null,"per kWh",null,4.8999999999999998E-3,{"$f":"G45","v":1053.1999999999998},{"$f":"G46*F46","v":5.1606799999999993},null,4.7999999999999996E-3,{"$f":"K45","v":1053.1999999999998},{"$f":"K46*J46","v":5.0553599999999985},null,-0.10532000000000075,-2.040816326530627E-2]
[null,"Sub-Total C - Delivery (including Sub-Total B)",null,null,null,null,null,{"$f":"SUM(H44:H46)","v":48.0884},null,null,null,{"$f":"SUM(L44:L46)","v":48.053719999999991},null,-3.4680000000008704E-2,-7.2117184185809273E-4]
[null,"Wholesale Market Service Charge (WMSC)",null,"per kWh",null,5.1999999999999998E-3,{"$f":"G46","v":1053.1999999999998},{"$f":"G48*F48","v":5.4766399999999988},null,5.1999999999999998E-3,{"$f":"K46","v":1053.1999999999998},{"$f":"K48*J48","v":5.4766399999999988},null,0,0]
[null,"Rural and Remote Rate Protection (RRRP)",null,"per kWh",null,1.1000000000000001E-3,{"$f":"G46","v":1053.1999999999998},1.1585199999999998,null,1.1000000000000001E-3,{"$f":"K46","v":1053.1999999999998},1.1585199999999998,null,0,0]
[null,"Standard Supply Service Charge",null,"Monthly",null,0.25,1,0.25,null,0.25,1,0.25,null,0,0]
[null,"Debt Retirement Charge (DRC)",null,"per kWh",null,7.0000000000000001E-3,{"$f":"G49","v":1053.1999999999998},7.372399999999999,null,7.0000000000000001E-3,{"$f":"K49","v":1053.1999999999998},7.372399999999999,null,0,0]
[null,"Energy - RPP - Tier 1",null,null,null,{"$f":"J52","v":7.3999999999999996E-2},{"$f":"IF($T$1=1,IF($F$16>=600,600,IF($F$16<600,$F$16*(1+$F$71),$F$16-600)),IF($T$1=2,IF($F$16>=1000,1000,IF($F$16<1000,$F$16*(1+$F$71),$F$16-1000))))","v":600},{"$f":"G52*F52","v":44.4},null,{"$f":"'App.2-W_Bill Imp Res 1100'!J52","v":7.3999999999999996E-2},{"$f":"IF($T$1=1,IF($F$16>=600,600,IF($F$16<600,$F$16*(1+$J$71),$F$16-600)),IF($T$1=2,IF($F$16>=1000,1000,IF($F$16<1000,$F$16*(1+$J$71),$F$16-1000))))","v":600},{"$f":"K52*J52","v":44.4},null,0,0]
[null,"Energy - RPP - Tier 2",null,null,null,{"$f":"J53","v":8.6999999999999994E-2},{"$f":"IF($T$1=1,IF($F$16>=600,$F$16*(1+$F$71)-600,IF($F$16<600,0,)), IF($T$1=2,IF($F$16>=1000,$F$16*(1+$F$71)-1000,IF($F$16<1000,0))))","v":453.19999999999982},{"$f":"G53*F53","v":39.428399999999982},null,{"$f":"'App.2-W_Bill Imp Res 1100'!J53","v":8.6999999999999994E-2},{"$f":"IF($T$1=1,IF($F$16>=600,$F$16*(1+$J$71)-600,IF($F$16<600,0,)), IF($T$1=2,IF($F$16>=1000,$F$16*(1+$J$71)-1000,IF($F$16<1000,0))))","v":453.19999999999982},{"$f":"K53*J53","v":39.428399999999982},null,0,0]
[null,"TOU - Off Peak",null,null,null,{"$f":"J54","v":6.3E-2},{"$f":"0.64*$F$16*(1+$F$71)","v":674.048},42.465024,null,{"$f":"'App.2-W_Bill Imp Res 1100'!J54","v":6.3E-2},{"$f":"0.64*$F$16*(1+$J$71)","v":674.048},42.465024,null,0,0]
[null,"TOU - Mid Peak",null,null,null,{"$f":"J55","v":9.9000000000000005E-2},{"$f":"0.18*$F$16*(1+$F$71)","v":189.57599999999999},18.768024,null,{"$f":"'App.2-W_Bill Imp Res 1100'!J55","v":9.9000000000000005E-2},{"$f":"0.18*$F$16*(1+$J$71)","v":189.57599999999999},18.768024,null,0,0]
[null,"TOU - On Peak",null,null,null,{"$f":"J56","v":0.11799999999999999},{"$f":"0.18*$F$16*(1+$F$71)","v":189.57599999999999},22.369967999999997,null,{"$f":"'App.2-W_Bill Imp Res 1100'!J56","v":0.11799999999999999},{"$f":"0.18*$F$16*(1+$J$71)","v":189.57599999999999},22.369967999999997,null,0,0]
[]
[null,"Total Bill on RPP (before Taxes)",null,null,null,null,null,{"$f":"SUM(H47:H53)","v":146.17435999999998},null,null,null,{"$f":"SUM(L47:L53)","v":146.13967999999997},null,-3.4680000000008704E-2,-2.3725091048805487E-4]
[null,"HST",null,null,null,0.13,null,{"$f":"H58*F59","v":19.002666799999997},null,0.13,null,{"$f":"L58*J59","v":18.998158399999998},null,-4.5083999999988578E-3,-2.3725091048793523E-4]
[null,"Total Bill (including HST)",null,null,null,null,null,{"$f":"H58+H59","v":165.17702679999996},null,null,null,{"$f":"L58+L59","v":165.13783839999996},null,-3.9188400000000456E-2,-2.3725091048799811E-4]
[null,"Ontario Clean Energy Benefit 1",null,null,null,null,null,{"$f":"ROUND(-H60*10%,2)","v":-16.52},null,null,null,{"$f":"ROUND(-L60*10%,2)","v":-16.510000000000002},null,9.9999999999980105E-3,-6.0532687651319677E-4]
[null,"Total Bill on RPP (including OCEB)",null,null,null,null,null,{"$f":"SUM(H60:H61)","v":148.65702679999995},null,null,null,{"$f":"SUM(L60:L61)","v":148.62783839999997},null,-2.9188399999981129E-2,-1.9634726072687161E-4]
[]
[null,"Total Bill on TOU (before Taxes)",null,null,null,null,null,{"$f":"SUM(H47:H51,H54:H56)","v":145.94897599999999},null,null,null,{"$f":"SUM(L47:L51,L54:L56)","v":145.91429599999998},null,{"$f":"L64-H64","v":-3.4680000000008704E-2},{"$f":"IF((H64)=0,\"\",(N64/H64))","v":-2.3761728893533797E-4}]
[null,"HST",null,null,null,0.13,null,{"$f":"H64*F65","v":18.97336688},null,0.13,null,{"$f":"L64*J65","v":18.968858479999998},null,-4.5084000000024105E-3,-2.3761728893540536E-4]
[null,"Total Bill (including HST)",null,null,null,null,null,{"$f":"H64+H65","v":164.92234287999997},null,null,null,{"$f":"L64+L65","v":164.88315447999997},null,-3.9188400000000456E-2,-2.3761728893528111E-4]
[null,"Ontario Clean Energy Benefit 1",null,null,null,null,null,{"$f":"ROUND(-H66*10%,2)","v":-16.489999999999998},null,null,null,{"$f":"ROUND(-L66*10%,2)","v":-16.489999999999998},null,0,0]
[null,"Total Bill on TOU (including OCEB)",null,null,null,null,null,{"$f":"H66+H67","v":148.43234287999996},null,null,null,{"$f":"L66+L67","v":148.39315447999996},null,-3.9188400000000456E-2,-2.6401523576086307E-4]
[]
[]
[null,"Loss Factor (%)",null,null,null,5.3199999999999997E-2,null,null,null,5.3199999999999997E-2]
[]
["1 Applicable to eligible customers only.  Refer to the Ontario Clean Energy Benefit Act, 2010."]
[]
["Note that the \"Charge $\" columns provide breakdowns of the amounts that each bill component contributes to the total monthly bill at the referenced "]
["consumption level at existing and proposed rates."]
[]
["Applicants must provide bill impacts for residential at 800 kWh and GS<50kW at 2000 kWh. In addition, their filing should cover the range that is relevant"]
["to their service territory, class by class. A general guideline of consumption levels follows:"]
[]
["Residential (kWh) - 100, 250, 500, 800, 1000, 1500, 2000"]
["GS<50kW (kWh) - 1000, 2000, 5000, 10000, 15000"]
["GS>50kW (kW) - 60, 100, 500, 1000"]
["Large User - range appropriate for utility"]
["Lighting Classes and USL - 150 kWh and 1 kW, range appropriate for utility."]

{"sheet":"App.2-W_Bill Imp GS<50 2000","index":48,"n_rows":85,"n_cols":20,"rows_kept":85,"cut":false,"hidden":false,"merged":[[67,1,67,3],[18,3,19,3],[18,13,19,13],[18,14,19,14],[60,1,60,3],[61,1,61,3],[66,1,66,3],[2,0,2,10],[9,1,9,14],[10,1,10,14],[13,3,13,14],[17,5,17,7],[17,9,17,11],[17,13,17,14]]}
[null,null,null,null,null,null,null,null,null,null,null,null,null,"File Number:",{"$f":"'LDC Info'!$E$18","v":"EB-2012-0173"},{"$f":"'LDC Info'!$E$18","v":"EB-2012-0173"},null,null,null,1]
[null,null,null,null,null,null,null,null,null,null,null,null,null,"Exhibit:",1,8]
[null,null,null,null,null,null,null,null,null,null,null,null,null,"Tab:",2,1]
[null,null,null,null,null,null,null,null,null,null,null,null,null,"Schedule:",1,11]
[null,null,null,null,null,null,null,null,null,null,null,null,null,"Page:","5 of 7","6 of 17"]
[]
[null,null,null,null,null,null,null,null,null,null,null,null,null,"Date:","Aug 31, 2012","Aug 31, 2012"]
[]
[]
[null,"Appendix 2-W"]
[null,"Bill Impacts"]
[]
[]
[null,"Customer Class:",null,"GS<50 kW"]
[]
[null,null,null,"Consumption",null,2000," kWh"]
[]
[null,null,null,null,null,"Current Board-Approved",null,null,null,"Proposed",null,null,null,"Impact"]
[null,null,null,"Charge Unit",null,"Rate","Volume","Charge",null,"Rate","Volume","Charge",null,"$ Change","% Change"]
[null,null,null,null,null,"($)",null,"($)",null,"($)",null,"($)"]
[null,"Monthly Service Charge",null,"Monthly",null,28.75,1,{"$f":"G21*F21","v":28.75},null,{"$f":"'App.2-W_Bill Imp GS<50 1000'!J21","v":27.83},1,{"$f":"K21*J21","v":27.83},null,{"$f":"L21-H21","v":-0.92000000000000171},{"$f":"IF((H21)=0,\"\",(N21/H21))","v":-3.2000000000000056E-2}]
[null,"Smart Meter Rate Adder",null,null,null,null,1,{"$f":"G22*F22","v":0},null,null,1,{"$f":"K22*J22","v":0},null,{"$f":"L22-H22","v":0},{"$f":"IF((H22)=0,\"\",(N22/H22))","v":""}]
[null,"Smart Meter Residual ",null,"Monthly",null,-0.3,1,-0.3,null,0,1,{"$f":"K23*J23","v":0},null,{"$f":"L23-H23","v":0.3},{"$f":"IF((H23)=0,\"\",(N23/H23))","v":-1}]
[null,"Stranded Meter Rate Rider",null,"Monthly",null,null,1,0,null,{"$f":"'App.2-W_Bill Imp GS<50 1000'!J24","v":0.48},1,0.48,null,0.48,""]
[null,null,null,null,null,null,1,0,null,null,1,0,null,0,""]
[null,null,null,null,null,null,1,0,null,null,1,0,null,0,""]
[null,"Distribution Volumetric Rate",null,"per kWh",null,8.5000000000000006E-3,{"$f":"$F$16","v":2000},17,null,{"$f":"'App.2-W_Bill Imp GS<50 1000'!J27","v":8.2000000000000007E-3},{"$f":"$F$16","v":2000},16.400000000000002,null,-0.59999999999999787,-3.5294117647058698E-2]
[null,"Smart Meter Disposition Rider",null,null,null,null,{"$f":"$F$16","v":2000},0,null,null,{"$f":"$F$16","v":2000},0,null,0,""]
[null,"LRAM & SSM Rate Rider",null,null,null,null,{"$f":"$F$16","v":2000},0,null,null,2000,0,null,0,""]
[null,"Disposition-Residual Smart",null,null,null,null,{"$f":"$F$16","v":2000},0,null,null,2000,0,null,0,""]
[null,null,null,null,null,null,2000,0,null,null,2000,0,null,0,""]
[null,null,null,null,null,null,2000,0,null,null,2000,0,null,0,""]
[null,null,null,null,null,null,2000,0,null,null,2000,0,null,0,""]
[null,null,null,null,null,null,2000,0,null,null,2000,0,null,0,""]
[null,null,null,null,null,null,2000,0,null,null,2000,0,null,0,""]
[null,null,null,null,null,null,2000,0,null,null,2000,0,null,0,""]
[null,"Sub-Total A",null,null,null,null,null,{"$f":"SUM(H21:H36)","v":45.45},null,null,null,{"$f":"SUM(L21:L36)","v":44.71},null,-0.74000000000000199,-1.6281628162816326E-2]
[null,"Deferral/Variance Account Disposition Rate Rider 2012",null,"per kWh",null,-1.5E-3,{"$f":"$F$16","v":2000},{"$f":"G38*F38","v":-3},null,{"$f":"'App.2-W_Bill Imp GS<50 1000'!J38","v":-1.5E-3},{"$f":"$F$16","v":2000},{"$f":"K38*J38","v":-3},null,{"$f":"L38-H38","v":0},{"$f":"IF((H38)=0,\"\",(N38/H38))","v":0}]
[null,"Deferral/Variance Account Disposition Rate Rider 2013",null,"per kWh",null,null,{"$f":"$F$16","v":2000},{"$f":"G39*F39","v":0},null,{"$f":"'App.2-W_Bill Imp GS<50 1000'!J39","v":2.9999999999999997E-4},{"$f":"$F$16","v":2000},{"$f":"K39*J39","v":0.6},null,{"$f":"L39-H39","v":0.6},{"$f":"IF((H39)=0,\"\",(N39/H39))","v":""}]
[null,null,null,null,null,null,2000,0,null,null,2000,0,null,0,""]
[null,null,null,null,null,null,2000,0,null,null,2000,0,null,0,""]
[null,"Low Voltage Service Charge",null,null,null,null,2000,{"$f":"G42*F42","v":0},null,null,2000,{"$f":"K42*J42","v":0},null,{"$f":"L42-H42","v":0},{"$f":"IF((H42)=0,\"\",(N42/H42))","v":""}]
[null,"Smart Meter Entity Charge",null,null,null,null,null,null,null,null,2000,{"$f":"K43*J43","v":0},null,{"$f":"L43-H43","v":0}]
[null,"Sub-Total B - Distribution (includes Sub-Total A)",null,null,null,null,null,{"$f":"SUM(H38:H42)+H37","v":42.45},null,null,null,{"$f":"SUM(L38:L42)+L37","v":42.31},null,{"$f":"L44-H44","v":-0.14000000000000057},{"$f":"IF((H44)=0,\"\",(N44/H44))","v":-3.2979976442874103E-3}]
[null,"RTSR - Network",null,"per kWh",null,7.1000000000000004E-3,{"$f":"F16*(1+F71)","v":2106.3999999999996},{"$f":"G45*F45","v":14.955439999999998},null,{"$f":"'App.2-W_Bill Imp GS<50 1000'!J45","v":7.3000000000000001E-3},{"$f":"F16*(1+J71)","v":2106.3999999999996},{"$f":"K45*J45","v":15.376719999999997},null,0.42127999999999943,2.8169014084507008E-2]
[null,"RTSR - Line and Transformation Connection",null,"per kWh",null,4.8999999999999998E-3,{"$f":"G45","v":2106.3999999999996},{"$f":"G46*F46","v":10.321359999999999},null,{"$f":"'App.2-W_Bill Imp GS<50 1000'!J46","v":4.7999999999999996E-3},{"$f":"K45","v":2106.3999999999996},{"$f":"K46*J46","v":10.110719999999997},null,-0.21064000000000149,-2.040816326530627E-2]
[null,"Sub-Total C - Delivery (including Sub-Total B)",null,null,null,null,null,{"$f":"SUM(H44:H46)","v":67.726799999999997},null,null,null,{"$f":"SUM(L44:L46)","v":67.797439999999995},null,7.0639999999997372E-2,1.043013991507016E-3]
[null,"Wholesale Market Service Charge (WMSC)",null,"per kWh",null,5.1999999999999998E-3,{"$f":"G46","v":2106.3999999999996},{"$f":"G48*F48","v":10.953279999999998},null,{"$f":"'App.2-W_Bill Imp GS<50 1000'!J48","v":5.1999999999999998E-3},{"$f":"K46","v":2106.3999999999996},{"$f":"K48*J48","v":10.953279999999998},null,0,0]
[null,"Rural and Remote Rate Protection (RRRP)",null,"per kWh",null,1.1000000000000001E-3,{"$f":"G46","v":2106.3999999999996},2.3170399999999995,null,{"$f":"'App.2-W_Bill Imp GS<50 1000'!J49","v":1.1000000000000001E-3},{"$f":"K46","v":2106.3999999999996},2.3170399999999995,null,0,0]
[null,"Standard Supply Service Charge",null,"Monthly",null,0.25,1,0.25,null,{"$f":"'App.2-W_Bill Imp GS<50 1000'!J50","v":0.25},1,0.25,null,0,0]
[null,"Debt Retirement Charge (DRC)",null,"per kWh",null,7.0000000000000001E-3,{"$f":"G49","v":2106.3999999999996},14.744799999999998,null,{"$f":"'App.2-W_Bill Imp GS<50 1000'!J51","v":7.0000000000000001E-3},{"$f":"K49","v":2106.3999999999996},14.744799999999998,null,0,0]
[null,"Energy - RPP - Tier 1",null,null,null,{"$f":"J52","v":7.3999999999999996E-2},{"$f":"IF($T$1=1,IF($F$16>=600,600,IF($F$16<600,$F$16*(1+$F$71),$F$16-600)),IF($T$1=2,IF($F$16>=1000,1000,IF($F$16<1000,$F$16*(1+$F$71),$F$16-1000))))","v":600},{"$f":"G52*F52","v":44.4},null,{"$f":"'App.2-W_Bill Imp GS<50 1000'!J52","v":7.3999999999999996E-2},{"$f":"IF($T$1=1,IF($F$16>=600,600,IF($F$16<600,$F$16*(1+$J$71),$F$16-600)),IF($T$1=2,IF($F$16>=1000,1000,IF($F$16<1000,$F$16*(1+$J$71),$F$16-1000))))","v":600},{"$f":"K52*J52","v":44.4},null,0,0]
[null,"Energy - RPP - Tier 2",null,null,null,{"$f":"J53","v":8.6999999999999994E-2},{"$f":"IF($T$1=1,IF($F$16>=600,$F$16*(1+$F$71)-600,IF($F$16<600,0,)), IF($T$1=2,IF($F$16>=1000,$F$16*(1+$F$71)-1000,IF($F$16<1000,0))))","v":1506.3999999999996},{"$f":"G53*F53","v":131.05679999999995},null,{"$f":"'App.2-W_Bill Imp GS<50 1000'!J53","v":8.6999999999999994E-2},{"$f":"IF($T$1=1,IF($F$16>=600,$F$16*(1+$J$71)-600,IF($F$16<600,0,)), IF($T$1=2,IF($F$16>=1000,$F$16*(1+$J$71)-1000,IF($F$16<1000,0))))","v":1506.3999999999996},{"$f":"K53*J53","v":131.05679999999995},null,0,0]
[null,"TOU - Off Peak",null,null,null,{"$f":"J54","v":6.3E-2},{"$f":"0.64*$F$16*(1+$F$71)","v":1348.096},84.930047999999999,null,{"$f":"'App.2-W_Bill Imp GS<50 1000'!J54","v":6.3E-2},{"$f":"0.64*$F$16*(1+$J$71)","v":1348.096},84.930047999999999,null,0,0]
[null,"TOU - Mid Peak",null,null,null,{"$f":"J55","v":9.9000000000000005E-2},{"$f":"0.18*$F$16*(1+$F$71)","v":379.15199999999999},37.536048000000001,null,{"$f":"'App.2-W_Bill Imp GS<50 1000'!J55","v":9.9000000000000005E-2},{"$f":"0.18*$F$16*(1+$J$71)","v":379.15199999999999},37.536048000000001,null,0,0]
[null,"TOU - On Peak",null,null,null,{"$f":"J56","v":0.11799999999999999},{"$f":"0.18*$F$16*(1+$F$71)","v":379.15199999999999},44.739935999999993,null,{"$f":"'App.2-W_Bill Imp GS<50 1000'!J56","v":0.11799999999999999},{"$f":"0.18*$F$16*(1+$J$71)","v":379.15199999999999},44.739935999999993,null,0,0]
[]
[null,"Total Bill on RPP (before Taxes)",null,null,null,null,null,{"$f":"SUM(H47:H53)","v":271.44871999999998},null,null,null,{"$f":"SUM(L47:L53)","v":271.51935999999995},null,7.063999999996895E-2,2.6023331404903641E-4]
[null,"HST",null,null,null,0.13,null,{"$f":"H58*F59","v":35.288333600000001},null,0.13,null,{"$f":"L58*J59","v":35.297516799999997},null,9.183199999995395E-3,2.6023331404902031E-4]
[null,"Total Bill (including HST)",null,null,null,null,null,{"$f":"H58+H59","v":306.73705359999997},null,null,null,{"$f":"L58+L59","v":306.81687679999993},null,7.9823199999964345E-2,2.6023331404903457E-4]
[null,"Ontario Clean Energy Benefit 1",null,null,null,null,null,{"$f":"ROUND(-H60*10%,2)","v":-30.67},null,null,null,{"$f":"ROUND(-L60*10%,2)","v":-30.68},null,-9.9999999999980105E-3,3.2605151613948515E-4]
[null,"Total Bill on RPP (including OCEB)",null,null,null,null,null,{"$f":"SUM(H60:H61)","v":276.06705359999995},null,null,null,{"$f":"SUM(L60:L61)","v":276.13687679999992},null,6.982319999997344E-2,2.5292116204906479E-4]
[]
[null,"Total Bill on TOU (before Taxes)",null,null,null,null,null,{"$f":"SUM(H47:H51,H54:H56)","v":263.19795199999999},null,null,null,{"$f":"SUM(L47:L51,L54:L56)","v":263.26859199999996},null,{"$f":"L64-H64","v":7.063999999996895E-2},{"$f":"IF((H64)=0,\"\",(N64/H64))","v":2.683911461437548E-4}]
[null,"HST",null,null,null,0.13,null,{"$f":"H64*F65","v":34.215733759999999},null,0.13,null,{"$f":"L64*J65","v":34.224916959999995},null,9.183199999995395E-3,2.6839114614373816E-4]
[null,"Total Bill (including HST)",null,null,null,null,null,{"$f":"H64+H65","v":297.41368575999996},null,null,null,{"$f":"L64+L65","v":297.49350895999993},null,7.9823199999964345E-2,2.683911461437529E-4]
[null,"Ontario Clean Energy Benefit 1",null,null,null,null,null,{"$f":"ROUND(-H66*10%,2)","v":-29.74},null,null,null,{"$f":"ROUND(-L66*10%,2)","v":-29.75},null,-1.0000000000001563E-2,3.362474781439665E-4]
[null,"Total Bill on TOU (including OCEB)",null,null,null,null,null,{"$f":"H66+H67","v":267.67368575999996},null,null,null,{"$f":"L66+L67","v":267.74350895999993},null,6.982319999997344E-2,2.6085193918754462E-4]
[]
[]
[null,"Loss Factor (%)",null,null,null,5.3199999999999997E-2,null,null,null,5.3199999999999997E-2]
[]
["1 Applicable to eligible customers only.  Refer to the Ontario Clean Energy Benefit Act, 2010."]
[]
["Note that the \"Charge $\" columns provide breakdowns of the amounts that each bill component contributes to the total monthly bill at the referenced "]
["consumption level at existing and proposed rates."]
[]
["Applicants must provide bill impacts for residential at 800 kWh and GS<50kW at 2000 kWh. In addition, their filing should cover the range that is relevant"]
["to their service territory, class by class. A general guideline of consumption levels follows:"]
[]
["Residential (kWh) - 100, 250, 500, 800, 1000, 1500, 2000"]
["GS<50kW (kWh) - 1000, 2000, 5000, 10000, 15000"]
["GS>50kW (kW) - 60, 100, 500, 1000"]
["Large User - range appropriate for utility"]
["Lighting Classes and USL - 150 kWh and 1 kW, range appropriate for utility."]

{"sheet":"App.2-W_Bill Imp GS<50 5000","index":49,"n_rows":85,"n_cols":20,"rows_kept":85,"cut":false,"hidden":false,"merged":[[67,1,67,3],[18,3,19,3],[18,13,19,13],[18,14,19,14],[60,1,60,3],[61,1,61,3],[66,1,66,3],[2,0,2,10],[9,1,9,14],[10,1,10,14],[13,3,13,14],[17,5,17,7],[17,9,17,11],[17,13,17,14]]}
[null,null,null,null,null,null,null,null,null,null,null,null,null,"File Number:",{"$f":"'LDC Info'!$E$18","v":"EB-2012-0173"},null,null,null,null,1]
[null,null,null,null,null,null,null,null,null,null,null,null,null,"Exhibit:",8]
[null,null,null,null,null,null,null,null,null,null,null,null,null,"Tab:",1]
[null,null,null,null,null,null,null,null,null,null,null,null,null,"Schedule:",11]
[null,null,null,null,null,null,null,null,null,null,null,null,null,"Page:","7 of 17"]
[]
[null,null,null,null,null,null,null,null,null,null,null,null,null,"Date:","Aug 31, 2012"]
[]
[]
[null,"Appendix 2-W"]
[null,"Bill Impacts"]
[]
[]
[null,"Customer Class:",null,"GS<50 kW"]
[]
[null,null,null,"Consumption",null,5000," kWh"]
[]
[null,null,null,null,null,"Current Board-Approved",null,null,null,"Proposed",null,null,null,"Impact"]
[null,null,null,"Charge Unit",null,"Rate","Volume","Charge",null,"Rate","Volume","Charge",null,"$ Change","% Change"]
[null,null,null,null,null,"($)",null,"($)",null,"($)",null,"($)"]
[null,"Monthly Service Charge",null,"Monthly",null,28.75,1,{"$f":"G21*F21","v":28.75},null,{"$f":"'App.2-W_Bill Imp GS<50 2000'!J21","v":27.83},1,{"$f":"K21*J21","v":27.83},null,{"$f":"L21-H21","v":-0.92000000000000171},{"$f":"IF((H21)=0,\"\",(N21/H21))","v":-3.2000000000000056E-2}]
[null,"Smart Meter Rate Adder",null,null,null,null,1,{"$f":"G22*F22","v":0},null,null,1,{"$f":"K22*J22","v":0},null,{"$f":"L22-H22","v":0},{"$f":"IF((H22)=0,\"\",(N22/H22))","v":""}]
[null,"Smart Meter Residual ",null,"Monthly",null,-0.3,1,-0.3,null,0,1,{"$f":"K23*J23","v":0},null,{"$f":"L23-H23","v":0.3},{"$f":"IF((H23)=0,\"\",(N23/H23))","v":-1}]
[null,"Stranded Meter Rate Rider",null,"Monthly",null,null,1,0,null,{"$f":"'App.2-W_Bill Imp GS<50 2000'!J24","v":0.48},1,0.48,null,0.48,""]
[null,null,null,null,null,null,1,0,null,null,1,0,null,0,""]
[null,null,null,null,null,null,1,0,null,null,1,0,null,0,""]
[null,"Distribution Volumetric Rate",null,"per kWh",null,8.5000000000000006E-3,{"$f":"$F$16","v":5000},42.5,null,{"$f":"'App.2-W_Bill Imp GS<50 2000'!J27","v":8.2000000000000007E-3},{"$f":"$F$16","v":5000},41,null,-1.5,-3.5294117647058823E-2]
[null,"Smart Meter Disposition Rider",null,null,null,null,{"$f":"$F$16","v":5000},0,null,null,{"$f":"$F$16","v":5000},0,null,0,""]
[null,"LRAM & SSM Rate Rider",null,null,null,null,{"$f":"$F$16","v":5000},0,null,null,5000,0,null,0,""]
[null,"Disposition-Residual Smart",null,null,null,null,{"$f":"$F$16","v":5000},0,null,null,5000,0,null,0,""]
[null,null,null,null,null,null,5000,0,null,null,5000,0,null,0,""]
[null,null,null,null,null,null,5000,0,null,null,5000,0,null,0,""]
[null,null,null,null,null,null,5000,0,null,null,5000,0,null,0,""]
[null,null,null,null,null,null,5000,0,null,null,5000,0,null,0,""]
[null,null,null,null,null,null,5000,0,null,null,5000,0,null,0,""]
[null,null,null,null,null,null,5000,0,null,null,5000,0,null,0,""]
[null,"Sub-Total A",null,null,null,null,null,{"$f":"SUM(H21:H36)","v":70.95},null,null,null,{"$f":"SUM(L21:L36)","v":69.31},null,-1.6400000000000006,-2.3114869626497541E-2]
[null,"Deferral/Variance Account Disposition Rate Rider 2012",null,"per kWh",null,-1.5E-3,{"$f":"$F$16","v":5000},{"$f":"G38*F38","v":-7.5},null,{"$f":"'App.2-W_Bill Imp GS<50 2000'!J38","v":-1.5E-3},{"$f":"$F$16","v":5000},{"$f":"K38*J38","v":-7.5},null,{"$f":"L38-H38","v":0},{"$f":"IF((H38)=0,\"\",(N38/H38))","v":0}]
[null,"Deferral/Variance Account Disposition Rate Rider 2013",null,"per kWh",null,null,{"$f":"$F$16","v":5000},{"$f":"G39*F39","v":0},null,{"$f":"'App.2-W_Bill Imp GS<50 2000'!J39","v":2.9999999999999997E-4},{"$f":"$F$16","v":5000},{"$f":"K39*J39","v":1.4999999999999998},null,{"$f":"L39-H39","v":1.4999999999999998},{"$f":"IF((H39)=0,\"\",(N39/H39))","v":""}]
[null,null,null,null,null,null,5000,0,null,null,5000,0,null,0,""]
[null,null,null,null,null,null,5000,0,null,null,5000,0,null,0,""]
[null,"Low Voltage Service Charge",null,null,null,null,5000,{"$f":"G42*F42","v":0},null,null,5000,{"$f":"K42*J42","v":0},null,{"$f":"L42-H42","v":0},{"$f":"IF((H42)=0,\"\",(N42/H42))","v":""}]
[null,"Smart Meter Entity Charge",null,null,null,null,null,null,null,null,5000,{"$f":"K43*J43","v":0},null,{"$f":"L43-H43","v":0}]
[null,"Sub-Total B - Distribution (includes Sub-Total A)",null,null,null,null,null,{"$f":"SUM(H38:H42)+H37","v":63.45},null,null,null,{"$f":"SUM(L38:L42)+L37","v":63.31},null,{"$f":"L44-H44","v":-0.14000000000000057},{"$f":"IF((H44)=0,\"\",(N44/H44))","v":-2.2064617809298749E-3}]
[null,"RTSR - Network",null,"per kWh",null,7.1000000000000004E-3,{"$f":"F16*(1+F71)","v":5266},{"$f":"G45*F45","v":37.388600000000004},null,{"$f":"'App.2-W_Bill Imp GS<50 2000'!J45","v":7.3000000000000001E-3},{"$f":"F16*(1+J71)","v":5266},{"$f":"K45*J45","v":38.441800000000001},null,1.0531999999999968,2.8169014084506953E-2]
[null,"RTSR - Line and Transformation Connection",null,"per kWh",null,4.8999999999999998E-3,{"$f":"G45","v":5266},{"$f":"G46*F46","v":25.8034},null,{"$f":"'App.2-W_Bill Imp GS<50 2000'!J46","v":4.7999999999999996E-3},{"$f":"K45","v":5266},{"$f":"K46*J46","v":25.276799999999998},null,-0.52660000000000196,-2.0408163265306197E-2]
[null,"Sub-Total C - Delivery (including Sub-Total B)",null,null,null,null,null,{"$f":"SUM(H44:H46)","v":126.64200000000001},null,null,null,{"$f":"SUM(L44:L46)","v":127.0286},null,0.38659999999998718,3.0526997362643289E-3]
[null,"Wholesale Market Service Charge (WMSC)",null,"per kWh",null,5.1999999999999998E-3,{"$f":"G46","v":5266},{"$f":"G48*F48","v":27.383199999999999},null,{"$f":"'App.2-W_Bill Imp GS<50 2000'!J48","v":5.1999999999999998E-3},{"$f":"K46","v":5266},{"$f":"K48*J48","v":27.383199999999999},null,0,0]
[null,"Rural and Remote Rate Protection (RRRP)",null,"per kWh",null,1.1000000000000001E-3,{"$f":"G46","v":5266},5.7926000000000002,null,{"$f":"'App.2-W_Bill Imp GS<50 2000'!J49","v":1.1000000000000001E-3},{"$f":"K46","v":5266},5.7926000000000002,null,0,0]
[null,"Standard Supply Service Charge",null,"Monthly",null,0.25,1,0.25,null,{"$f":"'App.2-W_Bill Imp GS<50 2000'!J50","v":0.25},1,0.25,null,0,0]
[null,"Debt Retirement Charge (DRC)",null,"per kWh",null,7.0000000000000001E-3,{"$f":"G49","v":5266},36.862000000000002,null,{"$f":"'App.2-W_Bill Imp GS<50 2000'!J51","v":7.0000000000000001E-3},{"$f":"K49","v":5266},36.862000000000002,null,0,0]
[null,"Energy - RPP - Tier 1",null,null,null,{"$f":"J52","v":7.3999999999999996E-2},{"$f":"IF($T$1=1,IF($F$16>=600,600,IF($F$16<600,$F$16*(1+$F$71),$F$16-600)),IF($T$1=2,IF($F$16>=1000,1000,IF($F$16<1000,$F$16*(1+$F$71),$F$16-1000))))","v":600},{"$f":"G52*F52","v":44.4},null,{"$f":"'App.2-W_Bill Imp GS<50 2000'!J52","v":7.3999999999999996E-2},{"$f":"IF($T$1=1,IF($F$16>=600,600,IF($F$16<600,$F$16*(1+$J$71),$F$16-600)),IF($T$1=2,IF($F$16>=1000,1000,IF($F$16<1000,$F$16*(1+$J$71),$F$16-1000))))","v":600},{"$f":"K52*J52","v":44.4},null,0,0]
[null,"Energy - RPP - Tier 2",null,null,null,{"$f":"J53","v":8.6999999999999994E-2},{"$f":"IF($T$1=1,IF($F$16>=600,$F$16*(1+$F$71)-600,IF($F$16<600,0,)), IF($T$1=2,IF($F$16>=1000,$F$16*(1+$F$71)-1000,IF($F$16<1000,0))))","v":4666},{"$f":"G53*F53","v":405.94199999999995},null,{"$f":"'App.2-W_Bill Imp GS<50 2000'!J53","v":8.6999999999999994E-2},{"$f":"IF($T$1=1,IF($F$16>=600,$F$16*(1+$J$71)-600,IF($F$16<600,0,)), IF($T$1=2,IF($F$16>=1000,$F$16*(1+$J$71)-1000,IF($F$16<1000,0))))","v":4666},{"$f":"K53*J53","v":405.94199999999995},null,0,0]
[null,"TOU - Off Peak",null,null,null,{"$f":"J54","v":6.3E-2},{"$f":"0.64*$F$16*(1+$F$71)","v":3370.24},212.32512,null,{"$f":"'App.2-W_Bill Imp GS<50 2000'!J54","v":6.3E-2},{"$f":"0.64*$F$16*(1+$J$71)","v":3370.24},212.32512,null,0,0]
[null,"TOU - Mid Peak",null,null,null,{"$f":"J55","v":9.9000000000000005E-2},{"$f":"0.18*$F$16*(1+$F$71)","v":947.87999999999988},93.840119999999999,null,{"$f":"'App.2-W_Bill Imp GS<50 2000'!J55","v":9.9000000000000005E-2},{"$f":"0.18*$F$16*(1+$J$71)","v":947.87999999999988},93.840119999999999,null,0,0]
[null,"TOU - On Peak",null,null,null,{"$f":"J56","v":0.11799999999999999},{"$f":"0.18*$F$16*(1+$F$71)","v":947.87999999999988},111.84983999999999,null,{"$f":"'App.2-W_Bill Imp GS<50 2000'!J56","v":0.11799999999999999},{"$f":"0.18*$F$16*(1+$J$71)","v":947.87999999999988},111.84983999999999,null,0,0]
[]
[null,"Total Bill on RPP (before Taxes)",null,null,null,null,null,{"$f":"SUM(H47:H53)","v":647.27179999999998},null,null,null,{"$f":"SUM(L47:L53)","v":647.65839999999992},null,0.38659999999993033,5.9727613654716669E-4]
[null,"HST",null,null,null,0.13,null,{"$f":"H58*F59","v":84.145334000000005},null,0.13,null,{"$f":"L58*J59","v":84.195591999999991},null,5.0257999999985259E-2,5.9727613654709903E-4]
[null,"Total Bill (including HST)",null,null,null,null,null,{"$f":"H58+H59","v":731.41713400000003},null,null,null,{"$f":"L58+L59","v":731.85399199999995},null,0.43685799999991559,5.9727613654715888E-4]
[null,"Ontario Clean Energy Benefit 1",null,null,null,null,null,{"$f":"ROUND(-H60*10%,2)","v":-73.14},null,null,null,{"$f":"ROUND(-L60*10%,2)","v":-73.19},null,-4.9999999999997158E-2,6.8362045392394251E-4]
[null,"Total Bill on RPP (including OCEB)",null,null,null,null,null,{"$f":"SUM(H60:H61)","v":658.27713400000005},null,null,null,{"$f":"SUM(L60:L61)","v":658.66399200000001},null,0.38685799999996107,5.8768257321841139E-4]
[]
[null,"Total Bill on TOU (before Taxes)",null,null,null,null,null,{"$f":"SUM(H47:H51,H54:H56)","v":614.94488000000001},null,null,null,{"$f":"SUM(L47:L51,L54:L56)","v":615.33148000000006},null,{"$f":"L64-H64","v":0.38660000000004402},{"$f":"IF((H64)=0,\"\",(N64/H64))","v":6.2867423174585012E-4}]
[null,"HST",null,null,null,0.13,null,{"$f":"H64*F65","v":79.94283440000001},null,0.13,null,{"$f":"L64*J65","v":79.993092400000009},null,5.025799999999947E-2,6.2867423174577184E-4]
[null,"Total Bill (including HST)",null,null,null,null,null,{"$f":"H64+H65","v":694.88771440000005},null,null,null,{"$f":"L64+L65","v":695.32457240000008},null,0.43685800000002928,6.2867423174582063E-4]
[null,"Ontario Clean Energy Benefit 1",null,null,null,null,null,{"$f":"ROUND(-H66*10%,2)","v":-69.489999999999995},null,null,null,{"$f":"ROUND(-L66*10%,2)","v":-69.53},null,-4.0000000000006253E-2,5.7562239171112754E-4]
[null,"Total Bill on TOU (including OCEB)",null,null,null,null,null,{"$f":"H66+H67","v":625.39771440000004},null,null,null,{"$f":"L66+L67","v":625.79457240000011},null,0.39685800000006566,6.3456899643582324E-4]
[]
[]
[null,"Loss Factor (%)",null,null,null,5.3199999999999997E-2,null,null,null,5.3199999999999997E-2]
[]
["1 Applicable to eligible customers only.  Refer to the Ontario Clean Energy Benefit Act, 2010."]
[]
["Note that the \"Charge $\" columns provide breakdowns of the amounts that each bill component contributes to the total monthly bill at the referenced "]
["consumption level at existing and proposed rates."]
[]
["Applicants must provide bill impacts for residential at 800 kWh and GS<50kW at 2000 kWh. In addition, their filing should cover the range that is relevant"]
["to their service territory, class by class. A general guideline of consumption levels follows:"]
[]
["Residential (kWh) - 100, 250, 500, 800, 1000, 1500, 2000"]
["GS<50kW (kWh) - 1000, 2000, 5000, 10000, 15000"]
["GS>50kW (kW) - 60, 100, 500, 1000"]
["Large User - range appropriate for utility"]
["Lighting Classes and USL - 150 kWh and 1 kW, range appropriate for utility."]

{"sheet":"App.2-W_Bill Imp GS>50 60","index":50,"n_rows":82,"n_cols":20,"rows_kept":82,"cut":false,"hidden":false,"merged":[[64,1,64,3],[15,3,16,3],[15,13,16,13],[15,14,16,14],[57,1,57,3],[58,1,58,3],[63,1,63,3],[2,0,2,10],[7,1,7,14],[8,1,8,14],[9,3,9,14],[14,5,14,7],[14,9,14,11],[14,13,14,14]]}
[null,null,null,null,null,null,null,null,null,null,null,null,null,"File Number:",{"$f":"'LDC Info'!$E$18","v":"EB-2012-0173"},null,null,null,null,1]
[null,null,null,null,null,null,null,null,null,null,null,null,null,"Exhibit:",8]
[null,null,null,null,null,null,null,null,null,null,null,null,null,"Tab:",1]
[null,null,null,null,null,null,null,null,null,null,null,null,null,"Schedule:",11]
[null,null,null,null,null,null,null,null,null,null,null,null,null,"Page:","8 of 17"]
[]
[null,null,null,null,null,null,null,null,null,null,null,null,null,"Date:","Aug 31, 2012"]
[null,"Appendix 2-W"]
[null,"Bill Impacts"]
[null,"Customer Class:",null,"GS>50"]
[]
[null,null,null,"Consumption",null,60,"kW"]
[null,null,null,null,null,32400,"kWh"]
[]
[null,null,null,null,null,"Current Board-Approved",null,null,null,"Proposed",null,null,null,"Impact"]
[null,null,null,"Charge Unit",null,"Rate","Volume","Charge",null,"Rate","Volume","Charge",null,"$ Change","% Change"]
[null,null,null,null,null,"($)",null,"($)",null,"($)",null,"($)"]
[null,"Monthly Service Charge",null,"Monthly",null,339.49,1,{"$f":"G18*F18","v":339.49},null,267.94,1,{"$f":"K18*J18","v":267.94},null,{"$f":"L18-H18","v":-71.550000000000011},{"$f":"IF((H18)=0,\"\",(N18/H18))","v":-0.21075731243924714}]
[null,"Smart Meter Rate Adder",null,null,null,null,1,{"$f":"G19*F19","v":0},null,null,1,{"$f":"K19*J19","v":0},null,{"$f":"L19-H19","v":0},{"$f":"IF((H19)=0,\"\",(N19/H19))","v":""}]
[null,"Smart Meter Residual ",null,"Monthly",null,0,1,0,null,0,1,{"$f":"K20*J20","v":0},null,{"$f":"L20-H20","v":0},{"$f":"IF((H20)=0,\"\",(N20/H20))","v":""}]
[null,"Stranded Meter Rate Rider",null,"Monthly",null,null,1,0,null,null,1,0,null,0,""]
[null,null,null,null,null,null,1,0,null,null,1,0,null,0,""]
[null,null,null,null,null,null,1,0,null,null,1,0,null,0,""]
[null,"Distribution Volumetric Rate",null,"per kW",null,1.3977999999999999,{"$f":"$F$12","v":60},83.867999999999995,null,2.3435000000000001,{"$f":"$F$12","v":60},140.61000000000001,null,56.742000000000019,0.67656317069680949]
[null,"Smart Meter Disposition Rider",null,null,null,null,{"$f":"$F$12","v":60},0,null,null,{"$f":"$F$12","v":60},0,null,0,""]
[null,"LRAM & SSM Rate Rider",null,null,null,null,{"$f":"$F$12","v":60},0,null,null,60,0,null,0,""]
[null,"Disposition-Residual Smart",null,null,null,null,{"$f":"$F$12","v":60},0,null,null,60,0,null,0,""]
[null,null,null,null,null,null,60,0,null,null,60,0,null,0,""]
[null,null,null,null,null,null,60,0,null,null,60,0,null,0,""]
[null,null,null,null,null,null,60,0,null,null,60,0,null,0,""]
[null,null,null,null,null,null,60,0,null,null,60,0,null,0,""]
[null,null,null,null,null,null,60,0,null,null,60,0,null,0,""]
[null,null,null,null,null,null,60,0,null,null,60,0,null,0,""]
[null,"Sub-Total A",null,null,null,null,null,{"$f":"SUM(H18:H33)","v":423.358},null,null,null,{"$f":"SUM(L18:L33)","v":408.55},null,-14.807999999999993,-3.4977489500611761E-2]
[null,"Deferral/Variance Account Disposition Rate Rider 2012",null,"per kW",null,-0.52259999999999995,{"$f":"$F$12","v":60},{"$f":"G35*F35","v":-31.355999999999998},null,-0.52259999999999995,{"$f":"$F$12","v":60},{"$f":"K35*J35","v":-31.355999999999998},null,{"$f":"L35-H35","v":0},{"$f":"IF((H35)=0,\"\",(N35/H35))","v":0}]
[null,"Deferral/Variance Account Disposition Rate Rider 2013",null,"per kW",null,null,{"$f":"$F$12","v":60},{"$f":"G36*F36","v":0},null,9.9500000000000005E-2,{"$f":"$F$12","v":60},{"$f":"K36*J36","v":5.9700000000000006},null,{"$f":"L36-H36","v":5.9700000000000006},{"$f":"IF((H36)=0,\"\",(N36/H36))","v":""}]
[null,"Deferral/Variance Account Disposition Global 2012",null,"per kW",null,-9.9500000000000005E-2,60,-5.9700000000000006,null,-9.9500000000000005E-2,60,-5.9700000000000006,null,0,0]
[null,"Deferral/Variance Account Disposition Global 2013",null,"per kW",null,null,60,0,null,9.9199999999999997E-2,60,5.952,null,5.952,""]
[null,"Low Voltage Service Charge",null,null,null,null,60,{"$f":"G39*F39","v":0},null,null,60,{"$f":"K39*J39","v":0},null,{"$f":"L39-H39","v":0},{"$f":"IF((H39)=0,\"\",(N39/H39))","v":""}]
[null,"Smart Meter Entity Charge",null,null,null,null,null,null,null,null,60,{"$f":"K40*J40","v":0},null,{"$f":"L40-H40","v":0}]
[null,"Sub-Total B - Distribution (includes Sub-Total A)",null,null,null,null,null,{"$f":"SUM(H35:H39)+H34","v":386.03199999999998},null,null,null,{"$f":"SUM(L35:L39)+L34","v":383.14600000000002},null,{"$f":"L41-H41","v":-2.8859999999999673},{"$f":"IF((H41)=0,\"\",(N41/H41))","v":-7.4760641604840203E-3}]
[null,"RTSR - Network",null,"per kW",null,2.4354,{"$f":"F12*(1+F68)","v":63.191999999999993},{"$f":"G42*F42","v":153.89779679999998},null,2.5129000000000001,{"$f":"F12*(1+J68)","v":63.191999999999993},{"$f":"K42*J42","v":158.79517679999998},null,4.8973799999999983,3.1822287919848889E-2]
[null,"RTSR - Line and Transformation Connection",null,"per kW",null,1.6828000000000001,{"$f":"G42","v":63.191999999999993},{"$f":"G43*F43","v":106.33949759999999},null,1.6428,{"$f":"K42","v":63.191999999999993},{"$f":"K43*J43","v":103.8118176},null,-2.5276799999999895,-2.3769907297361444E-2]
[null,"Sub-Total C - Delivery (including Sub-Total B)",null,null,null,null,null,{"$f":"SUM(H41:H43)","v":646.26929439999992},null,null,null,{"$f":"SUM(L41:L43)","v":645.75299440000003},null,-0.5162999999998874,-7.9889297615357577E-4]
[null,"Wholesale Market Service Charge (WMSC)",null,"per kWh",null,5.1999999999999998E-3,{"$f":"G48","v":34123.679999999993},{"$f":"G45*F45","v":177.44313599999995},null,{"$f":"'App.2-W_Bill Imp GS<50 5000'!J48","v":5.1999999999999998E-3},{"$f":"K48","v":34123.679999999993},{"$f":"K45*J45","v":177.44313599999995},null,0,0]
[null,"Rural and Remote Rate Protection (RRRP)",null,"per kWh",null,1.1000000000000001E-3,{"$f":"G48","v":34123.679999999993},37.536047999999994,null,{"$f":"'App.2-W_Bill Imp GS<50 5000'!J49","v":1.1000000000000001E-3},{"$f":"K48","v":34123.679999999993},37.536047999999994,null,0,0]
[null,"Standard Supply Service Charge",null,"Monthly",null,0.25,1,0.25,null,{"$f":"'App.2-W_Bill Imp GS<50 5000'!J50","v":0.25},1,0.25,null,0,0]
[null,"Debt Retirement Charge (DRC)",null,"per kWh",null,7.0000000000000001E-3,{"$f":"G51+G52+G53","v":34123.679999999993},238.86575999999997,null,{"$f":"'App.2-W_Bill Imp GS<50 5000'!J51","v":7.0000000000000001E-3},{"$f":"K51+K52+K53","v":34123.679999999993},238.86575999999997,null,0,0]
[null,"Energy - RPP - Tier 1",null,null,null,{"$f":"J49","v":7.3999999999999996E-2},null,{"$f":"G49*F49","v":0},null,{"$f":"'App.2-W_Bill Imp GS<50 5000'!J52","v":7.3999999999999996E-2},null,{"$f":"K49*J49","v":0},null,0,""]
[null,"Energy - RPP - Tier 2",null,null,null,{"$f":"J50","v":8.6999999999999994E-2},{"$f":"IF($T$1=1,IF($F$12>=600,$F$12*(1+$F$68)-600,IF($F$12<600,0,)), IF($T$1=2,IF($F$12>=1000,$F$12*(1+$F$68)-1000,IF($F$12<1000,0))))","v":0},{"$f":"G50*F50","v":0},null,{"$f":"'App.2-W_Bill Imp GS<50 5000'!J53","v":8.6999999999999994E-2},{"$f":"IF($T$1=1,IF($F$12>=600,$F$12*(1+$J$68)-600,IF($F$12<600,0,)), IF($T$1=2,IF($F$12>=1000,$F$12*(1+$J$68)-1000,IF($F$12<1000,0))))","v":0},{"$f":"K50*J50","v":0},null,0,""]
[null,"TOU - Off Peak",null,null,null,{"$f":"J51","v":6.3E-2},{"$f":"0.64*$F$13*(1+$F$68)","v":21839.155199999997},1375.8667775999998,null,{"$f":"'App.2-W_Bill Imp GS<50 5000'!J54","v":6.3E-2},{"$f":"0.64*$F$13*(1+$J$68)","v":21839.155199999997},1375.8667775999998,null,0,0]
[null,"TOU - Mid Peak",null,null,null,{"$f":"J52","v":9.9000000000000005E-2},{"$f":"0.18*$F$13*(1+$F$68)","v":6142.2623999999996},608.08397760000003,null,{"$f":"'App.2-W_Bill Imp GS<50 5000'!J55","v":9.9000000000000005E-2},{"$f":"0.18*$F$13*(1+$J$68)","v":6142.2623999999996},608.08397760000003,null,0,0]
[null,"TOU - On Peak",null,null,null,{"$f":"J53","v":0.11799999999999999},{"$f":"0.18*$F$13*(1+$F$68)","v":6142.2623999999996},724.78696319999995,null,{"$f":"'App.2-W_Bill Imp GS<50 5000'!J56","v":0.11799999999999999},{"$f":"0.18*$F$13*(1+$J$68)","v":6142.2623999999996},724.78696319999995,null,0,0]
[]
[null,"Total Bill on RPP (before Taxes)",null,null,null,null,null,0,null,null,null,0,null,0,""]
[null,"HST",null,null,null,0.13,null,{"$f":"H55*F56","v":0},null,0.13,null,{"$f":"L55*J56","v":0},null,0,""]
[null,"Total Bill (including HST)",null,null,null,null,null,{"$f":"H55+H56","v":0},null,null,null,{"$f":"L55+L56","v":0},null,0,""]
[null,"Ontario Clean Energy Benefit 1",null,null,null,null,null,{"$f":"ROUND(-H57*10%,2)","v":0},null,null,null,{"$f":"ROUND(-L57*10%,2)","v":0},null,0,""]
[null,"Total Bill on RPP (including OCEB)",null,null,null,null,null,{"$f":"SUM(H57:H58)","v":0},null,null,null,{"$f":"SUM(L57:L58)","v":0},null,0,""]
[]
[null,"Total Bill on TOU (before Taxes)",null,null,null,null,null,{"$f":"SUM(H44:H48,H51:H53)","v":3809.1019568000002},null,null,null,{"$f":"SUM(L44:L48,L51:L53)","v":3808.5856567999999},null,{"$f":"L61-H61","v":-0.51630000000022847},{"$f":"IF((H61)=0,\"\",(N61/H61))","v":-1.3554375961991012E-4}]
[null,"HST",null,null,null,0.13,null,{"$f":"H61*F62","v":495.18325438400001},null,0.13,null,{"$f":"L61*J62","v":495.11613538400002},null,-6.7118999999991047E-2,-1.3554375961983206E-4]
[null,"Total Bill (including HST)",null,null,null,null,null,{"$f":"H61+H62","v":4304.2852111840002},null,null,null,{"$f":"L61+L62","v":4303.7017921839997},null,-0.58341900000050373,-1.3554375961996717E-4]
[null,"Ontario Clean Energy Benefit 1",null,null,null,null,null,{"$f":"ROUND(-H63*10%,2)","v":-430.43},null,null,null,{"$f":"ROUND(-L63*10%,2)","v":-430.37},null,6.0000000000002274E-2,-1.393954882327028E-4]
[null,"Total Bill on TOU (including OCEB)",null,null,null,null,null,{"$f":"H63+H64","v":3873.8552111840004},null,null,null,{"$f":"L63+L64","v":3873.3317921839998},null,-0.5234190000005583,-1.3511578814030613E-4]
[]
[]
[null,"Loss Factor (%)",null,null,null,5.3199999999999997E-2,null,null,null,5.3199999999999997E-2]
[]
["1 Applicable to eligible customers only.  Refer to the Ontario Clean Energy Benefit Act, 2010."]
[]
["Note that the \"Charge $\" columns provide breakdowns of the amounts that each bill component contributes to the total monthly bill at the referenced "]
["consumption level at existing and proposed rates."]
[]
["Applicants must provide bill impacts for residential at 800 kWh and GS<50kW at 2000 kWh. In addition, their filing should cover the range that is relevant"]
["to their service territory, class by class. A general guideline of consumption levels follows:"]
[]
["Residential (kWh) - 100, 250, 500, 800, 1000, 1500, 2000"]
["GS<50kW (kWh) - 1000, 2000, 5000, 10000, 15000"]
["GS>50kW (kW) - 60, 100, 500, 1000"]
["Large User - range appropriate for utility"]
["Lighting Classes and USL - 150 kWh and 1 kW, range appropriate for utility."]

{"sheet":"App.2-W_Bill Imp GS>50 60 (2)","index":51,"n_rows":86,"n_cols":20,"rows_kept":86,"cut":false,"hidden":false,"merged":[[68,1,68,3],[19,3,20,3],[19,13,20,13],[19,14,20,14],[61,1,61,3],[62,1,62,3],[67,1,67,3],[2,0,2,10],[9,1,9,14],[10,1,10,14],[13,3,13,14],[18,5,18,7],[18,9,18,11],[18,13,18,14]]}
[null,null,null,null,null,null,null,null,null,null,null,null,null,"File Number:",{"$f":"'LDC Info'!$E$18","v":"EB-2012-0173"},null,null,null,null,1]
[null,null,null,null,null,null,null,null,null,null,null,null,null,"Exhibit:",8]
[null,null,null,null,null,null,null,null,null,null,null,null,null,"Tab:",1]
[null,null,null,null,null,null,null,null,null,null,null,null,null,"Schedule:",11]
[null,null,null,null,null,null,null,null,null,null,null,null,null,"Page:","9 of 17"]
[]
[null,null,null,null,null,null,null,null,null,null,null,null,null,"Date:","Aug 31, 2012"]
[]
[]
[null,"Appendix 2-W"]
[null,"Bill Impacts"]
[]
[]
[null,"Customer Class:",null,"GS>50"]
[]
[null,null,null,"Consumption",null,60,"kW"]
[null,null,null,null,null,10000,"kWh"]
[]
[null,null,null,null,null,"Current Board-Approved",null,null,null,"Proposed",null,null,null,"Impact"]
[null,null,null,"Charge Unit",null,"Rate","Volume","Charge",null,"Rate","Volume","Charge",null,"$ Change","% Change"]
[null,null,null,null,null,"($)",null,"($)",null,"($)",null,"($)"]
[null,"Monthly Service Charge",null,"Monthly",null,339.49,1,{"$f":"G22*F22","v":339.49},null,{"$f":"'App.2-W_Bill Imp GS>50 60'!J18","v":267.94},1,{"$f":"K22*J22","v":267.94},null,{"$f":"L22-H22","v":-71.550000000000011},{"$f":"IF((H22)=0,\"\",(N22/H22))","v":-0.21075731243924714}]
[null,"Smart Meter Rate Adder",null,null,null,null,1,{"$f":"G23*F23","v":0},null,null,1,{"$f":"K23*J23","v":0},null,{"$f":"L23-H23","v":0},{"$f":"IF((H23)=0,\"\",(N23/H23))","v":""}]
[null,"Smart Meter Residual ",null,"Monthly",null,0,1,0,null,0,1,{"$f":"K24*J24","v":0},null,{"$f":"L24-H24","v":0},{"$f":"IF((H24)=0,\"\",(N24/H24))","v":""}]
[null,"Stranded Meter Rate Rider",null,"Monthly",null,null,1,0,null,null,1,0,null,0,""]
[null,null,null,null,null,null,1,0,null,null,1,0,null,0,""]
[null,null,null,null,null,null,1,0,null,null,1,0,null,0,""]
[null,"Distribution Volumetric Rate",null,"per kW",null,1.3977999999999999,{"$f":"$F$16","v":60},83.867999999999995,null,{"$f":"'App.2-W_Bill Imp GS>50 60'!J24","v":2.3435000000000001},{"$f":"$F$16","v":60},140.61000000000001,null,56.742000000000019,0.67656317069680949]
[null,"Smart Meter Disposition Rider",null,null,null,null,{"$f":"$F$16","v":60},0,null,null,{"$f":"$F$16","v":60},0,null,0,""]
[null,"LRAM & SSM Rate Rider",null,null,null,null,{"$f":"$F$16","v":60},0,null,null,60,0,null,0,""]
[null,"Disposition-Residual Smart",null,null,null,null,{"$f":"$F$16","v":60},0,null,null,60,0,null,0,""]
[null,null,null,null,null,null,60,0,null,null,60,0,null,0,""]
[null,null,null,null,null,null,60,0,null,null,60,0,null,0,""]
[null,null,null,null,null,null,60,0,null,null,60,0,null,0,""]
[null,null,null,null,null,null,60,0,null,null,60,0,null,0,""]
[null,null,null,null,null,null,60,0,null,null,60,0,null,0,""]
[null,null,null,null,null,null,60,0,null,null,60,0,null,0,""]
[null,"Sub-Total A",null,null,null,null,null,{"$f":"SUM(H22:H37)","v":423.358},null,null,null,{"$f":"SUM(L22:L37)","v":408.55},null,-14.807999999999993,-3.4977489500611761E-2]
[null,"Deferral/Variance Account Disposition Rate Rider 2012",null,"per kW",null,-0.52259999999999995,{"$f":"$F$16","v":60},{"$f":"G39*F39","v":-31.355999999999998},null,{"$f":"'App.2-W_Bill Imp GS>50 60'!J35","v":-0.52259999999999995},{"$f":"$F$16","v":60},{"$f":"K39*J39","v":-31.355999999999998},null,{"$f":"L39-H39","v":0},{"$f":"IF((H39)=0,\"\",(N39/H39))","v":0}]
[null,"Deferral/Variance Account Disposition Rate Rider 2013",null,"per kW",null,null,{"$f":"$F$16","v":60},{"$f":"G40*F40","v":0},null,{"$f":"'App.2-W_Bill Imp GS>50 60'!J36","v":9.9500000000000005E-2},{"$f":"$F$16","v":60},{"$f":"K40*J40","v":5.9700000000000006},null,{"$f":"L40-H40","v":5.9700000000000006},{"$f":"IF((H40)=0,\"\",(N40/H40))","v":""}]
[null,"Deferral/Variance Account Disposition Global 2012",null,"per kW",null,-9.9500000000000005E-2,60,-5.9700000000000006,null,{"$f":"'App.2-W_Bill Imp GS>50 60'!J37","v":-9.9500000000000005E-2},60,-5.9700000000000006,null,0,0]
[null,"Deferral/Variance Account Disposition Global 2013",null,"per kW",null,null,60,0,null,{"$f":"'App.2-W_Bill Imp GS>50 60'!J38","v":9.9199999999999997E-2},60,5.952,null,5.952,""]
[null,"Low Voltage Service Charge",null,null,null,null,60,{"$f":"G43*F43","v":0},null,null,60,{"$f":"K43*J43","v":0},null,{"$f":"L43-H43","v":0},{"$f":"IF((H43)=0,\"\",(N43/H43))","v":""}]
[null,"Smart Meter Entity Charge",null,null,null,null,null,null,null,null,60,{"$f":"K44*J44","v":0},null,{"$f":"L44-H44","v":0}]
[null,"Sub-Total B - Distribution (includes Sub-Total A)",null,null,null,null,null,{"$f":"SUM(H39:H43)+H38","v":386.03199999999998},null,null,null,{"$f":"SUM(L39:L43)+L38","v":383.14600000000002},null,{"$f":"L45-H45","v":-2.8859999999999673},{"$f":"IF((H45)=0,\"\",(N45/H45))","v":-7.4760641604840203E-3}]
[null,"RTSR - Network",null,"per kW",null,2.4354,{"$f":"F16*(1+F72)","v":63.191999999999993},{"$f":"G46*F46","v":153.89779679999998},null,{"$f":"'App.2-W_Bill Imp GS>50 60'!J42","v":2.5129000000000001},{"$f":"F16*(1+J72)","v":63.191999999999993},{"$f":"K46*J46","v":158.79517679999998},null,4.8973799999999983,3.1822287919848889E-2]
[null,"RTSR - Line and Transformation Connection",null,"per kW",null,1.6828000000000001,{"$f":"G46","v":63.191999999999993},{"$f":"G47*F47","v":106.33949759999999},null,{"$f":"'App.2-W_Bill Imp GS>50 60'!J43","v":1.6428},{"$f":"K46","v":63.191999999999993},{"$f":"K47*J47","v":103.8118176},null,-2.5276799999999895,-2.3769907297361444E-2]
[null,"Sub-Total C - Delivery (including Sub-Total B)",null,null,null,null,null,{"$f":"SUM(H45:H47)","v":646.26929439999992},null,null,null,{"$f":"SUM(L45:L47)","v":645.75299440000003},null,-0.5162999999998874,-7.9889297615357577E-4]
[null,"Wholesale Market Service Charge (WMSC)",null,"per kWh",null,5.1999999999999998E-3,{"$f":"G52","v":10532},{"$f":"G49*F49","v":54.766399999999997},null,{"$f":"'App.2-W_Bill Imp GS>50 60'!J45","v":5.1999999999999998E-3},{"$f":"K52","v":10532},{"$f":"K49*J49","v":54.766399999999997},null,0,0]
[null,"Rural and Remote Rate Protection (RRRP)",null,"per kWh",null,1.1000000000000001E-3,{"$f":"G52","v":10532},11.5852,null,{"$f":"'App.2-W_Bill Imp GS>50 60'!J46","v":1.1000000000000001E-3},{"$f":"K52","v":10532},11.5852,null,0,0]
[null,"Standard Supply Service Charge",null,"Monthly",null,0.25,1,0.25,null,{"$f":"'App.2-W_Bill Imp GS>50 60'!J47","v":0.25},1,0.25,null,0,0]
[null,"Debt Retirement Charge (DRC)",null,"per kWh",null,7.0000000000000001E-3,{"$f":"G55+G56+G57","v":10532},73.724000000000004,null,{"$f":"'App.2-W_Bill Imp GS>50 60'!J48","v":7.0000000000000001E-3},{"$f":"K55+K56+K57","v":10532},73.724000000000004,null,0,0]
[null,"Energy - RPP - Tier 1",null,null,null,{"$f":"J53","v":7.3999999999999996E-2},null,{"$f":"G53*F53","v":0},null,{"$f":"'App.2-W_Bill Imp GS>50 60'!J49","v":7.3999999999999996E-2},null,{"$f":"K53*J53","v":0},null,0,""]
[null,"Energy - RPP - Tier 2",null,null,null,{"$f":"J54","v":8.6999999999999994E-2},{"$f":"IF($T$1=1,IF($F$16>=600,$F$16*(1+$F$72)-600,IF($F$16<600,0,)), IF($T$1=2,IF($F$16>=1000,$F$16*(1+$F$72)-1000,IF($F$16<1000,0))))","v":0},{"$f":"G54*F54","v":0},null,{"$f":"'App.2-W_Bill Imp GS>50 60'!J50","v":8.6999999999999994E-2},{"$f":"IF($T$1=1,IF($F$16>=600,$F$16*(1+$J$72)-600,IF($F$16<600,0,)), IF($T$1=2,IF($F$16>=1000,$F$16*(1+$J$72)-1000,IF($F$16<1000,0))))","v":0},{"$f":"K54*J54","v":0},null,0,""]
[null,"TOU - Off Peak",null,null,null,{"$f":"J55","v":6.3E-2},{"$f":"0.64*$F$17*(1+$F$72)","v":6740.48},424.65024,null,{"$f":"'App.2-W_Bill Imp GS>50 60'!J51","v":6.3E-2},{"$f":"0.64*$F$17*(1+$J$72)","v":6740.48},424.65024,null,0,0]
[null,"TOU - Mid Peak",null,null,null,{"$f":"J56","v":9.9000000000000005E-2},{"$f":"0.18*$F$17*(1+$F$72)","v":1895.7599999999998},187.68024,null,{"$f":"'App.2-W_Bill Imp GS>50 60'!J52","v":9.9000000000000005E-2},{"$f":"0.18*$F$17*(1+$J$72)","v":1895.7599999999998},187.68024,null,0,0]
[null,"TOU - On Peak",null,null,null,{"$f":"J57","v":0.11799999999999999},{"$f":"0.18*$F$17*(1+$F$72)","v":1895.7599999999998},223.69967999999997,null,{"$f":"'App.2-W_Bill Imp GS>50 60'!J53","v":0.11799999999999999},{"$f":"0.18*$F$17*(1+$J$72)","v":1895.7599999999998},223.69967999999997,null,0,0]
[]
[null,"Total Bill on RPP (before Taxes)",null,null,null,null,null,0,null,null,null,0,null,0,""]
[null,"HST",null,null,null,0.13,null,{"$f":"H59*F60","v":0},null,0.13,null,{"$f":"L59*J60","v":0},null,0,""]
[null,"Total Bill (including HST)",null,null,null,null,null,{"$f":"H59+H60","v":0},null,null,null,{"$f":"L59+L60","v":0},null,0,""]
[null,"Ontario Clean Energy Benefit 1",null,null,null,null,null,{"$f":"ROUND(-H61*10%,2)","v":0},null,null,null,{"$f":"ROUND(-L61*10%,2)","v":0},null,0,""]
[null,"Total Bill on RPP (including OCEB)",null,null,null,null,null,{"$f":"SUM(H61:H62)","v":0},null,null,null,{"$f":"SUM(L61:L62)","v":0},null,0,""]
[]
[null,"Total Bill on TOU (before Taxes)",null,null,null,null,null,{"$f":"SUM(H48:H52,H55:H57)","v":1622.6250543999997},null,null,null,{"$f":"SUM(L48:L52,L55:L57)","v":1622.1087544},null,{"$f":"L65-H65","v":-0.51629999999977372},{"$f":"IF((H65)=0,\"\",(N65/H65))","v":-3.1818811043237999E-4}]
[null,"HST",null,null,null,0.13,null,{"$f":"H65*F66","v":210.94125707199998},null,0.13,null,{"$f":"L65*J66","v":210.87413807199999},null,-6.7118999999991047E-2,-3.1818811043247698E-4]
[null,"Total Bill (including HST)",null,null,null,null,null,{"$f":"H65+H66","v":1833.5663114719996},null,null,null,{"$f":"L65+L66","v":1832.982892472},null,-0.58341899999959423,-3.1818811043229819E-4]
[null,"Ontario Clean Energy Benefit 1",null,null,null,null,null,{"$f":"ROUND(-H67*10%,2)","v":-183.36},null,null,null,{"$f":"ROUND(-L67*10%,2)","v":-183.3},null,6.0000000000002274E-2,-3.2722513089006474E-4]
[null,"Total Bill on TOU (including OCEB)",null,null,null,null,null,{"$f":"H67+H68","v":1650.2063114719995},null,null,null,{"$f":"L67+L68","v":1649.682892472},null,-0.52341899999942143,-3.1718397654928779E-4]
[]
[]
[null,"Loss Factor (%)",null,null,null,5.3199999999999997E-2,null,null,null,5.3199999999999997E-2]
[]
["1 Applicable to eligible customers only.  Refer to the Ontario Clean Energy Benefit Act, 2010."]
[]
["Note that the \"Charge $\" columns provide breakdowns of the amounts that each bill component contributes to the total monthly bill at the referenced "]
["consumption level at existing and proposed rates."]
[]
["Applicants must provide bill impacts for residential at 800 kWh and GS<50kW at 2000 kWh. In addition, their filing should cover the range that is relevant"]
["to their service territory, class by class. A general guideline of consumption levels follows:"]
[]
["Residential (kWh) - 100, 250, 500, 800, 1000, 1500, 2000"]
["GS<50kW (kWh) - 1000, 2000, 5000, 10000, 15000"]
["GS>50kW (kW) - 60, 100, 500, 1000"]
["Large User - range appropriate for utility"]
["Lighting Classes and USL - 150 kWh and 1 kW, range appropriate for utility."]

{"sheet":"App.2-W_Bill Imp GS>50 250","index":52,"n_rows":86,"n_cols":20,"rows_kept":86,"cut":false,"hidden":false,"merged":[[68,1,68,3],[19,3,20,3],[19,13,20,13],[19,14,20,14],[61,1,61,3],[62,1,62,3],[67,1,67,3],[2,0,2,10],[9,1,9,14],[10,1,10,14],[13,3,13,14],[18,5,18,7],[18,9,18,11],[18,13,18,14]]}
[null,null,null,null,null,null,null,null,null,null,null,null,null,"File Number:",{"$f":"'LDC Info'!$E$18","v":"EB-2012-0173"},null,null,null,null,1]
[null,null,null,null,null,null,null,null,null,null,null,null,null,"Exhibit:",8]
[null,null,null,null,null,null,null,null,null,null,null,null,null,"Tab:",1]
[null,null,null,null,null,null,null,null,null,null,null,null,null,"Schedule:",11]
[null,null,null,null,null,null,null,null,null,null,null,null,null,"Page:","10 of 17"]
[]
[null,null,null,null,null,null,null,null,null,null,null,null,null,"Date:","Aug 31, 2012"]
[]
[]
[null,"Appendix 2-W"]
[null,"Bill Impacts"]
[]
[]
[null,"Customer Class:",null,"GS>50"]
[]
[null,null,null,"Consumption",null,250,"kW"]
[null,null,null,null,null,50400,"kWh"]
[]
[null,null,null,null,null,"Current Board-Approved",null,null,null,"Proposed",null,null,null,"Impact"]
[null,null,null,"Charge Unit",null,"Rate","Volume","Charge",null,"Rate","Volume","Charge",null,"$ Change","% Change"]
[null,null,null,null,null,"($)",null,"($)",null,"($)",null,"($)"]
[null,"Monthly Service Charge",null,"Monthly",null,339.49,1,{"$f":"G22*F22","v":339.49},null,{"$f":"'App.2-W_Bill Imp GS>50 60 (2)'!J22","v":267.94},1,{"$f":"K22*J22","v":267.94},null,{"$f":"L22-H22","v":-71.550000000000011},{"$f":"IF((H22)=0,\"\",(N22/H22))","v":-0.21075731243924714}]
[null,"Smart Meter Rate Adder",null,null,null,null,1,{"$f":"G23*F23","v":0},null,null,1,{"$f":"K23*J23","v":0},null,{"$f":"L23-H23","v":0},{"$f":"IF((H23)=0,\"\",(N23/H23))","v":""}]
[null,"Smart Meter Residual ",null,"Monthly",null,0,1,0,null,0,1,{"$f":"K24*J24","v":0},null,{"$f":"L24-H24","v":0},{"$f":"IF((H24)=0,\"\",(N24/H24))","v":""}]
[null,"Stranded Meter Rate Rider",null,"Monthly",null,null,1,0,null,null,1,0,null,0,""]
[null,null,null,null,null,null,1,0,null,null,1,0,null,0,""]
[null,null,null,null,null,null,1,0,null,null,1,0,null,0,""]
[null,"Distribution Volumetric Rate",null,"per kW",null,1.3977999999999999,{"$f":"$F$16","v":250},349.45,null,{"$f":"'App.2-W_Bill Imp GS>50 60 (2)'!J28","v":2.3435000000000001},{"$f":"$F$16","v":250},585.875,null,236.42500000000001,0.67656317069680938]
[null,"Smart Meter Disposition Rider",null,null,null,null,{"$f":"$F$16","v":250},0,null,null,{"$f":"$F$16","v":250},0,null,0,""]
[null,"LRAM & SSM Rate Rider",null,null,null,null,{"$f":"$F$16","v":250},0,null,null,250,0,null,0,""]
[null,"Disposition-Residual Smart",null,null,null,null,{"$f":"$F$16","v":250},0,null,null,250,0,null,0,""]
[null,null,null,null,null,null,250,0,null,null,250,0,null,0,""]
[null,null,null,null,null,null,250,0,null,null,250,0,null,0,""]
[null,null,null,null,null,null,250,0,null,null,250,0,null,0,""]
[null,null,null,null,null,null,250,0,null,null,250,0,null,0,""]
[null,null,null,null,null,null,250,0,null,null,250,0,null,0,""]
[null,null,null,null,null,null,250,0,null,null,250,0,null,0,""]
[null,"Sub-Total A",null,null,null,null,null,{"$f":"SUM(H22:H37)","v":688.94},null,null,null,{"$f":"SUM(L22:L37)","v":853.81500000000005},null,164.875,0.2393169216477487]
[null,"Deferral/Variance Account Disposition Rate Rider 2012",null,"per kW",null,-0.52259999999999995,{"$f":"$F$16","v":250},{"$f":"G39*F39","v":-130.64999999999998},null,{"$f":"'App.2-W_Bill Imp GS>50 60 (2)'!J39","v":-0.52259999999999995},{"$f":"$F$16","v":250},{"$f":"K39*J39","v":-130.64999999999998},null,{"$f":"L39-H39","v":0},{"$f":"IF((H39)=0,\"\",(N39/H39))","v":0}]
[null,"Deferral/Variance Account Disposition Rate Rider 2013",null,"per kW",null,null,{"$f":"$F$16","v":250},{"$f":"G40*F40","v":0},null,{"$f":"'App.2-W_Bill Imp GS>50 60 (2)'!J40","v":9.9500000000000005E-2},{"$f":"$F$16","v":250},{"$f":"K40*J40","v":24.875},null,{"$f":"L40-H40","v":24.875},{"$f":"IF((H40)=0,\"\",(N40/H40))","v":""}]
[null,"Deferral/Variance Account Disposition Global 2012",null,"per kW",null,-9.9500000000000005E-2,250,-24.875,null,{"$f":"'App.2-W_Bill Imp GS>50 60 (2)'!J41","v":-9.9500000000000005E-2},250,-24.875,null,0,0]
[null,"Deferral/Variance Account Disposition Global 2013",null,"per kW",null,null,250,0,null,{"$f":"'App.2-W_Bill Imp GS>50 60 (2)'!J42","v":9.9199999999999997E-2},250,24.8,null,24.8,""]
[null,"Low Voltage Service Charge",null,null,null,null,250,{"$f":"G43*F43","v":0},null,null,250,{"$f":"K43*J43","v":0},null,{"$f":"L43-H43","v":0},{"$f":"IF((H43)=0,\"\",(N43/H43))","v":""}]
[null,"Smart Meter Entity Charge",null,null,null,null,null,null,null,null,250,{"$f":"K44*J44","v":0},null,{"$f":"L44-H44","v":0}]
[null,"Sub-Total B - Distribution (includes Sub-Total A)",null,null,null,null,null,{"$f":"SUM(H39:H43)+H38","v":533.41500000000008},null,null,null,{"$f":"SUM(L39:L43)+L38","v":747.96500000000003},null,{"$f":"L45-H45","v":214.54999999999995},{"$f":"IF((H45)=0,\"\",(N45/H45))","v":0.4022196601145448}]
[null,"RTSR - Network",null,"per kW",null,2.4354,{"$f":"F16*(1+F72)","v":263.29999999999995},{"$f":"G46*F46","v":641.24081999999987},null,{"$f":"'App.2-W_Bill Imp GS>50 60 (2)'!J46","v":2.5129000000000001},{"$f":"F16*(1+J72)","v":263.29999999999995},{"$f":"K46*J46","v":661.64656999999988},null,20.405750000000012,3.1822287919848917E-2]
[null,"RTSR - Line and Transformation Connection",null,"per kW",null,1.6828000000000001,{"$f":"G46","v":263.29999999999995},{"$f":"G47*F47","v":443.08123999999992},null,{"$f":"'App.2-W_Bill Imp GS>50 60 (2)'!J47","v":1.6428},{"$f":"K46","v":263.29999999999995},{"$f":"K47*J47","v":432.54923999999994},null,-10.531999999999982,-2.3769907297361503E-2]
[null,"Sub-Total C - Delivery (including Sub-Total B)",null,null,null,null,null,{"$f":"SUM(H45:H47)","v":1617.7370599999999},null,null,null,{"$f":"SUM(L45:L47)","v":1842.1608099999999},null,224.42374999999993,0.13872696345350458]
[null,"Wholesale Market Service Charge (WMSC)",null,"per kWh",null,5.1999999999999998E-3,{"$f":"G52","v":53081.279999999999},{"$f":"G49*F49","v":276.02265599999998},null,{"$f":"'App.2-W_Bill Imp GS>50 60 (2)'!J49","v":5.1999999999999998E-3},{"$f":"K52","v":53081.279999999999},{"$f":"K49*J49","v":276.02265599999998},null,0,0]
[null,"Rural and Remote Rate Protection (RRRP)",null,"per kWh",null,1.1000000000000001E-3,{"$f":"G52","v":53081.279999999999},58.389408000000003,null,{"$f":"'App.2-W_Bill Imp GS>50 60 (2)'!J50","v":1.1000000000000001E-3},{"$f":"K52","v":53081.279999999999},58.389408000000003,null,0,0]
[null,"Standard Supply Service Charge",null,"Monthly",null,0.25,1,0.25,null,{"$f":"'App.2-W_Bill Imp GS>50 60 (2)'!J51","v":0.25},1,0.25,null,0,0]
[null,"Debt Retirement Charge (DRC)",null,"per kWh",null,7.0000000000000001E-3,{"$f":"G55+G56+G57","v":53081.279999999999},371.56896,null,{"$f":"'App.2-W_Bill Imp GS>50 60 (2)'!J52","v":7.0000000000000001E-3},{"$f":"K55+K56+K57","v":53081.279999999999},371.56896,null,0,0]
[null,"Energy - RPP - Tier 1",null,null,null,{"$f":"J53","v":7.3999999999999996E-2},null,{"$f":"G53*F53","v":0},null,{"$f":"'App.2-W_Bill Imp GS>50 60 (2)'!J53","v":7.3999999999999996E-2},null,{"$f":"K53*J53","v":0},null,0,""]
[null,"Energy - RPP - Tier 2",null,null,null,{"$f":"J54","v":8.6999999999999994E-2},{"$f":"IF($T$1=1,IF($F$16>=600,$F$16*(1+$F$72)-600,IF($F$16<600,0,)), IF($T$1=2,IF($F$16>=1000,$F$16*(1+$F$72)-1000,IF($F$16<1000,0))))","v":0},{"$f":"G54*F54","v":0},null,{"$f":"'App.2-W_Bill Imp GS>50 60 (2)'!J54","v":8.6999999999999994E-2},{"$f":"IF($T$1=1,IF($F$16>=600,$F$16*(1+$J$72)-600,IF($F$16<600,0,)), IF($T$1=2,IF($F$16>=1000,$F$16*(1+$J$72)-1000,IF($F$16<1000,0))))","v":0},{"$f":"K54*J54","v":0},null,0,""]
[null,"TOU - Off Peak",null,null,null,{"$f":"J55","v":6.3E-2},{"$f":"0.64*$F$17*(1+$F$72)","v":33972.019199999995},2140.2372095999999,null,{"$f":"'App.2-W_Bill Imp GS>50 60 (2)'!J55","v":6.3E-2},{"$f":"0.64*$F$17*(1+$J$72)","v":33972.019199999995},2140.2372095999999,null,0,0]
[null,"TOU - Mid Peak",null,null,null,{"$f":"J56","v":9.9000000000000005E-2},{"$f":"0.18*$F$17*(1+$F$72)","v":9554.6304},945.90840960000003,null,{"$f":"'App.2-W_Bill Imp GS>50 60 (2)'!J56","v":9.9000000000000005E-2},{"$f":"0.18*$F$17*(1+$J$72)","v":9554.6304},945.90840960000003,null,0,0]
[null,"TOU - On Peak",null,null,null,{"$f":"J57","v":0.11799999999999999},{"$f":"0.18*$F$17*(1+$F$72)","v":9554.6304},1127.4463871999999,null,{"$f":"'App.2-W_Bill Imp GS>50 60 (2)'!J57","v":0.11799999999999999},{"$f":"0.18*$F$17*(1+$J$72)","v":9554.6304},1127.4463871999999,null,0,0]
[]
[null,"Total Bill on RPP (before Taxes)",null,null,null,null,null,0,null,null,null,0,null,0,""]
[null,"HST",null,null,null,0.13,null,{"$f":"H59*F60","v":0},null,0.13,null,{"$f":"L59*J60","v":0},null,0,""]
[null,"Total Bill (including HST)",null,null,null,null,null,{"$f":"H59+H60","v":0},null,null,null,{"$f":"L59+L60","v":0},null,0,""]
[null,"Ontario Clean Energy Benefit 1",null,null,null,null,null,{"$f":"ROUND(-H61*10%,2)","v":0},null,null,null,{"$f":"ROUND(-L61*10%,2)","v":0},null,0,""]
[null,"Total Bill on RPP (including OCEB)",null,null,null,null,null,{"$f":"SUM(H61:H62)","v":0},null,null,null,{"$f":"SUM(L61:L62)","v":0},null,0,""]
[]
[null,"Total Bill on TOU (before Taxes)",null,null,null,null,null,{"$f":"SUM(H48:H52,H55:H57)","v":6537.5600903999994},null,null,null,{"$f":"SUM(L48:L52,L55:L57)","v":6761.9838403999993},null,{"$f":"L65-H65","v":224.42374999999993},{"$f":"IF((H65)=0,\"\",(N65/H65))","v":3.4328365154081296E-2}]
[null,"HST",null,null,null,0.13,null,{"$f":"H65*F66","v":849.88281175199995},null,0.13,null,{"$f":"L65*J66","v":879.05789925199997},null,29.175087500000018,3.4328365154081331E-2]
[null,"Total Bill (including HST)",null,null,null,null,null,{"$f":"H65+H66","v":7387.4429021519991},null,null,null,{"$f":"L65+L66","v":7641.0417396519988},null,253.59883749999972,3.4328365154081275E-2]
[null,"Ontario Clean Energy Benefit 1",null,null,null,null,null,{"$f":"ROUND(-H67*10%,2)","v":-738.74},null,null,null,{"$f":"ROUND(-L67*10%,2)","v":-764.1},null,-25.360000000000014,3.4328721877791936E-2]
[null,"Total Bill on TOU (including OCEB)",null,null,null,null,null,{"$f":"H67+H68","v":6648.7029021519993},null,null,null,{"$f":"L67+L68","v":6876.9417396519984},null,228.23883749999914,3.4328325518369097E-2]
[]
[]
[null,"Loss Factor (%)",null,null,null,5.3199999999999997E-2,null,null,null,5.3199999999999997E-2]
[]
["1 Applicable to eligible customers only.  Refer to the Ontario Clean Energy Benefit Act, 2010."]
[]
["Note that the \"Charge $\" columns provide breakdowns of the amounts that each bill component contributes to the total monthly bill at the referenced "]
["consumption level at existing and proposed rates."]
[]
["Applicants must provide bill impacts for residential at 800 kWh and GS<50kW at 2000 kWh. In addition, their filing should cover the range that is relevant"]
["to their service territory, class by class. A general guideline of consumption levels follows:"]
[]
["Residential (kWh) - 100, 250, 500, 800, 1000, 1500, 2000"]
["GS<50kW (kWh) - 1000, 2000, 5000, 10000, 15000"]
["GS>50kW (kW) - 60, 100, 500, 1000"]
["Large User - range appropriate for utility"]
["Lighting Classes and USL - 150 kWh and 1 kW, range appropriate for utility."]

{"sheet":"App.2-W_Bill Imp GS>50 4100","index":53,"n_rows":86,"n_cols":20,"rows_kept":86,"cut":false,"hidden":false,"merged":[[68,1,68,3],[19,3,20,3],[19,13,20,13],[19,14,20,14],[61,1,61,3],[62,1,62,3],[67,1,67,3],[2,0,2,10],[9,1,9,14],[10,1,10,14],[13,3,13,14],[18,5,18,7],[18,9,18,11],[18,13,18,14]]}
[null,null,null,null,null,null,null,null,null,null,null,null,null,"File Number:",{"$f":"'LDC Info'!$E$18","v":"EB-2012-0173"},null,null,null,null,1]
[null,null,null,null,null,null,null,null,null,null,null,null,null,"Exhibit:",8]
[null,null,null,null,null,null,null,null,null,null,null,null,null,"Tab:",1]
[null,null,null,null,null,null,null,null,null,null,null,null,null,"Schedule:",11]
[null,null,null,null,null,null,null,null,null,null,null,null,null,"Page:","11 0f 17"]
[]
[null,null,null,null,null,null,null,null,null,null,null,null,null,"Date:","Aug 31, 2012"]
[]
[]
[null,"Appendix 2-W"]
[null,"Bill Impacts"]
[]
[]
[null,"Customer Class:",null,"GS>50"]
[]
[null,null,null,"Consumption",null,4100,"kW"]
[null,null,null,null,null,1330000,"kWh"]
[]
[null,null,null,null,null,"Current Board-Approved",null,null,null,"Proposed",null,null,null,"Impact"]
[null,null,null,"Charge Unit",null,"Rate","Volume","Charge",null,"Rate","Volume","Charge",null,"$ Change","% Change"]
[null,null,null,null,null,"($)",null,"($)",null,"($)",null,"($)"]
[null,"Monthly Service Charge",null,"Monthly",null,339.49,1,{"$f":"G22*F22","v":339.49},null,{"$f":"'App.2-W_Bill Imp GS>50 250'!J22","v":267.94},1,{"$f":"K22*J22","v":267.94},null,{"$f":"L22-H22","v":-71.550000000000011},{"$f":"IF((H22)=0,\"\",(N22/H22))","v":-0.21075731243924714}]
[null,"Smart Meter Rate Adder",null,null,null,null,1,{"$f":"G23*F23","v":0},null,null,1,{"$f":"K23*J23","v":0},null,{"$f":"L23-H23","v":0},{"$f":"IF((H23)=0,\"\",(N23/H23))","v":""}]
[null,"Smart Meter Residual ",null,"Monthly",null,0,1,0,null,0,1,{"$f":"K24*J24","v":0},null,{"$f":"L24-H24","v":0},{"$f":"IF((H24)=0,\"\",(N24/H24))","v":""}]
[null,"Stranded Meter Rate Rider",null,"Monthly",null,null,1,0,null,null,1,0,null,0,""]
[null,null,null,null,null,null,1,0,null,null,1,0,null,0,""]
[null,null,null,null,null,null,1,0,null,null,1,0,null,0,""]
[null,"Distribution Volumetric Rate",null,"per kW",null,1.3977999999999999,{"$f":"$F$16","v":4100},5730.98,null,{"$f":"'App.2-W_Bill Imp GS>50 250'!J28","v":2.3435000000000001},{"$f":"$F$16","v":4100},9608.35,null,3877.3700000000008,0.67656317069680949]
[null,"Smart Meter Disposition Rider",null,null,null,null,{"$f":"$F$16","v":4100},0,null,null,{"$f":"$F$16","v":4100},0,null,0,""]
[null,"LRAM & SSM Rate Rider",null,null,null,null,{"$f":"$F$16","v":4100},0,null,null,4100,0,null,0,""]
[null,"Disposition-Residual Smart",null,null,null,null,{"$f":"$F$16","v":4100},0,null,null,4100,0,null,0,""]
[null,"Transformer Allowance",null,"per kW",null,-0.7,4100,-2870,null,-0.7,4100,-2870,null,0,0]
[null,null,null,null,null,null,4100,0,null,null,4100,0,null,0,""]
[null,null,null,null,null,null,4100,0,null,null,4100,0,null,0,""]
[null,null,null,null,null,null,4100,0,null,null,4100,0,null,0,""]
[null,null,null,null,null,null,4100,0,null,null,4100,0,null,0,""]
[null,null,null,null,null,null,4100,0,null,null,4100,0,null,0,""]
[null,"Sub-Total A",null,null,null,null,null,{"$f":"SUM(H22:H37)","v":3200.4699999999993},null,null,null,{"$f":"SUM(L22:L37)","v":7006.2900000000009},null,3805.8200000000015,1.1891440944611267]
[null,"Deferral/Variance Account Disposition Rate Rider 2012",null,"per kW",null,-0.52259999999999995,{"$f":"$F$16","v":4100},{"$f":"G39*F39","v":-2142.66},null,{"$f":"'App.2-W_Bill Imp GS>50 250'!J39","v":-0.52259999999999995},{"$f":"$F$16","v":4100},{"$f":"K39*J39","v":-2142.66},null,{"$f":"L39-H39","v":0},{"$f":"IF((H39)=0,\"\",(N39/H39))","v":0}]
[null,"Deferral/Variance Account Disposition Rate Rider 2013",null,"per kW",null,null,{"$f":"$F$16","v":4100},{"$f":"G40*F40","v":0},null,{"$f":"'App.2-W_Bill Imp GS>50 250'!J40","v":9.9500000000000005E-2},{"$f":"$F$16","v":4100},{"$f":"K40*J40","v":407.95000000000005},null,{"$f":"L40-H40","v":407.95000000000005},{"$f":"IF((H40)=0,\"\",(N40/H40))","v":""}]
[null,"Deferral/Variance Account Disposition Global 2012",null,"per kW",null,-9.9500000000000005E-2,4100,-407.95000000000005,null,{"$f":"'App.2-W_Bill Imp GS>50 250'!J41","v":-9.9500000000000005E-2},4100,-407.95000000000005,null,0,0]
[null,"Deferral/Variance Account Disposition Global 2013",null,"per kW",null,null,4100,0,null,{"$f":"'App.2-W_Bill Imp GS>50 250'!J42","v":9.9199999999999997E-2},4100,406.71999999999997,null,406.71999999999997,""]
[null,"Low Voltage Service Charge",null,null,null,null,4100,{"$f":"G43*F43","v":0},null,null,4100,{"$f":"K43*J43","v":0},null,{"$f":"L43-H43","v":0},{"$f":"IF((H43)=0,\"\",(N43/H43))","v":""}]
[null,"Smart Meter Entity Charge",null,null,null,null,null,null,null,null,4100,{"$f":"K44*J44","v":0},null,{"$f":"L44-H44","v":0}]
[null,"Sub-Total B - Distribution (includes Sub-Total A)",null,null,null,null,null,{"$f":"SUM(H39:H43)+H38","v":649.85999999999967},null,null,null,{"$f":"SUM(L39:L43)+L38","v":5270.3500000000013},null,{"$f":"L45-H45","v":4620.4900000000016},{"$f":"IF((H45)=0,\"\",(N45/H45))","v":7.1099775336226321}]
[null,"RTSR - Network",null,"per kW",null,2.4354,{"$f":"F16*(1+F72)","v":4275.07},{"$f":"G46*F46","v":10411.505477999999},null,{"$f":"'App.2-W_Bill Imp GS>50 250'!J46","v":2.5129000000000001},{"$f":"F16*(1+J72)","v":4275.07},{"$f":"K46*J46","v":10742.823403},null,331.3179250000012,3.1822287919849014E-2]
[null,"RTSR - Line and Transformation Connection",null,"per kW",null,1.6828000000000001,{"$f":"G46","v":4275.07},{"$f":"G47*F47","v":7194.0877959999998},null,{"$f":"'App.2-W_Bill Imp GS>50 250'!J47","v":1.6428},{"$f":"K46","v":4275.07},{"$f":"K47*J47","v":7023.0849959999996},null,-171.00280000000021,-2.3769907297361569E-2]
[null,"Sub-Total C - Delivery (including Sub-Total B)",null,null,null,null,null,{"$f":"SUM(H45:H47)","v":18255.453274},null,null,null,{"$f":"SUM(L45:L47)","v":23036.258398999998},null,4780.805124999999,0.26188367131968038]
[null,"Wholesale Market Service Charge (WMSC)",null,"per kWh",null,5.1999999999999998E-3,{"$f":"G52","v":1386791},{"$f":"G49*F49","v":7211.3131999999996},null,{"$f":"'App.2-W_Bill Imp GS>50 250'!J49","v":5.1999999999999998E-3},{"$f":"K52","v":1386791},{"$f":"K49*J49","v":7211.3131999999996},null,0,0]
[null,"Rural and Remote Rate Protection (RRRP)",null,"per kWh",null,1.1000000000000001E-3,{"$f":"G52","v":1386791},1525.4701,null,{"$f":"'App.2-W_Bill Imp GS>50 250'!J50","v":1.1000000000000001E-3},{"$f":"K52","v":1386791},1525.4701,null,0,0]
[null,"Standard Supply Service Charge",null,"Monthly",null,0.25,1,0.25,null,{"$f":"'App.2-W_Bill Imp GS>50 250'!J51","v":0.25},1,0.25,null,0,0]
[null,"Debt Retirement Charge (DRC)",null,"per kWh",null,7.0000000000000001E-3,{"$f":"G55+G56+G57","v":1386791},9707.5370000000003,null,{"$f":"'App.2-W_Bill Imp GS>50 250'!J52","v":7.0000000000000001E-3},{"$f":"K55+K56+K57","v":1386791},9707.5370000000003,null,0,0]
[null,"Energy - RPP - Tier 1",null,null,null,{"$f":"J53","v":7.3999999999999996E-2},null,{"$f":"G53*F53","v":0},null,{"$f":"'App.2-W_Bill Imp GS>50 250'!J53","v":7.3999999999999996E-2},null,{"$f":"K53*J53","v":0},null,0,""]
[null,"Energy - RPP - Tier 2",null,null,null,{"$f":"J54","v":8.6999999999999994E-2},0,{"$f":"G54*F54","v":0},null,{"$f":"'App.2-W_Bill Imp GS>50 250'!J54","v":8.6999999999999994E-2},0,{"$f":"K54*J54","v":0},null,0,""]
[null,"TOU - Off Peak",null,null,null,{"$f":"J55","v":6.3E-2},{"$f":"0.64*$F$17*(1+$F$72)","v":887546.24},55915.413119999997,null,{"$f":"'App.2-W_Bill Imp GS>50 250'!J55","v":6.3E-2},{"$f":"0.64*$F$17*(1+$J$72)","v":887546.24},55915.413119999997,null,0,0]
[null,"TOU - Mid Peak",null,null,null,{"$f":"J56","v":9.9000000000000005E-2},{"$f":"0.18*$F$17*(1+$F$72)","v":249622.38},24712.61562,null,{"$f":"'App.2-W_Bill Imp GS>50 250'!J56","v":9.9000000000000005E-2},{"$f":"0.18*$F$17*(1+$J$72)","v":249622.38},24712.61562,null,0,0]
[null,"TOU - On Peak",null,null,null,{"$f":"J57","v":0.11799999999999999},{"$f":"0.18*$F$17*(1+$F$72)","v":249622.38},29455.440839999999,null,{"$f":"'App.2-W_Bill Imp GS>50 250'!J57","v":0.11799999999999999},{"$f":"0.18*$F$17*(1+$J$72)","v":249622.38},29455.440839999999,null,0,0]
[]
[null,"Total Bill on RPP (before Taxes)",null,null,null,null,null,0,null,null,null,0,null,0,""]
[null,"HST",null,null,null,0.13,null,{"$f":"H59*F60","v":0},null,0.13,null,{"$f":"L59*J60","v":0},null,0,""]
[null,"Total Bill (including HST)",null,null,null,null,null,{"$f":"H59+H60","v":0},null,null,null,{"$f":"L59+L60","v":0},null,0,""]
[null,"Ontario Clean Energy Benefit 1",null,null,null,null,null,{"$f":"ROUND(-H61*10%,2)","v":0},null,null,null,{"$f":"ROUND(-L61*10%,2)","v":0},null,0,""]
[null,"Total Bill on RPP (including OCEB)",null,null,null,null,null,{"$f":"SUM(H61:H62)","v":0},null,null,null,{"$f":"SUM(L61:L62)","v":0},null,0,""]
[]
[null,"Total Bill on TOU (before Taxes)",null,null,null,null,null,{"$f":"SUM(H48:H52,H55:H57)","v":146783.493154},null,null,null,{"$f":"SUM(L48:L52,L55:L57)","v":151564.29827899998},null,{"$f":"L65-H65","v":4780.8051249999844},{"$f":"IF((H65)=0,\"\",(N65/H65))","v":3.2570454771669283E-2}]
[null,"HST",null,null,null,0.13,null,{"$f":"H65*F66","v":19081.854110020002},null,0.13,null,{"$f":"L65*J66","v":19703.358776269997},null,621.50466624999535,3.2570454771669137E-2]
[null,"Total Bill (including HST)",null,null,null,null,null,{"$f":"H65+H66","v":165865.34726402001},null,null,null,{"$f":"L65+L66","v":171267.65705526998},null,5402.3097912499798,3.2570454771669262E-2]
[null,"Ontario Clean Energy Benefit 1",null,null,null,null,null,{"$f":"ROUND(-H67*10%,2)","v":-16586.53},null,null,null,{"$f":"ROUND(-L67*10%,2)","v":-17126.77},null,-540.2400000000016,3.2571007920282398E-2]
[null,"Total Bill on TOU (including OCEB)",null,null,null,null,null,{"$f":"H67+H68","v":149278.81726402001},null,null,null,{"$f":"L67+L68","v":154140.88705527},null,4862.0697912499891,3.2570393310731784E-2]
[]
[]
[null,"Loss Factor (%)",null,null,null,4.2700000000000002E-2,null,null,null,4.2700000000000002E-2]
[]
["1 Applicable to eligible customers only.  Refer to the Ontario Clean Energy Benefit Act, 2010."]
[]
["Note that the \"Charge $\" columns provide breakdowns of the amounts that each bill component contributes to the total monthly bill at the referenced "]
["consumption level at existing and proposed rates."]
[]
["Applicants must provide bill impacts for residential at 800 kWh and GS<50kW at 2000 kWh. In addition, their filing should cover the range that is relevant"]
["to their service territory, class by class. A general guideline of consumption levels follows:"]
[]
["Residential (kWh) - 100, 250, 500, 800, 1000, 1500, 2000"]
["GS<50kW (kWh) - 1000, 2000, 5000, 10000, 15000"]
["GS>50kW (kW) - 60, 100, 500, 1000"]
["Large User - range appropriate for utility"]
["Lighting Classes and USL - 150 kWh and 1 kW, range appropriate for utility."]

{"sheet":"App.2-W_Bill Imp Large ","index":54,"n_rows":86,"n_cols":20,"rows_kept":86,"cut":false,"hidden":false,"merged":[[68,1,68,3],[19,3,20,3],[19,13,20,13],[19,14,20,14],[61,1,61,3],[62,1,62,3],[67,1,67,3],[2,0,2,10],[9,1,9,14],[10,1,10,14],[13,3,13,14],[18,5,18,7],[18,9,18,11],[18,13,18,14]]}
[null,null,null,null,null,null,null,null,null,null,null,null,null,"File Number:",{"$f":"'LDC Info'!$E$18","v":"EB-2012-0173"},null,null,null,null,1]
[null,null,null,null,null,null,null,null,null,null,null,null,null,"Exhibit:",8]
[null,null,null,null,null,null,null,null,null,null,null,null,null,"Tab:",1]
[null,null,null,null,null,null,null,null,null,null,null,null,null,"Schedule:",11]
[null,null,null,null,null,null,null,null,null,null,null,null,null,"Page:","12 of 17"]
[]
[null,null,null,null,null,null,null,null,null,null,null,null,null,"Date:","Aug 31, 2012"]
[]
[]
[null,"Appendix 2-W"]
[null,"Bill Impacts"]
[]
[]
[null,"Customer Class:",null,"Large Use"]
[]
[null,null,null,"Consumption",null,13972,"kW"]
[null,null,null,null,null,4927894,"kWh"]
[]
[null,null,null,null,null,"Current Board-Approved",null,null,null,"Proposed",null,null,null,"Impact"]
[null,null,null,"Charge Unit",null,"Rate","Volume","Charge",null,"Rate","Volume","Charge",null,"$ Change","% Change"]
[null,null,null,null,null,"($)",null,"($)",null,"($)",null,"($)"]
[null,"Monthly Service Charge",null,"Monthly",null,12986.14,1,{"$f":"G22*F22","v":12986.14},null,7676.01,1,{"$f":"K22*J22","v":7676.01},null,{"$f":"L22-H22","v":-5310.1299999999992},{"$f":"IF((H22)=0,\"\",(N22/H22))","v":-0.40890749676193228}]
[null,"Smart Meter Rate Adder",null,null,null,null,1,{"$f":"G23*F23","v":0},null,null,1,{"$f":"K23*J23","v":0},null,{"$f":"L23-H23","v":0},{"$f":"IF((H23)=0,\"\",(N23/H23))","v":""}]
[null,"Smart Meter Residual ",null,"Monthly",null,0,1,0,null,0,1,{"$f":"K24*J24","v":0},null,{"$f":"L24-H24","v":0},{"$f":"IF((H24)=0,\"\",(N24/H24))","v":""}]
[null,"Stranded Meter Rate Rider",null,"Monthly",null,null,1,0,null,null,1,0,null,0,""]
[null,null,null,null,null,null,1,0,null,null,1,0,null,0,""]
[null,null,null,null,null,null,1,0,null,null,1,0,null,0,""]
[null,"Distribution Volumetric Rate",null,"per kW",null,0.86040000000000005,{"$f":"$F$16","v":13972},12021.508800000001,null,0.79479999999999995,{"$f":"$F$16","v":13972},11104.945599999999,null,-916.56320000000233,-7.6243607624360943E-2]
[null,"Smart Meter Disposition Rider",null,null,null,null,{"$f":"$F$16","v":13972},0,null,null,{"$f":"$F$16","v":13972},0,null,0,""]
[null,"LRAM & SSM Rate Rider",null,null,null,null,{"$f":"$F$16","v":13972},0,null,null,13972,0,null,0,""]
[null,"Disposition-Residual Smart",null,null,null,null,{"$f":"$F$16","v":13972},0,null,null,13972,0,null,0,""]
[null,"Transformer Allowance",null,"per kW",null,-0.7,13972,-9780.4,null,-0.7,13972,-9780.4,null,0,0]
[null,null,null,null,null,null,13972,0,null,null,13972,0,null,0,""]
[null,null,null,null,null,null,13972,0,null,null,13972,0,null,0,""]
[null,null,null,null,null,null,13972,0,null,null,13972,0,null,0,""]
[null,null,null,null,null,null,13972,0,null,null,13972,0,null,0,""]
[null,null,null,null,null,null,13972,0,null,null,13972,0,null,0,""]
[null,"Sub-Total A",null,null,null,null,null,{"$f":"SUM(H22:H37)","v":15227.248800000003},null,null,null,{"$f":"SUM(L22:L37)","v":9000.5556000000015},null,-6226.6932000000015,-0.40891780792338539]
[null,"Deferral/Variance Account Disposition Rate Rider 2012",null,"per kW",null,-0.52769999999999995,{"$f":"$F$16","v":13972},{"$f":"G39*F39","v":-7373.0243999999993},null,-0.52769999999999995,{"$f":"$F$16","v":13972},{"$f":"K39*J39","v":-7373.0243999999993},null,{"$f":"L39-H39","v":0},{"$f":"IF((H39)=0,\"\",(N39/H39))","v":0}]
[null,"Deferral/Variance Account Disposition Rate Rider 2013",null,"per kW",null,null,{"$f":"$F$16","v":13972},{"$f":"G40*F40","v":0},null,9.8199999999999996E-2,{"$f":"$F$16","v":13972},{"$f":"K40*J40","v":1372.0503999999999},null,{"$f":"L40-H40","v":1372.0503999999999},{"$f":"IF((H40)=0,\"\",(N40/H40))","v":""}]
[null,"Deferral/Variance Account Disposition Global 2012",null,"per kW",null,-0.10100000000000001,13972,-1411.172,null,-0.10100000000000001,13972,-1411.172,null,0,0]
[null,"Deferral/Variance Account Disposition Global 2013",null,"per kW",null,null,13972,0,null,9.7900000000000001E-2,13972,1367.8588,null,1367.8588,""]
[null,"Low Voltage Service Charge",null,null,null,null,13972,{"$f":"G43*F43","v":0},null,null,13972,{"$f":"K43*J43","v":0},null,{"$f":"L43-H43","v":0},{"$f":"IF((H43)=0,\"\",(N43/H43))","v":""}]
[null,"Smart Meter Entity Charge",null,null,null,null,null,null,null,null,13972,{"$f":"K44*J44","v":0},null,{"$f":"L44-H44","v":0}]
[null,"Sub-Total B - Distribution (includes Sub-Total A)",null,null,null,null,null,{"$f":"SUM(H39:H43)+H38","v":6443.0524000000041},null,null,null,{"$f":"SUM(L39:L43)+L38","v":2956.2684000000027},null,{"$f":"L45-H45","v":-3486.7840000000015},{"$f":"IF((H45)=0,\"\",(N45/H45))","v":-0.54116958601795617}]
[null,"RTSR - Network",null,"per kW",null,1.7701,{"$f":"F16*(1+F72)","v":14034.874},{"$f":"G46*F46","v":24843.130467399998},null,1.8264,{"$f":"F16*(1+J72)","v":14034.874},{"$f":"K46*J46","v":25633.2938736},null,790.16340620000119,3.1806112649002932E-2]
[null,"RTSR - Line and Transformation Connection",null,"per kW",null,2.2383999999999999,{"$f":"G46","v":14034.874},{"$f":"G47*F47","v":31415.661961599999},null,2.1852999999999998,{"$f":"K46","v":14034.874},{"$f":"K47*J47","v":30670.410152199998},null,-745.25180940000064,-2.3722301644031472E-2]
[null,"Sub-Total C - Delivery (including Sub-Total B)",null,null,null,null,null,{"$f":"SUM(H45:H47)","v":62701.844829000001},null,null,null,{"$f":"SUM(L45:L47)","v":59259.972425799999},null,-3441.8724032000027,-5.4892681588343234E-2]
[null,"Wholesale Market Service Charge (WMSC)",null,"per kWh",null,5.1999999999999998E-3,{"$f":"G52","v":4950069.5229999991},{"$f":"G49*F49","v":25740.361519599996},null,5.1999999999999998E-3,{"$f":"K52","v":4950069.5229999991},{"$f":"K49*J49","v":25740.361519599996},null,0,0]
[null,"Rural and Remote Rate Protection (RRRP)",null,"per kWh",null,1.1000000000000001E-3,{"$f":"G52","v":4950069.5229999991},5445.0764752999994,null,1.1000000000000001E-3,{"$f":"K52","v":4950069.5229999991},5445.0764752999994,null,0,0]
[null,"Standard Supply Service Charge",null,"Monthly",null,0.25,1,0.25,null,0.25,1,0.25,null,0,0]
[null,"Debt Retirement Charge (DRC)",null,"per kWh",null,7.0000000000000001E-3,{"$f":"G55+G56+G57","v":4950069.5229999991},34650.486660999995,null,7.0000000000000001E-3,{"$f":"K55+K56+K57","v":4950069.5229999991},34650.486660999995,null,0,0]
[null,"Energy - RPP - Tier 1",null,null,null,{"$f":"J53","v":7.3999999999999996E-2},null,{"$f":"G53*F53","v":0},null,{"$f":"'App.2-W_Bill Imp GS>50 4100'!J53","v":7.3999999999999996E-2},null,{"$f":"K53*J53","v":0},null,0,""]
[null,"Energy - RPP - Tier 2",null,null,null,{"$f":"J54","v":8.6999999999999994E-2},0,{"$f":"G54*F54","v":0},null,{"$f":"'App.2-W_Bill Imp GS>50 4100'!J54","v":8.6999999999999994E-2},0,{"$f":"K54*J54","v":0},null,0,""]
[null,"TOU - Off Peak",null,null,null,{"$f":"J55","v":6.3E-2},{"$f":"0.64*$F$17*(1+$F$72)","v":3168044.4947199998},199586.80316735999,null,{"$f":"'App.2-W_Bill Imp GS>50 4100'!J55","v":6.3E-2},{"$f":"0.64*$F$17*(1+$J$72)","v":3168044.4947199998},199586.80316735999,null,0,0]
[null,"TOU - Mid Peak",null,null,null,{"$f":"J56","v":9.9000000000000005E-2},{"$f":"0.18*$F$17*(1+$F$72)","v":891012.51413999987},88210.238899859993,null,{"$f":"'App.2-W_Bill Imp GS>50 4100'!J56","v":9.9000000000000005E-2},{"$f":"0.18*$F$17*(1+$J$72)","v":891012.51413999987},88210.238899859993,null,0,0]
[null,"TOU - On Peak",null,null,null,{"$f":"J57","v":0.11799999999999999},{"$f":"0.18*$F$17*(1+$F$72)","v":891012.51413999987},105139.47666851997,null,{"$f":"'App.2-W_Bill Imp GS>50 4100'!J57","v":0.11799999999999999},{"$f":"0.18*$F$17*(1+$J$72)","v":891012.51413999987},105139.47666851997,null,0,0]
[]
[null,"Total Bill on RPP (before Taxes)",null,null,null,null,null,0,null,null,null,0,null,0,""]
[null,"HST",null,null,null,0.13,null,{"$f":"H59*F60","v":0},null,0.13,null,{"$f":"L59*J60","v":0},null,0,""]
[null,"Total Bill (including HST)",null,null,null,null,null,{"$f":"H59+H60","v":0},null,null,null,{"$f":"L59+L60","v":0},null,0,""]
[null,"Ontario Clean Energy Benefit 1",null,null,null,null,null,{"$f":"ROUND(-H61*10%,2)","v":0},null,null,null,{"$f":"ROUND(-L61*10%,2)","v":0},null,0,""]
[null,"Total Bill on RPP (including OCEB)",null,null,null,null,null,{"$f":"SUM(H61:H62)","v":0},null,null,null,{"$f":"SUM(L61:L62)","v":0},null,0,""]
[]
[null,"Total Bill on TOU (before Taxes)",null,null,null,null,null,{"$f":"SUM(H48:H52,H55:H57)","v":521474.53822063992},null,null,null,{"$f":"SUM(L48:L52,L55:L57)","v":518032.66581743991},null,{"$f":"L65-H65","v":-3441.8724032000173},{"$f":"IF((H65)=0,\"\",(N65/H65))","v":-6.6002693342311078E-3}]
[null,"HST",null,null,null,0.13,null,{"$f":"H65*F66","v":67791.689968683189},null,0.13,null,{"$f":"L65*J66","v":67344.246556267186},null,-447.44341241600341,-6.6002693342311252E-3]
[null,"Total Bill (including HST)",null,null,null,null,null,{"$f":"H65+H66","v":589266.2281893231},null,null,null,{"$f":"L65+L66","v":585376.91237370705},null,-3889.3158156160498,-6.600269334231159E-3]
[null,"Ontario Clean Energy Benefit 1",null,null,null,null,null,{"$f":"ROUND(-H67*10%,2)","v":-58926.62},null,null,null,{"$f":"ROUND(-L67*10%,2)","v":-58537.69},null,388.93000000000029,-6.6002428104649522E-3]
[null,"Total Bill on TOU (including OCEB)",null,null,null,null,null,{"$f":"H67+H68","v":530339.6081893231},null,null,null,{"$f":"L67+L68","v":526839.22237370699},null,-3500.385815616115,-6.6002722813162601E-3]
[]
[]
[null,"Loss Factor (%)",null,null,null,4.4999999999999997E-3,null,null,null,4.4999999999999997E-3]
[]
["1 Applicable to eligible customers only.  Refer to the Ontario Clean Energy Benefit Act, 2010."]
[]
["Note that the \"Charge $\" columns provide breakdowns of the amounts that each bill component contributes to the total monthly bill at the referenced "]
["consumption level at existing and proposed rates."]
[]
["Applicants must provide bill impacts for residential at 800 kWh and GS<50kW at 2000 kWh. In addition, their filing should cover the range that is relevant"]
["to their service territory, class by class. A general guideline of consumption levels follows:"]
[]
["Residential (kWh) - 100, 250, 500, 800, 1000, 1500, 2000"]
["GS<50kW (kWh) - 1000, 2000, 5000, 10000, 15000"]
["GS>50kW (kW) - 60, 100, 500, 1000"]
["Large User - range appropriate for utility"]
["Lighting Classes and USL - 150 kWh and 1 kW, range appropriate for utility."]

{"sheet":"App.2-W_Bill Imp Unmtered 150","index":55,"n_rows":75,"n_cols":20,"rows_kept":75,"cut":false,"hidden":false,"merged":[[57,1,57,3],[15,3,16,3],[15,13,16,13],[15,14,16,14],[50,1,50,3],[51,1,51,3],[56,1,56,3],[2,0,2,10],[7,1,7,14],[8,1,8,14],[10,3,10,14],[14,5,14,7],[14,9,14,11],[14,13,14,14]]}
[null,null,null,null,null,null,null,null,null,null,null,null,null,"File Number:",{"$f":"'LDC Info'!$E$18","v":"EB-2012-0173"},null,null,null,null,1]
[null,null,null,null,null,null,null,null,null,null,null,null,null,"Exhibit:",8]
[null,null,null,null,null,null,null,null,null,null,null,null,null,"Tab:",1]
[null,null,null,null,null,null,null,null,null,null,null,null,null,"Schedule:",11]
[null,null,null,null,null,null,null,null,null,null,null,null,null,"Page:","13 of 17"]
[]
[null,null,null,null,null,null,null,null,null,null,null,null,null,"Date:","Aug 31, 2012"]
[null,"Appendix 2-W"]
[null,"Bill Impacts"]
[]
[null,"Customer Class:",null,"Unmetered Scattered Load"]
[]
[null,null,null,"Consumption",null,150," kWh"]
[]
[null,null,null,null,null,"Current Board-Approved",null,null,null,"Proposed",null,null,null,"Impact"]
[null,null,null,"Charge Unit",null,"Rate","Volume","Charge",null,"Rate","Volume","Charge",null,"$ Change","% Change"]
[null,null,null,null,null,"($)",null,"($)",null,"($)",null,"($)"]
[null,"Monthly Service Charge",null,"Monthly",null,13.54,1,{"$f":"G18*F18","v":13.54},null,11.35,1,{"$f":"K18*J18","v":11.35},null,{"$f":"L18-H18","v":-2.1899999999999995},{"$f":"IF((H18)=0,\"\",(N18/H18))","v":-0.16174298375184634}]
[null,"Smart Meter Rate Adder",null,null,null,null,1,{"$f":"G19*F19","v":0},null,null,1,{"$f":"K19*J19","v":0},null,{"$f":"L19-H19","v":0},{"$f":"IF((H19)=0,\"\",(N19/H19))","v":""}]
[null,"Smart Meter Residual ",null,"Monthly",null,null,1,0,null,0,1,{"$f":"K20*J20","v":0},null,{"$f":"L20-H20","v":0},{"$f":"IF((H20)=0,\"\",(N20/H20))","v":""}]
[null,"Stranded Meter Rate Rider",null,"Monthly",null,null,1,0,null,null,1,0,null,0,""]
[null,null,null,null,null,null,1,0,null,null,1,0,null,0,""]
[null,"Distribution Volumetric Rate",null,"per kWh",null,8.8999999999999999E-3,{"$f":"$F$13","v":150},1.335,null,7.4999999999999997E-3,{"$f":"$F$13","v":150},1.125,null,-0.20999999999999996,-0.15730337078651682]
[null,"Smart Meter Disposition Rider",null,null,null,null,{"$f":"$F$13","v":150},0,null,null,{"$f":"$F$13","v":150},0,null,0,""]
[null,"LRAM & SSM Rate Rider",null,null,null,null,{"$f":"$F$13","v":150},0,null,null,150,0,null,0,""]
[null,"Disposition-Residual Smart",null,null,null,null,{"$f":"$F$13","v":150},0,null,null,150,0,null,0,""]
[null,null,null,null,null,null,150,0,null,null,150,0,null,0,""]
[null,"Sub-Total A",null,null,null,null,null,{"$f":"SUM(H18:H27)","v":14.875},null,null,null,{"$f":"SUM(L18:L27)","v":12.475},null,-2.4000000000000004,-0.16134453781512609]
[null,"Deferral/Variance Account Disposition Rate Rider 2012",null,"per kWh",null,-1.6000000000000001E-3,{"$f":"$F$13","v":150},{"$f":"G29*F29","v":-0.24000000000000002},null,-1.6000000000000001E-3,{"$f":"$F$13","v":150},{"$f":"K29*J29","v":-0.24000000000000002},null,{"$f":"L29-H29","v":0},{"$f":"IF((H29)=0,\"\",(N29/H29))","v":0}]
[null,"Deferral/Variance Account Disposition Rate Rider 2013",null,"per kWh",null,null,{"$f":"$F$13","v":150},{"$f":"G30*F30","v":0},null,2.9999999999999997E-4,{"$f":"$F$13","v":150},{"$f":"K30*J30","v":4.4999999999999998E-2},null,{"$f":"L30-H30","v":4.4999999999999998E-2},{"$f":"IF((H30)=0,\"\",(N30/H30))","v":""}]
[null,null,null,null,null,null,150,0,null,null,150,0,null,0,""]
[null,"Low Voltage Service Charge",null,null,null,null,150,{"$f":"G32*F32","v":0},null,null,150,{"$f":"K32*J32","v":0},null,{"$f":"L32-H32","v":0},{"$f":"IF((H32)=0,\"\",(N32/H32))","v":""}]
[null,"Smart Meter Entity Charge",null,null,null,null,null,null,null,null,150,{"$f":"K33*J33","v":0},null,{"$f":"L33-H33","v":0}]
[null,"Sub-Total B - Distribution (includes Sub-Total A)",null,null,null,null,null,{"$f":"SUM(H29:H32)+H28","v":14.635},null,null,null,{"$f":"SUM(L29:L32)+L28","v":12.28},null,{"$f":"L34-H34","v":-2.3550000000000004},{"$f":"IF((H34)=0,\"\",(N34/H34))","v":-0.16091561325589343}]
[null,"RTSR - Network",null,"per kWh",null,7.1000000000000004E-3,{"$f":"F13*(1+F61)","v":157.97999999999999},{"$f":"G35*F35","v":1.121658},null,7.3000000000000001E-3,{"$f":"F13*(1+J61)","v":157.97999999999999},{"$f":"K35*J35","v":1.153254},null,3.1595999999999957E-2,2.8169014084507005E-2]
[null,"RTSR - Line and Transformation Connection",null,"per kWh",null,4.8999999999999998E-3,{"$f":"G35","v":157.97999999999999},{"$f":"G36*F36","v":0.77410199999999996},null,4.7999999999999996E-3,{"$f":"K35","v":157.97999999999999},{"$f":"K36*J36","v":0.75830399999999987},null,-1.579800000000009E-2,-2.0408163265306239E-2]
[null,"Sub-Total C - Delivery (including Sub-Total B)",null,null,null,null,null,{"$f":"SUM(H34:H36)","v":16.530760000000001},null,null,null,{"$f":"SUM(L34:L36)","v":14.191558000000001},null,-2.3392020000000002,-0.14150601666227083]
[null,"Wholesale Market Service Charge (WMSC)",null,"per kWh",null,5.1999999999999998E-3,{"$f":"G36","v":157.97999999999999},{"$f":"G38*F38","v":0.82149599999999989},null,5.1999999999999998E-3,{"$f":"K36","v":157.97999999999999},{"$f":"K38*J38","v":0.82149599999999989},null,0,0]
[null,"Rural and Remote Rate Protection (RRRP)",null,"per kWh",null,1.1000000000000001E-3,{"$f":"G36","v":157.97999999999999},0.17377799999999999,null,1.1000000000000001E-3,{"$f":"K36","v":157.97999999999999},0.17377799999999999,null,0,0]
[null,"Standard Supply Service Charge",null,"Monthly",null,0.25,1,0.25,null,0.25,1,0.25,null,0,0]
[null,"Debt Retirement Charge (DRC)",null,"per kWh",null,7.0000000000000001E-3,{"$f":"G39","v":157.97999999999999},1.1058599999999998,null,7.0000000000000001E-3,{"$f":"K39","v":157.97999999999999},1.1058599999999998,null,0,0]
[null,"Energy - RPP - Tier 1",null,null,null,{"$f":"J42","v":7.3999999999999996E-2},{"$f":"IF($T$1=1,IF($F$13>=600,600,IF($F$13<600,$F$13*(1+$F$61),$F$13-600)),IF($T$1=2,IF($F$13>=1000,1000,IF($F$13<1000,$F$13*(1+$F$61),$F$13-1000))))","v":157.97999999999999},{"$f":"G42*F42","v":11.690519999999999},null,{"$f":"'App.2-W_Bill Imp Large '!J53","v":7.3999999999999996E-2},{"$f":"IF($T$1=1,IF($F$13>=600,600,IF($F$13<600,$F$13*(1+$J$61),$F$13-600)),IF($T$1=2,IF($F$13>=1000,1000,IF($F$13<1000,$F$13*(1+$J$61),$F$13-1000))))","v":157.97999999999999},{"$f":"K42*J42","v":11.690519999999999},null,0,0]
[null,"Energy - RPP - Tier 2",null,null,null,{"$f":"J43","v":8.6999999999999994E-2},{"$f":"IF($T$1=1,IF($F$13>=600,$F$13*(1+$F$61)-600,IF($F$13<600,0,)), IF($T$1=2,IF($F$13>=1000,$F$13*(1+$F$61)-1000,IF($F$13<1000,0))))","v":0},{"$f":"G43*F43","v":0},null,{"$f":"'App.2-W_Bill Imp Large '!J54","v":8.6999999999999994E-2},{"$f":"IF($T$1=1,IF($F$13>=600,$F$13*(1+$J$61)-600,IF($F$13<600,0,)), IF($T$1=2,IF($F$13>=1000,$F$13*(1+$J$61)-1000,IF($F$13<1000,0))))","v":0},{"$f":"K43*J43","v":0},null,0,""]
[null,"TOU - Off Peak",null,null,null,{"$f":"J44","v":6.3E-2},{"$f":"0.64*$F$13*(1+$F$61)","v":101.10719999999999},6.3697535999999992,null,{"$f":"'App.2-W_Bill Imp Large '!J55","v":6.3E-2},{"$f":"0.64*$F$13*(1+$J$61)","v":101.10719999999999},6.3697535999999992,null,0,0]
[null,"TOU - Mid Peak",null,null,null,{"$f":"J45","v":9.9000000000000005E-2},{"$f":"0.18*$F$13*(1+$F$61)","v":28.436399999999999},2.8152036000000003,null,{"$f":"'App.2-W_Bill Imp Large '!J56","v":9.9000000000000005E-2},{"$f":"0.18*$F$13*(1+$J$61)","v":28.436399999999999},2.8152036000000003,null,0,0]
[null,"TOU - On Peak",null,null,null,{"$f":"J46","v":0.11799999999999999},{"$f":"0.18*$F$13*(1+$F$61)","v":28.436399999999999},3.3554951999999996,null,{"$f":"'App.2-W_Bill Imp Large '!J57","v":0.11799999999999999},{"$f":"0.18*$F$13*(1+$J$61)","v":28.436399999999999},3.3554951999999996,null,0,0]
[]
[null,"Total Bill on RPP (before Taxes)",null,null,null,null,null,{"$f":"SUM(H37:H43)","v":30.572413999999998},null,null,null,{"$f":"SUM(L37:L43)","v":28.233212000000002},null,-2.3392019999999967,-7.6513486962462199E-2]
[null,"HST",null,null,null,0.13,null,{"$f":"H48*F49","v":3.9744138200000001},null,0.13,null,{"$f":"L48*J49","v":3.6703175600000004},null,-0.30409625999999967,-7.6513486962462213E-2]
[null,"Total Bill (including HST)",null,null,null,null,null,{"$f":"H48+H49","v":34.546827819999997},null,null,null,{"$f":"L48+L49","v":31.903529560000003},null,-2.6432982599999946,-7.6513486962462157E-2]
[null,"Ontario Clean Energy Benefit 1",null,null,null,null,null,{"$f":"ROUND(-H50*10%,2)","v":-3.45},null,null,null,{"$f":"ROUND(-L50*10%,2)","v":-3.19},null,0.26000000000000023,-7.536231884057977E-2]
[null,"Total Bill on RPP (including OCEB)",null,null,null,null,null,{"$f":"SUM(H50:H51)","v":31.096827819999998},null,null,null,{"$f":"SUM(L50:L51)","v":28.713529560000001},null,-2.3832982599999966,-7.6641201919225105E-2]
[]
[null,"Total Bill on TOU (before Taxes)",null,null,null,null,null,{"$f":"SUM(H37:H41,H44:H46)","v":31.422346399999999},null,null,null,{"$f":"SUM(L37:L41,L44:L46)","v":29.083144400000002},null,{"$f":"L54-H54","v":-2.3392019999999967},{"$f":"IF((H54)=0,\"\",(N54/H54))","v":-7.444389958096817E-2}]
[null,"HST",null,null,null,0.13,null,{"$f":"H54*F55","v":4.084905032},null,0.13,null,{"$f":"L54*J55","v":3.7808087720000003},null,-0.30409625999999967,-7.4443899580968198E-2]
[null,"Total Bill (including HST)",null,null,null,null,null,{"$f":"H54+H55","v":35.507251431999997},null,null,null,{"$f":"L54+L55","v":32.863953172000002},null,-2.6432982599999946,-7.4443899580968129E-2]
[null,"Ontario Clean Energy Benefit 1",null,null,null,null,null,{"$f":"ROUND(-H56*10%,2)","v":-3.55},null,null,null,{"$f":"ROUND(-L56*10%,2)","v":-3.29},null,0.25999999999999979,-7.3239436619718254E-2]
[null,"Total Bill on TOU (including OCEB)",null,null,null,null,null,{"$f":"H56+H57","v":31.957251431999996},null,null,null,{"$f":"L56+L57","v":29.573953172000003},null,-2.383298259999993,-7.4577698431646314E-2]
[]
[]
[null,"Loss Factor (%)",null,null,null,5.3199999999999997E-2,null,null,null,5.3199999999999997E-2]
[]
["1 Applicable to eligible customers only.  Refer to the Ontario Clean Energy Benefit Act, 2010."]
[]
["Note that the \"Charge $\" columns provide breakdowns of the amounts that each bill component contributes to the total monthly bill at the referenced "]
["consumption level at existing and proposed rates."]
[]
["Applicants must provide bill impacts for residential at 800 kWh and GS<50kW at 2000 kWh. In addition, their filing should cover the range that is relevant"]
["to their service territory, class by class. A general guideline of consumption levels follows:"]
[]
["Residential (kWh) - 100, 250, 500, 800, 1000, 1500, 2000"]
["GS<50kW (kWh) - 1000, 2000, 5000, 10000, 15000"]
["GS>50kW (kW) - 60, 100, 500, 1000"]
["Large User - range appropriate for utility"]
["Lighting Classes and USL - 150 kWh and 1 kW, range appropriate for utility."]

{"sheet":"App.2-W_Bill Imp Unmtered 400","index":56,"n_rows":85,"n_cols":20,"rows_kept":85,"cut":false,"hidden":false,"merged":[[67,1,67,3],[18,3,19,3],[18,13,19,13],[18,14,19,14],[60,1,60,3],[61,1,61,3],[66,1,66,3],[2,0,2,10],[9,1,9,14],[10,1,10,14],[13,3,13,14],[17,5,17,7],[17,9,17,11],[17,13,17,14]]}
[null,null,null,null,null,null,null,null,null,null,null,null,null,"File Number:",{"$f":"'LDC Info'!$E$18","v":"EB-2012-0173"},null,null,null,null,1]
[null,null,null,null,null,null,null,null,null,null,null,null,null,"Exhibit:",8]
[null,null,null,null,null,null,null,null,null,null,null,null,null,"Tab:",1]
[null,null,null,null,null,null,null,null,null,null,null,null,null,"Schedule:",11]
[null,null,null,null,null,null,null,null,null,null,null,null,null,"Page:","14 of 17"]
[]
[null,null,null,null,null,null,null,null,null,null,null,null,null,"Date:","Aug 31, 2012"]
[]
[]
[null,"Appendix 2-W"]
[null,"Bill Impacts"]
[]
[]
[null,"Customer Class:",null,"Unmetered Scattered Load"]
[]
[null,null,null,"Consumption",null,400," kWh"]
[]
[null,null,null,null,null,"Current Board-Approved",null,null,null,"Proposed",null,null,null,"Impact"]
[null,null,null,"Charge Unit",null,"Rate","Volume","Charge",null,"Rate","Volume","Charge",null,"$ Change","% Change"]
[null,null,null,null,null,"($)",null,"($)",null,"($)",null,"($)"]
[null,"Monthly Service Charge",null,"Monthly",null,13.54,1,{"$f":"G21*F21","v":13.54},null,{"$f":"'App.2-W_Bill Imp Unmtered 150'!J18","v":11.35},1,{"$f":"K21*J21","v":11.35},null,{"$f":"L21-H21","v":-2.1899999999999995},{"$f":"IF((H21)=0,\"\",(N21/H21))","v":-0.16174298375184634}]
[null,"Smart Meter Rate Adder",null,null,null,null,1,{"$f":"G22*F22","v":0},null,null,1,{"$f":"K22*J22","v":0},null,{"$f":"L22-H22","v":0},{"$f":"IF((H22)=0,\"\",(N22/H22))","v":""}]
[null,"Smart Meter Residual ",null,"Monthly",null,null,1,0,null,{"$f":"'App.2-W_Bill Imp Unmtered 150'!J20","v":0},1,{"$f":"K23*J23","v":0},null,{"$f":"L23-H23","v":0},{"$f":"IF((H23)=0,\"\",(N23/H23))","v":""}]
[null,"Stranded Meter Rate Rider",null,"Monthly",null,null,1,0,null,null,1,0,null,0,""]
[null,null,null,null,null,null,1,0,null,null,1,0,null,0,""]
[null,null,null,null,null,null,1,0,null,null,1,0,null,0,""]
[null,"Distribution Volumetric Rate",null,"per kWh",null,8.8999999999999999E-3,{"$f":"$F$16","v":400},3.56,null,{"$f":"'App.2-W_Bill Imp Unmtered 150'!J23","v":7.4999999999999997E-3},{"$f":"$F$16","v":400},3,null,-0.56000000000000005,-0.15730337078651688]
[null,"Smart Meter Disposition Rider",null,null,null,null,{"$f":"$F$16","v":400},0,null,null,{"$f":"$F$16","v":400},0,null,0,""]
[null,"LRAM & SSM Rate Rider",null,null,null,null,{"$f":"$F$16","v":400},0,null,null,400,0,null,0,""]
[null,"Disposition-Residual Smart",null,null,null,null,{"$f":"$F$16","v":400},0,null,null,400,0,null,0,""]
[null,null,null,null,null,null,400,0,null,null,400,0,null,0,""]
[null,null,null,null,null,null,400,0,null,null,400,0,null,0,""]
[null,null,null,null,null,null,400,0,null,null,400,0,null,0,""]
[null,null,null,null,null,null,400,0,null,null,400,0,null,0,""]
[null,null,null,null,null,null,400,0,null,null,400,0,null,0,""]
[null,null,null,null,null,null,400,0,null,null,400,0,null,0,""]
[null,"Sub-Total A",null,null,null,null,null,{"$f":"SUM(H21:H36)","v":17.099999999999998},null,null,null,{"$f":"SUM(L21:L36)","v":14.35},null,-2.7499999999999982,-0.16081871345029231]
[null,"Deferral/Variance Account Disposition Rate Rider 2012",null,"per kWh",null,-1.6000000000000001E-3,{"$f":"$F$16","v":400},{"$f":"G38*F38","v":-0.64},null,-1.6000000000000001E-3,{"$f":"$F$16","v":400},{"$f":"K38*J38","v":-0.64},null,{"$f":"L38-H38","v":0},{"$f":"IF((H38)=0,\"\",(N38/H38))","v":0}]
[null,"Deferral/Variance Account Disposition Rate Rider 2013",null,"per kWh",null,null,{"$f":"$F$16","v":400},{"$f":"G39*F39","v":0},null,2.9999999999999997E-4,{"$f":"$F$16","v":400},{"$f":"K39*J39","v":0.12},null,{"$f":"L39-H39","v":0.12},{"$f":"IF((H39)=0,\"\",(N39/H39))","v":""}]
[null,null,null,null,null,null,400,0,null,null,400,0,null,0,""]
[null,null,null,null,null,null,400,0,null,null,400,0,null,0,""]
[null,"Low Voltage Service Charge",null,null,null,null,400,{"$f":"G42*F42","v":0},null,null,400,{"$f":"K42*J42","v":0},null,{"$f":"L42-H42","v":0},{"$f":"IF((H42)=0,\"\",(N42/H42))","v":""}]
[null,"Smart Meter Entity Charge",null,null,null,null,null,null,null,null,400,{"$f":"K43*J43","v":0},null,{"$f":"L43-H43","v":0}]
[null,"Sub-Total B - Distribution (includes Sub-Total A)",null,null,null,null,null,{"$f":"SUM(H38:H42)+H37","v":16.459999999999997},null,null,null,{"$f":"SUM(L38:L42)+L37","v":13.83},null,{"$f":"L44-H44","v":-2.6299999999999972},{"$f":"IF((H44)=0,\"\",(N44/H44))","v":-0.15978128797083826}]
[null,"RTSR - Network",null,"per kWh",null,7.1000000000000004E-3,{"$f":"F16*(1+F71)","v":421.28},{"$f":"G45*F45","v":2.991088},null,{"$f":"'App.2-W_Bill Imp Unmtered 150'!J35","v":7.3000000000000001E-3},{"$f":"F16*(1+J71)","v":421.28},{"$f":"K45*J45","v":3.0753439999999999},null,8.4255999999999887E-2,2.8169014084507005E-2]
[null,"RTSR - Line and Transformation Connection",null,"per kWh",null,4.8999999999999998E-3,{"$f":"G45","v":421.28},{"$f":"G46*F46","v":2.0642719999999999},null,{"$f":"'App.2-W_Bill Imp Unmtered 150'!J36","v":4.7999999999999996E-3},{"$f":"K45","v":421.28},{"$f":"K46*J46","v":2.0221439999999995},null,-4.2128000000000387E-2,-2.0408163265306312E-2]
[null,"Sub-Total C - Delivery (including Sub-Total B)",null,null,null,null,null,{"$f":"SUM(H44:H46)","v":21.515359999999998},null,null,null,{"$f":"SUM(L44:L46)","v":18.927488},null,-2.5878719999999973,-0.12028020911572]
[null,"Wholesale Market Service Charge (WMSC)",null,"per kWh",null,5.1999999999999998E-3,{"$f":"G46","v":421.28},{"$f":"G48*F48","v":2.1906559999999997},null,{"$f":"'App.2-W_Bill Imp Unmtered 150'!J38","v":5.1999999999999998E-3},{"$f":"K46","v":421.28},{"$f":"K48*J48","v":2.1906559999999997},null,0,0]
[null,"Rural and Remote Rate Protection (RRRP)",null,"per kWh",null,1.1000000000000001E-3,{"$f":"G46","v":421.28},0.46340799999999999,null,{"$f":"'App.2-W_Bill Imp Unmtered 150'!J39","v":1.1000000000000001E-3},{"$f":"K46","v":421.28},0.46340799999999999,null,0,0]
[null,"Standard Supply Service Charge",null,"Monthly",null,0.25,1,0.25,null,{"$f":"'App.2-W_Bill Imp Unmtered 150'!J40","v":0.25},1,0.25,null,0,0]
[null,"Debt Retirement Charge (DRC)",null,"per kWh",null,7.0000000000000001E-3,{"$f":"G49","v":421.28},2.94896,null,{"$f":"'App.2-W_Bill Imp Unmtered 150'!J41","v":7.0000000000000001E-3},{"$f":"K49","v":421.28},2.94896,null,0,0]
[null,"Energy - RPP - Tier 1",null,null,null,{"$f":"J52","v":7.3999999999999996E-2},{"$f":"IF($T$1=1,IF($F$16>=600,600,IF($F$16<600,$F$16*(1+$F$71),$F$16-600)),IF($T$1=2,IF($F$16>=1000,1000,IF($F$16<1000,$F$16*(1+$F$71),$F$16-1000))))","v":421.28},{"$f":"G52*F52","v":31.174719999999997},null,{"$f":"'App.2-W_Bill Imp Unmtered 150'!J42","v":7.3999999999999996E-2},{"$f":"IF($T$1=1,IF($F$16>=600,600,IF($F$16<600,$F$16*(1+$J$71),$F$16-600)),IF($T$1=2,IF($F$16>=1000,1000,IF($F$16<1000,$F$16*(1+$J$71),$F$16-1000))))","v":421.28},{"$f":"K52*J52","v":31.174719999999997},null,0,0]
[null,"Energy - RPP - Tier 2",null,null,null,{"$f":"J53","v":8.6999999999999994E-2},{"$f":"IF($T$1=1,IF($F$16>=600,$F$16*(1+$F$71)-600,IF($F$16<600,0,)), IF($T$1=2,IF($F$16>=1000,$F$16*(1+$F$71)-1000,IF($F$16<1000,0))))","v":0},{"$f":"G53*F53","v":0},null,{"$f":"'App.2-W_Bill Imp Unmtered 150'!J43","v":8.6999999999999994E-2},{"$f":"IF($T$1=1,IF($F$16>=600,$F$16*(1+$J$71)-600,IF($F$16<600,0,)), IF($T$1=2,IF($F$16>=1000,$F$16*(1+$J$71)-1000,IF($F$16<1000,0))))","v":0},{"$f":"K53*J53","v":0},null,0,""]
[null,"TOU - Off Peak",null,null,null,{"$f":"J54","v":6.3E-2},{"$f":"0.64*$F$16*(1+$F$71)","v":269.61919999999998},16.986009599999999,null,{"$f":"'App.2-W_Bill Imp Unmtered 150'!J44","v":6.3E-2},{"$f":"0.64*$F$16*(1+$J$71)","v":269.61919999999998},16.986009599999999,null,0,0]
[null,"TOU - Mid Peak",null,null,null,{"$f":"J55","v":9.9000000000000005E-2},{"$f":"0.18*$F$16*(1+$F$71)","v":75.830399999999997},7.5072096000000004,null,{"$f":"'App.2-W_Bill Imp Unmtered 150'!J45","v":9.9000000000000005E-2},{"$f":"0.18*$F$16*(1+$J$71)","v":75.830399999999997},7.5072096000000004,null,0,0]
[null,"TOU - On Peak",null,null,null,{"$f":"J56","v":0.11799999999999999},{"$f":"0.18*$F$16*(1+$F$71)","v":75.830399999999997},8.9479872,null,{"$f":"'App.2-W_Bill Imp Unmtered 150'!J46","v":0.11799999999999999},{"$f":"0.18*$F$16*(1+$J$71)","v":75.830399999999997},8.9479872,null,0,0]
[]
[null,"Total Bill on RPP (before Taxes)",null,null,null,null,null,{"$f":"SUM(H47:H53)","v":58.543104},null,null,null,{"$f":"SUM(L47:L53)","v":55.955231999999995},null,-2.5878720000000044,-4.4204557380490186E-2]
[null,"HST",null,null,null,0.13,null,{"$f":"H58*F59","v":7.6106035200000006},null,0.13,null,{"$f":"L58*J59","v":7.2741801599999993},null,-0.33642336000000128,-4.4204557380490277E-2]
[null,"Total Bill (including HST)",null,null,null,null,null,{"$f":"H58+H59","v":66.153707519999998},null,null,null,{"$f":"L58+L59","v":63.229412159999995},null,-2.9242953600000021,-4.4204557380490145E-2]
[null,"Ontario Clean Energy Benefit 1",null,null,null,null,null,{"$f":"ROUND(-H60*10%,2)","v":-6.62},null,null,null,{"$f":"ROUND(-L60*10%,2)","v":-6.32},null,0.29999999999999982,-4.5317220543806616E-2]
[null,"Total Bill on RPP (including OCEB)",null,null,null,null,null,{"$f":"SUM(H60:H61)","v":59.53370752},null,null,null,{"$f":"SUM(L60:L61)","v":56.909412159999995},null,-2.624295360000005,-4.4080832007957649E-2]
[]
[null,"Total Bill on TOU (before Taxes)",null,null,null,null,null,{"$f":"SUM(H47:H51,H54:H56)","v":60.809590399999998},null,null,null,{"$f":"SUM(L47:L51,L54:L56)","v":58.221718400000007},null,{"$f":"L64-H64","v":-2.5878719999999902},{"$f":"IF((H64)=0,\"\",(N64/H64))","v":-4.2556971408246658E-2}]
[null,"HST",null,null,null,0.13,null,{"$f":"H64*F65","v":7.905246752},null,0.13,null,{"$f":"L64*J65","v":7.5688233920000014},null,-0.33642335999999862,-4.2556971408246637E-2]
[null,"Total Bill (including HST)",null,null,null,null,null,{"$f":"H64+H65","v":68.714837152000001},null,null,null,{"$f":"L64+L65","v":65.790541792000013},null,-2.9242953599999879,-4.2556971408246637E-2]
[null,"Ontario Clean Energy Benefit 1",null,null,null,null,null,{"$f":"ROUND(-H66*10%,2)","v":-6.87},null,null,null,{"$f":"ROUND(-L66*10%,2)","v":-6.58},null,0.29000000000000004,-4.2212518195050952E-2]
[null,"Total Bill on TOU (including OCEB)",null,null,null,null,null,{"$f":"H66+H67","v":61.844837152000004},null,null,null,{"$f":"L66+L67","v":59.210541792000015},null,-2.6342953599999888,-4.259523480554267E-2]
[]
[]
[null,"Loss Factor (%)",null,null,null,5.3199999999999997E-2,null,null,null,5.3199999999999997E-2]
[]
["1 Applicable to eligible customers only.  Refer to the Ontario Clean Energy Benefit Act, 2010."]
[]
["Note that the \"Charge $\" columns provide breakdowns of the amounts that each bill component contributes to the total monthly bill at the referenced "]
["consumption level at existing and proposed rates."]
[]
["Applicants must provide bill impacts for residential at 800 kWh and GS<50kW at 2000 kWh. In addition, their filing should cover the range that is relevant"]
["to their service territory, class by class. A general guideline of consumption levels follows:"]
[]
["Residential (kWh) - 100, 250, 500, 800, 1000, 1500, 2000"]
["GS<50kW (kWh) - 1000, 2000, 5000, 10000, 15000"]
["GS>50kW (kW) - 60, 100, 500, 1000"]
["Large User - range appropriate for utility"]
["Lighting Classes and USL - 150 kWh and 1 kW, range appropriate for utility."]

{"sheet":"App.2-W_Bill Imp Sentinel","index":57,"n_rows":73,"n_cols":20,"rows_kept":73,"cut":false,"hidden":false,"merged":[[55,1,55,3],[15,3,16,3],[15,13,16,13],[15,14,16,14],[48,1,48,3],[49,1,49,3],[54,1,54,3],[2,0,2,10],[6,1,6,14],[7,1,7,14],[9,3,9,14],[14,5,14,7],[14,9,14,11],[14,13,14,14]]}
[null,null,null,null,null,null,null,null,null,null,null,null,null,"File Number:",{"$f":"'LDC Info'!$E$18","v":"EB-2012-0173"},null,null,null,null,1]
[null,null,null,null,null,null,null,null,null,null,null,null,null,"Exhibit:",8]
[null,null,null,null,null,null,null,null,null,null,null,null,null,"Tab:",1]
[null,null,null,null,null,null,null,null,null,null,null,null,null,"Schedule:",11]
[null,null,null,null,null,null,null,null,null,null,null,null,null,"Page:","15 of 17"]
[null,null,null,null,null,null,null,null,null,null,null,null,null,"Date:","Aug 31, 2012"]
[null,"Appendix 2-W"]
[null,"Bill Impacts"]
[]
[null,"Customer Class:",null,"Sentinel Light"]
[]
[null,null,null,"Consumption",null,0.3,"kW"]
[null,null,null,null,null,120,"kWh"]
[]
[null,null,null,null,null,"Current Board-Approved",null,null,null,"Proposed",null,null,null,"Impact"]
[null,null,null,"Charge Unit",null,"Rate","Volume","Charge",null,"Rate","Volume","Charge",null,"$ Change","% Change"]
[null,null,null,null,null,"($)",null,"($)",null,"($)",null,"($)"]
[null,"Monthly Service Charge",null,"Monthly",null,2.64,1,{"$f":"G18*F18","v":2.64},null,2.56,1,{"$f":"K18*J18","v":2.56},null,{"$f":"L18-H18","v":-8.0000000000000071E-2},{"$f":"IF((H18)=0,\"\",(N18/H18))","v":-3.0303030303030328E-2}]
[null,"Smart Meter Rate Adder",null,null,null,null,1,{"$f":"G19*F19","v":0},null,null,1,{"$f":"K19*J19","v":0},null,{"$f":"L19-H19","v":0},{"$f":"IF((H19)=0,\"\",(N19/H19))","v":""}]
[null,"Smart Meter Residual ",null,"Monthly",null,0,1,0,null,0,1,{"$f":"K20*J20","v":0},null,{"$f":"L20-H20","v":0},{"$f":"IF((H20)=0,\"\",(N20/H20))","v":""}]
[null,"Stranded Meter Rate Rider",null,"Monthly",null,null,1,0,null,null,1,0,null,0,""]
[null,null,null,null,null,null,1,0,null,null,1,0,null,0,""]
[null,"Distribution Volumetric Rate",null,"per kW",null,5.9272999999999998,{"$f":"$F$12","v":0.3},1.7781899999999999,null,5.7365000000000004,{"$f":"$F$12","v":0.3},1.72095,null,-5.7239999999999958E-2,-3.2190035935417451E-2]
[null,"Smart Meter Disposition Rider",null,null,null,null,{"$f":"$F$12","v":0.3},0,null,null,{"$f":"$F$12","v":0.3},0,null,0,""]
[null,"LRAM & SSM Rate Rider",null,null,null,null,{"$f":"$F$12","v":0.3},0,null,null,{"$f":"$F$12","v":0.3},0,null,0,""]
[null,"Disposition-Residual Smart",null,null,null,null,{"$f":"$F$12","v":0.3},0,null,null,{"$f":"$F$12","v":0.3},0,null,0,""]
[null,"Sub-Total A",null,null,null,null,null,{"$f":"SUM(H18:H26)","v":4.4181900000000001},null,null,null,{"$f":"SUM(L18:L26)","v":4.2809499999999998},null,-0.13724000000000025,-3.1062493917192392E-2]
[null,"Deferral/Variance Account Disposition Rate Rider 2012",null,"per kW",null,-0.55289999999999995,{"$f":"$F$12","v":0.3},{"$f":"G28*F28","v":-0.16586999999999999},null,-0.55289999999999995,{"$f":"$F$12","v":0.3},{"$f":"K28*J28","v":-0.16586999999999999},null,{"$f":"L28-H28","v":0},{"$f":"IF((H28)=0,\"\",(N28/H28))","v":0}]
[null,"Deferral/Variance Account Disposition Rate Rider 2013",null,"per kW",null,null,{"$f":"$F$12","v":0.3},{"$f":"G29*F29","v":0},null,0.1009,{"$f":"$F$12","v":0.3},{"$f":"K29*J29","v":3.0269999999999998E-2},null,{"$f":"L29-H29","v":3.0269999999999998E-2},{"$f":"IF((H29)=0,\"\",(N29/H29))","v":""}]
[null,"Low Voltage Service Charge",null,null,null,null,0.3,{"$f":"G30*F30","v":0},null,null,0.3,{"$f":"K30*J30","v":0},null,{"$f":"L30-H30","v":0},{"$f":"IF((H30)=0,\"\",(N30/H30))","v":""}]
[null,"Smart Meter Entity Charge",null,null,null,null,null,null,null,null,{"$f":"$F$12","v":0.3},{"$f":"K31*J31","v":0},null,{"$f":"L31-H31","v":0}]
[null,"Sub-Total B - Distribution (includes Sub-Total A)",null,null,null,null,null,{"$f":"SUM(H28:H30)+H27","v":4.2523200000000001},null,null,null,{"$f":"SUM(L28:L30)+L27","v":4.1453499999999996},null,{"$f":"L32-H32","v":-0.10697000000000045},{"$f":"IF((H32)=0,\"\",(N32/H32))","v":-2.5155679723068924E-2}]
[null,"RTSR - Network",null,"per kW",null,2.2682000000000002,{"$f":"F12*(1+F59)","v":0.31595999999999996},{"$f":"G33*F33","v":0.71666047199999994},null,2.3403999999999998,{"$f":"F12*(1+J59)","v":0.31595999999999996},{"$f":"K33*J33","v":0.73947278399999983},null,2.281231199999989E-2,3.1831408165064662E-2]
[null,"RTSR - Line and Transformation Connection",null,"per kW",null,1.5673999999999999,{"$f":"G33","v":0.31595999999999996},{"$f":"G34*F34","v":0.49523570399999989},null,1.5302,{"$f":"K33","v":0.31595999999999996},{"$f":"K34*J34","v":0.48348199199999997},null,-1.1753711999999916E-2,-2.3733571519714013E-2]
[null,"Sub-Total C - Delivery (including Sub-Total B)",null,null,null,null,null,{"$f":"SUM(H32:H34)","v":5.4642161759999999},null,null,null,{"$f":"SUM(L32:L34)","v":5.3683047759999996},null,-9.5911400000000313E-2,-1.7552636446058558E-2]
[null,"Wholesale Market Service Charge (WMSC)",null,"per kWh",null,5.1999999999999998E-3,{"$f":"G39","v":126.38399999999997},{"$f":"G36*F36","v":0.6571967999999998},null,5.1999999999999998E-3,{"$f":"K39","v":126.38399999999997},{"$f":"K36*J36","v":0.6571967999999998},null,0,0]
[null,"Rural and Remote Rate Protection (RRRP)",null,"per kWh",null,1.1000000000000001E-3,{"$f":"G39","v":126.38399999999997},0.13902239999999999,null,1.1000000000000001E-3,{"$f":"K39","v":126.38399999999997},0.13902239999999999,null,0,0]
[null,"Standard Supply Service Charge",null,"Monthly",null,0.25,1,0.25,null,0.25,1,0.25,null,0,0]
[null,"Debt Retirement Charge (DRC)",null,"per kWh",null,7.0000000000000001E-3,{"$f":"G42+G43+G44","v":126.38399999999997},0.88468799999999981,null,7.0000000000000001E-3,{"$f":"K42+K43+K44","v":126.38399999999997},0.88468799999999981,null,0,0]
[null,"Energy - RPP - Tier 1",null,null,null,{"$f":"J40","v":7.3999999999999996E-2},{"$f":"IF($T$1=1,IF($F$13>=600,600,IF($F$13<600,$F$13*(1+$F$58),$F$12-600)),IF($T$1=2,IF($F$13>=1000,1000,IF($F$13<1000,$F$13*(1+$F$58),$F$12-1000))))","v":120},{"$f":"G40*F40","v":8.879999999999999},null,{"$f":"'App.2-W_Bill Imp Unmtered 400'!J52","v":7.3999999999999996E-2},{"$f":"IF($T$1=1,IF($F$13>=600,600,IF($F$13<600,$F$13*(1+$F$58),$F$12-600)),IF($T$1=2,IF($F$13>=1000,1000,IF($F$13<1000,$F$13*(1+$F$58),$F$12-1000))))","v":120},{"$f":"K40*J40","v":8.879999999999999},null,0,0]
[null,"Energy - RPP - Tier 2",null,null,null,{"$f":"J41","v":8.6999999999999994E-2},{"$f":"IF($T$1=1,IF($F$13>=600,$F$13*(1+$F$59)-600,IF($F$13<600,0,)), IF($T$1=2,IF($F$13>=1000,$F$13*(1+$F$59)-1000,IF($F$13<1000,0))))","v":0},{"$f":"G41*F41","v":0},null,{"$f":"'App.2-W_Bill Imp Unmtered 400'!J53","v":8.6999999999999994E-2},{"$f":"IF($T$1=1,IF($F$13>=600,$F$13*(1+$F$59)-600,IF($F$13<600,0,)), IF($T$1=2,IF($F$13>=1000,$F$13*(1+$F$59)-1000,IF($F$13<1000,0))))","v":0},{"$f":"K41*J41","v":0},null,0,""]
[null,"TOU - Off Peak",null,null,null,{"$f":"J42","v":6.3E-2},{"$f":"0.64*$F$13*(1+$F$59)","v":80.885759999999991},5.095802879999999,null,{"$f":"'App.2-W_Bill Imp Unmtered 400'!J54","v":6.3E-2},{"$f":"0.64*$F$13*(1+$J$59)","v":80.885759999999991},5.095802879999999,null,0,0]
[null,"TOU - Mid Peak",null,null,null,{"$f":"J43","v":9.9000000000000005E-2},{"$f":"0.18*$F$13*(1+$F$59)","v":22.749119999999994},2.2521628799999998,null,{"$f":"'App.2-W_Bill Imp Unmtered 400'!J55","v":9.9000000000000005E-2},{"$f":"0.18*$F$13*(1+$J$59)","v":22.749119999999994},2.2521628799999998,null,0,0]
[null,"TOU - On Peak",null,null,null,{"$f":"J44","v":0.11799999999999999},{"$f":"0.18*$F$13*(1+$F$59)","v":22.749119999999994},2.684396159999999,null,{"$f":"'App.2-W_Bill Imp Unmtered 400'!J56","v":0.11799999999999999},{"$f":"0.18*$F$13*(1+$J$59)","v":22.749119999999994},2.684396159999999,null,0,0]
[]
[null,"Total Bill on RPP (before Taxes)",null,null,null,null,null,{"$f":"SUM(H35:H41)","v":16.275123375999996},null,null,null,{"$f":"SUM(L35:L41)","v":16.179211975999998},null,-9.5911399999998537E-2,-5.8931289050277585E-3]
[null,"HST",null,null,null,0.13,null,{"$f":"H46*F47","v":2.1157660388799995},null,0.13,null,{"$f":"L46*J47","v":2.1032975568799999},null,-1.2468481999999614E-2,-5.8931289050276666E-3]
[null,"Total Bill (including HST)",null,null,null,null,null,{"$f":"H46+H47","v":18.390889414879997},null,null,null,{"$f":"L46+L47","v":18.282509532879999},null,-0.10837988199999771,-5.8931289050277239E-3]
[null,"Ontario Clean Energy Benefit 1",null,null,null,null,null,{"$f":"ROUND(-H48*10%,2)","v":-1.84},null,null,null,{"$f":"ROUND(-L48*10%,2)","v":-1.83},null,1.0000000000000009E-2,-5.4347826086956564E-3]
[null,"Total Bill on RPP (including OCEB)",null,null,null,null,null,{"$f":"SUM(H48:H49)","v":16.550889414879997},null,null,null,{"$f":"SUM(L48:L49)","v":16.452509532880001},null,-9.8379881999996144E-2,-5.9440843047110321E-3]
[]
[null,"Total Bill on TOU (before Taxes)",null,null,null,null,null,{"$f":"SUM(H35:H39,H42:H44)","v":17.427485295999997},null,null,null,{"$f":"SUM(L35:L39,L42:L44)","v":17.331573895999998},null,{"$f":"L52-H52","v":-9.5911399999998537E-2},{"$f":"IF((H52)=0,\"\",(N52/H52))","v":-5.5034560850848848E-3}]
[null,"HST",null,null,null,0.13,null,{"$f":"H52*F53","v":2.2655730884799996},null,0.13,null,{"$f":"L52*J53","v":2.25310460648},null,-1.2468481999999614E-2,-5.5034560850847989E-3]
[null,"Total Bill (including HST)",null,null,null,null,null,{"$f":"H52+H53","v":19.693058384479997},null,null,null,{"$f":"L52+L53","v":19.584678502479999},null,-0.10837988199999771,-5.5034560850848518E-3]
[null,"Ontario Clean Energy Benefit 1",null,null,null,null,null,{"$f":"ROUND(-H54*10%,2)","v":-1.97},null,null,null,{"$f":"ROUND(-L54*10%,2)","v":-1.96},null,1.0000000000000009E-2,-5.0761421319797002E-3]
[null,"Total Bill on TOU (including OCEB)",null,null,null,null,null,{"$f":"H54+H55","v":17.723058384479998},null,null,null,{"$f":"L54+L55","v":17.624678502479998},null,-9.8379881999999697E-2,-5.5509540095038286E-3]
[]
[]
[null,"Loss Factor (%)",null,null,null,5.3199999999999997E-2,null,null,null,5.3199999999999997E-2]
[]
["1 Applicable to eligible customers only.  Refer to the Ontario Clean Energy Benefit Act, 2010."]
[]
["Note that the \"Charge $\" columns provide breakdowns of the amounts that each bill component contributes to the total monthly bill at the referenced "]
["consumption level at existing and proposed rates."]
[]
["Applicants must provide bill impacts for residential at 800 kWh and GS<50kW at 2000 kWh. In addition, their filing should cover the range that is relevant"]
["to their service territory, class by class. A general guideline of consumption levels follows:"]
[]
["Residential (kWh) - 100, 250, 500, 800, 1000, 1500, 2000"]
["GS<50kW (kWh) - 1000, 2000, 5000, 10000, 15000"]
["GS>50kW (kW) - 60, 100, 500, 1000"]
["Large User - range appropriate for utility"]
["Lighting Classes and USL - 150 kWh and 1 kW, range appropriate for utility."]

{"sheet":"App.2-W_Bill Imp Street","index":58,"n_rows":81,"n_cols":20,"rows_kept":81,"cut":false,"hidden":false,"merged":[[63,1,63,3],[19,3,20,3],[19,13,20,13],[19,14,20,14],[56,1,56,3],[57,1,57,3],[62,1,62,3],[2,0,2,10],[9,1,9,14],[10,1,10,14],[13,3,13,14],[18,5,18,7],[18,9,18,11],[18,13,18,14]]}
[null,null,null,null,null,null,null,null,null,null,null,null,null,"File Number:",{"$f":"'LDC Info'!$E$18","v":"EB-2012-0173"},null,null,null,null,1]
[null,null,null,null,null,null,null,null,null,null,null,null,null,"Exhibit:",8]
[null,null,null,null,null,null,null,null,null,null,null,null,null,"Tab:",1]
[null,null,null,null,null,null,null,null,null,null,null,null,null,"Schedule:",11]
[null,null,null,null,null,null,null,null,null,null,null,null,null,"Page:","16 of 17"]
[]
[null,null,null,null,null,null,null,null,null,null,null,null,null,"Date:","Aug 31, 2012"]
[]
[]
[null,"Appendix 2-W"]
[null,"Bill Impacts"]
[]
[]
[null,"Customer Class:",null,"Street Light"]
[]
[null,null,null,"Consumption",null,4.3999999999999997E-2,"kW"]
[null,null,null,null,null,16,"kWh"]
[]
[null,null,null,null,null,"Current Board-Approved",null,null,null,"Proposed",null,null,null,"Impact"]
[null,null,null,"Charge Unit",null,"Rate","Volume","Charge",null,"Rate","Volume","Charge",null,"$ Change","% Change"]
[null,null,null,null,null,"($)",null,"($)",null,"($)",null,"($)"]
[null,"Monthly Service Charge",null,"Monthly",null,2.5099999999999998,1,{"$f":"G22*F22","v":2.5099999999999998},null,1.89,1,{"$f":"K22*J22","v":1.89},null,{"$f":"L22-H22","v":-0.61999999999999988},{"$f":"IF((H22)=0,\"\",(N22/H22))","v":-0.24701195219123503}]
[null,"Smart Meter Rate Adder",null,null,null,null,1,{"$f":"G23*F23","v":0},null,null,1,{"$f":"K23*J23","v":0},null,{"$f":"L23-H23","v":0},{"$f":"IF((H23)=0,\"\",(N23/H23))","v":""}]
[null,"Smart Meter Residual ",null,"Monthly",null,0,1,0,null,0,1,{"$f":"K24*J24","v":0},null,{"$f":"L24-H24","v":0},{"$f":"IF((H24)=0,\"\",(N24/H24))","v":""}]
[null,"Stranded Meter Rate Rider",null,"Monthly",null,null,1,0,null,null,1,0,null,0,""]
[null,null,null,null,null,null,1,0,null,null,1,0,null,0,""]
[null,null,null,null,null,null,1,0,null,null,1,0,null,0,""]
[null,"Distribution Volumetric Rate",null,"per kW",null,10.5724,{"$f":"$F$16","v":4.3999999999999997E-2},0.46518559999999998,null,7.9541000000000004,{"$f":"$F$16","v":4.3999999999999997E-2},0.34998039999999997,null,-0.11520520000000001,-0.24765426960765771]
[null,"Smart Meter Disposition Rider",null,null,null,null,{"$f":"$F$16","v":4.3999999999999997E-2},0,null,null,{"$f":"$F$16","v":4.3999999999999997E-2},0,null,0,""]
[null,"LRAM & SSM Rate Rider",null,null,null,null,{"$f":"$F$16","v":4.3999999999999997E-2},0,null,null,4.3999999999999997E-2,0,null,0,""]
[null,"Disposition-Residual Smart",null,null,null,null,{"$f":"$F$16","v":4.3999999999999997E-2},0,null,null,4.3999999999999997E-2,0,null,0,""]
[null,null,null,null,null,null,4.3999999999999997E-2,0,null,null,4.3999999999999997E-2,0,null,0,""]
[null,"Sub-Total A",null,null,null,null,null,{"$f":"SUM(H22:H32)","v":2.9751855999999997},null,null,null,{"$f":"SUM(L22:L32)","v":2.2399803999999999},null,-0.73520519999999978,-0.24711238182922096]
[null,"Deferral/Variance Account Disposition Rate Rider 2012",null,"per kW",null,-0.56789999999999996,{"$f":"$F$16","v":4.3999999999999997E-2},{"$f":"G34*F34","v":-2.4987599999999995E-2},null,{"$f":"F34","v":-0.56789999999999996},{"$f":"$F$16","v":4.3999999999999997E-2},{"$f":"K34*J34","v":-2.4987599999999995E-2},null,{"$f":"L34-H34","v":0},{"$f":"IF((H34)=0,\"\",(N34/H34))","v":0}]
[null,"Deferral/Variance Account Disposition Rate Rider 2013",null,"per kW",null,null,{"$f":"$F$16","v":4.3999999999999997E-2},{"$f":"G35*F35","v":0},null,9.98E-2,{"$f":"$F$16","v":4.3999999999999997E-2},{"$f":"K35*J35","v":4.3911999999999996E-3},null,{"$f":"L35-H35","v":4.3911999999999996E-3},{"$f":"IF((H35)=0,\"\",(N35/H35))","v":""}]
[null,"Deferral/Variance Account Disposition Global 2012",null,"per kW",null,-0.1043,4.3999999999999997E-2,{"$f":"G36*F36","v":-4.5891999999999999E-3},null,-0.1043,4.3999999999999997E-2,-4.5891999999999999E-3,null,0,0]
[null,"Deferral/Variance Account Disposition Global 2013",null,"per kW",null,null,4.3999999999999997E-2,0,null,9.9500000000000005E-2,4.3999999999999997E-2,4.3779999999999999E-3,null,4.3779999999999999E-3,""]
[null,"Low Voltage Service Charge",null,null,null,null,4.3999999999999997E-2,{"$f":"G38*F38","v":0},null,null,4.3999999999999997E-2,{"$f":"K38*J38","v":0},null,{"$f":"L38-H38","v":0},{"$f":"IF((H38)=0,\"\",(N38/H38))","v":""}]
[null,"Smart Meter Entity Charge",null,null,null,null,null,null,null,null,4.3999999999999997E-2,{"$f":"K39*J39","v":0},null,{"$f":"L39-H39","v":0}]
[null,"Sub-Total B - Distribution (includes Sub-Total A)",null,null,null,null,null,{"$f":"SUM(H34:H38)+H33","v":2.9456087999999996},null,null,null,{"$f":"SUM(L34:L38)+L33","v":2.2191727999999999},null,{"$f":"L40-H40","v":-0.72643599999999964},{"$f":"IF((H40)=0,\"\",(N40/H40))","v":-0.24661659077064127}]
[null,"RTSR - Network",null,"per kW",null,2.2633000000000001,{"$f":"F16*(1+F67)","v":4.6340799999999994E-2},{"$f":"G41*F41","v":0.10488313263999999},null,2.3353000000000002,{"$f":"F16*(1+J67)","v":4.6340799999999994E-2},{"$f":"K41*J41","v":0.10821967024},null,3.3365376000000085E-3,3.1811955993460962E-2]
[null,"RTSR - Line and Transformation Connection",null,"per kW",null,1.5640000000000001,{"$f":"G41","v":4.6340799999999994E-2},{"$f":"G42*F42","v":7.2477011199999997E-2},null,1.5268999999999999,{"$f":"K41","v":4.6340799999999994E-2},{"$f":"K42*J42","v":7.0757767519999987E-2},null,-1.7192436800000099E-3,-2.3721227621483515E-2]
[null,"Sub-Total C - Delivery (including Sub-Total B)",null,null,null,null,null,{"$f":"SUM(H40:H42)","v":3.1229689438399997},null,null,null,{"$f":"SUM(L40:L42)","v":2.3981502377599999},null,-0.72481870607999976,-0.23209283188988852]
[null,"Wholesale Market Service Charge (WMSC)",null,"per kWh",null,5.1999999999999998E-3,{"$f":"G47","v":16.851199999999999},{"$f":"G44*F44","v":8.7626239999999994E-2},null,5.1999999999999998E-3,{"$f":"K47","v":16.851199999999999},{"$f":"K44*J44","v":8.7626239999999994E-2},null,0,0]
[null,"Rural and Remote Rate Protection (RRRP)",null,"per kWh",null,1.1000000000000001E-3,{"$f":"G47","v":16.851199999999999},1.8536319999999998E-2,null,1.1000000000000001E-3,{"$f":"K47","v":16.851199999999999},1.8536319999999998E-2,null,0,0]
[null,"Standard Supply Service Charge",null,"Monthly",null,0.25,1,0.25,null,0.25,1,0.25,null,0,0]
[null,"Debt Retirement Charge (DRC)",null,"per kWh",null,7.0000000000000001E-3,{"$f":"G50+G51+G52","v":16.851199999999999},0.11795839999999999,null,7.0000000000000001E-3,{"$f":"K50+K51+K52","v":16.851199999999999},0.11795839999999999,null,0,0]
[null,"Energy - RPP - Tier 1",null,null,null,{"$f":"J48","v":7.3999999999999996E-2},{"$f":"IF($T$1=1,IF($F$17>=600,600,IF($F$17<600,$F$17*(1+$F$66),$F$16-600)),IF($T$1=2,IF($F$17>=1000,1000,IF($F$17<1000,$F$17*(1+$F$66),$F$16-1000))))","v":16},{"$f":"G48*F48","v":1.1839999999999999},null,{"$f":"'App.2-W_Bill Imp Sentinel'!J40","v":7.3999999999999996E-2},{"$f":"IF($T$1=1,IF($F$17>=600,600,IF($F$17<600,$F$17*(1+$F$66),$F$16-600)),IF($T$1=2,IF($F$17>=1000,1000,IF($F$17<1000,$F$17*(1+$F$66),$F$16-1000))))","v":16},{"$f":"K48*J48","v":1.1839999999999999},null,0,0]
[null,"Energy - RPP - Tier 2",null,null,null,{"$f":"J49","v":8.6999999999999994E-2},{"$f":"IF($T$1=1,IF($F$17>=600,$F$17*(1+$F$67)-600,IF($F$17<600,0,)), IF($T$1=2,IF($F$17>=1000,$F$17*(1+$F$67)-1000,IF($F$17<1000,0))))","v":0},{"$f":"G49*F49","v":0},null,{"$f":"'App.2-W_Bill Imp Sentinel'!J41","v":8.6999999999999994E-2},{"$f":"IF($T$1=1,IF($F$17>=600,$F$17*(1+$F$67)-600,IF($F$17<600,0,)), IF($T$1=2,IF($F$17>=1000,$F$17*(1+$F$67)-1000,IF($F$17<1000,0))))","v":0},{"$f":"K49*J49","v":0},null,0,""]
[null,"TOU - Off Peak",null,null,null,{"$f":"J50","v":6.3E-2},{"$f":"0.64*$F$17*(1+$F$67)","v":10.784768},0.67944038399999995,null,{"$f":"'App.2-W_Bill Imp Sentinel'!J42","v":6.3E-2},{"$f":"0.64*$F$17*(1+$J$67)","v":10.784768},0.67944038399999995,null,0,0]
[null,"TOU - Mid Peak",null,null,null,{"$f":"J51","v":9.9000000000000005E-2},{"$f":"0.18*$F$17*(1+$F$67)","v":3.0332159999999995},0.30028838399999996,null,{"$f":"'App.2-W_Bill Imp Sentinel'!J43","v":9.9000000000000005E-2},{"$f":"0.18*$F$17*(1+$J$67)","v":3.0332159999999995},0.30028838399999996,null,0,0]
[null,"TOU - On Peak",null,null,null,{"$f":"J52","v":0.11799999999999999},{"$f":"0.18*$F$17*(1+$F$67)","v":3.0332159999999995},0.3579194879999999,null,{"$f":"'App.2-W_Bill Imp Sentinel'!J44","v":0.11799999999999999},{"$f":"0.18*$F$17*(1+$J$67)","v":3.0332159999999995},0.3579194879999999,null,0,0]
[]
[null,"Total Bill on RPP (before Taxes)",null,null,null,null,null,{"$f":"SUM(H43:H49)","v":4.7810899038399999},null,null,null,{"$f":"SUM(L43:L49)","v":4.0562711977600001},null,-0.72481870607999976,-0.15160114548313583]
[null,"HST",null,null,null,0.13,null,{"$f":"H54*F55","v":0.62154168749920002},null,0.13,null,{"$f":"L54*J55","v":0.5273152557088},null,-9.4226431790400023E-2,-0.15160114548313591]
[null,"Total Bill (including HST)",null,null,null,null,null,{"$f":"H54+H55","v":5.4026315913392002},null,null,null,{"$f":"L54+L55","v":4.5835864534687998},null,-0.81904513787040045,-0.15160114548313597]
[null,"Ontario Clean Energy Benefit 1",null,null,null,null,null,{"$f":"ROUND(-H56*10%,2)","v":-0.54},null,null,null,{"$f":"ROUND(-L56*10%,2)","v":-0.46},null,8.0000000000000016E-2,-0.14814814814814817]
[null,"Total Bill on RPP (including OCEB)",null,null,null,null,null,{"$f":"SUM(H56:H57)","v":4.8626315913392002},null,null,null,{"$f":"SUM(L56:L57)","v":4.1235864534687998},null,-0.73904513787040038,-0.15198460421856935]
[]
[null,"Total Bill on TOU (before Taxes)",null,null,null,null,null,{"$f":"SUM(H43:H47,H50:H52)","v":4.9347381598400002},null,null,null,{"$f":"SUM(L43:L47,L50:L52)","v":4.2099194537599995},null,{"$f":"L60-H60","v":-0.72481870608000065},{"$f":"IF((H60)=0,\"\",(N60/H60))","v":-0.14688088457838289}]
[null,"HST",null,null,null,0.13,null,{"$f":"H60*F61","v":0.64151596077920003},null,0.13,null,{"$f":"L60*J61","v":0.54728952898880001},null,-9.4226431790400023E-2,-0.1468808845783828]
[null,"Total Bill (including HST)",null,null,null,null,null,{"$f":"H60+H61","v":5.5762541206192004},null,null,null,{"$f":"L60+L61","v":4.7572089827488},null,-0.81904513787040045,-0.14688088457838283]
[null,"Ontario Clean Energy Benefit 1",null,null,null,null,null,{"$f":"ROUND(-H62*10%,2)","v":-0.56000000000000005},null,null,null,{"$f":"ROUND(-L62*10%,2)","v":-0.48},null,8.0000000000000071E-2,-0.14285714285714296]
[null,"Total Bill on TOU (including OCEB)",null,null,null,null,null,{"$f":"H62+H63","v":5.0162541206192},null,null,null,{"$f":"L62+L63","v":4.2772089827487996},null,-0.73904513787040038,-0.14733008338484527]
[]
[]
[null,"Loss Factor (%)",null,null,null,5.3199999999999997E-2,null,null,null,5.3199999999999997E-2]
[]
["1 Applicable to eligible customers only.  Refer to the Ontario Clean Energy Benefit Act, 2010."]
[]
["Note that the \"Charge $\" columns provide breakdowns of the amounts that each bill component contributes to the total monthly bill at the referenced "]
["consumption level at existing and proposed rates."]
[]
["Applicants must provide bill impacts for residential at 800 kWh and GS<50kW at 2000 kWh. In addition, their filing should cover the range that is relevant"]
["to their service territory, class by class. A general guideline of consumption levels follows:"]
[]
["Residential (kWh) - 100, 250, 500, 800, 1000, 1500, 2000"]
["GS<50kW (kWh) - 1000, 2000, 5000, 10000, 15000"]
["GS>50kW (kW) - 60, 100, 500, 1000"]
["Large User - range appropriate for utility"]
["Lighting Classes and USL - 150 kWh and 1 kW, range appropriate for utility."]

{"sheet":"App.2-X_CoS_Flowchart","index":59,"n_rows":16,"n_cols":7,"rows_kept":16,"cut":false,"hidden":false,"merged":[[15,1,15,6],[12,1,12,6],[13,1,13,6]]}
[null,null,null,null,null,"File Number:",{"$f":"'LDC Info'!$E$18","v":"EB-2012-0173"}]
[null,null,null,null,null,"Exhibit:"]
[null,null,null,null,null,"Tab:"]
[null,null,null,null,null,"Schedule:"]
[null,null,null,null,null,"Page:"]
[]
[null,null,null,null,null,"Date:"]
[]
[]
[]
[]
[]
[null,"Appendix 2-X"]
[null,"Cost of Service Rate Application Schematic"]
[]
[null,"The Cost of Service Rate Application Schematic is a flowchart appended to Chapter 2 of the Filing Requirements as a guide for the components of an application and how demand and costs interrelate to derive the revenue requirement and then how the revenue requirement is allocated between classes and through fixed/variable splits to derive rates that will be compensatory for the annual revenue requirement, based on the the forecasted demand.  There is no form to be filled out; therefore, this Schedule is not required to be filed. "]