{"text_format":"1","workbook":"xlsx","n_sheets":55,"sheets":["LDC Info","Index","App.2-A_Capital Projects","Fixed Asset Continuity","App.2-B_FAC 2009","App 2-B FAC 2010","App 2-B FAC 2011","App2-B FAC2012","App 2-B FAC 2013","App2-B FAC MIFRS2012","App2-B FAC MIFRS2013","App.2-CB_MIFRS_DepExp_2011NA","App.2-CC_MIFRS_DepExp_2012NA","App.2-CD_MIFRS_DepExp_2013NA","App2-CE Dep Summary","App2-CE CGAAP Dep 2009","App2-CE CGAAP Dep 2010","App2-CE CGAAP Dep 2011 ","App.2-CF_CGAAP_DepExp_2012","App.2-CF_CGAAP_DepExp_2013","App.2-CG_MIFRS_DepExp_2012","App.2-CH_MIFRS_DepExp_2013","App.2-CI_AltAccStd_DepExpNA","App.2-D_Overhead","App.2-EA_PP&E Deferral Acct NA","App.2-EB_PP&E Deferral Account","App.2-F_Other_Oper_Rev","App.2-G_Detailed_OM&A_Expenses","App.2-H_OM&A_Detailed_Analysis","App.2-I_OM&A_Summary_Analys","App.2-J_OM&A_Cost _Drivers","App.2-K_Employee Costs","App.2-L_OM&A_per_Cust_FTEE","App.2-M_Regulatory_Costs","App.2-N_Corp_Cost_Allocation","App 2-N Original","App.2-OA Capital Structure 2009","App.2-OA Capital Structure 2010","App.2-OA Capital Structure 2011","App.2-OA Capital Structure 2012","App.2-OA Capital Structure 2013","App 2-OB Debt 2009","App 2-OB Debt 2010","App.2-OB_Debt Instruments2011","App.2-OB_Debt Instruments2012","App.2-OB_Debt Instruments2013","App.2-P_Cost_Allocation","App.2-Q_Cost of Serv. Emb. NA","App.2-R_Loss Factors","App.2-S_Stranded Meters","App.2-T_1592_Tax_Variance","App.2-U_IFRS Transition Costs","App.2-V_Rev_Reconciliation","App.2-W_Bill Impacts","App.2-X_CoS_Flowchart"],"not_rendered":{"charts":0,"images":3,"macros":1,"external_links":3,"defined_names":51,"comments":1,"pivot_tables":0},"unopened":[],"bounds":{"document_bytes":16777216,"sheet_cells":100000,"rows_first":2000,"rows_last":500,"rows_between":2000,"halvings":0,"cell_chars":16384,"cell_head_chars":4096},"cells_cut":0,"cells_raw":0,"read":"whole","date_system":"1900"}

{"sheet":"LDC Info","index":0,"n_rows":80,"n_cols":27,"rows_kept":80,"cut":false,"hidden":false,"merged":[[19,4,19,10],[33,2,33,11],[37,2,37,12],[13,4,13,10],[15,4,15,8],[17,4,17,8],[21,4,21,8],[23,4,23,8],[25,4,25,6],[27,4,27,6],[35,2,35,13],[29,4,29,6]]}
[]
[]
[null,null,null,null,null,null,null,null,null,null,null,null,null,null,null,null,null,null,null,null,null,null,null,null,null,null,"Algoma Power Inc."]
[null,null,null,null,null,null,null,null,null,null,null,null,null,null,null,null,null,null,null,null,null,null,null,null,null,null,"Atikokan Hydro Inc."]
[null,null,null,null,null,null,null,null,null,null,null,null,null,null,null,null,null,null,null,null,null,null,null,null,null,null,"Attawapiskat Power Corporation"]
[null,null,null,null,null,null,null,null,null,null,null,null,null,null,null,null,null,null,null,null,null,null,null,null,null,null,"Bluewater Power Distribution Corp."]
[null,null,null,null,null,null,null,null,null,null,null,null,null,null,null,null,null,null,null,null,null,null,null,null,null,null,"Brant County Power"]
[null,null,null,null,null,null,null,null,null,null,null,null,null,null,null,null,null,null,null,null,null,null,null,null,null,null,"Brantford Power Inc."]
[null,null,null,null,null,null,null,null,null,null,null,null,null,null,null,null,null,null,null,null,null,null,null,null,null,null,"Burlington Hydro Inc."]
[null,null,null,null,null,null,null,null,null,null,null,null,null,null,null,null,null,null,null,null,null,null,null,null,null,null,"Cambridge and North Dumfries Hydro"]
[null,null,null,null,null,null,null,null,null,null,null,null,null,null,null,null,null,null,null,null,null,null,null,null,null,null,"Canadian Niagara Power Inc. – Eastern Ontario Power/Fort Erie/Port Colborne"]
[null,null,null,null,null,null,null,null,null,null,null,null,null,null,null,null,null,null,null,null,null,null,null,null,null,null,"Centre Wellington Hydro Ltd."]
[null,null,null,null,null,null,null,null,null,null,null,null,null,null,null,null,null,null,null,null,null,null,null,null,null,null,"Chapleau Public Utilities Corporation"]
[null,null,null,"Utility Name   ","Northern Ontario Wires Inc.",null,null,null,null,null,null,null,null,null,null,null,null,null,null,null,null,null,null,null,null,null,"COLLUS Power Corp."]
[null,null,null,null,null,null,null,null,null,null,null,null,null,null,null,null,null,null,null,null,null,null,null,null,null,null,"Cooperative Hydro Embrun Inc."]
[null,null,null,"Service Territory","Urban Cochrane, Iroquois Falls and Kapuskasing",null,null,null,null,null,null,null,null,null,null,null,null,null,null,null,null,null,null,null,null,null,"E.L.K. Energy Inc."]
[null,null,null,null,null,null,null,null,null,null,null,null,null,null,null,null,null,null,null,null,null,null,null,null,null,null,"Enersource Hydro Mississauga Inc."]
[null,null,null,"Assigned EB Number","EB-2012-0153",null,null,null,null,null,null,null,null,null,null,null,null,null,null,null,null,null,null,null,null,null,"Entegrus Powerlines Inc."]
[null,null,null,null,null,null,null,null,null,null,null,null,null,null,null,null,null,null,null,null,null,null,null,null,null,null,"ENWIN Utilities Ltd."]
[null,null,null,"Name of Contact and Title","Monika Malherbe, Chief Financial Officer",null,null,null,null,null,null,null,null,null,null,null,null,null,null,null,null,null,null,null,null,null,"Erie Thames Powerlines Corp."]
[null,null,null,null,null,null,null,null,null,null,null,null,null,null,null,null,null,null,null,null,null,null,null,null,null,null,"Espanola Regional Hydro Distribution Corporation"]
[null,null,null,"Phone Number   ","705-272-6669",null,null,null,null,null,null,null,null,null,null,null,null,null,null,null,null,null,null,null,null,null,"Essex Powerlines Corporation"]
[null,null,null,null,null,null,null,null,null,null,null,null,null,null,null,null,null,null,null,null,null,null,null,null,null,null,"Festival Hydro Inc."]
[null,null,null,"Email Address   ","monikam@nowinc.ca",null,null,null,null,null,null,null,null,null,null,null,null,null,null,null,null,null,null,null,null,null,"Fort Albany Power Corporation"]
[null,null,null,null,null,null,null,null,null,null,null,null,null,null,null,null,null,null,null,null,null,null,null,null,null,null,"Fort Frances Power Corporation"]
[null,null,null,"Bridge Year",2012,null,null,null,null,null,null,null,null,null,null,null,null,null,null,null,null,null,null,null,null,null,"Greater Sudbury Hydro Inc."]
[null,null,null,null,null,null,null,null,null,null,null,null,null,null,null,null,null,null,null,null,null,null,null,null,null,null,"Grimsby Power Inc."]
[null,null,null,"Test Year",2013,null,null,null,null,null,null,null,null,null,null,null,null,null,null,null,null,null,null,null,null,null,"Guelph Hydro Electric Systems Inc."]
[null,null,null,null,null,null,null,null,null,null,null,null,null,null,null,null,null,null,null,null,null,null,null,null,null,null,"Haldimand County Hydro Inc."]
[null,null,null,"Last Rebasing Year",2009,null,null,null,null,null,null,null,null,null,null,null,null,null,null,null,null,null,null,null,null,null,"Guelph Hydro Electric Systems Inc."]
[null,null,null,null,null,null,null,null,null,null,null,null,null,null,null,null,null,null,null,null,null,null,null,null,null,null,"Halton Hills Hydro Inc."]
[null,"Notes",null,null,null,null,null,null,null,null,null,null,null,null,null,null,null,null,null,null,null,null,null,null,null,null,"Hearst Power Distribution Co. Ltd."]
[null,null,null,null,null,null,null,null,null,null,null,null,null,null,null,null,null,null,null,null,null,null,null,null,null,null,"Horizon Utilities Corporation"]
[null,null,"Pale green cells represent input cells.",null,null,null,null,null,null,null,null,null,null,null,null,null,null,null,null,null,null,null,null,null,null,null,"Hydro 2000 Inc."]
[null,null,null,null,null,null,null,null,null,null,null,null,null,null,null,null,null,null,null,null,null,null,null,null,null,null,"Hydro Hawkesbury Inc."]
[null,null,"Pale blue cells represent drop-down lists.  The applicant should select the appropriate item from the drop-down list.",null,null,null,null,null,null,null,null,null,null,null,null,null,null,null,null,null,null,null,null,null,null,null,"Hydro One Brampton Networks Inc."]
[null,null,null,null,null,null,null,null,null,null,null,null,null,null,null,null,null,null,null,null,null,null,null,null,null,null,"Hydro One Networks Inc."]
[null,null,"White cells contain fixed values, automatically generated values or formulae. ",null,null,null,null,null,null,null,null,null,null,null,null,null,null,null,null,null,null,null,null,null,null,null,"Hydro One Remote Communities Inc."]
[null,null,null,null,null,null,null,null,null,null,null,null,null,null,null,null,null,null,null,null,null,null,null,null,null,null,"Hydro Ottawa Limited"]
[null,null,null,null,null,null,null,null,null,null,null,null,null,null,null,null,null,null,null,null,null,null,null,null,null,null,"Innisfil Hydro Dist. Systems Limited"]
[null,null,null,null,null,null,null,null,null,null,null,null,null,null,null,null,null,null,null,null,null,null,null,null,null,null,"Kashechewan Power Corporation"]
[null,null,null,null,null,null,null,null,null,null,null,null,null,null,null,null,null,null,null,null,null,null,null,null,null,null,"Kenora Hydro Electric Corporation Ltd."]
[null,null,null,null,null,null,null,null,null,null,null,null,null,null,null,null,null,null,null,null,null,null,null,null,null,null,"Kingston Hydro Corporation"]
[null,null,null,null,null,null,null,null,null,null,null,null,null,null,null,null,null,null,null,null,null,null,null,null,null,null,"Kitchener-Wilmot Hydro Inc."]
[null,null,null,null,null,null,null,null,null,null,null,null,null,null,null,null,null,null,null,null,null,null,null,null,null,null,"Lakefront Utilities Inc."]
[null,null,null,null,null,null,null,null,null,null,null,null,null,null,null,null,null,null,null,null,null,null,null,null,null,null,"Lakeland Power Distribution Ltd."]
[null,null,null,null,null,null,null,null,null,null,null,null,null,null,null,null,null,null,null,null,null,null,null,null,null,null,"London Hydro Inc."]
[null,null,null,null,null,null,null,null,null,null,null,null,null,null,null,null,null,null,null,null,null,null,null,null,null,null,"Midland Power Utility Corporation"]
[null,null,null,null,null,null,null,null,null,null,null,null,null,null,null,null,null,null,null,null,null,null,null,null,null,null,"Milton Hydro Distribution Inc."]
[null,null,null,null,null,null,null,null,null,null,null,null,null,null,null,null,null,null,null,null,null,null,null,null,null,null,"Newmarket – Tay Power Distribution Ltd."]
[null,null,null,null,null,null,null,null,null,null,null,null,null,null,null,null,null,null,null,null,null,null,null,null,null,null,"Niagara Peninsula Energy Inc."]
[null,null,null,null,null,null,null,null,null,null,null,null,null,null,null,null,null,null,null,null,null,null,null,null,null,null,"Niagara-on-the-Lake Hydro Inc."]
[null,null,null,null,null,null,null,null,null,null,null,null,null,null,null,null,null,null,null,null,null,null,null,null,null,null,"Norfolk Power Distribution Ltd."]
[null,null,null,null,null,null,null,null,null,null,null,null,null,null,null,null,null,null,null,null,null,null,null,null,null,null,"North Bay Hydro Distribution Limited"]
[null,null,null,null,null,null,null,null,null,null,null,null,null,null,null,null,null,null,null,null,null,null,null,null,null,null,"Northern Ontario Wires Inc."]
[null,null,null,null,null,null,null,null,null,null,null,null,null,null,null,null,null,null,null,null,null,null,null,null,null,null,"Oakville Hydro Distribution Inc."]
[null,null,null,null,null,null,null,null,null,null,null,null,null,null,null,null,null,null,null,null,null,null,null,null,null,null,"Orangeville Hydro Limited"]
[null,null,null,null,null,null,null,null,null,null,null,null,null,null,null,null,null,null,null,null,null,null,null,null,null,null,"Orillia Power Distribution Corp."]
[null,null,null,null,null,null,null,null,null,null,null,null,null,null,null,null,null,null,null,null,null,null,null,null,null,null,"Oshawa PUC Networks Inc."]
[null,null,null,null,null,null,null,null,null,null,null,null,null,null,null,null,null,null,null,null,null,null,null,null,null,null,"Ottawa River Power Corporation"]
[null,null,null,null,null,null,null,null,null,null,null,null,null,null,null,null,null,null,null,null,null,null,null,null,null,null,"Parry Sound Power Corporation"]
[null,null,null,null,null,null,null,null,null,null,null,null,null,null,null,null,null,null,null,null,null,null,null,null,null,null,"Peterborough Distribution Inc."]
[null,null,null,null,null,null,null,null,null,null,null,null,null,null,null,null,null,null,null,null,null,null,null,null,null,null,"PowerStream Inc."]
[null,null,null,null,null,null,null,null,null,null,null,null,null,null,null,null,null,null,null,null,null,null,null,null,null,null,"PUC Distribution Inc."]
[null,null,null,null,null,null,null,null,null,null,null,null,null,null,null,null,null,null,null,null,null,null,null,null,null,null,"Renfrew Hydro Inc."]
[null,null,null,null,null,null,null,null,null,null,null,null,null,null,null,null,null,null,null,null,null,null,null,null,null,null,"Rideau St. Lawrence Distribution Inc."]
[null,null,null,null,null,null,null,null,null,null,null,null,null,null,null,null,null,null,null,null,null,null,null,null,null,null,"St. Thomas Energy Inc."]
[null,null,null,null,null,null,null,null,null,null,null,null,null,null,null,null,null,null,null,null,null,null,null,null,null,null,"Sioux Lookout Hydro Inc."]
[null,null,null,null,null,null,null,null,null,null,null,null,null,null,null,null,null,null,null,null,null,null,null,null,null,null,"Thunder Bay Hydro Electricity Distribution"]
[null,null,null,null,null,null,null,null,null,null,null,null,null,null,null,null,null,null,null,null,null,null,null,null,null,null,"Tillsonburg Hydro Inc."]
[null,null,null,null,null,null,null,null,null,null,null,null,null,null,null,null,null,null,null,null,null,null,null,null,null,null,"Toronto Hydro-Electric System Limited"]
[null,null,null,null,null,null,null,null,null,null,null,null,null,null,null,null,null,null,null,null,null,null,null,null,null,null,"Veridian Connections Inc."]
[null,null,null,null,null,null,null,null,null,null,null,null,null,null,null,null,null,null,null,null,null,null,null,null,null,null,"Wasaga Distribution Inc."]
[null,null,null,null,null,null,null,null,null,null,null,null,null,null,null,null,null,null,null,null,null,null,null,null,null,null,"Waterloo North Hydro Inc."]
[null,null,null,null,null,null,null,null,null,null,null,null,null,null,null,null,null,null,null,null,null,null,null,null,null,null,"Welland Hydro Electric System Corp."]
[null,null,null,null,null,null,null,null,null,null,null,null,null,null,null,null,null,null,null,null,null,null,null,null,null,null,"Wellington North Power Inc."]
[null,null,null,null,null,null,null,null,null,null,null,null,null,null,null,null,null,null,null,null,null,null,null,null,null,null,"West Coast Huron Energy Inc."]
[null,null,null,null,null,null,null,null,null,null,null,null,null,null,null,null,null,null,null,null,null,null,null,null,null,null,"Westario Power Inc."]
[null,null,null,null,null,null,null,null,null,null,null,null,null,null,null,null,null,null,null,null,null,null,null,null,null,null,"Whitby Hydro Electric Corporation"]
[null,null,null,null,null,null,null,null,null,null,null,null,null,null,null,null,null,null,null,null,null,null,null,null,null,null,"Woodstock Hydro Services Inc."]

{"sheet":"Index","index":1,"n_rows":32,"n_cols":6,"rows_kept":32,"cut":false,"hidden":false,"merged":[]}
[]
[]
[]
[]
[]
[]
[]
[]
[]
[]
[]
[]
[]
[]
[1,"LDC Information Sheet",null,null,19,"Appendix 2-H OM&A Detailed Analysis"]
[2,"Index",null,null,20,"Appendix 2-I OM&A Summary Analysis"]
[3,"Appendix 2-A Capital Projects",null,null,21,"Appendix 2-J OM&A Cost  Drivers"]
[4,"Appendix 2-B Fixed Asset Continuity",null,null,22,"Appendix 2-K Employee Costs"]
[5,"Appendix 2-CA CGAAP Depreciation Expense 2011",null,null,23,"Appendix 2-L OM&A per Cust FTEE"]
[6,"Appendix 2-CB MIFRS Depreciation Expense 2011",null,null,24,"Appendix 2-M Regulatory Costs"]
[7,"Appendix 2-CC MIFRS Depreciation Expense 2012",null,null,25,"Appendix 2-N Corp Cost Allocation"]
[8,"Appendix 2-CD MIFRS Depreciation Expense 2013",null,null,26,"Appendix 2-OA Capital Structure and Cost of Capital"]
[9,"Appendix 2-CE CGAAP Depreciation Expense 2011",null,null,27,"Appendix 2-OB Debt Instruments"]
[10,"Appendix 2-CF CGAAP Depreciation Expense 2012",null,null,28,"Appendix 2-P Cost Allocation"]
[11,"Appendix 2-CG MIFRS Depreciation Expense 2012",null,null,29,"Appendix 2-Q Cost of Service Embedded Distributor"]
[12,"Appendix 2-CH MIFRS Depreciation Expense 2013",null,null,30,"Appendix 2-R Loss Factors"]
[13,"Appendix 2-CI Alternative Accounting Standards Depreciation Expense",null,null,31,"Appendix 2-S Stranded Meters"]
[14,"Appendix 2-D Overhead",null,null,32,"Appendix 2-T 1592 Tax Variance"]
[15,"Appendix 2-EA PP&E Deferral Account - 2012 IFRS Adopters",null,null,33,"Appendix 2-U IFRS Transition Costs"]
[16,"Appendix 2-EB PP&E Deferral Account - 2013 IFRS Adopters",null,null,34,"Appendix 2-V Rev Reconciliation"]
[17,"Appendix 2-F Other Operating Revenue",null,null,35,"Appendix 2-W Bill Impacts"]
[18,"Appendix 2-G Detailed OM&A Expenses",null,null,36,"Appendix 2-X CoS Flowchart"]

{"sheet":"App.2-A_Capital Projects","index":2,"n_rows":67,"n_cols":8,"rows_kept":67,"cut":false,"hidden":false,"merged":[[11,0,11,7],[68,0,69,8],[9,0,9,7],[8,0,8,7],[64,0,64,7],[66,0,66,7]]}
[null,null,null,null,null,null,"File Number:",{"$f":"'LDC Info'!$E$18","v":"EB-2012-0153"}]
[null,null,null,null,null,null,"Exhibit:"]
[null,null,null,null,null,null,"Tab:"]
[null,null,null,null,null,null,"Schedule:"]
[null,null,null,null,null,null,"Page:"]
[]
[null,null,null,null,null,null,"Date:"]
[]
["Appendix 2-A"]
["Capital Projects Table"]
[]
[]
["Projects",{"$f":"IF(ISBLANK('LDC Info'!E26), \"Year 1\", 'LDC Info'!E26-5)","v":2007},{"$f":"IF(ISBLANK('LDC Info'!E26), \"Year 2\", 'LDC Info'!E26-4)","v":2008},{"$f":"IF(ISBLANK('LDC Info'!E26), \"Year 3\", 'LDC Info'!E26-3)","v":2009},{"$f":"IF(ISBLANK('LDC Info'!E26), \"Year 4\", 'LDC Info'!E26-2)","v":2010},{"$f":"IF(ISBLANK('LDC Info'!E26), \"Year 5\", 'LDC Info'!E26-1)","v":2011},{"$f":"'LDC Info'!E26 & \" Bridge Year\"","v":"2012 Bridge Year"},{"$f":"'LDC Info'!E28 & \" Test Year\"","v":"2013 Test Year"}]
["Reporting Basis","CGAAP","CGAAP","CGAAP","CGAAP","CGAAP","CGAAP","CGAAP"]
["Pole Changes"]
[null,null,null,null,null,null,null,{"$f":"20502+20502+20502","v":61506}]
[null,null,null,null,null,null,null,61506]
[null,null,null,null,null,null,null,24000]
[null,null,null,null,null,null,null,{"$f":"4556*3","v":13668}]
[]
["Sub-Total",{"$f":"SUM(B16:B20)","v":0},{"$f":"SUM(C16:C20)","v":0},0,0,0,0,160680]
["Iroquois Falls - Old Town Site Conversion"]
[]
[]
[]
[]
[]
["Sub-Total",{"$f":"SUM(B23:B27)","v":0},0,0,0,0,0,0]
["Project Name #3"]
[]
[]
[]
[]
[]
["Sub-Total",{"$f":"SUM(B30:B34)","v":0},0,0,0,0,0,0]
["Project Name #4"]
[]
[]
[]
[]
[]
["Sub-Total",{"$f":"SUM(B37:B41)","v":0},0,0,0,0,0,0]
["Project Name #4"]
[]
[]
[]
[]
[]
["Sub-Total",{"$f":"SUM(B44:B48)","v":0},0,0,0,0,0,0]
["Project Name #4"]
[]
[]
[]
[]
[]
["Sub-Total",{"$f":"SUM(B51:B55)","v":0},0,0,0,0,0,0]
[]
[]
["Miscellaneous"]
["Total",{"$f":"SUMPRODUCT(--($A15:$A59=\"Sub-Total\"), B$15:B$59)+B59","v":0},{"$f":"SUMPRODUCT(--($A15:$A59=\"Sub-Total\"), C$15:C$59)+C59","v":0},0,0,0,0,160680]
[]
[]
["Notes:"]
[]
["1   Please provide a breakdown of the major components of each capital project.  Please ensure that all projects below the materiality threshold are included in the miscellaneous line.  Add more projects as required."]
[]
["2   Amounts should be reported on a MIFRS basis for the adoption year and any subsequent years, only."]

{"sheet":"Fixed Asset Continuity","index":3,"n_rows":18,"n_cols":11,"rows_kept":18,"cut":false,"hidden":false,"merged":[[2,2,2,6],[2,8,2,9]]}
[null,"OEB Appendix 2-B Fixed Asset Continuity Schedule Summary"]
[]
[null,null,"CGAAP",null,null,null,null,null,"IFRS",null,"Per RRWF"]
[null,null,2009,2010,2011,2012,2013,null,2012,2013,"Average 2012 / 2013"]
[null,null,null,null,null,"A","B",null,null,null,"C = ( A + B ) / 2"]
[null,"Opening Balance",{"$f":"'App.2-B_FAC 2009'!E54","v":6635653.3600000003},{"$f":"'App 2-B FAC 2010'!E54","v":6751833.3600000003},{"$f":"'App 2-B FAC 2011'!E54","v":6537468.3600000003},{"$f":"'App2-B FAC2012'!E54","v":7865405.3600000003},{"$f":"'App 2-B FAC 2013'!E54","v":8695701.3599999994},null,{"$f":"'App2-B FAC MIFRS2012'!E54","v":7865405.3600000003},{"$f":"'App2-B FAC MIFRS2013'!E54","v":8823272.3599999994}]
[null,"Smart Meters NBV",null,null,null,null,1074883]
[null,"Additions",{"$f":"'App.2-B_FAC 2009'!F54","v":201928},{"$f":"'App 2-B FAC 2010'!F54","v":437145},{"$f":"'App 2-B FAC 2011'!F54","v":1383278},{"$f":"'App2-B FAC2012'!F54","v":830296},{"$f":"'App 2-B FAC 2013'!F54-G7","v":772205},null,{"$f":"'App2-B FAC MIFRS2012'!F54","v":957867},{"$f":"'App2-B FAC MIFRS2013'!F54","v":1847088}]
[null,"Disposals",{"$f":"'App.2-B_FAC 2009'!G54","v":-85748},{"$f":"'App 2-B FAC 2010'!G54","v":-651510},{"$f":"'App 2-B FAC 2011'!G54","v":-55341},{"$f":"'App2-B FAC2012'!G54","v":0},{"$f":"'App 2-B FAC 2013'!G54","v":0},null,{"$f":"'App2-B FAC MIFRS2012'!G54","v":0},{"$f":"'App2-B FAC MIFRS2013'!G54","v":0}]
[null,"Closing Balance",{"$f":"'App.2-B_FAC 2009'!H54","v":6751833.3600000003},{"$f":"'App 2-B FAC 2010'!H54","v":6537468.3600000003},{"$f":"'App 2-B FAC 2011'!H54","v":7865405.3600000003},{"$f":"'App2-B FAC2012'!H54","v":8695701.3599999994},{"$f":"'App 2-B FAC 2013'!H54","v":10542789.359999999},null,{"$f":"'App2-B FAC MIFRS2012'!H54","v":8823272.3599999994},{"$f":"'App2-B FAC MIFRS2013'!H54","v":10670360.359999999},{"$f":"(F10+G10)/2","v":9619245.3599999994}]
[]
[null,"Opening Balance",{"$f":"'App.2-B_FAC 2009'!J54","v":-2884394},{"$f":"'App 2-B FAC 2010'!J54","v":-3188720},{"$f":"'App 2-B FAC 2011'!J54","v":-3119293},{"$f":"'App2-B FAC2012'!J54","v":-3468331},{"$f":"'App 2-B FAC 2013'!J54","v":-3938570},null,{"$f":"'App2-B FAC MIFRS2012'!J54","v":-3468331},{"$f":"'App2-B FAC MIFRS2013'!J54","v":-3835390}]
[null,"Smart Meters",null,null,null,null,{"$f":"-(87601+7639+4374+214)","v":-99828}]
[null,"Additions",{"$f":"'App.2-B_FAC 2009'!K54","v":-390072},{"$f":"'App 2-B FAC 2010'!K54","v":-384791},{"$f":"'App 2-B FAC 2011'!K54","v":-404798},{"$f":"'App2-B FAC2012'!K54","v":-470239},{"$f":"'App 2-B FAC 2013'!K54-G13","v":-438600.98259856598},null,{"$f":"'App2-B FAC MIFRS2012'!K54","v":-367059},{"$f":"'App2-B FAC MIFRS2013'!K54","v":-533429}]
[null,"Disposals",{"$f":"'App.2-B_FAC 2009'!L54","v":85746},{"$f":"'App 2-B FAC 2010'!L54","v":454218},{"$f":"'App 2-B FAC 2011'!L54","v":55760},{"$f":"'App2-B FAC2012'!L54","v":0},{"$f":"'App 2-B FAC 2013'!L54","v":0},null,{"$f":"'App2-B FAC MIFRS2012'!L54","v":0},{"$f":"'App2-B FAC MIFRS2013'!L54","v":0}]
[null,"Closing Balance",{"$f":"'App.2-B_FAC 2009'!M54","v":-3188720},{"$f":"'App 2-B FAC 2010'!M54","v":-3119293},{"$f":"'App 2-B FAC 2011'!M54","v":-3468331},{"$f":"'App2-B FAC2012'!M54","v":-3938570},{"$f":"'App 2-B FAC 2013'!M54","v":-4476998.9825985665},null,{"$f":"'App2-B FAC MIFRS2012'!M54","v":-3835390},{"$f":"'App2-B FAC MIFRS2013'!M54","v":-4368819},{"$f":"(F16+G16)/2","v":-4207784.4912992828}]
[]
[null,"Net Book Value",{"$f":"'App.2-B_FAC 2009'!N54","v":3563113.36},{"$f":"'App 2-B FAC 2010'!N54","v":3418175.36},{"$f":"'App 2-B FAC 2011'!N54","v":4397074.3599999994},{"$f":"'App2-B FAC2012'!N54","v":4757131.3599999994},{"$f":"'App 2-B FAC 2013'!N54","v":6065790.3774014339},null,{"$f":"'App2-B FAC MIFRS2012'!N54","v":4987882.3599999994},{"$f":"'App2-B FAC MIFRS2013'!N54","v":6301541.3599999994},{"$f":"(F18+G18)/2","v":5411460.8687007166}]

{"sheet":"App.2-B_FAC 2009","index":4,"n_rows":82,"n_cols":15,"rows_kept":82,"cut":false,"hidden":false,"merged":[[73,1,74,13],[76,1,77,13],[79,1,79,13],[9,0,9,13],[8,0,8,13],[13,4,13,7]]}
[null,null,null,null,null,null,null,null,null,null,null,null,"File Number:",{"$f":"'LDC Info'!$E$18","v":"EB-2012-0153"}]
[null,null,null,null,null,null,null,null,null,null,null,null,"Exhibit:"]
[null,null,null,null,null,null,null,null,null,null,null,null,"Tab:"]
[null,null,null,null,null,null,null,null,null,null,null,null,"Schedule:"]
[null,null,null,null,null,null,null,null,null,null,null,null,"Page:"]
[]
[null,null,null,null,null,null,null,null,null,null,null,null,"Date:"]
[]
["Appendix 2-B"]
["Fixed Asset Continuity Schedule"]
[null,null,null,null,null,"CGAAP"]
[null,null,null,null,null,"Year ","2009 Actual"]
[]
[null,null,null,null,"Cost",null,null,null,null,null,"Accumulated Depreciation"]
["CCA Class","OEB","Description","Depreciation Rate","Opening Balance","Additions","Disposals","Closing Balance",null,"Opening Balance","Additions","Disposals","Closing Balance","Net Book Value"]
[12,1611,"Computer Software (Formally known as Account 1925)",null,{"$f":"43200+E63","v":110642},67427,-18911,{"$f":"E16+F16+G16","v":159158},null,-31308,-13879,18910,{"$f":"J16+K16+L16","v":-26277},{"$f":"H16+M16","v":132881}]
["CEC",1612,"Land Rights (Formally known as Account 1906)",null,null,null,null,{"$f":"E17+F17+G17","v":0},null,null,null,null,{"$f":"J17+K17+L17","v":0},{"$f":"H17+M17","v":0}]
["N/A",1805,"Land",null,2840,null,null,{"$f":"E18+F18+G18","v":2840},null,null,null,null,{"$f":"J18+K18+L18","v":0},{"$f":"H18+M18","v":2840}]
[47,1808,"Buildings",null,93232,null,null,{"$f":"E19+F19+G19","v":93232},null,-34009,-2554,null,{"$f":"J19+K19+L19","v":-36563},{"$f":"H19+M19","v":56669}]
[13,1810,"Leasehold Improvements",null,25087,4692,null,29779,null,-22988,-1453,null,-24441,5338]
[47,1815,"Transformer Station Equipment >50 kV",null,3644,null,null,3644,null,-850,-121,null,-971,2673]
[47,1820,"Distribution Station Equipment <50 kV",null,551343,null,null,551343,null,-246628,-20462,null,-267090,284253]
[47,1825,"Storage Battery Equipment",null,null,null,null,0,null,null,null,null,0,0]
[47,1830,"Poles, Towers & Fixtures",null,2315176,44303,null,2359479,null,-798606,-95641,null,-894247,1465232]
[47,1835,"Overhead Conductors & Devices",null,{"$f":"1200400+103321.08+14404","v":1318125.08},{"$f":"39244+8573","v":47817},null,1365942.08,null,{"$f":"-691923+2869","v":-689054},-82062,null,-771116,594826.08000000007]
[47,1840,"Underground Conduit",null,{"$f":"112570+74104.28","v":186674.28},null,null,186674.28,null,-117655,-14412,null,-132067,54607.28]
[47,1845,"Underground Conductors & Devices",null,3690,null,null,3690,null,-687,-147,null,-834,2856]
[47,1850,"Line Transformers",null,512547,null,null,512547,null,-236930,-29711,null,-266641,245906]
[47,1855,"Services (Overhead & Underground)",null,{"$f":"191829-74104.28-103321.08-14404+0.36","v":-5.8208993181096957E-13},{"$f":"8573-8573","v":0},null,-5.8208993181096957E-13,null,{"$f":"2869-2869","v":0},null,null,0,-5.8208993181096957E-13,"Note 1"]
[47,1860,"Meters",null,529176,2442,null,531618,null,-279686,-32717,null,-312403,219215]
[47,1860,"Meters (Smart Meters)",null,null,null,null,0,null,null,null,null,0,0]
["N/A",1905,"Land",null,null,null,null,0,null,null,null,null,0,0]
[47,1908,"Buildings & Fixtures",null,null,null,null,0,null,null,null,null,0,0]
[13,1910,"Leasehold Improvements",null,null,null,null,0,null,null,null,null,0,0]
[8,1915,"Office Furniture & Equipment (10 years)",null,17008,null,null,17008,null,-18021,-835,null,-18856,-1848]
[8,1915,"Office Furniture & Equipment (5 years)",null,null,null,null,0,null,null,null,null,0,0]
[10,1920,"Computer Equipment - Hardware",null,null,null,null,0,null,null,null,null,0,0]
[45,1920,"Computer Equip.-Hardware(Post Mar. 22/04)",null,null,null,null,0,null,null,null,null,0,0]
[45.1,1920,"Computer Equip.-Hardware(Post Mar. 19/07)",null,149130,1410,-66837,83703,null,-108133,-11988,66836,-53285,30418]
[10,1930,"Transportation Equipment",null,701506,20142,null,721648,null,-247914,-72729,null,-320643,401005]
[8,1935,"Stores Equipment",null,null,680,null,680,null,-434,-68,null,-502,178]
[8,1940,"Tools, Shop & Garage Equipment",null,108544,13015,null,121559,null,-50145,{"$f":"-11293","v":-11293},null,-61438,60121]
[8,1945,"Measurement & Testing Equipment",null,null,null,null,0,null,null,null,null,0,0]
[8,1950,"Power Operated Equipment",null,null,null,null,0,null,null,null,null,0,0]
[8,1955,"Communications Equipment",null,686,null,null,686,null,-686,null,null,-686,0]
[8,1955,"Communication Equipment (Smart Meters)",null,null,null,null,0,null,null,null,null,0,0]
[8,1960,"Miscellaneous Equipment ",null,6603,null,null,6603,null,-660,null,null,-660,5943]
[47,1975,"Load Management Controls Utility Premises",null,null,null,null,0,null,null,null,null,0,0]
[47,1980,"System Supervisor Equipment",null,null,null,null,0,null,null,null,null,0,0]
[47,1985,"Miscellaneous Fixed Assets - WIP Smart Meters",null,null,null,null,0,null,null,null,null,0,0]
[47,1995,"Contributions & Grants",null,null,null,null,0,null,null,null,null,0,0]
[null,"etc.",null,null,{"$f":"67442-E63","v":0},null,null,0,null,null,null,null,0,0]
[]
[null,null,"Total",null,{"$f":"SUM(E16:E52)","v":6635653.3600000003},{"$f":"SUM(F16:F52)","v":201928},-85748,6751833.3600000003,null,-2884394,-390072,85746,-3188720,3563113.36]
[]
[null,null,null,null,null,null,null,null,null,"Less: Fully Allocated Depreciation"]
[10,null,"Transportation",null,null,null,null,null,null,"Transportation",null,-72729]
[8,null,"Stores Equipment",null,null,null,null,null,null,"Stores Equipment",null,-2232]
[null,null,null,null,null,null,null,null,null,"Net Depreciation",null,{"$f":"+K54-L57-L58","v":-315111}]
["NOW NOTES"]
[]
[null,null,"YE WIP - allocated to relevant accounts for above"]
[null,null,"YE 2009 WIP ","Software 1611",67442,-67442]
[null,null,null,"Smart Meters 1895 WIP",null,{"$f":"34062+6959","v":41021}]
[null,null,null,"Substation 1820",null,2047.8]
[null,null,null,"Overhead Services 1855",null,678.71]
[null,null,"YE WIP TOTAL",null,{"$f":"SUM(E63:E66)","v":67442},{"$f":"SUM(F63:F66)","v":-23694.49}]
[]
[]
["Note 1","Services acct 1855 included in Acct 1835 and 1840"]
[]
["Notes:"]
[]
[1,"Tables in the format outlined above covering all fixed asset accounts should be submitted for the Test Year, Bridge Year and all relevant historical years.  At a minimum , the applicant must provide data for the earlier of: 1) all historical years back to its last rebasing; or 2) at least three years of historical actuals, in addition to Bridge Year and Test Year forecasts."]
[]
[]
[2,"The \"CCA Class\" for fixed assets should agree with the CCA Class used for tax purposes in Tax Returns. Fixed Assets sub-components may be used where the underlying asset components are classified under multiple CCA Classes for tax purposes. If an applicant uses any different classes from those shown in the table, an explanation should be provided. (also see note 3 below)."]
[]
[]
[3,"The table may need to be customized for a utility's asset categories or for any new asset accounts announced or authorized by the Board."]
[]
[4,"The depreciation column (D) is not required as the relevant information will be provided in the following 2-C series of appendices."]

{"sheet":"App 2-B FAC 2010","index":5,"n_rows":81,"n_cols":15,"rows_kept":81,"cut":false,"hidden":false,"merged":[[78,1,78,13],[8,0,8,13],[9,0,9,13],[13,4,13,7],[72,1,73,13],[75,1,76,13]]}
[null,null,null,null,null,null,null,null,null,null,null,null,"File Number:",{"$f":"'LDC Info'!$E$18","v":"EB-2012-0153"}]
[null,null,null,null,null,null,null,null,null,null,null,null,"Exhibit:"]
[null,null,null,null,null,null,null,null,null,null,null,null,"Tab:"]
[null,null,null,null,null,null,null,null,null,null,null,null,"Schedule:"]
[null,null,null,null,null,null,null,null,null,null,null,null,"Page:"]
[]
[null,null,null,null,null,null,null,null,null,null,null,null,"Date:"]
[]
["Appendix 2-B"]
["Fixed Asset Continuity Schedule"]
[null,null,null,null,null,"CGAAP"]
[null,null,null,null,null,"Year ","2010 Actual"]
[]
[null,null,null,null,"Cost",null,null,null,null,null,"Accumulated Depreciation"]
["CCA Class","OEB","Description","Depreciation Rate","Opening Balance","Additions","Disposals","Closing Balance",null,"Opening Balance","Additions","Disposals","Closing Balance","Net Book Value"]
[12,1611,"Computer Software (Formally known as Account 1925)",null,{"$f":"+'App.2-B_FAC 2009'!H16","v":159158},null,null,{"$f":"E16+F16+G16","v":159158},null,{"$f":"+'App.2-B_FAC 2009'!M16","v":-26277},-21360,null,{"$f":"J16+K16+L16","v":-47637},{"$f":"H16+M16","v":111521}]
["CEC",1612,"Land Rights (Formally known as Account 1906)",null,{"$f":"+'App.2-B_FAC 2009'!H17","v":0},null,null,{"$f":"E17+F17+G17","v":0},null,{"$f":"+'App.2-B_FAC 2009'!M17","v":0},null,null,{"$f":"J17+K17+L17","v":0},{"$f":"H17+M17","v":0}]
["N/A",1805,"Land",null,{"$f":"+'App.2-B_FAC 2009'!H18","v":2840},null,null,{"$f":"E18+F18+G18","v":2840},null,{"$f":"+'App.2-B_FAC 2009'!M18","v":0},null,null,{"$f":"J18+K18+L18","v":0},{"$f":"H18+M18","v":2840}]
[47,1808,"Buildings",null,{"$f":"+'App.2-B_FAC 2009'!H19","v":93232},null,null,{"$f":"E19+F19+G19","v":93232},null,{"$f":"+'App.2-B_FAC 2009'!M19","v":-36563},-2553,null,{"$f":"J19+K19+L19","v":-39116},{"$f":"H19+M19","v":54116}]
[13,1810,"Leasehold Improvements",null,{"$f":"+'App.2-B_FAC 2009'!H20","v":29779},null,null,29779,null,{"$f":"+'App.2-B_FAC 2009'!M20","v":-24441},-1922,null,-26363,3416]
[47,1815,"Transformer Station Equipment >50 kV",null,{"$f":"+'App.2-B_FAC 2009'!H21","v":3644},null,null,3644,null,{"$f":"+'App.2-B_FAC 2009'!M21","v":-971},-121,null,-1092,2552]
[47,1820,"Distribution Station Equipment <50 kV",null,{"$f":"+'App.2-B_FAC 2009'!H22","v":551343},null,null,551343,null,{"$f":"+'App.2-B_FAC 2009'!M22","v":-267090},-20463,null,-287553,263790]
[47,1825,"Storage Battery Equipment",null,{"$f":"+'App.2-B_FAC 2009'!H23","v":0},null,null,0,null,{"$f":"+'App.2-B_FAC 2009'!M23","v":0},null,null,0,0]
[47,1830,"Poles, Towers & Fixtures",null,{"$f":"+'App.2-B_FAC 2009'!H24","v":2359479},94217,null,2453696,null,{"$f":"+'App.2-B_FAC 2009'!M24","v":-894247},-97248,null,-991495,1462201]
[47,1835,"Overhead Conductors & Devices",null,{"$f":"+'App.2-B_FAC 2009'!H25","v":1365942.08},{"$f":"90371+20906","v":111277},null,1477219.08,null,{"$f":"+'App.2-B_FAC 2009'!M25","v":-771116},-84659,null,-855775,621444.08000000007]
[47,1840,"Underground Conduit",null,{"$f":"+'App.2-B_FAC 2009'!H26","v":186674.28},null,null,186674.28,null,{"$f":"+'App.2-B_FAC 2009'!M26","v":-132067},-14412,null,-146479,40195.279999999999]
[47,1845,"Underground Conductors & Devices",null,{"$f":"+'App.2-B_FAC 2009'!H27","v":3690},null,null,3690,null,{"$f":"+'App.2-B_FAC 2009'!M27","v":-834},-148,null,-982,2708]
[47,1850,"Line Transformers",null,{"$f":"+'App.2-B_FAC 2009'!H28","v":512547},6915,null,519462,null,{"$f":"+'App.2-B_FAC 2009'!M28","v":-266641},-29591,null,-296232,223230]
[47,1855,"Services (Overhead & Underground)",null,{"$f":"+'App.2-B_FAC 2009'!H29","v":-5.8208993181096957E-13},{"$f":"20906+G65-20906-G65","v":9.0949470177292824E-13},null,3.2740476996195866E-13,null,{"$f":"+'App.2-B_FAC 2009'!M29","v":0},null,null,0,3.2740476996195866E-13,"Note 1"]
[47,1860,"Meters",null,{"$f":"+'App.2-B_FAC 2009'!H30","v":531618},3354,-478455,56517,null,{"$f":"+'App.2-B_FAC 2009'!M30","v":-312403},null,281162,-31241,25276]
[47,1860,"Meters (Smart Meters)",null,{"$f":"+'App.2-B_FAC 2009'!H31","v":0},null,null,0,null,{"$f":"+'App.2-B_FAC 2009'!M31","v":0},null,null,0,0]
["N/A",1905,"Land",null,{"$f":"+'App.2-B_FAC 2009'!H32","v":0},null,null,0,null,{"$f":"+'App.2-B_FAC 2009'!M32","v":0},null,null,0,0]
[47,1908,"Buildings & Fixtures",null,{"$f":"+'App.2-B_FAC 2009'!H33","v":0},null,null,0,null,{"$f":"+'App.2-B_FAC 2009'!M33","v":0},null,null,0,0]
[13,1910,"Leasehold Improvements",null,{"$f":"+'App.2-B_FAC 2009'!H34","v":0},null,null,0,null,{"$f":"+'App.2-B_FAC 2009'!M34","v":0},null,null,0,0]
[8,1915,"Office Furniture & Equipment (10 years)",null,{"$f":"+'App.2-B_FAC 2009'!H35","v":17008},null,null,17008,null,{"$f":"+'App.2-B_FAC 2009'!M35","v":-18856},-835,null,-19691,-2683]
[8,1915,"Office Furniture & Equipment (5 years)",null,{"$f":"+'App.2-B_FAC 2009'!H36","v":0},null,null,0,null,{"$f":"+'App.2-B_FAC 2009'!M36","v":0},null,null,0,0]
[10,1920,"Computer Equipment - Hardware",null,{"$f":"+'App.2-B_FAC 2009'!H37","v":0},null,null,0,null,{"$f":"+'App.2-B_FAC 2009'!M37","v":0},null,null,0,0]
[45,1920,"Computer Equip.-Hardware(Post Mar. 22/04)",null,{"$f":"+'App.2-B_FAC 2009'!H38","v":0},null,null,0,null,{"$f":"+'App.2-B_FAC 2009'!M38","v":0},null,null,0,0]
[45.1,1920,"Computer Equip.-Hardware(Post Mar. 19/07)",null,{"$f":"+'App.2-B_FAC 2009'!H39","v":83703},2419,null,86122,null,{"$f":"+'App.2-B_FAC 2009'!M39","v":-53285},-9303,null,-62588,23534]
[10,1930,"Transportation Equipment",null,{"$f":"+'App.2-B_FAC 2009'!H40","v":721648},195230,-173055,743823,null,{"$f":"+'App.2-B_FAC 2009'!M40","v":-320643},-86594,173056,-234181,509642]
[8,1935,"Stores Equipment",null,{"$f":"+'App.2-B_FAC 2009'!H41","v":680},null,null,680,null,{"$f":"+'App.2-B_FAC 2009'!M41","v":-502},-68,null,-570,110]
[8,1940,"Tools, Shop & Garage Equipment",null,{"$f":"+'App.2-B_FAC 2009'!H42","v":121559},19781,null,141340,null,{"$f":"+'App.2-B_FAC 2009'!M42","v":-61438},-13799,null,-75237,66103]
[8,1945,"Measurement & Testing Equipment",null,{"$f":"+'App.2-B_FAC 2009'!H43","v":0},null,null,0,null,{"$f":"+'App.2-B_FAC 2009'!M43","v":0},null,null,0,0]
[8,1950,"Power Operated Equipment",null,{"$f":"+'App.2-B_FAC 2009'!H44","v":0},null,null,0,null,{"$f":"+'App.2-B_FAC 2009'!M44","v":0},null,null,0,0]
[8,1955,"Communications Equipment",null,{"$f":"+'App.2-B_FAC 2009'!H45","v":686},3952,null,4638,null,{"$f":"+'App.2-B_FAC 2009'!M45","v":-686},-395,null,-1081,3557]
[8,1955,"Communication Equipment (Smart Meters)",null,{"$f":"+'App.2-B_FAC 2009'!H46","v":0},null,null,0,null,{"$f":"+'App.2-B_FAC 2009'!M46","v":0},null,null,0,0]
[8,1960,"Miscellaneous Equipment ",null,{"$f":"+'App.2-B_FAC 2009'!H47","v":6603},null,null,6603,null,{"$f":"+'App.2-B_FAC 2009'!M47","v":-660},-1320,null,-1980,4623]
[47,1975,"Load Management Controls Utility Premises",null,{"$f":"+'App.2-B_FAC 2009'!H48","v":0},null,null,0,null,{"$f":"+'App.2-B_FAC 2009'!M48","v":0},null,null,0,0]
[47,1980,"System Supervisor Equipment",null,{"$f":"+'App.2-B_FAC 2009'!H49","v":0},null,null,0,null,{"$f":"+'App.2-B_FAC 2009'!M49","v":0},null,null,0,0]
[47,1985,"Miscellaneous Fixed Assets",null,{"$f":"+'App.2-B_FAC 2009'!H50","v":0},null,null,0,null,{"$f":"+'App.2-B_FAC 2009'!M50","v":0},null,null,0,0]
[47,1995,"Contributions & Grants",null,null,null,null,0,null,{"$f":"+'App.2-B_FAC 2009'!M51","v":0},null,null,0,0]
[null,"etc.",null,null,null,null,null,0,null,{"$f":"+'App.2-B_FAC 2009'!M52","v":0},null,null,0,0]
[null,null,null,null,null,null,null,null,null,{"$f":"+'App.2-B_FAC 2009'!M53","v":0}]
[null,null,"Total",null,{"$f":"SUM(E16:E52)","v":6751833.3600000003},{"$f":"SUM(F16:F52)","v":437145},-651510,6537468.3600000003,null,-3188720,-384791,454218,-3119293,3418175.36]
[]
[null,null,null,null,null,null,null,null,null,"Less: Fully Allocated Depreciation"]
[10,null,"Transportation",null,null,null,null,null,null,"Transportation",null,-85594]
[8,null,"Stores Equipment",null,null,null,null,null,null,"Stores Equipment",null,-2232]
[null,null,null,null,null,null,null,null,null,"Net Depreciation",null,{"$f":"+K54-L57-L58","v":-296965}]
[]
[null,null,"YE WIP - allocated to relevant accounts for above",null,"Opening","Closing","Change"]
[null,null,"Software 1611"]
[null,null,"Smart Meters 1985 as WIP ",null,{"$f":"34062+6959","v":41021},{"$f":"28319+9872","v":38191},{"$f":"+F63-E63","v":-2830}]
[null,null,"Substation 1820",null,2047.8,27743,{"$f":"+F64-E64","v":25695.200000000001}]
[null,null,"Overhead Services 1855",null,678.71,null,-678.71]
[null,null,"YE WIP TOTAL",null,{"$f":"SUM(E62:E65)","v":43747.51},{"$f":"SUM(F62:F65)","v":65934},{"$f":"SUM(G62:G65)","v":22186.49}]
[]
["Note 1","Services acct 1855 included in Acct 1835 and 1840"]
[]
[]
["Notes:"]
[]
[1,"Tables in the format outlined above covering all fixed asset accounts should be submitted for the Test Year, Bridge Year and all relevant historical years.  At a minimum , the applicant must provide data for the earlier of: 1) all historical years back to its last rebasing; or 2) at least three years of historical actuals, in addition to Bridge Year and Test Year forecasts."]
[]
[]
[2,"The \"CCA Class\" for fixed assets should agree with the CCA Class used for tax purposes in Tax Returns. Fixed Assets sub-components may be used where the underlying asset components are classified under multiple CCA Classes for tax purposes. If an applicant uses any different classes from those shown in the table, an explanation should be provided. (also see note 3 below)."]
[]
[]
[3,"The table may need to be customized for a utility's asset categories or for any new asset accounts announced or authorized by the Board."]
[]
[4,"The depreciation column (D) is not required as the relevant information will be provided in the following 2-C series of appendices."]

{"sheet":"App 2-B FAC 2011","index":6,"n_rows":80,"n_cols":15,"rows_kept":80,"cut":false,"hidden":false,"merged":[[77,1,77,13],[8,0,8,13],[9,0,9,13],[13,4,13,7],[71,1,72,13],[74,1,75,13]]}
[null,null,null,null,null,null,null,null,null,null,null,null,"File Number:",{"$f":"'LDC Info'!$E$18","v":"EB-2012-0153"}]
[null,null,null,null,null,null,null,null,null,null,null,null,"Exhibit:"]
[null,null,null,null,null,null,null,null,null,null,null,null,"Tab:"]
[null,null,null,null,null,null,null,null,null,null,null,null,"Schedule:"]
[null,null,null,null,null,null,null,null,null,null,null,null,"Page:"]
[]
[null,null,null,null,null,null,null,null,null,null,null,null,"Date:"]
[]
["Appendix 2-B"]
["Fixed Asset Continuity Schedule"]
[null,null,null,null,null,"CGAAP"]
[null,null,null,null,null,"Year ","2011 Actual"]
[]
[null,null,null,null,"Cost",null,null,null,null,null,"Accumulated Depreciation"]
["CCA Class","OEB","Description","Depreciation Rate","Opening Balance","Additions","Disposals","Closing Balance",null,"Opening Balance","Additions","Disposals","Closing Balance","Net Book Value"]
[12,1611,"Computer Software (Formally known as Account 1925)",null,{"$f":"+'App 2-B FAC 2010'!H16","v":159158},null,null,{"$f":"E16+F16+G16","v":159158},null,{"$f":"+'App 2-B FAC 2010'!M16","v":-47637},-21360,null,{"$f":"J16+K16+L16","v":-68997},{"$f":"H16+M16","v":90161}]
["CEC",1612,"Land Rights (Formally known as Account 1906)",null,{"$f":"+'App 2-B FAC 2010'!H17","v":0},null,null,{"$f":"E17+F17+G17","v":0},null,{"$f":"+'App 2-B FAC 2010'!M17","v":0},null,null,{"$f":"J17+K17+L17","v":0},{"$f":"H17+M17","v":0}]
["N/A",1805,"Land",null,{"$f":"+'App 2-B FAC 2010'!H18","v":2840},84860,null,{"$f":"E18+F18+G18","v":87700},null,{"$f":"+'App 2-B FAC 2010'!M18","v":0},null,null,{"$f":"J18+K18+L18","v":0},{"$f":"H18+M18","v":87700}]
[47,1808,"Buildings",null,{"$f":"+'App 2-B FAC 2010'!H19","v":93232},296479,-4134,{"$f":"E19+F19+G19","v":385577},null,{"$f":"+'App 2-B FAC 2010'!M19","v":-39116},-7495,4133,{"$f":"J19+K19+L19","v":-42478},{"$f":"H19+M19","v":343099}]
[13,1810,"Leasehold Improvements",null,{"$f":"+'App 2-B FAC 2010'!H20","v":29779},null,-25087,4692,null,{"$f":"+'App 2-B FAC 2010'!M20","v":-26363},-1069,25087,-2345,2347]
[47,1815,"Transformer Station Equipment >50 kV",null,{"$f":"+'App 2-B FAC 2010'!H21","v":3644},null,null,3644,null,{"$f":"+'App 2-B FAC 2010'!M21","v":-1092},-121,null,-1213,2431]
[47,1820,"Distribution Station Equipment <50 kV",null,{"$f":"+'App 2-B FAC 2010'!H22","v":551343},null,null,551343,null,{"$f":"+'App 2-B FAC 2010'!M22","v":-287553},-20462,null,-308015,{"$f":"H22+M22","v":243328}]
[47,1825,"Storage Battery Equipment",null,{"$f":"+'App 2-B FAC 2010'!H23","v":0},null,null,0,null,{"$f":"+'App 2-B FAC 2010'!M23","v":0},null,null,0,0]
[47,1830,"Poles, Towers & Fixtures",null,{"$f":"+'App 2-B FAC 2010'!H24","v":2453696},147980,null,2601676,null,{"$f":"+'App 2-B FAC 2010'!M24","v":-991495},-96300,null,-1087795,1513881]
[47,1835,"Overhead Conductors & Devices",null,{"$f":"+'App 2-B FAC 2010'!H25","v":1477219.08},{"$f":"148426+32885","v":181311},null,1658530.08,null,{"$f":"+'App 2-B FAC 2010'!M25","v":-855775},-64621,null,-920396,738134.08000000007]
[47,1840,"Underground Conduit",null,{"$f":"+'App 2-B FAC 2010'!H26","v":186674.28},null,null,186674.28,null,{"$f":"+'App 2-B FAC 2010'!M26","v":-146479},-10013,null,-156492,30182.28]
[47,1845,"Underground Conductors & Devices",null,{"$f":"+'App 2-B FAC 2010'!H27","v":3690},null,null,3690,null,{"$f":"+'App 2-B FAC 2010'!M27","v":-982},-148,null,-1130,2560]
[47,1850,"Line Transformers",null,{"$f":"+'App 2-B FAC 2010'!H28","v":519462},175330,null,694792,null,{"$f":"+'App 2-B FAC 2010'!M28","v":-296232},-29169,null,-325401,369391]
[47,1855,"Services (Overhead & Underground)",null,{"$f":"+'App 2-B FAC 2010'!H29","v":3.2740476996195866E-13},{"$f":"32885-32885","v":0},null,3.2740476996195866E-13,null,{"$f":"+'App 2-B FAC 2010'!M29","v":0},null,null,0,3.2740476996195866E-13,"Note 1"]
[47,1860,"Meters",null,{"$f":"+'App 2-B FAC 2010'!H30","v":56517},9378,-26120,39775,null,{"$f":"+'App 2-B FAC 2010'!M30","v":-31241},-3114,26540,-7815,31960]
[47,1860,"Meters (Smart Meters)",null,{"$f":"+'App 2-B FAC 2010'!H31","v":0},null,null,0,null,{"$f":"+'App 2-B FAC 2010'!M31","v":0},null,null,0,0]
["N/A",1905,"Land",null,{"$f":"+'App 2-B FAC 2010'!H32","v":0},null,null,0,null,{"$f":"+'App 2-B FAC 2010'!M32","v":0},null,null,0,0]
[47,1908,"Buildings & Fixtures",null,{"$f":"+'App 2-B FAC 2010'!H33","v":0},null,null,0,null,{"$f":"+'App 2-B FAC 2010'!M33","v":0},null,null,0,0]
[13,1910,"Leasehold Improvements",null,{"$f":"+'App 2-B FAC 2010'!H34","v":0},null,null,0,null,{"$f":"+'App 2-B FAC 2010'!M34","v":0},null,null,0,0]
[8,1915,"Office Furniture & Equipment (10 years)",null,{"$f":"+'App 2-B FAC 2010'!H35","v":17008},599,null,17607,null,{"$f":"+'App 2-B FAC 2010'!M35","v":-19691},-582,null,-20273,-2666]
[8,1915,"Office Furniture & Equipment (5 years)",null,{"$f":"+'App 2-B FAC 2010'!H36","v":0},null,null,0,null,{"$f":"+'App 2-B FAC 2010'!M36","v":0},null,null,0,0]
[10,1920,"Computer Equipment - Hardware",null,{"$f":"+'App 2-B FAC 2010'!H37","v":0},null,null,0,null,{"$f":"+'App 2-B FAC 2010'!M37","v":0},null,null,0,0]
[45,1920,"Computer Equip.-Hardware(Post Mar. 22/04)",null,{"$f":"+'App 2-B FAC 2010'!H38","v":0},null,null,0,null,{"$f":"+'App 2-B FAC 2010'!M38","v":0},null,null,0,0]
[45.1,1920,"Computer Equip.-Hardware(Post Mar. 19/07)",null,{"$f":"+'App 2-B FAC 2010'!H39","v":86122},1403,null,87525,null,{"$f":"+'App 2-B FAC 2010'!M39","v":-62588},-9315,null,-71903,15622]
[10,1930,"Transportation Equipment",null,{"$f":"+'App 2-B FAC 2010'!H40","v":743823},{"$f":"459146","v":459146},null,1202969,null,{"$f":"+'App 2-B FAC 2010'!M40","v":-234181},-121606,null,-355787,847182]
[8,1935,"Stores Equipment",null,{"$f":"+'App 2-B FAC 2010'!H41","v":680},null,null,680,null,{"$f":"+'App 2-B FAC 2010'!M41","v":-570},-68,null,-638,42]
[8,1940,"Tools, Shop & Garage Equipment",null,{"$f":"+'App 2-B FAC 2010'!H42","v":141340},26792,null,168132,null,{"$f":"+'App 2-B FAC 2010'!M42","v":-75237},-17244,null,-92481,75651]
[8,1945,"Measurement & Testing Equipment",null,{"$f":"+'App 2-B FAC 2010'!H43","v":0},null,null,0,null,{"$f":"+'App 2-B FAC 2010'!M43","v":0},null,null,0,0]
[8,1950,"Power Operated Equipment",null,{"$f":"+'App 2-B FAC 2010'!H44","v":0},null,null,0,null,{"$f":"+'App 2-B FAC 2010'!M44","v":0},null,null,0,0]
[8,1955,"Communications Equipment",null,{"$f":"+'App 2-B FAC 2010'!H45","v":4638},null,null,4638,null,{"$f":"+'App 2-B FAC 2010'!M45","v":-1081},-790,null,-1871,2767]
[8,1955,"Communication Equipment (Smart Meters)",null,{"$f":"+'App 2-B FAC 2010'!H46","v":0},null,null,0,null,{"$f":"+'App 2-B FAC 2010'!M46","v":0},null,null,0,0]
[8,1960,"Miscellaneous Equipment ",null,{"$f":"+'App 2-B FAC 2010'!H47","v":6603},null,null,6603,null,{"$f":"+'App 2-B FAC 2010'!M47","v":-1980},-1321,null,-3301,3302]
[47,1975,"Load Management Controls Utility Premises",null,{"$f":"+'App 2-B FAC 2010'!H48","v":0},null,null,0,null,{"$f":"+'App 2-B FAC 2010'!M48","v":0},null,null,0,0]
[47,1980,"System Supervisor Equipment",null,{"$f":"+'App 2-B FAC 2010'!H49","v":0},null,null,0,null,{"$f":"+'App 2-B FAC 2010'!M49","v":0},null,null,0,0]
[47,1985,"Miscellaneous Fixed Assets",null,{"$f":"+'App 2-B FAC 2010'!H50","v":0},null,null,0,null,{"$f":"+'App 2-B FAC 2010'!M50","v":0},null,null,0,0]
[47,1995,"Contributions & Grants",null,{"$f":"+'App 2-B FAC 2010'!H51","v":0},null,null,0,null,{"$f":"+'App 2-B FAC 2010'!M51","v":0},null,null,0,0]
[null,"etc.",null,null,{"$f":"+'App 2-B FAC 2010'!H52","v":0},null,null,0,null,{"$f":"+'App 2-B FAC 2010'!M52","v":0},null,null,0,0]
[null,null,null,null,{"$f":"+'App 2-B FAC 2010'!H53","v":0},null,null,null,null,{"$f":"+'App 2-B FAC 2010'!M53","v":0}]
[null,null,"Total",null,{"$f":"SUM(E16:E52)","v":6537468.3600000003},{"$f":"SUM(F16:F52)","v":1383278},-55341,7865405.3600000003,null,-3119293,-404798,55760,-3468331,4397074.3599999994]
[]
[null,null,null,null,null,null,null,null,null,"Less: Fully Allocated Depreciation"]
[10,null,"Transportation",null,null,null,null,null,null,"Transportation",null,-121606]
[8,null,"Stores Equipment",null,null,null,null,null,null,"Stores Equipment",null,-7173]
[null,null,null,null,null,null,null,null,null,"Net Depreciation",null,{"$f":"K54-L57-L58","v":-276019}]
[]
[null,null,"YE WIP - allocated to relevant accounts for above",null,"Opening","Closing","Change"]
[null,null,null,"Software",{"$f":"+'App 2-B FAC 2010'!F62","v":0}]
[null,null,null,"Smart Meters",{"$f":"+'App 2-B FAC 2010'!F63","v":38191},null,{"$f":"+F63-E63","v":-38191}]
[null,null,null,"Substation 1820",{"$f":"+'App 2-B FAC 2010'!F64","v":27743},28685,{"$f":"+F64-E64","v":942}]
[null,null,null,"Overhead Services 1855",{"$f":"+'App 2-B FAC 2010'!F65","v":0},null,0]
[null,null,null,"Transportation",null,84000,84000]
[null,null,"YE WIP TOTAL",null,{"$f":"SUM(E62:E66)","v":65934},{"$f":"SUM(F62:F66)","v":112685},46751]
["Note 1","Services acct 1855 included in Acct 1835 and 1840"]
[]
["Notes:"]
[]
[1,"Tables in the format outlined above covering all fixed asset accounts should be submitted for the Test Year, Bridge Year and all relevant historical years.  At a minimum , the applicant must provide data for the earlier of: 1) all historical years back to its last rebasing; or 2) at least three years of historical actuals, in addition to Bridge Year and Test Year forecasts."]
[]
[]
[2,"The \"CCA Class\" for fixed assets should agree with the CCA Class used for tax purposes in Tax Returns. Fixed Assets sub-components may be used where the underlying asset components are classified under multiple CCA Classes for tax purposes. If an applicant uses any different classes from those shown in the table, an explanation should be provided. (also see note 3 below)."]
[]
[]
[3,"The table may need to be customized for a utility's asset categories or for any new asset accounts announced or authorized by the Board."]
[]
[4,"The depreciation column (D) is not required as the relevant information will be provided in the following 2-C series of appendices."]

{"sheet":"App2-B FAC2012","index":7,"n_rows":75,"n_cols":15,"rows_kept":75,"cut":false,"hidden":false,"merged":[[72,1,72,13],[8,0,8,13],[9,0,9,13],[13,4,13,7],[66,1,67,13],[69,1,70,13]]}
[null,null,null,null,null,null,null,null,null,null,null,null,"File Number:",{"$f":"'LDC Info'!$E$18","v":"EB-2012-0153"}]
[null,null,null,null,null,null,null,null,null,null,null,null,"Exhibit:"]
[null,null,null,null,null,null,null,null,null,null,null,null,"Tab:"]
[null,null,null,null,null,null,null,null,null,null,null,null,"Schedule:"]
[null,null,null,null,null,null,null,null,null,null,null,null,"Page:"]
[]
[null,null,null,null,null,null,null,null,null,null,null,null,"Date:"]
[]
["Appendix 2-B"]
["Fixed Asset Continuity Schedule"]
[null,null,null,null,null,"CGAAP"]
[null,null,null,null,null,"Year ","2012 Bridge Year"]
[]
[null,null,null,null,"Cost",null,null,null,null,null,"Accumulated Depreciation"]
["CCA Class","OEB","Description","Depreciation Rate","Opening Balance","Additions","Disposals","Closing Balance",null,"Opening Balance","Additions","Disposals","Closing Balance","Net Book Value"]
[12,1611,"Computer Software (Formally known as Account 1925)",null,{"$f":"+'App 2-B FAC 2011'!H16","v":159158},null,null,{"$f":"E16+F16+G16","v":159158},null,{"$f":"+'App 2-B FAC 2011'!M16","v":-68997},-21360,null,{"$f":"J16+K16+L16","v":-90357},{"$f":"H16+M16","v":68801}]
["CEC",1612,"Land Rights (Formally known as Account 1906)",null,{"$f":"+'App 2-B FAC 2011'!H17","v":0},null,null,{"$f":"E17+F17+G17","v":0},null,{"$f":"+'App 2-B FAC 2011'!M17","v":0},null,null,{"$f":"J17+K17+L17","v":0},{"$f":"H17+M17","v":0}]
["N/A",1805,"Land",null,{"$f":"+'App 2-B FAC 2011'!H18","v":87700},null,null,{"$f":"E18+F18+G18","v":87700},null,{"$f":"+'App 2-B FAC 2011'!M18","v":0},null,null,{"$f":"J18+K18+L18","v":0},{"$f":"H18+M18","v":87700}]
[47,1808,"Buildings",null,{"$f":"+'App 2-B FAC 2011'!H19","v":385577},116245,null,{"$f":"E19+F19+G19","v":501822},null,{"$f":"+'App 2-B FAC 2011'!M19","v":-42478},-12436,null,{"$f":"J19+K19+L19","v":-54914},{"$f":"H19+M19","v":446908}]
[13,1810,"Leasehold Improvements",null,{"$f":"+'App 2-B FAC 2011'!H20","v":4692},null,null,4692,null,{"$f":"+'App 2-B FAC 2011'!M20","v":-2345},-938,null,-3283,1409]
[47,1815,"Transformer Station Equipment >50 kV",null,{"$f":"+'App 2-B FAC 2011'!H21","v":3644},null,null,3644,null,{"$f":"+'App 2-B FAC 2011'!M21","v":-1213},-121,null,-1334,2310]
[47,1820,"Distribution Station Equipment <50 kV",null,{"$f":"+'App 2-B FAC 2011'!H22","v":551343},16256,null,567599,null,{"$f":"+'App 2-B FAC 2011'!M22","v":-308015},-20546,null,-328561,239038]
[47,1825,"Storage Battery Equipment",null,{"$f":"+'App 2-B FAC 2011'!H23","v":0},null,null,0,null,{"$f":"+'App 2-B FAC 2011'!M23","v":0},null,null,0,0]
[47,1830,"Poles, Towers & Fixtures",null,{"$f":"+'App 2-B FAC 2011'!H24","v":2601676},186320,null,2787996,null,{"$f":"+'App 2-B FAC 2011'!M24","v":-1087795},-106343,null,-1194138,1593858]
[47,1835,"Overhead Conductors & Devices",null,{"$f":"+'App 2-B FAC 2011'!H25","v":1658530.08},219276,null,1877806.0800000001,null,{"$f":"+'App 2-B FAC 2011'!M25","v":-920396},-71911,null,-992307,885499.08000000007]
[47,1840,"Underground Conduit",null,{"$f":"+'App 2-B FAC 2011'!H26","v":186674.28},null,null,186674.28,null,{"$f":"+'App 2-B FAC 2011'!M26","v":-156492},-9571,null,-166063,20611.28]
[47,1845,"Underground Conductors & Devices",null,{"$f":"+'App 2-B FAC 2011'!H27","v":3690},null,null,3690,null,{"$f":"+'App 2-B FAC 2011'!M27","v":-1130},-148,null,-1278,2412]
[47,1850,"Line Transformers",null,{"$f":"+'App 2-B FAC 2011'!H28","v":694792},54337,null,749129,null,{"$f":"+'App 2-B FAC 2011'!M28","v":-325401},-27241,null,-352642,396487]
[47,1855,"Services (Overhead & Underground)",null,{"$f":"+'App 2-B FAC 2011'!H29","v":3.2740476996195866E-13},0,null,3.2740476996195866E-13,null,{"$f":"+'App 2-B FAC 2011'!M29","v":0},null,null,0,3.2740476996195866E-13,"Note 1"]
[47,1860,"Meters",null,{"$f":"+'App 2-B FAC 2011'!H30","v":39775},-8497,null,31278,null,{"$f":"+'App 2-B FAC 2011'!M30","v":-7815},-1278,null,-9093,22185]
[47,1860,"Meters (Smart Meters)",null,{"$f":"+'App 2-B FAC 2011'!H31","v":0},null,null,0,null,{"$f":"+'App 2-B FAC 2011'!M31","v":0},null,null,0,0]
["N/A",1905,"Land",null,{"$f":"+'App 2-B FAC 2011'!H32","v":0},null,null,0,null,{"$f":"+'App 2-B FAC 2011'!M32","v":0},null,null,0,0]
[47,1908,"Buildings & Fixtures",null,{"$f":"+'App 2-B FAC 2011'!H33","v":0},null,null,0,null,{"$f":"+'App 2-B FAC 2011'!M33","v":0},null,null,0,0]
[13,1910,"Leasehold Improvements",null,{"$f":"+'App 2-B FAC 2011'!H34","v":0},null,null,0,null,{"$f":"+'App 2-B FAC 2011'!M34","v":0},null,null,0,0]
[8,1915,"Office Furniture & Equipment (10 years)",null,{"$f":"+'App 2-B FAC 2011'!H35","v":17607},0,null,17607,null,{"$f":"+'App 2-B FAC 2011'!M35","v":-20273},-404,null,-20677,-3070,"Note 2"]
[8,1915,"Office Furniture & Equipment (5 years)",null,{"$f":"+'App 2-B FAC 2011'!H36","v":0},null,null,0,null,{"$f":"+'App 2-B FAC 2011'!M36","v":0},null,null,0,0]
[10,1920,"Computer Equipment - Hardware",null,{"$f":"+'App 2-B FAC 2011'!H37","v":0},null,null,0,null,{"$f":"+'App 2-B FAC 2011'!M37","v":0},null,null,0,0]
[45,1920,"Computer Equip.-Hardware(Post Mar. 22/04)",null,{"$f":"+'App 2-B FAC 2011'!H38","v":0},null,null,0,null,{"$f":"+'App 2-B FAC 2011'!M38","v":0},null,null,0,0]
[45.1,1920,"Computer Equip.-Hardware(Post Mar. 19/07)",null,{"$f":"+'App 2-B FAC 2011'!H39","v":87525},3982,null,91507,null,{"$f":"+'App 2-B FAC 2011'!M39","v":-71903},-4618,null,-76521,14986]
[10,1930,"Transportation Equipment",null,{"$f":"+'App 2-B FAC 2011'!H40","v":1202969},218112,null,1421081,null,{"$f":"+'App 2-B FAC 2011'!M40","v":-355787},-169727,null,-525514,895567]
[8,1935,"Stores Equipment",null,{"$f":"+'App 2-B FAC 2011'!H41","v":680},null,null,680,null,{"$f":"+'App 2-B FAC 2011'!M41","v":-638},-68,null,-706,-26]
[8,1940,"Tools, Shop & Garage Equipment",null,{"$f":"+'App 2-B FAC 2011'!H42","v":168132},24265,null,192397,null,{"$f":"+'App 2-B FAC 2011'!M42","v":-92481},-22078,null,-114559,77838]
[8,1945,"Measurement & Testing Equipment",null,{"$f":"+'App 2-B FAC 2011'!H43","v":0},null,null,0,null,{"$f":"+'App 2-B FAC 2011'!M43","v":0},null,null,0,0]
[8,1950,"Power Operated Equipment",null,{"$f":"+'App 2-B FAC 2011'!H44","v":0},null,null,0,null,{"$f":"+'App 2-B FAC 2011'!M44","v":0},null,null,0,0]
[8,1955,"Communications Equipment",null,{"$f":"+'App 2-B FAC 2011'!H45","v":4638},null,null,4638,null,{"$f":"+'App 2-B FAC 2011'!M45","v":-1871},-791,null,-2662,1976]
[8,1955,"Communication Equipment (Smart Meters)",null,{"$f":"+'App 2-B FAC 2011'!H46","v":0},null,null,0,null,{"$f":"+'App 2-B FAC 2011'!M46","v":0},null,null,0,0]
[8,1960,"Miscellaneous Equipment ",null,{"$f":"+'App 2-B FAC 2011'!H47","v":6603},null,null,6603,null,{"$f":"+'App 2-B FAC 2011'!M47","v":-3301},-660,null,-3961,2642]
[47,1975,"Load Management Controls Utility Premises",null,{"$f":"+'App 2-B FAC 2011'!H48","v":0},null,null,0,null,{"$f":"+'App 2-B FAC 2011'!M48","v":0},null,null,0,0]
[47,1980,"System Supervisor Equipment",null,{"$f":"+'App 2-B FAC 2011'!H49","v":0},null,null,0,null,{"$f":"+'App 2-B FAC 2011'!M49","v":0},null,null,0,0]
[47,1985,"Miscellaneous Fixed Assets",null,{"$f":"+'App 2-B FAC 2011'!H50","v":0},null,null,0,null,{"$f":"+'App 2-B FAC 2011'!M50","v":0},null,null,0,0]
[47,1995,"Contributions & Grants",null,{"$f":"+'App 2-B FAC 2011'!H51","v":0},null,null,0,null,{"$f":"+'App 2-B FAC 2011'!M51","v":0},null,null,0,0]
[null,"etc.",null,null,{"$f":"+'App 2-B FAC 2011'!H52","v":0},null,null,0,null,{"$f":"+'App 2-B FAC 2011'!M52","v":0},null,null,0,0]
[null,null,null,null,{"$f":"+'App 2-B FAC 2011'!H53","v":0},null,null,null,null,{"$f":"+'App 2-B FAC 2011'!M53","v":0}]
[null,null,"Total",null,{"$f":"SUM(E16:E52)","v":7865405.3600000003},{"$f":"SUM(F16:F52)","v":830296},0,8695701.3599999994,null,-3468331,-470239,0,-3938570,4757131.3599999994]
[]
[null,null,null,null,null,null,null,null,null,"Less: Fully Allocated Depreciation"]
[10,null,"Transportation",null,null,null,null,null,null,"Transportation",null,{"$f":"K40","v":-169727}]
[8,null,"Stores Equipment",null,null,null,null,null,null,"Stores Equipment"]
[null,null,null,null,null,null,null,null,null,"Net Depreciation",null,{"$f":"K54-L57-L58","v":-300512}]
[]
["Note 1","Services acct 1855 included in Acct 1835 and 1840"]
["Note 2","Adjusted depreciation for over-amortized asset."]
[]
[]
["Notes:"]
[]
[1,"Tables in the format outlined above covering all fixed asset accounts should be submitted for the Test Year, Bridge Year and all relevant historical years.  At a minimum , the applicant must provide data for the earlier of: 1) all historical years back to its last rebasing; or 2) at least three years of historical actuals, in addition to Bridge Year and Test Year forecasts."]
[]
[]
[2,"The \"CCA Class\" for fixed assets should agree with the CCA Class used for tax purposes in Tax Returns. Fixed Assets sub-components may be used where the underlying asset components are classified under multiple CCA Classes for tax purposes. If an applicant uses any different classes from those shown in the table, an explanation should be provided. (also see note 3 below)."]
[]
[]
[3,"The table may need to be customized for a utility's asset categories or for any new asset accounts announced or authorized by the Board."]
[]
[4,"The depreciation column (D) is not required as the relevant information will be provided in the following 2-C series of appendices."]

{"sheet":"App 2-B FAC 2013","index":8,"n_rows":72,"n_cols":16,"rows_kept":72,"cut":false,"hidden":false,"merged":[[69,1,69,13],[8,0,8,13],[9,0,9,13],[13,4,13,7],[63,1,64,13],[66,1,67,13]]}
[null,null,null,null,null,null,null,null,null,null,null,null,"File Number:",{"$f":"'LDC Info'!$E$18","v":"EB-2012-0153"}]
[null,null,null,null,null,null,null,null,null,null,null,null,"Exhibit:"]
[null,null,null,null,null,null,null,null,null,null,null,null,"Tab:"]
[null,null,null,null,null,null,null,null,null,null,null,null,"Schedule:"]
[null,null,null,null,null,null,null,null,null,null,null,null,"Page:"]
[]
[null,null,null,null,null,null,null,null,null,null,null,null,"Date:"]
[]
["Appendix 2-B"]
["Fixed Asset Continuity Schedule"]
[null,null,null,null,null,"CGAAP"]
[null,null,null,null,null,"Year ","2013 Test Year"]
[]
[null,null,null,null,"Cost",null,null,null,null,null,"Accumulated Depreciation"]
["CCA Class","OEB","Description","Depreciation Rate","Opening Balance","Additions","Disposals","Closing Balance",null,"Opening Balance","Additions","Disposals","Closing Balance","Net Book Value"]
[12,1611,"Computer Software (Formally known as Account 1925)",null,{"$f":"+'App2-B FAC2012'!H16","v":159158},{"$f":"5000+16743","v":21743},null,{"$f":"E16+F16+G16","v":180901},null,{"$f":"+'App2-B FAC2012'!M16","v":-90357},{"$f":"(H16/P16)-4374","v":-31539.170257287478},null,{"$f":"J16+K16+L16","v":-121896.17025728748},{"$f":"H16+M16","v":59004.829742712522},null,{"$f":"'App2-B FAC MIFRS2013'!P16","v":-6.659299326551082}]
["CEC",1612,"Land Rights (Formally known as Account 1906)",null,{"$f":"+'App2-B FAC2012'!H17","v":0},null,null,{"$f":"E17+F17+G17","v":0},null,{"$f":"+'App2-B FAC2012'!M17","v":0},null,null,{"$f":"J17+K17+L17","v":0},{"$f":"H17+M17","v":0},null,{"$f":"'App2-B FAC MIFRS2013'!P17","v":""}]
["N/A",1805,"Land",null,{"$f":"+'App2-B FAC2012'!H18","v":87700},null,null,{"$f":"E18+F18+G18","v":87700},null,{"$f":"+'App2-B FAC2012'!M18","v":0},null,null,{"$f":"J18+K18+L18","v":0},{"$f":"H18+M18","v":87700},null,{"$f":"'App2-B FAC MIFRS2013'!P18","v":""}]
[47,1808,"Buildings",null,{"$f":"+'App2-B FAC2012'!H19","v":501822},23854,null,{"$f":"E19+F19+G19","v":525676},null,{"$f":"+'App2-B FAC2012'!M19","v":-54914},{"$f":"H19/P19","v":-19904.097638345527},null,{"$f":"J19+K19+L19","v":-74818.097638345527},{"$f":"H19+M19","v":450857.90236165444},null,{"$f":"'App2-B FAC MIFRS2013'!P19","v":-26.410441184094562}]
[13,1810,"Leasehold Improvements",null,{"$f":"+'App2-B FAC2012'!H20","v":4692},null,null,4692,null,{"$f":"+'App2-B FAC2012'!M20","v":-3283},{"$f":"H20/P20","v":-938},null,-4221,471,null,{"$f":"'App2-B FAC MIFRS2013'!P20","v":-5.0021321961620471}]
[47,1815,"Transformer Station Equipment >50 kV",null,{"$f":"+'App2-B FAC2012'!H21","v":3644},null,null,3644,null,{"$f":"+'App2-B FAC2012'!M21","v":-1334},{"$f":"H21/P21","v":-121},null,-1455,2189,null,{"$f":"'App2-B FAC MIFRS2013'!P21","v":-30.115702479338843}]
[47,1820,"Distribution Station Equipment <50 kV",null,{"$f":"+'App2-B FAC2012'!H22","v":567599},15000,null,582599,null,{"$f":"+'App2-B FAC2012'!M22","v":-328561},{"$f":"H22/P22","v":-9856.2335660462704},null,-338417.23356604628,244181.76643395372,null,{"$f":"'App2-B FAC MIFRS2013'!P22","v":-59.109699064660433}]
[47,1825,"Storage Battery Equipment",null,{"$f":"+'App2-B FAC2012'!H23","v":0},null,null,0,null,{"$f":"+'App2-B FAC2012'!M23","v":0},null,null,0,0,null,{"$f":"'App2-B FAC MIFRS2013'!P23","v":""}]
[47,1830,"Poles, Towers & Fixtures",null,{"$f":"+'App2-B FAC2012'!H24","v":2787996},129488,null,2917484,null,{"$f":"+'App2-B FAC2012'!M24","v":-1194138},{"$f":"H24/P24","v":-49432.952969369362},null,-1243570.9529693695,1673913.0470306305,null,{"$f":"'App2-B FAC MIFRS2013'!P24","v":-59.019011099899089}]
[47,1835,"Overhead Conductors & Devices",null,{"$f":"+'App2-B FAC2012'!H25","v":1877806.0800000001},129488,null,2007294.08,null,{"$f":"+'App2-B FAC2012'!M25","v":-992307},{"$f":"H25/P25","v":-28244.530076973766},null,-1020551.5300769737,986742.54992302635,null,{"$f":"'App2-B FAC MIFRS2013'!P25","v":-71.068418363824648}]
[47,1840,"Underground Conduit",null,{"$f":"+'App2-B FAC2012'!H26","v":186674.28},null,null,186674.28,null,{"$f":"+'App2-B FAC2012'!M26","v":-166063},{"$f":"H26/P26","v":-862},null,-166925,19749.28,null,{"$f":"'App2-B FAC MIFRS2013'!P26","v":-216.55948955916475}]
[47,1845,"Underground Conductors & Devices",null,{"$f":"+'App2-B FAC2012'!H27","v":3690},null,null,3690,null,{"$f":"+'App2-B FAC2012'!M27","v":-1278},{"$f":"H27/P27","v":-73},null,-1351,2339,null,{"$f":"'App2-B FAC MIFRS2013'!P27","v":-50.547945205479451}]
[47,1850,"Line Transformers",null,{"$f":"+'App2-B FAC2012'!H28","v":749129},112000,null,861129,null,{"$f":"+'App2-B FAC2012'!M28","v":-352642},{"$f":"H28/P28","v":-13036.704020326602},null,-365678.70402032661,495450.29597967339,null,{"$f":"'App2-B FAC MIFRS2013'!P28","v":-66.0541958041958}]
[47,1855,"Services (Overhead & Underground)",null,{"$f":"+'App2-B FAC2012'!H29","v":3.2740476996195866E-13},{"$f":"40053-40053","v":0},null,3.2740476996195866E-13,null,{"$f":"+'App2-B FAC2012'!M29","v":0},null,null,0,3.2740476996195866E-13,"Note 1",{"$f":"'App2-B FAC MIFRS2013'!P29","v":""}]
[47,1860,"Meters",null,{"$f":"+'App2-B FAC2012'!H30","v":31278},28775,null,60053,null,{"$f":"+'App2-B FAC2012'!M30","v":-9093},{"$f":"H30/P30","v":-14052.664814004376},null,-23145.664814004376,36907.335185995624,null,{"$f":"'App2-B FAC MIFRS2013'!P30","v":-4.2734243501028617}]
[47,1860,"Meters (Smart Meters)",null,{"$f":"+'App2-B FAC2012'!H31","v":0},{"$f":"1036720+25000","v":1061720},null,1061720,null,{"$f":"+'App2-B FAC2012'!M31","v":0},{"$f":"H31/P31","v":-87601},null,-87601,974119,null,{"$f":"'App2-B FAC MIFRS2013'!P31","v":-12.119952968573418}]
["N/A",1905,"Land",null,{"$f":"+'App2-B FAC2012'!H32","v":0},null,null,0,null,{"$f":"+'App2-B FAC2012'!M32","v":0},null,null,0,0,null,{"$f":"'App2-B FAC MIFRS2013'!P32","v":""}]
[47,1908,"Buildings & Fixtures",null,{"$f":"+'App2-B FAC2012'!H33","v":0},null,null,0,null,{"$f":"+'App2-B FAC2012'!M33","v":0},null,null,0,0,null,{"$f":"'App2-B FAC MIFRS2013'!P33","v":""}]
[13,1910,"Leasehold Improvements",null,{"$f":"+'App2-B FAC2012'!H34","v":0},null,null,0,null,{"$f":"+'App2-B FAC2012'!M34","v":0},null,null,0,0,null,{"$f":"'App2-B FAC MIFRS2013'!P34","v":""}]
[8,1915,"Office Furniture & Equipment (10 years)",null,{"$f":"+'App2-B FAC2012'!H35","v":17607},null,null,17607,null,{"$f":"+'App2-B FAC2012'!M35","v":-20677},{"$f":"H35/P35","v":-436.1445569956208},null,-21113.144556995619,-3506.1445569956195,null,{"$f":"'App2-B FAC MIFRS2013'!P35","v":-40.369642857142857}]
[8,1915,"Office Furniture & Equipment (5 years)",null,{"$f":"+'App2-B FAC2012'!H36","v":0},null,null,0,null,{"$f":"+'App2-B FAC2012'!M36","v":0},null,null,0,0,null,{"$f":"'App2-B FAC MIFRS2013'!P36","v":""}]
[10,1920,"Computer Equipment - Hardware",null,{"$f":"+'App2-B FAC2012'!H37","v":0},null,null,0,null,{"$f":"+'App2-B FAC2012'!M37","v":0},null,null,0,0,null,{"$f":"'App2-B FAC MIFRS2013'!P37","v":""}]
[45,1920,"Computer Equip.-Hardware(Post Mar. 22/04)",null,{"$f":"+'App2-B FAC2012'!H38","v":0},null,null,0,null,{"$f":"+'App2-B FAC2012'!M38","v":0},null,null,0,0,null,{"$f":"'App2-B FAC MIFRS2013'!P38","v":""}]
[45.1,1920,"Computer Equip.-Hardware(Post Mar. 19/07)",null,{"$f":"+'App2-B FAC2012'!H39","v":91507},{"$f":"17500+20669","v":38169},null,129676,null,{"$f":"+'App2-B FAC2012'!M39","v":-76521},{"$f":"-7639+(H39/P39)","v":-25520.171135053872},null,-102041.17113505387,27634.828864946132,null,{"$f":"'App2-B FAC MIFRS2013'!P39","v":-7.2520976965421413}]
[10,1930,"Transportation Equipment",null,{"$f":"+'App2-B FAC2012'!H40","v":1421081},262000,null,1683081,null,{"$f":"+'App2-B FAC2012'!M40","v":-525514},{"$f":"H40/P40","v":-218750.74647066995},null,-744264.74647066998,938816.25352933002,null,{"$f":"'App2-B FAC MIFRS2013'!P40","v":-7.6940583159366138}]
[8,1935,"Stores Equipment",null,{"$f":"+'App2-B FAC2012'!H41","v":680},null,null,680,null,{"$f":"+'App2-B FAC2012'!M41","v":-706},0,null,-706,-26,null,{"$f":"'App2-B FAC MIFRS2013'!P41","v":""}]
[8,1940,"Tools, Shop & Garage Equipment",null,{"$f":"+'App2-B FAC2012'!H42","v":192397},24100,null,216497,null,{"$f":"+'App2-B FAC2012'!M42","v":-114559},{"$f":"H42/P42","v":-35409.567093493126},null,-149968.56709349313,66528.432906506874,null,{"$f":"'App2-B FAC MIFRS2013'!P42","v":-6.1140820905371518}]
[8,1945,"Measurement & Testing Equipment",null,{"$f":"+'App2-B FAC2012'!H43","v":0},null,null,0,null,{"$f":"+'App2-B FAC2012'!M43","v":0},null,null,0,0,null,{"$f":"'App2-B FAC MIFRS2013'!P43","v":""}]
[8,1950,"Power Operated Equipment",null,{"$f":"+'App2-B FAC2012'!H44","v":0},null,null,0,null,{"$f":"+'App2-B FAC2012'!M44","v":0},null,null,0,0,null,{"$f":"'App2-B FAC MIFRS2013'!P44","v":""}]
[8,1955,"Communications Equipment",null,{"$f":"+'App2-B FAC2012'!H45","v":4638},null,null,4638,null,{"$f":"+'App2-B FAC2012'!M45","v":-2662},{"$f":"H45/P45","v":-790.99999999999989},null,-3453,1185,null,{"$f":"'App2-B FAC MIFRS2013'!P45","v":-5.8634639696586603}]
[8,1955,"Communication Equipment (Smart Meters)",null,{"$f":"+'App2-B FAC2012'!H46","v":0},null,null,0,null,{"$f":"+'App2-B FAC2012'!M46","v":0},null,null,0,0,null,{"$f":"'App2-B FAC MIFRS2013'!P46","v":""}]
[8,1960,"Miscellaneous Equipment ",null,{"$f":"+'App2-B FAC2012'!H47","v":6603},{"$f":"751","v":751},null,7354,null,{"$f":"+'App2-B FAC2012'!M47","v":-3961},{"$f":"(H47/P47)-214","v":-1860},null,-5821,1533,null,{"$f":"'App2-B FAC MIFRS2013'!P47","v":-4.4678007290400972}]
[47,1975,"Load Management Controls Utility Premises",null,{"$f":"+'App2-B FAC2012'!H48","v":0},null,null,0,null,{"$f":"+'App2-B FAC2012'!M48","v":0},null,null,0,0,null,{"$f":"'App2-B FAC MIFRS2013'!P48","v":""}]
[47,1980,"System Supervisor Equipment",null,{"$f":"+'App2-B FAC2012'!H49","v":0},null,null,0,null,{"$f":"+'App2-B FAC2012'!M49","v":0},null,null,0,0,null,{"$f":"'App2-B FAC MIFRS2013'!P49","v":""}]
[47,1985,"Miscellaneous Fixed Assets - WIP Smart Meters",null,{"$f":"+'App2-B FAC2012'!H50","v":0},null,null,0,null,{"$f":"+'App2-B FAC2012'!M50","v":0},null,null,0,0,null,{"$f":"'App2-B FAC MIFRS2013'!P50","v":""}]
[47,1995,"Contributions & Grants",null,{"$f":"+'App2-B FAC2012'!H51","v":0},null,null,0,null,{"$f":"+'App2-B FAC2012'!M51","v":0},null,null,0,0,null,{"$f":"'App2-B FAC MIFRS2013'!P51","v":""}]
[null,"etc.",null,null,{"$f":"+'App2-B FAC2012'!H52","v":0},null,null,0,null,{"$f":"+'App2-B FAC2012'!M52","v":0},null,null,0,0,null,{"$f":"'App2-B FAC MIFRS2013'!P52","v":""}]
[null,null,null,null,{"$f":"+'App2-B FAC2012'!H53","v":0},null,null,null,null,{"$f":"+'App2-B FAC2012'!M53","v":0},null,null,null,null,null,{"$f":"'App2-B FAC MIFRS2013'!P53","v":""}]
[null,null,"Total",null,{"$f":"SUM(E16:E52)","v":8695701.3599999994},{"$f":"SUM(F16:F52)","v":1847088},0,10542789.359999999,null,-3938570,-538428.98259856598,0,-4476998.9825985665,6065790.3774014339]
[]
[null,null,null,null,null,null,null,null,null,"Less: Fully Allocated Depreciation"]
[10,null,"Transportation",null,null,null,null,null,null,"Transportation",null,{"$f":"K40","v":-218750.74647066995}]
[8,null,"Stores Equipment",null,null,null,null,null,null,"Stores Equipment"]
[null,null,null,null,null,null,null,null,null,"Net Depreciation",null,{"$f":"+K54-L57-L58","v":-319678.236127896}]
["Note 1","Services acct 1855 included in Acct 1835 and 1840"]
[]
["Notes:"]
[]
[1,"Tables in the format outlined above covering all fixed asset accounts should be submitted for the Test Year, Bridge Year and all relevant historical years.  At a minimum , the applicant must provide data for the earlier of: 1) all historical years back to its last rebasing; or 2) at least three years of historical actuals, in addition to Bridge Year and Test Year forecasts."]
[]
[]
[2,"The \"CCA Class\" for fixed assets should agree with the CCA Class used for tax purposes in Tax Returns. Fixed Assets sub-components may be used where the underlying asset components are classified under multiple CCA Classes for tax purposes. If an applicant uses any different classes from those shown in the table, an explanation should be provided. (also see note 3 below)."]
[]
[]
[3,"The table may need to be customized for a utility's asset categories or for any new asset accounts announced or authorized by the Board."]
[]
[4,"The depreciation column (D) is not required as the relevant information will be provided in the following 2-C series of appendices."]

{"sheet":"App2-B FAC MIFRS2012","index":9,"n_rows":73,"n_cols":15,"rows_kept":73,"cut":false,"hidden":true,"merged":[[70,1,70,13],[8,0,8,13],[9,0,9,13],[13,4,13,7],[64,1,65,13],[67,1,68,13]]}
[null,null,null,null,null,null,null,null,null,null,null,null,"File Number:",{"$f":"'LDC Info'!$E$18","v":"EB-2012-0153"}]
[null,null,null,null,null,null,null,null,null,null,null,null,"Exhibit:"]
[null,null,null,null,null,null,null,null,null,null,null,null,"Tab:"]
[null,null,null,null,null,null,null,null,null,null,null,null,"Schedule:"]
[null,null,null,null,null,null,null,null,null,null,null,null,"Page:"]
[]
[null,null,null,null,null,null,null,null,null,null,null,null,"Date:"]
[]
["Appendix 2-B"]
["Fixed Asset Continuity Schedule"]
[null,null,null,null,null,"MIFRS"]
[null,null,null,null,null,"Year ","2012 Bridge Year"]
[]
[null,null,null,null,"Cost",null,null,null,null,null,"Accumulated Depreciation"]
["CCA Class","OEB","Description","Depreciation Rate","Opening Balance","Additions","Disposals","Closing Balance",null,"Opening Balance","Additions","Disposals","Closing Balance","Net Book Value"]
[12,1611,"Computer Software (Formally known as Account 1925)",null,{"$f":"'App 2-B FAC 2011'!H16","v":159158},5000,null,{"$f":"E16+F16+G16","v":164158},null,{"$f":"'App 2-B FAC 2011'!M16","v":-68997},-22319,null,{"$f":"J16+K16+L16","v":-91316},{"$f":"H16+M16","v":72842}]
["CEC",1612,"Land Rights (Formally known as Account 1906)",null,{"$f":"'App 2-B FAC 2011'!H17","v":0},null,null,{"$f":"E17+F17+G17","v":0},null,{"$f":"'App 2-B FAC 2011'!M17","v":0},null,null,{"$f":"J17+K17+L17","v":0},{"$f":"H17+M17","v":0}]
["N/A",1805,"Land",null,{"$f":"'App 2-B FAC 2011'!H18","v":87700},null,null,{"$f":"E18+F18+G18","v":87700},null,{"$f":"'App 2-B FAC 2011'!M18","v":0},null,null,{"$f":"J18+K18+L18","v":0},{"$f":"H18+M18","v":87700}]
[47,1808,"Buildings",null,{"$f":"'App 2-B FAC 2011'!H19","v":385577},100000,null,{"$f":"E19+F19+G19","v":485577},null,{"$f":"'App 2-B FAC 2011'!M19","v":-42478},-17113,null,{"$f":"J19+K19+L19","v":-59591},{"$f":"H19+M19","v":425986}]
[13,1810,"Leasehold Improvements",null,{"$f":"'App 2-B FAC 2011'!H20","v":4692},null,null,4692,null,{"$f":"'App 2-B FAC 2011'!M20","v":-2345},-938,null,-3283,1409]
[47,1815,"Transformer Station Equipment >50 kV",null,{"$f":"'App 2-B FAC 2011'!H21","v":3644},null,null,3644,null,{"$f":"'App 2-B FAC 2011'!M21","v":-1213},-121,null,-1334,2310]
[47,1820,"Distribution Station Equipment <50 kV",null,{"$f":"'App 2-B FAC 2011'!H22","v":551343},15060,null,566403,null,{"$f":"'App 2-B FAC 2011'!M22","v":-308015},-9649,null,-317664,248739]
[47,1825,"Storage Battery Equipment",null,{"$f":"'App 2-B FAC 2011'!H23","v":0},null,null,0,null,{"$f":"'App 2-B FAC 2011'!M23","v":0},null,null,0,0]
[47,1830,"Poles, Towers & Fixtures",null,{"$f":"'App 2-B FAC 2011'!H24","v":2601676},193228,null,2794904,null,{"$f":"'App 2-B FAC 2011'!M24","v":-1087795},-45401,null,-1133196,1661708]
[47,1835,"Overhead Conductors & Devices",null,{"$f":"'App 2-B FAC 2011'!H25","v":1658530.08},{"$f":"224428+46406","v":270834},null,1929364.08,null,{"$f":"'App 2-B FAC 2011'!M25","v":-920396},-23513,null,-943909,985455.08000000007]
[47,1840,"Underground Conduit",null,{"$f":"'App 2-B FAC 2011'!H26","v":186674.28},null,null,186674.28,null,{"$f":"'App 2-B FAC 2011'!M26","v":-156492},-862,null,-157354,29320.28]
[47,1845,"Underground Conductors & Devices",null,{"$f":"'App 2-B FAC 2011'!H27","v":3690},null,null,3690,null,{"$f":"'App 2-B FAC 2011'!M27","v":-1130},-73,null,-1203,2487]
[47,1850,"Line Transformers",null,{"$f":"'App 2-B FAC 2011'!H28","v":694792},100000,null,794792,null,{"$f":"'App 2-B FAC 2011'!M28","v":-325401},-11372,null,-336773,458019]
[47,1855,"Services (Overhead & Underground)",null,{"$f":"'App 2-B FAC 2011'!H29","v":3.2740476996195866E-13},{"$f":"46406-46406","v":0},null,3.2740476996195866E-13,null,{"$f":"'App 2-B FAC 2011'!M29","v":0},0,null,0,3.2740476996195866E-13,"Note 1"]
[47,1860,"Meters",null,{"$f":"'App 2-B FAC 2011'!H30","v":39775},null,null,39775,null,{"$f":"'App 2-B FAC 2011'!M30","v":-7815},-16041,null,-23856,15919]
[47,1860,"Meters (Smart Meters)",null,{"$f":"'App 2-B FAC 2011'!H31","v":0},null,null,0,null,{"$f":"'App 2-B FAC 2011'!M31","v":0},null,null,0,0]
["N/A",1905,"Land",null,{"$f":"'App 2-B FAC 2011'!H32","v":0},null,null,0,null,{"$f":"'App 2-B FAC 2011'!M32","v":0},null,null,0,0]
[47,1908,"Buildings & Fixtures",null,{"$f":"'App 2-B FAC 2011'!H33","v":0},null,null,0,null,{"$f":"'App 2-B FAC 2011'!M33","v":0},null,null,0,0]
[13,1910,"Leasehold Improvements",null,{"$f":"'App 2-B FAC 2011'!H34","v":0},null,null,0,null,{"$f":"'App 2-B FAC 2011'!M34","v":0},null,null,0,0]
[8,1915,"Office Furniture & Equipment (10 years)",null,{"$f":"'App 2-B FAC 2011'!H35","v":17607},5000,null,22607,null,{"$f":"'App 2-B FAC 2011'!M35","v":-20273},{"$f":"-310+3235","v":2925},null,-17348,5259,"Note 2"]
[8,1915,"Office Furniture & Equipment (5 years)",null,{"$f":"'App 2-B FAC 2011'!H36","v":0},null,null,0,null,{"$f":"'App 2-B FAC 2011'!M36","v":0},null,null,0,0]
[10,1920,"Computer Equipment - Hardware",null,{"$f":"'App 2-B FAC 2011'!H37","v":0},null,null,0,null,{"$f":"'App 2-B FAC 2011'!M37","v":0},null,null,0,0]
[45,1920,"Computer Equip.-Hardware(Post Mar. 22/04)",null,{"$f":"'App 2-B FAC 2011'!H38","v":0},null,null,0,null,{"$f":"'App 2-B FAC 2011'!M38","v":0},null,null,0,0]
[45.1,1920,"Computer Equip.-Hardware(Post Mar. 19/07)",null,{"$f":"'App 2-B FAC 2011'!H39","v":87525},10000,null,97525,null,{"$f":"'App 2-B FAC 2011'!M39","v":-71903},-7420,null,-79323,18202]
[10,1930,"Transportation Equipment",null,{"$f":"'App 2-B FAC 2011'!H40","v":1202969},219345,null,1422314,null,{"$f":"'App 2-B FAC 2011'!M40","v":-355787},-183935,null,-539722,882592]
[8,1935,"Stores Equipment",null,{"$f":"'App 2-B FAC 2011'!H41","v":680},null,null,680,null,{"$f":"'App 2-B FAC 2011'!M41","v":-638},-42,null,-680,0]
[8,1940,"Tools, Shop & Garage Equipment",null,{"$f":"'App 2-B FAC 2011'!H42","v":168132},39400,null,207532,null,{"$f":"'App 2-B FAC 2011'!M42","v":-92481},-29734,null,-122215,85317]
[8,1945,"Measurement & Testing Equipment",null,{"$f":"'App 2-B FAC 2011'!H43","v":0},null,null,0,null,{"$f":"'App 2-B FAC 2011'!M43","v":0},null,null,0,0]
[8,1950,"Power Operated Equipment",null,{"$f":"'App 2-B FAC 2011'!H44","v":0},null,null,0,null,{"$f":"'App 2-B FAC 2011'!M44","v":0},null,null,0,0]
[8,1955,"Communications Equipment",null,{"$f":"'App 2-B FAC 2011'!H45","v":4638},null,null,4638,null,{"$f":"'App 2-B FAC 2011'!M45","v":-1871},-791,null,-2662,1976]
[8,1955,"Communication Equipment (Smart Meters)",null,{"$f":"'App 2-B FAC 2011'!H46","v":0},null,null,0,null,{"$f":"'App 2-B FAC 2011'!M46","v":0},null,null,0,0]
[8,1960,"Miscellaneous Equipment ",null,{"$f":"'App 2-B FAC 2011'!H47","v":6603},null,null,6603,null,{"$f":"'App 2-B FAC 2011'!M47","v":-3301},-660,null,-3961,2642]
[47,1975,"Load Management Controls Utility Premises",null,{"$f":"'App 2-B FAC 2011'!H48","v":0},null,null,0,null,{"$f":"'App 2-B FAC 2011'!M48","v":0},null,null,0,0]
[47,1980,"System Supervisor Equipment",null,{"$f":"'App 2-B FAC 2011'!H49","v":0},null,null,0,null,{"$f":"'App 2-B FAC 2011'!M49","v":0},null,null,0,0]
[47,1985,"Miscellaneous Fixed Assets",null,{"$f":"'App 2-B FAC 2011'!H50","v":0},null,null,0,null,{"$f":"'App 2-B FAC 2011'!M50","v":0},null,null,0,0]
[47,1995,"Contributions & Grants",null,{"$f":"'App 2-B FAC 2011'!H51","v":0},null,null,0,null,{"$f":"'App 2-B FAC 2011'!M51","v":0},null,null,0,0]
[null,"etc.",null,null,{"$f":"'App 2-B FAC 2011'!H52","v":0},null,null,0,null,{"$f":"'App 2-B FAC 2011'!M52","v":0},null,null,0,0]
[null,null,null,null,{"$f":"'App 2-B FAC 2011'!H53","v":0},null,null,null,null,{"$f":"'App 2-B FAC 2011'!M53","v":0}]
[null,null,"Total",null,{"$f":"SUM(E16:E52)","v":7865405.3600000003},{"$f":"SUM(F16:F52)","v":957867},0,8823272.3599999994,null,-3468331,{"$f":"SUM(K16:K52)","v":-367059},0,-3835390,4987882.3599999994]
[]
[null,null,null,null,null,null,null,null,null,"Less: Fully Allocated Depreciation"]
[10,null,"Transportation",null,null,null,null,null,null,"Transportation",null,{"$f":"K40","v":-183935}]
[8,null,"Stores Equipment",null,null,null,null,null,null,"Stores Equipment",null,{"$f":"K41","v":-42}]
[null,null,null,null,null,null,null,null,null,"Net Depreciation",null,{"$f":"K54-L57-L58","v":-183082}]
["Note 1","Services acct 1855 included in Acct 1835 and 1840"]
["Note 2","Adjusted depreciation for over-amortized asset."]
[]
["Notes:"]
[]
[1,"Tables in the format outlined above covering all fixed asset accounts should be submitted for the Test Year, Bridge Year and all relevant historical years.  At a minimum , the applicant must provide data for the earlier of: 1) all historical years back to its last rebasing; or 2) at least three years of historical actuals, in addition to Bridge Year and Test Year forecasts."]
[]
[]
[2,"The \"CCA Class\" for fixed assets should agree with the CCA Class used for tax purposes in Tax Returns. Fixed Assets sub-components may be used where the underlying asset components are classified under multiple CCA Classes for tax purposes. If an applicant uses any different classes from those shown in the table, an explanation should be provided. (also see note 3 below)."]
[]
[]
[3,"The table may need to be customized for a utility's asset categories or for any new asset accounts announced or authorized by the Board."]
[]
[4,"The depreciation column (D) is not required as the relevant information will be provided in the following 2-C series of appendices."]

{"sheet":"App2-B FAC MIFRS2013","index":10,"n_rows":73,"n_cols":16,"rows_kept":73,"cut":false,"hidden":true,"merged":[[70,1,70,13],[8,0,8,13],[9,0,9,13],[13,4,13,7],[64,1,65,13],[67,1,68,13]]}
[null,null,null,null,null,null,null,null,null,null,null,null,"File Number:",{"$f":"'LDC Info'!$E$18","v":"EB-2012-0153"}]
[null,null,null,null,null,null,null,null,null,null,null,null,"Exhibit:"]
[null,null,null,null,null,null,null,null,null,null,null,null,"Tab:"]
[null,null,null,null,null,null,null,null,null,null,null,null,"Schedule:"]
[null,null,null,null,null,null,null,null,null,null,null,null,"Page:"]
[]
[null,null,null,null,null,null,null,null,null,null,null,null,"Date:"]
[]
["Appendix 2-B"]
["Fixed Asset Continuity Schedule"]
[null,null,null,null,null,"MIFRS"]
[null,null,null,null,null,"Year ","2013 Test Year"]
[]
[null,null,null,null,"Cost",null,null,null,null,null,"Accumulated Depreciation"]
["CCA Class","OEB","Description","Depreciation Rate","Opening Balance","Additions","Disposals","Closing Balance",null,"Opening Balance","Additions","Disposals","Closing Balance","Net Book Value"]
[12,1611,"Computer Software (Formally known as Account 1925)",null,{"$f":"+'App2-B FAC MIFRS2012'!H16","v":164158},{"$f":"+'App 2-B FAC 2013'!F16","v":21743},null,{"$f":"E16+F16+G16","v":185901},null,{"$f":"+'App2-B FAC MIFRS2012'!M16","v":-91316},{"$f":"-23542-4374","v":-27916},null,{"$f":"J16+K16+L16","v":-119232},{"$f":"H16+M16","v":66669},null,{"$f":"IF(ISERROR(H16/K16),\"\",H16/K16)","v":-6.659299326551082}]
["CEC",1612,"Land Rights (Formally known as Account 1906)",null,{"$f":"+'App2-B FAC MIFRS2012'!H17","v":0},{"$f":"+'App 2-B FAC 2013'!F17","v":0},null,{"$f":"E17+F17+G17","v":0},null,{"$f":"+'App2-B FAC MIFRS2012'!M17","v":0},null,null,{"$f":"J17+K17+L17","v":0},{"$f":"H17+M17","v":0},null,{"$f":"IF(ISERROR(H17/K17),\"\",H17/K17)","v":""}]
["N/A",1805,"Land",null,{"$f":"+'App2-B FAC MIFRS2012'!H18","v":87700},{"$f":"+'App 2-B FAC 2013'!F18","v":0},null,{"$f":"E18+F18+G18","v":87700},null,{"$f":"+'App2-B FAC MIFRS2012'!M18","v":0},null,null,{"$f":"J18+K18+L18","v":0},{"$f":"H18+M18","v":87700},null,""]
[47,1808,"Buildings",null,{"$f":"+'App2-B FAC MIFRS2012'!H19","v":485577},{"$f":"+'App 2-B FAC 2013'!F19","v":23854},null,{"$f":"E19+F19+G19","v":509431},null,{"$f":"+'App2-B FAC MIFRS2012'!M19","v":-59591},-19289,null,{"$f":"J19+K19+L19","v":-78880},{"$f":"H19+M19","v":430551},null,-26.410441184094562]
[13,1810,"Leasehold Improvements",null,{"$f":"+'App2-B FAC MIFRS2012'!H20","v":4692},{"$f":"+'App 2-B FAC 2013'!F20","v":0},null,4692,null,{"$f":"+'App2-B FAC MIFRS2012'!M20","v":-3283},-938,null,-4221,471,null,-5.0021321961620471]
[47,1815,"Transformer Station Equipment >50 kV",null,{"$f":"+'App2-B FAC MIFRS2012'!H21","v":3644},{"$f":"+'App 2-B FAC 2013'!F21","v":0},null,3644,null,{"$f":"+'App2-B FAC MIFRS2012'!M21","v":-1334},-121,null,-1455,2189,null,-30.115702479338843]
[47,1820,"Distribution Station Equipment <50 kV",null,{"$f":"+'App2-B FAC MIFRS2012'!H22","v":566403},{"$f":"+'App 2-B FAC 2013'!F22","v":15000},null,581403,null,{"$f":"+'App2-B FAC MIFRS2012'!M22","v":-317664},-9836,null,-327500,253903,null,-59.109699064660433]
[47,1825,"Storage Battery Equipment",null,{"$f":"+'App2-B FAC MIFRS2012'!H23","v":0},{"$f":"+'App 2-B FAC 2013'!F23","v":0},null,0,null,{"$f":"+'App2-B FAC MIFRS2012'!M23","v":0},null,null,0,0,null,""]
[47,1830,"Poles, Towers & Fixtures",null,{"$f":"+'App2-B FAC MIFRS2012'!H24","v":2794904},{"$f":"+'App 2-B FAC 2013'!F24","v":129488},null,2924392,null,{"$f":"+'App2-B FAC MIFRS2012'!M24","v":-1133196},-49550,null,-1182746,1741646,null,-59.019011099899089]
[47,1835,"Overhead Conductors & Devices",null,{"$f":"+'App2-B FAC MIFRS2012'!H25","v":1929364.08},{"$f":"+'App 2-B FAC 2013'!F25","v":129488},null,2058852.08,null,{"$f":"+'App2-B FAC MIFRS2012'!M25","v":-943909},-28970,null,-972879,1085973.08,null,-71.068418363824648]
[47,1840,"Underground Conduit",null,{"$f":"+'App2-B FAC MIFRS2012'!H26","v":186674.28},{"$f":"+'App 2-B FAC 2013'!F26","v":0},null,186674.28,null,{"$f":"+'App2-B FAC MIFRS2012'!M26","v":-157354},-862,null,-158216,28458.28,null,-216.55948955916475]
[47,1845,"Underground Conductors & Devices",null,{"$f":"+'App2-B FAC MIFRS2012'!H27","v":3690},{"$f":"+'App 2-B FAC 2013'!F27","v":0},null,3690,null,{"$f":"+'App2-B FAC MIFRS2012'!M27","v":-1203},-73,null,-1276,2414,null,-50.547945205479451]
[47,1850,"Line Transformers",null,{"$f":"+'App2-B FAC MIFRS2012'!H28","v":794792},{"$f":"+'App 2-B FAC 2013'!F28","v":112000},null,906792,null,{"$f":"+'App2-B FAC MIFRS2012'!M28","v":-336773},-13728,null,-350501,556291,null,-66.0541958041958]
[47,1855,"Services (Overhead & Underground)",null,{"$f":"+'App2-B FAC MIFRS2012'!H29","v":3.2740476996195866E-13},{"$f":"+'App 2-B FAC 2013'!F29","v":0},null,3.2740476996195866E-13,null,{"$f":"+'App2-B FAC MIFRS2012'!M29","v":0},0,null,0,3.2740476996195866E-13,"Note 1",""]
[47,1860,"Meters",null,{"$f":"+'App2-B FAC MIFRS2012'!H30","v":39775},{"$f":"+'App 2-B FAC 2013'!F30","v":28775},null,68550,null,{"$f":"+'App2-B FAC MIFRS2012'!M30","v":-23856},-16041,null,-39897,28653,null,-4.2734243501028617]
[47,1860,"Meters (Smart Meters)",null,{"$f":"+'App2-B FAC MIFRS2012'!H31","v":0},{"$f":"+'App 2-B FAC 2013'!F31","v":1061720},null,1061720,null,{"$f":"+'App2-B FAC MIFRS2012'!M31","v":0},-87601,null,-87601,974119,null,-12.119952968573418]
["N/A",1905,"Land",null,{"$f":"+'App2-B FAC MIFRS2012'!H32","v":0},{"$f":"+'App 2-B FAC 2013'!F32","v":0},null,0,null,{"$f":"+'App2-B FAC MIFRS2012'!M32","v":0},null,null,0,0,null,""]
[47,1908,"Buildings & Fixtures",null,{"$f":"+'App2-B FAC MIFRS2012'!H33","v":0},{"$f":"+'App 2-B FAC 2013'!F33","v":0},null,0,null,{"$f":"+'App2-B FAC MIFRS2012'!M33","v":0},null,null,0,0,null,""]
[13,1910,"Leasehold Improvements",null,{"$f":"+'App2-B FAC MIFRS2012'!H34","v":0},{"$f":"+'App 2-B FAC 2013'!F34","v":0},null,0,null,{"$f":"+'App2-B FAC MIFRS2012'!M34","v":0},null,null,0,0,null,""]
[8,1915,"Office Furniture & Equipment (10 years)",null,{"$f":"+'App2-B FAC MIFRS2012'!H35","v":22607},{"$f":"+'App 2-B FAC 2013'!F35","v":0},null,22607,null,{"$f":"+'App2-B FAC MIFRS2012'!M35","v":-17348},-560,null,-17908,4699,null,-40.369642857142857]
[8,1915,"Office Furniture & Equipment (5 years)",null,{"$f":"+'App2-B FAC MIFRS2012'!H36","v":0},{"$f":"+'App 2-B FAC 2013'!F36","v":0},null,0,null,{"$f":"+'App2-B FAC MIFRS2012'!M36","v":0},null,null,0,0,null,""]
[10,1920,"Computer Equipment - Hardware",null,{"$f":"+'App2-B FAC MIFRS2012'!H37","v":0},{"$f":"+'App 2-B FAC 2013'!F37","v":0},null,0,null,{"$f":"+'App2-B FAC MIFRS2012'!M37","v":0},null,null,0,0,null,""]
[45,1920,"Computer Equip.-Hardware(Post Mar. 22/04)",null,{"$f":"+'App2-B FAC MIFRS2012'!H38","v":0},{"$f":"+'App 2-B FAC 2013'!F38","v":0},null,0,null,{"$f":"+'App2-B FAC MIFRS2012'!M38","v":0},null,null,0,0,null,""]
[45.1,1920,"Computer Equip.-Hardware(Post Mar. 19/07)",null,{"$f":"+'App2-B FAC MIFRS2012'!H39","v":97525},{"$f":"+'App 2-B FAC 2013'!F39","v":38169},null,135694,null,{"$f":"+'App2-B FAC MIFRS2012'!M39","v":-79323},{"$f":"-11072-7639","v":-18711},null,-98034,37660,null,-7.2520976965421413]
[10,1930,"Transportation Equipment",null,{"$f":"+'App2-B FAC MIFRS2012'!H40","v":1422314},{"$f":"+'App 2-B FAC 2013'!F40","v":262000},null,1684314,null,{"$f":"+'App2-B FAC MIFRS2012'!M40","v":-539722},-218911,null,-758633,925681,null,-7.6940583159366138]
[8,1935,"Stores Equipment",null,{"$f":"+'App2-B FAC MIFRS2012'!H41","v":680},{"$f":"+'App 2-B FAC 2013'!F41","v":0},null,680,null,{"$f":"+'App2-B FAC MIFRS2012'!M41","v":-680},0,null,-680,0,null,""]
[8,1940,"Tools, Shop & Garage Equipment",null,{"$f":"+'App2-B FAC MIFRS2012'!H42","v":207532},{"$f":"+'App 2-B FAC 2013'!F42","v":24100},null,231632,null,{"$f":"+'App2-B FAC MIFRS2012'!M42","v":-122215},-37885,null,-160100,71532,null,-6.1140820905371518]
[8,1945,"Measurement & Testing Equipment",null,{"$f":"+'App2-B FAC MIFRS2012'!H43","v":0},{"$f":"+'App 2-B FAC 2013'!F43","v":0},null,0,null,{"$f":"+'App2-B FAC MIFRS2012'!M43","v":0},null,null,0,0,null,""]
[8,1950,"Power Operated Equipment",null,{"$f":"+'App2-B FAC MIFRS2012'!H44","v":0},{"$f":"+'App 2-B FAC 2013'!F44","v":0},null,0,null,{"$f":"+'App2-B FAC MIFRS2012'!M44","v":0},null,null,0,0,null,""]
[8,1955,"Communications Equipment",null,{"$f":"+'App2-B FAC MIFRS2012'!H45","v":4638},{"$f":"+'App 2-B FAC 2013'!F45","v":0},null,4638,null,{"$f":"+'App2-B FAC MIFRS2012'!M45","v":-2662},-791,null,-3453,1185,null,-5.8634639696586603]
[8,1955,"Communication Equipment (Smart Meters)",null,{"$f":"+'App2-B FAC MIFRS2012'!H46","v":0},{"$f":"+'App 2-B FAC 2013'!F46","v":0},null,0,null,{"$f":"+'App2-B FAC MIFRS2012'!M46","v":0},null,null,0,0,null,""]
[8,1960,"Miscellaneous Equipment ",null,{"$f":"+'App2-B FAC MIFRS2012'!H47","v":6603},{"$f":"+'App 2-B FAC 2013'!F47","v":751},null,7354,null,{"$f":"+'App2-B FAC MIFRS2012'!M47","v":-3961},{"$f":"-1432-214","v":-1646},null,-5607,1747,null,-4.4678007290400972]
[47,1975,"Load Management Controls Utility Premises",null,{"$f":"+'App2-B FAC MIFRS2012'!H48","v":0},{"$f":"+'App 2-B FAC 2013'!F48","v":0},null,0,null,{"$f":"+'App2-B FAC MIFRS2012'!M48","v":0},null,null,0,0,null,""]
[47,1980,"System Supervisor Equipment",null,{"$f":"+'App2-B FAC MIFRS2012'!H49","v":0},{"$f":"+'App 2-B FAC 2013'!F49","v":0},null,0,null,{"$f":"+'App2-B FAC MIFRS2012'!M49","v":0},null,null,0,0,null,""]
[47,1985,"Miscellaneous Fixed Assets",null,{"$f":"+'App2-B FAC MIFRS2012'!H50","v":0},{"$f":"+'App 2-B FAC 2013'!F50","v":0},null,0,null,{"$f":"+'App2-B FAC MIFRS2012'!M50","v":0},null,null,0,0,null,""]
[47,1995,"Contributions & Grants",null,{"$f":"+'App2-B FAC MIFRS2012'!H51","v":0},{"$f":"+'App 2-B FAC 2013'!F51","v":0},null,0,null,{"$f":"+'App2-B FAC MIFRS2012'!M51","v":0},null,null,0,0,null,""]
[null,"etc.",null,null,{"$f":"+'App2-B FAC MIFRS2012'!H52","v":0},{"$f":"+'App 2-B FAC 2013'!F52","v":0},null,0,null,{"$f":"+'App2-B FAC MIFRS2012'!M52","v":0},null,null,0,0,null,""]
[null,null,null,null,{"$f":"+'App2-B FAC MIFRS2012'!H53","v":0},{"$f":"+'App 2-B FAC 2013'!F53","v":0},null,null,null,{"$f":"+'App2-B FAC MIFRS2012'!M53","v":0},null,null,null,null,null,""]
[null,null,"Total",null,{"$f":"SUM(E16:E52)","v":8823272.3599999994},{"$f":"SUM(F16:F52)","v":1847088},0,10670360.359999999,null,-3835390,-533429,0,-4368819,6301541.3599999994]
[]
[null,null,null,null,null,null,null,null,null,"Less: Fully Allocated Depreciation"]
[10,null,"Transportation",null,null,null,null,null,null,"Transportation",null,{"$f":"K40","v":-218911}]
[8,null,"Stores Equipment",null,null,null,null,null,null,"Stores Equipment",null,{"$f":"K41","v":0}]
[null,null,null,null,null,null,null,null,null,"Net Depreciation",null,{"$f":"K54-L57-L58","v":-314518}]
["Note 1","Services acct 1855 included in Acct 1835 and 1840"]
[]
[]
["Notes:"]
[]
[1,"Tables in the format outlined above covering all fixed asset accounts should be submitted for the Test Year, Bridge Year and all relevant historical years.  At a minimum , the applicant must provide data for the earlier of: 1) all historical years back to its last rebasing; or 2) at least three years of historical actuals, in addition to Bridge Year and Test Year forecasts."]
[]
[]
[2,"The \"CCA Class\" for fixed assets should agree with the CCA Class used for tax purposes in Tax Returns. Fixed Assets sub-components may be used where the underlying asset components are classified under multiple CCA Classes for tax purposes. If an applicant uses any different classes from those shown in the table, an explanation should be provided. (also see note 3 below)."]
[]
[]
[3,"The table may need to be customized for a utility's asset categories or for any new asset accounts announced or authorized by the Board."]
[]
[4,"The depreciation column (D) is not required as the relevant information will be provided in the following 2-C series of appendices."]

{"sheet":"App.2-CB_MIFRS_DepExp_2011NA","index":11,"n_rows":64,"n_cols":14,"rows_kept":64,"cut":false,"hidden":true,"merged":[[8,0,8,13],[9,0,9,13],[10,0,10,13],[61,1,61,13],[63,1,64,13],[57,1,57,13],[58,1,58,13],[59,1,59,13],[60,1,60,13],[13,0,14,0],[13,1,14,1],[13,10,14,10]]}
[null,null,null,null,null,null,null,null,null,null,null,null,"File Number:",{"$f":"'LDC Info'!$E$18","v":"EB-2012-0153"}]
[null,null,null,null,null,null,null,null,null,null,null,null,"Exhibit:"]
[null,null,null,null,null,null,null,null,null,null,null,null,"Tab:"]
[null,null,null,null,null,null,null,null,null,null,null,null,"Schedule:"]
[null,null,null,null,null,null,null,null,null,null,null,null,"Page:"]
[]
[null,null,null,null,null,null,null,null,null,null,null,null,"Date:"]
[]
["NOW Inc to adopt IFRS in 2013"]
["Depreciation and Amortization Expense"]
["Assumes the applicant adopted IFRS for financial reporting purposes January 1, 2012"]
[null,null,"Year",null,"MIFRS"]
[]
["Account","Description","Opening NBV as at Jan 1, 2011 5","Additions","Average Remaining Life of Opening NBV 4","Years (new additions only) 3","Depreciation Rate on New Additions","Depreciation Expense on Opening NBV","Depreciation Expense on Additions 1","2011 Depreciation Expense","2011 Depreciation Expense per Appendix 2-B Fixed Assets, Columns K & L\n (l)","Variance 2","Depreciation Expense on 2011 Full Year Additions","2011 Full Year Depreciation"]
[null,null,"(a)","(d)","(i)","(f)","(g) = 1 / (f)","(j) = (a) / (i)","(h)=((d)*0.5)/(f) ","(k) = (j) + (h)",null,"(m) = (k) - (l)","(n) = (d)/(f) ","(o) = (j) + (n)"]
[1611,"Computer Software (Formally known as Account 1925)",null,null,null,null,{"$f":"IF(F16=0,0,1/F16)","v":0},{"$f":"IF(E16=0,0,+C16/E16)","v":0},{"$f":"IF(F16=0,0,+(D16*0.5)/F16)","v":0},{"$f":"IF(ISERROR(+H16+I16), 0, +H16+I16)","v":0},null,{"$f":"IF(ISERROR(+J16-K16), 0, +J16-K16)","v":0},{"$f":"IF(F16=0,0,+(D16)/F16)","v":0},{"$f":"IF(ISERROR(+M16+H16), 0, +M16+H16)","v":0}]
[1612,"Land Rights (Formally known as Account 1906)",null,null,null,null,0,0,0,0,null,0,0,0]
[1805,"Land",null,null,null,null,0,0,0,0,null,0,0,0]
[1808,"Buildings",null,null,null,null,0,0,0,0,null,0,0,0]
[1810,"Leasehold Improvements",null,null,null,null,0,0,0,0,null,0,0,0]
[1815,"Transformer Station Equipment >50 kV",null,null,null,null,0,0,0,0,null,0,0,0]
[1820,"Distribution Station Equipment <50 kV",null,null,null,null,0,0,0,0,null,0,0,0]
[1825,"Storage Battery Equipment",null,null,null,null,0,0,0,0,null,0,0,0]
[1830,"Poles, Towers & Fixtures",null,null,null,null,0,0,0,0,null,0,0,0]
[1835,"Overhead Conductors & Devices",null,null,null,null,0,0,0,0,null,0,0,0]
[1840,"Underground Conduit",null,null,null,null,0,0,0,0,null,0,0,0]
[1845,"Underground Conductors & Devices",null,null,null,null,0,0,0,0,null,0,0,0]
[1850,"Line Transformers",null,null,null,null,0,0,0,0,null,0,0,0]
[1855,"Services (Overhead & Underground)",null,null,null,null,0,0,0,0,null,0,0,0]
[1860,"Meters",null,null,null,null,0,0,0,0,null,0,0,0]
[1860,"Meters (Smart Meters)",null,null,null,null,0,0,0,0,null,0,0,0]
[1905,"Land",null,null,null,null,0,0,0,0,null,0,0,0]
[1908,"Buildings & Fixtures",null,null,null,null,0,0,0,0,null,0,0,0]
[1910,"Leasehold Improvements",null,null,null,null,0,0,0,0,null,0,0,0]
[1915,"Office Furniture & Equipment (10 years)",null,null,null,null,0,0,0,0,null,0,0,0]
[1915,"Office Furniture & Equipment (5 years)",null,null,null,null,0,0,0,0,null,0,0,0]
[1920,"Computer Equipment - Hardware",null,null,null,null,0,0,0,0,null,0,0,0]
[1920,"Computer Equip.-Hardware(Post Mar. 22/04)",null,null,null,null,0,0,0,0,null,0,0,0]
[1920,"Computer Equip.-Hardware(Post Mar. 19/07)",null,null,null,null,0,0,0,0,null,0,0,0]
[1930,"Transportation Equipment",null,null,null,null,0,0,0,0,null,0,0,0]
[1935,"Stores Equipment",null,null,null,null,0,0,0,0,null,0,0,0]
[1940,"Tools, Shop & Garage Equipment",null,null,null,null,0,0,0,0,null,0,0,0]
[1945,"Measurement & Testing Equipment",null,null,null,null,0,0,0,0,null,0,0,0]
[1950,"Power Operated Equipment",null,null,null,null,0,0,0,0,null,0,0,0]
[1955,"Communications Equipment",null,null,null,null,0,0,0,0,null,0,0,0]
[1955,"Communication Equipment (Smart Meters)",null,null,null,null,0,0,0,0,null,0,0,0]
[1960,"Miscellaneous Equipment ",null,null,null,null,0,0,0,0,null,0,0,0]
[1975,"Load Management Controls Utility Premises",null,null,null,null,0,0,0,0,null,0,0,0]
[1980,"System Supervisor Equipment",null,null,null,null,0,0,0,0,null,0,0,0]
[1985,"Miscellaneous Fixed Assets",null,null,null,null,0,0,0,0,null,0,0,0]
[1995,"Contributions & Grants",null,null,null,null,0,0,0,0,null,0,0,0]
["etc.",null,null,null,null,null,0,0,0,0,null,0,0,0]
[null,null,null,null,null,null,0,0,0,0,null,0,0,0]
[null,"Total",{"$f":"SUM(C16:C53)","v":0},{"$f":"SUM(D16:D53)","v":0},null,null,null,{"$f":"SUM(H16:H53)","v":0},0,0,0,0,0,0]
[]
["Notes:"]
[]
[1,"Board policy of the \"half-year\" rule - the applicant must ensure that additions in the year attract a half-year depreciation expense in the first year.  Deviations from this standard practice must be supported in the application."]
[2,"The applicant must provide an explanation of material variances in evidence"]
[3,"The applicant should ensure that the years for new additions of assets are the asset useful lives determined by management in accordance with IFRS. "]
[4,"A recalculation should be performed to determine the average remaining life of opening balance of assets (i.e. excluding 2011 additions) under IFRS.  For example, Asset A had a useful life of 20 years under CGAAP.  On January 1, 2011, the date of transition, Asset A was 3 years depreciated. As a result, Asset A would have a remaining service life of 17 years (20 years less 3 years) under CGAAP as of January 1, 2011.  Due to the transition to IFRS, management re-assessed the asset useful lives under IFRS principles and concluded that the revised useful life of Asset A is now 30 years. Therefore, the average remaining useful life of opening balance of Asset A is determined to be 27 years (30 years less 3 years) under IFRS as of January 1, 2011."]
[5," NBV must exclude assets still on the books but which have been fully amortized or depreciated."]
[]
["General:","Applicants must provide a breakdown of depreciation and amortization expense in the above format for all relevant accounts.  Asset Retirement Obligations (AROs), depreciation and accretion expense should be disclosed separately consistent with the Notes of historical Audited Financial Statements."]

{"sheet":"App.2-CC_MIFRS_DepExp_2012NA","index":12,"n_rows":61,"n_cols":10,"rows_kept":61,"cut":false,"hidden":true,"merged":[[8,0,8,9],[56,1,56,9],[57,1,57,9],[58,1,58,9],[60,1,61,9],[13,0,14,0],[13,1,14,1],[13,6,14,6],[10,0,10,9],[9,0,9,9]]}
["NOW Inc to adopt IFRS in 2013",null,null,null,null,null,null,null,"File Number:",{"$f":"'LDC Info'!$E$18","v":"EB-2012-0153"}]
[null,null,null,null,null,null,null,null,"Exhibit:"]
[null,null,null,null,null,null,null,null,"Tab:"]
[null,null,null,null,null,null,null,null,"Schedule:"]
[null,null,null,null,null,null,null,null,"Page:"]
[]
[null,null,null,null,null,null,null,null,"Date:"]
[]
["Appendix 2-CC"]
["Depreciation and Amortization Expense"]
["Assumes the applicant adopted IFRS for financial reporting purposes January 1, 2012"]
[null,null,null,"MIFRS"]
[]
["Account","Description","Additions","Years (new additions only)","Depreciation Rate on New Additions","2012 Depreciation Expense 1","2012 Depreciation Expense per Apppendix 2-B Fixed Assets, Columns K & L\n (l)","Variance 2","Depreciation Expense on 2012 Full Year Additions","2012 Full Year Depreciation"]
[null,null,"(d)","(f)","(g) = 1 / (f)","(h)=2011 Full Year Deprecation 3 + ((d)*0.5)/(f) ",null,"(m) = (h) - (l)","(n)=((d))/(f) ","(o) = 2011 Full Year Depreciation 3 + (n)"]
[1611,"Computer Software (Formally known as Account 1925)",null,null,{"$f":"IF(D16=0,0,1/D16)","v":0},{"$f":"IF(D16=0,+'App.2-CB_MIFRS_DepExp_2011NA'!N16,+'App.2-CB_MIFRS_DepExp_2011NA'!N16+((C16*0.5)/D16))","v":0},null,{"$f":"IF(ISERROR(+F16-G16), 0, +F16-G16)","v":0},{"$f":"IF(D16=0,0,+(C16)/D16)","v":0},{"$f":"IF(ISERROR(+I16+'App.2-CB_MIFRS_DepExp_2011NA'!N16), 0, +I16+'App.2-CB_MIFRS_DepExp_2011NA'!N16)","v":0}]
[1612,"Land Rights (Formally known as Account 1906)",null,null,0,{"$f":"IF(D17=0,+'App.2-CB_MIFRS_DepExp_2011NA'!N17,+'App.2-CB_MIFRS_DepExp_2011NA'!N17+((C17*0.5)/D17))","v":0},null,0,0,{"$f":"IF(ISERROR(+I17+'App.2-CB_MIFRS_DepExp_2011NA'!N17), 0, +I17+'App.2-CB_MIFRS_DepExp_2011NA'!N17)","v":0}]
[1805,"Land",null,null,0,{"$f":"IF(D18=0,+'App.2-CB_MIFRS_DepExp_2011NA'!N18,+'App.2-CB_MIFRS_DepExp_2011NA'!N18+((C18*0.5)/D18))","v":0},null,0,0,{"$f":"IF(ISERROR(+I18+'App.2-CB_MIFRS_DepExp_2011NA'!N18), 0, +I18+'App.2-CB_MIFRS_DepExp_2011NA'!N18)","v":0}]
[1808,"Buildings",null,null,0,{"$f":"IF(D19=0,+'App.2-CB_MIFRS_DepExp_2011NA'!N19,+'App.2-CB_MIFRS_DepExp_2011NA'!N19+((C19*0.5)/D19))","v":0},null,0,0,{"$f":"IF(ISERROR(+I19+'App.2-CB_MIFRS_DepExp_2011NA'!N19), 0, +I19+'App.2-CB_MIFRS_DepExp_2011NA'!N19)","v":0}]
[1810,"Leasehold Improvements",null,null,0,{"$f":"IF(D20=0,+'App.2-CB_MIFRS_DepExp_2011NA'!N20,+'App.2-CB_MIFRS_DepExp_2011NA'!N20+((C20*0.5)/D20))","v":0},null,0,0,{"$f":"IF(ISERROR(+I20+'App.2-CB_MIFRS_DepExp_2011NA'!N20), 0, +I20+'App.2-CB_MIFRS_DepExp_2011NA'!N20)","v":0}]
[1815,"Transformer Station Equipment >50 kV",null,null,0,{"$f":"IF(D21=0,+'App.2-CB_MIFRS_DepExp_2011NA'!N21,+'App.2-CB_MIFRS_DepExp_2011NA'!N21+((C21*0.5)/D21))","v":0},null,0,0,{"$f":"IF(ISERROR(+I21+'App.2-CB_MIFRS_DepExp_2011NA'!N21), 0, +I21+'App.2-CB_MIFRS_DepExp_2011NA'!N21)","v":0}]
[1820,"Distribution Station Equipment <50 kV",null,null,0,{"$f":"IF(D22=0,+'App.2-CB_MIFRS_DepExp_2011NA'!N22,+'App.2-CB_MIFRS_DepExp_2011NA'!N22+((C22*0.5)/D22))","v":0},null,0,0,{"$f":"IF(ISERROR(+I22+'App.2-CB_MIFRS_DepExp_2011NA'!N22), 0, +I22+'App.2-CB_MIFRS_DepExp_2011NA'!N22)","v":0}]
[1825,"Storage Battery Equipment",null,null,0,{"$f":"IF(D23=0,+'App.2-CB_MIFRS_DepExp_2011NA'!N23,+'App.2-CB_MIFRS_DepExp_2011NA'!N23+((C23*0.5)/D23))","v":0},null,0,0,{"$f":"IF(ISERROR(+I23+'App.2-CB_MIFRS_DepExp_2011NA'!N23), 0, +I23+'App.2-CB_MIFRS_DepExp_2011NA'!N23)","v":0}]
[1830,"Poles, Towers & Fixtures",null,null,0,{"$f":"IF(D24=0,+'App.2-CB_MIFRS_DepExp_2011NA'!N24,+'App.2-CB_MIFRS_DepExp_2011NA'!N24+((C24*0.5)/D24))","v":0},null,0,0,{"$f":"IF(ISERROR(+I24+'App.2-CB_MIFRS_DepExp_2011NA'!N24), 0, +I24+'App.2-CB_MIFRS_DepExp_2011NA'!N24)","v":0}]
[1835,"Overhead Conductors & Devices",null,null,0,{"$f":"IF(D25=0,+'App.2-CB_MIFRS_DepExp_2011NA'!N25,+'App.2-CB_MIFRS_DepExp_2011NA'!N25+((C25*0.5)/D25))","v":0},null,0,0,{"$f":"IF(ISERROR(+I25+'App.2-CB_MIFRS_DepExp_2011NA'!N25), 0, +I25+'App.2-CB_MIFRS_DepExp_2011NA'!N25)","v":0}]
[1840,"Underground Conduit",null,null,0,{"$f":"IF(D26=0,+'App.2-CB_MIFRS_DepExp_2011NA'!N26,+'App.2-CB_MIFRS_DepExp_2011NA'!N26+((C26*0.5)/D26))","v":0},null,0,0,{"$f":"IF(ISERROR(+I26+'App.2-CB_MIFRS_DepExp_2011NA'!N26), 0, +I26+'App.2-CB_MIFRS_DepExp_2011NA'!N26)","v":0}]
[1845,"Underground Conductors & Devices",null,null,0,{"$f":"IF(D27=0,+'App.2-CB_MIFRS_DepExp_2011NA'!N27,+'App.2-CB_MIFRS_DepExp_2011NA'!N27+((C27*0.5)/D27))","v":0},null,0,0,{"$f":"IF(ISERROR(+I27+'App.2-CB_MIFRS_DepExp_2011NA'!N27), 0, +I27+'App.2-CB_MIFRS_DepExp_2011NA'!N27)","v":0}]
[1850,"Line Transformers",null,null,0,{"$f":"IF(D28=0,+'App.2-CB_MIFRS_DepExp_2011NA'!N28,+'App.2-CB_MIFRS_DepExp_2011NA'!N28+((C28*0.5)/D28))","v":0},null,0,0,{"$f":"IF(ISERROR(+I28+'App.2-CB_MIFRS_DepExp_2011NA'!N28), 0, +I28+'App.2-CB_MIFRS_DepExp_2011NA'!N28)","v":0}]
[1855,"Services (Overhead & Underground)",null,null,0,{"$f":"IF(D29=0,+'App.2-CB_MIFRS_DepExp_2011NA'!N29,+'App.2-CB_MIFRS_DepExp_2011NA'!N29+((C29*0.5)/D29))","v":0},null,0,0,{"$f":"IF(ISERROR(+I29+'App.2-CB_MIFRS_DepExp_2011NA'!N29), 0, +I29+'App.2-CB_MIFRS_DepExp_2011NA'!N29)","v":0}]
[1860,"Meters",null,null,0,{"$f":"IF(D30=0,+'App.2-CB_MIFRS_DepExp_2011NA'!N30,+'App.2-CB_MIFRS_DepExp_2011NA'!N30+((C30*0.5)/D30))","v":0},null,0,0,{"$f":"IF(ISERROR(+I30+'App.2-CB_MIFRS_DepExp_2011NA'!N30), 0, +I30+'App.2-CB_MIFRS_DepExp_2011NA'!N30)","v":0}]
[1860,"Meters (Smart Meters)",null,null,0,{"$f":"IF(D31=0,+'App.2-CB_MIFRS_DepExp_2011NA'!N31,+'App.2-CB_MIFRS_DepExp_2011NA'!N31+((C31*0.5)/D31))","v":0},null,0,0,{"$f":"IF(ISERROR(+I31+'App.2-CB_MIFRS_DepExp_2011NA'!N31), 0, +I31+'App.2-CB_MIFRS_DepExp_2011NA'!N31)","v":0}]
[1905,"Land",null,null,0,{"$f":"IF(D32=0,+'App.2-CB_MIFRS_DepExp_2011NA'!N32,+'App.2-CB_MIFRS_DepExp_2011NA'!N32+((C32*0.5)/D32))","v":0},null,0,0,{"$f":"IF(ISERROR(+I32+'App.2-CB_MIFRS_DepExp_2011NA'!N32), 0, +I32+'App.2-CB_MIFRS_DepExp_2011NA'!N32)","v":0}]
[1908,"Buildings & Fixtures",null,null,0,{"$f":"IF(D33=0,+'App.2-CB_MIFRS_DepExp_2011NA'!N33,+'App.2-CB_MIFRS_DepExp_2011NA'!N33+((C33*0.5)/D33))","v":0},null,0,0,{"$f":"IF(ISERROR(+I33+'App.2-CB_MIFRS_DepExp_2011NA'!N33), 0, +I33+'App.2-CB_MIFRS_DepExp_2011NA'!N33)","v":0}]
[1910,"Leasehold Improvements",null,null,0,{"$f":"IF(D34=0,+'App.2-CB_MIFRS_DepExp_2011NA'!N34,+'App.2-CB_MIFRS_DepExp_2011NA'!N34+((C34*0.5)/D34))","v":0},null,0,0,{"$f":"IF(ISERROR(+I34+'App.2-CB_MIFRS_DepExp_2011NA'!N34), 0, +I34+'App.2-CB_MIFRS_DepExp_2011NA'!N34)","v":0}]
[1915,"Office Furniture & Equipment (10 years)",null,null,0,{"$f":"IF(D35=0,+'App.2-CB_MIFRS_DepExp_2011NA'!N35,+'App.2-CB_MIFRS_DepExp_2011NA'!N35+((C35*0.5)/D35))","v":0},null,0,0,{"$f":"IF(ISERROR(+I35+'App.2-CB_MIFRS_DepExp_2011NA'!N35), 0, +I35+'App.2-CB_MIFRS_DepExp_2011NA'!N35)","v":0}]
[1915,"Office Furniture & Equipment (5 years)",null,null,0,{"$f":"IF(D36=0,+'App.2-CB_MIFRS_DepExp_2011NA'!N36,+'App.2-CB_MIFRS_DepExp_2011NA'!N36+((C36*0.5)/D36))","v":0},null,0,0,{"$f":"IF(ISERROR(+I36+'App.2-CB_MIFRS_DepExp_2011NA'!N36), 0, +I36+'App.2-CB_MIFRS_DepExp_2011NA'!N36)","v":0}]
[1920,"Computer Equipment - Hardware",null,null,0,{"$f":"IF(D37=0,+'App.2-CB_MIFRS_DepExp_2011NA'!N37,+'App.2-CB_MIFRS_DepExp_2011NA'!N37+((C37*0.5)/D37))","v":0},null,0,0,{"$f":"IF(ISERROR(+I37+'App.2-CB_MIFRS_DepExp_2011NA'!N37), 0, +I37+'App.2-CB_MIFRS_DepExp_2011NA'!N37)","v":0}]
[1920,"Computer Equip.-Hardware(Post Mar. 22/04)",null,null,0,{"$f":"IF(D38=0,+'App.2-CB_MIFRS_DepExp_2011NA'!N38,+'App.2-CB_MIFRS_DepExp_2011NA'!N38+((C38*0.5)/D38))","v":0},null,0,0,{"$f":"IF(ISERROR(+I38+'App.2-CB_MIFRS_DepExp_2011NA'!N38), 0, +I38+'App.2-CB_MIFRS_DepExp_2011NA'!N38)","v":0}]
[1920,"Computer Equip.-Hardware(Post Mar. 19/07)",null,null,0,{"$f":"IF(D39=0,+'App.2-CB_MIFRS_DepExp_2011NA'!N39,+'App.2-CB_MIFRS_DepExp_2011NA'!N39+((C39*0.5)/D39))","v":0},null,0,0,{"$f":"IF(ISERROR(+I39+'App.2-CB_MIFRS_DepExp_2011NA'!N39), 0, +I39+'App.2-CB_MIFRS_DepExp_2011NA'!N39)","v":0}]
[1930,"Transportation Equipment",null,null,0,{"$f":"IF(D40=0,+'App.2-CB_MIFRS_DepExp_2011NA'!N40,+'App.2-CB_MIFRS_DepExp_2011NA'!N40+((C40*0.5)/D40))","v":0},null,0,0,{"$f":"IF(ISERROR(+I40+'App.2-CB_MIFRS_DepExp_2011NA'!N40), 0, +I40+'App.2-CB_MIFRS_DepExp_2011NA'!N40)","v":0}]
[1935,"Stores Equipment",null,null,0,{"$f":"IF(D41=0,+'App.2-CB_MIFRS_DepExp_2011NA'!N41,+'App.2-CB_MIFRS_DepExp_2011NA'!N41+((C41*0.5)/D41))","v":0},null,0,0,{"$f":"IF(ISERROR(+I41+'App.2-CB_MIFRS_DepExp_2011NA'!N41), 0, +I41+'App.2-CB_MIFRS_DepExp_2011NA'!N41)","v":0}]
[1940,"Tools, Shop & Garage Equipment",null,null,0,{"$f":"IF(D42=0,+'App.2-CB_MIFRS_DepExp_2011NA'!N42,+'App.2-CB_MIFRS_DepExp_2011NA'!N42+((C42*0.5)/D42))","v":0},null,0,0,{"$f":"IF(ISERROR(+I42+'App.2-CB_MIFRS_DepExp_2011NA'!N42), 0, +I42+'App.2-CB_MIFRS_DepExp_2011NA'!N42)","v":0}]
[1945,"Measurement & Testing Equipment",null,null,0,{"$f":"IF(D43=0,+'App.2-CB_MIFRS_DepExp_2011NA'!N43,+'App.2-CB_MIFRS_DepExp_2011NA'!N43+((C43*0.5)/D43))","v":0},null,0,0,{"$f":"IF(ISERROR(+I43+'App.2-CB_MIFRS_DepExp_2011NA'!N43), 0, +I43+'App.2-CB_MIFRS_DepExp_2011NA'!N43)","v":0}]
[1950,"Power Operated Equipment",null,null,0,{"$f":"IF(D44=0,+'App.2-CB_MIFRS_DepExp_2011NA'!N44,+'App.2-CB_MIFRS_DepExp_2011NA'!N44+((C44*0.5)/D44))","v":0},null,0,0,{"$f":"IF(ISERROR(+I44+'App.2-CB_MIFRS_DepExp_2011NA'!N44), 0, +I44+'App.2-CB_MIFRS_DepExp_2011NA'!N44)","v":0}]
[1955,"Communications Equipment",null,null,0,{"$f":"IF(D45=0,+'App.2-CB_MIFRS_DepExp_2011NA'!N45,+'App.2-CB_MIFRS_DepExp_2011NA'!N45+((C45*0.5)/D45))","v":0},null,0,0,{"$f":"IF(ISERROR(+I45+'App.2-CB_MIFRS_DepExp_2011NA'!N45), 0, +I45+'App.2-CB_MIFRS_DepExp_2011NA'!N45)","v":0}]
[1955,"Communication Equipment (Smart Meters)",null,null,0,{"$f":"IF(D46=0,+'App.2-CB_MIFRS_DepExp_2011NA'!N46,+'App.2-CB_MIFRS_DepExp_2011NA'!N46+((C46*0.5)/D46))","v":0},null,0,0,{"$f":"IF(ISERROR(+I46+'App.2-CB_MIFRS_DepExp_2011NA'!N46), 0, +I46+'App.2-CB_MIFRS_DepExp_2011NA'!N46)","v":0}]
[1960,"Miscellaneous Equipment ",null,null,0,{"$f":"IF(D47=0,+'App.2-CB_MIFRS_DepExp_2011NA'!N47,+'App.2-CB_MIFRS_DepExp_2011NA'!N47+((C47*0.5)/D47))","v":0},null,0,0,{"$f":"IF(ISERROR(+I47+'App.2-CB_MIFRS_DepExp_2011NA'!N47), 0, +I47+'App.2-CB_MIFRS_DepExp_2011NA'!N47)","v":0}]
[1975,"Load Management Controls Utility Premises",null,null,0,{"$f":"IF(D48=0,+'App.2-CB_MIFRS_DepExp_2011NA'!N48,+'App.2-CB_MIFRS_DepExp_2011NA'!N48+((C48*0.5)/D48))","v":0},null,0,0,{"$f":"IF(ISERROR(+I48+'App.2-CB_MIFRS_DepExp_2011NA'!N48), 0, +I48+'App.2-CB_MIFRS_DepExp_2011NA'!N48)","v":0}]
[1980,"System Supervisor Equipment",null,null,0,{"$f":"IF(D49=0,+'App.2-CB_MIFRS_DepExp_2011NA'!N49,+'App.2-CB_MIFRS_DepExp_2011NA'!N49+((C49*0.5)/D49))","v":0},null,0,0,{"$f":"IF(ISERROR(+I49+'App.2-CB_MIFRS_DepExp_2011NA'!N49), 0, +I49+'App.2-CB_MIFRS_DepExp_2011NA'!N49)","v":0}]
[1985,"Miscellaneous Fixed Assets",null,null,0,{"$f":"IF(D50=0,+'App.2-CB_MIFRS_DepExp_2011NA'!N50,+'App.2-CB_MIFRS_DepExp_2011NA'!N50+((C50*0.5)/D50))","v":0},null,0,0,{"$f":"IF(ISERROR(+I50+'App.2-CB_MIFRS_DepExp_2011NA'!N50), 0, +I50+'App.2-CB_MIFRS_DepExp_2011NA'!N50)","v":0}]
[1995,"Contributions & Grants",null,null,0,{"$f":"IF(D51=0,+'App.2-CB_MIFRS_DepExp_2011NA'!N51,+'App.2-CB_MIFRS_DepExp_2011NA'!N51+((C51*0.5)/D51))","v":0},null,0,0,{"$f":"IF(ISERROR(+I51+'App.2-CB_MIFRS_DepExp_2011NA'!N51), 0, +I51+'App.2-CB_MIFRS_DepExp_2011NA'!N51)","v":0}]
["etc.",null,null,null,0,{"$f":"IF(D52=0,+'App.2-CB_MIFRS_DepExp_2011NA'!N52,+'App.2-CB_MIFRS_DepExp_2011NA'!N52+((C52*0.5)/D52))","v":0},null,0,0,{"$f":"IF(ISERROR(+I52+'App.2-CB_MIFRS_DepExp_2011NA'!N52), 0, +I52+'App.2-CB_MIFRS_DepExp_2011NA'!N52)","v":0}]
[null,null,null,null,0,{"$f":"IF(D53=0,+'App.2-CB_MIFRS_DepExp_2011NA'!N53,+'App.2-CB_MIFRS_DepExp_2011NA'!N53+((C53*0.5)/D53))","v":0},null,0,0,{"$f":"IF(ISERROR(+I53+'App.2-CB_MIFRS_DepExp_2011NA'!N53), 0, +I53+'App.2-CB_MIFRS_DepExp_2011NA'!N53)","v":0}]
[null,"Total",{"$f":"SUM(C16:C53)","v":0},null,0,{"$f":"SUM(F16:F53)","v":0},{"$f":"SUM(G16:G53)","v":0},{"$f":"SUM(H16:H53)","v":0},{"$f":"SUM(I16:I53)","v":0},{"$f":"SUM(J16:J53)","v":0}]
[]
["Notes:"]
[1,"Board policy of the \"half-year\" rule - the applicant must ensure that additions in the year attract a half-year depreciation expense in the first year.  Deviations from this standard practice must be supported in the application."]
[2,"The applicant must provide an explanation of material variances in evidence"]
[3,"If the assets are fully depreciated as of the end of 2011, the applicant must exclude the depreciation expense of these assets in the calculation of the 2012 depreciation expense."]
[]
["General:","Applicants must provide a breakdown of depreciation and amortization expense in the above format for all relevant accounts.  Asset Retirement Obligations (AROs), depreciation and accretion expense should be disclosed separately consistent with the Notes of historical Audited Financial Statements."]

{"sheet":"App.2-CD_MIFRS_DepExp_2013NA","index":13,"n_rows":63,"n_cols":10,"rows_kept":63,"cut":false,"hidden":true,"merged":[[54,1,54,4],[13,1,14,1],[13,6,14,6],[8,0,8,9],[9,0,9,9],[10,0,10,9],[59,1,59,9],[58,1,58,9],[57,1,57,9],[62,1,63,9],[55,1,55,4]]}
[null,null,null,null,null,null,null,null,"File Number:",{"$f":"'LDC Info'!$E$18","v":"EB-2012-0153"}]
[null,null,null,null,null,null,null,null,"Exhibit:"]
[null,null,null,null,null,null,null,null,"Tab:"]
[null,null,null,null,null,null,null,null,"Schedule:"]
[null,null,null,null,null,null,null,null,"Page:"]
["NOW Inc to adopt IFRS in 2013"]
[null,null,null,null,null,null,null,null,"Date:"]
[]
["Appendix 2-CD"]
["Depreciation and Amortization Expense"]
["Assumes the applicant adopted IFRS for financial reporting purposes January 1, 2013"]
[null,null,null,"MIFRS"]
[]
["Account","Description","Additions","Years (new additions only)","Depreciation Rate on New Additions","2013 Depreciation Expense 1","2013 Depreciation Expense per Appendix 2-B Fixed Assets, Columns K & L\n (l)","Variance 2","Depreciation Expense on 2013 Full Year Additions","2013 Full Year Depreciation"]
[null,null,"(d)","(f)","(g) = 1 / (f)","(h)=2012 Full Year Depreciation 3 + ((d)*0.5)/(f) ",null,"(m) = (h) - (l)","(n)=((d))/(f) ","(o) = 2012 Full Year Depreciation 3 + (n)"]
[1611,"Computer Software (Formally known as Account 1925)",null,null,{"$f":"IF(D16=0,0,1/D16)","v":0},{"$f":"IF(D16=0,'App.2-CC_MIFRS_DepExp_2012NA'!J16,+'App.2-CC_MIFRS_DepExp_2012NA'!J16+((C16*0.5)/D16))","v":0},null,{"$f":"IF(ISERROR(+F16-G16), 0, +F16-G16)","v":0},{"$f":"IF(D16=0,0,+(C16)/D16)","v":0},{"$f":"IF(ISERROR(+I16+'App.2-CC_MIFRS_DepExp_2012NA'!J16), 0, +I16+'App.2-CC_MIFRS_DepExp_2012NA'!J16)","v":0}]
[1612,"Land Rights (Formally known as Account 1906)",null,null,0,{"$f":"IF(D17=0,'App.2-CC_MIFRS_DepExp_2012NA'!J17,+'App.2-CC_MIFRS_DepExp_2012NA'!J17+((C17*0.5)/D17))","v":0},null,0,0,{"$f":"IF(ISERROR(+I17+'App.2-CC_MIFRS_DepExp_2012NA'!J17), 0, +I17+'App.2-CC_MIFRS_DepExp_2012NA'!J17)","v":0}]
[1805,"Land",null,null,0,{"$f":"IF(D18=0,'App.2-CC_MIFRS_DepExp_2012NA'!J18,+'App.2-CC_MIFRS_DepExp_2012NA'!J18+((C18*0.5)/D18))","v":0},null,0,0,{"$f":"IF(ISERROR(+I18+'App.2-CC_MIFRS_DepExp_2012NA'!J18), 0, +I18+'App.2-CC_MIFRS_DepExp_2012NA'!J18)","v":0}]
[1808,"Buildings",null,null,0,{"$f":"IF(D19=0,'App.2-CC_MIFRS_DepExp_2012NA'!J19,+'App.2-CC_MIFRS_DepExp_2012NA'!J19+((C19*0.5)/D19))","v":0},null,0,0,{"$f":"IF(ISERROR(+I19+'App.2-CC_MIFRS_DepExp_2012NA'!J19), 0, +I19+'App.2-CC_MIFRS_DepExp_2012NA'!J19)","v":0}]
[1810,"Leasehold Improvements",null,null,0,{"$f":"IF(D20=0,'App.2-CC_MIFRS_DepExp_2012NA'!J20,+'App.2-CC_MIFRS_DepExp_2012NA'!J20+((C20*0.5)/D20))","v":0},null,0,0,{"$f":"IF(ISERROR(+I20+'App.2-CC_MIFRS_DepExp_2012NA'!J20), 0, +I20+'App.2-CC_MIFRS_DepExp_2012NA'!J20)","v":0}]
[1815,"Transformer Station Equipment >50 kV",null,null,0,{"$f":"IF(D21=0,'App.2-CC_MIFRS_DepExp_2012NA'!J21,+'App.2-CC_MIFRS_DepExp_2012NA'!J21+((C21*0.5)/D21))","v":0},null,0,0,{"$f":"IF(ISERROR(+I21+'App.2-CC_MIFRS_DepExp_2012NA'!J21), 0, +I21+'App.2-CC_MIFRS_DepExp_2012NA'!J21)","v":0}]
[1820,"Distribution Station Equipment <50 kV",null,null,0,{"$f":"IF(D22=0,'App.2-CC_MIFRS_DepExp_2012NA'!J22,+'App.2-CC_MIFRS_DepExp_2012NA'!J22+((C22*0.5)/D22))","v":0},null,0,0,{"$f":"IF(ISERROR(+I22+'App.2-CC_MIFRS_DepExp_2012NA'!J22), 0, +I22+'App.2-CC_MIFRS_DepExp_2012NA'!J22)","v":0}]
[1825,"Storage Battery Equipment",null,null,0,{"$f":"IF(D23=0,'App.2-CC_MIFRS_DepExp_2012NA'!J23,+'App.2-CC_MIFRS_DepExp_2012NA'!J23+((C23*0.5)/D23))","v":0},null,0,0,{"$f":"IF(ISERROR(+I23+'App.2-CC_MIFRS_DepExp_2012NA'!J23), 0, +I23+'App.2-CC_MIFRS_DepExp_2012NA'!J23)","v":0}]
[1830,"Poles, Towers & Fixtures",null,null,0,{"$f":"IF(D24=0,'App.2-CC_MIFRS_DepExp_2012NA'!J24,+'App.2-CC_MIFRS_DepExp_2012NA'!J24+((C24*0.5)/D24))","v":0},null,0,0,{"$f":"IF(ISERROR(+I24+'App.2-CC_MIFRS_DepExp_2012NA'!J24), 0, +I24+'App.2-CC_MIFRS_DepExp_2012NA'!J24)","v":0}]
[1835,"Overhead Conductors & Devices",null,null,0,{"$f":"IF(D25=0,'App.2-CC_MIFRS_DepExp_2012NA'!J25,+'App.2-CC_MIFRS_DepExp_2012NA'!J25+((C25*0.5)/D25))","v":0},null,0,0,{"$f":"IF(ISERROR(+I25+'App.2-CC_MIFRS_DepExp_2012NA'!J25), 0, +I25+'App.2-CC_MIFRS_DepExp_2012NA'!J25)","v":0}]
[1840,"Underground Conduit",null,null,0,{"$f":"IF(D26=0,'App.2-CC_MIFRS_DepExp_2012NA'!J26,+'App.2-CC_MIFRS_DepExp_2012NA'!J26+((C26*0.5)/D26))","v":0},null,0,0,{"$f":"IF(ISERROR(+I26+'App.2-CC_MIFRS_DepExp_2012NA'!J26), 0, +I26+'App.2-CC_MIFRS_DepExp_2012NA'!J26)","v":0}]
[1845,"Underground Conductors & Devices",null,null,0,{"$f":"IF(D27=0,'App.2-CC_MIFRS_DepExp_2012NA'!J27,+'App.2-CC_MIFRS_DepExp_2012NA'!J27+((C27*0.5)/D27))","v":0},null,0,0,{"$f":"IF(ISERROR(+I27+'App.2-CC_MIFRS_DepExp_2012NA'!J27), 0, +I27+'App.2-CC_MIFRS_DepExp_2012NA'!J27)","v":0}]
[1850,"Line Transformers",null,null,0,{"$f":"IF(D28=0,'App.2-CC_MIFRS_DepExp_2012NA'!J28,+'App.2-CC_MIFRS_DepExp_2012NA'!J28+((C28*0.5)/D28))","v":0},null,0,0,{"$f":"IF(ISERROR(+I28+'App.2-CC_MIFRS_DepExp_2012NA'!J28), 0, +I28+'App.2-CC_MIFRS_DepExp_2012NA'!J28)","v":0}]
[1855,"Services (Overhead & Underground)",null,null,0,{"$f":"IF(D29=0,'App.2-CC_MIFRS_DepExp_2012NA'!J29,+'App.2-CC_MIFRS_DepExp_2012NA'!J29+((C29*0.5)/D29))","v":0},null,0,0,{"$f":"IF(ISERROR(+I29+'App.2-CC_MIFRS_DepExp_2012NA'!J29), 0, +I29+'App.2-CC_MIFRS_DepExp_2012NA'!J29)","v":0}]
[1860,"Meters",null,null,0,{"$f":"IF(D30=0,'App.2-CC_MIFRS_DepExp_2012NA'!J30,+'App.2-CC_MIFRS_DepExp_2012NA'!J30+((C30*0.5)/D30))","v":0},null,0,0,{"$f":"IF(ISERROR(+I30+'App.2-CC_MIFRS_DepExp_2012NA'!J30), 0, +I30+'App.2-CC_MIFRS_DepExp_2012NA'!J30)","v":0}]
[1860,"Meters (Smart Meters)",null,null,0,{"$f":"IF(D31=0,'App.2-CC_MIFRS_DepExp_2012NA'!J31,+'App.2-CC_MIFRS_DepExp_2012NA'!J31+((C31*0.5)/D31))","v":0},null,0,0,{"$f":"IF(ISERROR(+I31+'App.2-CC_MIFRS_DepExp_2012NA'!J31), 0, +I31+'App.2-CC_MIFRS_DepExp_2012NA'!J31)","v":0}]
[1905,"Land",null,null,0,{"$f":"IF(D32=0,'App.2-CC_MIFRS_DepExp_2012NA'!J32,+'App.2-CC_MIFRS_DepExp_2012NA'!J32+((C32*0.5)/D32))","v":0},null,0,0,{"$f":"IF(ISERROR(+I32+'App.2-CC_MIFRS_DepExp_2012NA'!J32), 0, +I32+'App.2-CC_MIFRS_DepExp_2012NA'!J32)","v":0}]
[1908,"Buildings & Fixtures",null,null,0,{"$f":"IF(D33=0,'App.2-CC_MIFRS_DepExp_2012NA'!J33,+'App.2-CC_MIFRS_DepExp_2012NA'!J33+((C33*0.5)/D33))","v":0},null,0,0,{"$f":"IF(ISERROR(+I33+'App.2-CC_MIFRS_DepExp_2012NA'!J33), 0, +I33+'App.2-CC_MIFRS_DepExp_2012NA'!J33)","v":0}]
[1910,"Leasehold Improvements",null,null,0,{"$f":"IF(D34=0,'App.2-CC_MIFRS_DepExp_2012NA'!J34,+'App.2-CC_MIFRS_DepExp_2012NA'!J34+((C34*0.5)/D34))","v":0},null,0,0,{"$f":"IF(ISERROR(+I34+'App.2-CC_MIFRS_DepExp_2012NA'!J34), 0, +I34+'App.2-CC_MIFRS_DepExp_2012NA'!J34)","v":0}]
[1915,"Office Furniture & Equipment (10 years)",null,null,0,{"$f":"IF(D35=0,'App.2-CC_MIFRS_DepExp_2012NA'!J35,+'App.2-CC_MIFRS_DepExp_2012NA'!J35+((C35*0.5)/D35))","v":0},null,0,0,{"$f":"IF(ISERROR(+I35+'App.2-CC_MIFRS_DepExp_2012NA'!J35), 0, +I35+'App.2-CC_MIFRS_DepExp_2012NA'!J35)","v":0}]
[1915,"Office Furniture & Equipment (5 years)",null,null,0,{"$f":"IF(D36=0,'App.2-CC_MIFRS_DepExp_2012NA'!J36,+'App.2-CC_MIFRS_DepExp_2012NA'!J36+((C36*0.5)/D36))","v":0},null,0,0,{"$f":"IF(ISERROR(+I36+'App.2-CC_MIFRS_DepExp_2012NA'!J36), 0, +I36+'App.2-CC_MIFRS_DepExp_2012NA'!J36)","v":0}]
[1920,"Computer Equipment - Hardware",null,null,0,{"$f":"IF(D37=0,'App.2-CC_MIFRS_DepExp_2012NA'!J37,+'App.2-CC_MIFRS_DepExp_2012NA'!J37+((C37*0.5)/D37))","v":0},null,0,0,{"$f":"IF(ISERROR(+I37+'App.2-CC_MIFRS_DepExp_2012NA'!J37), 0, +I37+'App.2-CC_MIFRS_DepExp_2012NA'!J37)","v":0}]
[1920,"Computer Equip.-Hardware(Post Mar. 22/04)",null,null,0,{"$f":"IF(D38=0,'App.2-CC_MIFRS_DepExp_2012NA'!J38,+'App.2-CC_MIFRS_DepExp_2012NA'!J38+((C38*0.5)/D38))","v":0},null,0,0,{"$f":"IF(ISERROR(+I38+'App.2-CC_MIFRS_DepExp_2012NA'!J38), 0, +I38+'App.2-CC_MIFRS_DepExp_2012NA'!J38)","v":0}]
[1920,"Computer Equip.-Hardware(Post Mar. 19/07)",null,null,0,{"$f":"IF(D39=0,'App.2-CC_MIFRS_DepExp_2012NA'!J39,+'App.2-CC_MIFRS_DepExp_2012NA'!J39+((C39*0.5)/D39))","v":0},null,0,0,{"$f":"IF(ISERROR(+I39+'App.2-CC_MIFRS_DepExp_2012NA'!J39), 0, +I39+'App.2-CC_MIFRS_DepExp_2012NA'!J39)","v":0}]
[1930,"Transportation Equipment",null,null,0,{"$f":"IF(D40=0,'App.2-CC_MIFRS_DepExp_2012NA'!J40,+'App.2-CC_MIFRS_DepExp_2012NA'!J40+((C40*0.5)/D40))","v":0},null,0,0,{"$f":"IF(ISERROR(+I40+'App.2-CC_MIFRS_DepExp_2012NA'!J40), 0, +I40+'App.2-CC_MIFRS_DepExp_2012NA'!J40)","v":0}]
[1935,"Stores Equipment",null,null,0,{"$f":"IF(D41=0,'App.2-CC_MIFRS_DepExp_2012NA'!J41,+'App.2-CC_MIFRS_DepExp_2012NA'!J41+((C41*0.5)/D41))","v":0},null,0,0,{"$f":"IF(ISERROR(+I41+'App.2-CC_MIFRS_DepExp_2012NA'!J41), 0, +I41+'App.2-CC_MIFRS_DepExp_2012NA'!J41)","v":0}]
[1940,"Tools, Shop & Garage Equipment",null,null,0,{"$f":"IF(D42=0,'App.2-CC_MIFRS_DepExp_2012NA'!J42,+'App.2-CC_MIFRS_DepExp_2012NA'!J42+((C42*0.5)/D42))","v":0},null,0,0,{"$f":"IF(ISERROR(+I42+'App.2-CC_MIFRS_DepExp_2012NA'!J42), 0, +I42+'App.2-CC_MIFRS_DepExp_2012NA'!J42)","v":0}]
[1945,"Measurement & Testing Equipment",null,null,0,{"$f":"IF(D43=0,'App.2-CC_MIFRS_DepExp_2012NA'!J43,+'App.2-CC_MIFRS_DepExp_2012NA'!J43+((C43*0.5)/D43))","v":0},null,0,0,{"$f":"IF(ISERROR(+I43+'App.2-CC_MIFRS_DepExp_2012NA'!J43), 0, +I43+'App.2-CC_MIFRS_DepExp_2012NA'!J43)","v":0}]
[1950,"Power Operated Equipment",null,null,0,{"$f":"IF(D44=0,'App.2-CC_MIFRS_DepExp_2012NA'!J44,+'App.2-CC_MIFRS_DepExp_2012NA'!J44+((C44*0.5)/D44))","v":0},null,0,0,{"$f":"IF(ISERROR(+I44+'App.2-CC_MIFRS_DepExp_2012NA'!J44), 0, +I44+'App.2-CC_MIFRS_DepExp_2012NA'!J44)","v":0}]
[1955,"Communications Equipment",null,null,0,{"$f":"IF(D45=0,'App.2-CC_MIFRS_DepExp_2012NA'!J45,+'App.2-CC_MIFRS_DepExp_2012NA'!J45+((C45*0.5)/D45))","v":0},null,0,0,{"$f":"IF(ISERROR(+I45+'App.2-CC_MIFRS_DepExp_2012NA'!J45), 0, +I45+'App.2-CC_MIFRS_DepExp_2012NA'!J45)","v":0}]
[1955,"Communication Equipment (Smart Meters)",null,null,0,{"$f":"IF(D46=0,'App.2-CC_MIFRS_DepExp_2012NA'!J46,+'App.2-CC_MIFRS_DepExp_2012NA'!J46+((C46*0.5)/D46))","v":0},null,0,0,{"$f":"IF(ISERROR(+I46+'App.2-CC_MIFRS_DepExp_2012NA'!J46), 0, +I46+'App.2-CC_MIFRS_DepExp_2012NA'!J46)","v":0}]
[1960,"Miscellaneous Equipment ",null,null,0,{"$f":"IF(D47=0,'App.2-CC_MIFRS_DepExp_2012NA'!J47,+'App.2-CC_MIFRS_DepExp_2012NA'!J47+((C47*0.5)/D47))","v":0},null,0,0,{"$f":"IF(ISERROR(+I47+'App.2-CC_MIFRS_DepExp_2012NA'!J47), 0, +I47+'App.2-CC_MIFRS_DepExp_2012NA'!J47)","v":0}]
[1975,"Load Management Controls Utility Premises",null,null,0,{"$f":"IF(D48=0,'App.2-CC_MIFRS_DepExp_2012NA'!J48,+'App.2-CC_MIFRS_DepExp_2012NA'!J48+((C48*0.5)/D48))","v":0},null,0,0,{"$f":"IF(ISERROR(+I48+'App.2-CC_MIFRS_DepExp_2012NA'!J48), 0, +I48+'App.2-CC_MIFRS_DepExp_2012NA'!J48)","v":0}]
[1980,"System Supervisor Equipment",null,null,0,{"$f":"IF(D49=0,'App.2-CC_MIFRS_DepExp_2012NA'!J49,+'App.2-CC_MIFRS_DepExp_2012NA'!J49+((C49*0.5)/D49))","v":0},null,0,0,{"$f":"IF(ISERROR(+I49+'App.2-CC_MIFRS_DepExp_2012NA'!J49), 0, +I49+'App.2-CC_MIFRS_DepExp_2012NA'!J49)","v":0}]
[1985,"Miscellaneous Fixed Assets",null,null,0,{"$f":"IF(D50=0,'App.2-CC_MIFRS_DepExp_2012NA'!J50,+'App.2-CC_MIFRS_DepExp_2012NA'!J50+((C50*0.5)/D50))","v":0},null,0,0,{"$f":"IF(ISERROR(+I50+'App.2-CC_MIFRS_DepExp_2012NA'!J50), 0, +I50+'App.2-CC_MIFRS_DepExp_2012NA'!J50)","v":0}]
[1995,"Contributions & Grants",null,null,0,{"$f":"IF(D51=0,'App.2-CC_MIFRS_DepExp_2012NA'!J51,+'App.2-CC_MIFRS_DepExp_2012NA'!J51+((C51*0.5)/D51))","v":0},null,0,0,{"$f":"IF(ISERROR(+I51+'App.2-CC_MIFRS_DepExp_2012NA'!J51), 0, +I51+'App.2-CC_MIFRS_DepExp_2012NA'!J51)","v":0}]
["etc.",null,null,null,0,{"$f":"IF(D52=0,'App.2-CC_MIFRS_DepExp_2012NA'!J52,+'App.2-CC_MIFRS_DepExp_2012NA'!J52+((C52*0.5)/D52))","v":0},null,0,0,{"$f":"IF(ISERROR(+I52+'App.2-CC_MIFRS_DepExp_2012NA'!J52), 0, +I52+'App.2-CC_MIFRS_DepExp_2012NA'!J52)","v":0}]
[null,null,null,null,0,{"$f":"IF(D53=0,'App.2-CC_MIFRS_DepExp_2012NA'!J53,+'App.2-CC_MIFRS_DepExp_2012NA'!J53+((C53*0.5)/D53))","v":0},null,0,0,{"$f":"IF(ISERROR(+I53+'App.2-CC_MIFRS_DepExp_2012NA'!J53), 0, +I53+'App.2-CC_MIFRS_DepExp_2012NA'!J53)","v":0}]
[null,"Total",{"$f":"SUM(C16:C53)","v":0},null,0,{"$f":"SUM(F16:F53)","v":0},{"$f":"SUM(G16:G53)","v":0},{"$f":"SUM(H16:H53)","v":0},{"$f":"SUM(I16:I53)","v":0},{"$f":"SUM(J16:J53)","v":0}]
[null,"Depreciation expense adjustment resulting from  amortization of Account 1575",null,null,null,0]
[null,"Total Depreciation expense to be included in the test year revenue requirement",null,null,null,{"$f":"+F54+F55","v":0}]
["Notes:"]
[1,"Board policy of the \"half-year\" rule - the applicant must ensure that additions in the year attract a half-year depreciation expense in the first year.  Deviations from this standard practice must be supported in the application."]
[2,"The applicant must provide an explanation of material variances in evidence"]
[3,"If the assets are fully depreciated as of the end of 2012, the applicant must exclude the depreciation expense of these assets in the calculation of the 2013 depreciation expense."]
[]
[]
["General:","Applicants must provide a breakdown of depreciation and amortization expense in the above format for all relevant accounts.  Asset Retirement Obligations (AROs), depreciation and accretion expense should be disclosed separately consistent with the Notes of historical Audited Financial Statements."]

{"sheet":"App2-CE Dep Summary","index":14,"n_rows":27,"n_cols":7,"rows_kept":27,"cut":false,"hidden":false,"merged":[[0,0,0,11],[1,0,1,11]]}
["Appendix 2-CE"]
["Summary Depreciation and Amortization Expense"]
[]
[null,null,"CGAAP","CGAAP","CGAAP","CGAAP","CGAAP"]
[null,null,2009,2010,2011,2012,2013]
[null,"Opening Regulatory Gross PP&E as at Jan 1",{"$f":"'App2-CE CGAAP Dep 2009'!C54","v":6635653.3600000003},{"$f":"'App2-CE CGAAP Dep 2010'!C54","v":6751833.3600000003},{"$f":"'App2-CE CGAAP Dep 2011 '!C54","v":6537468.3600000003},{"$f":"'App.2-CF_CGAAP_DepExp_2012'!C54","v":7865405.3600000003},{"$f":"'App.2-CF_CGAAP_DepExp_2013'!C54","v":8695701.3599999994}]
[null,"Less Fully Depreciated",{"$f":"'App2-CE CGAAP Dep 2009'!D54","v":331508},{"$f":"'App2-CE CGAAP Dep 2010'!D54","v":709708},{"$f":"'App2-CE CGAAP Dep 2011 '!D54","v":709708},{"$f":"'App.2-CF_CGAAP_DepExp_2012'!D54","v":569059},{"$f":"'App.2-CF_CGAAP_DepExp_2013'!D54","v":569059}]
[null,"Net for Depreciation",{"$f":"'App2-CE CGAAP Dep 2009'!E54","v":6304145.3600000003},{"$f":"'App2-CE CGAAP Dep 2010'!E54","v":6042125.3600000003},{"$f":"'App2-CE CGAAP Dep 2011 '!E54","v":5827760.3600000003},{"$f":"'App.2-CF_CGAAP_DepExp_2012'!E54","v":7296346.3600000003},{"$f":"'App.2-CF_CGAAP_DepExp_2013'!E54","v":8126642.3600000003}]
[null,"Additions",{"$f":"'App2-CE CGAAP Dep 2009'!F54","v":201928},{"$f":"'App2-CE CGAAP Dep 2010'!F54","v":437145},{"$f":"'App2-CE CGAAP Dep 2011 '!F54","v":1430029},{"$f":"'App.2-CF_CGAAP_DepExp_2012'!F54","v":830296},{"$f":"'App.2-CF_CGAAP_DepExp_2013'!F54","v":1847088}]
[null,"Total for Depreciation",{"$f":"'App2-CE CGAAP Dep 2009'!G54","v":6405109.3600000003},{"$f":"'App2-CE CGAAP Dep 2010'!G54","v":6260697.8600000003},{"$f":"'App2-CE CGAAP Dep 2011 '!G54","v":6542774.8600000003},{"$f":"'App.2-CF_CGAAP_DepExp_2012'!G54","v":7711494.3600000003},{"$f":"'App.2-CF_CGAAP_DepExp_2013'!G54","v":9050186.3599999994}]
[]
[]
[null,"Depreciation Expense",{"$f":"'App2-CE CGAAP Dep 2009'!J54","v":391392.6},{"$f":"'App2-CE CGAAP Dep 2010'!J54","v":386984.6},{"$f":"'App2-CE CGAAP Dep 2011 '!J54","v":404798},{"$f":"'App.2-CF_CGAAP_DepExp_2012'!J54","v":470239},{"$f":"'App.2-CF_CGAAP_DepExp_2013'!J54","v":538428.98259856598}]
[null,"Depreciation Expense per Appendix 2-B Fixed Assets",{"$f":"'App2-CE CGAAP Dep 2009'!K54","v":390072},{"$f":"'App2-CE CGAAP Dep 2010'!K54","v":384791},{"$f":"'App2-CE CGAAP Dep 2011 '!K54","v":404798},{"$f":"'App.2-CF_CGAAP_DepExp_2012'!K54","v":470239},{"$f":"'App.2-CF_CGAAP_DepExp_2013'!K54","v":538428.98259856598}]
[null,"Variance",{"$f":"'App2-CE CGAAP Dep 2009'!L54","v":1320.6000000000017},{"$f":"'App2-CE CGAAP Dep 2010'!L54","v":2193.6},{"$f":"'App2-CE CGAAP Dep 2011 '!L54","v":1.3096190798478346E-14},{"$f":"'App.2-CF_CGAAP_DepExp_2012'!L54","v":-1.0059064692313768E-13},{"$f":"'App.2-CF_CGAAP_DepExp_2013'!L54","v":1.3096190798478346E-14}]
[]
[null,null,null,null,null,"MIFRS","MIFRS"]
[null,null,null,null,null,2012,2013]
[null,"Opening NBV as at Jan 1,",null,null,null,{"$f":"'App.2-CG_MIFRS_DepExp_2012'!C54","v":4400309.41},0]
[null,"Additions",null,null,null,{"$f":"'App.2-CG_MIFRS_DepExp_2012'!D54","v":830296},{"$f":"'App.2-CH_MIFRS_DepExp_2013'!C54","v":1847088}]
[null,"Depreciation Expense on Opening NBV",null,null,null,{"$f":"'App.2-CG_MIFRS_DepExp_2012'!H54","v":332489.30473567976},0]
[null,"Depreciation Expense on Additions",null,null,null,{"$f":"'App.2-CG_MIFRS_DepExp_2012'!I54","v":31393.006565020747},0]
[null,"Depreciation Expense",null,null,null,{"$f":"'App.2-CG_MIFRS_DepExp_2012'!J54","v":363882.31130070053},{"$f":"'App.2-CH_MIFRS_DepExp_2013'!F54","v":446045.57724354975}]
[null,"Depreciation Expense per Appendix 2-B Fixed Assets",null,null,null,{"$f":"'App.2-CG_MIFRS_DepExp_2012'!K54","v":367059},{"$f":"'App.2-CH_MIFRS_DepExp_2013'!G54","v":533429}]
[null,"Variance 2",null,null,null,{"$f":"'App.2-CG_MIFRS_DepExp_2012'!L54","v":-3176.6886992994691},0]
[null,"Depreciation Expense on 2012 Full Year Additions",null,null,null,{"$f":"'App.2-CG_MIFRS_DepExp_2012'!M54","v":62786.013130041494},{"$f":"'App.2-CH_MIFRS_DepExp_2013'!I54","v":101624.518755657}]
[null,"Full Year Depreciation",null,null,null,{"$f":"'App.2-CG_MIFRS_DepExp_2012'!N54","v":395275.31786572124},{"$f":"'App.2-CH_MIFRS_DepExp_2013'!J54","v":496857.83662137832}]

{"sheet":"App2-CE CGAAP Dep 2009","index":15,"n_rows":72,"n_cols":15,"rows_kept":72,"cut":false,"hidden":false,"merged":[[69,1,69,11],[70,1,70,11],[71,1,73,11],[8,0,8,11],[9,0,9,11],[10,0,10,11],[13,0,14,0],[13,1,14,1],[13,10,14,10]]}
[null,null,null,null,null,null,null,null,null,null,"File Number:",0]
[null,null,null,null,null,null,null,null,null,null,"Exhibit:"]
[null,null,null,null,null,null,null,null,null,null,"Tab:"]
[null,null,null,null,null,null,null,null,null,null,"Schedule:"]
[null,null,null,null,null,null,null,null,null,null,"Page:"]
[]
[null,null,null,null,null,null,null,null,null,null,"Date:"]
[]
["Appendix 2-CE"]
["Depreciation and Amortization Expense"]
["Assumes the applicant adopted IFRS for financial reporting purposes January 1, 2013"]
[null,null,"Year",2009,"CGAAP"]
[]
["Account","Description","Opening Regulatory Gross PP&E as at Jan 1, 2009","Less Fully Depreciated","Net for Depreciation","Additions","Total for Depreciation","Years","Depreciation Rate","2009 Depreciation Expense","2009 Depreciation Expense per Appendix 2-B Fixed Assets, Column K\n (l)","Variance 2","Notes"]
[null,null,"(a)","(b)","(c)","(d)","(e) = (c) + ½ x (d) 1","(f)","(g) = 1 / (f)","(h) = (e) / (f)",null,"(m) = (h) - (l)"]
[1611,"Computer Software (Formally known as Account 1925)",{"$f":"+'App.2-B_FAC 2009'!E16","v":110642},32733,{"$f":"C16-D16","v":77909},{"$f":"+'App.2-B_FAC 2009'!F16","v":67427},{"$f":"E16+0.5*F16","v":111622.5},{"$f":"+G16/K16","v":8.0425462929605871},{"$f":"IF(H16=0,\"\",1/H16)","v":0.12433873099061571},{"$f":"IF(H16=0,0,G16/H16)","v":13879.000000000002},{"$f":"-'App.2-B_FAC 2009'!K16","v":13879},{"$f":"IF(ISERROR(+J16-K16), \"\", +J16-K16)","v":1.8189894035458565E-12},"Note 8",7,{"$f":"+N16-H16","v":-1.0425462929605871}]
[1612,"Land Rights (Formally known as Account 1906)",{"$f":"+'App.2-B_FAC 2009'!E17","v":0},null,{"$f":"C17-D17","v":0},{"$f":"+'App.2-B_FAC 2009'!F17","v":0},{"$f":"E17+0.5*F17","v":0},null,"",0,{"$f":"-'App.2-B_FAC 2009'!K17","v":0},{"$f":"IF(ISERROR(+J17-K17), \"\", +J17-K17)","v":0}]
[1805,"Land",{"$f":"+'App.2-B_FAC 2009'!E18","v":2840},null,2840,{"$f":"+'App.2-B_FAC 2009'!F18","v":0},2840,null,"",0,{"$f":"-'App.2-B_FAC 2009'!K18","v":0},0]
[1808,"Buildings",{"$f":"+'App.2-B_FAC 2009'!E19","v":93232},18059,75173,{"$f":"+'App.2-B_FAC 2009'!F19","v":0},75173,{"$f":"+G19/K19","v":29.433437744714173},{"$f":"IF(H19=0,\"\",1/H19)","v":3.3974964415415108E-2},{"$f":"IF(H19=0,0,G19/H19)","v":2554},{"$f":"-'App.2-B_FAC 2009'!K19","v":2554},0,null,30,{"$f":"+N19-H19","v":0.56656225528582738}]
[1810,"Leasehold Improvements",{"$f":"+'App.2-B_FAC 2009'!E20","v":25087},20033,5054,{"$f":"+'App.2-B_FAC 2009'!F20","v":4692},7400,{"$f":"+G20/K20","v":5.0929112181693048},0.19635135135135134,1453,{"$f":"-'App.2-B_FAC 2009'!K20","v":1453},0,null,5,{"$f":"+N20-H20","v":-9.291121816930481E-2}]
[1815,"Transformer Station Equipment >50 kV",{"$f":"+'App.2-B_FAC 2009'!E21","v":3644},null,3644,{"$f":"+'App.2-B_FAC 2009'!F21","v":0},3644,{"$f":"+G21/K21","v":30.115702479338843},3.3205268935236003E-2,121,{"$f":"-'App.2-B_FAC 2009'!K21","v":121},0,"Note 1",30,{"$f":"+N21-H21","v":-0.11570247933884303}]
[1820,"Distribution Station Equipment <50 kV",{"$f":"+'App.2-B_FAC 2009'!E22","v":551343},null,551343,{"$f":"+'App.2-B_FAC 2009'!F22","v":0},551343,26.944726810673444,3.7113013133385206E-2,20462,{"$f":"-'App.2-B_FAC 2009'!K22","v":20462},0,"Note 1",30,{"$f":"+N22-H22","v":3.0552731893265559}]
[1825,"Storage Battery Equipment",{"$f":"+'App.2-B_FAC 2009'!E23","v":0},null,0,{"$f":"+'App.2-B_FAC 2009'!F23","v":0},0,null,"",0,{"$f":"-'App.2-B_FAC 2009'!K23","v":0},0]
[1830,"Poles, Towers & Fixtures",{"$f":"+'App.2-B_FAC 2009'!E24","v":2315176},null,2315176,{"$f":"+'App.2-B_FAC 2009'!F24","v":44303},2337327.5,24.43855145805669,4.0918955516503361E-2,95641,{"$f":"-'App.2-B_FAC 2009'!K24","v":95641},0,"Note 1",25,{"$f":"+N24-H24","v":0.56144854194331018}]
[1835,"Overhead Conductors & Devices",{"$f":"+'App.2-B_FAC 2009'!E25","v":1318125.08},null,1318125.08,{"$f":"+'App.2-B_FAC 2009'!F25","v":47817},1342033.58,16.353898028320053,6.1147501242107508E-2,82062,{"$f":"-'App.2-B_FAC 2009'!K25","v":82062},0,"Note 1",25,8.646101971679947]
[1840,"Underground Conduit",{"$f":"+'App.2-B_FAC 2009'!E26","v":186674.28},null,186674.28,{"$f":"+'App.2-B_FAC 2009'!F26","v":0},186674.28,12.952697751873439,7.7203994037100349E-2,14412,{"$f":"-'App.2-B_FAC 2009'!K26","v":14412},0,"Note 1",25,12.047302248126561]
[1845,"Underground Conductors & Devices",{"$f":"+'App.2-B_FAC 2009'!E27","v":3690},null,3690,{"$f":"+'App.2-B_FAC 2009'!F27","v":0},3690,25.102040816326532,3.9837398373983736E-2,147,{"$f":"-'App.2-B_FAC 2009'!K27","v":147},0,null,25,-0.10204081632653228]
[1850,"Line Transformers",{"$f":"+'App.2-B_FAC 2009'!E28","v":512547},null,512547,{"$f":"+'App.2-B_FAC 2009'!F28","v":0},512547,17.251085456564908,5.7967366895133522E-2,29711,{"$f":"-'App.2-B_FAC 2009'!K28","v":29711},0,"Note 1",25,7.7489145434350917]
[1855,"Services (Overhead & Underground)",{"$f":"+'App.2-B_FAC 2009'!E29","v":-5.8208993181096957E-13},null,-5.8208993181096957E-13,{"$f":"+'App.2-B_FAC 2009'!F29","v":0},-5.8208993181096957E-13,25,0.04,-2.3283597272438783E-14,{"$f":"-'App.2-B_FAC 2009'!K29","v":0},-2.3283597272438783E-14,"Note 1",25,0]
[1860,"Meters",{"$f":"+'App.2-B_FAC 2009'!E30","v":529176},null,529176,{"$f":"+'App.2-B_FAC 2009'!F30","v":2442},530397,16.21166366109362,6.1683983883770083E-2,32717,{"$f":"-'App.2-B_FAC 2009'!K30","v":32717},0,"Note 1",25,8.7883363389063796]
[1860,"Meters (Smart Meters)",{"$f":"+'App.2-B_FAC 2009'!E31","v":0},null,0,{"$f":"+'App.2-B_FAC 2009'!F31","v":0},0,null,"",0,{"$f":"-'App.2-B_FAC 2009'!K31","v":0},0]
[1905,"Land",{"$f":"+'App.2-B_FAC 2009'!E32","v":0},null,0,{"$f":"+'App.2-B_FAC 2009'!F32","v":0},0,null,"",0,{"$f":"-'App.2-B_FAC 2009'!K32","v":0},0]
[1908,"Buildings & Fixtures",{"$f":"+'App.2-B_FAC 2009'!E33","v":0},null,0,{"$f":"+'App.2-B_FAC 2009'!F33","v":0},0,null,"",0,{"$f":"-'App.2-B_FAC 2009'!K33","v":0},0]
[1910,"Leasehold Improvements",{"$f":"+'App.2-B_FAC 2009'!E34","v":0},null,0,{"$f":"+'App.2-B_FAC 2009'!F34","v":0},0,null,"",0,{"$f":"-'App.2-B_FAC 2009'!K34","v":0},0]
[1915,"Office Furniture & Equipment (10 years)",{"$f":"+'App.2-B_FAC 2009'!E35","v":17008},6438,10570,{"$f":"+'App.2-B_FAC 2009'!F35","v":0},10570,{"$f":"+G35/K35","v":12.658682634730539},7.8997161778618735E-2,835,{"$f":"-'App.2-B_FAC 2009'!K35","v":835},0,"Note 6",7,{"$f":"+N35-H35","v":-5.658682634730539}]
[1915,"Office Furniture & Equipment (5 years)",{"$f":"+'App.2-B_FAC 2009'!E36","v":0},null,0,{"$f":"+'App.2-B_FAC 2009'!F36","v":0},0,null,"",0,{"$f":"-'App.2-B_FAC 2009'!K36","v":0},0]
[1920,"Computer Equipment - Hardware",{"$f":"+'App.2-B_FAC 2009'!E37","v":0},null,0,{"$f":"+'App.2-B_FAC 2009'!F37","v":0},0,null,"",0,{"$f":"-'App.2-B_FAC 2009'!K37","v":0},0]
[1920,"Computer Equip.-Hardware(Post Mar. 22/04)",{"$f":"+'App.2-B_FAC 2009'!E38","v":0},null,0,{"$f":"+'App.2-B_FAC 2009'!F38","v":0},0,null,"",0,{"$f":"-'App.2-B_FAC 2009'!K38","v":0},0]
[1920,"Computer Equip.-Hardware(Post Mar. 19/07)",{"$f":"+'App.2-B_FAC 2009'!E39","v":149130},99509,49621,{"$f":"+'App.2-B_FAC 2009'!F39","v":1410},50326,{"$f":"+G39/K39","v":4.1980313646980312},0.23820689107022217,11988,{"$f":"-'App.2-B_FAC 2009'!K39","v":11988},0,"Note 9",5,{"$f":"+N39-H39","v":0.80196863530196882}]
[1930,"Transportation Equipment",{"$f":"+'App.2-B_FAC 2009'!E40","v":701506},128064,573442,{"$f":"+'App.2-B_FAC 2009'!F40","v":20142},583513,8.0231132010614754,0.12463989662612486,72729,{"$f":"-'App.2-B_FAC 2009'!K40","v":72729},0,null,8,{"$f":"+N40-H40","v":-2.3113201061475408E-2}]
[1935,"Stores Equipment",{"$f":"+'App.2-B_FAC 2009'!E41","v":0},null,0,{"$f":"+'App.2-B_FAC 2009'!F41","v":680},340,5,0.2,68,{"$f":"-'App.2-B_FAC 2009'!K41","v":68},0,null,10,{"$f":"+N41-H41","v":5}]
[1940,"Tools, Shop & Garage Equipment",{"$f":"+'App.2-B_FAC 2009'!E42","v":108544},25986,82558,{"$f":"+'App.2-B_FAC 2009'!F42","v":13015},89065.5,7.8867882759231378,0.12679432552447356,11293,{"$f":"-'App.2-B_FAC 2009'!K42","v":11293},0,"Note 4",5,{"$f":"+N42-H42","v":-2.8867882759231378}]
[1945,"Measurement & Testing Equipment",{"$f":"+'App.2-B_FAC 2009'!E43","v":0},null,0,{"$f":"+'App.2-B_FAC 2009'!F43","v":0},0,null,"",0,{"$f":"-'App.2-B_FAC 2009'!K43","v":0},0]
[1950,"Power Operated Equipment",{"$f":"+'App.2-B_FAC 2009'!E44","v":0},null,0,{"$f":"+'App.2-B_FAC 2009'!F44","v":0},0,null,"",0,{"$f":"-'App.2-B_FAC 2009'!K44","v":0},0]
[1955,"Communications Equipment",{"$f":"+'App.2-B_FAC 2009'!E45","v":686},686,0,{"$f":"+'App.2-B_FAC 2009'!F45","v":0},0,5,0.2,0,{"$f":"-'App.2-B_FAC 2009'!K45","v":0},0,null,5,{"$f":"+N45-H45","v":0}]
[1955,"Communication Equipment (Smart Meters)",{"$f":"+'App.2-B_FAC 2009'!E46","v":0},null,0,{"$f":"+'App.2-B_FAC 2009'!F46","v":0},0,null,"",0,{"$f":"-'App.2-B_FAC 2009'!K46","v":0},0]
[1960,"Miscellaneous Equipment ",{"$f":"+'App.2-B_FAC 2009'!E47","v":6603},null,6603,{"$f":"+'App.2-B_FAC 2009'!F47","v":0},6603,5,0.2,1320.6,{"$f":"-'App.2-B_FAC 2009'!K47","v":0},1320.6,"Note 5",5,{"$f":"+N47-H47","v":0}]
[1975,"Load Management Controls Utility Premises",{"$f":"+'App.2-B_FAC 2009'!E48","v":0},null,0,{"$f":"+'App.2-B_FAC 2009'!F48","v":0},0,null,"",0,{"$f":"-'App.2-B_FAC 2009'!K48","v":0},0]
[1980,"System Supervisor Equipment",{"$f":"+'App.2-B_FAC 2009'!E49","v":0},null,0,{"$f":"+'App.2-B_FAC 2009'!F49","v":0},0,null,"",0,{"$f":"-'App.2-B_FAC 2009'!K49","v":0},0]
[1985,"Miscellaneous Fixed Assets - Smart Meters WIP",{"$f":"+'App.2-B_FAC 2009'!E50","v":0},null,0,{"$f":"+'App.2-B_FAC 2009'!F50","v":0},0,null,"",0,{"$f":"-'App.2-B_FAC 2009'!K50","v":0},0,"Note 7"]
[1995,"Contributions & Grants",{"$f":"+'App.2-B_FAC 2009'!E51","v":0},null,0,{"$f":"+'App.2-B_FAC 2009'!F51","v":0},0,null,"",0,{"$f":"-'App.2-B_FAC 2009'!K51","v":0},0]
["etc.",null,{"$f":"+'App.2-B_FAC 2009'!E52","v":0},null,0,{"$f":"+'App.2-B_FAC 2009'!F52","v":0},0,null,"",0,{"$f":"-'App.2-B_FAC 2009'!K52","v":0},0]
[null,null,{"$f":"+'App.2-B_FAC 2009'!E53","v":0},null,0,{"$f":"+'App.2-B_FAC 2009'!F53","v":0},0,null,"",0,{"$f":"-'App.2-B_FAC 2009'!K53","v":0},0]
[null,"Total",{"$f":"SUM(C16:C53)","v":6635653.3600000003},{"$f":"SUM(D16:D53)","v":331508},{"$f":"SUM(E16:E53)","v":6304145.3600000003},{"$f":"SUM(F16:F53)","v":201928},{"$f":"SUM(G16:G53)","v":6405109.3600000003},null,null,{"$f":"SUM(J16:J53)","v":391392.6},{"$f":"SUM(K16:K53)","v":390072},{"$f":"SUM(L16:L53)","v":1320.6000000000017}]
[]
["NOW Inc. Notes:"]
["Note 1","PPE Cost in our General Ledger was recorded at NBV when company was created in Nov 2000 ( column \"a\" above).  Actual depreciation (reported in column \"K\" above) is calculated on spreadsheets that"]
[null,"have the original PPE cost figures.  Therefore \"calculated depreciation - column \"h\" above will always be lower for the infrastructure accounts since it is calculating on NBV figure as of the Year 2000 + gross costs from the year 2000 to date."]
["Note 2","Actual Depreciation reported in column \"K\"  combines accounts 1835 and 1855."]
["Note 3","Column \"b\" was determinable for accounts in which assets are specificably identifiable in the depreciation schedules"]
["Note 4","In 2009, NOW Inc changed the years for A/C#1940 Tools and Shop Equipment from 10 years to 5 years,  not retroactively"]
["Note 5","Erroneously excluded this account when recording 2009 depreciation"]
["Note 6","In 2009, NOW Inc changed the years for A/C#1915 Tools and Shop Equipment from 10 years to 7 years,  not retroactively"]
["Note 7","We have shown in A/C#1985 the balance at YE in our Capital Smart Meters WIP. It represents costs that were paid in January of the following year and therfore only get coded to the variance a/c in the month in which it is paid"]
["Note 8","Variance in depreciation is a result of timing of YE WIP for new billing system.  For this schedule we have shown any WIP at YE 2008 related to the billing system implementation in its proper asset category although depreciation "]
[null,"did not start until system was operating in 2009, and with 1/2 year"]
["Note 9","Computer Hardware - 5 years for servers, 3 years for PC's, most of this asset category consists of Servers"]
[]
["OEB Notes:"]
[1,"Board policy of the \"half-year\" rule - the applicant must ensure that additions in the year attract a half-year depreciation expense in the first year.  Deviations from this standard practice must be supported in the application."]
[2,"The applicant must provide an explanation of material variances in evidence"]
["General:","Applicants must provide a breakdown of depreciation and amortization expense in the above format for all relevant accounts.  Asset Retirement Obligations (AROs), depreciation and accretion expense should be disclosed separately consistent with the Notes of historical Audited Financial Statements."]

{"sheet":"App2-CE CGAAP Dep 2010","index":16,"n_rows":80,"n_cols":16,"rows_kept":80,"cut":false,"hidden":false,"merged":[[77,1,77,11],[78,1,78,11],[79,1,81,11],[8,0,8,11],[9,0,9,11],[10,0,10,11],[13,0,14,0],[13,1,14,1],[13,10,14,10]]}
[null,null,null,null,null,null,null,null,null,null,"File Number:",0]
[null,null,null,null,null,null,null,null,null,null,"Exhibit:"]
[null,null,null,null,null,null,null,null,null,null,"Tab:"]
[null,null,null,null,null,null,null,null,null,null,"Schedule:"]
[null,null,null,null,null,null,null,null,null,null,"Page:"]
[]
[null,null,null,null,null,null,null,null,null,null,"Date:"]
[]
["Appendix 2-CE"]
["Depreciation and Amortization Expense"]
["Assumes the applicant adopted IFRS for financial reporting purposes January 1, 2013"]
[null,null,"Year",2010,"CGAAP"]
[]
["Account","Description","Opening Regulatory Gross PP&E as at Jan 1, 2010","Less Fully Depreciated","Net for Depreciation","Additions","Total for Depreciation","Years","Depreciation Rate","2010 Depreciation Expense","2010 Depreciation Expense per Appendix 2-B Fixed Assets, Column K\n (l)","Variance 2","NOW NOTES"]
[null,null,"(a)","(b)","(c)","(d)","(e) = (c) + ½ x (d) 1","(f)","(g) = 1 / (f)","(h) = (e) / (f)",null,"(m) = (h) - (l)"]
[1611,"Computer Software (Formally known as Account 1925)",{"$f":"+'App 2-B FAC 2010'!E16","v":159158},null,{"$f":"C16-D16","v":159158},{"$f":"+'App 2-B FAC 2010'!F16","v":0},{"$f":"E16+0.5*F16","v":159158},{"$f":"+G16/K16","v":7.4512172284644196},{"$f":"IF(H16=0,\"\",1/H16)","v":0.13420626044559494},{"$f":"IF(H16=0,0,G16/H16)","v":21360},{"$f":"-'App 2-B FAC 2010'!K16","v":21360},{"$f":"IF(ISERROR(+J16-K16), \"\", +J16-K16)","v":0},"Note 8",null,7,{"$f":"+O16-H16","v":-0.45121722846441958}]
[1612,"Land Rights (Formally known as Account 1906)",{"$f":"+'App 2-B FAC 2010'!E17","v":0},null,{"$f":"C17-D17","v":0},{"$f":"+'App 2-B FAC 2010'!F17","v":0},{"$f":"E17+0.5*F17","v":0},null,"",0,{"$f":"-'App 2-B FAC 2010'!K17","v":0},{"$f":"IF(ISERROR(+J17-K17), \"\", +J17-K17)","v":0},null,null,null,{"$f":"+O17-H17","v":0}]
[1805,"Land",{"$f":"+'App 2-B FAC 2010'!E18","v":2840},null,2840,{"$f":"+'App 2-B FAC 2010'!F18","v":0},2840,null,"",0,{"$f":"-'App 2-B FAC 2010'!K18","v":0},0,null,null,null,0]
[1808,"Buildings",{"$f":"+'App 2-B FAC 2010'!E19","v":93232},18059,75173,{"$f":"+'App 2-B FAC 2010'!F19","v":0},75173,{"$f":"+G19/K19","v":29.444966705836272},3.3961661766857783E-2,2553,{"$f":"-'App 2-B FAC 2010'!K19","v":2553},0,null,null,30,0.55503329416372793]
[1810,"Leasehold Improvements",{"$f":"+'App 2-B FAC 2010'!E20","v":29779},20033,9746,{"$f":"+'App 2-B FAC 2010'!F20","v":0},9746,{"$f":"+G20/K20","v":5.0707596253902185},0.1972091114303304,1922,{"$f":"-'App 2-B FAC 2010'!K20","v":1922},0,null,null,5,-7.0759625390218517E-2]
[1815,"Transformer Station Equipment >50 kV",{"$f":"+'App 2-B FAC 2010'!E21","v":3644},null,3644,{"$f":"+'App 2-B FAC 2010'!F21","v":0},3644,{"$f":"+G21/K21","v":30.115702479338843},3.3205268935236003E-2,121,{"$f":"-'App 2-B FAC 2010'!K21","v":121},0,"Note 1",null,30,-0.11570247933884303]
[1820,"Distribution Station Equipment <50 kV",{"$f":"+'App 2-B FAC 2010'!E22","v":551343},null,551343,{"$f":"+'App 2-B FAC 2010'!F22","v":0},551343,{"$f":"+G22/K22","v":26.943410057176369},3.7114826886348422E-2,20463,{"$f":"-'App 2-B FAC 2010'!K22","v":20463},0,"Note 1",null,30,3.0565899428236314]
[1825,"Storage Battery Equipment",{"$f":"+'App 2-B FAC 2010'!E23","v":0},null,0,{"$f":"+'App 2-B FAC 2010'!F23","v":0},0,null,"",0,{"$f":"-'App 2-B FAC 2010'!K23","v":0},0,null,null,null,0]
[1830,"Poles, Towers & Fixtures",{"$f":"+'App 2-B FAC 2010'!E24","v":2359479},null,2359479,{"$f":"+'App 2-B FAC 2010'!F24","v":94217},2406587.5,{"$f":"+G24/K24","v":24.746909962158604},4.0409085478919839E-2,97248,{"$f":"-'App 2-B FAC 2010'!K24","v":97248},0,"Note 1",null,25,0.25309003784139605]
[1835,"Overhead Conductors & Devices",{"$f":"+'App 2-B FAC 2010'!E25","v":1365942.08},null,1365942.08,{"$f":"+'App 2-B FAC 2010'!F25","v":111277},1421580.58,{"$f":"+G25/K25","v":16.791842332179687},5.9552726866879395E-2,84659,{"$f":"-'App 2-B FAC 2010'!K25","v":84659},0,"Note 1",null,25,8.2081576678203128]
[1840,"Underground Conduit",{"$f":"+'App 2-B FAC 2010'!E26","v":186674.28},null,186674.28,{"$f":"+'App 2-B FAC 2010'!F26","v":0},186674.28,{"$f":"+G26/K26","v":12.952697751873439},7.7203994037100349E-2,14412,{"$f":"-'App 2-B FAC 2010'!K26","v":14412},0,"Note 1",null,25,12.047302248126561]
[1845,"Underground Conductors & Devices",{"$f":"+'App 2-B FAC 2010'!E27","v":3690},null,3690,{"$f":"+'App 2-B FAC 2010'!F27","v":0},3690,{"$f":"+G27/K27","v":24.932432432432432},4.0108401084010842E-2,148,{"$f":"-'App 2-B FAC 2010'!K27","v":148},0,null,null,25,6.7567567567568432E-2]
[1850,"Line Transformers",{"$f":"+'App 2-B FAC 2010'!E28","v":512547},null,512547,{"$f":"+'App 2-B FAC 2010'!F28","v":6915},516004.5,{"$f":"+G28/K28","v":17.437886519549863},5.7346399110860466E-2,29591,{"$f":"-'App 2-B FAC 2010'!K28","v":29591},0,"Note 1",null,25,7.5621134804501366]
[1855,"Services (Overhead & Underground)",{"$f":"+'App 2-B FAC 2010'!E29","v":-5.8208993181096957E-13},null,-5.8208993181096957E-13,{"$f":"+'App 2-B FAC 2010'!F29","v":9.0949470177292824E-13},-1.2734258092450546E-13,25,0.04,-5.0937032369802185E-15,{"$f":"-'App 2-B FAC 2010'!K29","v":0},-5.0937032369802185E-15,"Note 1",null,25,0]
[1860,"Meters",{"$f":"+'App 2-B FAC 2010'!E30","v":531618},{"$f":"144609+191354+142492","v":478455},53163,{"$f":"+'App 2-B FAC 2010'!F30","v":3354},54840,25,0.04,2193.6,{"$f":"-'App 2-B FAC 2010'!K30","v":0},2193.6,"Note 10",null,25,0]
[1860,"Meters (Smart Meters)",{"$f":"+'App 2-B FAC 2010'!E31","v":0},null,0,{"$f":"+'App 2-B FAC 2010'!F31","v":0},0,null,"",0,{"$f":"-'App 2-B FAC 2010'!K31","v":0},0,null,null,null,0]
[1905,"Land",{"$f":"+'App 2-B FAC 2010'!E32","v":0},null,0,{"$f":"+'App 2-B FAC 2010'!F32","v":0},0,null,"",0,{"$f":"-'App 2-B FAC 2010'!K32","v":0},0,null,null,null,0]
[1908,"Buildings & Fixtures",{"$f":"+'App 2-B FAC 2010'!E33","v":0},null,0,{"$f":"+'App 2-B FAC 2010'!F33","v":0},0,null,"",0,{"$f":"-'App 2-B FAC 2010'!K33","v":0},0,null,null,null,0]
[1910,"Leasehold Improvements",{"$f":"+'App 2-B FAC 2010'!E34","v":0},null,0,{"$f":"+'App 2-B FAC 2010'!F34","v":0},0,null,"",0,{"$f":"-'App 2-B FAC 2010'!K34","v":0},0,null,null,null,0]
[1915,"Office Furniture & Equipment (10 years)",{"$f":"+'App 2-B FAC 2010'!E35","v":17008},6438,10570,{"$f":"+'App 2-B FAC 2010'!F35","v":0},10570,{"$f":"+G35/K35","v":12.658682634730539},7.8997161778618735E-2,835,{"$f":"-'App 2-B FAC 2010'!K35","v":835},0,"Note 6",null,7,-5.658682634730539]
[1915,"Office Furniture & Equipment (5 years)",{"$f":"+'App 2-B FAC 2010'!E36","v":0},null,0,{"$f":"+'App 2-B FAC 2010'!F36","v":0},0,null,"",0,{"$f":"-'App 2-B FAC 2010'!K36","v":0},0,null,null,null,0]
[1920,"Computer Equipment - Hardware",{"$f":"+'App 2-B FAC 2010'!E37","v":0},null,0,{"$f":"+'App 2-B FAC 2010'!F37","v":0},0,null,"",0,{"$f":"-'App 2-B FAC 2010'!K37","v":0},0,null,null,null,0]
[1920,"Computer Equip.-Hardware(Post Mar. 22/04)",{"$f":"+'App 2-B FAC 2010'!E38","v":0},null,0,{"$f":"+'App 2-B FAC 2010'!F38","v":0},0,null,"",0,{"$f":"-'App 2-B FAC 2010'!K38","v":0},0,null,null,null,0]
[1920,"Computer Equip.-Hardware(Post Mar. 19/07)",{"$f":"+'App 2-B FAC 2010'!E39","v":83703},{"$f":"17455+15218","v":32673},51030,{"$f":"+'App 2-B FAC 2010'!F39","v":2419},52239.5,{"$f":"+G39/K39","v":5.6153391379125015},0.17808363403171928,9303,{"$f":"-'App 2-B FAC 2010'!K39","v":9303},0,"Note 8",null,5,-0.6153391379125015]
[1930,"Transportation Equipment",{"$f":"+'App 2-B FAC 2010'!E40","v":721648},128064,593584,{"$f":"+'App 2-B FAC 2010'!F40","v":195230},691199,{"$f":"+G40/K40","v":7.9820657320368618},0.12528085254752971,86594,{"$f":"-'App 2-B FAC 2010'!K40","v":86594},0,"Note 1",null,8,1.793426796313824E-2]
[1935,"Stores Equipment",{"$f":"+'App 2-B FAC 2010'!E41","v":680},null,680,{"$f":"+'App 2-B FAC 2010'!F41","v":0},680,{"$f":"+G41/K41","v":10},0.1,68,{"$f":"-'App 2-B FAC 2010'!K41","v":68},0,null,null,10,0]
[1940,"Tools, Shop & Garage Equipment",{"$f":"+'App 2-B FAC 2010'!E42","v":121559},25986,95573,{"$f":"+'App 2-B FAC 2010'!F42","v":19781},105463.5,{"$f":"+G42/K42","v":7.6428364374230018},0.13084147596087745,13799,{"$f":"-'App 2-B FAC 2010'!K42","v":13799},0,"Note 4",null,5,-2.6428364374230018]
[1945,"Measurement & Testing Equipment",{"$f":"+'App 2-B FAC 2010'!E43","v":0},null,0,{"$f":"+'App 2-B FAC 2010'!F43","v":0},0,null,"",0,{"$f":"-'App 2-B FAC 2010'!K43","v":0},0,null,null,null,0]
[1950,"Power Operated Equipment",{"$f":"+'App 2-B FAC 2010'!E44","v":0},null,0,{"$f":"+'App 2-B FAC 2010'!F44","v":0},0,null,"",0,{"$f":"-'App 2-B FAC 2010'!K44","v":0},0,null,null,null,0]
[1955,"Communications Equipment",{"$f":"+'App 2-B FAC 2010'!E45","v":686},null,686,{"$f":"+'App 2-B FAC 2010'!F45","v":3952},2662,{"$f":"+G45/K45","v":6.7392405063291143},0.14838467317806159,395,{"$f":"-'App 2-B FAC 2010'!K45","v":395},0,null,null,5,-1.7392405063291143]
[1955,"Communication Equipment (Smart Meters)",{"$f":"+'App 2-B FAC 2010'!E46","v":0},null,0,{"$f":"+'App 2-B FAC 2010'!F46","v":0},0,null,"",0,{"$f":"-'App 2-B FAC 2010'!K46","v":0},0,null,null,null,0]
[1960,"Miscellaneous Equipment ",{"$f":"+'App 2-B FAC 2010'!E47","v":6603},null,6603,{"$f":"+'App 2-B FAC 2010'!F47","v":0},6603,{"$f":"+G47/K47","v":5.002272727272727},0.19990913221263062,1320,{"$f":"-'App 2-B FAC 2010'!K47","v":1320},0,"Note 5",null,5,-2.2727272727269821E-3]
[1975,"Load Management Controls Utility Premises",{"$f":"+'App 2-B FAC 2010'!E48","v":0},null,0,{"$f":"+'App 2-B FAC 2010'!F48","v":0},0,null,"",0,{"$f":"-'App 2-B FAC 2010'!K48","v":0},0,null,null,null,0]
[1980,"System Supervisor Equipment",{"$f":"+'App 2-B FAC 2010'!E49","v":0},null,0,{"$f":"+'App 2-B FAC 2010'!F49","v":0},0,null,"",0,{"$f":"-'App 2-B FAC 2010'!K49","v":0},0,null,null,null,0]
[1985,"Miscellaneous Fixed Assets  - WIP Smart Meters",{"$f":"+'App 2-B FAC 2010'!E50","v":0},null,0,{"$f":"+'App 2-B FAC 2010'!F50","v":0},0,null,"",0,{"$f":"-'App 2-B FAC 2010'!K50","v":0},0,"Note 7",null,null,0]
[1995,"Contributions & Grants",{"$f":"+'App 2-B FAC 2010'!E51","v":0},null,0,{"$f":"+'App 2-B FAC 2010'!F51","v":0},0,null,"",0,{"$f":"-'App 2-B FAC 2010'!K51","v":0},0,null,null,null,0]
["etc.",null,{"$f":"+'App 2-B FAC 2010'!E52","v":0},null,0,{"$f":"+'App 2-B FAC 2010'!F52","v":0},0,null,"",0,{"$f":"-'App 2-B FAC 2010'!K52","v":0},0,null,null,null,0]
[null,null,{"$f":"+'App 2-B FAC 2010'!E53","v":0},null,0,{"$f":"+'App 2-B FAC 2010'!F53","v":0},0,null,"",0,{"$f":"-'App 2-B FAC 2010'!K53","v":0},0,null,null,null,0]
[null,"Total",{"$f":"SUM(C16:C53)","v":6751833.3600000003},{"$f":"SUM(D16:D53)","v":709708},{"$f":"SUM(E16:E53)","v":6042125.3600000003},{"$f":"SUM(F16:F53)","v":437145},{"$f":"SUM(G16:G53)","v":6260697.8600000003},null,null,{"$f":"SUM(J16:J53)","v":386984.6},{"$f":"SUM(K16:K53)","v":384791},{"$f":"SUM(L16:L53)","v":2193.6}]
[]
["NOW Inc. Notes:"]
["Note 1","PPE Cost in our General Ledger was recorded at NBV when company was created in Nov 2000 ( column \"a\" above).  Actual depreciation (reported in column \"K\" above) is calculated on spreadsheets that"]
[null,"have the original PPE cost figures.  Therefore \"calculated depreciation - column \"h\" above will always be lower for the infrastructure accounts since it is calculating on NBV figure as of the Year 2000 + gross costs from the year 2000 to date."]
["Note 2","Actual Depreciation reported in column \"K\"  combines accounts 1835 and 1855."]
["Note 3","Column \"b\" was determinable for accounts in which assets are specificably identifiable in the depreciation schedules"]
["Note 4","In 2009, NOW Inc changed the years for A/C#1940 Tools and Shop Equipment from 10 years to 5 years,  not retroactively"]
["Note 5","Erroneously excluded this account when recording 2009 depreciation"]
["Note 6","In 2009, NOW Inc changed the years for A/C#1915 Tools and Shop Equipment from 10 years to 7 years,  not retroactively"]
["Note 7","We have shown in A/C#1985 the balance at YE in our Capital Smart Meters WIP. It represents costs that were paid in January of the following year and therfore only get coded to the variance a/c in the month in which it is paid"]
["Note 8","Variance in depreciation is a result of timing of YE WIP for new billing system.  For this schedule we have shown any WIP at YE 2008 related to the billing system implementation in its proper asset category although depreciation "]
[null,"did not start until system was operating in 2009, and with 1/2 year"]
["Note 9","Computer Hardware - 5 years for servers, 3 years for PC's, most of this asset category consists of Servers"]
["Note 10 ","1860 Meters - In 2010 transferred most of conventional meters cost (90%) from asset account to variance account for stranded meters, did not book depreciation on remaining balance in 2010, did catch up entry in 2011"]
[]
[]
[]
[]
[]
[]
[]
[]
["Notes:"]
[1,"Board policy of the \"half-year\" rule - the applicant must ensure that additions in the year attract a half-year depreciation expense in the first year.  Deviations from this standard practice must be supported in the application."]
[2,"The applicant must provide an explanation of material variances in evidence"]
["General:","Applicants must provide a breakdown of depreciation and amortization expense in the above format for all relevant accounts.  Asset Retirement Obligations (AROs), depreciation and accretion expense should be disclosed separately consistent with the Notes of historical Audited Financial Statements."]

{"sheet":"App2-CE CGAAP Dep 2011 ","index":17,"n_rows":78,"n_cols":16,"rows_kept":78,"cut":false,"hidden":false,"merged":[[75,1,75,11],[76,1,76,11],[77,1,79,11],[8,0,8,11],[9,0,9,11],[10,0,10,11],[13,0,14,0],[13,1,14,1],[13,10,14,10]]}
[null,null,null,null,null,null,null,null,null,null,"File Number:",0]
[null,null,null,null,null,null,null,null,null,null,"Exhibit:"]
[null,null,null,null,null,null,null,null,null,null,"Tab:"]
[null,null,null,null,null,null,null,null,null,null,"Schedule:"]
[null,null,null,null,null,null,null,null,null,null,"Page:"]
[]
[null,null,null,null,null,null,null,null,null,null,"Date:"]
[]
["Appendix 2-CE"]
["Depreciation and Amortization Expense"]
["Assumes the applicant adopted IFRS for financial reporting purposes January 1, 2013"]
[null,null,"Year",2011,"CGAAP"]
[]
["Account","Description","Opening Regulatory Gross PP&E as at Jan 1, 2011","Less Fully Depreciated","Net for Depreciation","Additions","Total for Depreciation","Years","Depreciation Rate","2011 Depreciation Expense","2011 Depreciation Expense per Appendix 2-B Fixed Assets, Column K\n (l)","Variance 2","NOW NOTES"]
[null,null,"(a)","(b)","(c)","(d)","(e) = (c) + ½ x (d) 1","(f)","(g) = 1 / (f)","(h) = (e) / (f)",null,"(m) = (h) - (l)"]
[1611,"Computer Software (Formally known as Account 1925)",{"$f":"+'App 2-B FAC 2011'!E16","v":159158},null,{"$f":"C16-D16","v":159158},null,{"$f":"E16+0.5*F16","v":159158},{"$f":"+G16/K16","v":7.4512172284644196},{"$f":"IF(H16=0,\"\",1/H16)","v":0.13420626044559494},{"$f":"IF(H16=0,0,G16/H16)","v":21360},{"$f":"-'App 2-B FAC 2011'!K16","v":21360},{"$f":"IF(ISERROR(+J16-K16), \"\", +J16-K16)","v":0},"Note 8",null,7,{"$f":"+O16-H16","v":-0.45121722846441958}]
[1612,"Land Rights (Formally known as Account 1906)",{"$f":"+'App 2-B FAC 2011'!E17","v":0},null,{"$f":"C17-D17","v":0},null,{"$f":"E17+0.5*F17","v":0},null,"",0,{"$f":"-'App 2-B FAC 2011'!K17","v":0},{"$f":"IF(ISERROR(+J17-K17), \"\", +J17-K17)","v":0},null,null,null,{"$f":"+O17-H17","v":0}]
[1805,"Land",{"$f":"+'App 2-B FAC 2011'!E18","v":2840},null,2840,84860,45270,null,"",0,{"$f":"-'App 2-B FAC 2011'!K18","v":0},0,null,null,null,0]
[1808,"Buildings",{"$f":"+'App 2-B FAC 2011'!E19","v":93232},18059,75173,296479,223412.5,{"$f":"+G19/K19","v":29.808205470313542},3.354780954512393E-2,7495,{"$f":"-'App 2-B FAC 2011'!K19","v":7495},0,null,null,30,0.19179452968645805]
[1810,"Leasehold Improvements",{"$f":"+'App 2-B FAC 2011'!E20","v":29779},20033,9746,null,9746,{"$f":"+G20/K20","v":9.1169317118802624},0.10968602503591217,1069,{"$f":"-'App 2-B FAC 2011'!K20","v":1069},0,null,null,5,-4.1169317118802624]
[1815,"Transformer Station Equipment >50 kV",{"$f":"+'App 2-B FAC 2011'!E21","v":3644},null,3644,null,3644,{"$f":"+G21/K21","v":30.115702479338843},3.3205268935236003E-2,121,{"$f":"-'App 2-B FAC 2011'!K21","v":121},0,"Note 1",null,30,-0.11570247933884303]
[1820,"Distribution Station Equipment <50 kV",{"$f":"+'App 2-B FAC 2011'!E22","v":551343},null,551343,942,551814,{"$f":"+G22/K22","v":26.967745088456653},3.7081335377500385E-2,20462,{"$f":"-'App 2-B FAC 2011'!K22","v":20462},0,"Note 1",null,30,3.0322549115433475]
[1825,"Storage Battery Equipment",{"$f":"+'App 2-B FAC 2011'!E23","v":0},null,0,null,0,null,"",0,{"$f":"-'App 2-B FAC 2011'!K23","v":0},0,null,null,null,0]
[1830,"Poles, Towers & Fixtures",{"$f":"+'App 2-B FAC 2011'!E24","v":2453696},null,2453696,147980,2527686,{"$f":"+G24/K24","v":26.248037383177572},3.8098086550307275E-2,96300,{"$f":"-'App 2-B FAC 2011'!K24","v":96300},0,"Note 1",null,25,-1.2480373831775715]
[1835,"Overhead Conductors & Devices",{"$f":"+'App 2-B FAC 2011'!E25","v":1477219.08},null,1477219.08,{"$f":"148426+32885","v":181311},{"$f":"E25+0.5*F25","v":1567874.58},{"$f":"+G25/K25","v":24.262617105894371},4.1215669176803665E-2,64621,{"$f":"-'App 2-B FAC 2011'!K25","v":64621},0,"Note 1",null,25,0.73738289410562885]
[1840,"Underground Conduit",{"$f":"+'App 2-B FAC 2011'!E26","v":186674.28},null,186674.28,null,186674.28,{"$f":"+G26/K26","v":18.643191850594228},5.363888372838508E-2,10013,{"$f":"-'App 2-B FAC 2011'!K26","v":10013},0,"Note 1",null,25,6.3568081494057722]
[1845,"Underground Conductors & Devices",{"$f":"+'App 2-B FAC 2011'!E27","v":3690},null,3690,null,3690,{"$f":"+G27/K27","v":24.932432432432432},4.0108401084010842E-2,148,{"$f":"-'App 2-B FAC 2011'!K27","v":148},0,null,null,25,6.7567567567568432E-2]
[1850,"Line Transformers",{"$f":"+'App 2-B FAC 2011'!E28","v":519462},null,519462,175330,607127,{"$f":"+G28/K28","v":20.814117727724639},4.8044313627955929E-2,29169,{"$f":"-'App 2-B FAC 2011'!K28","v":29169},0,"Note 1",null,25,4.1858822722753608]
[1855,"Services (Overhead & Underground)",{"$f":"+'App 2-B FAC 2011'!E29","v":3.2740476996195866E-13},null,3.2740476996195866E-13,{"$f":"32885-32885","v":0},3.2740476996195866E-13,25,0.04,1.3096190798478346E-14,{"$f":"-'App 2-B FAC 2011'!K29","v":0},1.3096190798478346E-14,"Note 1",null,25,0]
[1860,"Meters",{"$f":"+'App 2-B FAC 2011'!E30","v":56517},{"$f":"144609+191354+142492","v":478455},{"$f":"C30-D30","v":-421938},9378,-417249,{"$f":"+G30/K30","v":-133.99132947976878},-7.4631694743426593E-3,3114,{"$f":"-'App 2-B FAC 2011'!K30","v":3114},0,"Note 10",null,25,158.99132947976878]
[1860,"Meters (Smart Meters)",{"$f":"+'App 2-B FAC 2011'!E31","v":0},null,0,null,0,null,"",0,{"$f":"-'App 2-B FAC 2011'!K31","v":0},0,null,null,null,0]
[1905,"Land",{"$f":"+'App 2-B FAC 2011'!E32","v":0},null,0,null,0,null,"",0,{"$f":"-'App 2-B FAC 2011'!K32","v":0},0,null,null,null,0]
[1908,"Buildings & Fixtures",{"$f":"+'App 2-B FAC 2011'!E33","v":0},null,0,null,0,null,"",0,{"$f":"-'App 2-B FAC 2011'!K33","v":0},0,null,null,null,0]
[1910,"Leasehold Improvements",{"$f":"+'App 2-B FAC 2011'!E34","v":0},null,0,null,0,null,"",0,{"$f":"-'App 2-B FAC 2011'!K34","v":0},0,null,null,null,0]
[1915,"Office Furniture & Equipment (10 years)",{"$f":"+'App 2-B FAC 2011'!E35","v":17008},6438,10570,599,10869.5,{"$f":"+G35/K35","v":18.676116838487971},5.3544321265927598E-2,582,{"$f":"-'App 2-B FAC 2011'!K35","v":582},0,"Note 6",null,7,-11.676116838487971]
[1915,"Office Furniture & Equipment (5 years)",{"$f":"+'App 2-B FAC 2011'!E36","v":0},null,0,null,0,null,"",0,{"$f":"-'App 2-B FAC 2011'!K36","v":0},0,null,null,null,0]
[1920,"Computer Equipment - Hardware",{"$f":"+'App 2-B FAC 2011'!E37","v":0},null,0,null,0,null,"",0,{"$f":"-'App 2-B FAC 2011'!K37","v":0},0,null,null,null,0]
[1920,"Computer Equip.-Hardware(Post Mar. 22/04)",{"$f":"+'App 2-B FAC 2011'!E38","v":0},null,0,null,0,null,"",0,{"$f":"-'App 2-B FAC 2011'!K38","v":0},0,null,null,null,0]
[1920,"Computer Equip.-Hardware(Post Mar. 19/07)",{"$f":"+'App 2-B FAC 2011'!E39","v":86122},{"$f":"17455+15218","v":32673},53449,1403,54150.5,{"$f":"+G39/K39","v":5.8132581857219536},0.17202057229388465,9315,{"$f":"-'App 2-B FAC 2011'!K39","v":9315},0,"Note 8",null,5,-0.81325818572195363]
[1930,"Transportation Equipment",{"$f":"+'App 2-B FAC 2011'!E40","v":743823},128064,615759,{"$f":"459146","v":459146},845332,{"$f":"+G40/K40","v":6.951400424321168},0.14385590513549706,121606,{"$f":"-'App 2-B FAC 2011'!K40","v":121606},0,"Note 1",null,8,1.048599575678832]
[1935,"Stores Equipment",{"$f":"+'App 2-B FAC 2011'!E41","v":680},null,680,null,680,{"$f":"+G41/K41","v":10},0.1,68,{"$f":"-'App 2-B FAC 2011'!K41","v":68},0,null,null,10,0]
[1940,"Tools, Shop & Garage Equipment",{"$f":"+'App 2-B FAC 2011'!E42","v":141340},25986,115354,26792,128750,{"$f":"+G42/K42","v":7.4663651125028991},0.13393398058252429,17244,{"$f":"-'App 2-B FAC 2011'!K42","v":17244},0,"Note 4",null,5,-2.4663651125028991]
[1945,"Measurement & Testing Equipment",{"$f":"+'App 2-B FAC 2011'!E43","v":0},null,0,null,0,null,"",0,{"$f":"-'App 2-B FAC 2011'!K43","v":0},0,null,null,null,0]
[1950,"Power Operated Equipment",{"$f":"+'App 2-B FAC 2011'!E44","v":0},null,0,null,0,null,"",0,{"$f":"-'App 2-B FAC 2011'!K44","v":0},0,null,null,null,0]
[1955,"Communications Equipment",{"$f":"+'App 2-B FAC 2011'!E45","v":4638},null,4638,null,4638,{"$f":"+G45/K45","v":5.8708860759493673},0.17033203967227253,790,{"$f":"-'App 2-B FAC 2011'!K45","v":790},0,null,null,5,-0.87088607594936729]
[1955,"Communication Equipment (Smart Meters)",{"$f":"+'App 2-B FAC 2011'!E46","v":0},null,0,null,0,null,"",0,{"$f":"-'App 2-B FAC 2011'!K46","v":0},0,null,null,null,0]
[1960,"Miscellaneous Equipment ",{"$f":"+'App 2-B FAC 2011'!E47","v":6603},null,6603,null,6603,{"$f":"+G47/K47","v":4.9984859954579868},0.20006057852491291,1321,{"$f":"-'App 2-B FAC 2011'!K47","v":1321},0,"Note 5",null,5,1.5140045420132253E-3]
[1975,"Load Management Controls Utility Premises",{"$f":"+'App 2-B FAC 2011'!E48","v":0},null,0,null,0,null,"",0,{"$f":"-'App 2-B FAC 2011'!K48","v":0},0,null,null,null,0]
[1980,"System Supervisor Equipment",{"$f":"+'App 2-B FAC 2011'!E49","v":0},null,0,null,0,null,"",0,{"$f":"-'App 2-B FAC 2011'!K49","v":0},0,null,null,null,0]
[1985,"Miscellaneous Fixed Assets",{"$f":"+'App 2-B FAC 2011'!E50","v":0},null,0,-38191,-19095.5,null,"",0,{"$f":"-'App 2-B FAC 2011'!K50","v":0},0,"Note 7",null,null,0]
[null,"Chassis Pymt for Truck - Truck rec'd in 2012",{"$f":"+'App 2-B FAC 2011'!E51","v":0},null,0,84000,42000,null,"",0,{"$f":"-'App 2-B FAC 2011'!K51","v":0},0,null,null,null,0]
["etc.",null,{"$f":"+'App 2-B FAC 2011'!E52","v":0},null,0,null,0,null,"",0,{"$f":"-'App 2-B FAC 2011'!K52","v":0},0,null,null,null,0]
[null,null,{"$f":"+'App 2-B FAC 2011'!E53","v":0},null,0,null,0,null,"",0,null,0,null,null,null,0]
[null,"Total",{"$f":"SUM(C16:C53)","v":6537468.3600000003},{"$f":"SUM(D16:D53)","v":709708},{"$f":"SUM(E16:E53)","v":5827760.3600000003},{"$f":"SUM(F16:F53)","v":1430029},{"$f":"SUM(G16:G53)","v":6542774.8600000003},null,null,{"$f":"SUM(J16:J53)","v":404798},{"$f":"SUM(K16:K53)","v":404798},{"$f":"SUM(L16:L53)","v":1.3096190798478346E-14}]
[]
["NOW Inc. Notes:"]
["Note 1","PPE Cost in our General Ledger was recorded at NBV when company was created in Nov 2000 ( column \"a\" above).  Actual depreciation (reported in column \"K\" above) is calculated on spreadsheets that"]
[null,"have the original PPE cost figures.  Therefore \"calculated depreciation - column \"h\" above will always be lower for the infrastructure accounts since it is calculating on NBV figure as of the Year 2000 + gross costs from the year 2000 to date."]
["Note 2","Actual Depreciation reported in column \"K\"  combines accounts 1835 and 1855."]
["Note 3","Column \"b\" was determinable for accounts in which assets are specificably identifiable in the depreciation schedules"]
["Note 4","In 2009, NOW Inc changed the years for A/C#1940 Tools and Shop Equipment from 10 years to 5 years,  not retroactively"]
["Note 5","Erroneously excluded this account when recording 2009 depreciation"]
["Note 6","In 2009, NOW Inc changed the years for A/C#1915 Tools and Shop Equipment from 10 years to 7 years,  not retroactively"]
["Note 7","We have shown in A/C#1985 the balance at YE in our Capital Smart Meters WIP. It represents costs that were paid in January of the following year and therfore only get coded to the variance a/c in the month in which it is paid"]
["Note 8","Variance in depreciation is a result of timing of YE WIP for new billing system.  For this schedule we have shown any WIP at YE 2008 related to the billing system implementation in its proper asset category although depreciation "]
[null,"did not start until system was operating in 2009, and with 1/2 year"]
["Note 9","Computer Hardware - 5 years for servers, 3 years for PC's, most of this asset category consists of Servers"]
["Note 10 ","1860 Meters - In 2010 transferred most of conventional meters cost (90%) from asset account to variance account for stranded meters, did not book depreciation on remaining balance in 2010, did catch up entry in 2011"]
[]
[]
[]
[]
[]
[]
["Notes:"]
[1,"Board policy of the \"half-year\" rule - the applicant must ensure that additions in the year attract a half-year depreciation expense in the first year.  Deviations from this standard practice must be supported in the application."]
[2,"The applicant must provide an explanation of material variances in evidence"]
["General:","Applicants must provide a breakdown of depreciation and amortization expense in the above format for all relevant accounts.  Asset Retirement Obligations (AROs), depreciation and accretion expense should be disclosed separately consistent with the Notes of historical Audited Financial Statements."]

{"sheet":"App.2-CF_CGAAP_DepExp_2012","index":18,"n_rows":62,"n_cols":13,"rows_kept":62,"cut":false,"hidden":false,"merged":[[60,1,60,11],[61,1,63,11],[13,0,14,0],[13,1,14,1],[8,0,8,11],[9,0,9,11],[10,0,10,11],[13,10,14,10],[59,1,59,11]]}
[null,null,null,null,null,null,null,null,null,null,"File Number:",0]
[null,null,null,null,null,null,null,null,null,null,"Exhibit:"]
[null,null,null,null,null,null,null,null,null,null,"Tab:"]
[null,null,null,null,null,null,null,null,null,null,"Schedule:"]
[null,null,null,null,null,null,null,null,null,null,"Page:"]
[]
[null,null,null,null,null,null,null,null,null,null,"Date:"]
[]
["Appendix 2-CF"]
["Depreciation and Amortization Expense"]
["Assumes the applicant adopted IFRS for financial reporting purposes January 1, 2013"]
[null,null,"Year",2012,"CGAAP"]
[]
["Account","Description","Opening Regulatory Gross PP&E as at Jan 1, 2012","Less Fully Depreciated","Net for Depreciation","Additions","Total for Depreciation","Years","Depreciation Rate","2012 Depreciation Expense","2012 Depreciation Expense per Appendix 2-B Fixed Assets, Column K\n (l)","Variance 2"]
[null,null,"(a)","(b)","(c)","(d)","(e) = (c) + ½ x (d) 1","(f)","(g) = 1 / (f)","(h) = (e) / (f)",null,"(m) = (h) - (l)"]
[1611,"Computer Software (Formally known as Account 1925)",{"$f":"+'App2-B FAC2012'!E16","v":159158},null,{"$f":"C16-D16","v":159158},{"$f":"+'App2-B FAC2012'!F16","v":0},{"$f":"E16+0.5*F16","v":159158},{"$f":"+G16/K16","v":7.4512172284644196},{"$f":"IF(H16=0,\"\",1/H16)","v":0.13420626044559494},{"$f":"IF(H16=0,0,G16/H16)","v":21360},{"$f":"-'App2-B FAC2012'!K16","v":21360},{"$f":"IF(ISERROR(+J16-K16), \"\", +J16-K16)","v":0}]
[1612,"Land Rights (Formally known as Account 1906)",{"$f":"+'App2-B FAC2012'!E17","v":0},null,{"$f":"C17-D17","v":0},{"$f":"+'App2-B FAC2012'!F17","v":0},{"$f":"E17+0.5*F17","v":0},null,"",0,{"$f":"-'App2-B FAC2012'!K17","v":0},{"$f":"IF(ISERROR(+J17-K17), \"\", +J17-K17)","v":0}]
[1805,"Land",{"$f":"+'App2-B FAC2012'!E18","v":87700},null,87700,{"$f":"+'App2-B FAC2012'!F18","v":0},87700,null,"",0,{"$f":"-'App2-B FAC2012'!K18","v":0},0]
[1808,"Buildings",{"$f":"+'App2-B FAC2012'!E19","v":385577},18059,367518,{"$f":"+'App2-B FAC2012'!F19","v":116245},425640.5,{"$f":"+G19/K19","v":34.226479575426183},2.9217144515148348E-2,12436,{"$f":"-'App2-B FAC2012'!K19","v":12436},{"$f":"IF(ISERROR(+J19-K19), \"\", +J19-K19)","v":0}]
[1810,"Leasehold Improvements",{"$f":"+'App2-B FAC2012'!E20","v":4692},null,4692,{"$f":"+'App2-B FAC2012'!F20","v":0},4692,{"$f":"+G20/K20","v":5.0021321961620471},0.19991474850809887,938,{"$f":"-'App2-B FAC2012'!K20","v":938},0]
[1815,"Transformer Station Equipment >50 kV",{"$f":"+'App2-B FAC2012'!E21","v":3644},null,3644,{"$f":"+'App2-B FAC2012'!F21","v":0},3644,{"$f":"+G21/K21","v":30.115702479338843},3.3205268935236003E-2,121,{"$f":"-'App2-B FAC2012'!K21","v":121},0]
[1820,"Distribution Station Equipment <50 kV",{"$f":"+'App2-B FAC2012'!E22","v":551343},null,551343,{"$f":"+'App2-B FAC2012'!F22","v":16256},559471,{"$f":"+G22/K22","v":27.230166455757811},3.6723976756614735E-2,20546,{"$f":"-'App2-B FAC2012'!K22","v":20546},0]
[1825,"Storage Battery Equipment",{"$f":"+'App2-B FAC2012'!E23","v":0},null,0,{"$f":"+'App2-B FAC2012'!F23","v":0},0,null,"",0,{"$f":"-'App2-B FAC2012'!K23","v":0},0]
[1830,"Poles, Towers & Fixtures",{"$f":"+'App2-B FAC2012'!E24","v":2601676},null,2601676,{"$f":"+'App2-B FAC2012'!F24","v":186320},2694836,{"$f":"+G24/K24","v":25.340981540863055},3.9461770586410455E-2,106343,{"$f":"-'App2-B FAC2012'!K24","v":106343},0]
[1835,"Overhead Conductors & Devices",{"$f":"+'App2-B FAC2012'!E25","v":1658530.08},null,1658530.08,{"$f":"+'App2-B FAC2012'!F25","v":219276},1768168.08,{"$f":"+G25/K25","v":24.588283850871218},4.0669776144810849E-2,71911,{"$f":"-'App2-B FAC2012'!K25","v":71911},0]
[1840,"Underground Conduit",{"$f":"+'App2-B FAC2012'!E26","v":186674.28},null,186674.28,{"$f":"+'App2-B FAC2012'!F26","v":0},186674.28,{"$f":"+G26/K26","v":19.504156305506218},5.1271123156334121E-2,9571,{"$f":"-'App2-B FAC2012'!K26","v":9571},0]
[1845,"Underground Conductors & Devices",{"$f":"+'App2-B FAC2012'!E27","v":3690},null,3690,{"$f":"+'App2-B FAC2012'!F27","v":0},3690,{"$f":"+G27/K27","v":24.932432432432432},4.0108401084010842E-2,148,{"$f":"-'App2-B FAC2012'!K27","v":148},0]
[1850,"Line Transformers",{"$f":"+'App2-B FAC2012'!E28","v":694792},null,694792,{"$f":"+'App2-B FAC2012'!F28","v":54337},721960.5,{"$f":"+G28/K28","v":26.502716493520797},3.7731981181795958E-2,27241,{"$f":"-'App2-B FAC2012'!K28","v":27241},0]
[1855,"Services (Overhead & Underground)",{"$f":"+'App2-B FAC2012'!E29","v":3.2740476996195866E-13},null,3.2740476996195866E-13,{"$f":"+'App2-B FAC2012'!F29","v":0},3.2740476996195866E-13,25,0.04,1.3096190798478346E-14,{"$f":"-'App2-B FAC2012'!K29","v":0},1.3096190798478346E-14]
[1860,"Meters",{"$f":"+'App2-B FAC2012'!E30","v":39775},null,39775,{"$f":"+'App2-B FAC2012'!F30","v":-8497},35526.5,{"$f":"+G30/K30","v":27.798513302034429},3.5973146805905451E-2,1278,{"$f":"-'App2-B FAC2012'!K30","v":1278},0]
[1860,"Meters (Smart Meters)",{"$f":"+'App2-B FAC2012'!E31","v":0},null,0,{"$f":"+'App2-B FAC2012'!F31","v":0},0,null,"",0,{"$f":"-'App2-B FAC2012'!K31","v":0},0]
[1905,"Land",{"$f":"+'App2-B FAC2012'!E32","v":0},null,0,{"$f":"+'App2-B FAC2012'!F32","v":0},0,null,"",0,{"$f":"-'App2-B FAC2012'!K32","v":0},0]
[1908,"Buildings & Fixtures",{"$f":"+'App2-B FAC2012'!E33","v":0},null,0,{"$f":"+'App2-B FAC2012'!F33","v":0},0,null,"",0,{"$f":"-'App2-B FAC2012'!K33","v":0},0]
[1910,"Leasehold Improvements",{"$f":"+'App2-B FAC2012'!E34","v":0},null,0,{"$f":"+'App2-B FAC2012'!F34","v":0},0,null,"",0,{"$f":"-'App2-B FAC2012'!K34","v":0},0]
[1915,"Office Furniture & Equipment (10 years)",{"$f":"+'App2-B FAC2012'!E35","v":17607},null,17607,{"$f":"+'App2-B FAC2012'!F35","v":0},17607,{"$f":"+G35/K35","v":43.581683168316829},2.2945419435451812E-2,404,{"$f":"-'App2-B FAC2012'!K35","v":404},0,"Note 1"]
[1915,"Office Furniture & Equipment (5 years)",{"$f":"+'App2-B FAC2012'!E36","v":0},null,0,{"$f":"+'App2-B FAC2012'!F36","v":0},0,null,"",0,{"$f":"-'App2-B FAC2012'!K36","v":0},0]
[1920,"Computer Equipment - Hardware",{"$f":"+'App2-B FAC2012'!E37","v":0},null,0,{"$f":"+'App2-B FAC2012'!F37","v":0},0,null,"",0,{"$f":"-'App2-B FAC2012'!K37","v":0},0]
[1920,"Computer Equip.-Hardware(Post Mar. 22/04)",{"$f":"+'App2-B FAC2012'!E38","v":0},null,0,{"$f":"+'App2-B FAC2012'!F38","v":0},0,null,"",0,{"$f":"-'App2-B FAC2012'!K38","v":0},0]
[1920,"Computer Equip.-Hardware(Post Mar. 19/07)",{"$f":"+'App2-B FAC2012'!E39","v":87525},null,87525,{"$f":"+'App2-B FAC2012'!F39","v":3982},89516,{"$f":"+G39/K39","v":19.384148982243396},5.1588542830332006E-2,4618,{"$f":"-'App2-B FAC2012'!K39","v":4618},0]
[1930,"Transportation Equipment",{"$f":"+'App2-B FAC2012'!E40","v":1202969},{"$f":"291000+210000+50000","v":551000},651969,{"$f":"+'App2-B FAC2012'!F40","v":218112},761025,{"$f":"+G40/K40","v":4.483818131469949},0.22302421076837159,169727,{"$f":"-'App2-B FAC2012'!K40","v":169727},0]
[1935,"Stores Equipment",{"$f":"+'App2-B FAC2012'!E41","v":680},null,680,{"$f":"+'App2-B FAC2012'!F41","v":0},680,{"$f":"+G41/K41","v":10},0.1,68,{"$f":"-'App2-B FAC2012'!K41","v":68},0]
[1940,"Tools, Shop & Garage Equipment",{"$f":"+'App2-B FAC2012'!E42","v":168132},null,168132,{"$f":"+'App2-B FAC2012'!F42","v":24265},180264.5,{"$f":"+G42/K42","v":8.164892653320047},0.12247558448834907,22078,{"$f":"-'App2-B FAC2012'!K42","v":22078},0]
[1945,"Measurement & Testing Equipment",{"$f":"+'App2-B FAC2012'!E43","v":0},null,0,{"$f":"+'App2-B FAC2012'!F43","v":0},0,null,"",0,{"$f":"-'App2-B FAC2012'!K43","v":0},0]
[1950,"Power Operated Equipment",{"$f":"+'App2-B FAC2012'!E44","v":0},null,0,{"$f":"+'App2-B FAC2012'!F44","v":0},0,null,"",0,{"$f":"-'App2-B FAC2012'!K44","v":0},0]
[1955,"Communications Equipment",{"$f":"+'App2-B FAC2012'!E45","v":4638},null,4638,{"$f":"+'App2-B FAC2012'!F45","v":0},4638,{"$f":"+G45/K45","v":5.8634639696586603},0.17054764984907286,790.99999999999989,{"$f":"-'App2-B FAC2012'!K45","v":791},-1.1368683772161603E-13]
[1955,"Communication Equipment (Smart Meters)",{"$f":"+'App2-B FAC2012'!E46","v":0},null,0,{"$f":"+'App2-B FAC2012'!F46","v":0},0,null,"",0,{"$f":"-'App2-B FAC2012'!K46","v":0},0]
[1960,"Miscellaneous Equipment ",{"$f":"+'App2-B FAC2012'!E47","v":6603},null,6603,{"$f":"+'App2-B FAC2012'!F47","v":0},6603,{"$f":"+G47/K47","v":10.004545454545454},9.9954566106315312E-2,660,{"$f":"-'App2-B FAC2012'!K47","v":660},0]
[1975,"Load Management Controls Utility Premises",{"$f":"+'App2-B FAC2012'!E48","v":0},null,0,{"$f":"+'App2-B FAC2012'!F48","v":0},0,null,"",0,{"$f":"-'App2-B FAC2012'!K48","v":0},0]
[1980,"System Supervisor Equipment",{"$f":"+'App2-B FAC2012'!E49","v":0},null,0,{"$f":"+'App2-B FAC2012'!F49","v":0},0,null,"",0,{"$f":"-'App2-B FAC2012'!K49","v":0},0]
[1985,"Miscellaneous Fixed Assets",{"$f":"+'App2-B FAC2012'!E50","v":0},null,0,{"$f":"+'App2-B FAC2012'!F50","v":0},0,null,"",0,{"$f":"-'App2-B FAC2012'!K50","v":0},0]
[1995,"Contributions & Grants",{"$f":"+'App2-B FAC2012'!E51","v":0},null,0,{"$f":"+'App2-B FAC2012'!F51","v":0},0,null,"",0,{"$f":"-'App2-B FAC2012'!K51","v":0},0]
["etc.",null,{"$f":"+'App 2-B FAC 2011'!E52","v":0},null,0,{"$f":"+'App2-B FAC2012'!F52","v":0},0,null,"",0,{"$f":"-'App2-B FAC2012'!K52","v":0},0]
[null,null,{"$f":"+'App 2-B FAC 2011'!E53","v":0},null,0,{"$f":"+'App2-B FAC2012'!F53","v":0},0,null,"",0,{"$f":"-'App2-B FAC2012'!K53","v":0},0]
[null,"Total",{"$f":"SUM(C16:C53)","v":7865405.3600000003},{"$f":"SUM(D16:D53)","v":569059},{"$f":"SUM(E16:E53)","v":7296346.3600000003},{"$f":"SUM(F16:F53)","v":830296},{"$f":"SUM(G16:G53)","v":7711494.3600000003},null,null,{"$f":"SUM(J16:J53)","v":470239},{"$f":"SUM(K16:K53)","v":470239},{"$f":"SUM(L16:L53)","v":-1.0059064692313768E-13}]
[]
["Note 1","Depreciation adjusted for over-amortized asset"]
[]
[]
["Notes:"]
[1,"Board policy of the \"half-year\" rule - the applicant must ensure that additions in the year attract a half-year depreciation expense in the first year.  Deviations from this standard practice must be supported in the application."]
[2,"The applicant must provide an explanation of material variances in evidence"]
["General:","Applicants must provide a breakdown of depreciation and amortization expense in the above format for all relevant accounts.  Asset Retirement Obligations (AROs), depreciation and accretion expense should be disclosed separately consistent with the Notes of historical Audited Financial Statements."]

{"sheet":"App.2-CF_CGAAP_DepExp_2013","index":19,"n_rows":62,"n_cols":13,"rows_kept":62,"cut":false,"hidden":false,"merged":[[59,1,59,11],[60,1,60,11],[61,1,63,11],[8,0,8,11],[9,0,9,11],[10,0,10,11],[13,0,14,0],[13,1,14,1],[13,10,14,10]]}
[null,null,null,null,null,null,null,null,null,null,"File Number:",0]
[null,null,null,null,null,null,null,null,null,null,"Exhibit:"]
[null,null,null,null,null,null,null,null,null,null,"Tab:"]
[null,null,null,null,null,null,null,null,null,null,"Schedule:"]
[null,null,null,null,null,null,null,null,null,null,"Page:"]
[]
[null,null,null,null,null,null,null,null,null,null,"Date:"]
[]
["Appendix 2-CF"]
["Depreciation and Amortization Expense"]
["Assumes the applicant adopted IFRS for financial reporting purposes January 1, 2013"]
[null,null,"Year",2013,"CGAAP"]
[]
["Account","Description","Opening Regulatory Gross PP&E as at Jan 1, 2013","Less Fully Depreciated","Net for Depreciation","Additions","Total for Depreciation","Years","Depreciation Rate","2013 Depreciation Expense","2013 Depreciation Expense per Appendix 2-B Fixed Assets, Column K\n (l)","Variance 2"]
[null,null,"(a)","(b)","(c)","(d)","(e) = (c) + ½ x (d) 1","(f)","(g) = 1 / (f)","(h) = (e) / (f)",null,"(m) = (h) - (l)"]
[1611,"Computer Software (Formally known as Account 1925)",{"$f":"'App 2-B FAC 2013'!E16","v":159158},null,{"$f":"C16-D16","v":159158},{"$f":"'App 2-B FAC 2013'!F16","v":21743},{"$f":"E16+0.5*F16","v":170029.5},{"$f":"+G16/K16","v":5.3910581227390653},{"$f":"IF(H16=0,\"\",1/H16)","v":0.18549234254813124},{"$f":"IF(H16=0,0,G16/H16)","v":31539.170257287478},{"$f":"-'App 2-B FAC 2013'!K16","v":31539.170257287478},{"$f":"IF(ISERROR(+J16-K16), \"\", +J16-K16)","v":0}]
[1612,"Land Rights (Formally known as Account 1906)",{"$f":"'App 2-B FAC 2013'!E17","v":0},null,{"$f":"C17-D17","v":0},{"$f":"'App 2-B FAC 2013'!F17","v":0},{"$f":"E17+0.5*F17","v":0},null,"",0,{"$f":"-'App 2-B FAC 2013'!K17","v":0},{"$f":"IF(ISERROR(+J17-K17), \"\", +J17-K17)","v":0}]
[1805,"Land",{"$f":"'App 2-B FAC 2013'!E18","v":87700},null,87700,{"$f":"'App 2-B FAC 2013'!F18","v":0},87700,null,"",0,{"$f":"-'App 2-B FAC 2013'!K18","v":0},0]
[1808,"Buildings",{"$f":"'App 2-B FAC 2013'!E19","v":501822},18059,483763,{"$f":"'App 2-B FAC 2013'!F19","v":23854},495690,{"$f":"+G19/K19","v":24.903917223810545},4.0154325563044498E-2,19904.097638345527,{"$f":"-'App 2-B FAC 2013'!K19","v":19904.097638345527},{"$f":"IF(ISERROR(+J19-K19), \"\", +J19-K19)","v":0}]
[1810,"Leasehold Improvements",{"$f":"'App 2-B FAC 2013'!E20","v":4692},null,4692,{"$f":"'App 2-B FAC 2013'!F20","v":0},4692,{"$f":"+G20/K20","v":5.0021321961620471},0.19991474850809887,938,{"$f":"-'App 2-B FAC 2013'!K20","v":938},0]
[1815,"Transformer Station Equipment >50 kV",{"$f":"'App 2-B FAC 2013'!E21","v":3644},null,3644,{"$f":"'App 2-B FAC 2013'!F21","v":0},3644,{"$f":"+G21/K21","v":30.115702479338843},3.3205268935236003E-2,121,{"$f":"-'App 2-B FAC 2013'!K21","v":121},0]
[1820,"Distribution Station Equipment <50 kV",{"$f":"'App 2-B FAC 2013'!E22","v":567599},null,567599,{"$f":"'App 2-B FAC 2013'!F22","v":15000},575099,{"$f":"+G22/K22","v":58.348759305091754},1.7138324994559667E-2,9856.2335660462704,{"$f":"-'App 2-B FAC 2013'!K22","v":9856.2335660462704},0]
[1825,"Storage Battery Equipment",{"$f":"'App 2-B FAC 2013'!E23","v":0},null,0,{"$f":"'App 2-B FAC 2013'!F23","v":0},0,null,"",0,{"$f":"-'App 2-B FAC 2013'!K23","v":0},0]
[1830,"Poles, Towers & Fixtures",{"$f":"'App 2-B FAC 2013'!E24","v":2787996},null,2787996,{"$f":"'App 2-B FAC 2013'!F24","v":129488},2852740,{"$f":"+G24/K24","v":57.709277488797241},1.7328236351496933E-2,49432.952969369362,{"$f":"-'App 2-B FAC 2013'!K24","v":49432.952969369362},0]
[1835,"Overhead Conductors & Devices",{"$f":"'App 2-B FAC 2013'!E25","v":1877806.0800000001},null,1877806.0800000001,{"$f":"'App 2-B FAC 2013'!F25","v":129488},1942550.08,{"$f":"+G25/K25","v":68.77615151344493},1.4539923767099875E-2,28244.530076973766,{"$f":"-'App 2-B FAC 2013'!K25","v":28244.530076973766},0]
[1840,"Underground Conduit",{"$f":"'App 2-B FAC 2013'!E26","v":186674.28},null,186674.28,{"$f":"'App 2-B FAC 2013'!F26","v":0},186674.28,{"$f":"+G26/K26","v":216.55948955916475},4.6176688079364757E-3,862,{"$f":"-'App 2-B FAC 2013'!K26","v":862},0]
[1845,"Underground Conductors & Devices",{"$f":"'App 2-B FAC 2013'!E27","v":3690},null,3690,{"$f":"'App 2-B FAC 2013'!F27","v":0},3690,{"$f":"+G27/K27","v":50.547945205479451},1.9783197831978322E-2,73,{"$f":"-'App 2-B FAC 2013'!K27","v":73},0]
[1850,"Line Transformers",{"$f":"'App 2-B FAC 2013'!E28","v":749129},null,749129,{"$f":"'App 2-B FAC 2013'!F28","v":112000},805129,{"$f":"+G28/K28","v":61.758631533296828},1.6192068625433442E-2,13036.704020326602,{"$f":"-'App 2-B FAC 2013'!K28","v":13036.704020326602},0]
[1855,"Services (Overhead & Underground)",{"$f":"'App 2-B FAC 2013'!E29","v":3.2740476996195866E-13},null,3.2740476996195866E-13,{"$f":"'App 2-B FAC 2013'!F29","v":0},3.2740476996195866E-13,25,0.04,1.3096190798478346E-14,{"$f":"-'App 2-B FAC 2013'!K29","v":0},1.3096190798478346E-14]
[1860,"Meters",{"$f":"'App 2-B FAC 2013'!E30","v":31278},null,31278,{"$f":"'App 2-B FAC 2013'!F30","v":28775},45665.5,{"$f":"+G30/K30","v":3.2495971834816282},0.30773044889477563,14052.664814004376,{"$f":"-'App 2-B FAC 2013'!K30","v":14052.664814004376},0]
[1860,"Meters (Smart Meters)",{"$f":"'App 2-B FAC 2013'!E31","v":0},null,0,{"$f":"'App 2-B FAC 2013'!F31","v":1061720},530860,{"$f":"+G31/K31","v":6.0599764842867092},0.16501714199600648,87601,{"$f":"-'App 2-B FAC 2013'!K31","v":87601},0]
[1905,"Land",{"$f":"'App 2-B FAC 2013'!E32","v":0},null,0,{"$f":"'App 2-B FAC 2013'!F32","v":0},0,null,"",0,{"$f":"-'App 2-B FAC 2013'!K32","v":0},0]
[1908,"Buildings & Fixtures",{"$f":"'App 2-B FAC 2013'!E33","v":0},null,0,{"$f":"'App 2-B FAC 2013'!F33","v":0},0,null,"",0,{"$f":"-'App 2-B FAC 2013'!K33","v":0},0]
[1910,"Leasehold Improvements",{"$f":"'App 2-B FAC 2013'!E34","v":0},null,0,{"$f":"'App 2-B FAC 2013'!F34","v":0},0,null,"",0,{"$f":"-'App 2-B FAC 2013'!K34","v":0},0]
[1915,"Office Furniture & Equipment (10 years)",{"$f":"'App 2-B FAC 2013'!E35","v":17607},null,17607,{"$f":"'App 2-B FAC 2013'!F35","v":0},17607,{"$f":"+G35/K35","v":40.369642857142857},2.4771088600875835E-2,436.1445569956208,{"$f":"-'App 2-B FAC 2013'!K35","v":436.1445569956208},0,"Note 1"]
[1915,"Office Furniture & Equipment (5 years)",{"$f":"'App 2-B FAC 2013'!E36","v":0},null,0,{"$f":"'App 2-B FAC 2013'!F36","v":0},0,null,"",0,{"$f":"-'App 2-B FAC 2013'!K36","v":0},0]
[1920,"Computer Equipment - Hardware",{"$f":"'App 2-B FAC 2013'!E37","v":0},null,0,{"$f":"'App 2-B FAC 2013'!F37","v":0},0,null,"",0,{"$f":"-'App 2-B FAC 2013'!K37","v":0},0]
[1920,"Computer Equip.-Hardware(Post Mar. 22/04)",{"$f":"'App 2-B FAC 2013'!E38","v":0},null,0,{"$f":"'App 2-B FAC 2013'!F38","v":0},0,null,"",0,{"$f":"-'App 2-B FAC 2013'!K38","v":0},0]
[1920,"Computer Equip.-Hardware(Post Mar. 19/07)",{"$f":"'App 2-B FAC 2013'!E39","v":91507},null,91507,{"$f":"'App 2-B FAC 2013'!F39","v":38169},110591.5,{"$f":"+G39/K39","v":4.3334936672150395},0.23076069259440257,25520.171135053872,{"$f":"-'App 2-B FAC 2013'!K39","v":25520.171135053872},0]
[1930,"Transportation Equipment",{"$f":"'App 2-B FAC 2013'!E40","v":1421081},551000,870081,{"$f":"'App 2-B FAC 2013'!F40","v":262000},1001081,{"$f":"+G40/K40","v":4.5763546691906933},0.2185145322612955,218750.74647066995,{"$f":"-'App 2-B FAC 2013'!K40","v":218750.74647066995},0]
[1935,"Stores Equipment",{"$f":"'App 2-B FAC 2013'!E41","v":680},null,680,{"$f":"'App 2-B FAC 2013'!F41","v":0},680,0,"",0,{"$f":"-'App 2-B FAC 2013'!K41","v":0},0]
[1940,"Tools, Shop & Garage Equipment",{"$f":"'App 2-B FAC 2013'!E42","v":192397},null,192397,{"$f":"'App 2-B FAC 2013'!F42","v":24100},204447,{"$f":"+G42/K42","v":5.773778579675696},0.17319680451898598,35409.567093493126,{"$f":"-'App 2-B FAC 2013'!K42","v":35409.567093493126},0]
[1945,"Measurement & Testing Equipment",{"$f":"'App 2-B FAC 2013'!E43","v":0},null,0,{"$f":"'App 2-B FAC 2013'!F43","v":0},0,null,"",0,{"$f":"-'App 2-B FAC 2013'!K43","v":0},0]
[1950,"Power Operated Equipment",{"$f":"'App 2-B FAC 2013'!E44","v":0},null,0,{"$f":"'App 2-B FAC 2013'!F44","v":0},0,null,"",0,{"$f":"-'App 2-B FAC 2013'!K44","v":0},0]
[1955,"Communications Equipment",{"$f":"'App 2-B FAC 2013'!E45","v":4638},null,4638,{"$f":"'App 2-B FAC 2013'!F45","v":0},4638,{"$f":"+G45/K45","v":5.8634639696586603},0.17054764984907286,790.99999999999989,{"$f":"-'App 2-B FAC 2013'!K45","v":790.99999999999989},0]
[1955,"Communication Equipment (Smart Meters)",{"$f":"'App 2-B FAC 2013'!E46","v":0},null,0,{"$f":"'App 2-B FAC 2013'!F46","v":0},0,null,"",0,{"$f":"-'App 2-B FAC 2013'!K46","v":0},0]
[1960,"Miscellaneous Equipment ",{"$f":"'App 2-B FAC 2013'!E47","v":6603},null,6603,{"$f":"'App 2-B FAC 2013'!F47","v":751},6978.5,{"$f":"+G47/K47","v":3.7518817204301076},0.26653292254782546,1860,{"$f":"-'App 2-B FAC 2013'!K47","v":1860},0]
[1975,"Load Management Controls Utility Premises",{"$f":"'App 2-B FAC 2013'!E48","v":0},null,0,{"$f":"'App 2-B FAC 2013'!F48","v":0},0,null,"",0,{"$f":"-'App 2-B FAC 2013'!K48","v":0},0]
[1980,"System Supervisor Equipment",{"$f":"'App 2-B FAC 2013'!E49","v":0},null,0,{"$f":"'App 2-B FAC 2013'!F49","v":0},0,null,"",0,{"$f":"-'App 2-B FAC 2013'!K49","v":0},0]
[1985,"Miscellaneous Fixed Assets",{"$f":"'App 2-B FAC 2013'!E50","v":0},null,0,{"$f":"'App 2-B FAC 2013'!F50","v":0},0,null,"",0,{"$f":"-'App 2-B FAC 2013'!K50","v":0},0]
[1995,"Contributions & Grants",{"$f":"'App 2-B FAC 2013'!E51","v":0},null,0,{"$f":"'App 2-B FAC 2013'!F51","v":0},0,null,"",0,{"$f":"-'App 2-B FAC 2013'!K51","v":0},0]
["etc.",null,{"$f":"'App 2-B FAC 2013'!E52","v":0},null,0,{"$f":"'App 2-B FAC 2013'!F52","v":0},0,null,"",0,{"$f":"-'App 2-B FAC 2013'!K52","v":0},0]
[null,null,{"$f":"'App 2-B FAC 2013'!E53","v":0},null,0,{"$f":"'App 2-B FAC 2013'!F53","v":0},0,null,"",0,{"$f":"-'App 2-B FAC 2013'!K53","v":0},0]
[null,"Total",{"$f":"SUM(C16:C53)","v":8695701.3599999994},{"$f":"SUM(D16:D53)","v":569059},{"$f":"SUM(E16:E53)","v":8126642.3600000003},{"$f":"SUM(F16:F53)","v":1847088},{"$f":"SUM(G16:G53)","v":9050186.3599999994},null,null,{"$f":"SUM(J16:J53)","v":538428.98259856598},{"$f":"SUM(K16:K53)","v":538428.98259856598},{"$f":"SUM(L16:L53)","v":1.3096190798478346E-14}]
[]
["Note 1","Depreciation adjusted for over-amortized asset"]
[]
[]
["Notes:"]
[1,"Board policy of the \"half-year\" rule - the applicant must ensure that additions in the year attract a half-year depreciation expense in the first year.  Deviations from this standard practice must be supported in the application."]
[2,"The applicant must provide an explanation of material variances in evidence"]
["General:","Applicants must provide a breakdown of depreciation and amortization expense in the above format for all relevant accounts.  Asset Retirement Obligations (AROs), depreciation and accretion expense should be disclosed separately consistent with the Notes of historical Audited Financial Statements."]

{"sheet":"App.2-CG_MIFRS_DepExp_2012","index":20,"n_rows":68,"n_cols":15,"rows_kept":68,"cut":false,"hidden":false,"merged":[[67,1,69,11],[9,0,9,13],[8,0,8,13],[10,0,10,13],[64,1,64,13],[63,1,63,13],[62,1,62,13],[61,1,61,13],[60,1,60,13],[13,0,14,0],[13,1,14,1],[13,10,14,10]]}
[null,null,null,null,null,null,null,null,null,null,null,null,"File Number:",{"$f":"'LDC Info'!$E$18","v":"EB-2012-0153"}]
[null,null,null,null,null,null,null,null,null,null,null,null,"Exhibit:"]
[null,null,null,null,null,null,null,null,null,null,null,null,"Tab:"]
[null,null,null,null,null,null,null,null,null,null,null,null,"Schedule:"]
[null,null,null,null,null,null,null,null,null,null,null,null,"Page:"]
[]
[null,null,null,null,null,null,null,null,null,null,null,null,"Date:"]
[]
["Appendix 2-CG"]
["Depreciation and Amortization Expense"]
["Assumes the applicant adopted IFRS for financial reporting purposes January 1, 2013"]
[null,null,"Year",2012,"MIFRS"]
[]
["Account","Description","Opening NBV as at Jan 1, 2012 5","Additions","Average Remaining Life of Opening NBV 4","Years (new additions only) 3","Depreciation Rate on New Additions","Depreciation Expense on Opening NBV","Depreciation Expense on Additions 1","2012 Depreciation Expense","2012 Depreciation Expense per Appendix 2-B Fixed Assets, Columns K & L\n (l)","Variance 2","Depreciation Expense on 2012 Full Year Additions","2012 Full Year Depreciation"]
[null,null,"(a)","(d)","(i)","(f)","(g) = 1 / (f)","(j) = (a) / (i)","(h)=((d)*0.5)/(f) ","(k) = (j) + (h)",null,"(m) = (k) - (l)","(n)=((d))/(f) ","(o) = (j) + (n)"]
[1611,"Computer Software (Formally known as Account 1925)",{"$f":"+'App 2-B FAC 2011'!N16","v":90161},{"$f":"+'App.2-CF_CGAAP_DepExp_2012'!F16","v":0},{"$f":"+C16/21717","v":4.1516323617442561},{"$f":"+E16","v":4.1516323617442561},{"$f":"IF(F16=0,0,1/F16)","v":0.24086911192200616},{"$f":"IF(E16=0,0,+C16/E16)","v":21716.999999999996},{"$f":"IF(F16=0,0,+(D16*0.5)/F16)","v":0},{"$f":"IF(ISERROR(+H16+I16), 0, +H16+I16)","v":21716.999999999996},{"$f":"-'App2-B FAC MIFRS2012'!K16","v":22319},{"$f":"IF(ISERROR(+J16-K16), 0, +J16-K16)","v":-602.00000000000364},{"$f":"IF(F16=0,0,+(D16)/F16)","v":0},{"$f":"IF(ISERROR(+M16+H16), 0, +M16+H16)","v":21716.999999999996}]
[1612,"Land Rights (Formally known as Account 1906)",{"$f":"+'App 2-B FAC 2011'!N17","v":0},{"$f":"+'App.2-CF_CGAAP_DepExp_2012'!F17","v":0},{"$f":"+'App.2-CF_CGAAP_DepExp_2012'!H17","v":0},{"$f":"+E17","v":0},0,{"$f":"IF(E17=0,0,+C17/E17)","v":0},0,0,{"$f":"-'App2-B FAC MIFRS2012'!K17","v":0},0,0,0]
[1805,"Land",{"$f":"+'App 2-B FAC 2011'!N18","v":87700},{"$f":"+'App.2-CF_CGAAP_DepExp_2012'!F18","v":0},{"$f":"+'App.2-CF_CGAAP_DepExp_2012'!H18","v":0},0,0,0,0,0,{"$f":"-'App2-B FAC MIFRS2012'!K18","v":0},0,0,0]
[1808,"Buildings",{"$f":"+'App 2-B FAC 2011'!N19","v":343099},{"$f":"+'App.2-CF_CGAAP_DepExp_2012'!F19","v":116245},{"$f":"+C19/14936","v":22.971277450455275},22.971277450455275,4.353262469433021E-2,14936,2530.2249787962073,17466.224978796206,{"$f":"-'App2-B FAC MIFRS2012'!K19","v":17113},353.22497879620641,5060.4499575924146,19996.449957592413]
[1810,"Leasehold Improvements",{"$f":"+'App 2-B FAC 2011'!N20","v":2347},{"$f":"+'App.2-CF_CGAAP_DepExp_2012'!F20","v":0},{"$f":"+C20/938","v":2.5021321961620471},2.5021321961620471,0.39965913932680014,937.99999999999989,0,937.99999999999989,{"$f":"-'App2-B FAC MIFRS2012'!K20","v":938},-1.1368683772161603E-13,0,937.99999999999989]
[1815,"Transformer Station Equipment >50 kV",{"$f":"+'App 2-B FAC 2011'!N21","v":2431},{"$f":"+'App.2-CF_CGAAP_DepExp_2012'!F21","v":0},{"$f":"+C21/121","v":20.09090909090909},20.09090909090909,4.9773755656108601E-2,121,0,121,{"$f":"-'App2-B FAC MIFRS2012'!K21","v":121},0,0,121]
[1820,"Distribution Station Equipment <50 kV",{"$f":"+'App 2-B FAC 2011'!N22","v":243328},{"$f":"+'App.2-CF_CGAAP_DepExp_2012'!F22","v":16256},28.75,40.18,2.4888003982080638E-2,8463.5826086956513,202.28969636635142,8665.8723050620029,{"$f":"-'App2-B FAC MIFRS2012'!K22","v":9649},-983.12769493799715,404.57939273270284,8868.1620014283544]
[1825,"Storage Battery Equipment",{"$f":"+'App 2-B FAC 2011'!N23","v":0},{"$f":"+'App.2-CF_CGAAP_DepExp_2012'!F23","v":0},{"$f":"+'App.2-CF_CGAAP_DepExp_2012'!H23","v":0},{"$f":"+E23","v":0},0,0,0,0,{"$f":"-'App2-B FAC MIFRS2012'!K23","v":0},0,0,0]
[1830,"Poles, Towers & Fixtures",{"$f":"+'App 2-B FAC 2011'!N24","v":1513881},{"$f":"+'App.2-CF_CGAAP_DepExp_2012'!F24","v":186320},35,45,2.2222222222222223E-2,43253.742857142854,2070.2222222222222,45323.965079365073,{"$f":"-'App2-B FAC MIFRS2012'!K24","v":45401},-77.034920634927403,4140.4444444444443,47394.187301587299]
[1835,"Overhead Conductors & Devices",{"$f":"+'App 2-B FAC 2011'!N25","v":738134.08000000007},{"$f":"+'App.2-CF_CGAAP_DepExp_2012'!F25","v":219276},36,45,2.2222222222222223E-2,20503.724444444448,2436.4,22940.124444444449,{"$f":"-'App2-B FAC MIFRS2012'!K25","v":23513},-572.87555555555082,4872.8,25376.524444444447]
[1840,"Underground Conduit",{"$f":"+'App 2-B FAC 2011'!N26","v":30182.28},{"$f":"+'App.2-CF_CGAAP_DepExp_2012'!F26","v":0},35,45,2.2222222222222223E-2,862.35085714285708,0,862.35085714285708,{"$f":"-'App2-B FAC MIFRS2012'!K26","v":862},0.35085714285708036,0,862.35085714285708]
[1845,"Underground Conductors & Devices",{"$f":"+'App 2-B FAC 2011'!N27","v":2560},{"$f":"+'App.2-CF_CGAAP_DepExp_2012'!F27","v":0},35,45,2.2222222222222223E-2,73.142857142857139,0,73.142857142857139,{"$f":"-'App2-B FAC MIFRS2012'!K27","v":73},0.1428571428571388,0,73.142857142857139]
[1850,"Line Transformers",{"$f":"+'App 2-B FAC 2011'!N28","v":369391},{"$f":"+'App.2-CF_CGAAP_DepExp_2012'!F28","v":54337},36,45,2.2222222222222223E-2,10260.861111111111,603.74444444444441,{"$f":"IF(ISERROR(+H28+I28), 0, +H28+I28)","v":10864.605555555556},{"$f":"-'App2-B FAC MIFRS2012'!K28","v":11372},-507.39444444444416,1207.4888888888888,11468.35]
[1855,"Services (Overhead & Underground)",{"$f":"+'App 2-B FAC 2011'!N29","v":3.2740476996195866E-13},{"$f":"+'App.2-CF_CGAAP_DepExp_2012'!F29","v":0},13,35,2.8571428571428571E-2,2.518498230476605E-14,0,2.518498230476605E-14,{"$f":"-'App2-B FAC MIFRS2012'!K29","v":0},2.518498230476605E-14,0,2.518498230476605E-14]
[1860,"Meters",{"$f":"+'App 2-B FAC 2011'!N30","v":31960},{"$f":"+'App.2-CF_CGAAP_DepExp_2012'!F30","v":-8497},{"$f":"+C30/16041","v":1.9923944891216259},{"$f":"+E30","v":1.9923944891216259},0.50190863579474343,16041,-2132.3588391739672,13908.641160826033,{"$f":"-'App2-B FAC MIFRS2012'!K30","v":16041},-2132.3588391739668,-4264.7176783479345,11776.282321652066]
[1860,"Meters (Smart Meters)",{"$f":"+'App 2-B FAC 2011'!N31","v":0},{"$f":"+'App.2-CF_CGAAP_DepExp_2012'!F31","v":0},{"$f":"+'App.2-CF_CGAAP_DepExp_2012'!H31","v":0},{"$f":"+E31","v":0},0,0,0,0,{"$f":"-'App2-B FAC MIFRS2012'!K31","v":0},0,0,0]
[1905,"Land",{"$f":"+'App 2-B FAC 2011'!N32","v":0},{"$f":"+'App.2-CF_CGAAP_DepExp_2012'!F32","v":0},{"$f":"+'App.2-CF_CGAAP_DepExp_2012'!H32","v":0},0,0,0,0,0,{"$f":"-'App2-B FAC MIFRS2012'!K32","v":0},0,0,0]
[1908,"Buildings & Fixtures",{"$f":"+'App 2-B FAC 2011'!N33","v":0},{"$f":"+'App.2-CF_CGAAP_DepExp_2012'!F33","v":0},{"$f":"+'App.2-CF_CGAAP_DepExp_2012'!H33","v":0},0,0,0,0,0,{"$f":"-'App2-B FAC MIFRS2012'!K33","v":0},0,0,0]
[1910,"Leasehold Improvements",{"$f":"+'App 2-B FAC 2011'!N34","v":0},{"$f":"+'App.2-CF_CGAAP_DepExp_2012'!F34","v":0},{"$f":"+'App.2-CF_CGAAP_DepExp_2012'!H34","v":0},0,0,0,0,0,{"$f":"-'App2-B FAC MIFRS2012'!K34","v":0},0,0,0]
[1915,"Office Furniture & Equipment (10 years)",{"$f":"+'App 2-B FAC 2011'!N35+3235.05","v":569.05000000000018},{"$f":"+'App.2-CF_CGAAP_DepExp_2012'!F35","v":0},{"$f":"+C35/59.9","v":9.5000000000000036},10,0.1,59.9,0,59.9,{"$f":"-'App2-B FAC MIFRS2012'!K35","v":-2925},{"$f":"IF(ISERROR(+J35-K35), 0, +J35-K35)","v":2984.9},0,59.9,"Note 1"]
[1915,"Office Furniture & Equipment (5 years)",{"$f":"+'App 2-B FAC 2011'!N36","v":0},{"$f":"+'App.2-CF_CGAAP_DepExp_2012'!F36","v":0},{"$f":"+'App.2-CF_CGAAP_DepExp_2012'!H36","v":0},0,0,0,0,0,{"$f":"-'App2-B FAC MIFRS2012'!K36","v":0},0,0,0]
[1920,"Computer Equipment - Hardware",{"$f":"+'App 2-B FAC 2011'!N37","v":0},{"$f":"+'App.2-CF_CGAAP_DepExp_2012'!F37","v":0},{"$f":"+'App.2-CF_CGAAP_DepExp_2012'!H37","v":0},0,0,0,0,0,{"$f":"-'App2-B FAC MIFRS2012'!K37","v":0},0,0,0]
[1920,"Computer Equip.-Hardware(Post Mar. 22/04)",{"$f":"+'App 2-B FAC 2011'!N38","v":0},{"$f":"+'App.2-CF_CGAAP_DepExp_2012'!F38","v":0},{"$f":"+'App.2-CF_CGAAP_DepExp_2012'!H38","v":0},0,0,0,0,0,{"$f":"-'App2-B FAC MIFRS2012'!K38","v":0},0,0,0]
[1920,"Computer Equip.-Hardware(Post Mar. 19/07)",{"$f":"+'App 2-B FAC 2011'!N39","v":15622},{"$f":"+'App.2-CF_CGAAP_DepExp_2012'!F39","v":3982},{"$f":"+C39/5621","v":2.779220779220779},2.779220779220779,0.35981308411214957,5621,716.38785046728981,6337.3878504672903,{"$f":"-'App2-B FAC MIFRS2012'!K39","v":7420},-1082.6121495327097,1432.7757009345796,7053.7757009345796]
[1930,"Transportation Equipment",{"$f":"+'App 2-B FAC 2011'!N40","v":847182},{"$f":"+'App.2-CF_CGAAP_DepExp_2012'!F40","v":218112},{"$f":"+C40/164554","v":5.1483525164991431},5.1483525164991431,0.19423689360727683,164554,21182.698669235182,185736.69866923519,{"$f":"-'App2-B FAC MIFRS2012'!K40","v":183935},1801.6986692351929,42365.397338470364,206919.39733847036]
[1935,"Stores Equipment",{"$f":"+'App 2-B FAC 2011'!N41","v":42},{"$f":"+'App.2-CF_CGAAP_DepExp_2012'!F41","v":0},{"$f":"+C41/42","v":1},1,1,42,0,42,{"$f":"-'App2-B FAC MIFRS2012'!K41","v":42},0,0,42]
[1940,"Tools, Shop & Garage Equipment",{"$f":"+'App 2-B FAC 2011'!N42","v":75651},{"$f":"+'App.2-CF_CGAAP_DepExp_2012'!F42","v":24265},{"$f":"+C42/23591","v":3.2067737696579206},3.2067737696579206,0.31183989636620796,23591,3783.3975426630182,27374.397542663017,{"$f":"-'App2-B FAC MIFRS2012'!K42","v":29734},-2359.6024573369832,7566.7950853260363,{"$f":"IF(ISERROR(+M42+H42), 0, +M42+H42)","v":31157.795085326037}]
[1945,"Measurement & Testing Equipment",{"$f":"+'App 2-B FAC 2011'!N43","v":0},{"$f":"+'App.2-CF_CGAAP_DepExp_2012'!F43","v":0},{"$f":"+'App.2-CF_CGAAP_DepExp_2012'!H43","v":0},0,0,0,0,0,{"$f":"-'App2-B FAC MIFRS2012'!K43","v":0},0,0,0]
[1950,"Power Operated Equipment",{"$f":"+'App 2-B FAC 2011'!N44","v":0},{"$f":"+'App.2-CF_CGAAP_DepExp_2012'!F44","v":0},{"$f":"+'App.2-CF_CGAAP_DepExp_2012'!H44","v":0},0,0,0,0,0,{"$f":"-'App2-B FAC MIFRS2012'!K44","v":0},0,0,0]
[1955,"Communications Equipment",{"$f":"+'App 2-B FAC 2011'!N45","v":2767},{"$f":"+'App.2-CF_CGAAP_DepExp_2012'!F45","v":0},{"$f":"+C45/791","v":3.4981036662452594},3.4981036662452594,0.28586917238886878,791,0,791,{"$f":"-'App2-B FAC MIFRS2012'!K45","v":791},0,0,791]
[1955,"Communication Equipment (Smart Meters)",{"$f":"+'App 2-B FAC 2011'!N46","v":0},{"$f":"+'App.2-CF_CGAAP_DepExp_2012'!F46","v":0},{"$f":"+'App.2-CF_CGAAP_DepExp_2012'!H46","v":0},0,0,0,0,0,{"$f":"-'App2-B FAC MIFRS2012'!K46","v":0},0,0,0]
[1960,"Miscellaneous Equipment ",{"$f":"+'App 2-B FAC 2011'!N47","v":3302},{"$f":"+'App.2-CF_CGAAP_DepExp_2012'!F47","v":0},{"$f":"+C47/660","v":5.0030303030303029},5.0030303030303029,0.19987886129618412,660,0,660,{"$f":"-'App2-B FAC MIFRS2012'!K47","v":660},0,0,660]
[1975,"Load Management Controls Utility Premises",{"$f":"+'App 2-B FAC 2011'!N48","v":0},{"$f":"+'App.2-CF_CGAAP_DepExp_2012'!F48","v":0},{"$f":"+'App.2-CF_CGAAP_DepExp_2012'!H48","v":0},0,0,0,0,0,{"$f":"-'App2-B FAC MIFRS2012'!K48","v":0},0,0,0]
[1980,"System Supervisor Equipment",{"$f":"+'App 2-B FAC 2011'!N49","v":0},{"$f":"+'App.2-CF_CGAAP_DepExp_2012'!F49","v":0},{"$f":"+'App.2-CF_CGAAP_DepExp_2012'!H49","v":0},0,0,0,0,0,{"$f":"-'App2-B FAC MIFRS2012'!K49","v":0},0,0,0]
[1985,"Miscellaneous Fixed Assets",{"$f":"+'App 2-B FAC 2011'!N50","v":0},{"$f":"+'App.2-CF_CGAAP_DepExp_2012'!F50","v":0},{"$f":"+'App.2-CF_CGAAP_DepExp_2012'!H50","v":0},0,0,0,0,0,{"$f":"-'App2-B FAC MIFRS2012'!K50","v":0},0,0,0]
[1995,"Contributions & Grants",{"$f":"+'App 2-B FAC 2011'!N51","v":0},{"$f":"+'App.2-CF_CGAAP_DepExp_2012'!F51","v":0},{"$f":"+'App.2-CF_CGAAP_DepExp_2012'!H51","v":0},0,0,0,0,0,{"$f":"-'App2-B FAC MIFRS2012'!K51","v":0},0,0,0]
["etc.",null,{"$f":"+'App 2-B FAC 2011'!N52","v":0},{"$f":"+'App.2-CF_CGAAP_DepExp_2012'!F52","v":0},{"$f":"+'App.2-CF_CGAAP_DepExp_2012'!H52","v":0},0,0,0,0,0,{"$f":"-'App2-B FAC MIFRS2012'!K52","v":0},0,0,0]
[null,null,null,null,null,null,0,0,0,0,{"$f":"-'App2-B FAC MIFRS2012'!K53","v":0},0,0,0]
[null,"Total",{"$f":"SUM(C16:C53)","v":4400309.41},{"$f":"SUM(D16:D53)","v":830296},null,null,0,{"$f":"SUM(H16:H53)","v":332489.30473567976},31393.006565020747,363882.31130070053,367059,-3176.6886992994691,62786.013130041494,395275.31786572124]
[]
["Note 1","Variance represents adjustment for over-amortized asset"]
[]
[]
["Notes:"]
[]
[1,"Board policy of the \"half-year\" rule - the applicant must ensure that additions in the year attract a half-year depreciation expense in the first year.  Deviations from this standard practice must be supported in the application."]
[2,"The applicant must provide an explanation of material variances in evidence"]
[3,"The applicant should ensure that the years for new additions of assets are the asset useful lives determined by management in accordance with IFRS. "]
[4,"A recalculation should be performed to determine the average remaining life of opening balance of assets (i.e. excluding 2012 additions) under IFRS.  For example, Asset A had a useful life of 20 years under CGAAP.  On January 1, 2012, the date of transition, Asset A was 3 years depreciated. As a result, Asset A would have a remaining service life of 17 years (20 years less 3 years) under CGAAP as of January 1, 2012.  Due to the transition to IFRS, management re-assessed the asset useful lives under IFRS principles and concluded that the revised useful life of Asset A is now 30 years. Therefore, the average remaining useful life of opening balance of Asset A is determined to be 27 years (30 years less 3 years) under IFRS as of January 1, 2012."]
[5,"NBV must exclude assets still on the books but which have been fully amortized or depreciated."]
[]
[]
["General:","Applicants must provide a breakdown of depreciation and amortization expense in the above format for all relevant accounts.  Asset Retirement Obligations (AROs), depreciation and accretion expense should be disclosed separately consistent with the Notes of historical Audited Financial Statements."]

{"sheet":"App.2-CH_MIFRS_DepExp_2013","index":21,"n_rows":64,"n_cols":10,"rows_kept":64,"cut":false,"hidden":false,"merged":[[8,0,8,9],[55,1,55,4],[63,1,64,9],[60,1,60,9],[59,1,59,9],[58,1,58,9],[13,0,14,0],[13,1,14,1],[13,6,14,6],[10,0,10,9],[9,0,9,9]]}
[null,null,null,null,null,null,null,null,"File Number:",{"$f":"'LDC Info'!$E$18","v":"EB-2012-0153"}]
[null,null,null,null,null,null,null,null,"Exhibit:"]
[null,null,null,null,null,null,null,null,"Tab:"]
[null,null,null,null,null,null,null,null,"Schedule:"]
[null,null,null,null,null,null,null,null,"Page:"]
[]
[null,null,null,null,null,null,null,null,"Date:"]
[]
["Appendix 2-CH"]
["Depreciation and Amortization Expense"]
["Assumes the applicant adopted IFRS for financial reporting purposes January 1, 2013"]
[null,null,"Year",2013,"MIFRS"]
[]
["Account","Description","Additions","Years (new additions only)","Depreciation Rate on New Additions","2013 Depreciation Expense 1","2013 Depreciation Expense per Appendix 2-B Fixed Assets, Columns K & L\n (l)","Variance 2","Depreciation Expense on 2013 Full Year Additions","2013 Full Year Depreciation"]
[null,null,"(d)","(f)","(g) = 1 / (f)","(h)=2012 Full Year Depreciation 3 + ((d)*0.5)/(f) ",null,"(m) = (h) - (l)","(n)=((d))/(f) ","(o) = 2012 Full Year Depreciation 3 + (n)"]
[1611,"Computer Software (Formally known as Account 1925)",{"$f":"+'App2-B FAC MIFRS2013'!F16","v":21743},{"$f":"+'App.2-CG_MIFRS_DepExp_2012'!F16","v":4.1516323617442561},{"$f":"IF(D16=0,0,1/D16)","v":0.24086911192200616},{"$f":"IF(D16=0,'App.2-CG_MIFRS_DepExp_2012'!N16,+'App.2-CG_MIFRS_DepExp_2012'!N16+((C16*0.5)/D16))","v":24335.608550260087},{"$f":"-'App2-B FAC MIFRS2013'!K16","v":27916},{"$f":"IF(ISERROR(+F16-G16), 0, +F16-G16)","v":-3580.3914497399128},{"$f":"IF(D16=0,0,+(C16)/D16)","v":5237.2171005201799},{"$f":"IF(ISERROR(+I16+'App.2-CG_MIFRS_DepExp_2012'!N16), 0, +I16+'App.2-CG_MIFRS_DepExp_2012'!N16)","v":26954.217100520174}]
[1612,"Land Rights (Formally known as Account 1906)",{"$f":"+'App2-B FAC MIFRS2013'!F17","v":0},{"$f":"+'App.2-CG_MIFRS_DepExp_2012'!F17","v":0},0,{"$f":"IF(D17=0,'App.2-CG_MIFRS_DepExp_2012'!N17,+'App.2-CG_MIFRS_DepExp_2012'!N17+((C17*0.5)/D17))","v":0},{"$f":"-'App2-B FAC MIFRS2013'!K17","v":0},0,0,{"$f":"IF(ISERROR(+I17+'App.2-CG_MIFRS_DepExp_2012'!N17), 0, +I17+'App.2-CG_MIFRS_DepExp_2012'!N17)","v":0}]
[1805,"Land",{"$f":"+'App2-B FAC MIFRS2013'!F18","v":0},{"$f":"+'App.2-CG_MIFRS_DepExp_2012'!F18","v":0},0,{"$f":"IF(D18=0,'App.2-CG_MIFRS_DepExp_2012'!N18,+'App.2-CG_MIFRS_DepExp_2012'!N18+((C18*0.5)/D18))","v":0},{"$f":"-'App2-B FAC MIFRS2013'!K18","v":0},0,0,{"$f":"IF(ISERROR(+I18+'App.2-CG_MIFRS_DepExp_2012'!N18), 0, +I18+'App.2-CG_MIFRS_DepExp_2012'!N18)","v":0}]
[1808,"Buildings",{"$f":"+'App2-B FAC MIFRS2013'!F19","v":23854},{"$f":"+'App.2-CG_MIFRS_DepExp_2012'!F19","v":22.971277450455275},4.353262469433021E-2,{"$f":"IF(D19=0,'App.2-CG_MIFRS_DepExp_2012'!N19,+'App.2-CG_MIFRS_DepExp_2012'!N19+((C19*0.5)/D19))","v":20515.66357232169},{"$f":"-'App2-B FAC MIFRS2013'!K19","v":19289},1226.6635723216896,1038.4272294585528,{"$f":"IF(ISERROR(+I19+'App.2-CG_MIFRS_DepExp_2012'!N19), 0, +I19+'App.2-CG_MIFRS_DepExp_2012'!N19)","v":21034.877187050966}]
[1810,"Leasehold Improvements",{"$f":"+'App2-B FAC MIFRS2013'!F20","v":0},{"$f":"+'App.2-CG_MIFRS_DepExp_2012'!F20","v":2.5021321961620471},0.39965913932680014,{"$f":"IF(D20=0,'App.2-CG_MIFRS_DepExp_2012'!N20,+'App.2-CG_MIFRS_DepExp_2012'!N20+((C20*0.5)/D20))","v":937.99999999999989},{"$f":"-'App2-B FAC MIFRS2013'!K20","v":938},-1.1368683772161603E-13,0,{"$f":"IF(ISERROR(+I20+'App.2-CG_MIFRS_DepExp_2012'!N20), 0, +I20+'App.2-CG_MIFRS_DepExp_2012'!N20)","v":937.99999999999989}]
[1815,"Transformer Station Equipment >50 kV",{"$f":"+'App2-B FAC MIFRS2013'!F21","v":0},{"$f":"+'App.2-CG_MIFRS_DepExp_2012'!F21","v":20.09090909090909},4.9773755656108601E-2,{"$f":"IF(D21=0,'App.2-CG_MIFRS_DepExp_2012'!N21,+'App.2-CG_MIFRS_DepExp_2012'!N21+((C21*0.5)/D21))","v":121},{"$f":"-'App2-B FAC MIFRS2013'!K21","v":121},0,0,{"$f":"IF(ISERROR(+I21+'App.2-CG_MIFRS_DepExp_2012'!N21), 0, +I21+'App.2-CG_MIFRS_DepExp_2012'!N21)","v":121}]
[1820,"Distribution Station Equipment <50 kV",{"$f":"+'App2-B FAC MIFRS2013'!F22","v":15000},{"$f":"+'App.2-CG_MIFRS_DepExp_2012'!F22","v":40.18},2.4888003982080638E-2,{"$f":"IF(D22=0,'App.2-CG_MIFRS_DepExp_2012'!N22,+'App.2-CG_MIFRS_DepExp_2012'!N22+((C22*0.5)/D22))","v":9054.8220312939593},{"$f":"-'App2-B FAC MIFRS2013'!K22","v":9836},-781.1779687060407,373.32005973120954,{"$f":"IF(ISERROR(+I22+'App.2-CG_MIFRS_DepExp_2012'!N22), 0, +I22+'App.2-CG_MIFRS_DepExp_2012'!N22)","v":9241.4820611595642}]
[1825,"Storage Battery Equipment",{"$f":"+'App2-B FAC MIFRS2013'!F23","v":0},{"$f":"+'App.2-CG_MIFRS_DepExp_2012'!F23","v":0},0,{"$f":"IF(D23=0,'App.2-CG_MIFRS_DepExp_2012'!N23,+'App.2-CG_MIFRS_DepExp_2012'!N23+((C23*0.5)/D23))","v":0},{"$f":"-'App2-B FAC MIFRS2013'!K23","v":0},0,0,{"$f":"IF(ISERROR(+I23+'App.2-CG_MIFRS_DepExp_2012'!N23), 0, +I23+'App.2-CG_MIFRS_DepExp_2012'!N23)","v":0}]
[1830,"Poles, Towers & Fixtures",{"$f":"+'App2-B FAC MIFRS2013'!F24","v":129488},{"$f":"+'App.2-CG_MIFRS_DepExp_2012'!F24","v":45},2.2222222222222223E-2,{"$f":"IF(D24=0,'App.2-CG_MIFRS_DepExp_2012'!N24,+'App.2-CG_MIFRS_DepExp_2012'!N24+((C24*0.5)/D24))","v":48832.942857142858},{"$f":"-'App2-B FAC MIFRS2013'!K24","v":49550},-717.05714285714203,2877.5111111111109,{"$f":"IF(ISERROR(+I24+'App.2-CG_MIFRS_DepExp_2012'!N24), 0, +I24+'App.2-CG_MIFRS_DepExp_2012'!N24)","v":50271.69841269841}]
[1835,"Overhead Conductors & Devices",{"$f":"+'App2-B FAC MIFRS2013'!F25","v":129488},{"$f":"+'App.2-CG_MIFRS_DepExp_2012'!F25","v":45},2.2222222222222223E-2,{"$f":"IF(D25=0,'App.2-CG_MIFRS_DepExp_2012'!N25,+'App.2-CG_MIFRS_DepExp_2012'!N25+((C25*0.5)/D25))","v":26815.280000000002},{"$f":"-'App2-B FAC MIFRS2013'!K25","v":28970},-2154.7199999999975,2877.5111111111109,{"$f":"IF(ISERROR(+I25+'App.2-CG_MIFRS_DepExp_2012'!N25), 0, +I25+'App.2-CG_MIFRS_DepExp_2012'!N25)","v":28254.035555555558}]
[1840,"Underground Conduit",{"$f":"+'App2-B FAC MIFRS2013'!F26","v":0},{"$f":"+'App.2-CG_MIFRS_DepExp_2012'!F26","v":45},2.2222222222222223E-2,{"$f":"IF(D26=0,'App.2-CG_MIFRS_DepExp_2012'!N26,+'App.2-CG_MIFRS_DepExp_2012'!N26+((C26*0.5)/D26))","v":862.35085714285708},{"$f":"-'App2-B FAC MIFRS2013'!K26","v":862},0.35085714285708036,0,{"$f":"IF(ISERROR(+I26+'App.2-CG_MIFRS_DepExp_2012'!N26), 0, +I26+'App.2-CG_MIFRS_DepExp_2012'!N26)","v":862.35085714285708}]
[1845,"Underground Conductors & Devices",{"$f":"+'App2-B FAC MIFRS2013'!F27","v":0},{"$f":"+'App.2-CG_MIFRS_DepExp_2012'!F27","v":45},2.2222222222222223E-2,{"$f":"IF(D27=0,'App.2-CG_MIFRS_DepExp_2012'!N27,+'App.2-CG_MIFRS_DepExp_2012'!N27+((C27*0.5)/D27))","v":73.142857142857139},{"$f":"-'App2-B FAC MIFRS2013'!K27","v":73},0.1428571428571388,0,{"$f":"IF(ISERROR(+I27+'App.2-CG_MIFRS_DepExp_2012'!N27), 0, +I27+'App.2-CG_MIFRS_DepExp_2012'!N27)","v":73.142857142857139}]
[1850,"Line Transformers",{"$f":"+'App2-B FAC MIFRS2013'!F28","v":112000},{"$f":"+'App.2-CG_MIFRS_DepExp_2012'!F28","v":45},2.2222222222222223E-2,{"$f":"IF(D28=0,'App.2-CG_MIFRS_DepExp_2012'!N28,+'App.2-CG_MIFRS_DepExp_2012'!N28+((C28*0.5)/D28))","v":12712.794444444444},{"$f":"-'App2-B FAC MIFRS2013'!K28","v":13728},-1015.2055555555562,2488.8888888888887,{"$f":"IF(ISERROR(+I28+'App.2-CG_MIFRS_DepExp_2012'!N28), 0, +I28+'App.2-CG_MIFRS_DepExp_2012'!N28)","v":13957.238888888889}]
[1855,"Services (Overhead & Underground)",{"$f":"+'App2-B FAC MIFRS2013'!F29","v":0},{"$f":"+'App.2-CG_MIFRS_DepExp_2012'!F29","v":35},2.8571428571428571E-2,{"$f":"IF(D29=0,'App.2-CG_MIFRS_DepExp_2012'!N29,+'App.2-CG_MIFRS_DepExp_2012'!N29+((C29*0.5)/D29))","v":2.518498230476605E-14},{"$f":"-'App2-B FAC MIFRS2013'!K29","v":0},{"$f":"IF(ISERROR(+F29-G29), 0, +F29-G29)","v":2.518498230476605E-14},0,{"$f":"IF(ISERROR(+I29+'App.2-CG_MIFRS_DepExp_2012'!N29), 0, +I29+'App.2-CG_MIFRS_DepExp_2012'!N29)","v":2.518498230476605E-14}]
[1860,"Meters",{"$f":"+'App2-B FAC MIFRS2013'!F30","v":28775},{"$f":"+'App.2-CG_MIFRS_DepExp_2012'!F30","v":1.9923944891216259},0.50190863579474343,{"$f":"IF(D30=0,'App.2-CG_MIFRS_DepExp_2012'!N30,+'App.2-CG_MIFRS_DepExp_2012'!N30+((C30*0.5)/D30))","v":18997.492819148938},{"$f":"-'App2-B FAC MIFRS2013'!K30","v":16041},2956.492819148938,14442.420994993741,{"$f":"IF(ISERROR(+I30+'App.2-CG_MIFRS_DepExp_2012'!N30), 0, +I30+'App.2-CG_MIFRS_DepExp_2012'!N30)","v":26218.703316645806}]
[1860,"Meters (Smart Meters)",{"$f":"+'App2-B FAC MIFRS2013'!F31","v":1061720},{"$f":"+'App.2-CG_MIFRS_DepExp_2012'!F31","v":0},0,{"$f":"IF(D31=0,'App.2-CG_MIFRS_DepExp_2012'!N31,+'App.2-CG_MIFRS_DepExp_2012'!N31+((C31*0.5)/D31))","v":0},{"$f":"-'App2-B FAC MIFRS2013'!K31","v":87601},-87601,0,{"$f":"IF(ISERROR(+I31+'App.2-CG_MIFRS_DepExp_2012'!N31), 0, +I31+'App.2-CG_MIFRS_DepExp_2012'!N31)","v":0}]
[1905,"Land",{"$f":"+'App2-B FAC MIFRS2013'!F32","v":0},{"$f":"+'App.2-CG_MIFRS_DepExp_2012'!F32","v":0},0,{"$f":"IF(D32=0,'App.2-CG_MIFRS_DepExp_2012'!N32,+'App.2-CG_MIFRS_DepExp_2012'!N32+((C32*0.5)/D32))","v":0},{"$f":"-'App2-B FAC MIFRS2013'!K32","v":0},0,0,{"$f":"IF(ISERROR(+I32+'App.2-CG_MIFRS_DepExp_2012'!N32), 0, +I32+'App.2-CG_MIFRS_DepExp_2012'!N32)","v":0}]
[1908,"Buildings & Fixtures",{"$f":"+'App2-B FAC MIFRS2013'!F33","v":0},{"$f":"+'App.2-CG_MIFRS_DepExp_2012'!F33","v":0},0,{"$f":"IF(D33=0,'App.2-CG_MIFRS_DepExp_2012'!N33,+'App.2-CG_MIFRS_DepExp_2012'!N33+((C33*0.5)/D33))","v":0},{"$f":"-'App2-B FAC MIFRS2013'!K33","v":0},0,0,{"$f":"IF(ISERROR(+I33+'App.2-CG_MIFRS_DepExp_2012'!N33), 0, +I33+'App.2-CG_MIFRS_DepExp_2012'!N33)","v":0}]
[1910,"Leasehold Improvements",{"$f":"+'App2-B FAC MIFRS2013'!F34","v":0},{"$f":"+'App.2-CG_MIFRS_DepExp_2012'!F34","v":0},0,{"$f":"IF(D34=0,'App.2-CG_MIFRS_DepExp_2012'!N34,+'App.2-CG_MIFRS_DepExp_2012'!N34+((C34*0.5)/D34))","v":0},{"$f":"-'App2-B FAC MIFRS2013'!K34","v":0},0,0,{"$f":"IF(ISERROR(+I34+'App.2-CG_MIFRS_DepExp_2012'!N34), 0, +I34+'App.2-CG_MIFRS_DepExp_2012'!N34)","v":0}]
[1915,"Office Furniture & Equipment (10 years)",{"$f":"+'App2-B FAC MIFRS2013'!F35","v":0},{"$f":"+'App.2-CG_MIFRS_DepExp_2012'!F35","v":10},0.1,{"$f":"IF(D35=0,'App.2-CG_MIFRS_DepExp_2012'!N35,+'App.2-CG_MIFRS_DepExp_2012'!N35+((C35*0.5)/D35))","v":59.9},{"$f":"-'App2-B FAC MIFRS2013'!K35","v":560},-500.1,0,{"$f":"IF(ISERROR(+I35+'App.2-CG_MIFRS_DepExp_2012'!N35), 0, +I35+'App.2-CG_MIFRS_DepExp_2012'!N35)","v":59.9}]
[1915,"Office Furniture & Equipment (5 years)",{"$f":"+'App2-B FAC MIFRS2013'!F36","v":0},{"$f":"+'App.2-CG_MIFRS_DepExp_2012'!F36","v":0},0,{"$f":"IF(D36=0,'App.2-CG_MIFRS_DepExp_2012'!N36,+'App.2-CG_MIFRS_DepExp_2012'!N36+((C36*0.5)/D36))","v":0},{"$f":"-'App2-B FAC MIFRS2013'!K36","v":0},0,0,{"$f":"IF(ISERROR(+I36+'App.2-CG_MIFRS_DepExp_2012'!N36), 0, +I36+'App.2-CG_MIFRS_DepExp_2012'!N36)","v":0}]
[1920,"Computer Equipment - Hardware",{"$f":"+'App2-B FAC MIFRS2013'!F37","v":0},{"$f":"+'App.2-CG_MIFRS_DepExp_2012'!F37","v":0},0,{"$f":"IF(D37=0,'App.2-CG_MIFRS_DepExp_2012'!N37,+'App.2-CG_MIFRS_DepExp_2012'!N37+((C37*0.5)/D37))","v":0},{"$f":"-'App2-B FAC MIFRS2013'!K37","v":0},0,0,{"$f":"IF(ISERROR(+I37+'App.2-CG_MIFRS_DepExp_2012'!N37), 0, +I37+'App.2-CG_MIFRS_DepExp_2012'!N37)","v":0}]
[1920,"Computer Equip.-Hardware(Post Mar. 22/04)",{"$f":"+'App2-B FAC MIFRS2013'!F38","v":0},{"$f":"+'App.2-CG_MIFRS_DepExp_2012'!F38","v":0},0,{"$f":"IF(D38=0,'App.2-CG_MIFRS_DepExp_2012'!N38,+'App.2-CG_MIFRS_DepExp_2012'!N38+((C38*0.5)/D38))","v":0},{"$f":"-'App2-B FAC MIFRS2013'!K38","v":0},0,0,{"$f":"IF(ISERROR(+I38+'App.2-CG_MIFRS_DepExp_2012'!N38), 0, +I38+'App.2-CG_MIFRS_DepExp_2012'!N38)","v":0}]
[1920,"Computer Equip.-Hardware(Post Mar. 19/07)",{"$f":"+'App2-B FAC MIFRS2013'!F39","v":38169},{"$f":"+'App.2-CG_MIFRS_DepExp_2012'!F39","v":2.779220779220779},0.35981308411214957,{"$f":"IF(D39=0,'App.2-CG_MIFRS_DepExp_2012'!N39,+'App.2-CG_MIFRS_DepExp_2012'!N39+((C39*0.5)/D39))","v":13920.628504672899},{"$f":"-'App2-B FAC MIFRS2013'!K39","v":18711},-4790.371495327101,13733.705607476637,{"$f":"IF(ISERROR(+I39+'App.2-CG_MIFRS_DepExp_2012'!N39), 0, +I39+'App.2-CG_MIFRS_DepExp_2012'!N39)","v":20787.481308411217}]
[1930,"Transportation Equipment",{"$f":"+'App2-B FAC MIFRS2013'!F40","v":262000},{"$f":"+'App.2-CG_MIFRS_DepExp_2012'!F40","v":5.1483525164991431},0.19423689360727683,{"$f":"IF(D40=0,'App.2-CG_MIFRS_DepExp_2012'!N40,+'App.2-CG_MIFRS_DepExp_2012'!N40+((C40*0.5)/D40))","v":232364.43040102362},{"$f":"-'App2-B FAC MIFRS2013'!K40","v":218911},13453.430401023623,50890.066125106532,{"$f":"IF(ISERROR(+I40+'App.2-CG_MIFRS_DepExp_2012'!N40), 0, +I40+'App.2-CG_MIFRS_DepExp_2012'!N40)","v":257809.46346357689}]
[1935,"Stores Equipment",{"$f":"+'App2-B FAC MIFRS2013'!F41","v":0},{"$f":"+'App.2-CG_MIFRS_DepExp_2012'!F41","v":1},1,{"$f":"IF(D41=0,'App.2-CG_MIFRS_DepExp_2012'!N41,+'App.2-CG_MIFRS_DepExp_2012'!N41+((C41*0.5)/D41))*0","v":0},{"$f":"-'App2-B FAC MIFRS2013'!K41","v":0},0,0,{"$f":"IF(ISERROR(+I41+'App.2-CG_MIFRS_DepExp_2012'!N41), 0, +I41+'App.2-CG_MIFRS_DepExp_2012'!N41)*0","v":0}]
[1940,"Tools, Shop & Garage Equipment",{"$f":"+'App2-B FAC MIFRS2013'!F42","v":24100},{"$f":"+'App.2-CG_MIFRS_DepExp_2012'!F42","v":3.2067737696579206},0.31183989636620796,{"$f":"IF(D42=0,'App.2-CG_MIFRS_DepExp_2012'!N42,+'App.2-CG_MIFRS_DepExp_2012'!N42+((C42*0.5)/D42))","v":34915.465836538846},{"$f":"-'App2-B FAC MIFRS2013'!K42","v":37885},{"$f":"IF(ISERROR(+F42-G42), 0, +F42-G42)","v":-2969.5341634611541},7515.3415024256119,{"$f":"IF(ISERROR(+I42+'App.2-CG_MIFRS_DepExp_2012'!N42), 0, +I42+'App.2-CG_MIFRS_DepExp_2012'!N42)","v":38673.136587751651}]
[1945,"Measurement & Testing Equipment",{"$f":"+'App2-B FAC MIFRS2013'!F43","v":0},{"$f":"+'App.2-CG_MIFRS_DepExp_2012'!F43","v":0},0,{"$f":"IF(D43=0,'App.2-CG_MIFRS_DepExp_2012'!N43,+'App.2-CG_MIFRS_DepExp_2012'!N43+((C43*0.5)/D43))","v":0},{"$f":"-'App2-B FAC MIFRS2013'!K43","v":0},0,0,{"$f":"IF(ISERROR(+I43+'App.2-CG_MIFRS_DepExp_2012'!N43), 0, +I43+'App.2-CG_MIFRS_DepExp_2012'!N43)","v":0}]
[1950,"Power Operated Equipment",{"$f":"+'App2-B FAC MIFRS2013'!F44","v":0},{"$f":"+'App.2-CG_MIFRS_DepExp_2012'!F44","v":0},0,{"$f":"IF(D44=0,'App.2-CG_MIFRS_DepExp_2012'!N44,+'App.2-CG_MIFRS_DepExp_2012'!N44+((C44*0.5)/D44))","v":0},{"$f":"-'App2-B FAC MIFRS2013'!K44","v":0},0,0,{"$f":"IF(ISERROR(+I44+'App.2-CG_MIFRS_DepExp_2012'!N44), 0, +I44+'App.2-CG_MIFRS_DepExp_2012'!N44)","v":0}]
[1955,"Communications Equipment",{"$f":"+'App2-B FAC MIFRS2013'!F45","v":0},{"$f":"+'App.2-CG_MIFRS_DepExp_2012'!F45","v":3.4981036662452594},0.28586917238886878,{"$f":"IF(D45=0,'App.2-CG_MIFRS_DepExp_2012'!N45,+'App.2-CG_MIFRS_DepExp_2012'!N45+((C45*0.5)/D45))","v":791},{"$f":"-'App2-B FAC MIFRS2013'!K45","v":791},0,0,{"$f":"IF(ISERROR(+I45+'App.2-CG_MIFRS_DepExp_2012'!N45), 0, +I45+'App.2-CG_MIFRS_DepExp_2012'!N45)","v":791}]
[1955,"Communication Equipment (Smart Meters)",{"$f":"+'App2-B FAC MIFRS2013'!F46","v":0},{"$f":"+'App.2-CG_MIFRS_DepExp_2012'!F46","v":0},0,{"$f":"IF(D46=0,'App.2-CG_MIFRS_DepExp_2012'!N46,+'App.2-CG_MIFRS_DepExp_2012'!N46+((C46*0.5)/D46))","v":0},{"$f":"-'App2-B FAC MIFRS2013'!K46","v":0},0,0,{"$f":"IF(ISERROR(+I46+'App.2-CG_MIFRS_DepExp_2012'!N46), 0, +I46+'App.2-CG_MIFRS_DepExp_2012'!N46)","v":0}]
[1960,"Miscellaneous Equipment ",{"$f":"+'App2-B FAC MIFRS2013'!F47","v":751},{"$f":"+'App.2-CG_MIFRS_DepExp_2012'!F47","v":5.0030303030303029},0.19987886129618412,{"$f":"IF(D47=0,'App.2-CG_MIFRS_DepExp_2012'!N47,+'App.2-CG_MIFRS_DepExp_2012'!N47+((C47*0.5)/D47))","v":735.0545124167171},{"$f":"-'App2-B FAC MIFRS2013'!K47","v":1646},-910.9454875832829,150.10902483343429,{"$f":"IF(ISERROR(+I47+'App.2-CG_MIFRS_DepExp_2012'!N47), 0, +I47+'App.2-CG_MIFRS_DepExp_2012'!N47)","v":810.10902483343432}]
[1975,"Load Management Controls Utility Premises",{"$f":"+'App2-B FAC MIFRS2013'!F48","v":0},{"$f":"+'App.2-CG_MIFRS_DepExp_2012'!F48","v":0},0,{"$f":"IF(D48=0,'App.2-CG_MIFRS_DepExp_2012'!N48,+'App.2-CG_MIFRS_DepExp_2012'!N48+((C48*0.5)/D48))","v":0},{"$f":"-'App2-B FAC MIFRS2013'!K48","v":0},0,0,{"$f":"IF(ISERROR(+I48+'App.2-CG_MIFRS_DepExp_2012'!N48), 0, +I48+'App.2-CG_MIFRS_DepExp_2012'!N48)","v":0}]
[1980,"System Supervisor Equipment",{"$f":"+'App2-B FAC MIFRS2013'!F49","v":0},{"$f":"+'App.2-CG_MIFRS_DepExp_2012'!F49","v":0},0,{"$f":"IF(D49=0,'App.2-CG_MIFRS_DepExp_2012'!N49,+'App.2-CG_MIFRS_DepExp_2012'!N49+((C49*0.5)/D49))","v":0},{"$f":"-'App2-B FAC MIFRS2013'!K49","v":0},0,0,{"$f":"IF(ISERROR(+I49+'App.2-CG_MIFRS_DepExp_2012'!N49), 0, +I49+'App.2-CG_MIFRS_DepExp_2012'!N49)","v":0}]
[1985,"Miscellaneous Fixed Assets",{"$f":"+'App2-B FAC MIFRS2013'!F50","v":0},{"$f":"+'App.2-CG_MIFRS_DepExp_2012'!F50","v":0},0,{"$f":"IF(D50=0,'App.2-CG_MIFRS_DepExp_2012'!N50,+'App.2-CG_MIFRS_DepExp_2012'!N50+((C50*0.5)/D50))","v":0},{"$f":"-'App2-B FAC MIFRS2013'!K50","v":0},0,0,{"$f":"IF(ISERROR(+I50+'App.2-CG_MIFRS_DepExp_2012'!N50), 0, +I50+'App.2-CG_MIFRS_DepExp_2012'!N50)","v":0}]
[1995,"Contributions & Grants",{"$f":"+'App2-B FAC MIFRS2013'!F51","v":0},{"$f":"+'App.2-CG_MIFRS_DepExp_2012'!F51","v":0},0,{"$f":"IF(D51=0,'App.2-CG_MIFRS_DepExp_2012'!N51,+'App.2-CG_MIFRS_DepExp_2012'!N51+((C51*0.5)/D51))","v":0},{"$f":"-'App2-B FAC MIFRS2013'!K51","v":0},0,0,{"$f":"IF(ISERROR(+I51+'App.2-CG_MIFRS_DepExp_2012'!N51), 0, +I51+'App.2-CG_MIFRS_DepExp_2012'!N51)","v":0}]
["etc.",null,{"$f":"+'App2-B FAC MIFRS2013'!F52","v":0},{"$f":"+'App.2-CG_MIFRS_DepExp_2012'!F52","v":0},0,{"$f":"IF(D52=0,'App.2-CG_MIFRS_DepExp_2012'!N52,+'App.2-CG_MIFRS_DepExp_2012'!N52+((C52*0.5)/D52))","v":0},{"$f":"-'App2-B FAC MIFRS2013'!K52","v":0},0,0,{"$f":"IF(ISERROR(+I52+'App.2-CG_MIFRS_DepExp_2012'!N52), 0, +I52+'App.2-CG_MIFRS_DepExp_2012'!N52)","v":0}]
[null,null,null,null,0,{"$f":"IF(D53=0,'App.2-CG_MIFRS_DepExp_2012'!N53,+'App.2-CG_MIFRS_DepExp_2012'!N53+((C53*0.5)/D53))","v":0},null,0,0,{"$f":"IF(ISERROR(+I53+'App.2-CG_MIFRS_DepExp_2012'!N53), 0, +I53+'App.2-CG_MIFRS_DepExp_2012'!N53)","v":0}]
[null,"Total",{"$f":"SUM(C16:C53)","v":1847088},null,null,{"$f":"SUM(F16:F53)","v":446045.57724354975},{"$f":"SUM(G16:G53)","v":533429},{"$f":"SUM(H16:H53)","v":-87383.422756450236},{"$f":"SUM(I16:I53)","v":101624.518755657},{"$f":"SUM(J16:J53)","v":496857.83662137832}]
[null,"Depreciation expense adjustment resulting from  amortization of Account 1575",null,null,null,{"$f":"+'App.2-EB_PP&E Deferral Account'!F43","v":0}]
[null,"Total Depreciation expense to be included in the test year revenue requirement",null,null,null,{"$f":"+F55+F54","v":446045.57724354975}]
[]
["Notes:"]
[1,"Board policy of the \"half-year\" rule - the applicant must ensure that additions in the year attract a half-year depreciation expense in the first year.  Deviations from this standard practice must be supported in the application."]
[2,"The applicant must provide an explanation of material variances in evidence"]
[3,"If the assets are fully depreciated as of the end of 2012, the applicant must exclude the depreciation expense of these assets in the calculation of the 2013 depreciation expense."]
[]
[]
["General:","Applicants must provide a breakdown of depreciation and amortization expense in the above format for all relevant accounts.  Asset Retirement Obligations (AROs), depreciation and accretion expense should be disclosed separately consistent with the Notes of historical Audited Financial Statements."]

{"sheet":"App.2-CI_AltAccStd_DepExpNA","index":22,"n_rows":63,"n_cols":10,"rows_kept":63,"cut":false,"hidden":true,"merged":[[9,0,9,9],[8,0,8,9],[11,4,11,5],[13,0,14,0],[13,1,14,1],[13,8,14,8],[59,1,59,9],[58,1,58,9],[57,1,57,9],[62,1,63,9],[10,0,10,9]]}
[null,null,null,null,null,null,null,null,"File Number:",{"$f":"'LDC Info'!$E$18","v":"EB-2012-0153"}]
[null,null,null,null,null,null,null,null,"Exhibit:"]
[null,null,null,null,null,null,null,null,"Tab:"]
[null,null,null,null,null,null,null,null,"Schedule:"]
[null,null,null,null,null,null,null,null,"Page:"]
[]
[null,null,null,null,null,null,null,null,"Date:"]
[]
["Appendix 2-CI"]
["Depreciation and Amortization Expense"]
["Assumes the applicant adopted an alternate accounting standard other than IFRS for financial reporting purposes.  For applicants adopting an Alternate Accounting Standard for financial reporting purposes January 1, 2012, applicants must complete 4 versions of the table below (2011 CGAAP, 2011 Alternate Accounting Standard, 2012 Alternate Accounting Standard and 2013 Alternate Accounting Standard).  For applicants adopting an Alternate Accounting Standard for financial reporting purposes January 1, 2013, applicants must complete 4 versions of the table below (2011 CGAAP, 2012 CGAAP, 2012 Alternate Accounting Standard and 2013 Alternate Accounting Standard)."]
[null,"Year",null,null,"Accounting Standard"]
[]
["Account","Description","Opening\nNBV  1","Additions","Total for Depreciation","Years","Depreciation Rate","Depreciation Expense","Depreciation Expense per Appendix 2-B Fixed Assets, Columns K & L\n (l)","Variance 3"]
[null,null,"(a)","(d)","(e) = (a) + ½ x (d) 2","(f)","(g) = 1 / (f)","(h) = (e) / (f)",null,"(m) = (h) - (l)"]
[1611,"Computer Software (Formally known as Account 1925)",null,null,{"$f":"C16+0.5*D16","v":0},null,{"$f":"IF(F16=0,0,1/F16)","v":0},{"$f":"IF(F16=0,0,E16/F16)","v":0},null,{"$f":"IF(ISERROR(+H16-I16), 0, +H16-I16)","v":0}]
[1612,"Land Rights (Formally known as Account 1906)",null,null,0,null,0,0,null,0]
[1805,"Land",null,null,0,null,0,0,null,0]
[1808,"Buildings",null,null,0,null,0,0,null,0]
[1810,"Leasehold Improvements",null,null,0,null,0,0,null,0]
[1815,"Transformer Station Equipment >50 kV",null,null,0,null,0,0,null,0]
[1820,"Distribution Station Equipment <50 kV",null,null,0,null,0,0,null,0]
[1825,"Storage Battery Equipment",null,null,0,null,0,0,null,0]
[1830,"Poles, Towers & Fixtures",null,null,0,null,0,0,null,0]
[1835,"Overhead Conductors & Devices",null,null,0,null,0,0,null,0]
[1840,"Underground Conduit",null,null,0,null,0,0,null,0]
[1845,"Underground Conductors & Devices",null,null,0,null,0,0,null,0]
[1850,"Line Transformers",null,null,0,null,0,0,null,0]
[1855,"Services (Overhead & Underground)",null,null,0,null,0,0,null,0]
[1860,"Meters",null,null,0,null,0,0,null,0]
[1860,"Meters (Smart Meters)",null,null,0,null,0,0,null,0]
[1905,"Land",null,null,0,null,0,0,null,0]
[1908,"Buildings & Fixtures",null,null,0,null,0,0,null,0]
[1910,"Leasehold Improvements",null,null,0,null,0,0,null,0]
[1915,"Office Furniture & Equipment (10 years)",null,null,0,null,0,0,null,0]
[1915,"Office Furniture & Equipment (5 years)",null,null,0,null,0,0,null,0]
[1920,"Computer Equipment - Hardware",null,null,0,null,0,0,null,0]
[1920,"Computer Equip.-Hardware(Post Mar. 22/04)",null,null,0,null,0,0,null,0]
[1920,"Computer Equip.-Hardware(Post Mar. 19/07)",null,null,0,null,0,0,null,0]
[1930,"Transportation Equipment",null,null,0,null,0,0,null,0]
[1935,"Stores Equipment",null,null,0,null,0,0,null,0]
[1940,"Tools, Shop & Garage Equipment",null,null,0,null,0,0,null,0]
[1945,"Measurement & Testing Equipment",null,null,0,null,0,0,null,0]
[1950,"Power Operated Equipment",null,null,0,null,0,0,null,0]
[1955,"Communications Equipment",null,null,0,null,0,0,null,0]
[1955,"Communication Equipment (Smart Meters)",null,null,0,null,0,0,null,0]
[1960,"Miscellaneous Equipment ",null,null,0,null,0,0,null,0]
[1975,"Load Management Controls Utility Premises",null,null,0,null,0,0,null,0]
[1980,"System Supervisor Equipment",null,null,0,null,0,0,null,0]
[1985,"Miscellaneous Fixed Assets",null,null,0,null,0,0,null,0]
[1995,"Contributions & Grants",null,null,0,null,0,0,null,0]
["etc.",null,null,null,0,null,0,0,null,0]
[null,null,null,null,0,null,0,0,null,0]
[null,"Total",{"$f":"SUM(C16:C53)","v":0},{"$f":"SUM(D16:D53)","v":0},{"$f":"SUM(E16:E53)","v":0},null,null,{"$f":"SUM(H16:H53)","v":0},{"$f":"SUM(I16:I53)","v":0},{"$f":"SUM(J16:J53)","v":0}]
[]
["Notes:"]
[]
[1,"NBV must exclude assets still on the books but which have been fully amortized or depreciated."]
[2,"Board policy of the \"half-year\" rule - the applicant must ensure that additions in the year attract a half-year depreciation expense in the first year.  Deviations from this standard practice must be supported in the application."]
[3,"The applicant must provide an explanation of material variances in evidence"]
[]
[]
["General:","Applicants must provide a breakdown of depreciation and amortization expense in the above format for all relevant accounts.  Asset Retirement Obligations (AROs), depreciation and accretion expense should be disclosed separately consistent with the Notes of historical Audited Financial Statements."]

{"sheet":"App.2-D_Overhead","index":23,"n_rows":56,"n_cols":13,"rows_kept":56,"cut":false,"hidden":false,"merged":[[8,0,8,12],[9,0,9,12],[11,0,11,12],[13,0,15,2],[13,10,13,12],[14,10,14,12],[15,10,15,12],[22,0,22,2],[22,10,22,12],[16,0,16,2],[16,10,16,12],[17,0,17,2],[17,10,17,12],[18,0,18,2],[18,10,18,12],[19,0,19,2],[19,10,19,12],[20,0,20,2],[20,10,20,12],[21,10,21,12],[23,0,23,2],[23,10,23,12],[24,0,24,2],[24,10,24,12],[25,0,25,2],[25,10,25,12],[35,0,37,2],[35,10,35,12],[36,10,36,12],[37,10,37,12],[26,0,26,2],[26,10,26,12],[27,0,27,2],[27,10,27,12],[28,0,28,2],[28,10,28,12],[29,0,29,2],[29,10,29,12],[30,0,30,2],[30,10,30,12],[33,0,33,12],[44,0,44,2],[44,10,44,12],[38,0,38,2],[38,10,38,12],[39,0,39,2],[39,10,39,12],[40,0,40,2],[40,10,40,12],[41,0,41,2],[41,10,41,12],[42,0,42,2],[42,10,42,12],[43,10,43,12],[45,0,45,2],[45,10,45,12],[46,0,46,2],[46,10,46,12],[47,0,47,2],[47,10,47,12],[48,0,48,2],[48,10,48,12],[49,0,49,2],[49,10,49,12],[50,0,50,2],[50,10,50,12],[51,0,51,2],[51,10,51,12],[52,0,52,2],[52,10,52,12],[57,0,58,0],[57,1,58,4],[55,1,56,12],[68,0,71,0],[73,0,74,0],[60,0,61,0],[60,1,60,4],[62,0,63,0],[65,0,66,0]]}
[null,null,null,null,null,null,null,null,null,null,null,"File Number:",{"$f":"'LDC Info'!$E$18","v":"EB-2012-0153"}]
[null,null,null,null,null,null,null,null,null,null,null,"Exhibit:"]
[null,null,null,null,null,null,null,null,null,null,null,"Tab:"]
[null,null,null,null,null,null,null,null,null,null,null,"Schedule:"]
[null,null,null,null,null,null,null,null,null,null,null,"Page:"]
[]
[null,null,null,null,null,null,null,null,null,null,null,"Date:"]
[]
["Appendix 2-D"]
["Overhead Expense"]
[]
["The following table should be completed based on the information requested below. An explanation should be provided for any blank entries.  The entries should include overhead costs that are currently capitalized on self-constructed assets under MIFRS or an alternate accounting standard."]
[null,null,null,null,"(A) 1","(B)","(C)","(D)","(E) 1","(F)","(G)"]
["Nature of the Overhead Costs",null,null,null,"Dollar","Dollar","Dollar","Dollar Impact - ","Dollar Impact - ","Directly","Reasons why the overhead costs are allowed to be"]
[null,null,null,null,"Impact on PP&E","Impact on PP&E","Impact on PP&E","PP&E Variance","PP&E Variance","Attributable?","capitalized under MIFRS or an alternate accounting"]
[null,null,null,null,"Historic Year","Bridge Year","Test Year","Test versus Bridge","Test versus Historic","(Y/N)","standard given limitations on capitalized overhead"]
["employee benefits",null,null,null,16596,null,null,{"$f":"+G17-F17","v":0},{"$f":"+G17-E17","v":-16596},null,"Represents proportiate payroll burden associate with direct wages costs for linemen working on capital infrastructure jobs."]
["costs of site preparation",null,null,null,null,null,null,0,0]
["initial delivery and handling costs",null,null,null,null,null,null,0,0]
["costs of testing whether the asset is functioning properly",null,null,null,null,null,null,0,0]
["professional fees",null,null,null,6800,null,null,0,-6800,null,"Utilities Standards Forum (USF) Annual Membership fees,  NOW allocates 80 % of this fee to capital jobs.  Participation provides economic access to engineered and ESA approved construction drawings which are primarily required for construction jobs.  Without USF, NOW would need to retain engineering services either in house or outsourced at a significantly higher cost."]
[null,null,null,null,null,null,null,0,0]
["costs of opening a new facility",null,null,null,null,null,null,0,0]
["costs of introducing a new product or service (including costs of advertising and promotional activities)",null,null,null,null,null,null,0,0]
["costs of conducting business in a new location or with a new class of customer (including costs of staff training)",null,null,null,null,null,null,0,0]
["administration and other general overhead costs",null,null,null,null,null,null,0,0]
[null,null,null,null,null,null,null,0,0]
[null,null,null,null,null,null,null,0,0]
[null,null,null,null,null,null,null,0,0]
["Insert description of additional item(s) and new rows if needed.",null,null,null,null,null,null,0,0]
["Total",null,null,null,{"$f":"SUM(E17:E30)","v":23396},{"$f":"SUM(F17:F30)","v":0},{"$f":"SUM(G17:G30)","v":0},{"$f":"SUM(H17:H30)","v":0},{"$f":"SUM(I17:I30)","v":-23396}]
[]
[]
["The following table should be completed based on the information requested below. An explanation should be provided for any blank entries.  The entries should include overhead costs that were capitalized on self-constructed assets under CGAAP but are no longer capitalized under MIFRS or an alternate accounting standard and are included in OM&A."]
[null,null,null,null,"(A) 1","(B)","(C)","(D)","(E) 1","(F)","(G)"]
["Nature of the Overhead Costs",null,null,null,"Dollar","Dollar","Dollar","Dollar Impact - ","Dollar Impact - ","Directly","Reasons why the overhead costs are not allowed to be"]
[null,null,null,null,"Impact on OM&A","Impact on OM&A","Impact on OM&A","OM&A Variance","OM&A Variance","Attributable?","capitalized under MIFRS or an alternate accounting"]
[null,null,null,null,"Historic Year","Bridge Year","Test Year","Test versus Bridge","Test versus Historic","(Y/N)","standard given limitations on capitalized overhead"]
["employee benefits",null,null,null,null,null,null,{"$f":"+G39-F39","v":0},{"$f":"+G39-E39","v":0}]
["costs of site preparation",null,null,null,null,null,null,{"$f":"+G40-F40","v":0},{"$f":"+G40-E40","v":0}]
["initial delivery and handling costs",null,null,null,null,null,null,{"$f":"+G41-F41","v":0},{"$f":"+G41-E41","v":0}]
["costs of testing whether the asset is functioning properly",null,null,null,null,null,null,{"$f":"+G42-F42","v":0},{"$f":"+G42-E42","v":0}]
["professional fees",null,null,null,null,null,null,{"$f":"+G43-F43","v":0},{"$f":"+G43-E43","v":0}]
[]
["costs of opening a new facility",null,null,null,null,null,null,{"$f":"+G45-F45","v":0},{"$f":"+G45-E45","v":0}]
["costs of introducing a new product or service (including costs of advertising and promotional activities)",null,null,null,null,null,null,0,0]
["costs of conducting business in a new location or with a new class of customer (including costs of staff training)",null,null,null,null,null,null,0,0]
["administration and other general overhead costs",null,null,null,null,null,null,0,0]
[null,null,null,null,null,null,null,0,0]
[null,null,null,null,null,null,null,0,0]
[null,null,null,null,null,null,null,0,0]
["Insert description of additional item(s) and new rows if needed.",null,null,null,null,null,null,0,0]
["Total",null,null,null,{"$f":"SUM(E39:E52)","v":0},{"$f":"SUM(F39:F52)","v":0},{"$f":"SUM(G39:G52)","v":0},{"$f":"SUM(H39:H52)","v":0},{"$f":"SUM(I39:I52)","v":0}]
[]
["Notes:"]
[1,"If the applicant chooses to adopt IFRS or an alternate accounting standard for financial reporting purposes in 2013, the applicant does not need to complete Columns A, E.  If the applicant adopts IFRS or an alternate accounting standard for financial reporting purposes in 2012, the applicant must complete all columns."]

{"sheet":"App.2-EA_PP&E Deferral Acct NA","index":24,"n_rows":55,"n_cols":10,"rows_kept":55,"cut":false,"hidden":true,"merged":[[54,0,55,8],[33,1,34,2],[25,1,26,2],[20,1,20,8],[19,1,19,2],[19,5,19,8],[25,5,26,8],[31,5,31,8],[31,1,31,2],[8,0,8,8],[9,0,9,8],[10,0,10,8],[14,0,14,8],[12,0,12,8]]}
[null,null,null,null,null,null,null,"File Number:",{"$f":"'LDC Info'!$E$18","v":"EB-2012-0153"}]
[null,null,null,null,null,null,null,"Exhibit:"]
[null,null,null,null,null,null,null,"Tab:"]
[null,null,null,null,null,null,null,"Schedule:"]
[null,null,null,null,null,null,null,"Page:"]
[]
[null,null,null,null,null,null,null,"Date:"]
[]
["Appendix 2-EA"]
["IFRS-CGAAP Transitional PP&E Amounts"]
["2012 Adopters of IFRS for Financial Reporting Purposes"]
[]
["For applicants that adopt IFRS on January 1, 2012 for financial reporting purposes"]
[]
["Note: this sheet should be filled out if the applicant adopts IFRS for its financial reporting purpose as of January 1, 2012. "]
[]
[null,"2009 Rebasing Year",2010,2011,2012,"2013 Rebasing Year",2014,2015,2016]
["Reporting Basis","CGAAP","IRM","IRM","IRM","MIFRS","IRM","IRM","IRM"]
["Forecast vs. Actual Used in Rebasing Year","Forecast","Actual","Actual","Forecast","Forecast"]
[null,null,null,"$","$"]
["PP&E Values under CGAAP"]
["            Opening net PP&E - Note 1"]
["            Additions"]
["            Depreciation (amounts should be negative)"]
["            Closing net PP&E (1)",null,null,{"$f":"D22+D23+D24","v":0},{"$f":"E22+E23+E24","v":0}]
[]
["PP&E Values under MIFRS (Starts from 2011, the transition year)"]
["            Opening net PP&E  - Note 1"]
["            Additions"]
["            Depreciation (amounts should be negative)"]
["            Closing net PP&E (2)",null,null,{"$f":"SUM(D28:D30)","v":0},{"$f":"SUM(E28:E30)","v":0}]
[]
["Difference in Closing net PP&E, CGAAP vs. MIFRS (Shown as adjustment to rate base on rebasing)",null,null,{"$f":"D25-D31","v":0},{"$f":"E25-E31","v":0}]
[]
["Account 1575 - IFRS-CGAAP Transitional PP&E Amounts"]
["Opening balance ",null,null,0,{"$f":"D40","v":0},{"$f":"E40","v":0},{"$f":"F40","v":0},{"$f":"G40","v":0},{"$f":"H40","v":0}]
["Amounts added in the year",null,null,{"$f":"D33","v":0},{"$f":"E33-D33","v":0}]
["Sub-total",null,null,{"$f":"D36+D37","v":0},0,0,0,0,0]
["Amount of amortization, included in  depreciation expense  - Note 2",null,null,null,null,{"$f":"IF(ISERROR(-E33/I44), 0, -E33/I44)","v":0},{"$f":"+F39","v":0},{"$f":"+F39","v":0},{"$f":"+F39","v":0}]
["          Closing balance in deferral account",null,null,{"$f":"D38+D39","v":0},0,{"$f":"IF(ISERROR(F38+F39), 0, F38+F39)","v":0},0,0,0]
[]
["Effect on Revenue Requirement"]
["Amortization of deferred balance as above - Note 2",null,null,null,null,{"$f":"IF(ISERROR(E33/I44), 0, E33/I44)","v":0},null,"WACC"]
["Return on Rate Base Associated with deferred PP&E balance at WACC  - Note 3 ",null,null,null,null,{"$f":"E33*I43","v":0},null,"Disposition Period - Note 4",4,"Years"]
["     Amount included in Revenue Requirement on rebasing",null,null,null,null,{"$f":"F43+F44","v":0}]
[]
["Notes:"]
["1  For an applicant that adopts IFRS on January 1, 2012, the PP&E values as of January 1, 2011 under both CGAAP and MIFRS should be the same. "]
["2  Amortization of the deferred balance in Account 1575 will start from the rebasing year. "]
["    Assume the utility requests for a certain disposition period, the amortization that should be included in the depreciation expense is calculated as:"]
["   the opening balance of Account 1575 / the approved disposition period"]
["3  Return on rate base associated with deferred balance is calculated as:"]
["     the deferred account opening balance as of 2013 rebasing year x WACC"]
["     * Please note that the calculation should be adjusted once WACC is updated and finalized in the rate application."]
["4  Consistent with the 4 year normal rate cycle, the model is using a 4 year amortization period as a default selection to \"clear\" the PP&E deferral account through a one-time adjustment to ratebase to capture and remove the impact of the accounting policy changes as caused by the transition from CGAAP to MIFRS."]

{"sheet":"App.2-EB_PP&E Deferral Account","index":25,"n_rows":55,"n_cols":10,"rows_kept":55,"cut":false,"hidden":false,"merged":[[54,0,55,8],[20,1,20,8],[8,0,8,8],[9,0,9,8],[10,0,10,8],[14,0,14,8],[12,0,12,8]]}
[null,null,null,null,null,null,null,"File Number:",{"$f":"'LDC Info'!$E$18","v":"EB-2012-0153"}]
[null,null,null,null,null,null,null,"Exhibit:"]
[null,null,null,null,null,null,null,"Tab:"]
[null,null,null,null,null,null,null,"Schedule:"]
[null,null,null,null,null,null,null,"Page:"]
[]
[null,null,null,null,null,null,null,"Date:"]
[]
["Appendix 2-EB"]
["IFRS-CGAAP Transitional PP&E Amounts"]
["2013 Adopters of IFRS for Financial Reporting Purposes"]
[]
["For applicants that adopt IFRS on January 1, 2013 for financial reporting purposes"]
[]
["Note: this sheet should be filled out if the applicant adopts IFRS for its financial reporting purpose as of January 1, 2013. "]
[]
[null,"2009 Rebasing Year",2010,2011,2012,"2013 Rebasing Year",2014,2015,2016]
["Reporting Basis","CGAAP","IRM","IRM","IRM","MIFRS","IRM","IRM","IRM"]
["Forecast vs. Actual Used in Rebasing Year","Forecast","Actual","Actual","Forecast","Forecast"]
[null,null,null,"$","$","$","$","$","$"]
["PP&E Values under CGAAP"]
["            Opening net PP&E - Note 1",null,null,null,{"$f":"+'App 2-B FAC 2011'!N54","v":4397074.3599999994}]
["            Additions",null,null,null,{"$f":"+'App2-B FAC2012'!F54","v":830296}]
["            Depreciation (amounts should be negative)",null,null,null,{"$f":"+'App2-B FAC2012'!K54","v":-470239}]
["            Closing net PP&E (1)",null,null,null,{"$f":"SUM(E22:E24)","v":4757131.3599999994}]
[]
["PP&E Values under MIFRS (Starts from 2012, the transition year)"]
["            Opening net PP&E  - Note 1",null,null,null,{"$f":"+'App 2-B FAC 2011'!N54","v":4397074.3599999994}]
["            Additions",null,null,null,{"$f":"'App2-B FAC2012'!F54","v":830296}]
["            Depreciation (amounts should be negative)",null,null,null,{"$f":"'App2-B FAC2012'!K54","v":-470239}]
["            Closing net PP&E (2)",null,null,null,{"$f":"SUM(E28:E30)","v":4757131.3599999994}]
[]
["Difference in Closing net PP&E, CGAAP vs. MIFRS (Shown as adjustment to rate base on rebasing)",null,null,null,{"$f":"E25-E31","v":0}]
[]
["Account 1575 - IFRS-CGAAP Transitional PP&E Amounts"]
["          Opening balance ",null,null,null,{"$f":"D40","v":0},{"$f":"E40","v":0},{"$f":"F40","v":0},{"$f":"G40","v":0},{"$f":"H40","v":0}]
["          Amounts added in the year",null,null,null,{"$f":"E33-D33","v":0}]
["Sub-total",null,null,null,{"$f":"E36+E37","v":0},{"$f":"F36+F37","v":0},{"$f":"G36+G37","v":0},{"$f":"H36+H37","v":0},{"$f":"I36+I37","v":0}]
["Amount of amortization, included in  depreciation expense  - Note 2",null,null,null,null,{"$f":"IF(ISERROR(-E33/I44), 0, -E33/I44)","v":0},{"$f":"+F39","v":0},{"$f":"+F39","v":0},{"$f":"+F39","v":0}]
["          Closing balance in deferral account",null,null,null,{"$f":"E38+E39","v":0},{"$f":"IF(ISERROR(F38+F39), 0, F38+F39)","v":0},{"$f":"G38+G39","v":0},{"$f":"H38+H39","v":0},{"$f":"I38+I39","v":0}]
[]
["Effect on Revenue Requirement"]
["        Amortization of deferred balance as above - Note 2",null,null,null,null,{"$f":"IF(ISERROR(E33/I44), 0, E33/I44)","v":0},null,"WACC",5.8312000000000003E-2]
["Return on Rate Base Associated with deferred PP&E balance at WACC  - Note 3 ",null,null,null,null,{"$f":"E33*I43","v":0},null,"Disposition Period - Note 4",4,"Years"]
["     Amount included in Revenue Requirement on rebasing",null,null,null,null,{"$f":"F43+F44","v":0}]
[]
["Notes:"]
["1  For an applicant that adopts IFRS on January 1, 2013, the PP&E values as of January 1, 2012 under both CGAAP and MIFRS should be the same. "]
["2  Amortization of the deferred balance in Account 1575 will start from the rebasing year. "]
["    Assume the utility requests for a certain disposition period, the amortization that should be included in the depreciation expense is calculated as:"]
["   the opening balance of Account 1575 / the approved disposition period"]
["3  Return on rate base associated with deferred balance is calculated as:"]
["     the deferred account opening balance as of 2013 rebasing year x WACC "]
["     * Please note that the calculation should be adjusted once WACC is updated and finalized in the rate application."]
["4  Consistent with the 4 year normal rate cycle, the model is using a 4 year amortization period as a default selection to \"clear\" the PP&E deferral account through a one-time adjustment to ratebase to capture and remove the impact of the accounting policy changes as caused by the transition from CGAAP to MIFRS."]

{"sheet":"App.2-F_Other_Oper_Rev","index":26,"n_rows":68,"n_cols":9,"rows_kept":68,"cut":false,"hidden":false,"merged":[[45,0,46,8],[30,0,30,1],[31,0,31,1],[8,0,8,8],[9,0,9,8],[28,0,28,8],[29,0,29,1],[40,2,40,8],[41,2,42,8],[32,0,32,1],[33,0,33,1],[38,0,38,1],[39,0,39,1],[40,0,40,1],[41,0,41,1],[66,1,66,8],[67,1,67,8],[56,0,56,1],[50,0,51,8],[55,0,55,1],[61,0,61,1],[57,0,57,1],[58,0,58,1],[59,0,59,1],[60,0,60,1]]}
[null,null,null,null,null,null,null,"File Number:",{"$f":"'LDC Info'!$E$18","v":"EB-2012-0153"}]
[null,null,null,null,null,null,null,"Exhibit:"]
[null,null,null,null,null,null,null,"Tab:"]
[null,null,null,null,null,null,null,"Schedule:"]
[null,null,null,null,null,null,null,"Page:"]
[]
[null,null,null,null,null,null,null,"Date:"]
[]
["Appendix 2-F"]
["Other Operating Revenue"]
[]
["USoA #","USoA Description",{"$f":"G13-3 & \" Actual\"","v":"2009 Actual"},{"$f":"G13-2 & \" Actual\"","v":"2010 Actual"},{"$f":"G13-1 & \" Actual\"& CHAR(178)","v":"2011 Actual²"},{"$f":"G13-1 & \" Actual\"& CHAR(178)","v":"2011 Actual²"},{"$f":"\"Bridge Year\" & CHAR(179)","v":"Bridge Year³"},{"$f":"\"Bridge Year\" & CHAR(179)","v":"Bridge Year³"},"Test Year"]
[null,null,null,null,null,null,{"$f":"'LDC Info'!E26","v":2012},{"$f":"'LDC Info'!E26","v":2012},{"$f":"'LDC Info'!E28","v":2013}]
[null,"Reporting Basis",null,null,null,null,"CGAAP","MIFRS","MIFRS"]
[4235,"Specific Service Charges",64318,66426,74958,null,66250,null,{"$f":"G15+1800","v":68050}]
[4225,"Late Payment Charges",21802,21049,25069,null,22500,null,{"$f":"G16","v":22500}]
[4080,"SSS Admin Fees",16783,15648,15316,null,15317,null,15317]
[4082,"Retail Services Revenues",null,null,4607,null,12200,null,12200]
[4084,"STR Revenues",null,null,752,null,731,null,731]
[4210,"Rent from Electric Property",88204,87628,95584,null,95500,null,95500]
[4215,"Other Utility Operating Income",4422,5972,11026,null,2500,null,2500]
[4220,"Other Electric Revenue",null,null,2400,null,0,null,0]
[4325,"Revenues from Merchandising, Jobbing etc,",10502,12810,18586,null,20000,null,20000]
[4375,"Revenues from Non-Utility & Other Property",null,81,12860,null,500,null,500]
[4390,"Misc Non-Operating Income",null,0,28054,null,null,null,0]
[4405,"Interest and Dividend Income",19943,5584,3985,null,3500,null,3500]
[]
[]
[]
["Specific Service Charges",null,{"$f":"C15+C18+C19","v":64318},66426,80317,{"$f":"F15+F18+F19","v":0},{"$f":"G15+G18+G19","v":79181},{"$f":"H15+H18+H19","v":0},{"$f":"I15+I18+I19","v":80981}]
["Late Payment Charges",null,{"$f":"C16","v":21802},{"$f":"D16","v":21049},25069,{"$f":"F16","v":0},22500,{"$f":"H16","v":0},22500]
["Other Operating Revenues",null,{"$f":"+C17+C20+C21+C22","v":109409},{"$f":"+D17+D20+D21+D22","v":109248},124326,null,{"$f":"+G17+G20+G21+G22","v":113317},null,{"$f":"+I17+I20+I21+I22","v":113317}]
["Other Income or Deductions",null,{"$f":"+C23+C24+C25+C26","v":30445},{"$f":"+D23+D24+D25+D26","v":18475},63485,null,{"$f":"+G23+G24+G25+G26","v":24000},null,{"$f":"+I23+I24+I25+I26","v":24000}]
["Total",null,{"$f":"SUM(C30:C33)","v":225974},{"$f":"SUM(D30:D33)","v":215198},293197,0,{"$f":"SUM(G30:G33)","v":238998},0,{"$f":"SUM(I30:I33)","v":240798}]
[]
[]
[]
["Description",null,"Account(s)"]
["Specific Service Charges:",null,4235]
["Late Payment Charges:",null,4225]
["Other Distribution Revenues:",null,"4080, 4082, 4084, 4090, 4205, 4210, 4215, 4220, 4240, 4245"]
["Other Income and Expenses:",null,"4305, 4310, 4315, 4320, 4325, 4330, 4335, 4340, 4345, 4350, 4355, 4360, 4365, 4370, 4375, 4380, 4385, 4390, 4395, 4398, 4405, 4415"]
[]
[]
["Note: Add all applicable accounts listed above to the table and include all relevant information."]
["The above table assumes adoption of MIFRS as of January 1, 2013.  If the adoption year differs, please adjust the table accordingly."]
[]
[]
["Account Breakdown Details"]
[]
["For each \"Other Operating Revenue\" and \"Other Income or Deductions\" Account, a detailed breakdown of the account components is required.  See the example below for Account 4405, Interest and Dividend Income."]
[]
[]
["Account 4405 - Interest and Dividend Income"]
[null,null,{"$f":"C12","v":"2009 Actual"},{"$f":"D12","v":"2010 Actual"},{"$f":"E12","v":"2011 Actual²"},{"$f":"F12","v":"2011 Actual²"},"Bridge Year","Bridge Year","Test Year"]
["Reporting Basis",null,{"$f":"IF(ISBLANK(C14), \"\", C14)","v":""},"","",null,"CGAAP","MIFRS","MIFRS"]
["Short-term Investment Interest"]
["Bank Deposit Interest",null,19943,3414,3716,null,3500,null,3500]
["Miscellaneous Interest Revenue",null,null,2170,269]
["etc.1"]
[]
["Total",null,{"$f":"SUM(C57:C61)","v":19943},5584,3985,0,3500,0,3500]
[]
[]
["Notes:"]
[1,"List and specify any other interest revenue"]
[2,"If the applicant is adopting IFRS or an alternate accounting standard as of January 1, 2012 for financial reporting purposes, 2011 must be presented on both a CGAAP and MIFRS (or alternate accounting standard) basis."]
[3,"If the applicant is adopting IFRS or an alternate accounting standard as of January 1, 2013 for financial reporting purposes, 2012 must be presented on both a CGAAP and MIFRS (or alternate accounting standard) basis."]

{"sheet":"App.2-G_Detailed_OM&A_Expenses","index":27,"n_rows":127,"n_cols":9,"rows_kept":127,"cut":false,"hidden":false,"merged":[[119,0,119,1],[85,0,85,8],[60,0,60,1],[125,1,125,8],[126,1,126,8],[124,1,124,8],[113,0,113,1],[73,0,73,8],[112,0,112,1],[41,0,41,8],[62,0,62,8],[71,0,71,1],[8,0,8,8],[9,0,9,8],[10,0,10,8],[39,0,39,1],[15,0,15,8],[12,4,12,5],[12,6,12,7]]}
[null,null,null,null,null,null,null,"File Number:",{"$f":"'LDC Info'!$E$18","v":"EB-2012-0153"}]
[null,null,null,null,null,null,null,"Exhibit:"]
[null,null,null,null,null,null,null,"Tab:"]
[null,null,null,null,null,null,null,"Schedule:"]
[null,null,null,null,null,null,null,"Page:"]
[]
[null,null,null,null,null,null,null,"Date:"]
[]
["Appendix 2-G"]
["Detailed, Account by Account, OM&A Expense Table"]
["(excluding Depreciation and Amortization)"]
[]
[]
["Account","Description",{"$f":"\"Last Rebasing Year (\" & 'LDC Info'!E30 & \" Actuals)\"","v":"Last Rebasing Year (2009 Actuals)"},{"$f":"'LDC Info'!E26-2 & \" Actual\"","v":"2010 Actual"},{"$f":"'LDC Info'!E26-1 & \" Actual\" & CHAR(178)","v":"2011 Actual²"},{"$f":"'LDC Info'!E26-1 & \" Actual\"& CHAR(178)","v":"2011 Actual²"},{"$f":"\"Bridge Year \" & 'LDC Info'!E26& CHAR(179)","v":"Bridge Year 2012³"},{"$f":"\"Bridge Year \" & 'LDC Info'!E26& CHAR(179)","v":"Bridge Year 2012³"},{"$f":"\"Test Year \" & 'LDC Info'!E28","v":"Test Year 2013"}]
["Reporting Basis"]
["Operations"]
[5005,"Operation Supervision and Engineering",104060,90538,86237,null,88134,null,{"$f":"90778+2360+5000","v":98138}]
[5010,"Load Dispatching",null,36]
[5012,"Station Buildings and Fixtures Expense",124,65]
[5014,"Transformer Station Equipment - Operation Labour"]
[5015,"Transformer Station Equipment - Operation Supplies and Expenses"]
[5016,"Distribution Station Equipment - Operation Labour",2069,8463]
[5017,"Distribution Station Equipment - Operation Supplies and Expenses",9104,8000,13400,null,13668,null,14010]
[5020,"Overhead Distribution Lines and Feeders - Operation Labour",32363,38080,40201,null,60876,null,{"$f":"41295+1073+4757","v":47125}]
[5025,"Overhead Distribution Lines and Feeders - Operation Supplies and Expenses",3037,801,2019,null,2060,null,2114]
[5030,"Overhead Sub-transmission Feeders - Operation",17791,5764,3621,null,3700,null,{"$f":"3806+98","v":3904}]
[5035,"Overhead Distribution Transformers - Operation",null,839,12402,null,6650,null,{"$f":"6816+177","v":6993}]
[5040,"Underground Distribution Lines and Feeders - Operation Labour",2624,663,1272,null,1473,null,{"$f":"1516+40","v":1556}]
[5045,"Underground Distribution Lines and Feeders - Operation Supplies and Expenses",6743,null,170]
[5050,"Underground Sub-transmission Feeders - Operation"]
[5055,"Underground Distribution Transformers - Operation",300,59,2542,null,2598,null,{"$f":"2676+70","v":2746}]
[5060,"Street Lighting and Signal System Expense"]
[5065,"Meter Expense",14820,30194,16456,null,16803,null,17270]
[5070,"Customer Premises - Operation Labour",27499,58735,74845,null,81013,null,{"$f":"67405+1752+7929","v":77086}]
[5075,"Customer Premises - Operation Materials and Expenses",20284,30417,19946,null,32957,null,33781]
[5085,"Miscellaneous Distribution Expenses",181840,116203,151379,null,168035,null,{"$f":"160649+15858","v":176507}]
[5090,"Underground Distribution Lines and Feeders - Rental Paid"]
[5095,"Overhead Distribution Lines and Feeders - Rental Paid",13108,13108,13108,null,13370,null,9816]
[5096,"Other Rent"]
["Total - Operations",null,{"$f":"SUM(C17:C39)","v":435766},{"$f":"SUM(D17:D39)","v":401965},{"$f":"SUM(E17:E39)","v":437598},{"$f":"SUM(F17:F39)","v":0},491337,0,{"$f":"SUM(I17:I39)","v":491046}]
["Account","Description",{"$f":"C14","v":"Last Rebasing Year (2009 Actuals)"},"2010 Actual","2011 Actual²","2011 Actual²","Bridge Year 2012³","Bridge Year 2012³","Test Year 2013"]
["Maintenance"]
[5105,"Maintenance Supervision and Engineering",241,470,3631,null,3710,null,3818]
[5110,"Maintenance of Buildings and Fixtures - Distribution Stations",1008,2590,349,null,356,null,365]
[5112,"Maintenance of Transformer Station Equipment",16339,4336,21521,null,13959,null,14328]
[5114,"Maintenance of Distribution Station Equipment",984,1613,2257,null,2306,null,2372]
[5120,"Maintenance of Poles, Towers and Fixtures",15342,29515,17652,null,18027,null,18535]
[5125,"Maintenance of Overhead Conductors and Devices",60015,86376,72751,null,94091,null,{"$f":"96760+7929+111","v":104800}]
[5130,"Maintenance of Overhead Services",33261,32251,47473,null,53755,null,55258]
[5135,"Overhead Distribution Lines and Feeders - Right of Way",21369,87114,123588,null,126194,null,{"$f":"129688+7929","v":137617}]
[5145,"Maintenance of Underground Conduit",416,1113,1818,null,1858,null,1911]
[5150,"Maintenance of Underground Conductors and Devices",30423,37632,54469,null,55623,null,{"$f":"57177+4229","v":61406}]
[5155,"Maintenance of Underground Services",30322,41459,39810,null,48591,null,{"$f":"50010+4229","v":54239}]
[5160,"Maintenance of Line Transformers",26581,8564,16879,null,17237,null,17719]
[5165,"Maintenance of Street Lighting and Signal Systems",null,10699,106,null,107,null,0]
[5170,"Sentinel Lights - Labour"]
[5172,"Sentinel Lights - Materials and Expenses"]
[5175,"Maintenance of Meters",null,null,1405,null,1433,null,1470]
[5178,"Customer Installations Expenses - Leased Property"]
[5195,"Maintenance of Other Installations on Customer Premises"]
["Total - Maintenance",null,{"$f":"SUM(C43:C60)","v":236301},{"$f":"SUM(D43:D60)","v":343732},{"$f":"SUM(E43:E60)","v":403709},{"$f":"SUM(F43:F60)","v":0},437247,0,{"$f":"SUM(I43:I60)","v":473838}]
["Account","Description",{"$f":"C41","v":"Last Rebasing Year (2009 Actuals)"},{"$f":"D41","v":"2010 Actual"},{"$f":"E41","v":"2011 Actual²"},{"$f":"F41","v":"2011 Actual²"},"Bridge Year 2012³","Bridge Year 2012³",{"$f":"I41","v":"Test Year 2013"}]
["Billing and Collecting"]
[5305,"Supervision",78402,80488,87305,null,89219,null,91878]
[5310,"Meter Reading Expense",233147,115992,101937,null,{"$f":"104064","v":104064},null,{"$f":"106893+89596","v":196489}]
[5315,"Customer Billing",278728,259602,276702,null,{"$f":"282549","v":282549},null,{"$f":"290418+46177","v":336595}]
[5320,"Collecting",91467,95112,88215,null,90124,null,92851]
[5325,"Collecting - Cash Over and Short",null,309]
[5330,"Collection Charges",2112,3554,4137,null,4220,null,4220]
[5335,"Bad Debt Expense",39767,25130,43282,null,22148,null,22701]
[5340,"Miscellaneous Customer Accounts Expenses",3134,3980,3440,null,3509,null,3527]
["Total - Billing and Collecting",null,{"$f":"SUM(C64:C71)","v":726757},{"$f":"SUM(D64:D71)","v":584167},{"$f":"SUM(E64:E71)","v":605018},{"$f":"SUM(F64:F71)","v":0},595833,0,{"$f":"SUM(I64:I71)","v":748261}]
["Account","Description",{"$f":"C62","v":"Last Rebasing Year (2009 Actuals)"},{"$f":"D62","v":"2010 Actual"},{"$f":"E62","v":"2011 Actual²"},{"$f":"F62","v":"2011 Actual²"},"Bridge Year 2012³","Bridge Year 2012³",{"$f":"I62","v":"Test Year 2013"}]
["Community Relations"]
[5405,"Supervision"]
[5410,"Community Relations - Sundry"]
[5415,"Energy Conservation",null,1237,1295,null,1323,null,1363]
[5420,"Community Safety Program"]
[5425,"Miscellaneous Customer Service and Informational Expenses"]
[5505,"Supervision"]
[5510,"Demonstrating and Selling Expense"]
[5515,"Advertising Expenses"]
[5520,"Miscellaneous Sales Expense"]
["Total - Community Relations",null,{"$f":"SUM(C75:C83)","v":0},{"$f":"SUM(D75:D83)","v":1237},{"$f":"SUM(E75:E83)","v":1295},{"$f":"SUM(F75:F83)","v":0},1323,0,{"$f":"SUM(I75:I83)","v":1363}]
["Account","Description",{"$f":"C73","v":"Last Rebasing Year (2009 Actuals)"},{"$f":"D73","v":"2010 Actual"},{"$f":"E73","v":"2011 Actual²"},{"$f":"F73","v":"2011 Actual²"},"Bridge Year 2012³","Bridge Year 2012³",{"$f":"I73","v":"Test Year 2013"}]
["Administrative and General Expenses"]
[5605,"Executive Salaries and Expenses",112640,116507,130420,null,141063,null,{"$f":"145207+3775","v":148982}]
[5610,"Management Salaries and Expenses",127702,267726,135319,null,146449,null,{"$f":"150711+3917","v":154628}]
[5615,"General Administrative Salaries and Expenses",95662,93312,104649,null,125611,null,{"$f":"128383+3338","v":131721}]
[5620,"Office Supplies and Expenses",42751,39756,30892,null,31510,null,32297]
[5625,"Administrative Expense Transferred - Credit"]
[5630,"Outside Services Employed",160109,136612,210365,null,239847,null,214254]
[5635,"Property Insurance",31019,28108,35632,null,36345,null,37253]
[5640,"Injuries and Damages"]
[5645,"OMERS Pensions and Benefits"]
[5646,"Employee Pensions and OPEB"]
[5647,"Employee Sick Leave"]
[5650,"Franchise Requirements"]
[5655,"Regulatory Expenses",30242,19514,21023,null,21443,null,24950]
[5660,"General Advertising Expenses",7213,5398,5420,null,5528,null,5667]
[5665,"Miscellaneous General Expenses",14204,12180,11110,null,11332,null,11616]
[5670,"Rent"]
[5672,"Lease Payment Charge"]
[5675,"Maintenance of General Plant"]
[5680,"Electrical Safety Authority Fees",3472,3472,3542,null,3613,null,3703]
[5681,"Special Purpose Charge Expense"]
[5685,"Independent Electricity System Operator Fees and Penalties"]
[5695,"OM&A Contra Account"]
[6205,"Donations"]
["6105/6110","Taxes - Other than Income Taxes",1634,1513,3657,null,1573,null,1620]
[6205,"Donations, Sub-account LEAP Funding",null,null,3172,null,3172,null,3906]
["Total - Administrative and General Expenses",null,{"$f":"SUM(C87:C111)","v":626648},{"$f":"SUM(D87:D111)","v":724098},695201,0,767486,0,770597]
["Total OM&A",null,{"$f":"C40+C61+C72+C84+C112","v":2025472},{"$f":"D40+D61+D72+D84+D112","v":2055199},{"$f":"E40+E61+E72+E84+E112","v":2142821},{"$f":"F40+F61+F72+F84+F112","v":0},2293226,0,{"$f":"I40+I61+I72+I84+I112","v":2485105}]
["Adjustments for non-recoverable items"]
[5681,"Special Purpose Charge Expense"]
[6205,"Donations1"]
[]
[]
[]
["Total Recoverable OM&A",null,{"$f":"C113-SUM(C115:C119)","v":2025472},{"$f":"D113-SUM(D115:D119)","v":2055199},2142821,{"$f":"F113-SUM(F115:F119)","v":0},2293226,0,2485105]
[null,null,null,null,{"$f":"2142821-E120","v":0}]
["1 Account 6205 - Donations is generally non-recoverable.  However, the sub-account LEAP funding of account 6205 is generally recoverable."]
[]
["Note:"]
[1,"If it has been more than three years since the applicant last filed a cost of service application, additional years of historical actuals should be incorporated into the table, as necessary, to go back to the last cost of service application.  If the applicant last filed a cost of service application less than three years ago, a minimum of three years of actual information is required."]
[2,"If the applicant is adopting IFRS or an alternate accounting standard as of January 1, 2012 for financial reporting purposes, 2011 must be presented on both a CGAAP and MIFRS (or alternate accounting standard) basis."]
[3,"If the applicant is adopting IFRS or an alternate accounting standard as of January 1, 2013 for financial reporting purposes, 2012 must be presented on both a CGAAP and MIFRS (or alternate accounting standard) basis."]

{"sheet":"App.2-H_OM&A_Detailed_Analysis","index":28,"n_rows":129,"n_cols":9,"rows_kept":129,"cut":false,"hidden":false,"merged":[[41,1,41,8],[8,0,8,8],[9,0,9,8],[10,0,10,8],[40,0,40,1],[16,0,16,8],[13,0,14,0],[13,1,14,1],[13,2,14,2],[13,3,14,3],[13,4,14,4],[13,7,13,8],[13,5,13,6],[73,1,73,8],[85,1,85,8],[120,0,120,1],[114,0,114,1],[42,0,42,8],[63,0,63,8],[62,1,62,8],[72,0,72,1],[61,0,61,1],[127,1,127,8],[128,1,128,8],[113,0,113,1],[74,0,74,8],[86,0,86,8]]}
[null,null,null,null,null,null,null,"File Number:",{"$f":"'LDC Info'!$E$18","v":"EB-2012-0153"}]
[null,null,null,null,null,null,null,"Exhibit:"]
[null,null,null,null,null,null,null,"Tab:"]
[null,null,null,null,null,null,null,"Schedule:"]
[null,null,null,null,null,null,null,"Page:"]
[]
[null,null,null,null,null,null,null,"Date:"]
[]
["Appendix 2-H"]
["OM&A Detailed Variance Analysis"]
["(excluding Depreciation and Amortization)"]
[]
[]
["Account","Description",{"$f":"\"Last Board-approved Rebasing Year (\"&'LDC Info'!E30&\" Year)\"","v":"Last Board-approved Rebasing Year (2009 Year)"},"Most Current Actuals               Year 2011",{"$f":"\"Test Year \" & 'LDC Info'!E28","v":"Test Year 2013"},"Test Year Versus Last Rebasing",null,"Test Year Versus Most Current Actuals"]
[null,null,null,null,null,"Variance ($)","Percentage Change (%)","Variance ($)","Percentage Change (%)"]
["Reporting Basis",null,"CGAAP","CGAAP","MIFRS"]
["Operations"]
[5005,"Operation Supervision and Engineering",{"$f":"+'App.2-G_Detailed_OM&A_Expenses'!C17","v":104060},{"$f":"+'App.2-G_Detailed_OM&A_Expenses'!E17","v":86237},{"$f":"+'App.2-G_Detailed_OM&A_Expenses'!I17","v":98138},{"$f":"E18-C18","v":-5922},{"$f":"IF(C18=0,\"\",(E18/C18)-1)","v":-5.6909475302709955E-2},{"$f":"E18-D18","v":11901},{"$f":"IF(D18=0,\"\",(E18/D18)-1)","v":0.13800340920950394}]
[5010,"Load Dispatching",{"$f":"+'App.2-G_Detailed_OM&A_Expenses'!C18","v":0},{"$f":"+'App.2-G_Detailed_OM&A_Expenses'!E18","v":0},{"$f":"+'App.2-G_Detailed_OM&A_Expenses'!I18","v":0},{"$f":"E19-C19","v":0},{"$f":"IF(C19=0,\"\",(E19/C19)-1)","v":""},{"$f":"E19-D19","v":0},{"$f":"IF(D19=0,\"\",(E19/D19)-1)","v":""}]
[5012,"Station Buildings and Fixtures Expense",{"$f":"+'App.2-G_Detailed_OM&A_Expenses'!C19","v":124},{"$f":"+'App.2-G_Detailed_OM&A_Expenses'!E19","v":0},{"$f":"+'App.2-G_Detailed_OM&A_Expenses'!I19","v":0},-124,-1,0,""]
[5014,"Transformer Station Equipment - Operation Labour",{"$f":"+'App.2-G_Detailed_OM&A_Expenses'!C20","v":0},{"$f":"+'App.2-G_Detailed_OM&A_Expenses'!E20","v":0},{"$f":"+'App.2-G_Detailed_OM&A_Expenses'!I20","v":0},0,"",0,""]
[5015,"Transformer Station Equipment - Operation Supplies and Expenses",{"$f":"+'App.2-G_Detailed_OM&A_Expenses'!C21","v":0},{"$f":"+'App.2-G_Detailed_OM&A_Expenses'!E21","v":0},{"$f":"+'App.2-G_Detailed_OM&A_Expenses'!I21","v":0},0,"",0,""]
[5016,"Distribution Station Equipment - Operation Labour",{"$f":"+'App.2-G_Detailed_OM&A_Expenses'!C22","v":2069},{"$f":"+'App.2-G_Detailed_OM&A_Expenses'!E22","v":0},{"$f":"+'App.2-G_Detailed_OM&A_Expenses'!I22","v":0},-2069,-1,0,""]
[5017,"Distribution Station Equipment - Operation Supplies and Expenses",{"$f":"+'App.2-G_Detailed_OM&A_Expenses'!C23","v":9104},{"$f":"+'App.2-G_Detailed_OM&A_Expenses'!E23","v":13400},{"$f":"+'App.2-G_Detailed_OM&A_Expenses'!I23","v":14010},4906,0.53888400702987704,610,4.5522388059701546E-2]
[5020,"Overhead Distribution Lines and Feeders - Operation Labour",{"$f":"+'App.2-G_Detailed_OM&A_Expenses'!C24","v":32363},{"$f":"+'App.2-G_Detailed_OM&A_Expenses'!E24","v":40201},{"$f":"+'App.2-G_Detailed_OM&A_Expenses'!I24","v":47125},14762,0.45613818249235227,6924,0.17223452152931529]
[5025,"Overhead Distribution Lines and Feeders - Operation Supplies and Expenses",{"$f":"+'App.2-G_Detailed_OM&A_Expenses'!C25","v":3037},{"$f":"+'App.2-G_Detailed_OM&A_Expenses'!E25","v":2019},{"$f":"+'App.2-G_Detailed_OM&A_Expenses'!I25","v":2114},-923,-0.30391834046756672,95,4.7052996532937152E-2]
[5030,"Overhead Sub-transmission Feeders - Operation",{"$f":"+'App.2-G_Detailed_OM&A_Expenses'!C26","v":17791},{"$f":"+'App.2-G_Detailed_OM&A_Expenses'!E26","v":3621},{"$f":"+'App.2-G_Detailed_OM&A_Expenses'!I26","v":3904},-13887,-0.7805632061154516,283,7.8155205744269596E-2]
[5035,"Overhead Distribution Transformers - Operation",{"$f":"+'App.2-G_Detailed_OM&A_Expenses'!C27","v":0},{"$f":"+'App.2-G_Detailed_OM&A_Expenses'!E27","v":12402},{"$f":"+'App.2-G_Detailed_OM&A_Expenses'!I27","v":6993},6993,"",-5409,-0.43613933236574742]
[5040,"Underground Distribution Lines and Feeders - Operation Labour",{"$f":"+'App.2-G_Detailed_OM&A_Expenses'!C28","v":2624},{"$f":"+'App.2-G_Detailed_OM&A_Expenses'!E28","v":1272},{"$f":"+'App.2-G_Detailed_OM&A_Expenses'!I28","v":1556},-1068,-0.40701219512195119,284,0.22327044025157239]
[5045,"Underground Distribution Lines and Feeders - Operation Supplies and Expenses",{"$f":"+'App.2-G_Detailed_OM&A_Expenses'!C29","v":6743},{"$f":"+'App.2-G_Detailed_OM&A_Expenses'!E29","v":170},{"$f":"+'App.2-G_Detailed_OM&A_Expenses'!I29","v":0},-6743,-1,-170,-1]
[5050,"Underground Sub-transmission Feeders - Operation",{"$f":"+'App.2-G_Detailed_OM&A_Expenses'!C30","v":0},{"$f":"+'App.2-G_Detailed_OM&A_Expenses'!E30","v":0},{"$f":"+'App.2-G_Detailed_OM&A_Expenses'!I30","v":0},0,"",0,""]
[5055,"Underground Distribution Transformers - Operation",{"$f":"+'App.2-G_Detailed_OM&A_Expenses'!C31","v":300},{"$f":"+'App.2-G_Detailed_OM&A_Expenses'!E31","v":2542},{"$f":"+'App.2-G_Detailed_OM&A_Expenses'!I31","v":2746},2446,8.1533333333333342,204,8.0251770259638144E-2]
[5060,"Street Lighting and Signal System Expense",{"$f":"+'App.2-G_Detailed_OM&A_Expenses'!C32","v":0},{"$f":"+'App.2-G_Detailed_OM&A_Expenses'!E32","v":0},{"$f":"+'App.2-G_Detailed_OM&A_Expenses'!I32","v":0},0,"",0,""]
[5065,"Meter Expense",{"$f":"+'App.2-G_Detailed_OM&A_Expenses'!C33","v":14820},{"$f":"+'App.2-G_Detailed_OM&A_Expenses'!E33","v":16456},{"$f":"+'App.2-G_Detailed_OM&A_Expenses'!I33","v":17270},2450,0.16531713900134948,814,4.9465240641711317E-2]
[5070,"Customer Premises - Operation Labour",{"$f":"+'App.2-G_Detailed_OM&A_Expenses'!C34","v":27499},{"$f":"+'App.2-G_Detailed_OM&A_Expenses'!E34","v":74845},{"$f":"+'App.2-G_Detailed_OM&A_Expenses'!I34","v":77086},49587,1.8032292083348485,2241,2.994187988509589E-2]
[5075,"Customer Premises - Operation Materials and Expenses",{"$f":"+'App.2-G_Detailed_OM&A_Expenses'!C35","v":20284},{"$f":"+'App.2-G_Detailed_OM&A_Expenses'!E35","v":19946},{"$f":"+'App.2-G_Detailed_OM&A_Expenses'!I35","v":33781},13497,0.66540130151843813,13835,0.69362278151007728]
[5085,"Miscellaneous Distribution Expenses",{"$f":"+'App.2-G_Detailed_OM&A_Expenses'!C36","v":181840},{"$f":"+'App.2-G_Detailed_OM&A_Expenses'!E36","v":151379},{"$f":"+'App.2-G_Detailed_OM&A_Expenses'!I36","v":176507},-5333,-2.9327980642322893E-2,25128,0.16599396217440998]
[5090,"Underground Distribution Lines and Feeders - Rental Paid",{"$f":"+'App.2-G_Detailed_OM&A_Expenses'!C37","v":0},{"$f":"+'App.2-G_Detailed_OM&A_Expenses'!E37","v":0},{"$f":"+'App.2-G_Detailed_OM&A_Expenses'!I37","v":0},0,"",0,""]
[5095,"Overhead Distribution Lines and Feeders - Rental Paid",{"$f":"+'App.2-G_Detailed_OM&A_Expenses'!C38","v":13108},{"$f":"+'App.2-G_Detailed_OM&A_Expenses'!E38","v":13108},{"$f":"+'App.2-G_Detailed_OM&A_Expenses'!I38","v":9816},-3292,-0.25114433933475744,-3292,-0.25114433933475744]
[5096,"Other Rent",{"$f":"+'App.2-G_Detailed_OM&A_Expenses'!C39","v":0},{"$f":"+'App.2-G_Detailed_OM&A_Expenses'!E39","v":0},{"$f":"+'App.2-G_Detailed_OM&A_Expenses'!I39","v":0},0,"",0,""]
["Total - Operations",null,{"$f":"SUM(C18:C40)","v":435766},{"$f":"SUM(D18:D40)","v":437598},{"$f":"SUM(E18:E40)","v":491046},55280,0.1268570746685147,53448,0.12213949789532852]
["Account","Description"]
["Maintenance"]
[5105,"Maintenance Supervision and Engineering",{"$f":"+'App.2-G_Detailed_OM&A_Expenses'!C43","v":241},{"$f":"+'App.2-G_Detailed_OM&A_Expenses'!E43","v":3631},{"$f":"+'App.2-G_Detailed_OM&A_Expenses'!I43","v":3818},{"$f":"E44-C44","v":3577},{"$f":"IF(C44=0,\"\",(E44/C44)-1)","v":14.842323651452283},{"$f":"E44-D44","v":187},{"$f":"IF(D44=0,\"\",(E44/D44)-1)","v":5.1500963921784715E-2}]
[5110,"Maintenance of Buildings and Fixtures - Distribution Stations",{"$f":"+'App.2-G_Detailed_OM&A_Expenses'!C44","v":1008},{"$f":"+'App.2-G_Detailed_OM&A_Expenses'!E44","v":349},{"$f":"+'App.2-G_Detailed_OM&A_Expenses'!I44","v":365},-643,-0.63789682539682535,16,4.5845272206303633E-2]
[5112,"Maintenance of Transformer Station Equipment",{"$f":"+'App.2-G_Detailed_OM&A_Expenses'!C45","v":16339},{"$f":"+'App.2-G_Detailed_OM&A_Expenses'!E45","v":21521},{"$f":"+'App.2-G_Detailed_OM&A_Expenses'!I45","v":14328},-2011,-0.12307974784258524,-7193,-0.33423168068398312]
[5114,"Maintenance of Distribution Station Equipment",{"$f":"+'App.2-G_Detailed_OM&A_Expenses'!C46","v":984},{"$f":"+'App.2-G_Detailed_OM&A_Expenses'!E46","v":2257},{"$f":"+'App.2-G_Detailed_OM&A_Expenses'!I46","v":2372},1388,1.410569105691057,115,5.0952591936198388E-2]
[5120,"Maintenance of Poles, Towers and Fixtures",{"$f":"+'App.2-G_Detailed_OM&A_Expenses'!C47","v":15342},{"$f":"+'App.2-G_Detailed_OM&A_Expenses'!E47","v":17652},{"$f":"+'App.2-G_Detailed_OM&A_Expenses'!I47","v":18535},3193,0.20812149654543077,883,5.0022660321776602E-2]
[5125,"Maintenance of Overhead Conductors and Devices",{"$f":"+'App.2-G_Detailed_OM&A_Expenses'!C48","v":60015},{"$f":"+'App.2-G_Detailed_OM&A_Expenses'!E48","v":72751},{"$f":"+'App.2-G_Detailed_OM&A_Expenses'!I48","v":104800},44785,0.74623010913938193,32049,0.44053002707866562]
[5130,"Maintenance of Overhead Services",{"$f":"+'App.2-G_Detailed_OM&A_Expenses'!C49","v":33261},{"$f":"+'App.2-G_Detailed_OM&A_Expenses'!E49","v":47473},{"$f":"+'App.2-G_Detailed_OM&A_Expenses'!I49","v":55258},21997,0.66134511890803038,7785,0.16398795104585773]
[5135,"Overhead Distribution Lines and Feeders - Right of Way",{"$f":"+'App.2-G_Detailed_OM&A_Expenses'!C50","v":21369},{"$f":"+'App.2-G_Detailed_OM&A_Expenses'!E50","v":123588},{"$f":"+'App.2-G_Detailed_OM&A_Expenses'!I50","v":137617},116248,5.4400299499274647,14029,0.11351425704760976]
[5145,"Maintenance of Underground Conduit",{"$f":"+'App.2-G_Detailed_OM&A_Expenses'!C51","v":416},{"$f":"+'App.2-G_Detailed_OM&A_Expenses'!E51","v":1818},{"$f":"+'App.2-G_Detailed_OM&A_Expenses'!I51","v":1911},1495,3.59375,93,5.1155115511551053E-2]
[5150,"Maintenance of Underground Conductors and Devices",{"$f":"+'App.2-G_Detailed_OM&A_Expenses'!C52","v":30423},{"$f":"+'App.2-G_Detailed_OM&A_Expenses'!E52","v":54469},{"$f":"+'App.2-G_Detailed_OM&A_Expenses'!I52","v":61406},30983,1.0184071261874239,6937,0.12735684517799117]
[5155,"Maintenance of Underground Services",{"$f":"+'App.2-G_Detailed_OM&A_Expenses'!C53","v":30322},{"$f":"+'App.2-G_Detailed_OM&A_Expenses'!E53","v":39810},{"$f":"+'App.2-G_Detailed_OM&A_Expenses'!I53","v":54239},23917,0.78876723171294771,14429,0.36244662145189643]
[5160,"Maintenance of Line Transformers",{"$f":"+'App.2-G_Detailed_OM&A_Expenses'!C54","v":26581},{"$f":"+'App.2-G_Detailed_OM&A_Expenses'!E54","v":16879},{"$f":"+'App.2-G_Detailed_OM&A_Expenses'!I54","v":17719},-8862,-0.3333960347616719,840,4.9765981397002168E-2]
[5165,"Maintenance of Street Lighting and Signal Systems",{"$f":"+'App.2-G_Detailed_OM&A_Expenses'!C55","v":0},{"$f":"+'App.2-G_Detailed_OM&A_Expenses'!E55","v":106},{"$f":"+'App.2-G_Detailed_OM&A_Expenses'!I55","v":0},0,"",-106,-1]
[5170,"Sentinel Lights - Labour",{"$f":"+'App.2-G_Detailed_OM&A_Expenses'!C56","v":0},{"$f":"+'App.2-G_Detailed_OM&A_Expenses'!E56","v":0},{"$f":"+'App.2-G_Detailed_OM&A_Expenses'!I56","v":0},0,"",0,""]
[5172,"Sentinel Lights - Materials and Expenses",{"$f":"+'App.2-G_Detailed_OM&A_Expenses'!C57","v":0},{"$f":"+'App.2-G_Detailed_OM&A_Expenses'!E57","v":0},{"$f":"+'App.2-G_Detailed_OM&A_Expenses'!I57","v":0},0,"",0,""]
[5175,"Maintenance of Meters",{"$f":"+'App.2-G_Detailed_OM&A_Expenses'!C58","v":0},{"$f":"+'App.2-G_Detailed_OM&A_Expenses'!E58","v":1405},{"$f":"+'App.2-G_Detailed_OM&A_Expenses'!I58","v":1470},1470,"",65,4.6263345195729499E-2]
[5178,"Customer Installations Expenses - Leased Property",{"$f":"+'App.2-G_Detailed_OM&A_Expenses'!C59","v":0},{"$f":"+'App.2-G_Detailed_OM&A_Expenses'!E59","v":0},{"$f":"+'App.2-G_Detailed_OM&A_Expenses'!I59","v":0},0,"",0,""]
[5195,"Maintenance of Other Installations on Customer Premises",{"$f":"+'App.2-G_Detailed_OM&A_Expenses'!C60","v":0},{"$f":"+'App.2-G_Detailed_OM&A_Expenses'!E60","v":0},{"$f":"+'App.2-G_Detailed_OM&A_Expenses'!I60","v":0},0,"",0,""]
["Total - Maintenance",null,{"$f":"SUM(C44:C61)","v":236301},{"$f":"SUM(D44:D61)","v":403709},{"$f":"SUM(E44:E61)","v":473838},237537,1.0052306168827045,70129,0.17371175772648129]
["Account","Description"]
["Billing and Collecting"]
[5305,"Supervision",{"$f":"+'App.2-G_Detailed_OM&A_Expenses'!C64","v":78402},{"$f":"+'App.2-G_Detailed_OM&A_Expenses'!E64","v":87305},{"$f":"+'App.2-G_Detailed_OM&A_Expenses'!I64","v":91878},{"$f":"E65-C65","v":13476},{"$f":"IF(C65=0,\"\",(E65/C65)-1)","v":0.17188337032218559},{"$f":"E65-D65","v":4573},{"$f":"IF(D65=0,\"\",(E65/D65)-1)","v":5.2379588797892396E-2}]
[5310,"Meter Reading Expense",{"$f":"+'App.2-G_Detailed_OM&A_Expenses'!C65","v":233147},{"$f":"+'App.2-G_Detailed_OM&A_Expenses'!E65","v":101937},{"$f":"+'App.2-G_Detailed_OM&A_Expenses'!I65","v":196489},-36658,-0.15723127468935905,94552,0.92755329272001341]
[5315,"Customer Billing",{"$f":"+'App.2-G_Detailed_OM&A_Expenses'!C66","v":278728},{"$f":"+'App.2-G_Detailed_OM&A_Expenses'!E66","v":276702},{"$f":"+'App.2-G_Detailed_OM&A_Expenses'!I66","v":336595},57867,0.20761100427657064,59893,0.21645307948623427]
[5320,"Collecting",{"$f":"+'App.2-G_Detailed_OM&A_Expenses'!C67","v":91467},{"$f":"+'App.2-G_Detailed_OM&A_Expenses'!E67","v":88215},{"$f":"+'App.2-G_Detailed_OM&A_Expenses'!I67","v":92851},1384,1.5131140192637726E-2,4636,5.2553420620075952E-2]
[5325,"Collecting - Cash Over and Short",{"$f":"+'App.2-G_Detailed_OM&A_Expenses'!C68","v":0},{"$f":"+'App.2-G_Detailed_OM&A_Expenses'!E68","v":0},{"$f":"+'App.2-G_Detailed_OM&A_Expenses'!I68","v":0},0,"",0,""]
[5330,"Collection Charges",{"$f":"+'App.2-G_Detailed_OM&A_Expenses'!C69","v":2112},{"$f":"+'App.2-G_Detailed_OM&A_Expenses'!E69","v":4137},{"$f":"+'App.2-G_Detailed_OM&A_Expenses'!I69","v":4220},2108,0.99810606060606055,83,2.0062847474014989E-2]
[5335,"Bad Debt Expense",{"$f":"+'App.2-G_Detailed_OM&A_Expenses'!C70","v":39767},{"$f":"+'App.2-G_Detailed_OM&A_Expenses'!E70","v":43282},{"$f":"+'App.2-G_Detailed_OM&A_Expenses'!I70","v":22701},-17066,-0.42914979757085026,-20581,-0.47550944965574604]
[5340,"Miscellaneous Customer Accounts Expenses",{"$f":"+'App.2-G_Detailed_OM&A_Expenses'!C71","v":3134},{"$f":"+'App.2-G_Detailed_OM&A_Expenses'!E71","v":3440},{"$f":"+'App.2-G_Detailed_OM&A_Expenses'!I71","v":3527},393,0.12539885130823225,87,2.5290697674418494E-2]
["Total - Billing and Collecting",null,{"$f":"SUM(C65:C72)","v":726757},{"$f":"SUM(D65:D72)","v":605018},{"$f":"SUM(E65:E72)","v":748261},21504,2.9588982287064303E-2,143243,0.23675824520923339]
["Account","Description"]
["Community Relations"]
[5405,"Supervision",{"$f":"+'App.2-G_Detailed_OM&A_Expenses'!C75","v":0},{"$f":"+'App.2-G_Detailed_OM&A_Expenses'!E75","v":0},{"$f":"+'App.2-G_Detailed_OM&A_Expenses'!I75","v":0},{"$f":"E76-C76","v":0},{"$f":"IF(C76=0,\"\",(E76/C76)-1)","v":""},{"$f":"E76-D76","v":0},{"$f":"IF(D76=0,\"\",(E76/D76)-1)","v":""}]
[5410,"Community Relations - Sundry",{"$f":"+'App.2-G_Detailed_OM&A_Expenses'!C76","v":0},{"$f":"+'App.2-G_Detailed_OM&A_Expenses'!E76","v":0},{"$f":"+'App.2-G_Detailed_OM&A_Expenses'!I76","v":0},0,"",0,""]
[5415,"Energy Conservation",{"$f":"+'App.2-G_Detailed_OM&A_Expenses'!C77","v":0},{"$f":"+'App.2-G_Detailed_OM&A_Expenses'!E77","v":1295},{"$f":"+'App.2-G_Detailed_OM&A_Expenses'!I77","v":1363},1363,"",68,5.2509652509652449E-2]
[5420,"Community Safety Program",{"$f":"+'App.2-G_Detailed_OM&A_Expenses'!C78","v":0},{"$f":"+'App.2-G_Detailed_OM&A_Expenses'!E78","v":0},{"$f":"+'App.2-G_Detailed_OM&A_Expenses'!I78","v":0},0,"",0,""]
[5425,"Miscellaneous Customer Service and Informational Expenses",{"$f":"+'App.2-G_Detailed_OM&A_Expenses'!C79","v":0},{"$f":"+'App.2-G_Detailed_OM&A_Expenses'!E79","v":0},{"$f":"+'App.2-G_Detailed_OM&A_Expenses'!I79","v":0},0,"",0,""]
[5505,"Supervision",{"$f":"+'App.2-G_Detailed_OM&A_Expenses'!C80","v":0},{"$f":"+'App.2-G_Detailed_OM&A_Expenses'!E80","v":0},{"$f":"+'App.2-G_Detailed_OM&A_Expenses'!I80","v":0},0,"",0,""]
[5510,"Demonstrating and Selling Expense",{"$f":"+'App.2-G_Detailed_OM&A_Expenses'!C81","v":0},{"$f":"+'App.2-G_Detailed_OM&A_Expenses'!E81","v":0},{"$f":"+'App.2-G_Detailed_OM&A_Expenses'!I81","v":0},0,"",0,""]
[5515,"Advertising Expenses",{"$f":"+'App.2-G_Detailed_OM&A_Expenses'!C82","v":0},{"$f":"+'App.2-G_Detailed_OM&A_Expenses'!E82","v":0},{"$f":"+'App.2-G_Detailed_OM&A_Expenses'!I82","v":0},0,"",0,""]
[5520,"Miscellaneous Sales Expense",{"$f":"+'App.2-G_Detailed_OM&A_Expenses'!C83","v":0},{"$f":"+'App.2-G_Detailed_OM&A_Expenses'!E83","v":0},{"$f":"+'App.2-G_Detailed_OM&A_Expenses'!I83","v":0},0,"",0,""]
["Total - Community Relations",null,{"$f":"SUM(C76:C84)","v":0},{"$f":"SUM(D76:D84)","v":1295},{"$f":"SUM(E76:E84)","v":1363},1363,"",68,5.2509652509652449E-2]
["Account","Description"]
["Administrative and General Expenses"]
[5605,"Executive Salaries and Expenses",{"$f":"+'App.2-G_Detailed_OM&A_Expenses'!C87","v":112640},{"$f":"+'App.2-G_Detailed_OM&A_Expenses'!E87","v":130420},{"$f":"+'App.2-G_Detailed_OM&A_Expenses'!I87","v":148982},{"$f":"E88-C88","v":36342},{"$f":"IF(C88=0,\"\",(E88/C88)-1)","v":0.32263849431818192},{"$f":"E88-D88","v":18562},{"$f":"IF(D88=0,\"\",(E88/D88)-1)","v":0.14232479681030519}]
[5610,"Management Salaries and Expenses",{"$f":"+'App.2-G_Detailed_OM&A_Expenses'!C88","v":127702},{"$f":"+'App.2-G_Detailed_OM&A_Expenses'!E88","v":135319},{"$f":"+'App.2-G_Detailed_OM&A_Expenses'!I88","v":154628},26926,0.21085026076333957,19309,0.14269245264892594]
[5615,"General Administrative Salaries and Expenses",{"$f":"+'App.2-G_Detailed_OM&A_Expenses'!C89","v":95662},{"$f":"+'App.2-G_Detailed_OM&A_Expenses'!E89","v":104649},{"$f":"+'App.2-G_Detailed_OM&A_Expenses'!I89","v":131721},36059,0.37694173234931316,27072,0.25869334632915741]
[5620,"Office Supplies and Expenses",{"$f":"+'App.2-G_Detailed_OM&A_Expenses'!C90","v":42751},{"$f":"+'App.2-G_Detailed_OM&A_Expenses'!E90","v":30892},{"$f":"+'App.2-G_Detailed_OM&A_Expenses'!I90","v":32297},-10454,-0.24453229164230073,1405,4.5481030687556601E-2]
[5625,"Administrative Expense Transferred - Credit",{"$f":"+'App.2-G_Detailed_OM&A_Expenses'!C91","v":0},{"$f":"+'App.2-G_Detailed_OM&A_Expenses'!E91","v":0},{"$f":"+'App.2-G_Detailed_OM&A_Expenses'!I91","v":0},0,"",0,""]
[5630,"Outside Services Employed",{"$f":"+'App.2-G_Detailed_OM&A_Expenses'!C92","v":160109},{"$f":"+'App.2-G_Detailed_OM&A_Expenses'!E92","v":210365},{"$f":"+'App.2-G_Detailed_OM&A_Expenses'!I92","v":214254},54145,0.33817586769013608,3889,1.8486915599077891E-2]
[5635,"Property Insurance",{"$f":"+'App.2-G_Detailed_OM&A_Expenses'!C93","v":31019},{"$f":"+'App.2-G_Detailed_OM&A_Expenses'!E93","v":35632},{"$f":"+'App.2-G_Detailed_OM&A_Expenses'!I93","v":37253},6234,0.20097359682775062,1621,4.5492815446789292E-2]
[5640,"Injuries and Damages",{"$f":"+'App.2-G_Detailed_OM&A_Expenses'!C94","v":0},{"$f":"+'App.2-G_Detailed_OM&A_Expenses'!E94","v":0},{"$f":"+'App.2-G_Detailed_OM&A_Expenses'!I94","v":0},0,"",0,""]
[5645,"OMERS Pensions and Benefits",{"$f":"+'App.2-G_Detailed_OM&A_Expenses'!C95","v":0},{"$f":"+'App.2-G_Detailed_OM&A_Expenses'!E95","v":0},{"$f":"+'App.2-G_Detailed_OM&A_Expenses'!I95","v":0},0,"",0,""]
[5646,"Employee Pensions and OPEB",{"$f":"+'App.2-G_Detailed_OM&A_Expenses'!C96","v":0},{"$f":"+'App.2-G_Detailed_OM&A_Expenses'!E96","v":0},{"$f":"+'App.2-G_Detailed_OM&A_Expenses'!I96","v":0},{"$f":"E97-C97","v":0},{"$f":"IF(C97=0,\"\",(E97/C97)-1)","v":""},{"$f":"E97-D97","v":0},{"$f":"IF(D97=0,\"\",(E97/D97)-1)","v":""}]
[5647,"Employee Sick Leave",{"$f":"+'App.2-G_Detailed_OM&A_Expenses'!C97","v":0},{"$f":"+'App.2-G_Detailed_OM&A_Expenses'!E97","v":0},{"$f":"+'App.2-G_Detailed_OM&A_Expenses'!I97","v":0},0,"",0,""]
[5650,"Franchise Requirements",{"$f":"+'App.2-G_Detailed_OM&A_Expenses'!C98","v":0},{"$f":"+'App.2-G_Detailed_OM&A_Expenses'!E98","v":0},{"$f":"+'App.2-G_Detailed_OM&A_Expenses'!I98","v":0},0,"",0,""]
[5655,"Regulatory Expenses",{"$f":"+'App.2-G_Detailed_OM&A_Expenses'!C99","v":30242},{"$f":"+'App.2-G_Detailed_OM&A_Expenses'!E99","v":21023},{"$f":"+'App.2-G_Detailed_OM&A_Expenses'!I99","v":24950},-5292,-0.17498842669135639,3927,0.18679541454597337]
[5660,"General Advertising Expenses",{"$f":"+'App.2-G_Detailed_OM&A_Expenses'!C100","v":7213},{"$f":"+'App.2-G_Detailed_OM&A_Expenses'!E100","v":5420},{"$f":"+'App.2-G_Detailed_OM&A_Expenses'!I100","v":5667},-1546,-0.21433522806044647,247,4.55719557195573E-2]
[5665,"Miscellaneous General Expenses",{"$f":"+'App.2-G_Detailed_OM&A_Expenses'!C101","v":14204},{"$f":"+'App.2-G_Detailed_OM&A_Expenses'!E101","v":11110},{"$f":"+'App.2-G_Detailed_OM&A_Expenses'!I101","v":11616},-2588,-0.18220219656434811,506,4.5544554455445585E-2]
[5670,"Rent",{"$f":"+'App.2-G_Detailed_OM&A_Expenses'!C102","v":0},{"$f":"+'App.2-G_Detailed_OM&A_Expenses'!E102","v":0},{"$f":"+'App.2-G_Detailed_OM&A_Expenses'!I102","v":0},{"$f":"E103-C103","v":0},{"$f":"IF(C103=0,\"\",(E103/C103)-1)","v":""},{"$f":"E103-D103","v":0},""]
[5672,"Lease Payment Charge",{"$f":"+'App.2-G_Detailed_OM&A_Expenses'!C103","v":0},{"$f":"+'App.2-G_Detailed_OM&A_Expenses'!E103","v":0},{"$f":"+'App.2-G_Detailed_OM&A_Expenses'!I103","v":0},0,"",0]
[5675,"Maintenance of General Plant",{"$f":"+'App.2-G_Detailed_OM&A_Expenses'!C104","v":0},{"$f":"+'App.2-G_Detailed_OM&A_Expenses'!E104","v":0},{"$f":"+'App.2-G_Detailed_OM&A_Expenses'!I104","v":0},0,"",0,""]
[5680,"Electrical Safety Authority Fees",{"$f":"+'App.2-G_Detailed_OM&A_Expenses'!C105","v":3472},{"$f":"+'App.2-G_Detailed_OM&A_Expenses'!E105","v":3542},{"$f":"+'App.2-G_Detailed_OM&A_Expenses'!I105","v":3703},231,6.6532258064516236E-2,161,4.5454545454545414E-2]
[5681,"Special Purpose Charge Expense",{"$f":"+'App.2-G_Detailed_OM&A_Expenses'!C106","v":0},{"$f":"+'App.2-G_Detailed_OM&A_Expenses'!E106","v":0},{"$f":"+'App.2-G_Detailed_OM&A_Expenses'!I106","v":0},0,"",0]
[5685,"Independent Electricity System Operator Fees and Penalties",{"$f":"+'App.2-G_Detailed_OM&A_Expenses'!C107","v":0},{"$f":"+'App.2-G_Detailed_OM&A_Expenses'!E107","v":0},{"$f":"+'App.2-G_Detailed_OM&A_Expenses'!I107","v":0},0,"",0,""]
[5695,"OM&A Contra Account",{"$f":"+'App.2-G_Detailed_OM&A_Expenses'!C108","v":0},{"$f":"+'App.2-G_Detailed_OM&A_Expenses'!E108","v":0},{"$f":"+'App.2-G_Detailed_OM&A_Expenses'!I108","v":0},0,"",0,""]
["6105/6110","Taxes - Other than Income Taxes",{"$f":"+'App.2-G_Detailed_OM&A_Expenses'!C109","v":0},{"$f":"+'App.2-G_Detailed_OM&A_Expenses'!E109","v":0},{"$f":"+'App.2-G_Detailed_OM&A_Expenses'!I109","v":0}]
[6205,"Donations",{"$f":"+'App.2-G_Detailed_OM&A_Expenses'!C110","v":1634},{"$f":"+'App.2-G_Detailed_OM&A_Expenses'!E110","v":3657},{"$f":"+'App.2-G_Detailed_OM&A_Expenses'!I110","v":1620},{"$f":"E111-C111","v":-14},{"$f":"IF(C111=0,\"\",(E111/C111)-1)","v":-8.5679314565483278E-3},{"$f":"E111-D111","v":-2037},{"$f":"IF(D111=0,\"\",(E111/D111)-1)","v":-0.55701394585726005}]
[6205,"Donations, Sub-account LEAP Funding",{"$f":"+'App.2-G_Detailed_OM&A_Expenses'!C111","v":0},{"$f":"+'App.2-G_Detailed_OM&A_Expenses'!E111","v":3172},{"$f":"+'App.2-G_Detailed_OM&A_Expenses'!I111","v":3906},3906,"",734,0.23139974779319039]
["Total - Administrative and General Expenses",null,{"$f":"SUM(C88:C112)","v":626648},{"$f":"SUM(D88:D112)","v":695201},{"$f":"SUM(E88:E112)","v":770597},143949,0.22971269356959567,75396,0.10845208795729588]
["Total OM&A",null,{"$f":"C113+C85+C73+C62+C41","v":2025472},{"$f":"D113+D85+D73+D62+D41","v":2142821},{"$f":"E113+E85+E73+E62+E41","v":2485105},459633,0.22692636580510617,342284,0.15973522753417102]
["Adjustments for non-recoverable items"]
[5681,"Special Purpose Charge Expense",null,null,null,{"$f":"E116-C116","v":0},{"$f":"IF(C116=0,\"\",(E116/C116)-1)","v":""},{"$f":"E116-D116","v":0},{"$f":"IF(D116=0,\"\",(E116/D116)-1)","v":""}]
[6205,"Donations1",null,null,null,{"$f":"E117-C117","v":0},{"$f":"IF(C117=0,\"\",(E117/C117)-1)","v":""},{"$f":"E117-D117","v":0},{"$f":"IF(D117=0,\"\",(E117/D117)-1)","v":""}]
[null,null,null,null,null,{"$f":"E118-C118","v":0},{"$f":"IF(C118=0,\"\",(E118/C118)-1)","v":""},{"$f":"E118-D118","v":0},{"$f":"IF(D118=0,\"\",(E118/D118)-1)","v":""}]
[null,null,null,null,null,{"$f":"E119-C119","v":0},{"$f":"IF(C119=0,\"\",(E119/C119)-1)","v":""},{"$f":"E119-D119","v":0},{"$f":"IF(D119=0,\"\",(E119/D119)-1)","v":""}]
[null,null,null,null,null,{"$f":"E120-C120","v":0},{"$f":"IF(C120=0,\"\",(E120/C120)-1)","v":""},{"$f":"E120-D120","v":0},{"$f":"IF(D120=0,\"\",(E120/D120)-1)","v":""}]
["Total Recoverable OM&A",null,{"$f":"C114-SUM(C116:C120)","v":2025472},{"$f":"D114-SUM(D116:D120)","v":2142821},2485105,459633,{"$f":"IF(C121=0,\"\",(E121/C121)-1)","v":0.22692636580510617},342284,{"$f":"IF(D121=0,\"\",(E121/D121)-1)","v":0.15973522753417102}]
[]
["1 Account 6205 - Donations is generally non-recoverable.  However, the sub-account LEAP funding of account 6205 is generally recoverable."]
[]
[]
["Note:"]
[]
[1,"If the applicant is adopting IFRS or an alternate accounting standard as of January 1, 2013 for financial reporting purposes, Column D \"Most Current Actual Year\" must be provided on CGAAP."]
[2,"If the applicant is adopting IFRS or an alternate accounting standard as of January 1, 2012 for financial reporting purposes, Column D \"Most Current Actual Year\" must be provided on that standard."]

{"sheet":"App.2-I_OM&A_Summary_Analys","index":29,"n_rows":59,"n_cols":12,"rows_kept":59,"cut":false,"hidden":false,"merged":[[61,1,62,5],[56,0,57,11],[8,0,8,6],[9,0,9,6],[12,7,12,8]]}
[null,null,null,null,null,null,null,null,null,null,"File Number:",{"$f":"'LDC Info'!$E$18","v":"EB-2012-0153"}]
[null,null,null,null,null,null,null,null,null,null,"Exhibit:"]
[null,null,null,null,null,null,null,null,null,null,"Tab:"]
[null,null,null,null,null,null,null,null,null,null,"Schedule:"]
[null,null,null,null,null,null,null,null,null,null,"Page:"]
[]
[null,null,null,null,null,null,null,null,null,null,"Date:"]
[]
["Appendix 2-I"]
["Summary of Recoverable OM&A Expenses"]
[]
[]
[null,{"$f":"\"Last Rebasing Year (\" & 'LDC Info'!E30 & \" BA)\"","v":"Last Rebasing Year (2009 BA)"},{"$f":"\"Last Rebasing Year (\" & 'LDC Info'!E30 & \" Actuals)\"","v":"Last Rebasing Year (2009 Actuals)"},{"$f":"'LDC Info'!E26 -2 & \" Actuals\"","v":"2010 Actuals"},{"$f":"'LDC Info'!E26 -1 & \" Actuals\"","v":"2011 Actuals"},{"$f":"'LDC Info'!E26 & \" Bridge Year\"","v":"2012 Bridge Year"},{"$f":"'LDC Info'!E28 & \" Test Year\"","v":"2013 Test Year"}]
["Reporting Basis"]
["Operations",454973,{"$f":"+'App.2-G_Detailed_OM&A_Expenses'!C40","v":435766},{"$f":"+'App.2-G_Detailed_OM&A_Expenses'!D40","v":401965},{"$f":"+'App.2-G_Detailed_OM&A_Expenses'!E40","v":437598},{"$f":"+'App.2-G_Detailed_OM&A_Expenses'!G40","v":491337},{"$f":"+'App.2-G_Detailed_OM&A_Expenses'!I40","v":491046}]
["Maintenance",199133,{"$f":"+'App.2-G_Detailed_OM&A_Expenses'!C61","v":236301},{"$f":"+'App.2-G_Detailed_OM&A_Expenses'!D61","v":343732},{"$f":"+'App.2-G_Detailed_OM&A_Expenses'!E61","v":403709},{"$f":"+'App.2-G_Detailed_OM&A_Expenses'!G61","v":437247},{"$f":"+'App.2-G_Detailed_OM&A_Expenses'!I61","v":473838}]
["SubTotal",{"$f":"SUM(B15:B16)","v":654106},{"$f":"SUM(C15:C16)","v":672067},745697,841307,928584,964884]
["%Change (year over year)",null,null,{"$f":"IF(ISERROR((D17-C17)/C17), \"\", (D17-C17)/C17)","v":0.10955752923443644},{"$f":"IF(ISERROR((E17-D17)/D17), \"\", (E17-D17)/D17)","v":0.12821561572595841},0.10373977632421934,3.9091778449768681E-2]
["%Change (Test Year vs \nLast Rebasing Year - Actual)",null,null,null,null,null,{"$f":"IF(ISERROR((G17-C17)/C17), \"\", (G17-C17)/C17)","v":0.43569614339046553}]
["Billing and Collecting",749870,{"$f":"+'App.2-G_Detailed_OM&A_Expenses'!C72","v":726757},{"$f":"+'App.2-G_Detailed_OM&A_Expenses'!D72","v":584167},{"$f":"+'App.2-G_Detailed_OM&A_Expenses'!E72","v":605018},{"$f":"+'App.2-G_Detailed_OM&A_Expenses'!G72","v":595833},{"$f":"+'App.2-G_Detailed_OM&A_Expenses'!I72","v":748261}]
["Community Relations",{"$f":"+'App.2-G_Detailed_OM&A_Expenses'!C84","v":0},{"$f":"+'App.2-G_Detailed_OM&A_Expenses'!C84","v":0},{"$f":"+'App.2-G_Detailed_OM&A_Expenses'!D84","v":1237},{"$f":"+'App.2-G_Detailed_OM&A_Expenses'!E84","v":1295},{"$f":"+'App.2-G_Detailed_OM&A_Expenses'!G84","v":1323},{"$f":"+'App.2-G_Detailed_OM&A_Expenses'!I84","v":1363}]
["Administrative and General",{"$f":"627638+2703","v":630341},{"$f":"+'App.2-G_Detailed_OM&A_Expenses'!C112","v":626648},{"$f":"+'App.2-G_Detailed_OM&A_Expenses'!D112","v":724098},{"$f":"+'App.2-G_Detailed_OM&A_Expenses'!E112","v":695201},{"$f":"+'App.2-G_Detailed_OM&A_Expenses'!G112","v":767486},{"$f":"+'App.2-G_Detailed_OM&A_Expenses'!I112","v":770597}]
["SubTotal",{"$f":"SUM(B20:B22)","v":1380211},{"$f":"SUM(C20:C22)","v":1353405},1309502,1301514,1364642,1520221]
["%Change (year over year)",null,null,{"$f":"IF(ISERROR((D23-C23)/C23), \"\", (D23-C23)/C23)","v":-3.243892256937133E-2},{"$f":"IF(ISERROR((E23-D23)/D23), \"\", (E23-D23)/D23)","v":-6.1000288659352944E-3},{"$f":"IF(ISERROR((F23-E23)/E23), \"\", (F23-E23)/E23)","v":4.8503512063642805E-2},{"$f":"IF(ISERROR((G23-F23)/F23), \"\", (G23-F23)/F23)","v":0.11400719016416028}]
["%Change (Test Year vs \nLast Rebasing Year - Actual)",null,null,null,null,null,{"$f":"IF(ISERROR((G23-C23)/C23), \"\", (G23-C23)/C23)","v":0.12325652705583325}]
["Total",{"$f":"SUM(B23,B17)","v":2034317},{"$f":"SUM(C23,C17)","v":2025472},2055199,2142821,2293226,2485105]
["%Change (year over year)",null,null,{"$f":"IF(ISERROR((D26-C26)/C26), \"\", (D26-C26)/C26)","v":1.4676579088725985E-2},{"$f":"IF(ISERROR((E26-D26)/D26), \"\", (E26-D26)/D26)","v":4.2634314244022115E-2},{"$f":"IF(ISERROR((F26-E26)/E26), \"\", (F26-E26)/E26)","v":7.0190183874434681E-2},{"$f":"IF(ISERROR((G26-F26)/F26), \"\", (G26-F26)/F26)","v":8.3672084652799156E-2}]
[]
[]
[null,{"$f":"B13","v":"Last Rebasing Year (2009 BA)"},{"$f":"C13","v":"Last Rebasing Year (2009 Actuals)"},"2010 Actuals","2011 Actuals","2012 Bridge Year","2013 Test Year"]
["Operations",{"$f":"B15","v":454973},{"$f":"C15","v":435766},401965,437598,491337,491046]
["Maintenance",{"$f":"B16","v":199133},{"$f":"C16","v":236301},343732,403709,437247,473838]
["Billing and Collecting",{"$f":"B20","v":749870},{"$f":"C20","v":726757},584167,605018,595833,748261]
["Community Relations",{"$f":"B21","v":0},{"$f":"C21","v":0},1237,1295,1323,1363]
["Administrative and General",{"$f":"B22","v":630341},{"$f":"C22","v":626648},724098,695201,767486,770597]
["Total",{"$f":"SUM(B31:B35)","v":2034317},{"$f":"SUM(C31:C35)","v":2025472},2055199,2142821,2293226,2485105]
["%Change (year over year)",null,null,{"$f":"IF(ISERROR((D36-C36)/C36), \"\", (D36-C36)/C36)","v":1.4676579088725985E-2},{"$f":"IF(ISERROR((E36-D36)/D36), \"\", (E36-D36)/D36)","v":4.2634314244022115E-2},{"$f":"IF(ISERROR((F36-E36)/E36), \"\", (F36-E36)/E36)","v":7.0190183874434681E-2},{"$f":"IF(ISERROR((G36-F36)/F36), \"\", (G36-F36)/F36)","v":8.3672084652799156E-2}]
[]
[]
[null,{"$f":"B13","v":"Last Rebasing Year (2009 BA)"},{"$f":"C13","v":"Last Rebasing Year (2009 Actuals)"},{"$f":"\"Variance \" & 'LDC Info'!E30 & \"  BA – \" & 'LDC Info'!E30 & \" Actuals\"","v":"Variance 2009  BA – 2009 Actuals"},{"$f":"D13","v":"2010 Actuals"},{"$f":"\"Variance \" & 'LDC Info'!E26 -2 & \" Actuals vs. \" &  'LDC Info'!E30 & \" Actuals\"","v":"Variance 2010 Actuals vs. 2009 Actuals"},{"$f":"E13","v":"2011 Actuals"},{"$f":"\"Variance \" & 'LDC Info'!E26 -1 & \" Actuals vs. \" &  'LDC Info'!E26-2 & \" Actuals\"","v":"Variance 2011 Actuals vs. 2010 Actuals"},{"$f":"F13","v":"2012 Bridge Year"},{"$f":"\"Variance \" & 'LDC Info'!E26 & \" Bridge vs. \" & 'LDC Info'!E26 -1 & \" Actuals\"","v":"Variance 2012 Bridge vs. 2011 Actuals"},{"$f":"G13","v":"2013 Test Year"},{"$f":"\"Variance \" & 'LDC Info'!E28 & \" Test vs. \" & 'LDC Info'!E26 & \" Bridge\"","v":"Variance 2013 Test vs. 2012 Bridge"}]
["Operations",{"$f":"B15","v":454973},435766,{"$f":"B41-C41","v":19207},{"$f":"D15","v":401965},{"$f":"E41-C41","v":-33801},{"$f":"E15","v":437598},{"$f":"G41-E41","v":35633},{"$f":"F15","v":491337},{"$f":"I41-G41","v":53739},{"$f":"G15","v":491046},{"$f":"K41-I41","v":-291}]
["Maintenance ",199133,236301,{"$f":"B42-C42","v":-37168},{"$f":"D16","v":343732},{"$f":"E42-C42","v":107431},{"$f":"E16","v":403709},{"$f":"G42-E42","v":59977},{"$f":"F16","v":437247},33538,{"$f":"G16","v":473838},36591]
["Billing and Collecting ",{"$f":"B20","v":749870},726757,23113,{"$f":"D20","v":584167},-142590,{"$f":"E20","v":605018},20851,{"$f":"F20","v":595833},-9185,{"$f":"G20","v":748261},152428]
["Community Relations ",0,0,0,{"$f":"D21","v":1237},1237,{"$f":"E21","v":1295},58,{"$f":"F21","v":1323},28,{"$f":"G21","v":1363},40]
["Administrative and General ",630341,626648,3693,724098,97450,695201,-28897,767486,72285,770597,3111]
["Total OM&A Expenses ",{"$f":"SUM(B41:B45)","v":2034317},{"$f":"SUM(C41:C45)","v":2025472},8845,2055199,29727,2142821,87622,2293226,150405,2485105,191879]
["Variance from previous year ",null,null,null,{"$f":"E46-C46","v":29727},null,{"$f":"G46-E46","v":87622},null,{"$f":"I46-G46","v":150405},null,{"$f":"K46-I46","v":191879}]
["Percent change (year over year) ",null,null,null,{"$f":"IF(ISERROR(E47/C46), \"\", E47/C46)","v":1.4676579088725985E-2},null,{"$f":"IF(ISERROR(G47/E46), \"\", G47/E46)","v":4.2634314244022115E-2},null,{"$f":"IF(ISERROR(I47/G46), \"\", I47/G46)","v":7.0190183874434681E-2},null,{"$f":"IF(ISERROR(K47/I46), \"\", K47/I46)","v":8.3672084652799156E-2}]
["Percent Change:                                                    Test year vs. Most Current Actual ",null,null,null,null,null,{"$f":"IF(ISERROR((K46-G46)/G46), \"\", (K46-G46)/G46)","v":0.15973522753417108}]
["Simple average of % variance for all years",null,null,null,null,null,{"$f":"IF(ISERROR((K46-C46)/C46), \"\", (K46-C46)/C46)","v":0.22692636580510617},null,null,null,null,{"$f":"IF(ISERROR(AVERAGE(E48,G48,I48,K48)), \"\", AVERAGE(E48,G48,I48,K48))","v":5.2793290464995486E-2}]
["Compound Annual Growth Rate for all years",null,null,null,null,null,{"$f":"IF(ISERROR((K47-C47)/C47), \"\", (K47-C47)/C47)","v":""},null,null,null,null,{"$f":"IF((K46-C46)=0, \"\", (K46/C46)^(1/5)-1)","v":4.1750457486091852E-2}]
[{"$f":"\"Compound Growth Rate                                                            (\" & E13 & \" vs. \" & 'LDC Info'!E30 & \" Actuals)\"","v":"Compound Growth Rate                                                            (2011 Actuals vs. 2009 Actuals)"},null,null,null,null,null,{"$f":"IF(ISERROR((G46/C46)^(1/(2010-2008)) - 1), \"\", (G46-C46)/C46)","v":5.7936619217644085E-2}]
[]
["Note:"]
[]
["1     \"BA\" = Board-Approved"]
["2     If it has been more than three years since the applicant last filed a cost of service application, additional years of historical actuals should be incorporated into the table, as necessary, to go back to the last cost of service application.  If the applicant last filed a cost of service application less than three years ago, a minimum of three years of actual information is required."]
[]
["3     Recoverable OM&A that is included on these tables should be identical to the recoverable OM&A that is shown for the corresponding periods on Appendix 2-H."]

{"sheet":"App.2-J_OM&A_Cost _Drivers","index":30,"n_rows":42,"n_cols":7,"rows_kept":42,"cut":false,"hidden":false,"merged":[[9,0,9,6],[10,0,10,6],[37,1,40,6],[41,1,42,6]]}
[null,null,null,null,null,"File Number:",{"$f":"'LDC Info'!$E$18","v":"EB-2012-0153"}]
[null,null,null,null,null,"Exhibit:"]
[null,null,null,null,null,"Tab:"]
[null,null,null,null,null,"Schedule:"]
[null,null,null,null,null,"Page:"]
[]
[null,null,null,null,null,"Date:"]
[]
[]
["Appendix 2-J"]
["OM&A Cost Driver Table"]
[]
["OM&A",{"$f":"\"Last Rebasing Year (\" & 'LDC Info'!E30 & \" Actuals)\"","v":"Last Rebasing Year (2009 Actuals)"},"2009 Actuals",{"$f":"'LDC Info'!E26 -2 & \" Actuals\"","v":"2010 Actuals"},{"$f":"'LDC Info'!E26 -1 & \" Actuals\"","v":"2011 Actuals"},{"$f":"'LDC Info'!E26 & \" Bridge Year\"","v":"2012 Bridge Year"},{"$f":"'LDC Info'!E28 & \" Test Year\"","v":"2013 Test Year"}]
["Reporting Basis"]
["Opening Balance",1935793,{"$f":"B31","v":2025472},{"$f":"B31","v":2025472},{"$f":"D31","v":2055199},{"$f":"E31","v":2142821},2293226]
["Staffing ( Wages & Benefits)",64777,123954,123954,48475,150212,{"$f":"-2319+16600+57859","v":72140}]
["Shift in Labour Costs to Capital",-4146,-72101,-72101,-90862]
["Materials and Expenses"]
["Maintenance Materials & Services",-24085,33280,33280,51422,-23360]
["Shift in Overhead Materials & Services to Capital",-3309,-14855,-14855,-19781]
["Bad Debt Expense",null,-14637,-14637,18151,-21134]
["Regulatory",10998,-30036,-30036,15609,17577,3750]
["Third Party Services",3857,-11336,-11336,35215,-1566,-24067]
["Management Fees ( based on Union Employees payroll)",7631,-3952,-3952,18600,15747,-1984]
["Accounting Method Change - Regulatory",null,null,null,5357]
["Administration Materials And Services",16201]
["Smart Meter Costs",null,null,null,null,null,{"$f":"135773","v":135773}]
["Other",{"$f":"'App.2-G_Detailed_OM&A_Expenses'!C120-SUM(B15:B27)","v":17755},{"$f":"'App.2-G_Detailed_OM&A_Expenses'!E120-SUM(C15:C27)","v":107032},{"$f":"'App.2-G_Detailed_OM&A_Expenses'!D120-SUM(D15:D27)","v":19410},{"$f":"'App.2-G_Detailed_OM&A_Expenses'!E120-SUM(E15:E27)","v":5436},{"$f":"'App.2-G_Detailed_OM&A_Expenses'!G120-SUM(F15:F27)","v":12929},{"$f":"'App.2-G_Detailed_OM&A_Expenses'!I120-SUM(G15:G27)","v":6267}]
["etc."]
[]
["Closing Balance",{"$f":"SUM(B15:B30)","v":2025472},{"$f":"SUM(C15:C30)","v":2142821},2055199,2142821,2293226,2485105]
[null,{"$f":"'App.2-G_Detailed_OM&A_Expenses'!C120-B31","v":0},{"$f":"'App.2-G_Detailed_OM&A_Expenses'!D120-C31","v":-87622},{"$f":"'App.2-G_Detailed_OM&A_Expenses'!D120-D31","v":0}]
["Notes:"]
[]
[1,"For each year, a detailed explanation for each cost driver and associated amount is"]
[null,"required."]
[2,"The closing balance for each year becomes the opening balance for the next year."]
[3,"If it has been more than three years since the applicant last filed a cost of service application, additional years of historical actuals should be incorporated into the table, as necessary, to go back to the last cost of service application.  If the applicant last filed a cost of service application less than three years ago, a minimum of three years of actual information is required."]
[]
[]
[]
[4,"Opening Balance for \"Last Rebasing Year\" (cell B15) should be equal to the Board-Approved amount."]

{"sheet":"App.2-K_Employee Costs","index":31,"n_rows":92,"n_cols":7,"rows_kept":92,"cut":false,"hidden":false,"merged":[[37,0,37,6],[43,0,43,6],[9,0,9,6],[73,0,73,6],[79,0,79,6],[49,0,49,6],[55,0,55,6],[61,0,61,6],[67,0,67,6],[8,0,8,6],[13,0,13,6],[19,0,19,6],[25,0,25,6],[31,0,31,6]]}
[null,null,null,null,null,"File Number:",{"$f":"'LDC Info'!$E$18","v":"EB-2012-0153"}]
[null,null,null,null,null,"Exhibit:"]
[null,null,null,null,null,"Tab:"]
[null,null,null,null,null,"Schedule:"]
[null,null,null,null,null,"Page:"]
[]
[null,null,null,null,null,"Date:"]
[]
["Appendix 2-K"]
["Employee Costs"]
[]
[null,{"$f":"\"Last Rebasing Year (\" & 'LDC Info'!E30 & \" Board-Approved)\"","v":"Last Rebasing Year (2009 Board-Approved)"},{"$f":"\"Last Rebasing Year (\" & 'LDC Info'!E30 & \" Actuals)\"","v":"Last Rebasing Year (2009 Actuals)"},{"$f":"'LDC Info'!E26 -2 & \" Actuals\"","v":"2010 Actuals"},{"$f":"'LDC Info'!E26 -1 & \" Actuals\"","v":"2011 Actuals"},{"$f":"'LDC Info'!E26 & \" Bridge Year\"","v":"2012 Bridge Year"},{"$f":"'LDC Info'!E28 & \" Test Year\"","v":"2013 Test Year"}]
["Reporting Basis"]
["Number of Employees (FTEs including Part-Time)1"]
["Executive"]
["Management",4.2,4.2,4.1500000000000004,4.2,4.2,4.2]
["Non-Union"]
["Union",12.08,11.6,11.5,12.9,14.6,14.6]
["Total",{"$f":"SUM(B15:B18)","v":16.28},15.8,15.65,17.100000000000001,18.8,18.8]
["Number of Part-Time Employees"]
["Executive"]
["Management"]
["Non-Union"]
["Union"]
["Total",{"$f":"SUM(B21:B24)","v":0},0,0,0,0,0]
["Total Salary and Wages"]
["Executive"]
["Management",269021,315304,332470,323953,333672,343682]
["Non-Union"]
["Union",869607,675891,661632,779772,883227,{"$f":"872224+50055","v":922279}]
["Total",{"$f":"SUM(B27:B30)","v":1138628},991195,994102,1103725,1216899,1265961]
["Current Benefits"]
["Executive"]
["Management",53000,78905,221568,97438,100351,{"$f":"103361+4856","v":108217}]
["Non-Union"]
["Union",null,179270,157594,225162,254310,{"$f":"249940+11585+8808.8","v":270333.8}]
["Total",{"$f":"SUM(B33:B36)","v":53000},258175,379162,322600,354661,378550.8]
["Accrued Pension and Post-Retirement Benefits"]
["Executive"]
["Management",null,6506,3566,1272,5957,5991]
["Non-Union"]
["Union",null,9000,12000,9708,10000,10000]
["Total",{"$f":"SUM(B39:B42)","v":0},15506,15566,10980,15957,15991]
["Total Benefits (Current + Accrued)"]
["Executive",{"$f":"B33+B39","v":0},0,0,0,0,0]
["Management",53000,85411,225134,98710,106308,114208]
["Non-Union",0,0,0,0,0,0]
["Union",0,188270,169594,234870,264310,280333.8]
["Total",53000,273681,394728,333580,370618,394541.8]
["Total Compensation (Salary, Wages, & Benefits)"]
["Executive",{"$f":"B27+B45","v":0},0,0,0,0,0]
["Management",322021,400715,557604,422663,439980,457890]
["Non-Union",0,0,0,0,0,0]
["Union",869607,864161,831226,1014642,1147537,1202612.8]
["Total",1191628,1264876,1388830,1437305,1587517,1660502.8]
["Compensation - Average Yearly Base Wages"]
["Executive"]
["Management",{"$f":"+B28/B16","v":64052.619047619046},{"$f":"+C28/C16","v":75072.380952380947},80113.253012048182,77131.666666666657,79445.714285714275,81829.047619047618]
["Non-Union"]
["Union",{"$f":"+B30/B18","v":71987.334437086087},58266.465517241384,57533.217391304344,60447.441860465115,60495,63169.794520547948]
["Total"]
["Compensation - Average Yearly Overtime"]
["Executive"]
["Management"]
["Non-Union"]
["Union",null,5999,4543,4377,4400,4400]
["Total"]
["Compensation - Average Yearly Incentive Pay"]
["Executive"]
["Management",null,null,3494,4699,4840,4985]
["Non-Union"]
["Union"]
["Total"]
["Compensation - Average Yearly Benefits"]
["Executive"]
["Management",null,{"$f":"+C46/C16","v":20335.952380952382},{"$f":"+D46/D16","v":54249.156626506017},23502.38095238095,25311.428571428569,27192.38095238095]
["Non-Union"]
["Union",null,{"$f":"+C48/C18","v":16230.172413793103},14747.304347826086,18206.976744186046,18103.424657534248,19200.945205479453]
["Total"]
[]
["Total Compensation",{"$f":"SUM(B51:B54)","v":1191628},1264876,1388830,1437305,1587517,1660502.8]
["Total Compensation Capitalized (CGAAP)",null,65105,137205,228068,{"$f":"1587517-1325962","v":261555}]
["Total Compensation Charged to OM&A (CGAAP)",{"$f":"B81-B82","v":1191628},{"$f":"C81-C82","v":1199771},{"$f":"D81-D82","v":1251625},{"$f":"E81-E82","v":1209237},{"$f":"F81-F82","v":1325962}]
[]
["Total Compensation Capitalized (MIFRS)",null,null,null,{"$f":"E82","v":228068},{"$f":"F82","v":261555},{"$f":"F85/F81*G81","v":273579.9426739997}]
["Total Compensation Charged to OM&A (MIFRS)",null,null,null,{"$f":"E81-E85","v":1209237},{"$f":"F81-F85","v":1325962},{"$f":"G81-G85","v":1386922.8573260005}]
[]
[]
["1 If an applicant wishes to use headcount, it must also file the same schedule on an FTE basis."]
[]
["Note:"]
["1   Please report compensation on a CGAAP and MIFRS basis for your transition year."]

{"sheet":"App.2-L_OM&A_per_Cust_FTEE","index":32,"n_rows":29,"n_cols":8,"rows_kept":29,"cut":false,"hidden":false,"merged":[[8,0,8,7],[9,0,9,7],[28,1,29,6],[22,1,25,6],[26,1,26,6],[27,1,27,6],[15,0,15,1],[16,0,16,1],[17,0,17,1],[18,0,18,1],[13,0,13,1],[14,0,14,1],[12,0,12,1]]}
[null,null,null,null,null,null,"File Number:",{"$f":"'LDC Info'!$E$18","v":"EB-2012-0153"}]
[null,null,null,null,null,null,"Exhibit:"]
[null,null,null,null,null,null,"Tab:"]
[null,null,null,null,null,null,"Schedule:"]
[null,null,null,null,null,null,"Page:"]
[]
[null,null,null,null,null,null,"Date:"]
[]
["Appendix 2-L"]
["Recoverable OM&A Cost per Customer and per FTEE"]
[]
[null,null,{"$f":"\"Last Rebasing Year (\" & 'LDC Info'!E30 & \" Board-Approved)\"","v":"Last Rebasing Year (2009 Board-Approved)"},{"$f":"\"Last Rebasing Year (\" & 'LDC Info'!E30 & \" Actuals)\"","v":"Last Rebasing Year (2009 Actuals)"},{"$f":"'LDC Info'!E26 -2 & \" Actuals\"","v":"2010 Actuals"},{"$f":"'LDC Info'!E26 -1 & \" Actuals\"","v":"2011 Actuals"},{"$f":"'LDC Info'!E26 & \" Bridge Year\"","v":"2012 Bridge Year"},{"$f":"'LDC Info'!E28 & \" Test Year\"","v":"2013 Test Year"}]
["Reporting Basis"]
["Number of Customers",null,6072,6072,6072,6072,6072,6072]
["Total Recoverable OM&A from Appendix 2-I",null,{"$f":"+'App.2-I_OM&A_Summary_Analys'!B36","v":2034317},{"$f":"+'App.2-I_OM&A_Summary_Analys'!C36","v":2025472},{"$f":"+'App.2-I_OM&A_Summary_Analys'!D36","v":2055199},{"$f":"+'App.2-I_OM&A_Summary_Analys'!E36","v":2142821},{"$f":"+'App.2-I_OM&A_Summary_Analys'!F36","v":2293226},{"$f":"+'App.2-I_OM&A_Summary_Analys'!G36","v":2485105}]
["OM&A cost per customer",null,{"$f":"IF(C14=0,\"\",C15/C14)","v":335.03244400527007},333.57575757575756,338.47150856389987,352.90200922266138,377.67226613965744,409.27289196310937]
["Number of FTEEs",null,{"$f":"+'App.2-K_Employee Costs'!B19","v":16.28},{"$f":"+'App.2-K_Employee Costs'!C19","v":15.8},{"$f":"+'App.2-K_Employee Costs'!D19","v":15.65},{"$f":"+'App.2-K_Employee Costs'!E19","v":17.100000000000001},{"$f":"+'App.2-K_Employee Costs'!F19","v":18.8},{"$f":"+'App.2-K_Employee Costs'!G19","v":18.8}]
["Customers/FTEEs",null,{"$f":"IF(C17=0,\"\",C14/C17)","v":372.97297297297297},384.30379746835439,387.98722044728436,355.08771929824559,322.97872340425533,322.97872340425533]
["OM&A Cost per FTEE",null,{"$f":"IF(C17=0,\"\",C15/C17)","v":124958.04668304668},128194.43037974683,131322.61980830671,125311.16959064326,121980.10638297872,132186.43617021275]
[]
["Notes:"]
[]
[1,"If it has been more than three years since the applicant last filed a cost of service application, additional years of historical actuals should be incorporated into the table, as necessary, to go back to the last cost of service application.  If the applicant last filed a cost of service application less than three years ago, a minimum of three years of actual information is required."]
[]
[]
[]
[2,"The method of calculating the number of customers must be identified."]
[3,"The method of calculating the number of FTEEs must be identified.  See also Appendix 2-K"]
[4,"The number of customers and the number of FTEEs should correspond to mid-year or average of January 1 and December 31 figures."]

{"sheet":"App.2-M_Regulatory_Costs","index":33,"n_rows":45,"n_cols":12,"rows_kept":45,"cut":false,"hidden":false,"merged":[[12,0,12,1],[13,0,13,1],[8,0,8,10],[9,0,9,10]]}
[null,null,null,null,null,null,null,null,null,"File Number:",{"$f":"'LDC Info'!$E$18","v":"EB-2012-0153"}]
[null,null,null,null,null,null,null,null,null,"Exhibit:"]
[null,null,null,null,null,null,null,null,null,"Tab:"]
[null,null,null,null,null,null,null,null,null,"Schedule:"]
[null,null,null,null,null,null,null,null,null,"Page:"]
[]
[null,null,null,null,null,null,null,null,null,"Date:"]
[]
["Appendix 2-M"]
["Regulatory Cost Schedule"]
[null,null,null,null,"On-Going"]
[null,null,null,null,"On-Time"]
["Regulatory Cost Category",null,"USoA Account","USoA Account Balance","Ongoing or One-time Cost? 2",{"$f":"\"Last Rebasing Year (\" & 'LDC Info'!E30 & \" Board Approved)\"","v":"Last Rebasing Year (2009 Board Approved)"},"Most Current Actuals               Year 2011",{"$f":"'LDC Info'!E26 & \" Bridge Year\"","v":"2012 Bridge Year"},"Annual % Change",{"$f":"'LDC Info'!E28 & \" Test Year\"","v":"2013 Test Year"},"Annual % Change"]
["(A)",null,"(B)","(C )","(D)","(E)","(F)","(G)","(H) = [(G)-(F)]/(F)","(I)","(J) = [(I)-(G)]/(G)"]
[1,"OEB Annual Assessment",5655,null,"On-Going",16000,16959,17000,{"$f":"IF(G15=0,\"\",(H15-G15)/G15)","v":2.4175953770859131E-3},17000,{"$f":"IF(H15=0,\"\",(J15-H15)/H15)","v":0}]
[2,"OEB Section 30 Costs (Applicant-originated)",null,null,null,null,null,null,{"$f":"IF(G16=0,\"\",(H16-G16)/G16)","v":""},null,{"$f":"IF(H16=0,\"\",(J16-H16)/H16)","v":""}]
[3,"OEB Section 30 Costs (OEB-initiated)",5655,null,"On-Going",1075,850,900,5.8823529411764705E-2,900,0]
[4,"Expert Witness costs for regulatory matters",null,null,null,null,null,null,"",null,""]
[5,"Legal costs for regulatory matters",null,null,null,null,null,null,"",null,""]
[6,"Consultants' costs for regulatory matters",5630,null,"On-Going",8925,15100,7500,-0.50331125827814571,7500,0]
[7,"Operating expenses associated with staff resources allocated to regulatory matters",null,null,null,null,null,null,"",null,""]
[8,"Operating expenses associated with other resources allocated to regulatory matters 1",null,null,null,null,null,null,"",null,""]
[9,"Other regulatory agency fees or assessments",5655,null,"On-Going",800,800,800,0,800,0]
[10,"Any other costs for regulatory matters (please define) Publication Costs",5655,null,null,null,2414,2500,3.5625517812758904E-2,2500,0]
[10,"Any other costs for regulatory matters (please define) Consultants for Cost of Service Application","5630-0003",null,"On-Time",20000,null,25000,null,25000,0]
[11,"Intervenor costs",5655,null,"On-Time",3750,null,null,"",3750,"","Adjusted for 1/4 I think?"]
[12,"Sub-total - Ongoing Costs 3",null,{"$f":"SUMIF($E15:$E26,$E11,D15:D26)","v":0},null,{"$f":"SUMIF($E15:$E26,$E11,F15:F26)","v":26800},{"$f":"SUMIF($E15:$E26,$E11,G15:G26)","v":33709},{"$f":"SUMIF($E15:$E26,$E11,H15:H26)","v":26200},-0.22275950043015219,{"$f":"SUMIF($E15:$E26,$E11,J15:J26)","v":26200},0]
[13,"Sub-total - One-time Costs 4",null,{"$f":"SUMIF($E15:$E26,$E12,D15:D26)","v":0},null,{"$f":"SUMIF($E15:$E26,$E12,F15:F26)","v":23750},{"$f":"SUMIF($E15:$E26,$E12,G15:G26)","v":0},{"$f":"SUMIF($E15:$E26,$E12,H15:H26)","v":25000},"",{"$f":"SUMIF($E15:$E26,$E12,J15:J26)","v":28750},0.15]
[14,"Total",null,{"$f":"D27+D28","v":0},null,{"$f":"F27+F28","v":50550},{"$f":"G27+G28","v":33709},{"$f":"H27+H28","v":51200},0.51888219763267973,{"$f":"J27+J28","v":54950},7.32421875E-2]
[]
[]
["1","Please identify the resources involved."]
["2","Where a category's costs include both one-time and ongoing costs, the applicant should prove a separate breakdown between one-time and ongoing costs."]
["3","Sum of all ongoing costs identified in rows 1 to 11 inclusive."]
["4","Sum of all one-time costs identified in rows 1 to 11 inclusive."]
[]
[]
["Please fill out the following table for all one-time costs related to this cost of service application"]
[]
[null,null,"Historical Year(s)",{"$f":"H13","v":"2012 Bridge Year"},{"$f":"J13","v":"2013 Test Year"}]
[4,"Expert Witness costs for regulatory matters",null,{"$f":"H18","v":0},{"$f":"J18","v":0}]
[6,"Consultants' costs for regulatory matters",null,{"$f":"H20","v":7500},{"$f":"J20","v":7500}]
[7,"Operating expenses associated with staff resources allocated to regulatory matters",null,{"$f":"H21","v":0},{"$f":"J21","v":0}]
[8,"Operating expenses associated with other resources allocated to regulatory matters 1",null,{"$f":"H22","v":0},{"$f":"J22","v":0}]
[11,"Intervenor costs",null,{"$f":"H26","v":0},{"$f":"J26","v":3750}]

{"sheet":"App.2-N_Corp_Cost_Allocation","index":34,"n_rows":43,"n_cols":7,"rows_kept":43,"cut":false,"hidden":false,"merged":[[13,0,13,5],[8,0,8,5],[9,0,9,5],[42,1,43,5],[16,0,17,0],[16,1,17,1],[15,2,17,2],[15,3,17,3],[15,0,15,1],[15,4,16,4],[15,5,16,5],[15,6,16,6],[29,0,29,1],[29,2,31,2],[29,3,31,3],[29,5,30,5],[29,4,30,4],[30,0,31,0],[30,1,31,1],[27,0,27,5]]}
[null,null,null,null,null,"File Number:",{"$f":"'LDC Info'!$E$18","v":"EB-2012-0153"}]
[null,null,null,null,null,"Exhibit:"]
[null,null,null,null,null,"Tab:"]
[null,null,null,null,null,"Schedule:"]
[null,null,null,null,null,"Page:"]
["Martin - See Next Tab - Is this OK compared to individual worksheet for each year"]
[null,null,null,null,null,"Date:"]
[]
["Appendix 2-N"]
["Shared Services and Corporate Cost Allocation"]
[]
[null,"Year:"]
[]
["Shared Services"]
[]
["Name of Company",null,"Service Offered","Pricing Methdology","Price for the Service","Cost for the Service"]
["From","To"]
[null,null,null,null,"$","$"]
[]
[]
[]
[]
[]
[]
[]
[]
[]
["Corporate Cost Allocation"]
[]
["Name of Company",null,"Service Offered","Pricing Methdology","% of Corporate Costs Allocated","Amount Allocated"]
["From","To"]
[null,null,null,null,"%","$"]
["eg: parent company","eg: regulated entity"]
[]
[]
[]
[]
[]
[]
[]
[]
["Note: "]
[1,"This appendix must be completed in relation to each service provided or received for the Historical (actuals), Bridge and Test years."]

{"sheet":"App 2-N Original","index":35,"n_rows":34,"n_cols":14,"rows_kept":34,"cut":false,"hidden":false,"merged":[[33,1,34,12],[13,11,14,11],[13,12,14,12],[8,1,8,12],[9,1,9,12],[14,1,15,1],[14,2,15,2],[13,3,15,3],[13,4,15,4],[13,1,13,2],[13,8,14,8]]}
[null,null,null,null,null,null,null,null,null,null,null,"File Number:"]
[null,null,null,null,null,null,null,null,null,null,null,"Exhibit:"]
[null,null,null,null,null,null,null,null,null,null,null,"Tab:"]
[null,null,null,null,null,null,null,null,null,null,null,"Schedule:"]
[null,null,null,null,null,null,null,null,null,null,null,"Page:"]
[]
[null,null,null,null,null,null,null,null,null,null,null,"Date:"]
[]
[null,"Appendix 2-L"]
[null," "]
[]
[null,null,null,"Year:","2008 to 2013"]
[]
[null,"Name of Company",null,"Service Offered","Pricing Methdology",null,null,null,"Actual 2009",null,null,"Bridge 2012","Test 2013"]
[null,"From","To",null,null,"Allocation","G/L Account","Actual 2008",null,"Actual 2010","Actual 2011"]
[]
[null,"Part 1 - Costs subject to Management Fees as per Services Agreement ( CTS&NOW)"]
[null,"CTS","NOW Inc.","Wages and Benefits","Actual Costs","Based on Timesheet and position occupied. ","Various  - as per USoA",810189,870460,845779,1012973,1145868.344,1130494.46432,"check if changes to Labour schedules"]
[null,"NOW Inc.","CTS","CREDIT - FOR SERVICES PROVIDED BY NOW MANAGEMENT EMPLOYEES TO CTS",null,null,"5605 & 5615",-78235,-78949,-82451,-93496,-96300.88,-99189.906400000007,0.03]
[null,"CTS","Office Rental","Office Rental","Share of Actual Costs  - ","based on Square Footage occupied/ Usage of facilties  by NOW Activity","various- allocate to Billing & Collecting and Admin accounts",35593,32615,33996,34400,35088,36140.639999999999,0.03]
[null,"CTS","Service Centre Rental","Service Centre Rental","Share of Actual Costs ","based on Square Footage occupied/ Usage of facilties  by NOW Activity","various OM&A",22805,29817,23688,22135,22577.7,23255.031000000003,0.03]
[null,null,"TOTAL NET COSTS FOR CALCULATE MANAGEMENT FEES","Labour,Billing & Administration services ","Per Services Agreement = Cost + 12%",null,null,790352,853943,821012,976012,1107233.1640000001,1090700.2289199999]
[null,"MANAGEMENT FEES ( 12% of net costs)",null,null,null,null,5630,94842.239999999991,102473.15999999999,98521.44,117121.44,132867.97968000002,130884.02747039999]
[null,"Change",null,null,null,null,null,null,7630.9199999999983,-3951.7199999999866,18600,15746.539680000016,-1983.9522096000292]
[]
[null,"Part 2 - Other Shared Services/Cost Allocation not subject to Management Fees"]
[]
[null,"NOW Inc","NOE Inc","Trucks/ Equipment Rental & Inventory Sales",null,"Based on time and materials used",null,34751,26251,39561,21807,25000,25000]
[null,"NOW Inc","NOE Inc.","Financial CFO, Billing and Stockeeper","Actual Cost","Estimate of Time Spent on NOE Functions",null,2784,4370,4032,4107,4100,4100]
[null,"NOW Inc","CTS","Pole Rental","As per OEB Tariff of Rates and Charges",null,4210,16517,16517,16517,16517,16517,16517]
[]
[]
[null,"Note: "]
[null,"This appendix must be completed in relation to each service provided or received for the Historical (actuals), Bridge and Test years."]

{"sheet":"App.2-OA Capital Structure 2009","index":36,"n_rows":35,"n_cols":15,"rows_kept":35,"cut":false,"hidden":false,"merged":[[9,2,9,14],[10,2,10,14],[14,0,15,0],[15,4,15,8],[18,2,18,14],[40,2,40,14],[12,0,12,14],[34,2,34,14],[35,2,35,14],[36,2,36,14],[37,2,37,14],[38,2,38,14],[39,2,39,14],[33,0,33,14]]}
[null,null,null,null,null,null,null,null,null,null,"File Number:",null,null,null,{"$f":"'LDC Info'!$E$18","v":"EB-2012-0153"}]
[null,null,null,null,null,null,null,null,null,null,"Exhibit:"]
[null,null,null,null,null,null,null,null,null,null,"Tab:"]
[null,null,null,null,null,null,null,null,null,null,"Schedule:"]
[null,null,null,null,null,null,null,null,null,null,"Page:"]
[]
[null,null,null,null,null,null,null,null,null,null,"Date:"]
[]
[]
[null,null,"Appendix 2-OA"]
[null,null,"Capital Structure and Cost of Capital"]
[]
["This table must be completed for the required years of all historical years, the bridge year and the test year."]
[null,null,null,null,null,null,null,"Year",2009]
["Line No."]
[null,null,"Particulars",null,"Capitalization Ratio",null,null,null,null,null,"Cost Rate",null,null,null,"Return"]
[]
[]
[null,null,"Application"]
[null,null,null,null,"(%)",null,null,null,"($)",null,"(%)",null,null,null,"($)"]
[null,null,"Debt"]
[1,null,"  Long-term Debt",null,0.52669999999999995,null,null,null,{"$f":"$I$31*E22","v":2847575.2925449996},null,7.6200000000000004E-2,null,null,null,{"$f":"K22*I22","v":216985.23729192899}]
[2,null,"  Short-term Debt",null,0.04,null,"(1)",null,{"$f":"$I$31*E23","v":216257.85399999999},null,1.3299999999999999E-2,null,null,null,{"$f":"K23*I23","v":2876.2294582}]
[3,null,"Total Debt",null,{"$f":"SUM(E22:E23)","v":0.56669999999999998},null,null,null,{"$f":"SUM(I22:I23)","v":3063833.1465449994},null,{"$f":"IF(E24=0,0,SUMPRODUCT(E22:E23,K22:K23)/E24)","v":7.176026116110816E-2},null,null,null,{"$f":"SUM(O22:O23)","v":219861.46675012898}]
[]
[null,null,"Equity"]
[4,null,"  Common Equity",null,0.43330000000000002,null,null,null,{"$f":"$I$31*E27","v":2342613.2034549997},null,8.0100000000000005E-2,null,null,null,{"$f":"K27*I27","v":187643.31759674547}]
[5,null,"  Preferred Shares",null,null,null,null,null,{"$f":"$I$31*E28","v":0},null,null,null,null,null,{"$f":"K28*I28","v":0}]
[6,null,"Total Equity",null,{"$f":"SUM(E27:E28)","v":0.43330000000000002},null,null,null,{"$f":"SUM(I27:I28)","v":2342613.2034549997},null,{"$f":"IF(E29=0,0,SUMPRODUCT(E27:E28,K27:K28)/E29)","v":8.0100000000000005E-2},null,null,null,{"$f":"SUM(O27:O28)","v":187643.31759674547}]
[]
[7,null,"Total",null,1,null,null,null,5406446.3499999996,null,{"$f":"(K24*E24)+(K29*E29)","v":7.5373869999999996E-2},null,null,null,{"$f":"O24+O29","v":407504.78434687445}]
[]
[]
["Notes"]
["(1)",null,"4.0% unless an applicant has proposed or been approved for a different amount."]

{"sheet":"App.2-OA Capital Structure 2010","index":37,"n_rows":35,"n_cols":15,"rows_kept":35,"cut":false,"hidden":false,"merged":[[39,2,39,14],[40,2,40,14],[33,0,33,14],[34,2,34,14],[35,2,35,14],[36,2,36,14],[37,2,37,14],[38,2,38,14],[18,2,18,14],[9,2,9,14],[10,2,10,14],[12,0,12,14],[14,0,15,0],[15,4,15,8]]}
[null,null,null,null,null,null,null,null,null,null,"File Number:",null,null,null,{"$f":"'LDC Info'!$E$18","v":"EB-2012-0153"}]
[null,null,null,null,null,null,null,null,null,null,"Exhibit:"]
[null,null,null,null,null,null,null,null,null,null,"Tab:"]
[null,null,null,null,null,null,null,null,null,null,"Schedule:"]
[null,null,null,null,null,null,null,null,null,null,"Page:"]
[]
[null,null,null,null,null,null,null,null,null,null,"Date:"]
[]
[]
[null,null,"Appendix 2-OA"]
[null,null,"Capital Structure and Cost of Capital"]
[]
["This table must be completed for the required years of all historical years, the bridge year and the test year."]
[null,null,null,null,null,null,null,"Year",2010]
["Line No."]
[null,null,"Particulars",null,"Capitalization Ratio",null,null,null,null,null,"Cost Rate",null,null,null,"Return"]
[]
[]
[null,null,"Application"]
[null,null,null,null,"(%)",null,null,null,"($)",null,"(%)",null,null,null,"($)"]
[null,null,"Debt"]
[1,null,"  Long-term Debt",null,0.56000000000000005,null,null,null,{"$f":"$I$31*E22","v":2993296.9640000006},null,7.6200000000000004E-2,null,null,null,{"$f":"K22*I22","v":228089.22865680006}]
[2,null,"  Short-term Debt",null,0.04,null,"(1)",null,{"$f":"$I$31*E23","v":213806.92600000001},null,1.3299999999999999E-2,null,null,null,{"$f":"K23*I23","v":2843.6321158000001}]
[3,null,"Total Debt",null,{"$f":"SUM(E22:E23)","v":0.60000000000000009},null,null,null,{"$f":"SUM(I22:I23)","v":3207103.8900000006},null,{"$f":"IF(E24=0,0,SUMPRODUCT(E22:E23,K22:K23)/E24)","v":7.2006666666666663E-2},null,null,null,{"$f":"SUM(O22:O23)","v":230932.86077260005}]
[]
[null,null,"Equity"]
[4,null,"  Common Equity",null,0.4,null,null,null,{"$f":"$I$31*E27","v":2138069.2600000002},null,8.0100000000000005E-2,null,null,null,{"$f":"K27*I27","v":171259.34772600004}]
[5,null,"  Preferred Shares",null,null,null,null,null,{"$f":"$I$31*E28","v":0},null,null,null,null,null,{"$f":"K28*I28","v":0}]
[6,null,"Total Equity",null,{"$f":"SUM(E27:E28)","v":0.4},null,null,null,{"$f":"SUM(I27:I28)","v":2138069.2600000002},null,{"$f":"IF(E29=0,0,SUMPRODUCT(E27:E28,K27:K28)/E29)","v":8.0100000000000005E-2},null,null,null,{"$f":"SUM(O27:O28)","v":171259.34772600004}]
[]
[7,null,"Total",null,1,null,null,null,5345173.1500000004,null,{"$f":"(K24*E24)+(K29*E29)","v":7.5244000000000005E-2},null,null,null,{"$f":"O24+O29","v":402192.20849860006}]
[]
[]
["Notes"]
["(1)",null,"4.0% unless an applicant has proposed or been approved for a different amount."]

{"sheet":"App.2-OA Capital Structure 2011","index":38,"n_rows":35,"n_cols":15,"rows_kept":35,"cut":false,"hidden":false,"merged":[[18,2,18,14],[9,2,9,14],[10,2,10,14],[12,0,12,14],[14,0,15,0],[15,4,15,8],[39,2,39,14],[40,2,40,14],[33,0,33,14],[34,2,34,14],[35,2,35,14],[36,2,36,14],[37,2,37,14],[38,2,38,14]]}
[null,null,null,null,null,null,null,null,null,null,"File Number:",null,null,null,{"$f":"'LDC Info'!$E$18","v":"EB-2012-0153"}]
[null,null,null,null,null,null,null,null,null,null,"Exhibit:"]
[null,null,null,null,null,null,null,null,null,null,"Tab:"]
[null,null,null,null,null,null,null,null,null,null,"Schedule:"]
[null,null,null,null,null,null,null,null,null,null,"Page:"]
[]
[null,null,null,null,null,null,null,null,null,null,"Date:"]
[]
[]
[null,null,"Appendix 2-OA"]
[null,null,"Capital Structure and Cost of Capital"]
[]
["This table must be completed for the required years of all historical years, the bridge year and the test year."]
[null,null,null,null,null,null,null,"Year",2011]
["Line No."]
[null,null,"Particulars",null,"Capitalization Ratio",null,null,null,null,null,"Cost Rate",null,null,null,"Return"]
[]
[]
[null,null,"Application"]
[null,null,null,null,"(%)",null,null,null,"($)",null,"(%)",null,null,null,"($)"]
[null,null,"Debt"]
[1,null,"  Long-term Debt",null,0.56000000000000005,null,null,null,{"$f":"$I$31*E22","v":3181962.2268000003},null,7.6200000000000004E-2,null,null,null,{"$f":"K22*I22","v":242465.52168216003}]
[2,null,"  Short-term Debt",null,0.04,null,"(1)",null,{"$f":"$I$31*E23","v":227283.01620000001},null,1.3299999999999999E-2,null,null,null,{"$f":"K23*I23","v":3022.86411546}]
[3,null,"Total Debt",null,{"$f":"SUM(E22:E23)","v":0.60000000000000009},null,null,null,{"$f":"SUM(I22:I23)","v":3409245.2430000002},null,{"$f":"IF(E24=0,0,SUMPRODUCT(E22:E23,K22:K23)/E24)","v":7.2006666666666663E-2},null,null,null,{"$f":"SUM(O22:O23)","v":245488.38579762002}]
[]
[null,null,"Equity"]
[4,null,"  Common Equity",null,0.4,null,null,null,{"$f":"$I$31*E27","v":2272830.162},null,8.0100000000000005E-2,null,null,null,{"$f":"K27*I27","v":182053.69597620002}]
[5,null,"  Preferred Shares",null,null,null,null,null,{"$f":"$I$31*E28","v":0},null,null,null,null,null,{"$f":"K28*I28","v":0}]
[6,null,"Total Equity",null,{"$f":"SUM(E27:E28)","v":0.4},null,null,null,{"$f":"SUM(I27:I28)","v":2272830.162},null,{"$f":"IF(E29=0,0,SUMPRODUCT(E27:E28,K27:K28)/E29)","v":8.0100000000000005E-2},null,null,null,{"$f":"SUM(O27:O28)","v":182053.69597620002}]
[]
[7,null,"Total",null,1,null,null,null,5682075.4050000003,null,{"$f":"(K24*E24)+(K29*E29)","v":7.5244000000000005E-2},null,null,null,{"$f":"O24+O29","v":427542.08177382004}]
[]
[]
["Notes"]
["(1)",null,"4.0% unless an applicant has proposed or been approved for a different amount."]

{"sheet":"App.2-OA Capital Structure 2012","index":39,"n_rows":35,"n_cols":15,"rows_kept":35,"cut":false,"hidden":false,"merged":[[18,2,18,14],[9,2,9,14],[10,2,10,14],[12,0,12,14],[14,0,15,0],[15,4,15,8],[39,2,39,14],[40,2,40,14],[33,0,33,14],[34,2,34,14],[35,2,35,14],[36,2,36,14],[37,2,37,14],[38,2,38,14]]}
[null,null,null,null,null,null,null,null,null,null,"File Number:",null,null,null,{"$f":"'LDC Info'!$E$18","v":"EB-2012-0153"}]
[null,null,null,null,null,null,null,null,null,null,"Exhibit:"]
[null,null,null,null,null,null,null,null,null,null,"Tab:"]
[null,null,null,null,null,null,null,null,null,null,"Schedule:"]
[null,null,null,null,null,null,null,null,null,null,"Page:"]
[]
[null,null,null,null,null,null,null,null,null,null,"Date:"]
[]
[]
[null,null,"Appendix 2-OA"]
[null,null,"Capital Structure and Cost of Capital"]
[]
["This table must be completed for the required years of all historical years, the bridge year and the test year."]
[null,null,null,null,null,null,null,"Year",2012]
["Line No."]
[null,null,"Particulars",null,"Capitalization Ratio",null,null,null,null,null,"Cost Rate",null,null,null,"Return"]
[]
[]
[null,null,"Application"]
[null,null,null,null,"(%)",null,null,null,"($)",null,"(%)",null,null,null,"($)"]
[null,null,"Debt"]
[1,null,"  Long-term Debt",null,0.56000000000000005,null,null,null,{"$f":"$I$31*E22","v":3767738.2000200655},null,7.6200000000000004E-2,null,null,null,{"$f":"K22*I22","v":287101.65084152902}]
[2,null,"  Short-term Debt",null,0.04,null,"(1)",null,{"$f":"$I$31*E23","v":269124.15714429034},null,1.3299999999999999E-2,null,null,null,{"$f":"K23*I23","v":3579.3512900190613}]
[3,null,"Total Debt",null,{"$f":"SUM(E22:E23)","v":0.60000000000000009},null,null,null,{"$f":"SUM(I22:I23)","v":4036862.3571643559},null,{"$f":"IF(E24=0,0,SUMPRODUCT(E22:E23,K22:K23)/E24)","v":7.2006666666666663E-2},null,null,null,{"$f":"SUM(O22:O23)","v":290681.00213154807}]
[]
[null,null,"Equity"]
[4,null,"  Common Equity",null,0.4,null,null,null,{"$f":"$I$31*E27","v":2691241.571442904},null,8.0100000000000005E-2,null,null,null,{"$f":"K27*I27","v":215568.44987257663}]
[5,null,"  Preferred Shares",null,null,null,null,null,{"$f":"$I$31*E28","v":0},null,null,null,null,null,{"$f":"K28*I28","v":0}]
[6,null,"Total Equity",null,{"$f":"SUM(E27:E28)","v":0.4},null,null,null,{"$f":"SUM(I27:I28)","v":2691241.571442904},null,{"$f":"IF(E29=0,0,SUMPRODUCT(E27:E28,K27:K28)/E29)","v":8.0100000000000005E-2},null,null,null,{"$f":"SUM(O27:O28)","v":215568.44987257663}]
[]
[7,null,"Total",null,1,null,null,null,6728103.9286072589,null,{"$f":"(K24*E24)+(K29*E29)","v":7.5244000000000005E-2},null,null,null,{"$f":"O24+O29","v":506249.4520041247}]
[]
[]
["Notes"]
["(1)",null,"4.0% unless an applicant has proposed or been approved for a different amount."]

{"sheet":"App.2-OA Capital Structure 2013","index":40,"n_rows":35,"n_cols":15,"rows_kept":35,"cut":false,"hidden":false,"merged":[[18,2,18,14],[9,2,9,14],[10,2,10,14],[12,0,12,14],[14,0,15,0],[15,4,15,8],[39,2,39,14],[40,2,40,14],[33,0,33,14],[34,2,34,14],[35,2,35,14],[36,2,36,14],[37,2,37,14],[38,2,38,14]]}
[null,null,null,null,null,null,null,null,null,null,"File Number:",null,null,null,{"$f":"'LDC Info'!$E$18","v":"EB-2012-0153"}]
[null,null,null,null,null,null,null,null,null,null,"Exhibit:"]
[null,null,null,null,null,null,null,null,null,null,"Tab:"]
[null,null,null,null,null,null,null,null,null,null,"Schedule:"]
[null,null,null,null,null,null,null,null,null,null,"Page:"]
[]
[null,null,null,null,null,null,null,null,null,null,"Date:"]
[]
[]
[null,null,"Appendix 2-OA"]
[null,null,"Capital Structure and Cost of Capital"]
[]
["This table must be completed for the required years of all historical years, the bridge year and the test year."]
[null,null,null,null,null,null,null,"Year",2013]
["Line No."]
[null,null,"Particulars",null,"Capitalization Ratio",null,null,null,null,null,"Cost Rate",null,null,null,"Return"]
[]
[]
[null,null,"Application"]
[null,null,null,null,"(%)",null,null,null,"($)",null,"(%)",null,null,null,"($)"]
[null,null,"Debt"]
[1,null,"  Long-term Debt",null,0.56000000000000005,null,null,null,{"$f":"$I$31*E22","v":4101488.0729622096},null,3.7499999999999999E-2,null,null,null,{"$f":"K22*I22","v":153805.80273608284}]
[2,null,"  Short-term Debt",null,0.04,null,"(1)",null,{"$f":"$I$31*E23","v":292963.43378301495},null,2.07E-2,null,null,null,{"$f":"K23*I23","v":6064.343079308409}]
[3,null,"Total Debt",null,{"$f":"SUM(E22:E23)","v":0.60000000000000009},null,null,null,{"$f":"SUM(I22:I23)","v":4394451.5067452248},null,{"$f":"IF(E24=0,0,SUMPRODUCT(E22:E23,K22:K23)/E24)","v":3.6379999999999996E-2},null,null,null,{"$f":"SUM(O22:O23)","v":159870.14581539124}]
[]
[null,null,"Equity"]
[4,null,"  Common Equity",null,0.4,null,null,null,{"$f":"$I$31*E27","v":2929634.3378301496},null,8.9800000000000005E-2,null,null,null,{"$f":"K27*I27","v":263081.16353714745}]
[5,null,"  Preferred Shares",null,null,null,null,null,{"$f":"$I$31*E28","v":0},null,null,null,null,null,{"$f":"K28*I28","v":0}]
[6,null,"Total Equity",null,{"$f":"SUM(E27:E28)","v":0.4},null,null,null,{"$f":"SUM(I27:I28)","v":2929634.3378301496},null,{"$f":"IF(E29=0,0,SUMPRODUCT(E27:E28,K27:K28)/E29)","v":8.9799999999999991E-2},null,null,null,{"$f":"SUM(O27:O28)","v":263081.16353714745}]
[]
[7,null,"Total",null,1,null,null,null,{"$f":"[3]D1.RateBase!$H$24","v":7324085.8445753735},null,{"$f":"(K24*E24)+(K29*E29)","v":5.7748000000000001E-2},null,null,null,{"$f":"O24+O29","v":422951.30935253866}]
[]
[]
["Notes"]
["(1)",null,"4.0% unless an applicant has proposed or been approved for a different amount."]

{"sheet":"App 2-OB Debt 2009","index":41,"n_rows":36,"n_cols":18,"rows_kept":36,"cut":false,"hidden":false,"merged":[[9,0,9,10],[10,0,10,10],[10,11,10,14],[12,0,12,10]]}
[null,null,null,null,null,null,null,null,null,"File Number:",{"$f":"'LDC Info'!$E$18","v":"EB-2012-0153"}]
[null,null,null,null,null,null,null,null,null,"Exhibit:"]
[null,null,null,null,null,null,null,null,null,"Tab:"]
[null,null,null,null,null,null,null,null,null,"Schedule:"]
[null,null,null,null,null,null,null,null,null,"Page:"]
[]
[null,null,null,null,null,null,null,null,null,"Date:"]
[]
[]
["Appendix 2-OB"]
["Debt Instruments"]
[]
["This table must be completed for the required years of all historical years, the bridge year and the test year."]
[null,null,null,"Year",2009]
[]
["Row","Description","Lender","Affiliated or Third-Party Debt?","Fixed or Variable-Rate?","Start Date","Term              (years)","Principal                         ($)","Rate (%)                     (Note 2)","Interest ($)       (Note 1)",null,null,null,null,null,null,null,"Actual 2009 Int"]
[1,"LN1 - Purchase of Kapuskasing ","Caisse Populaire","Third-Party","Fixed Rate","2000",20,{"$f":"+J17/I17","v":1784375},4.8000000000000001E-2,85650,null,null,null,null,null,null,null,85649.8]
[2,"LN4-Digger Derrick Truck","Caisse Populaire","Third-Party","Variable Rate","2007",8,{"$f":"+J18/I18","v":174088.23529411762},3.4000000000000002E-2,5919,"Prime + 1%",null,null,null,null,null,null,{"$f":"666.36+604.95+532.88+506.77+473.2+466.89+460.57+454.22+447.85+441.48+435.09+428.68","v":5918.9400000000005}]
[3,"LN6 - Altec Bucket Truck","Caisse Populaire","Third-Party","Variable Rate","2008",10,230117.64705882352,3.4000000000000002E-2,7824,"Prime + 1%",null,null,null,null,null,null,{"$f":"858.6+783.09+693.06+662.31+621.5+616.33+611.15+605.96+600.74+595.52+590.29+585.04","v":7823.59}]
[4,"LN7 - Smart Meters Loan","Caisse Populaire","Third-Party","Variable Rate","2009","still open",497241.37931034487,{"$f":"(2.25%+0.65%)/2","v":1.4499999999999999E-2},7210,"Prime + .65%",null,null,null,null,null,null,7209.61]
[5,null,null,null,null,null,null,null,null,{"$f":"H21*I21","v":0}]
[6,null,null,null,null,null,null,null,null,0]
[7,null,null,null,null,null,null,null,null,0]
[8,null,null,null,null,null,null,null,null,0]
[9,null,null,null,null,null,null,null,null,0]
[10,null,null,null,null,null,null,null,null,0]
[11,null,null,null,null,null,null,null,null,0]
[12,null,null,null,null,null,null,null,null,0]
[]
["Total",null,null,null,null,null,null,{"$f":"SUM(H17:H28)","v":2685822.261663286},{"$f":"IF(H30=0,\"\",J30/H30)","v":3.9691010653096048E-2},{"$f":"SUM(J17:J28)","v":106603},null,null,null,null,null,null,null,{"$f":"SUM(R17:R28)","v":106601.94}]
[]
["Notes"]
[]
[1,"If financing is in place only part of the year, calculate the pro-rated interest and input in the cell."]
[2,"Input actual or deemed long-term debt rate in accordance with the guidelines in The Report of the Board on the Cost of Capital for Ontario's Regulated Utilities, issued December 11, 2009"]
[3,"Add more lines above row 12 if necessary."]

{"sheet":"App 2-OB Debt 2010","index":42,"n_rows":36,"n_cols":18,"rows_kept":36,"cut":false,"hidden":false,"merged":[[9,0,9,10],[10,0,10,10],[10,11,10,14],[12,0,12,10]]}
[null,null,null,null,null,null,null,null,null,"File Number:",{"$f":"'LDC Info'!$E$18","v":"EB-2012-0153"}]
[null,null,null,null,null,null,null,null,null,"Exhibit:"]
[null,null,null,null,null,null,null,null,null,"Tab:"]
[null,null,null,null,null,null,null,null,null,"Schedule:"]
[null,null,null,null,null,null,null,null,null,"Page:"]
[]
[null,null,null,null,null,null,null,null,null,"Date:"]
[]
[]
["Appendix 2-OB"]
["Debt Instruments"]
[]
["This table must be completed for the required years of all historical years, the bridge year and the test year."]
[null,null,null,"Year",2010]
[]
["Row","Description","Lender","Affiliated or Third-Party Debt?","Fixed or Variable-Rate?","Start Date","Term              (years)","Principal                         ($)","Rate (%)                     (Note 2)","Interest ($)       (Note 1)",null,null,null,null,null,null,null,"Actual 2010 Int"]
[1,"LN1 - Purchase of Kapuskasing ","Caisse Populaire","Third-Party","Fixed Rate","2000",20,{"$f":"+J17/I17","v":1976491.2280701755},3.9899999999999998E-2,78862,null,null,null,null,null,null,null,78861.789999999994]
[2,"LN4-Digger Derrick Truck","Caisse Populaire","Third-Party","Variable Rate","2007",8,{"$f":"+J18/I18","v":141555.55555555556},3.5999999999999997E-2,5096,"Prime + 1%",null,null,null,null,null,null,{"$f":"422.24+415.8+409.34+402.85+396.35+416.91+421.71+434.92+447.64+449.84+442.83+435.8","v":5096.2299999999996}]
[3,"LN6 - Altec Bucket Truck","Caisse Populaire","Third-Party","Variable Rate","2008",10,201916.66666666669,3.5999999999999997E-2,7269,"Prime + 1%",null,null,null,null,null,null,{"$f":"579.76+574.49+569.2+563.88+558.56+591.66+602.77+626.26+648.94+656.67+651.06+645.44","v":7268.6900000000005}]
[4,"LN7 - Smart Meters Loan","Caisse Populaire","Third-Party","Variable Rate","2009","still open",488000,{"$f":"2.6%+0.65%","v":3.2500000000000001E-2},15860,"Prime + .65%",null,null,null,null,null,null,15859.83]
[5,null,null,null,null,null,null,null,null,{"$f":"H21*I21","v":0}]
[6,null,null,null,null,null,null,null,null,0]
[7,null,null,null,null,null,null,null,null,0]
[8,null,null,null,null,null,null,null,null,0]
[9,null,null,null,null,null,null,null,null,0]
[10,null,null,null,null,null,null,null,null,0]
[11,null,null,null,null,null,null,null,null,0]
[12,null,null,null,null,null,null,null,null,0]
[]
["Total",null,null,null,null,null,null,{"$f":"SUM(H17:H28)","v":2807963.4502923978},{"$f":"IF(H30=0,\"\",J30/H30)","v":3.813689241177582E-2},{"$f":"SUM(J17:J28)","v":107087},null,null,null,null,null,null,null,{"$f":"SUM(R17:R28)","v":107086.54}]
[]
["Notes"]
[]
[1,"If financing is in place only part of the year, calculate the pro-rated interest and input in the cell."]
[2,"Input actual or deemed long-term debt rate in accordance with the guidelines in The Report of the Board on the Cost of Capital for Ontario's Regulated Utilities, issued December 11, 2009"]
[3,"Add more lines above row 12 if necessary."]

{"sheet":"App.2-OB_Debt Instruments2011","index":43,"n_rows":36,"n_cols":18,"rows_kept":36,"cut":false,"hidden":false,"merged":[[9,0,9,10],[10,0,10,10],[10,11,10,14],[12,0,12,10]]}
[null,null,null,null,null,null,null,null,null,"File Number:",{"$f":"'LDC Info'!$E$18","v":"EB-2012-0153"}]
[null,null,null,null,null,null,null,null,null,"Exhibit:"]
[null,null,null,null,null,null,null,null,null,"Tab:"]
[null,null,null,null,null,null,null,null,null,"Schedule:"]
[null,null,null,null,null,null,null,null,null,"Page:"]
[]
[null,null,null,null,null,null,null,null,null,"Date:"]
[]
[]
["Appendix 2-OB"]
["Debt Instruments"]
[]
["This table must be completed for the required years of all historical years, the bridge year and the test year."]
[null,null,null,"Year",2011]
[]
["Row","Description","Lender","Affiliated or Third-Party Debt?","Fixed or Variable-Rate?","Start Date","Term              (years)","Principal                         ($)","Rate (%)                     (Note 2)","Interest ($)       (Note 1)",null,null,null,null,null,null,null,"Actual 2011 Int"]
[1,"LN1 - Purchase of Kapuskasing ","Caisse Populaire","Third-Party","Fixed Rate","2000",20,{"$f":"+J17/I17","v":1536365.9147869674},3.9899999999999998E-2,61301,null,null,null,null,null,null,null,61301]
[2,"LN4-Digger Derrick Truck","Caisse Populaire","Third-Party","Variable Rate","2007",8,{"$f":"+J18/I18","v":116800},0.04,4672,"Prime + 1%",null,null,null,null,null,null,4672]
[3,"LN6 - Altec Bucket Truck","Caisse Populaire","Third-Party","Variable Rate","2008",10,182475,0.04,7299,"Prime + 1%",null,null,null,null,null,null,7299]
[4,"LN7 - Smart Meters Loan","Caisse Populaire","Third-Party","Variable Rate","2009","still open",1165260.2739726028,3.6499999999999998E-2,42532,"Prime + .65%",null,null,null,null,null,null,42532]
[5,null,null,null,null,null,null,null,null,{"$f":"H21*I21","v":0}]
[6,null,null,null,null,null,null,null,null,0]
[7,null,null,null,null,null,null,null,null,0]
[8,null,null,null,null,null,null,null,null,0]
[9,null,null,null,null,null,null,null,null,0]
[10,null,null,null,null,null,null,null,null,0]
[11,null,null,null,null,null,null,null,null,0]
[12,null,null,null,null,null,null,null,null,0]
[]
["Total",null,null,null,null,null,null,{"$f":"SUM(H17:H28)","v":3000901.18875957},{"$f":"IF(H30=0,\"\",J30/H30)","v":3.8589741119689408E-2},{"$f":"SUM(J17:J28)","v":115804},null,null,null,null,null,null,null,{"$f":"SUM(R17:R28)","v":115804}]
[]
["Notes"]
[]
[1,"If financing is in place only part of the year, calculate the pro-rated interest and input in the cell."]
[2,"Input actual or deemed long-term debt rate in accordance with the guidelines in The Report of the Board on the Cost of Capital for Ontario's Regulated Utilities, issued December 11, 2009"]
[3,"Add more lines above row 12 if necessary."]

{"sheet":"App.2-OB_Debt Instruments2012","index":44,"n_rows":37,"n_cols":18,"rows_kept":37,"cut":false,"hidden":false,"merged":[[9,0,9,10],[10,0,10,10],[10,11,10,14],[12,0,12,10]]}
[null,null,null,null,null,null,null,null,null,"File Number:",{"$f":"'LDC Info'!$E$18","v":"EB-2012-0153"}]
[null,null,null,null,null,null,null,null,null,"Exhibit:"]
[null,null,null,null,null,null,null,null,null,"Tab:"]
[null,null,null,null,null,null,null,null,null,"Schedule:"]
[null,null,null,null,null,null,null,null,null,"Page:"]
[]
[null,null,null,null,null,null,null,null,null,"Date:"]
[]
[]
["Appendix 2-OB"]
["Debt Instruments"]
[]
["This table must be completed for the required years of all historical years, the bridge year and the test year."]
[null,null,null,"Year",2012]
[]
["Row","Description","Lender","Affiliated or Third-Party Debt?","Fixed or Variable-Rate?","Start Date","Term              (years)","Principal                         ($)","Rate (%)                     (Note 2)","Interest ($)       (Note 1)",null,null,null,null,null,null,null,"Actual 2012 Int"]
[1,"Caisse Populaire (Consolidated)","Caisse Populaire","Third-Party","Fixed Rate","2012",20,{"$f":"3132171+400000+450000","v":3982171},{"$f":"3.75%","v":3.7499999999999999E-2},{"$f":"H17*I17","v":149331.41250000001},null,null,null,null,null,null,null,28622.17]
[2,null,null,null,null,null,null,null,null,null,null,null,null,null,null,null,null,{"$f":"342.17+334.76+327.33+319.86+312.38","v":1636.5}]
[3,null,null,null,null,null,null,null,null,null,null,null,null,null,null,null,null,{"$f":"570.47+564.49+558.5+552.48+546.44","v":2792.38}]
[4,null,null,null,null,null,null,null,null,null,null,null,null,null,null,null,null,27374.98]
[5]
[6]
[7,null,null,null,null,null,null,null,null,{"$f":"H23*I23","v":0}]
[8,null,null,null,null,null,null,null,null,0]
[9,null,null,null,null,null,null,null,null,0]
[10,null,null,null,null,null,null,null,null,0]
[11,null,null,null,null,null,null,null,null,0]
[12,null,null,null,null,null,null,null,null,0]
[]
["Total",null,null,null,null,null,null,{"$f":"SUM(H17:H28)","v":3982171},{"$f":"IF(H30=0,\"\",J30/H30)","v":3.7499999999999999E-2},{"$f":"SUM(J17:J28)","v":149331.41250000001},null,null,null,null,null,null,null,{"$f":"SUM(R17:R28)","v":60426.03}]
[]
["Notes"]
[]
[1,"If financing is in place only part of the year, calculate the pro-rated interest and input in the cell."]
[2,"Input actual or deemed long-term debt rate in accordance with the guidelines in The Report of the Board on the Cost of Capital for Ontario's Regulated Utilities, issued December 11, 2009"]
[3,"Add more lines above row 12 if necessary."]
[4,"Loans were consolidated in 2012."]

{"sheet":"App.2-OB_Debt Instruments2013","index":45,"n_rows":36,"n_cols":18,"rows_kept":36,"cut":false,"hidden":false,"merged":[[9,0,9,10],[10,0,10,10],[10,11,10,14],[12,0,12,10]]}
[null,null,null,null,null,null,null,null,null,"File Number:",{"$f":"'LDC Info'!$E$18","v":"EB-2012-0153"}]
[null,null,null,null,null,null,null,null,null,"Exhibit:"]
[null,null,null,null,null,null,null,null,null,"Tab:"]
[null,null,null,null,null,null,null,null,null,"Schedule:"]
[null,null,null,null,null,null,null,null,null,"Page:"]
[]
[null,null,null,null,null,null,null,null,null,"Date:"]
[]
[]
["Appendix 2-OB"]
["Debt Instruments"]
[]
["This table must be completed for the required years of all historical years, the bridge year and the test year."]
[null,null,null,"Year",2013]
[]
["Row","Description","Lender","Affiliated or Third-Party Debt?","Fixed or Variable-Rate?","Start Date","Term              (years)","Principal                         ($)","Rate (%)                     (Note 2)","Interest ($)       (Note 1)"]
[1,"Caisse Populaire (Consolidated)","Caisse Populaire","Third-Party","Fixed Rate","2012",20,4853336,3.7499999999999999E-2,{"$f":"H17*I17","v":182000.1}]
[2,null,null,null,null,null,null,null,null,{"$f":"H18*I18","v":0}]
[3,null,null,null,null,null,null,null,null,0]
[4,null,null,null,null,null,null,null,null,0]
[5,null,null,null,null,null,null,null,null,0]
[6,null,null,null,null,null,null,null,null,0]
[7,null,null,null,null,null,null,null,null,0]
[8,null,null,null,null,null,null,null,null,0]
[9,null,null,null,null,null,null,null,null,0]
[10,null,null,null,null,null,null,null,null,0]
[11,null,null,null,null,null,null,null,null,0]
[12,null,null,null,null,null,null,null,null,0]
[]
["Total",null,null,null,null,null,null,{"$f":"SUM(H17:H28)","v":4853336},{"$f":"IF(H30=0,\"\",J30/H30)","v":3.7499999999999999E-2},{"$f":"SUM(J17:J28)","v":182000.1},null,null,null,null,null,null,null,{"$f":"SUM(R17:R28)","v":0}]
[]
["Notes"]
[]
[1,"If financing is in place only part of the year, calculate the pro-rated interest and input in the cell."]
[2,"Input actual or deemed long-term debt rate in accordance with the guidelines in The Report of the Board on the Cost of Capital for Ontario's Regulated Utilities, issued December 11, 2009"]
[3,"Add more lines above row 12 if necessary."]

{"sheet":"App.2-P_Cost_Allocation","index":46,"n_rows":117,"n_cols":6,"rows_kept":117,"cut":false,"hidden":false,"merged":[[31,0,32,4],[34,0,36,4],[38,0,39,4],[8,0,8,5],[9,0,9,5],[52,0,52,1],[53,0,53,1],[45,0,46,1],[45,2,46,2],[48,0,48,1],[49,0,49,1],[50,0,50,1],[51,0,51,1],[47,0,47,1],[42,1,42,5],[44,0,44,1],[45,3,46,3],[45,4,46,4],[45,5,46,5],[83,0,83,1],[65,0,65,5],[79,0,79,1],[80,0,80,1],[81,0,81,1],[82,0,82,1],[62,0,63,5],[54,0,54,1],[55,0,55,1],[56,0,56,1],[57,0,57,1],[58,0,58,1],[86,0,86,1],[87,0,87,1],[88,0,88,1],[67,0,68,5],[104,0,104,1],[70,0,71,5],[93,0,94,5],[96,0,96,5],[89,0,89,1],[84,0,84,1],[85,0,85,1],[75,0,77,1],[75,5,77,5],[76,3,77,3],[76,4,77,4],[78,0,78,1],[105,0,105,1],[100,0,102,1],[100,2,100,4],[100,5,101,5],[103,0,103,1],[113,0,113,1],[121,0,123,5],[106,0,106,1],[107,0,107,1],[108,0,108,1],[109,0,109,1],[110,0,110,1],[111,0,111,1],[116,0,119,5],[112,0,112,1]]}
[null,null,null,null,"File Number:",{"$f":"'LDC Info'!$E$18","v":"EB-2012-0153"}]
[null,null,null,null,"Exhibit:"]
[null,null,null,null,"Tab:"]
[null,null,null,null,"Schedule:"]
[null,null,null,null,"Page:"]
[]
[null,null,null,null,"Date:"]
[]
["Appendix 2-P"]
["Cost Allocation"]
[]
["Please complete the following four tables."]
[]
["A)  Allocated Costs"]
[]
["Classes","Costs Allocated from Previous Study","%","Costs Allocated in Test Year Study                    (Column 7A)","%"]
["Residential",1638812.0222659498,{"$f":"IF(B$28=0,\"\",B17/B$28)","v":0.62406308779289232},2078180.4930474148,{"$f":"IF(D$28=0,\"\",D17/D$28)","v":0.64355418965567734}]
["GS < 50 kW",503980.59692674881,{"$f":"IF(B$28=0,\"\",B18/B$28)","v":0.19191687834394694},563166.37743740994,0.17439682591842454]
["GS > 50 kW ",255785.45989092946,9.7403644678751317E-2,339411.293766747,0.10510615456684509]
["GS > xxx kW, if applicable",null,0,null,0]
["Large User, if applicable",null,0,null,0]
["Street Lighting",220960.83825537621,8.4142355028793095E-2,242663.43392666688,7.5146056900350797E-2]
["Sentinel Lighting",null,0,null,0]
["Unmetered Scattered Load (USL)",6496.9023116876706,2.474034155616305E-3,5802.1819657608412,1.7967729587022015E-3]
["Other class, if applicable",null,0,null,0]
[null,null,0,null,0]
["Embedded distributor class",null,0,null,0]
["Total",{"$f":"SUM(B17:B27)","v":2626035.8196506919},{"$f":"SUM(C17:C27)","v":0.99999999999999989},{"$f":"SUM(D17:D27)","v":3229223.7801439995},{"$f":"SUM(E17:E27)","v":1}]
[]
["Notes"]
[]
["1     Customer Classification - If proposed rate classes differ from those in place in the previous Cost Allocation study, modify the rate classes to match the current application as closely as possible."]
[]
[]
["2     Host Distributors -  Provide information on embedded distributor(s) as a separate class, if applicable.   If embedded distributor(s) are billed as customers in a General Service class, include the allocated cost and revenue of the embedded distributor(s) in the applicable class.  Also complete Appendix 2-Q."]
[]
[]
["  "]
["3     Class Revenue Requirements - If using the Board-issued model, in column 7A enter the results from Worksheet O-1, Revenue Requirement (row 40 in the 2013 model).  This excludes costs in deferral and variance accounts.  Note to Embedded Distributor(s), it also does not include Account 4750 - Low Voltage (LV) Costs. "]
[]
[]
[]
["B)  Calculated Class Revenues"]
[]
[null,null,"Column 7B","Column 7C","Column 7D","Column 7E"]
["Classes (same as previous table)",null,"Load Forecast (LF) X current approved rates","L.F. X current approved rates X (1 + d)","LF X proposed rates","Miscellaneous Revenue"]
[]
[{"$f":"A17","v":"Residential"},null,1687784.0684999998,1990769.1998122267,1990769.4418734037,142976.35135733604]
["GS < 50 kW",null,481828.64480000001,568324.8488697923,563484.15213946439,44971.246415609268]
["GS > 50 kW ",null,235068.92800000001,277267.68514362123,277267.71885709348,34400.298011341205]
["GS > xxx kW, if applicable"]
["Large User, if applicable"]
["Street Lighting",null,124568.64199999999,146930.77176420554,151771.55546374008,18089.957089302174]
["Sentinel Lighting"]
["Unmetered Scattered Load (USL)",null,4352.0158000000001,5133.2745541531749,5133.2751783171825,360.14712641127124]
["Other class, if applicable"]
[]
[{"$f":"A27","v":"Embedded distributor class"}]
[{"$f":"A28","v":"Total"},null,{"$f":"SUM(C48:C58)","v":2533602.2990999999},{"$f":"SUM(D48:D58)","v":2988425.7801439986},{"$f":"SUM(E48:E58)","v":2988426.1435120185},{"$f":"SUM(F48:F58)","v":240797.99999999994}]
[]
["Notes:"]
[]
["1     Columns 7B to 7D - LF means Load Forecast of Annual Billing Quantities (i.e. customers or connections X 12, (kWh or kW, as applicable).  Revenue Quantities should be net of Transfomrer Ownership Allowance.  Exclude revenue from rate adders and rate riders.  "]
[]
[]
["2     Columns 7C and 7D - Column total in each column should equal the Base Revenue Requirement"]
[]
["3     Columns 7C - The Board cost allocation model calculates \"1+d\" in worksheet O-1, cell C21. \"d\" is defined as Revenue Deficiency/ Revenue at Current Rates."]
[]
[]
["4     Columns 7E - If using the Board-issued Cost Allocation model, enter Miscellaneous Revenue as it appears in Worksheet O-1, row 19."]
[]
[]
["C)  Rebalancing Revenue-to-Cost (R/C) Ratios"]
[]
["Class",null,"Previously Approved Ratios","Status Quo Ratios","Proposed Ratios","Policy Range"]
[null,null,"Most Recent Year:","(7C + 7E) / (7A)","(7D + 7E) / (7A)"]
[null,null,2009]
[null,null,"%","%","%","%"]
[{"$f":"A48","v":"Residential"},null,102.76,{"$f":"IF(D17=0,\"\",(D48+F48)/D17*100)","v":102.67373591023694},{"$f":"IF(D17=0,\"\",(E48+F48)/D17*100)","v":102.67374755798255},"85 - 115"]
["GS < 50 kW",null,102.76,{"$f":"IF(D18=0,\"\",(D49+F49)/D18*100)","v":108.90140460375105},108.0418545801231,"80 - 120"]
["GS > 50 kW ",null,102.76,91.826049656777016,91.826059589702908,"80 - 120"]
["GS > xxx kW, if applicable",null,null,"","","80 - 120"]
["Large User, if applicable",null,null,"","","85 - 115"]
["Street Lighting",null,70,68.003953534827644,69.998808557359553,"70 - 120"]
["Sentinel Lighting",null,null,"","","80 - 120"]
["Unmetered Scattered Load (USL)",null,102.76,94.678548742207411,94.67855949960888,"80 - 120"]
["Other class, if applicable",null,null,"",""]
[null,null,null,"",""]
[{"$f":"A58","v":"Embedded distributor class"},null,null,"",""]
[]
["Notes"]
[]
["1     Previously Approved Revenue-to-Cost Ratios - For most applicants, Most Recent Year would be the third year of the IRM 3 period,  e.g. if the applicant rebased in 2009 with further adjustments over 2 years, the Most recent year is 2011.  For applicants that have had rates adjusted only under IRM 2, the Most Recent Year is 2006, and the applicant should enter the ratios from their Informational Filing."]
[]
[]
["2     Status Quo Ratios - The Board's updated Cost Allocation Model yields the Status Quo Ratios in Worksheet O-1.  Status Quo means \"Before Rebalancing\"."]
[]
["D)  Proposed Revenue-to-Cost Ratios"]
[]
["Class",null,"Proposed Revenue-to-Cost Ratios",null,null,"Policy Range"]
[null,null,2013,2014,2015]
[null,null,"%","%","%","%"]
[{"$f":"A80","v":"Residential"},null,{"$f":"E80","v":102.67374755798255},{"$f":"C104","v":102.67374755798255},{"$f":"D104","v":102.67374755798255},{"$f":"F80","v":"85 - 115"}]
[{"$f":"A81","v":"GS < 50 kW"},null,{"$f":"E81","v":108.0418545801231},{"$f":"C105","v":108.0418545801231},108.0418545801231,{"$f":"F81","v":"80 - 120"}]
["GS > 50 kW ",null,91.826059589702908,{"$f":"C106","v":91.826059589702908},91.826059589702908,"80 - 120"]
["GS > xxx kW, if applicable",null,"",null,null,"80 - 120"]
["Large User, if applicable",null,"",null,null,"85 - 115"]
["Street Lighting",null,69.998808557359553,{"$f":"C109","v":69.998808557359553},69.998808557359553,"70 - 120"]
["Sentinel Lighting",null,"",null,null,"80 - 120"]
["Unmetered Scattered Load (USL)",null,94.67855949960888,94.67855949960888,94.67855949960888,"80 - 120"]
["Other class, if applicable",null,"",null,null,{"$f":"F88","v":0}]
[null,null,"",null,null,{"$f":"F89","v":0}]
["Embedded distributor class",null,""]
[]
["Note"]
["1     The applicant should complete Table D if it is applying for approval of a revenue to cost ratio in 2012 that is outside the Board’s policy range for any customer class. Table (d) will show the information that the distributor would likely enter in the IRM model) in 2013.  In 2013 Table (d), enter the planned ratios for the classes that will be ‘Change’ and ‘No Change’ in 2013 (in the current Revenue Cost Ratio Adjustment Workform, Worksheet C1.1 ‘Decision – Cost Revenue Adjustment’, column d), and enter TBD for class(es) that will be entered as ‘Rebalance’. "]

{"sheet":"App.2-Q_Cost of Serv. Emb. NA","index":47,"n_rows":61,"n_cols":7,"rows_kept":61,"cut":false,"hidden":false,"merged":[[59,3,60,3],[59,4,60,4],[54,4,55,4],[8,0,8,6],[9,0,9,6],[16,0,16,1],[16,2,16,3],[54,3,55,3],[9,7,9,11],[12,0,12,6],[11,0,11,6],[14,0,14,1],[14,2,14,3]]}
[null,null,null,null,null,"File Number:",{"$f":"'LDC Info'!$E$18","v":"EB-2012-0153"}]
[null,null,null,null,null,"Exhibit:"]
[null,null,null,null,null,"Tab:"]
["N/A",null,null,null,null,"Schedule:"]
[null,null,null,null,null,"Page:"]
[]
[null,null,null,null,null,"Date:"]
[]
["Appendix 2-Q"]
["Cost of Serving Embedded Distributor(s) "]
[]
["To be completed by Host Distributors*"]
["(Not required if Host Distributor has an Embedded Distributor rate class, i.e. a separate row in Appendix 2-P.)"]
[]
[]
[]
["Proposed Rate Class for Billing Embedded Distributor(s)"]
[]
["Host's Distribution Facilities used by Embedded Distributor(s)"]
[]
["(1)","(2)","(3)","(4)","(5)","(6) = '(3) + (4)"]
["Asset Class","Total OM&A costs asociated with asset class ","Original cost of asset class ","Accumulated amortization of asset class","Annual amortization of asset class","Net Book Value of asset class"]
["Totals for Host Distributor:","($)","($)","($)","($)"]
["Distribution Stations",null,null,null,null,{"$f":"C24+D24","v":0}]
["Low Voltage Line",null,null,null,null,0]
["LV Line category # 2 (if applcable)",null,null,null,null,0]
["TS (owned by host)",null,null,null,null,0]
["add rows if necessary... ",null,null,null,null,0]
[null,null,null,null,null,0]
[null,null,null,null,null,0]
[]
["(1)","(7)","(8)","(9)","(10)","(11)"]
[{"$f":"A22","v":"Asset Class"},"Total line length or station capacity in asset class","Line length or capacity required to provide LV service to Embedded Distributor(s)","Annual total demand on station/line providing LV services (sum of 12 monthly peaks)","Annual billed Embedded Distributor demand on station/line providing LV services","Embedded Distributor(s)' Responsibility Share "]
["Embedded Distributor's share:","kW or kVa; km","kW or kVA; km","kW or kVA","kW or kVA","percent"]
["Distribution Stations",null,null,null,null,{"$f":"IF(D35=0,0,(C35/B35)*(E35/D35))","v":0}]
["Low Voltage Line",null,null,null,null,{"$f":"IF(D36=0,0,(C36/B36)*(E36/D36))","v":0}]
["LV Line # 2 (if applicable) ",null,null,null,null,{"$f":"IF(D37=0,0,(C37/B37)*(E37/D37))","v":0}]
["TS (owned by host)",null,null,null,null,{"$f":"IF(D38=0,0,(C38/B38)*(E38/D38))","v":0}]
["add rows if necessary ",null,null,null,null,{"$f":"IF(D39=0,0,(C39/B39)*(E39/D39))","v":0}]
[]
["(1)","(12)","(12a)","(13)","(14)","(15)","(16)"]
[{"$f":"A33","v":"Asset Class"},"Return on Assets used to Provide LV services","Taxes/PILs","Annual amortization on assets used to provide LV services","OM&A costs with burden associated with assets used to provide LV services","Total annual cost associated with assets used to provide LV services","Monthly cost associated with the delivery of LV services"]
[null,"($)","($)","($)","($)","($)","$/kW or $/kVA"]
["Distribution Stations",{"$f":"E$55*(F24+B24*E$60)*F35","v":0},{"$f":"(B44-(B$55*C$55*F35*(F24+B24*E58)+B$56*C$56*F35*(F24+B24*E$58)))*E$58/(1-E$58)","v":0},{"$f":"E24*F35","v":0},{"$f":"B24*F35","v":0},{"$f":"SUM(B44:E44)","v":0},{"$f":"IF(E35=0,0,(D44/E35))","v":0}]
["Low Voltage Line",{"$f":"E$55*(F25+B25*E$60)*F36","v":0},{"$f":"(B45-(B$55*C$55*F36*(F25+B25*E59)+B$56*C$56*F36*(F25+B25*E59)))*E$58/(1-E$58)","v":0},{"$f":"E25*F36","v":0},{"$f":"B25*F36","v":0},{"$f":"SUM(B45:E45)","v":0},{"$f":"IF(E36=0,0,(D45/E36))","v":0}]
["LV Line # 2 (if applicable) ",{"$f":"E$55*(F26+B26*E$60)*F37","v":0},{"$f":"(B46-(B$55*C$55*F37*(F26+B26*E60)+B$56*C$56*F37*(F26+B26*E$60)))*E$58/(1-E$58)","v":0},{"$f":"E26*F37","v":0},{"$f":"B26*F37","v":0},{"$f":"SUM(B46:E46)","v":0},{"$f":"IF(E37=0,0,(D46/E37))","v":0}]
["TS (owned by host)",{"$f":"E$55*(F27+B27*E$60)*F38","v":0},{"$f":"(B47-(B$55*C$55*F38*(F27+B27*E61)+B$56*C$56*F38*(F27+B27*E61)))*E$58/(1-E$58)","v":0},{"$f":"E27*F38","v":0},{"$f":"B27*F38","v":0},{"$f":"SUM(B47:E47)","v":0},{"$f":"IF(E38=0,0,(D47/E38))","v":0}]
["add rows if necessary ",{"$f":"E$55*(F28+B28*E$60)*F39","v":0},{"$f":"(B48-(B$55*C$55*F39*(F28+B28*I62)+B$56*C$56*F39*(F28+B28*I62)))*E$58/(1-E$58)","v":0},{"$f":"E28*F39","v":0},{"$f":"B28*F39","v":0},{"$f":"SUM(B48:E48)","v":0},{"$f":"IF(E39=0,0,(D48/E39))","v":0}]
[]
["Total",null,null,null,null,{"$f":"SUM(F44:F48)","v":0},{"$f":"SUM(G44:G48)","v":0}]
[]
["(17)","(18)","(19)","(20)","(21)"]
[null,"Capital Structure","Cost Rate"]
[null,"(%)","(%)",null,"(%)"]
["Long-Term Debt",null,null,"Weighted Average Cost of Capital",{"$f":"IF(B61=0%,0,SUMPRODUCT(B55:B59,C55:C59)/B61)","v":0}]
["Short-term Debt"]
[]
["Common Equity",null,null,"Tax/PILs Rate"]
["Preferred Shares"]
[null,null,null,"Working Capital Allowance Factor"]
["Total",{"$f":"SUM(B55:B59)","v":0}]

{"sheet":"App.2-R_Loss Factors","index":48,"n_rows":73,"n_cols":8,"rows_kept":73,"cut":false,"hidden":false,"merged":[[8,0,8,7],[9,0,9,7],[11,0,11,7],[13,0,14,1],[13,2,13,6],[13,7,14,7],[15,1,15,7],[24,1,24,7],[26,1,26,7],[54,1,55,7],[36,1,39,7],[43,1,45,7],[47,1,50,7],[57,1,58,7],[60,1,61,7],[32,1,34,7],[71,1,71,7],[63,1,63,7],[65,1,65,7],[67,1,69,6],[52,1,52,7]]}
[null,null,null,null,null,null,"File Number:",{"$f":"'LDC Info'!$E$18","v":"EB-2012-0153"}]
[null,null,null,null,null,null,"Exhibit:"]
[null,null,null,null,null,null,"Tab:"]
[null,null,null,null,null,null,"Schedule:"]
[null,null,null,null,null,null,"Page:"]
[]
[null,null,null,null,null,null,"Date:"]
[]
["Appendix 2-R"]
["Loss Factors"]
[]
[]
[]
[null,null,"Historical Years",null,null,null,null,"5-Year Average"]
[null,null,{"$f":"IF(ISBLANK('LDC Info'!E26-5), \"Year 5\", 'LDC Info'!E26-5)","v":2007},{"$f":"IF(ISBLANK('LDC Info'!E26-4), \"Year 5\", 'LDC Info'!E26-4)","v":2008},{"$f":"IF(ISBLANK('LDC Info'!E26-3), \"Year 5\", 'LDC Info'!E26-3)","v":2009},{"$f":"IF(ISBLANK('LDC Info'!E26-2), \"Year 5\", 'LDC Info'!E26-2)","v":2010},{"$f":"IF(ISBLANK('LDC Info'!E26-1), \"Year 5\", 'LDC Info'!E26-1)","v":2011}]
[null,"Losses Within Distributor's System"]
["A(1)","\"Wholesale\" kWh delivered to distributor (higher value)",140683891,131024749,130983310,130878434,122312453,{"$f":"IF(SUM(C17:G17)=0,0,AVERAGE(C17:G17))","v":131176567.40000001}]
["A(2)","\"Wholesale\" kWh delivered to distributor (lower value)",140683891,131024749,130983310,130878434,122312453,{"$f":"IF(SUM(C18:G18)=0,0,AVERAGE(C18:G18))","v":131176567.40000001}]
["B","Portion of \"Wholesale\" kWh delivered to distributor for its Large Use Customer(s)",null,null,null,null,null,{"$f":"IF(SUM(C19:G19)=0,0,AVERAGE(C19:G19))","v":0}]
["C","Net \"Wholesale\" kWh delivered to distributor  = A(2) - B",{"$f":"C18-C19","v":140683891},131024749,130983310,130878434,122312453,131176567.40000001]
["D","\"Retail\" kWh delivered by distributor",134694227,120863495,123574673,123364740,115981280,{"$f":"IF(SUM(C21:G21)=0,0,AVERAGE(C21:G21))","v":123695683}]
["E","Portion of \"Retail\" kWh delivered by distributor to its Large Use Customer(s)",null,null,null,null,null,{"$f":"IF(SUM(C22:G22)=0,0,AVERAGE(C22:G22))","v":0}]
["F","Net \"Retail\" kWh delivered by distributor = D - E",{"$f":"C21-C22","v":134694227},120863495,123574673,123364740,115981280,123695683]
["G","Loss Factor in Distributor's system = C / F",{"$f":"IF(C23=0,\"\",C20/C23)","v":1.0444686022066856},1.084072150983223,1.0599527137733151,1.0609063335277162,1.0545878869417546,1.0604781364924434]
[null,"Losses Upstream of Distributor's System"]
["H","Supply Facilities Loss Factor",1.0097501428549485,1.0101572517856912,1.0102459506677606,1.0102422946472602,1.0106810710189909,{"$f":"IF(SUM(C26:G26)=0,0,AVERAGE(C26:G26))","v":1.0102153421949303}]
[null,"Total Losses"]
["I","Total Loss Factor = G x H",{"$f":"IF(C24=\"\",\"\",C24*C26)","v":1.0546523202857092},1.0950833447746153,1.0708129369887955,1.0717724487888516,1.0658520150579471,1.0713112835469556]
[]
["Notes"]
[]
[]
["A(1)","If directly connected to the IESO-controlled grid, kWh pertains to the virtual meter on the primary or high voltage side of the transformer at the interface with the transmission grid.  This corresponds to the \"With Losses\" kWh value provided by the IESO's MV-WEB.  It is the higher of the two values provided by MV-WEB."]
[]
[]
[]
[null,"If fully embedded within a host distributor, kWh pertains to the virtual meter on the primary or high voltage side of the transformer, at the interface between the host distributor and the transmission grid.  For example, if the host distributor is Hydro One Networks Inc., kWh from the Hydro One Networks' invoice corresponding to \"Total kWh w Losses\" should be reported.  This corresponds to the higher of the two kWh values provided in Hydro One Networks' invoice."]
[]
[]
[]
[]
[null,"If partially embedded, kWh pertains to the sum of the above."]
[]
["A(2)","If directly connected to the IESO-controlled grid, kWh pertains to a metering installation on the secondary or low voltage side of the transformer at the interface with the transmission grid.  This corresponds to the \"Without Losses\" kWh value provided by the IESO's MV-WEB.  It is the lower of the two kWh values provided by MV-WEB."]
[]
[]
[]
[null,"If fully embedded with the host distributor, kWh pertains to an actual or virtual meter at the interface between the embedded distributor and the host distributor.  For example, if the host distributor is Hydro One Networks Inc., kWh from the Hydro One Networks' invoice corresponding to \"Total kWh\" should be reported.  This corresponds to the lower of the two kWh values provided in Hydro One Networks' invoice."]
[]
[]
[]
[]
[null,"If partially embedded, kWh pertains to the sum of the above."]
[]
[null,"Additionally, kWh pertaining to distributed generation directly connected to the distributor's own distribution network should be included in A(2)."]
[]
[]
["B","If a Large Use Customer is metered on the secondary or low voltage side of the transformer, the default loss is 1%                         (i.e., B = 1.01 X E)."]
[]
[]
["D","kWh corresponding to D should equal metered or estimated kWh at the customer’s delivery point."]
[]
[]
["G and I","These loss factors pertain to secondary-metered customers with demand less than 5,000 kW."]
[]
["H","If directly connected to the IESO-controlled grid, SFLF = 1.0045."]
[]
[null,"If fully embedded within a host distributor, SFLF = loss factor re losses in transformer at grid interface X loss factor re losses in host distributor's system.  If the host distributor is Hydro One Networks Inc., SFLF = 1.0060 X 1.0278 = 1.0340. If partially embedded, SFLF should be calculated as the weighted average of above."]
[]
[]
[]
[null,"Distributors that wish to propose a different SFLF should provide appropriate justification for any such proposal including supporting"]
[null,"calculations and any other relevant material."]

{"sheet":"App.2-S_Stranded Meters","index":49,"n_rows":88,"n_cols":8,"rows_kept":88,"cut":false,"hidden":false,"merged":[[87,0,90,7],[80,1,82,7],[84,1,85,7],[65,1,66,7],[72,1,74,7],[76,1,78,7],[68,1,70,7],[58,2,60,7],[62,0,63,7],[33,1,34,7],[36,1,38,7],[40,1,43,7],[45,1,48,7],[53,2,56,7],[8,0,8,7],[9,0,9,7],[25,0,28,7],[30,0,31,7],[50,2,51,7]]}
[null,null,null,null,null,null,"File Number:",{"$f":"'LDC Info'!$E$18","v":"EB-2012-0153"}]
[null,null,null,null,null,null,"Exhibit:"]
[null,null,null,null,null,null,"Tab:"]
[null,null,null,null,null,null,"Schedule:"]
[null,null,null,null,null,null,"Page:"]
[]
[null,null,null,null,null,null,"Date:"]
[]
["Appendix 2-S"]
["Stranded Meter Treatment"]
[]
["Year","Notes","Gross Asset Value","Accumulated Amortization","Contributed Capital (Net of Amortization)","Net Asset","Proceeds on Disposition","Residual Net Book Value"]
[null,null,"(A)","(B)","(C)","(D ) = (A) - (B) - (C)","(E)","(F) = (D) - (E)"]
[2006,null,null,null,null,{"$f":"C14-D14-E14","v":0},null,{"$f":"F14-G14","v":0}]
[2007,null,null,null,null,0,null,0]
[2008,null,null,null,null,0,null,0]
[2009,null,null,null,null,0,null,0]
[2010,null,197293,null,null,197293,235,197058]
[2011,null,-420,null,null,-420,null,-420]
[2012,"(1)",null,null,null,0,null,0]
[null,null,null,null,null,null,null,{"$f":"SUM(H14:H20)","v":196638}]
["Notes:"]
[]
["(1)","For 2012, please indicate whether the amounts provided are on a forecast or actual basis."]
[]
["Some distributors have transferred the cost of stranded meters from Account 1860 - Meters to \"Sub-account Stranded Meter Costs of Account 1555\", while in some cases distributors have left these costs in Account 1860.  Depending on which treatment the applicant has chosen. please provide the information under either of the two scenarios (A and B below), as applicable."]
[]
[]
[]
[]
["Scenario A:  If the stranded meter costs were transferred to \"Sub-account Stranded Meter Costs\" of Account 1555, the above table should be completed and the following information should be provided."]
[]
[]
[1,"A description of the accounting treatment followed by the applicant on stranded meter costs for financial accounting and reporting purposes."]
[]
[]
[2,"The amount of the pooled residual net book value of the removed from service stranded meters, less any contributed capital (net of accumulated amortization), and less any net proceeds from sales, which were transferred to this sub-account as of December 31, 2010."]
[]
[]
[]
[3,"A statement as to whether or not, since transferring the removed stranded meter costs to the sub-account, the recording of depreciation expenses was continued in order to reduce the net book value through accumulated depreciation.  If so, the total depreciation expense amount for the period from the time the costs for the stranded meters were transferred to the sub-account to December 31, 2010 should be provided."]
[]
[]
[]
[]
[null,"If no depreciation expenses were recorded to reduce the net book value of stranded meter costs through accumulated depreciation, the total depreciation expense amount that would have been applicable from the time that the stranded meter costs were transferred to the sub-account of Account 1555 to December 31, 2010 should be provided.  In addition, the following information should be provided:"]
[]
[]
[]
[]
[null,"a)","Whether or not carrying charges were recorded for the stranded meter cost balances in the sub-account, and if so, the total carrying charges recorded to December 31, 2010."]
[]
[]
[null,"b)","The estimated amount of the pooled residual net book value of the removed from service meters, less any net proceeds from sales and contributed capital, at the time when the smart meters will have been fully deployed (e.g., as of December 31, 2010).  If the smart meters have been fully deployed, the actual amount should be provided."]
[]
[]
[]
[]
[null,"c)","A description as to how the applicant intends to recover in rates the remaining costs for stranded meters, including the proposed accounting treatment, the proposed disposition period, and the associated bill impacts."]
[]
[]
[]
["Scenario B:  If the stranded meter costs remained recorded in Account 1860, the above table should be completed and the following information should be provided:"]
[]
[]
[1,"A description of the accounting treatment followed by the applicant on stranded meter costs for financial accounting and reporting purposes."]
[]
[]
[2,"The amount of the pooled residual net book value of the removed from service stranded meters, less any contributed capital (net of accumulated amortization), and less any net proceeds from sales, as of December 31, 2010."]
[]
[]
[]
[3,"A statement as to whether or not the recording of depreciation expenses continued in order to reduce the net book value through accumulated depreciation.  If so, provision of the total (cumulative) depreciation expense for the period from the time that the meters became stranded to December 31, 2010."]
[]
[]
[]
[4,"If no depreciation expenses were recorded to reduce the net book value of stranded meters through accumulated depreciation, the total (cumulative) depreciation expense amount that would have been applicable for the period from the time that the meters became stranded to December 31, 2010."]
[]
[]
[]
[5,"The estimated amount of the pooled residual net book value of the removed from service meters, less any net proceeds from sales and contributed capital, at the time when smart meters will have been fully deployed.  If the smart meters have been fully deployed, please provide the actual amount."]
[]
[]
[]
[6,"A description as to how the applicant intends to recover in rates the costs for stranded meters, including the proposed accounting treatment, the proposed disposition period and the associated bill impacts."]
[]
[]
["Distributors should also provide the Net Book Value per class of meter as of December 31, 2010 as well as the number of meters that were removed / stranded.  In preparing this information, distributors should review the Board's letter of January 16, 2007 Stranded Meter Costs Related to the Installation of Smart Meters   which stated that records were to be kept of the type and number of each meter to support the stranded meter costs."]

{"sheet":"App.2-T_1592_Tax_Variance","index":50,"n_rows":51,"n_cols":5,"rows_kept":51,"cut":false,"hidden":false,"merged":[[27,0,27,2],[50,1,51,4],[34,0,35,0],[39,0,40,0],[42,0,43,0],[45,0,48,0],[50,0,51,0],[34,1,35,4],[37,1,37,4],[45,1,48,4],[8,0,8,4],[9,0,9,4],[11,0,11,4],[13,0,15,2],[16,0,16,2],[17,0,17,2],[18,0,18,2],[19,0,19,2],[24,0,24,2],[42,1,43,4],[30,0,30,2],[39,1,40,4],[25,0,25,2],[26,0,26,2],[28,0,28,2],[29,0,29,2],[37,0,38,0],[20,0,20,2],[21,0,21,2],[22,0,22,2],[23,0,23,2]]}
[null,null,"File Number:",null,{"$f":"'LDC Info'!$E$18","v":"EB-2012-0153"}]
[null,null,"Exhibit:"]
[null,null,"Tab:"]
[null,null,"Schedule:"]
[null,null,"Page:"]
[]
[null,null,"Date:"]
[]
["Appendix 2-T"]
["Deferred PILs Account 1592 Balances"]
[]
["The following table should be completed based on the information requested below, in accordance with the notes following the table. An explanation should be provided for any blank entries."]
[]
["Tax Item",null,null,null,"Principal as of"]
[null,null,null,null,"December 31,"]
[null,null,null,null,"20XX"]
["Large Corporation Tax grossed-up proxy from 2006 EDR application PILs model for the period from May 1, 2006 to April 30, 2007"]
["Large Corporation Tax grossed-up proxy from 2006 EDR application PILs model for the period from January 1, 2006 to April 30, 2006 (4/12ths of the approved grossed-up proxy), if not recorded in PILs account 1562"]
["Ontario Capital Tax rate decrease and increase in capital deduction for 2007"]
["Ontario Capital Tax rate decrease and increase in capital deduction for 2008"]
["Ontario Capital Tax rate decrease and increase in capital deduction for 2009"]
["Ontario Capital Tax rate decrease and increase in capital deduction for 2010"]
["Capital Cost Allowance class changes from 2006 EDR application for 2006"]
["Capital Cost Allowance class changes from 2006 EDR application for 2007"]
["Capital Cost Allowance class changes from 2006 EDR application for 2008"]
["Capital Cost Allowance class changes from 2006 EDR application for 2009"]
["Capital Cost Allowance class changes from 2006 EDR application for 2010"]
["Capital Cost Allowance class changes from 2006 EDR application for 2011"]
["Capital Cost Allowance class changes from any prior application not recorded above.  Please provide details and explanation separately."]
["Insert description of additional item(s) and new rows if needed."]
["Total",null,null,null,{"$f":"SUM(E17:E30)","v":0}]
[]
["Notes:"]
[]
[1,"Revise the deferral and variance account continuity schedule to include account 1592 as a group 2 account and enter all relevant information for transactions, adjustments, etc., for all relevant years."]
[]
[]
[2,"Describe each type of tax item that has been recorded in account 1592."]
[]
[3,"Provide the calculations that show how each item was determined and provide any pertinent supporting evidence and documentation."]
[]
[]
[4,"Please state whether or not the applicant followed the guidance provided in the FAQ of July 2007.  If not, please provide an explanation."]
[]
[]
[5,"Identify the account balance as of December 31, 2011 as per the 2011 Audited Financial Statements.  Identify the account balance as of December 31, 2011 as per the April 2012 2.1.7 RRR filing to the Board.  Provide a reconciliation if the balances provided are not identical to each other and to the total shown on the continuity schedule."]
[]
[]
[]
[]
[6,"Complete the above table based on the answers to the previous.  Add rows as required to complete the analysis in an informative manner.  Please provide the completed table as a working Excel spreadsheet."]

{"sheet":"App.2-U_IFRS Transition Costs","index":51,"n_rows":36,"n_cols":12,"rows_kept":36,"cut":false,"hidden":false,"merged":[[22,0,22,2],[8,0,8,11],[9,0,9,11],[11,0,11,11],[13,0,15,2],[13,11,15,11],[16,0,16,2],[17,0,17,2],[18,0,18,2],[19,0,19,2],[20,0,20,2],[21,0,21,2],[38,0,39,0],[38,1,39,4],[23,0,23,2],[24,0,24,2],[25,0,25,2],[26,0,26,2],[27,0,27,2],[28,0,28,2],[29,0,29,2],[33,0,34,0],[33,1,34,11],[36,0,37,0],[36,1,36,4],[41,0,42,0],[41,1,42,4],[44,0,47,0],[44,1,47,4],[49,0,50,0],[49,1,50,4]]}
[null,null,null,null,null,null,null,null,null,"File Number:",{"$f":"'LDC Info'!$E$18","v":"EB-2012-0153"}]
[null,null,null,null,null,null,null,null,null,"Exhibit:"]
[null,null,null,null,null,null,null,null,null,"Tab:"]
[null,null,null,null,null,null,null,null,null,"Schedule:"]
[null,null,null,null,null,null,null,null,null,"Page:"]
[]
[null,null,null,null,null,null,null,null,null,"Date:"]
[]
["Appendix 2-U"]
["One-Time Incremental IFRS Transition Costs"]
[]
["The following table should be completed based on the information requested below. An explanation should be provided for any blank entries.  The entries should include one-time incremental IFRS transition costs that are currently included in Account 1508, Other Regulatory Assets, sub-account Deferred IFRS Transition Costs Account, or Account 1508, Other Regulatory Assets, sub-account IFRS Transition Costs Variance Account."]
[]
["Nature of One-Time Incremental IFRS Transition Costs 1",null,null,null,"Audited Actual","Audited Actual","Audited Actual","Audited Carrying","Total Audited","RRR 2.1.7","Variance 2","Reasons why the costs recorded meet the criteria of one-time IFRS administrative incremental costs"]
[null,null,null,null,"Costs Incurred","Costs Incurred","Costs Incurred","Charges","Actual Costs","Balance"]
[null,null,null,null,2009,2010,2011,"to Dec 31, 2011","to Dec 31, 2011","2011-12-31"]
["professional accounting fees",null,null,null,null,null,null,null,{"$f":"SUM(E17:H17)","v":0}]
["professional legal fees",null,null,null,null,null,null,null,{"$f":"SUM(E18:H18)","v":0}]
["salaries, wages and benefits of staff added to support the transition to IFRS",null,null,null,null,null,null,null,0]
["associated staff training and development costs",null,null,null,null,null,null,null,0,null,null,"Travel and training would not have been incurred without IFRS"]
["costs related to system upgrades, or replacements or changes where IFRS was the major reason for conversion",null,null,null,null,null,null,null,0]
[null,null,null,null,null,null,null,null,0]
[null,null,null,null,null,null,null,null,0]
[null,null,null,null,null,null,null,null,0]
[null,null,null,null,null,null,null,null,0]
[null,null,null,null,null,null,null,null,0]
[null,null,null,null,null,null,null,null,0]
[null,null,null,null,null,null,null,null,0]
["Insert description of additional item(s) and new rows if needed.",null,null,null,null,null,null,null,0]
["Total",null,null,null,{"$f":"SUM(E17:E29)","v":0},{"$f":"SUM(F17:F29)","v":0},{"$f":"SUM(G17:G29)","v":0},{"$f":"SUM(H17:H29)","v":0},{"$f":"SUM(I17:I29)","v":0},4747,{"$f":"+I30-J30","v":-4747}]
[]
[]
["Note:"]
[1,"The Deferred IFRS Transition Costs Account and the IFRS Transition Costs Variance Account are exclusively for necessary, incremental transition costs and shall not include ongoing IFRS compliance costs or impacts arising from adopting accounting policy changes that reflect changes in the timing of the recognition of income. The incremental costs in these accounts shall not include costs related to system upgrades, or replacements or changes where IFRS was not the major reason for conversion. In addition, incremental IFRS costs shall not include capital assets or expenditures."]
[]
[2,"Applicants are to provide an explanation of material variances in evidence"]

{"sheet":"App.2-V_Rev_Reconciliation","index":52,"n_rows":34,"n_cols":16,"rows_kept":34,"cut":false,"hidden":false,"merged":[[33,0,34,13],[8,0,8,15],[11,10,12,10],[9,0,9,15],[11,5,11,6],[11,2,11,4],[11,12,12,12],[11,13,12,13],[11,14,12,14],[11,15,12,15],[11,1,12,1],[12,8,12,9],[11,7,11,9]]}
[null,null,null,null,null,null,null,null,null,null,null,null,null,null,"File Number:",{"$f":"'LDC Info'!$E$18","v":"EB-2012-0153"}]
[null,null,null,null,null,null,null,null,null,null,null,null,null,null,"Exhibit:"]
[null,null,null,null,null,null,null,null,null,null,null,null,null,null,"Tab:"]
[null,null,null,null,null,null,null,null,null,null,null,null,null,null,"Schedule:"]
[null,null,null,null,null,null,null,null,null,null,null,null,null,null,"Page:"]
[]
[null,null,null,null,null,null,null,null,null,null,null,null,null,null,"Date:"]
[]
["Appendix 2-V"]
["Revenue Reconciliation"]
[]
["Rate Class","Customers/ Connections","Number of Customers/Connections",null,null,"Test Year Consumption",null,"Proposed Rates",null,null,"Revenues at Proposed Rates",null,"Class Specific Revenue Requirement","Transformer Allowance Credit","Total","Difference"]
[null,null,"Start of Test Year","End of Test Year","Average","kWh","kW","Monthly Service Charge","Volumetric"]
[null,null,null,null,null,null,null,null,"kWh","kW"]
[]
["Residential","Customers",5255,5255,{"$f":"IF(SUM(C16:D16)=0,0,AVERAGE(C16:D16))","v":5255},41735131,null,{"$f":"[3]H2.FinalRates!D11","v":21.03},{"$f":"[3]H2.FinalRates!$I$34","v":1.6299999999999999E-2},null,{"$f":"H16*E16*12+I16*F16+J16*G16","v":2006434.4353},null,{"$f":"'App.2-P_Cost_Allocation'!E48","v":1990769.4418734037},null,{"$f":"SUM(M16:N16)","v":1990769.4418734037},{"$f":"O16-K16","v":-15664.99342659628}]
["GS < 50 kW","Customers",767,767,767,19541272,null,{"$f":"[3]H2.FinalRates!$I$12","v":27.95},{"$f":"[3]H2.FinalRates!$I$35","v":1.5900000000000001E-2},null,567958.02480000001,null,{"$f":"'App.2-P_Cost_Allocation'!E49","v":563484.15213946439},null,563484.15213946439,-4473.8726605356205]
["GS > 50 to 4,999 kW","Customers",70,70,70,55101173,177931,{"$f":"[3]H2.FinalRates!$I$13","v":181.61},null,{"$f":"[3]H2.FinalRates!$I$36","v":0.71430000000000005},279648.51330000005,null,{"$f":"'App.2-P_Cost_Allocation'!E50","v":277267.71885709348},39900,317167.71885709348,37519.205557093432]
["Large Use",null,null,null,0,null,null,null,null,null,0,null,null,null,0,0]
["Streetlighting","Connections",1546,1546,1546,1610563,4315,{"$f":"[3]H2.FinalRates!$I$15","v":6.42},null,{"$f":"[3]H2.FinalRates!$I$38","v":7.8692000000000002},{"$f":"H20*E20*12+I20*F20+J20*G20","v":153059.43799999999},null,{"$f":"'App.2-P_Cost_Allocation'!E53","v":151771.55546374008},null,151771.55546374008,-1287.8825362599164]
["Sentinel Lighting",null,null,null,0,null,null,null,null,null,0,null,null,null,0,0]
["Unmetered Scattered Load","Connections",18,18,{"$f":"IF(SUM(C22:D22)=0,0,AVERAGE(C22:D22))","v":18},127637,null,{"$f":"[3]H2.FinalRates!$I$14","v":14.43},{"$f":"[3]H2.FinalRates!$I$37","v":1.6199999999999999E-2},null,{"$f":"H22*E22*12+I22*F22+J22*G22","v":5184.5994000000001},null,{"$f":"'App.2-P_Cost_Allocation'!E55","v":5133.2751783171825},null,5133.2751783171825,-51.324221682817551]
["Standby Power",null,null,null,0,null,null,null,null,null,0,null,null,null,0,0]
["Embedded Distributor Class",null,null,null,0,null,null,null,null,null,0,null,null,null,0,0]
["etc.",null,null,null,0,null,null,null,null,null,0,null,null,null,0,0]
[null,null,null,null,0,null,null,null,null,null,0,null,null,null,0,0]
[null,null,null,null,0,null,null,null,null,null,0,null,null,null,0,0]
[null,null,null,null,0,null,null,null,null,null,0,null,null,null,0,0]
[]
["Total",null,null,null,null,null,null,null,null,null,{"$f":"SUM(K16:K28)","v":3012285.0108000003},null,{"$f":"SUM(M16:M28)","v":2988426.1435120185},{"$f":"SUM(N16:N28)","v":39900},{"$f":"M30+N30","v":3028326.1435120185},{"$f":"O30-K30","v":16041.13271201821}]
[]
["Note"]
[]
["1       The class specific revenue requirements in column N must be the amounts used in the final rate design process.  The total of column N should equate to the proposed base revenue requirement"]

{"sheet":"App.2-W_Bill Impacts","index":53,"n_rows":85,"n_cols":20,"rows_kept":85,"cut":false,"hidden":false,"merged":[[18,13,19,13],[18,14,19,14],[2,0,2,10],[17,5,17,7],[17,9,17,11],[17,13,17,14],[13,3,13,14],[9,1,9,14],[10,1,10,14],[60,1,60,3],[66,1,66,3],[67,1,67,3],[61,1,61,3],[18,3,19,3]]}
[null,null,null,null,null,null,null,null,null,null,null,null,null,"File Number:",{"$f":"'LDC Info'!$E$18","v":"EB-2012-0153"},null,null,null,null,1]
[null,null,null,null,null,null,null,null,null,null,null,null,null,"Exhibit:"]
[null,null,null,null,null,null,null,null,null,null,null,null,null,"Tab:"]
[null,null,null,null,null,null,null,null,null,null,null,null,null,"Schedule:"]
[null,null,null,null,null,null,null,null,null,null,null,null,null,"Page:"]
[]
[null,null,null,null,null,null,null,null,null,null,null,null,null,"Date:"]
[]
[]
[null,"Appendix 2-W"]
[null,"Bill Impacts"]
[]
[]
[null,"Customer Class:"]
[]
[null,null,null,"Consumption",null,null," kWh"]
[]
[null,null,null,null,null,"Current Board-Approved",null,null,null,"Proposed",null,null,null,"Impact"]
[null,null,null,"Charge Unit",null,"Rate","Volume","Charge",null,"Rate","Volume","Charge",null,"$ Change","% Change"]
[null,null,null,null,null,"($)",null,"($)",null,"($)",null,"($)"]
[null,"Monthly Service Charge",null,null,null,null,1,{"$f":"G21*F21","v":0},null,null,1,{"$f":"K21*J21","v":0},null,{"$f":"L21-H21","v":0},{"$f":"IF((H21)=0,\"\",(N21/H21))","v":""}]
[null,"Smart Meter Rate Adder",null,null,null,null,1,{"$f":"G22*F22","v":0},null,null,1,{"$f":"K22*J22","v":0},null,{"$f":"L22-H22","v":0},{"$f":"IF((H22)=0,\"\",(N22/H22))","v":""}]
[null,null,null,null,null,null,1,0,null,null,1,{"$f":"K23*J23","v":0},null,{"$f":"L23-H23","v":0},{"$f":"IF((H23)=0,\"\",(N23/H23))","v":""}]
[null,null,null,null,null,null,1,0,null,null,1,0,null,0,""]
[null,null,null,null,null,null,1,0,null,null,1,0,null,0,""]
[null,null,null,null,null,null,1,0,null,null,1,0,null,0,""]
[null,"Distribution Volumetric Rate",null,null,null,null,{"$f":"$F$16","v":0},0,null,null,{"$f":"$F$16","v":0},0,null,0,""]
[null,"Smart Meter Disposition Rider",null,null,null,null,{"$f":"$F$16","v":0},0,null,null,{"$f":"$F$16","v":0},0,null,0,""]
[null,"LRAM & SSM Rate Rider",null,null,null,null,{"$f":"$F$16","v":0},0,null,null,0,0,null,0,""]
[null,null,null,null,null,null,{"$f":"$F$16","v":0},{"$f":"G30*F30","v":0},null,null,0,{"$f":"K30*J30","v":0},null,{"$f":"L30-H30","v":0},{"$f":"IF((H30)=0,\"\",(N30/H30))","v":""}]
[null,null,null,null,null,null,0,0,null,null,0,0,null,0,""]
[null,null,null,null,null,null,0,0,null,null,0,0,null,0,""]
[null,null,null,null,null,null,{"$f":"$F$16","v":0},0,null,null,0,0,null,0,""]
[null,null,null,null,null,null,0,0,null,null,0,0,null,0,""]
[null,null,null,null,null,null,0,0,null,null,0,0,null,0,""]
[null,null,null,null,null,null,0,0,null,null,0,0,null,0,""]
[null,"Sub-Total A",null,null,null,null,null,{"$f":"SUM(H21:H36)","v":0},null,null,null,{"$f":"SUM(L21:L36)","v":0},null,0,""]
[null,"Deferral/Variance Account Disposition Rate Rider",null,null,null,null,{"$f":"$F$16","v":0},{"$f":"G38*F38","v":0},null,null,{"$f":"$F$16","v":0},{"$f":"K38*J38","v":0},null,{"$f":"L38-H38","v":0},{"$f":"IF((H38)=0,\"\",(N38/H38))","v":""}]
[null,null,null,null,null,null,{"$f":"$F$16","v":0},{"$f":"G39*F39","v":0},null,null,{"$f":"$F$16","v":0},{"$f":"K39*J39","v":0},null,{"$f":"L39-H39","v":0},{"$f":"IF((H39)=0,\"\",(N39/H39))","v":""}]
[null,null,null,null,null,null,0,0,null,null,0,0,null,0,""]
[null,null,null,null,null,null,0,0,null,null,0,0,null,0,""]
[null,"Low Voltage Service Charge",null,null,null,null,0,{"$f":"G42*F42","v":0},null,null,0,{"$f":"K42*J42","v":0},null,{"$f":"L42-H42","v":0},{"$f":"IF((H42)=0,\"\",(N42/H42))","v":""}]
[null,"Smart Meter Entity Charge",null,null,null,null,null,null,null,null,0,{"$f":"K43*J43","v":0},null,{"$f":"L43-H43","v":0}]
[null,"Sub-Total B - Distribution (includes Sub-Total A)",null,null,null,null,null,{"$f":"SUM(H38:H42)+H37","v":0},null,null,null,{"$f":"SUM(L38:L42)+L37","v":0},null,{"$f":"L44-H44","v":0},{"$f":"IF((H44)=0,\"\",(N44/H44))","v":""}]
[null,"RTSR - Network",null,null,null,null,{"$f":"F16*(1+F71)","v":0},{"$f":"G45*F45","v":0},null,null,{"$f":"F16*(1+J71)","v":0},{"$f":"K45*J45","v":0},null,0,""]
[null,"RTSR - Line and Transformation Connection",null,null,null,null,{"$f":"G45","v":0},{"$f":"G46*F46","v":0},null,null,{"$f":"K45","v":0},{"$f":"K46*J46","v":0},null,0,""]
[null,"Sub-Total C - Delivery (including Sub-Total B)",null,null,null,null,null,{"$f":"SUM(H44:H46)","v":0},null,null,null,{"$f":"SUM(L44:L46)","v":0},null,0,""]
[null,"Wholesale Market Service Charge (WMSC)",null,null,null,null,{"$f":"G46","v":0},{"$f":"G48*F48","v":0},null,null,{"$f":"K46","v":0},{"$f":"K48*J48","v":0},null,0,""]
[null,"Rural and Remote Rate Protection (RRRP)",null,null,null,null,{"$f":"G46","v":0},0,null,null,{"$f":"K46","v":0},0,null,0,""]
[null,"Standard Supply Service Charge",null,null,null,null,1,0,null,null,1,0,null,0,""]
[null,"Debt Retirement Charge (DRC)",null,null,null,null,{"$f":"G49","v":0},0,null,null,{"$f":"K49","v":0},0,null,0,""]
[null,"Energy - RPP - Tier 1",null,null,null,7.4999999999999997E-2,{"$f":"IF($T$1=1,IF($F$16>=600,600,IF($F$16<600,$F$16*(1+$F$71),$F$16-600)),IF($T$1=2,IF($F$16>=1000,1000,IF($F$16<1000,$F$16*(1+$F$71),$F$16-1000))))","v":0},{"$f":"G52*F52","v":0},null,7.4999999999999997E-2,{"$f":"IF($T$1=1,IF($F$16>=600,600,IF($F$16<600,$F$16*(1+$J$71),$F$16-600)),IF($T$1=2,IF($F$16>=1000,1000,IF($F$16<1000,$F$16*(1+$J$71),$F$16-1000))))","v":0},{"$f":"K52*J52","v":0},null,0,""]
[null,"Energy - RPP - Tier 2",null,null,null,8.7999999999999995E-2,{"$f":"IF($T$1=1,IF($F$16>=600,$F$16*(1+$F$71)-600,IF($F$16<600,0,)), IF($T$1=2,IF($F$16>=1000,$F$16*(1+$F$71)-1000,IF($F$16<1000,0))))","v":0},{"$f":"G53*F53","v":0},null,8.7999999999999995E-2,{"$f":"IF($T$1=1,IF($F$16>=600,$F$16*(1+$J$71)-600,IF($F$16<600,0,)), IF($T$1=2,IF($F$16>=1000,$F$16*(1+$J$71)-1000,IF($F$16<1000,0))))","v":0},{"$f":"K53*J53","v":0},null,0,""]
[null,"TOU - Off Peak",null,null,null,6.5000000000000002E-2,{"$f":"0.64*$F$16*(1+$F$71)","v":0},0,null,6.5000000000000002E-2,{"$f":"0.64*$F$16*(1+$J$71)","v":0},0,null,0,""]
[null,"TOU - Mid Peak",null,null,null,0.1,{"$f":"0.18*$F$16*(1+$F$71)","v":0},0,null,0.1,{"$f":"0.18*$F$16*(1+$J$71)","v":0},0,null,0,""]
[null,"TOU - On Peak",null,null,null,0.11700000000000001,{"$f":"0.18*$F$16*(1+$F$71)","v":0},0,null,0.11700000000000001,{"$f":"0.18*$F$16*(1+$J$71)","v":0},0,null,0,""]
[]
[null,"Total Bill on RPP (before Taxes)",null,null,null,null,null,{"$f":"SUM(H47:H53)","v":0},null,null,null,{"$f":"SUM(L47:L53)","v":0},null,0,""]
[null,"HST",null,null,null,0.13,null,{"$f":"H58*F59","v":0},null,0.13,null,{"$f":"L58*J59","v":0},null,{"$f":"L59-H59","v":0},{"$f":"IF((H59)=0,\"\",(N59/H59))","v":""}]
[null,"Total Bill (including HST)",null,null,null,null,null,{"$f":"H58+H59","v":0},null,null,null,{"$f":"L58+L59","v":0},null,{"$f":"L60-H60","v":0},{"$f":"IF((H60)=0,\"\",(N60/H60))","v":""}]
[null,"Ontario Clean Energy Benefit 1",null,null,null,null,null,{"$f":"ROUND(-H60*10%,2)","v":0},null,null,null,{"$f":"ROUND(-L60*10%,2)","v":0},null,{"$f":"L61-H61","v":0},{"$f":"IF((H61)=0,\"\",(N61/H61))","v":""}]
[null,"Total Bill on RPP (including OCEB)",null,null,null,null,null,{"$f":"SUM(H60:H61)","v":0},null,null,null,{"$f":"SUM(L60:L61)","v":0},null,0,""]
[]
[null,"Total Bill on TOU (before Taxes)",null,null,null,null,null,{"$f":"SUM(H47:H51,H54:H56)","v":0},null,null,null,{"$f":"SUM(L47:L51,L54:L56)","v":0},null,{"$f":"L64-H64","v":0},{"$f":"IF((H64)=0,\"\",(N64/H64))","v":""}]
[null,"HST",null,null,null,0.13,null,{"$f":"H64*F65","v":0},null,0.13,null,{"$f":"L64*J65","v":0},null,0,""]
[null,"Total Bill (including HST)",null,null,null,null,null,{"$f":"H64+H65","v":0},null,null,null,{"$f":"L64+L65","v":0},null,0,""]
[null,"Ontario Clean Energy Benefit 1",null,null,null,null,null,{"$f":"ROUND(-H66*10%,2)","v":0},null,null,null,{"$f":"ROUND(-L66*10%,2)","v":0},null,0,""]
[null,"Total Bill on TOU (including OCEB)",null,null,null,null,null,{"$f":"H66+H67","v":0},null,null,null,{"$f":"L66+L67","v":0},null,0,""]
[]
[]
[null,"Loss Factor (%)"]
[]
["1 Applicable to eligible customers only.  Refer to the Ontario Clean Energy Benefit Act, 2010."]
[]
["Note that the \"Charge $\" columns provide breakdowns of the amounts that each bill component contributes to the total monthly bill at the referenced "]
["consumption level at existing and proposed rates."]
[]
["Applicants must provide bill impacts for residential at 800 kWh and GS<50kW at 2000 kWh. In addition, their filing should cover the range that is relevant"]
["to their service territory, class by class. A general guideline of consumption levels follows:"]
[]
["Residential (kWh) - 100, 250, 500, 800, 1000, 1500, 2000"]
["GS<50kW (kWh) - 1000, 2000, 5000, 10000, 15000"]
["GS>50kW (kW) - 60, 100, 500, 1000"]
["Large User - range appropriate for utility"]
["Lighting Classes and USL - 150 kWh and 1 kW, range appropriate for utility."]

{"sheet":"App.2-X_CoS_Flowchart","index":54,"n_rows":16,"n_cols":7,"rows_kept":16,"cut":false,"hidden":false,"merged":[[15,1,15,6],[12,1,12,6],[13,1,13,6]]}
[null,null,null,null,null,"File Number:",{"$f":"'LDC Info'!$E$18","v":"EB-2012-0153"}]
[null,null,null,null,null,"Exhibit:"]
[null,null,null,null,null,"Tab:"]
[null,null,null,null,null,"Schedule:"]
[null,null,null,null,null,"Page:"]
[]
[null,null,null,null,null,"Date:"]
[]
[]
[]
[]
[]
[null,"Appendix 2-X"]
[null,"Cost of Service Rate Application Schematic"]
[]
[null,"The Cost of Service Rate Application Schematic is a flowchart appended to Chapter 2 of the Filing Requirements as a guide for the components of an application and how demand and costs interrelate to derive the revenue requirement and then how the revenue requirement is allocated between classes and through fixed/variable splits to derive rates that will be compensatory for the annual revenue requirement, based on the the forecasted demand.  There is no form to be filled out; therefore, this Schedule is not required to be filed. "]