{"text_format":"1","workbook":"xlsx","n_sheets":70,"sheets":["LDC Info","Table of Contents","COS Flowchart","List of Key References","App.2-AA_Capital Projects","App.2-AB_Capital Expenditures","App.2-BA1_Fix Asset Cont.CGAAP","App.2-BA2_Fix Asset Cont.MIFRS","Appendix 2-BB Service Life Comp","Instruction for App. 2-C MIFRS","App.2-CA_CGAAP_DepExp_2011","App.2-CB_MIFRS_DepExp_2011","App.2-CC_MIFRS_DepExp_2012","App.2-CD_MIFRS_DepExp_2013","App.2-CE_MIFRS_DepExp_2014","App.2-CF_CGAAP_DepExp_2012","App.2-CG_MIFRS_DepExp_2012","App.2-CH_MIFRS_DepExp_2013","App.2-CI_MIFRS_DepExp_2014","App.2-CJ_CGAAP_DepExp_2012","App.2-CK_CGAAP_DepExp_2013","App.2-CL_MIFRS_DepExp_2013","App.2-CM_MIFRS_DepExp_2014","Instruction for App. 2-C CGAAP","App.2-CN_OldCGAAP_DepExp_2012","App.2-CO_NewCGAAP_DepExp_2012","App.2-CP_NewCGAAP_DepExp_2013","App.2-CQ NewCGAAP_DepExp_2014","App.2-CR_OldCGAAP_DepExp_2012","App.2-CS_OldCGAAP_DepExp_2013","App.2-CT_NewCGAAP_DepExp_2013","App.2-CU_NewCGAAP_DepExp_2014","App.2-CV_USGAAP_DepExp","App.2-DA_Overhead","App.2-DB_Overhead","App.2-EA_PP&E Deferral Account","App.2-EB_PP&E Deferral Account","App.2-EC_PP&E Deferral Account","App.2-ED_Account 1576 (2012)","App.2-EE_Account 1576 (2013)","App.2-FA Proposed REG Invest.","App.2-FB Calc of REG Improvemnt","App.2-FC Calc of REG Expansion","App.2-G SQI","App.2-H_Other_Oper_Rev","App.2-I LF_CDM_WF","App.2-JA_OM&A_Summary_Analys","App.2-JB_OM&A_Cost _Drivers","App.2-JC_OMA Programs","App.2-K_Employee Costs","App.2-L_OM&A_per_Cust_FTEE","App.2-M_Regulatory_Costs","App.2-N_Corp_Cost_Allocation","App.2-OA Capital Structure","App.2-OB_Debt Instruments","App.2-P_Cost_Allocation","App.2-Q_Cost of Serv. Emb. Dx","App.2-R_Loss Factors","App.2-S_Stranded Meters","App.2-TA_1592_Tax_Variance","App.2-TB_1592_HST-OVAT","App.2-U_IFRS Transition Costs","App.2-V_Rev_Reconciliation","App.2-W_Bill Impacts","App.2-YA_MIFRS Summary Impacts","App. 2-YB_CGAAP Summary Impacts","App. 2-Z_Tariff","lists","lists2","Sheet19"],"not_rendered":{"charts":0,"images":4,"macros":1,"external_links":8,"defined_names":162,"comments":3,"pivot_tables":0},"unopened":[],"bounds":{"document_bytes":16777216,"sheet_cells":100000,"rows_first":2000,"rows_last":500,"rows_between":2000,"halvings":0,"cell_chars":16384,"cell_head_chars":4096},"cells_cut":0,"cells_raw":0,"read":"whole","date_system":"1900"}

{"sheet":"LDC Info","index":0,"n_rows":109,"n_cols":27,"rows_kept":109,"cut":false,"hidden":false,"merged":[[47,4,47,6],[47,0,47,3],[60,2,60,11],[64,2,64,12],[62,2,62,13],[55,0,55,9],[51,0,51,11],[27,4,27,6],[30,4,30,6],[29,0,30,3],[44,0,45,3],[38,0,39,3],[39,4,39,6],[41,0,42,3],[32,0,33,3],[33,4,33,6],[35,0,36,3],[36,4,36,8],[42,4,42,6],[45,4,45,6],[17,4,17,10],[13,4,13,10],[15,4,15,8],[19,4,19,8],[25,4,25,6],[23,4,23,6]]}
[]
[]
[null,null,null,null,null,null,null,null,null,null,null,null,null,null,null,null,null,null,null,null,null,null,null,null,null,null,"Algoma Power Inc."]
[null,null,null,null,null,null,null,null,null,null,null,null,null,null,null,null,null,null,null,null,null,null,null,null,null,null,"Atikokan Hydro Inc."]
[null,null,null,null,null,null,null,null,null,null,null,null,null,null,null,null,null,null,null,null,null,null,null,null,null,null,"Attawapiskat Power Corporation"]
[null,null,null,null,null,null,null,null,null,null,null,null,null,null,null,null,null,null,null,null,null,null,null,null,null,null,"Bluewater Power Distribution Corp."]
[null,null,null,null,null,null,null,null,null,null,null,null,null,null,null,null,null,null,null,null,null,null,null,null,null,null,"Brant County Power"]
[null,null,null,null,null,null,null,null,null,null,null,null,null,null,null,null,null,null,null,null,null,null,null,null,null,null,"Brantford Power Inc."]
[null,null,null,null,null,null,null,null,null,null,null,null,null,null,null,null,null,null,null,null,null,null,null,null,null,null,"Burlington Hydro Inc."]
[null,null,null,null,null,null,null,null,null,null,null,null,null,null,null,null,null,null,null,null,null,null,null,null,null,null,"Cambridge and North Dumfries Hydro"]
[null,null,null,null,null,null,null,null,null,null,null,null,null,null,null,null,null,null,null,null,null,null,null,null,null,null,"Canadian Niagara Power Inc. – Eastern Ontario Power/Fort Erie/Port Colborne"]
[null,null,null,null,null,null,null,null,null,null,null,null,null,null,null,null,null,null,null,null,null,null,null,null,null,null,"Centre Wellington Hydro Ltd."]
[null,null,null,null,null,null,null,null,null,null,null,null,null,"Version 2.0",null,null,null,null,null,null,null,null,null,null,null,null,"Chapleau Public Utilities Corporation"]
[null,null,null,"Utility Name   ","Burlington Hydro Inc.",null,null,null,null,null,null,null,null,null,null,null,null,null,null,null,null,null,null,null,null,null,"COLLUS Power Corp."]
[null,null,null,null,null,null,null,null,null,null,null,null,null,null,null,null,null,null,null,null,null,null,null,null,null,null,"Cooperative Hydro Embrun Inc."]
[null,null,null,"Assigned EB Number","EB-2013-0115",null,null,null,null,null,null,null,null,null,null,null,null,null,null,null,null,null,null,null,null,null,"E.L.K. Energy Inc."]
[null,null,null,null,null,null,null,null,null,null,null,null,null,null,null,null,null,null,null,null,null,null,null,null,null,null,"Enersource Hydro Mississauga Inc."]
[null,null,null,"Name of Contact and Title","Kathi Farmer",null,null,null,null,null,null,null,null,null,null,null,null,null,null,null,null,null,null,null,null,null,"Entegrus Powerlines Inc."]
[null,null,null,null,null,null,null,null,null,null,null,null,null,null,null,null,null,null,null,null,null,null,null,null,null,null,"ENWIN Utilities Ltd."]
[null,null,null,"Phone Number   ","416-332-1851 ext 284",null,null,null,null,null,null,null,null,null,null,null,null,null,null,null,null,null,null,null,null,null,"Erie Thames Powerlines Corp."]
[null,null,null,null,null,null,null,null,null,null,null,null,null,null,null,null,null,null,null,null,null,null,null,null,null,null,"Espanola Regional Hydro Distribution Corporation"]
[null,null,null,"Email Address   ","kfarmer@burlingtonhydro.com",null,null,null,null,null,null,null,null,null,null,null,null,null,null,null,null,null,null,null,null,null,"Essex Powerlines Corporation"]
[null,null,null,null,null,null,null,null,null,null,null,null,null,null,null,null,null,null,null,null,null,null,null,null,null,null,"Festival Hydro Inc."]
[null,null,null,"Test Year",2014,null,null,null,null,null,null,null,null,null,null,null,null,null,null,null,null,null,null,null,null,null,"Fort Albany Power Corporation"]
[null,null,null,null,null,null,null,null,null,null,null,null,null,null,null,null,null,null,null,null,null,null,null,null,null,null,"Fort Frances Power Corporation"]
[null,null,null,"Bridge Year",{"$f":"E24-1","v":2013},null,null,null,null,null,null,null,null,null,null,null,null,null,null,null,null,null,null,null,null,null,"Greater Sudbury Hydro Inc."]
[null,null,null,null,null,null,null,null,null,null,null,null,null,null,null,null,null,null,null,null,null,null,null,null,null,null,"Grimsby Power Inc."]
[null,null,null,"Last Rebasing Year",2010,null,null,null,null,null,null,null,null,null,null,null,null,null,null,null,null,null,null,null,null,null,"Guelph Hydro Electric Systems Inc."]
[null,null,null,null,null,null,null,null,null,null,null,null,null,null,null,null,null,null,null,null,null,null,null,null,null,null,"Haldimand County Hydro Inc."]
["Identify the accounting standard used for the test year"]
[null,null,null,null,"CGAAP"]
[]
["Did you update your depreciation and capitalization policies?"]
[null,null,null,null,"Yes"]
[]
["When did you update your depreciation and capitalization policies?"]
[null,null,null,null,"2013-01-01"]
[]
["Identify the year that the applicant has adopted or is expected to adopt IFRS for financial reporting purposes"]
[null,null,null,null,"2014 or Later"]
[]
["Identify the year that the applicant has made the required changes to capitalization and depreciation expense policies under CGAAP or ASPE"]
[null,null,null,null,2013]
[]
["Are you applying for cost recovery for the test and/or future year(s) for Green Energy initiatives?"]
[null,null,null,null,"No"]
[]
[{"$f":"\"Is \" & E14 & \" an embedded distributor?\"","v":"Is Burlington Hydro Inc. an embedded distributor?"},null,null,null,"No"]
[]
[]
[]
["Once all selections have been made above, press the following button to reveal the appropriate worksheets."]
[]
[]
[]
["To unhide all worksheets in this workbook, press the following button:"]
[]
[]
[null,"Notes",null,null,null,null,null,null,null,null,null,null,null,null,null,null,null,null,null,null,null,null,null,null,null,null,"Guelph Hydro Electric Systems Inc."]
[null,null,null,null,null,null,null,null,null,null,null,null,null,null,null,null,null,null,null,null,null,null,null,null,null,null,"Halton Hills Hydro Inc."]
[null,null,"Pale green cells represent input cells.",null,null,null,null,null,null,null,null,null,null,null,null,null,null,null,null,null,null,null,null,null,null,null,"Hearst Power Distribution Co. Ltd."]
[null,null,null,null,null,null,null,null,null,null,null,null,null,null,null,null,null,null,null,null,null,null,null,null,null,null,"Horizon Utilities Corporation"]
[null,null,"Pale blue cells represent drop-down lists.  The applicant should select the appropriate item from the drop-down list.",null,null,null,null,null,null,null,null,null,null,null,null,null,null,null,null,null,null,null,null,null,null,null,"Hydro 2000 Inc."]
[null,null,null,null,null,null,null,null,null,null,null,null,null,null,null,null,null,null,null,null,null,null,null,null,null,null,"Hydro Hawkesbury Inc."]
[null,null,"White cells contain fixed values, automatically generated values or formulae. ",null,null,null,null,null,null,null,null,null,null,null,null,null,null,null,null,null,null,null,null,null,null,null,"Hydro One Brampton Networks Inc."]
[null,null,null,null,null,null,null,null,null,null,null,null,null,null,null,null,null,null,null,null,null,null,null,null,null,null,"Hydro One Networks Inc."]
[null,null,null,null,null,null,null,null,null,null,null,null,null,null,null,null,null,null,null,null,null,null,null,null,null,null,"Hydro One Remote Communities Inc."]
[null,null,null,null,null,null,null,null,null,null,null,null,null,null,null,null,null,null,null,null,null,null,null,null,null,null,"Hydro Ottawa Limited"]
[null,null,null,null,null,null,null,null,null,null,null,null,null,null,null,null,null,null,null,null,null,null,null,null,null,null,"Innisfil Hydro Dist. Systems Limited"]
[null,null,null,null,null,null,null,null,null,null,null,null,null,null,null,null,null,null,null,null,null,null,null,null,null,null,"Kashechewan Power Corporation"]
[null,null,null,null,null,null,null,null,null,null,null,null,null,null,null,null,null,null,null,null,null,null,null,null,null,null,"Kenora Hydro Electric Corporation Ltd."]
[null,null,null,null,null,null,null,null,null,null,null,null,null,null,null,null,null,null,null,null,null,null,null,null,null,null,"Kingston Hydro Corporation"]
[null,null,null,null,null,null,null,null,null,null,null,null,null,null,null,null,null,null,null,null,null,null,null,null,null,null,"Kitchener-Wilmot Hydro Inc."]
[null,null,null,null,null,null,null,null,null,null,null,null,null,null,null,null,null,null,null,null,null,null,null,null,null,null,"Lakefront Utilities Inc."]
[null,null,null,null,null,null,null,null,null,null,null,null,null,null,null,null,null,null,null,null,null,null,null,null,null,null,"Lakeland Power Distribution Ltd."]
[null,null,null,null,null,null,null,null,null,null,null,null,null,null,null,null,null,null,null,null,null,null,null,null,null,null,"London Hydro Inc."]
[null,null,null,null,null,null,null,null,null,null,null,null,null,null,null,null,null,null,null,null,null,null,null,null,null,null,"Midland Power Utility Corporation"]
[null,null,null,null,null,null,null,null,null,null,null,null,null,null,null,null,null,null,null,null,null,null,null,null,null,null,"Milton Hydro Distribution Inc."]
[null,null,null,null,null,null,null,null,null,null,null,null,null,null,null,null,null,null,null,null,null,null,null,null,null,null,"Newmarket – Tay Power Distribution Ltd."]
[null,null,null,null,null,null,null,null,null,null,null,null,null,null,null,null,null,null,null,null,null,null,null,null,null,null,"Niagara Peninsula Energy Inc."]
[null,null,null,null,null,null,null,null,null,null,null,null,null,null,null,null,null,null,null,null,null,null,null,null,null,null,"Niagara-on-the-Lake Hydro Inc."]
[null,null,null,null,null,null,null,null,null,null,null,null,null,null,null,null,null,null,null,null,null,null,null,null,null,null,"Norfolk Power Distribution Ltd."]
[null,null,null,null,null,null,null,null,null,null,null,null,null,null,null,null,null,null,null,null,null,null,null,null,null,null,"North Bay Hydro Distribution Limited"]
[null,null,null,null,null,null,null,null,null,null,null,null,null,null,null,null,null,null,null,null,null,null,null,null,null,null,"Northern Ontario Wires Inc."]
[null,null,null,null,null,null,null,null,null,null,null,null,null,null,null,null,null,null,null,null,null,null,null,null,null,null,"Oakville Hydro Distribution Inc."]
[null,null,null,null,null,null,null,null,null,null,null,null,null,null,null,null,null,null,null,null,null,null,null,null,null,null,"Orangeville Hydro Limited"]
[null,null,null,null,null,null,null,null,null,null,null,null,null,null,null,null,null,null,null,null,null,null,null,null,null,null,"Orillia Power Distribution Corp."]
[null,null,null,null,null,null,null,null,null,null,null,null,null,null,null,null,null,null,null,null,null,null,null,null,null,null,"Oshawa PUC Networks Inc."]
[null,null,null,null,null,null,null,null,null,null,null,null,null,null,null,null,null,null,null,null,null,null,null,null,null,null,"Ottawa River Power Corporation"]
[null,null,null,null,null,null,null,null,null,null,null,null,null,null,null,null,null,null,null,null,null,null,null,null,null,null,"Parry Sound Power Corporation"]
[null,null,null,null,null,null,null,null,null,null,null,null,null,null,null,null,null,null,null,null,null,null,null,null,null,null,"Peterborough Distribution Inc."]
[null,null,null,null,null,null,null,null,null,null,null,null,null,null,null,null,null,null,null,null,null,null,null,null,null,null,"PowerStream Inc."]
[null,null,null,null,null,null,null,null,null,null,null,null,null,null,null,null,null,null,null,null,null,null,null,null,null,null,"PUC Distribution Inc."]
[null,null,null,null,null,null,null,null,null,null,null,null,null,null,null,null,null,null,null,null,null,null,null,null,null,null,"Renfrew Hydro Inc."]
[null,null,null,null,null,null,null,null,null,null,null,null,null,null,null,null,null,null,null,null,null,null,null,null,null,null,"Rideau St. Lawrence Distribution Inc."]
[null,null,null,null,null,null,null,null,null,null,null,null,null,null,null,null,null,null,null,null,null,null,null,null,null,null,"St. Thomas Energy Inc."]
[null,null,null,null,null,null,null,null,null,null,null,null,null,null,null,null,null,null,null,null,null,null,null,null,null,null,"Sioux Lookout Hydro Inc."]
[null,null,null,null,null,null,null,null,null,null,null,null,null,null,null,null,null,null,null,null,null,null,null,null,null,null,"Thunder Bay Hydro Electricity Distribution"]
[null,null,null,null,null,null,null,null,null,null,null,null,null,null,null,null,null,null,null,null,null,null,null,null,null,null,"Tillsonburg Hydro Inc."]
[null,null,null,null,null,null,null,null,null,null,null,null,null,null,null,null,null,null,null,null,null,null,null,null,null,null,"Toronto Hydro-Electric System Limited"]
[null,null,null,null,null,null,null,null,null,null,null,null,null,null,null,null,null,null,null,null,null,null,null,null,null,null,"Veridian Connections Inc."]
[null,null,null,null,null,null,null,null,null,null,null,null,null,null,null,null,null,null,null,null,null,null,null,null,null,null,"Wasaga Distribution Inc."]
[null,null,null,null,null,null,null,null,null,null,null,null,null,null,null,null,null,null,null,null,null,null,null,null,null,null,"Waterloo North Hydro Inc."]
[null,null,null,null,null,null,null,null,null,null,null,null,null,null,null,null,null,null,null,null,null,null,null,null,null,null,"Welland Hydro Electric System Corp."]
[null,null,null,null,null,null,null,null,null,null,null,null,null,null,null,null,null,null,null,null,null,null,null,null,null,null,"Wellington North Power Inc."]
[null,null,null,null,null,null,null,null,null,null,null,null,null,null,null,null,null,null,null,null,null,null,null,null,null,null,"West Coast Huron Energy Inc."]
[null,null,null,null,null,null,null,null,null,null,null,null,null,null,null,null,null,null,null,null,null,null,null,null,null,null,"Westario Power Inc."]
[null,null,null,null,null,null,null,null,null,null,null,null,null,null,null,null,null,null,null,null,null,null,null,null,null,null,"Whitby Hydro Electric Corporation"]
[null,null,null,null,null,null,null,null,null,null,null,null,null,null,null,null,null,null,null,null,null,null,null,null,null,null,"Woodstock Hydro Services Inc."]

{"sheet":"Table of Contents","index":1,"n_rows":55,"n_cols":6,"rows_kept":55,"cut":false,"hidden":false,"merged":[]}
[]
[]
[]
[]
[]
[]
[]
[]
[]
[]
[]
[]
[]
[]
[1,"LDC Information Sheet",null,null,35,"Appendix 2-DB: Overhead Expense (CGAAP or ASPE)"]
[2,"Index",null,null,36,"Appendix 2-EA: PP&E Deferral Account (2012 IFRS Adopters)"]
[3,"Cost of Service Application Flowchart",null,null,37,"Appendix 2-EB: PP&E Deferral Account (2013 IFRS Adopters)"]
[4,"List of Key References",null,null,38,"Appendix 2-EC: PP&E Deferral Account (2014 IFRS Adopters)"]
[5,"Appendix 2-AA: Capital Projects Table",null,null,39,"Appendix 2-ED: Account 1576 - Accounting Changes Under CGAAP (2012 Changes)"]
[6,"Appendix 2-AB: Capital Expenditures",null,null,40,"Appendix 2-EE: Account 1576 - Accounting Changes Under CGAAP (2013 Changes)"]
[7,"Appendix 2-BA1: Fixed Asset Continuity Schedule (CGAAP/ASPE/USGAAP)",null,null,41,"Appendix 2-FA: Renewable Generation Connection Investment Summary"]
[8,"Appendix 2-BA2: Fixed Asset Continuity Schedule (MIFRS)",null,null,42,"Appendix 2-FB: Calculation of Renewable Generation Connection Direct Benefits/Provincial Amount: Renewable Enabling Improvement Investments"]
[9,"Appendix 2-BB: Service Life Comparison",null,null,43,"Appendix 2-FC: Calculation of Renewable Generation Connection Direct Benefits/Provincial Amount: Renewable Expansion Investments"]
[10,"General Instructions to MIFRS Appendices",null,null,44,"Appendix 2-G: Service Reliability Indicators"]
[11,"Appendix 2-CA: 2011 Depreciation and Amortization Expense (CGAAP)",null,null,45,"Appendix 2-H: Other Operating Revenue"]
[12,"Appendix 2-CB: 2011 Depreciation and Amortization Expense (MIFRS)",null,null,46,"Appendix 2-I: Load Forecast CDM Adjustment Work Form"]
[13,"Appendix 2-CC: 2012 Depreciation and Amortization Expense (MIFRS)",null,null,47,"Appendix 2-JA: Summary of Recoverable OM&A Expenses"]
[14,"Appendix 2-CD: 2013 Depreciation and Amortization Expense (MIFRS)",null,null,48,"Appendix 2-JB: Recoverable OM&A Cost Driver Table"]
[15,"Appendix 2-CE: 2014 Depreciation and Amortization Expense (MIFRS)",null,null,49,"Appendix 2-JC: OMA Programs Table"]
[16,"Appendix 2-CF: 2012 Depreciation and Amortization Expense (CGAAP)",null,null,50,"Appendix 2-K: Employee Costs"]
[17,"Appendix 2-CG: 2012 Depreciation and Amortization Expense (MIFRS)",null,null,51,"Appendix 2-L: Recoverable OM&A Cost per Customer and per FTE"]
[18,"Appendix 2-CH: 2013 Depreciation and Amortization Expense (MIFRS)",null,null,52,"Appendix 2-M: Regulatory Cost Schedule"]
[19,"Appendix 2-CI: 2014 Depreciation and Amortization Expense (MIFRS)",null,null,53,"Appendix 2-N: Shared Services and Corporate Cost Allocation"]
[20,"Appendix 2-CJ: 2012 Depreciation and Amortization Expense (CGAAP)",null,null,54,"Appendix 2-OA: Capital Structure and Cost of Capital"]
[21,"Appendix 2-CK: 2013 Depreciation and Amortization Expense (CGAAP)",null,null,55,"Appendix 2-OB: Debt Instruments"]
[22,"Appendix 2-CL: 2013 Depreciation and Amortization Expense (MIFRS)",null,null,56,"Appendix 2-P: Cost Allocation"]
[23,"Appendix 2-CM: 2014 Depreciation and Amortization Expense (MIFRS)",null,null,57,"Appendix 2-Q: Cost of Serving Embedded Distributor(s)"]
[24,"General Instructions to CGAAP-ASPE Appendices",null,null,58,"Appendix 2-R: Loss Factors"]
[25,"Appendix 2-CN: 2012 Depreciation and Amortization Expense (Old CGAAP)",null,null,59,"Appendix 2-S: Stranded Meter Treatment"]
[26,"Appendix 2-CO: 2012 Depreciation and Amortization Expense (New CGAAP)",null,null,60,"Appendix 2-TA: Account 1592, PILs and Tax Variances"]
[27,"Appendix 2-CP: 2013 Depreciation and Amortization Expense (New CGAAP)",null,null,61,"Appendix 2-TB: Account 1592, HST-OVAT Input Tax Credits"]
[28,"Appendix 2-CQ: 2014 Depreciation and Amortization Expense (New CGAAP)",null,null,62,"Appendix 2-U: One-Time Incremental IFRS Transition Costs"]
[29,"Appendix 2-CR: 2012 Depreciation and Amortization Expense (Old CGAAP)",null,null,63,"Appendix 2-V: Revenue Reconciliation"]
[30,"Appendix 2-CS: 2013 Depreciation and Amortization Expense (Old CGAAP)",null,null,64,"Appendix 2-W: Bill Impacts"]
[31,"Appendix 2-CT: 2013 Depreciation and Amortization Expense (New CGAAP)",null,null,65,"Appendix 2-YA: Transition to MIFRS Summary Impacts"]
[32,"Appendix 2-CU: 2014 Depreciation and Amortization Expense (New CGAAP)",null,null,66,"Appendix 2-YB: Accounting Changes under CGAAP/ASPE Summary Impacts"]
[33,"Appendix 2-CV: Depreciation and Amortization Expense (USGAAP)",null,null,67,"App.2-Z: Tariff Schedule"]
[34,"Appendix 2-DA: Overhead Expense (MIFRS)"]
[]
[]
[null,"Legend"]
[null,"To be completed by MIFRS filers"]
[null,"To be completed by CGAAP and ASPE filers"]
[null,"To be completed by USGAAP filers"]
[null,"To be completed by both CGAAP, ASPE and USGAAP filers"]

{"sheet":"COS Flowchart","index":2,"n_rows":6,"n_cols":2,"rows_kept":6,"cut":false,"hidden":false,"merged":[[5,1,5,6],[2,1,2,6],[3,1,3,6]]}
[]
[]
[]
[null,"Cost of Service Rate Application Schematic"]
[]
[null,"The Cost of Service Rate Application Schematic is a flowchart appended to Chapter 2 of the Filing Requirements as a guide for the components of an application and how demand and costs interrelate to derive the revenue requirement and then how the revenue requirement is allocated between classes and through fixed/variable splits to derive rates that will be compensatory for the annual revenue requirement, based on the the forecasted demand.  There is no form to be filled out; therefore, this Schedule is not required to be filed. "]

{"sheet":"List of Key References","index":3,"n_rows":5,"n_cols":2,"rows_kept":5,"cut":false,"hidden":false,"merged":[[2,1,2,11],[4,0,4,11]]}
[]
[]
[null,"List of Key References"]
[]
["A list of key references for understanding the Filing Requirements has been embedded in the document below. To access the list of references and associated hyperlinks doublt click the icon below."]

{"sheet":"App.2-AA_Capital Projects","index":4,"n_rows":142,"n_cols":9,"rows_kept":142,"cut":false,"hidden":false,"merged":[[11,0,11,7],[9,0,9,7],[8,0,8,7]]}
[null,null,null,null,null,null,"File Number:",{"$f":"EBNUMBER","v":"EB-2013-0115"}]
[null,null,null,null,null,null,"Exhibit:"]
[null,null,null,null,null,null,"Tab:"]
[null,null,null,null,null,null,"Schedule:"]
[null,null,null,null,null,null,"Page:"]
[]
[null,null,null,null,null,null,"Date:"]
[]
["Appendix 2-AA"]
["Capital Projects Table"]
[]
[]
["Projects",null,2008,2009,2010,2011,2012,"2013 CGAAP","2014 CGAAP"]
["Reporting Basis"]
["Project Name #1 Buildings"]
["1340 Brant St. & Substation Properties","D",null,458125,225968,225998,251765,40000,332000]
[]
["Easements",null,null,null,null,null,null,null,60000]
[]
[]
["Sub-Total  Buildings",null,0,458125,225968,225998,251765,40000,392000]
[]
["Project Name #2 Substation Equipment"]
["Upgrade Relays to Solid State","C",null,42243,56271,null,4404,36196,31104]
["Recomission Substations","B",null,124734,156313,142458,158246,115624,90299]
["Metalclad Equipment Refurbish/Paint","B",null,0,0,30212,22845,34614,34601]
["Upgrade RTUs","C",null,9164,30245,40169,64163,48780,38675]
["Battery banks & Chargers","B",null,2725,0,null,4799,7692,7692]
["Control Room Upgrade","B",null,141105,4055,null,0]
["Transducers","C",null,0,2252,5190,0,3846,3846]
["Vacuum Breaker Conversions (Asbestos Rmvl)","B",null,0,58645,120145,0]
["Misc. Projects","B",null,3653,0]
["Replacement of Substation Breakers","B",null,null,null,null,null,56281,46241]
["Power transformers(substation)","B",null,null,null,352524,401108,null,386478]
[]
["Sub-Total Substation Equipment",null,0,323624,307781,690698,655565,303033,638936]
[]
["Project Name #3 Underground Distribution"]
["Performing Arts Centre","A",null,1760286,12201]
["General Service Underground","A",null,1273706,1835256,1498305,1520576,1338527,1104892]
["Underground Rebuilds (North Brant Hills)","B",null,null,456739,404426]
["Underground Rebuilds (Faversham/Cavendish)","B",null,null,null,null,26727,null,345520]
["Burlington Mall","B",null,110396,0]
["Butyl Cable Replacement","B",null,14811,12112,42047]
["Subdivisions Assumed","A",null,3887728,1366078,665947,2137623,1400000,1400000]
["Downtown/Lakeshore Elizabeth/Lakeshore to Martha MS","A",null,null,null,null,null,339561,740406]
["Subdivision Buybacks","A",null,null,null,null,null,1200000,1200000]
["Sub-Total Underground Distribution",null,0,7046927,3682386,2610725,3684926,4278088,4790818]
[]
["Project Name #4 Overhead Distribution"]
["Pole Replacement Program","B",null,449944,565248,738621,164706,167554,246957]
["Motorized ABS Program","C",null,299924,274249,385055,728132,409548,262834]
["City Projects","A",null,551466,641769,41116,962011,null,667704]
["Rebuild Crossing","B",null,9678,132938]
["Region Projects","A",null,857285,573712,122009,0,null,68922]
["General Service Overhead","A",null,1201052,1477221,2427652,1965315,1423355,1259668]
["MTO Projects","A",null,1308018,35326,17305]
["Purchase Milton Hydro Assets","A",null,743,0]
["Sherwood Forest Park Feeder Tie","C",null,null,54250]
["NE Burlington TS Egress","C",null,null,null,397882,1235729,3341399,151791]
["Bronte Feeder Doubel CCT Egress","C",null,null,null,null,null,null,420290]
["Sub-Total Overhead Distribution"," ",0,4678110,3754713,4129640,5055893,5341856,3078166]
[]
["Project Name #5 Transformers"]
["Installed (Including replacement)","A",null,1617306,1388125,1043047,1222639,702662,614742]
["PCB Free Transformer Replacement","B",null,599974,79463,160881,34652,195136,172704]
["Subdivision Assumed Transformers","A",null,1396605,334074,145613,500248,600000,600000]
["Spare Transformers","A",null,52510,94249,-702027]
[]
[]
[]
["Sub-Total Transformers",null,0,3666395,1895911,647514,1757539,1497798,1387446]
[]
["Project Name #6 Meters"]
["Current Limiters","A",null,5192,0]
["Primary Metering Tank Replacement","B",null,47312,38800,74169,33210,58779,18749]
["Installed","A",null,343935,730749,-88158,335834,271398,240309]
["Spare Meters & Misc. Equipment","A",null,42109,-14872]
["Smart Meters (Installed by BHI staff)","A",null,null,686500,310133]
["Wholesale Metering (IT Metering at Cumberland TS)","A",null,null,704449]
["Smart Synch for G50 meters","B",null,null,null,38077]
["SSE04 Measurement Canada Inspection of Quadlogics","A",null,null,null,null,null,8696]
["MSP Metering for Tremaine TS and Meters","A",null,null,null,null,45834,96957]
["Quadlogix Condominium Sub-Metering Conversion Program","A",null,null,null,null,null,198913,347826]
["Sub-Total Meters",null,0,438548,2145626,334221,414878,634743,606884]
[]
["Project Name #7 Tools"]
["UG, Station Maintenance & Meters","D",null,23516,21559,15735,19171,21000,12000]
["Measurement & Test Equipment","D",null,null,3995,2722]
[]
[]
["Sub-Total Tools",null,0,23516,25554,18457,19171,21000,12000]
[]
["Project Name #8 Rolling Stock"]
["New and/or Replacements (>4500kg)","D",null,406635,42572,null,null,46000,50000]
["New and/or Replacements (<4500kg)","D",null,145446,38406,64228,64539]
["Sub-Total Rolling Stock",null,0,552081,80978,64228,64539,46000,50000]
[]
["Project Name #9 Office Equipment"]
["Misc. Office Equipment","D",null,82457,24379,71790,81205,54000,38000]
["Telephone Upgrade","D",null,null,27776,37529,0]
[]
[]
["Sub-Total Office Equipment",null,0,82457,52155,109319,81205,54000,38000]
[]
["Project Name #10 Computer H/ware & S/ware"]
["Personal Computers","D",null,28284,30294,42470,37170,73000,50000]
["Backup Server, Mapping system & Oracle Database","D",null,null,null,null,27877]
["Computer Room Network Communications Eqpmnt","D",null,null,23197,null,8350,5000]
["Daffron Custom Programming","D",null,2533,12816,18742,25392,20000,20000]
["Windows Software upgrade","D",null,null,19579,null,null,null,75000]
["GIS Interfaces","D",null,null,169669,450905,null,100000]
["GIS Mapping System Upgrades","D",null,780293,0,null,123173,null,50000]
["Daffron iXP Dashboard","D",null,null,35470,24254]
["Daffron iXP Implementation","D",null,null,null,null,null,100000]
["Misc. (Tablets, Software, Document Manager)","D",null,null,33217]
["Field Force Automation Enhancements","D",null,null,null,null,54275,20000,20000]
["Upgrade Network Capabilities to 1 Gb","D",null,null,null,null,null,100000]
["SpatialNet User Licence","D",null,null,null,null,16200]
["Complete Mobile Asset Inspection Sysytem (MAIS) ","D",null,null,null,null,33379]
["Pin Mapping","D",null,null,null,null,117296]
["SCADA / GIS / AMI / CIS Integration, Replicator Software","D",null,null,null,null,33680,null,100000]
["Spidacalc Licence",null,null,null,null,null,null,14000]
["Ortho Imaging",null,null,null,null,null,null,11000]
[]
[]
["Sub-Total Computer H/ware & S/ware",null,0,811110,324242,536371,476792,443000,315000]
[]
["Project Name #11 Substations"]
["New Transformer Station - N/E Burlington","C",null,null,null,943057,5855000,-2105000]
["Subtotal - New Transformer Station - N/E Burlington",null,0,0,0,943057,5855000,-2105000,0]
[]
[]
["Project Name #12 Contributions & Grants"]
["Contributions & Grants",null,null,-6661564,-2905190,-1447615,-3238245,-3217443,-3579205]
["Sub-Total Contributions & Grants",null,0,-6661564,-2905190,-1447615,-3238245,-3217443,-3579205]
[]
["Transformer Station (N/E Burlington) - Capital Contribution H1"]
["Bronte TS Breaker","C",null,null,null,null,null,628000]
["Miscellaneous",null,0,0,0,0,0,628000,0]
["Total",null,0,11419329,9590124,8862613,15079028,7965075,7730045]
["*2012 total is net of smart meter additions"]

{"sheet":"App.2-AB_Capital Expenditures","index":5,"n_rows":38,"n_cols":21,"rows_kept":38,"cut":false,"hidden":false,"merged":[[15,16,15,20],[8,0,8,7],[9,0,9,7],[38,0,39,13],[35,0,36,13],[32,0,33,13],[12,0,15,0],[12,1,12,15],[15,1,15,2],[15,4,15,5],[15,7,15,8],[15,10,15,11],[15,13,15,14],[12,16,12,20],[13,1,13,3],[13,4,13,6],[13,18,14,18],[13,19,14,19],[13,20,14,20],[13,7,13,9],[13,10,13,12],[13,13,13,15],[13,16,14,16],[13,17,14,17]]}
[null,null,null,null,null,null,null,null,null,null,null,null,null,null,null,null,null,null,"File Number:",null,{"$f":"EBNUMBER","v":"EB-2013-0115"}]
[null,null,null,null,null,null,null,null,null,null,null,null,null,null,null,null,null,null,"Exhibit:"]
[null,null,null,null,null,null,null,null,null,null,null,null,null,null,null,null,null,null,"Tab:"]
[null,null,null,null,null,null,null,null,null,null,null,null,null,null,null,null,null,null,"Schedule:"]
[null,null,null,null,null,null,null,null,null,null,null,null,null,null,null,null,null,null,"Page:"]
[]
[null,null,null,null,null,null,null,null,null,null,null,null,null,null,null,null,null,null,"Date:"]
[]
["Appendix 2-AB"]
["Table 2 - Capital Expenditure Summary from Chapter 5 Consolidated\nDistribution System Plan Filing Requirements"]
[]
["First year of Forecast Period:",{"$f":"TestYear","v":2014}]
["CATEGORY","Historical Period (previous plan1 & actual)",null,null,null,null,null,null,null,null,null,null,null,null,null,null,"Forecast Period (planned)"]
[null,2009,null,null,2010,null,null,2011,null,null,2012,null,null,2013,null,null,2014,{"$f":"Q14+1","v":2015},{"$f":"R14+1","v":2016},{"$f":"S14+1","v":2017},{"$f":"T14+1","v":2018}]
[null,null,"Actual","Var","Previous Year","Actual","Var","Previous Year","Actual","Var","Previous Year","Actual","Var","Previous Year","Actual2","Var"]
[null,"$",null,"%","$",null,"%","$",null,"%","$",null,"%","$",null,"%","$"]
["System Access",null,14297941,{"$f":"IF(ISERROR((C17-B17)/B17),\"--\",(C17-B17)/B17)","v":"--"},{"$f":"C17","v":14297941},9864837,{"$f":"IF(ISERROR((F17-E17)/E17),\"--\",(F17-E17)/E17)","v":-0.31005191586676711},{"$f":"F17","v":9864837},5480942,{"$f":"IF(ISERROR((I17-H17)/H17),\"--\",(I17-H17)/H17)","v":-0.44439609088320464},{"$f":"I17","v":5480942},8690080,{"$f":"IF(ISERROR((L17-K17)/K17),\"--\",(L17-K17)/K17)","v":0.58550847646262272},{"$f":"L17","v":8690080},7580069,{"$f":"IF(ISERROR((O17-N17)/N17),\"--\",(O17-N17)/N17)","v":-0.12773311638097692},8244469,7396054,6925561,6925561,7621934]
["System Renewal",null,1504332,"--",{"$f":"C18","v":1504332},1504313,-1.2630190675994395E-5,{"$f":"F18","v":1504313},2103560,0.39835260348079155,{"$f":"I18","v":2103560},846293,-0.59768535245013221,{"$f":"L18","v":846293},635680,-0.2488653456899679,1349241,1311959,1309651,1309651,1309561]
["System Service",null,351331,"--",351331,417267,0.18767487070597244,417267,1771353,3.2451308155209975,1771353,7887428,3.4527702835064495,7887428,1783314,-0.77390424356330101,908540,650832,966547,966547,650832]
["General Plant",null,1927289,"--",1927289,708897,-0.63217919056249483,708897,954373,0.3462787964965291,954373,893472,-6.381257642452165E-2,893472,{"$f":"604000+579455","v":1183455},0.32455745675298164,807000,644000,496000,656500,278900]
["Subtotal (net of Capt Contr).",null,{"$f":"SUM(C17:C20)","v":18080893},null,{"$f":"SUM(E17:E20)","v":18080893},{"$f":"SUM(F17:F20)","v":12495314},-0.30892163346135615,{"$f":"SUM(H17:H20)","v":12495314},{"$f":"SUM(I17:I20)","v":10310228},-0.17487243617887474,{"$f":"SUM(K17:K20)","v":10310228},{"$f":"SUM(L17:L20)","v":18317273},0.77661182662497863,{"$f":"SUM(N17:N20)","v":18317273},{"$f":"SUM(O17:O20)","v":11182518},-0.38950967210020837,{"$f":"SUM(Q17:Q20)","v":11309250},{"$f":"SUM(R17:R20)","v":10002845},{"$f":"SUM(S17:S20)","v":9697759},{"$f":"SUM(T17:T20)","v":9858259},{"$f":"SUM(U17:U20)","v":9861227}]
[]
["Capital Contribution",null,-6661564,null,{"$f":"C23","v":-6661564},-2905190,null,{"$f":"F23","v":-2905190},-1447615,null,{"$f":"I23","v":-1447615},-3238245,null,{"$f":"L23","v":-3238245},-3217443,null,-3579205]
["TOTAL EXPENDITURE",{"$f":"SUM(B17:B20)","v":0},{"$f":"SUM(C21:C23)","v":11419329},"--",{"$f":"SUM(E21:E23)","v":11419329},{"$f":"SUM(F21:F23)","v":9590124},-0.16018498109652501,{"$f":"SUM(H21:H23)","v":9590124},{"$f":"SUM(I21:I23)","v":8862613},-7.5860437258162675E-2,{"$f":"SUM(K21:K23)","v":8862613},{"$f":"SUM(L21:L23)","v":15079028},0.70142011165330131,{"$f":"SUM(N21:N23)","v":15079028},{"$f":"SUM(O21:O23)","v":7965075},-0.47177795544911783,{"$f":"SUM(Q21:Q23)","v":7730045}]
["System O&M",null,null,"--",null,{"$f":"'[8]App.2-JA_OM&A_Summary_Analys'!C17","v":6323045},"--",{"$f":"F25","v":6323045},{"$f":"'[8]App.2-JA_OM&A_Summary_Analys'!D17","v":7187610},0.13673238131311732,{"$f":"I25","v":7187610},{"$f":"'[8]App.2-JA_OM&A_Summary_Analys'!E17","v":7536406},4.8527396450280411E-2,{"$f":"L25","v":7536406},{"$f":"'[8]App.2-JA_OM&A_Summary_Analys'!F17","v":9223725.129999999},0.22388909647383634,{"$f":"'[8]App.2-JA_OM&A_Summary_Analys'!G17","v":10006700.130000001}]
[]
["Notes to the Table:"]
["1.  Historical “previous plan” data is not required unless a plan has previously been filed"]
["2.  Indicate the number of months of 'actual' data included in the last year of the Historical Period (normally a 'bridge' year):"]
[]
["Explanatory Notes on Variances (complete only if applicable)"]
["Notes on shifts in forecast vs. histrical budgets by category"]
[]
[]
["Notes on year over year Plan vs. Actual variances for Total Expenditures"]
[]
[]
["Notes on Plan vs. Actual variance trends for individual expenditure categories"]

{"sheet":"App.2-BA1_Fix Asset Cont.CGAAP","index":6,"n_rows":402,"n_cols":13,"rows_kept":402,"cut":false,"hidden":false,"merged":[[183,3,183,6],[239,3,239,6],[295,3,295,6],[351,3,351,6],[8,0,8,12],[9,0,9,12],[71,3,71,6],[13,3,13,6],[127,3,127,6]]}
[null,null,null,null,null,null,null,null,null,null,null,"File Number:",{"$f":"EBNUMBER","v":"EB-2013-0115"}]
[null,null,null,null,null,null,null,null,null,null,null,"Exhibit:"]
[null,null,null,null,null,null,null,null,null,null,null,"Tab:"]
[null,null,null,null,null,null,null,null,null,null,null,"Schedule:"]
[null,null,null,null,null,null,null,null,null,null,null,"Page:"]
[]
[null,null,null,null,null,null,null,null,null,null,null,"Date:"]
[]
["Appendix 2-BA"]
["Fixed Asset Continuity Schedule - CGAAP/ASPE/USGAAP"]
[]
[null,null,null,null,"Year ",2014,"NewCGAAP"]
[]
[null,null,null,"Cost",null,null,null,null,null,"Accumulated Depreciation"]
[null,"OEB","Description","Opening Balance","Additions","Disposals","Closing Balance",null,"Opening Balance","Additions","Disposals","Closing Balance","Net Book Value"]
["CCA Class",1611,"Computer Software (Formally known as Account 1925)",5883926,245000,null,{"$f":"D16+E16+F16","v":6128926},null,-4355566.04,-363440.46,null,{"$f":"I16+J16+K16","v":-4719006.5},{"$f":"G16+L16","v":1409919.5}]
[12,1612,"Land Rights (Formally known as Account 1906)",189351,60000,null,{"$f":"D17+E17+F17","v":249351},null,-29344.3,-3328.3,null,{"$f":"I17+J17+K17","v":-32672.6},{"$f":"G17+L17","v":216678.39999999999}]
["CEC",1805,"Land",202703,null,null,{"$f":"D18+E18+F18","v":202703},null,0,null,null,{"$f":"I18+J18+K18","v":0},{"$f":"G18+L18","v":202703}]
["N/A",1808,"Buildings",2301844,5000,null,{"$f":"D19+E19+F19","v":2306844},null,-1218984.52,-63385.32,null,{"$f":"I19+J19+K19","v":-1282369.8400000001},{"$f":"G19+L19","v":1024474.1599999999}]
[47,1810,"Leasehold Improvements",0,null,null,0,null,0,null,null,0,0]
[13,1815,"Transformer Station Equipment >50 kV",0,null,null,0,null,0,null,null,0,0]
[47,1820,"Distribution Station Equipment <50 kV",14635108,565311.79,null,15200419.789999999,null,-9325298.4800000004,-227603.9,null,-9552902.3800000008,5647517.4099999983]
[47,1825,"Storage Battery Equipment",0,null,null,0,null,0,null,null,0,0]
[47,1830,"Poles, Towers & Fixtures",34432808,1686482.61,null,36119290.609999999,null,-15351932.58,-597865.30000000005,null,-15949797.880000001,20169492.729999997]
[47,1835,"Overhead Conductors & Devices",42038372,847206.28,null,42885578.280000001,null,-24509930.199999999,-504774.31,null,-25014704.509999998,17870873.770000003]
[47,1840,"Underground Conduit",18168947,1669427.94,null,19838374.940000001,null,-7990753.1200000001,-207976.06,null,-8198729.1799999997,11639645.760000002]
[47,1845,"Underground Conductors & Devices",28691075,1882472.27,null,30573547.27,null,-14730321.35,-595919.62,null,-15326240.969999999,15247306.300000001]
[47,1850,"Line Transformers",50280853,1909204.91,null,52190057.909999996,null,-28200485.280000001,-745869.03,null,-28946354.310000002,23243703.599999994]
[47,1855,"Services (Overhead & Underground)",33530149,1261636.54,null,34791785.539999999,null,-18471213.43,-304487.15999999997,null,-18775700.59,16016084.949999999]
[47,1860,"Meters",19097612,606883.39,null,19704495.390000001,null,-7456675.4699999997,-947134.21,null,-8403809.6799999997,11300685.710000001]
[47,1860,"Meters (Smart Meters)",0,null,null,0,null,0,null,null,0,0]
[47,1905,"Land",96300,null,null,96300,null,0,null,null,0,96300]
["N/A",1908,"Buildings & Fixtures",8498856,327000,null,8825856,null,-4124687.77,-246284.34,null,-4370972.1100000003,4454883.8899999997]
[47,1910,"Leasehold Improvements",0,null,null,0,null,0,null,null,0,0]
[13,1915,"Office Furniture & Equipment (10 years)",1532168,38000,null,1570168,null,-1219273.49,-57568.63,null,-1276842.1199999999,293325.88000000012]
[8,1915,"Office Furniture & Equipment (5 years)",0,null,null,0,null,0,null,null,0,0]
[8,1920,"Computer Equipment - Hardware",866207,70000,null,936207,null,-644225.85,-64916,null,-709141.85,227065.15000000002]
[10,1920,"Computer Equip.-Hardware(Post Mar. 22/04)",0,null,null,0,null,0,null,null,0,0]
[45,1920,"Computer Equip.-Hardware(Post Mar. 19/07)",0,null,null,0,null,0,null,null,0,0]
[45.1,1930,"Transportation Equipment",3575754,50000,null,3625754,null,-2772730.67,-75768.66,null,-2848499.33,777254.66999999993]
[10,1935,"Stores Equipment",292425,null,null,292425,null,-292080,null,null,-292080,345]
[8,1940,"Tools, Shop & Garage Equipment",1364938,9000,null,1373938,null,-1239256.6299999999,-26531.58,null,-1265788.21,108149.79000000004]
[8,1945,"Measurement & Testing Equipment",384931,3000,null,387931,null,-352389.3,-4625.6499999999996,null,-357014.95,30916.049999999988]
[8,1950,"Power Operated Equipment",0,null,null,0,null,0,null,null,0,0]
[8,1955,"Communications Equipment",191861,null,null,191861,null,-191861,null,null,-191861,0]
[8,1955,"Communication Equipment (Smart Meters)",0,null,null,0,null,0,null,null,0,0]
[8,1960,"Miscellaneous Equipment ",0,null,null,0,null,0,null,null,0,0]
[8,1970,"Load Management Controls Customer Premises",0,null,null,0,null,0,null,null,0,0]
[47,1975,"Load Management Controls Utility Premises",0,null,null,0,null,0,null,null,0,0]
[47,1980,"System Supervisor Equipment",3174543,73624.27,null,3248167.27,null,-2891393.64,-72483.14,null,-2963876.7800000003,284290.48999999976]
[47,1985,"Miscellaneous Fixed Assets",0,null,null,0,null,0,null,null,0,0]
[47,1990,"Other Tangible Property",5321057,null,null,5321057,null,557058.55000000005,-88684.29,null,468374.26000000007,5789431.2599999998]
[47,1995,"Contributions & Grants",-30562122,-3579205,null,-34141327,null,5753949.8600000003,632185.68000000005,null,6386135.54,-27755191.460000001]
[47,"etc.",null,0,null,null,0,null,0,null,null,0,0]
[null,null,null,0,null,null,0,null,0,null,null,0,0]
[null,null,"Sub-Total",{"$f":"SUM(D16:D55)","v":244189666},{"$f":"SUM(E16:E55)","v":7730045},0,251919711,null,{"$f":"SUM(I16:I55)","v":-139057394.70999998},{"$f":"SUM(J16:J55)","v":-4566460.28},0,-143623854.99000004,108295856.00999999]
[null,null,"Less Socialized Renewable Energy Generation Investments (input as negative)",null,null,null,{"$f":"D57+E57+F57","v":0},null,null,null,null,{"$f":"I57+J57+K57","v":0},{"$f":"G57+L57","v":0}]
[null,null,"Less Other Non Rate-Regulated Utility Assets (input as negative)",null,null,null,0,null,null,null,null,0,0]
[null,null,"Total PP&E",{"$f":"SUM(D56:D58)","v":244189666},{"$f":"SUM(E56:E58)","v":7730045},0,251919711,null,{"$f":"SUM(I56:I58)","v":-139057394.70999998},-4566460.28,0,-143623854.99000004,108295856.00999999]
[]
[null,null,null,null,null,null,null,null,"Depreciation Allocated to Other Departments:"]
[null,null,null,null,null,null,null,null,"Administration",null,260]
[null,null,null,null,null,null,null,null,"I/S AS 400",null,127934.26]
[null,null,"Transportation",null,null,null,null,null,"Engineering",null,180063.45]
[10,null,"Stores Equipment",null,null,null,null,null,"Fleet",null,75768.66]
[8,null,null,null,null,null,null,null,"Net Depreciation",null,-4182433.91]
[]
[]
[]
[null,null,null,null,"Year ",2013,"NewCGAAP"]
[]
[null,null,null,"Cost",null,null,null,null,null,"Accumulated Depreciation"]
[null,"OEB","Description","Opening Balance","Additions","Disposals","Closing Balance",null,"Opening Balance","Additions","Disposals","Closing Balance","Net Book Value"]
["CCA Class",1611,"Computer Software (Formally known as Account 1925)",5538926,345000,null,{"$f":"D74+E74+F74","v":5883926},null,-4077459,-278107.03999999998,null,{"$f":"I74+J74+K74","v":-4355566.04},{"$f":"G74+L74","v":1528359.96}]
[12,1612,"Land Rights (Formally known as Account 1906)",189351,null,null,{"$f":"D75+E75+F75","v":189351},null,-26516,-2828.3,null,{"$f":"I75+J75+K75","v":-29344.3},{"$f":"G75+L75","v":160006.70000000001}]
["CEC",1805,"Land",202703,null,null,{"$f":"D76+E76+F76","v":202703},null,0,null,null,{"$f":"I76+J76+K76","v":0},{"$f":"G76+L76","v":202703}]
["N/A",1808,"Buildings",2296844,5000,null,{"$f":"D77+E77+F77","v":2301844},null,-1153915,-65069.52,null,{"$f":"I77+J77+K77","v":-1218984.52},{"$f":"G77+L77","v":1082859.48}]
[47,1810,"Leasehold Improvements",0,null,null,0,null,0,null,null,0,0]
[13,1815,"Transformer Station Equipment >50 kV",0,null,null,0,null,0,null,null,0,0]
[47,1820,"Distribution Station Equipment <50 kV",14420893,214215,null,14635108,null,-9107631,-217667.48,null,-9325298.4800000004,5309809.5199999996]
[47,1825,"Storage Battery Equipment",0,null,null,0,null,0,null,null,0,0]
[47,1830,"Poles, Towers & Fixtures",31180513,3252295,null,34432808,null,-14815802,-536130.57999999996,null,-15351932.58,19080875.420000002]
[47,1835,"Overhead Conductors & Devices",41356602,681770,null,42038372,null,-23945999,-563931.19999999995,null,-24509930.199999999,17528441.800000001]
[47,1840,"Underground Conduit",16187382,1981565,null,18168947,null,-7813202,-177551.12,null,-7990753.1200000001,10178193.879999999]
[47,1845,"Underground Conductors & Devices",27086750,1604325,null,28691075,null,-14126796,-603525.35,null,-14730321.35,13960753.65]
[47,1850,"Line Transformers",48272718,2008135,null,50280853,null,-27503583,-696902.28,null,-28200485.280000001,22080367.719999999]
[47,1855,"Services (Overhead & Underground)",31940499,1589650,null,33530149,null,-18190487,-280726.43,null,-18471213.43,15058935.57]
[47,1860,"Meters",18462867,634745,null,19097612,null,-6461433,-995242.47,null,-7456675.4699999997,11640936.530000001]
[47,1860,"Meters (Smart Meters)",0,null,null,0,null,0,null,null,0,0]
[47,1905,"Land",96300,null,null,96300,null,0,null,null,0,96300]
["N/A",1908,"Buildings & Fixtures",8463856,35000,null,8498856,null,-3879841,-244846.77,null,-4124687.77,4374168.2300000004]
[47,1910,"Leasehold Improvements",0,null,null,0,null,0,null,null,0,0]
[13,1915,"Office Furniture & Equipment (10 years)",1478168,54000,null,1532168,null,-1159084,-60189.49,null,-1219273.49,312894.51]
[8,1915,"Office Furniture & Equipment (5 years)",0,null,null,0,null,0,null,null,0,0]
[8,1920,"Computer Equipment - Hardware",768207,98000,null,866207,null,-584557,-59668.85,null,-644225.85,221981.15000000002]
[10,1920,"Computer Equip.-Hardware(Post Mar. 22/04)",0,null,null,0,null,0,null,null,0,0]
[45,1920,"Computer Equip.-Hardware(Post Mar. 19/07)",0,null,null,0,null,0,null,null,0,0]
[45.1,1930,"Transportation Equipment",3529754,46000,null,3575754,null,-2700962,-71768.67,null,-2772730.67,803023.33000000007]
[10,1935,"Stores Equipment",292425,null,null,292425,null,-292080,null,null,-292080,345]
[8,1940,"Tools, Shop & Garage Equipment",1346938,18000,null,1364938,null,-1208155,-31101.63,null,-1239256.6299999999,125681.37000000011]
[8,1945,"Measurement & Testing Equipment",381931,3000,null,384931,null,-346796,-5593.3,null,-352389.3,32541.700000000012]
[8,1950,"Power Operated Equipment",0,null,null,0,null,0,null,null,0,0]
[8,1955,"Communications Equipment",191861,null,null,191861,null,-191861,null,null,-191861,0]
[8,1955,"Communication Equipment (Smart Meters)",0,null,null,0,null,0,null,null,0,0]
[8,1960,"Miscellaneous Equipment ",0,null,null,0,null,0,null,null,0,0]
[8,1970,"Load Management Controls Customer Premises",0,null,null,0,null,0,null,null,0,0]
[47,1975,"Load Management Controls Utility Premises",0,null,null,0,null,0,null,null,0,0]
[47,1980,"System Supervisor Equipment",3085723,88820,null,3174543,null,-2722830,-168563.64,null,-2891393.64,283149.35999999987]
[47,1985,"Miscellaneous Fixed Assets",0,null,null,0,null,0,null,null,0,0]
[47,1990,"Other Tangible Property",6798057,-1477000,null,5321057,null,0,557058.55000000005,null,557058.55000000005,5878115.5499999998]
[47,1995,"Contributions & Grants",-27344679,-3217443,null,-30562122,null,5798292,-44342.14,null,5753949.8600000003,-24808172.140000001]
[47,"etc.",null,0,null,null,0,null,0,null,null,0,0]
[null,null,null,0,null,null,0,null,0,null,null,0,0]
[null,null,"Sub-Total",{"$f":"SUM(D74:D113)","v":236224589},{"$f":"SUM(E74:E113)","v":7965077},0,244189666,null,{"$f":"SUM(I74:I113)","v":-134510697},{"$f":"SUM(J74:J113)","v":-4546697.709999999},0,-139057394.70999998,105132271.29000004]
[null,null,"Less Socialized Renewable Energy Generation Investments (input as negative)",null,null,null,{"$f":"D115+E115+F115","v":0},null,null,null,null,{"$f":"I115+J115+K115","v":0},{"$f":"G115+L115","v":0}]
[null,null,"Less Other Non Rate-Regulated Utility Assets (input as negative)",null,null,null,0,null,null,null,null,{"$f":"I116+J116+K116","v":0},0]
[null,null,"Total PP&E",{"$f":"SUM(D114:D116)","v":236224589},{"$f":"SUM(E114:E116)","v":7965077},0,244189666,null,{"$f":"SUM(I114:I116)","v":-134510697},{"$f":"SUM(J114:J116)","v":-4546697.709999999},{"$f":"SUM(K114:K116)","v":0},{"$f":"SUM(L114:L116)","v":-139057394.70999998},{"$f":"SUM(M114:M116)","v":105132271.29000004}]
[]
[null,null,null,null,null,null,null,null,"Depreciation Allocated to Other Departments:"]
[null,null,"Transportation",null,null,null,null,null,"Administration",null,260]
[10,null,"Stores Equipment",null,null,null,null,null,"I/S AS 400",null,87353]
[8,null,null,null,null,null,null,null,"Engineering",null,183058]
[null,null,null,null,null,null,null,null,"Fleet",null,71769]
[null,null,null,null,null,null,null,null,"Net Depreciation",null,-4204259]
[]
[null,null,null,null,"Year ",2013,"OldCGAAP"]
[]
[null,null,null,"Cost",null,null,null,null,null,"Accumulated Depreciation"]
[null,"OEB","Description","Opening Balance","Additions","Disposals","Closing Balance",null,"Opening Balance","Additions","Disposals","Closing Balance","Net Book Value"]
["CCA Class",1611,"Computer Software (Formally known as Account 1925)",5538926,345000,null,{"$f":"D130+E130+F130","v":5883926},null,-4077459,-500459,null,{"$f":"I130+J130+K130","v":-4577918},{"$f":"G130+L130","v":1306008}]
[12,1612,"Land Rights (Formally known as Account 1906)",189351,null,null,{"$f":"D131+E131+F131","v":189351},null,-26516,-2828.3,null,{"$f":"I131+J131+K131","v":-29344.3},{"$f":"G131+L131","v":160006.70000000001}]
["CEC",1805,"Land",202703,null,null,{"$f":"D132+E132+F132","v":202703},null,0,null,null,{"$f":"I132+J132+K132","v":0},{"$f":"G132+L132","v":202703}]
["N/A",1808,"Buildings",2296844,5000,null,{"$f":"D133+E133+F133","v":2301844},null,-1153915,-64700,null,{"$f":"I133+J133+K133","v":-1218615},{"$f":"G133+L133","v":1083229}]
[47,1810,"Leasehold Improvements",0,null,null,0,null,0,null,null,0,0]
[13,1815,"Transformer Station Equipment >50 kV",0,null,null,0,null,0,null,null,0,0]
[47,1820,"Distribution Station Equipment <50 kV",14420893,229738.99000000002,null,14650631.99,null,-9107631,-385229,null,-9492860,5157771.99]
[47,1825,"Storage Battery Equipment",0,null,null,0,null,0,null,null,0,0]
[47,1830,"Poles, Towers & Fixtures",31180513,3720150.82,null,34900663.82,null,-14815802,-1137556,null,-15953358,18947305.82]
[47,1835,"Overhead Conductors & Devices",41356602,1205634.42,null,42562236.420000002,null,-23945999,-1361372,null,-25307371,17254865.420000002]
[47,1840,"Underground Conduit",16187382,2113875.2400000002,null,18301257.240000002,null,-7813202,-587513,null,-8400715,9900542.2400000021]
[47,1845,"Underground Conductors & Devices",27086750,1710859.43,null,28797609.43,null,-14126796,-943846,null,-15070642,13726967.43]
[47,1850,"Line Transformers",48272718,2142678.4500000002,null,50415396.450000003,null,-27503583,-1656855,null,-29160438,21254958.450000003]
[47,1855,"Services (Overhead & Underground)",31940499,1210801.6499999999,null,33151300.649999999,null,-18190487,-1056413,null,-19246900,13904400.649999999]
[47,1860,"Meters",18462867,670000,null,19132867,null,-6461433,-647207,null,-7108640,12024227]
[47,1860,"Meters (Smart Meters)",0,null,null,0,null,0,null,null,0,0]
[47,1905,"Land",96300,null,null,96300,null,0,null,null,0,96300]
["N/A",1908,"Buildings & Fixtures",8463856,35000,null,8498856,null,-3879841,-235544,null,-4115385,4383471]
[47,1910,"Leasehold Improvements",0,null,null,0,null,0,null,null,0,0]
[13,1915,"Office Furniture & Equipment (10 years)",1478168,54000,null,1532168,null,-1159084,-64116,null,-1223200,308968]
[8,1915,"Office Furniture & Equipment (5 years)",0,null,null,0,null,0,null,null,0,0]
[8,1920,"Computer Equipment - Hardware",768207,98000,null,866207,null,-584557,-54349,null,-638906,227301]
[10,1920,"Computer Equip.-Hardware(Post Mar. 22/04)",0,null,null,0,null,0,null,null,0,0]
[45,1920,"Computer Equip.-Hardware(Post Mar. 19/07)",0,null,null,0,null,0,null,null,0,0]
[45.1,1930,"Transportation Equipment",3529754,46000,null,3575754,null,-2700962,-243813,null,-2944775,630979]
[10,1935,"Stores Equipment",292425,null,null,292425,null,-292080,null,null,-292080,345]
[8,1940,"Tools, Shop & Garage Equipment",1346938,18000,null,1364938,null,-1208155,-56872,null,-1265027,99911]
[8,1945,"Measurement & Testing Equipment",381931,3000,null,384931,null,-346796,-7264,null,-354060,30871]
[8,1950,"Power Operated Equipment",0,null,null,0,null,0,null,null,0,0]
[8,1955,"Communications Equipment",191861,null,null,191861,null,-191861,null,null,-191861,0]
[8,1955,"Communication Equipment (Smart Meters)",0,null,null,0,null,0,null,null,0,0]
[8,1960,"Miscellaneous Equipment ",0,null,null,0,null,0,null,null,0,0]
[8,1970,"Load Management Controls Customer Premises",0,null,null,0,null,0,null,null,0,0]
[47,1975,"Load Management Controls Utility Premises",0,null,null,0,null,0,null,null,0,0]
[47,1980,"System Supervisor Equipment",3085723,95261.010000000009,null,3180984.01,null,-2722830,-35418,null,-2758248,422736.00999999978]
[47,1985,"Miscellaneous Fixed Assets",0,null,null,0,null,0,null,null,0,0]
[47,1990,"Other Tangible Property",6798057,-1477000,null,5321057,null,0,-44342.14,null,-44342.14,5276714.8600000003]
[47,1995,"Contributions & Grants",-27344679,-3460000,null,-30804679,null,5798292,1162987.5900000001,null,6961279.5899999999,-23843399.41]
[47,"etc.",null,0,null,null,0,null,0,null,null,0,0]
[null,null,null,0,null,null,0,null,0,null,null,0,0]
[null,null,"Sub-Total",{"$f":"SUM(D130:D169)","v":236224589},{"$f":"SUM(E130:E169)","v":8766000.0100000016},0,244990589.01000005,null,{"$f":"SUM(I130:I169)","v":-134510697},{"$f":"SUM(J130:J169)","v":-7922708.8500000015},0,-142433405.84999999,102557183.16000003]
[null,null,"Less Socialized Renewable Energy Generation Investments (input as negative)",null,null,null,{"$f":"D171+E171+F171","v":0},null,null,null,null,{"$f":"I171+J171+K171","v":0},{"$f":"G171+L171","v":0}]
[null,null,"Less Other Non Rate-Regulated Utility Assets (input as negative)",null,null,null,0,null,null,null,null,0,0]
[null,null,"Total PP&E",{"$f":"SUM(D170:D172)","v":236224589},{"$f":"SUM(E170:E172)","v":8766000.0100000016},0,244990589.01000005,null,{"$f":"SUM(I170:I172)","v":-134510697},-7922708.8500000015,0,-142433405.84999999,102557183.16000003]
[]
[null,null,null,null,null,null,null,null,"Less: Fully Allocated Depreciation"]
[null,null,"Transportation",null,null,null,null,null,"Transportation"]
[10,null,"Stores Equipment",null,null,null,null,null,"Stores Equipment"]
[8,null,null,null,null,null,null,null,"Net Depreciation",null,{"$f":"J173-K176-K177","v":-7922708.8500000015}]
[]
[]
[]
[null,null,null,null,"Year ",2012,"OldCGAAP"]
[]
[null,null,null,"Cost",null,null,null,null,null,"Accumulated Depreciation"]
[null,"OEB","Description","Opening Balance","Additions","Disposals","Closing Balance",null,"Opening Balance","Additions","Disposals","Closing Balance","Net Book Value"]
["CCA Class",1611,"Computer Software (Formally known as Account 1925)",4972576,566350,null,{"$f":"D186+E186+F186","v":5538926},null,-3600562,-476897,null,{"$f":"I186+J186+K186","v":-4077459},{"$f":"G186+L186","v":1461467}]
[12,1612,"Land Rights (Formally known as Account 1906)",189351,null,null,{"$f":"D187+E187+F187","v":189351},null,-23687,-2829,null,{"$f":"I187+J187+K187","v":-26516},{"$f":"G187+L187","v":162835}]
["CEC",1805,"Land",202703,null,null,{"$f":"D188+E188+F188","v":202703},null,0,null,null,{"$f":"I188+J188+K188","v":0},{"$f":"G188+L188","v":202703}]
["N/A",1808,"Buildings",2291394,5450,null,{"$f":"D189+E189+F189","v":2296844},null,-1087554,-66361,null,{"$f":"I189+J189+K189","v":-1153915},{"$f":"G189+L189","v":1142929}]
[47,1810,"Leasehold Improvements",0,null,null,0,null,0,null,null,0,0]
[13,1815,"Transformer Station Equipment >50 kV",0,null,null,0,null,0,null,null,0,0]
[47,1820,"Distribution Station Equipment <50 kV",13826211,594682,null,14420893,null,-8739802,-367829,null,-9107631,5313262]
[47,1825,"Storage Battery Equipment",0,null,null,0,null,0,null,null,0,0]
[47,1830,"Poles, Towers & Fixtures",28590097,2590416,null,31180513,null,-13776509,-1039293,null,-14815802,16364711]
[47,1835,"Overhead Conductors & Devices",39722237,1634365,null,41356602,null,-22593293,-1352706,null,-23945999,17410603]
[47,1840,"Underground Conduit",14422386,1764996,null,16187382,null,-7287739,-525463,null,-7813202,8374180]
[47,1845,"Underground Conductors & Devices",25777253,1309497,null,27086750,null,-13216961,-909835,null,-14126796,12959954]
[47,1850,"Line Transformers",46417593,1855125,null,48272718,null,-25870363,-1633220,null,-27503583,20769135]
[47,1855,"Services (Overhead & Underground)",30612057,1328442,null,31940499,null,-17147594,-1042893,null,-18190487,13750012]
[47,1860,"Meters",8476769,9986098,null,18462867,null,-4600850,-1860583,null,-6461433,12001434]
[47,1860,"Meters (Smart Meters)",0,null,null,0,null,0,null,null,0,0]
[47,1905,"Land",96300,null,null,96300,null,0,null,null,0,96300]
["N/A",1908,"Buildings & Fixtures",8237061,226795,null,8463856,null,-3652251,-227590,null,-3879841,4584015]
[47,1910,"Leasehold Improvements",0,null,null,0,null,0,null,null,0,0]
[13,1915,"Office Furniture & Equipment (10 years)",1396963,81205,null,1478168,null,-1106992,-52092,null,-1159084,319084]
[8,1915,"Office Furniture & Equipment (5 years)",0,null,null,0,null,0,null,null,0,0]
[8,1920,"Computer Equipment - Hardware",855550,89640,-176983,768207,null,-695560,-60434,171437,-584557,183650]
[10,1920,"Computer Equip.-Hardware(Post Mar. 22/04)",0,null,null,0,null,0,null,null,0,0]
[45,1920,"Computer Equip.-Hardware(Post Mar. 19/07)",0,null,null,0,null,0,null,null,0,0]
[45.1,1930,"Transportation Equipment",3664600,64539,-199385,3529754,null,-2666146,-234201,199385,-2700962,828792]
[10,1935,"Stores Equipment",292425,null,null,292425,null,-292080,null,null,-292080,345]
[8,1940,"Tools, Shop & Garage Equipment",1330286,16652,null,1346938,null,-1176115,-32040,null,-1208155,138783]
[8,1945,"Measurement & Testing Equipment",368936,12995,null,381931,null,-341391,-5405,null,-346796,35135]
[8,1950,"Power Operated Equipment",0,null,null,0,null,0,null,null,0,0]
[8,1955,"Communications Equipment",191861,null,null,191861,null,-191861,null,null,-191861,0]
[8,1955,"Communication Equipment (Smart Meters)",0,null,null,0,null,0,null,null,0,0]
[8,1960,"Miscellaneous Equipment ",0,null,null,0,null,0,null,null,0,0]
[8,1970,"Load Management Controls Customer Premises",0,null,null,0,null,0,null,null,0,0]
[47,1975,"Load Management Controls Utility Premises",0,null,null,0,null,0,0,null,0,0]
[47,1980,"System Supervisor Equipment",3021560,64163,null,3085723,null,-2697818,-25012,null,-2722830,362893]
[47,1985,"Miscellaneous Fixed Assets",0,null,null,0,null,0,null,null,0,0]
[47,1990,"Other Tangible Property",943057,5855000,null,6798057,null,0,null,null,0,6798057]
[47,1995,"Contributions & Grants",-24106434,-3238245,null,-27344679,null,4769269,1029023,null,5798292,-21546387]
[47,"etc.",null,null,null,null,0,null,null,null,null,0,0]
[null,null,null,null,null,null,0,null,null,null,null,0,0]
[null,null,"Sub-Total",{"$f":"SUM(D186:D225)","v":211792792},{"$f":"SUM(E186:E225)","v":24808165},-376368,236224589,null,{"$f":"SUM(I186:I225)","v":-125995859},{"$f":"SUM(J186:J225)","v":-8885660},370822,-134510697,101713892]
[null,null,"Less Socialized Renewable Energy Generation Investments (input as negative)",null,null,null,{"$f":"D227+E227+F227","v":0},null,null,null,null,{"$f":"I227+J227+K227","v":0},{"$f":"G227+L227","v":0}]
[null,null,"Less Other Non Rate-Regulated Utility Assets (input as negative)",null,null,null,0,null,null,null,null,0,0]
[null,null,"Total PP&E",{"$f":"SUM(D226:D228)","v":211792792},{"$f":"SUM(E226:E228)","v":24808165},-376368,236224589,null,{"$f":"SUM(I226:I228)","v":-125995859},-8885660,370822,-134510697,101713892]
[]
[null,null,null,null,null,null,null,null,"Less: Fully Allocated Depreciation"]
[null,null,"Transportation",null,null,null,null,null,"Transportation"]
[10,null,"Stores Equipment",null,null,null,null,null,"Stores Equipment"]
[8,null,null,null,null,null,null,null,"Net Depreciation",null,{"$f":"J229-K232-K233","v":-8885660}]
[]
[]
[]
[null,null,null,null,"Year ",2011,"OldCGAAP"]
[]
[null,null,null,"Cost",null,null,null,null,null,"Accumulated Depreciation"]
[null,"OEB","Description","Opening Balance","Additions","Disposals","Closing Balance",null,"Opening Balance","Additions","Disposals","Closing Balance","Net Book Value"]
["CCA Class",1611,"Computer Software (Formally known as Account 1925)",4441146,531430,null,{"$f":"D242+E242+F242","v":4972576},null,-3242151,-358411,null,{"$f":"I242+J242+K242","v":-3600562},{"$f":"G242+L242","v":1372014}]
[12,1612,"Land Rights (Formally known as Account 1906)",189351,null,null,{"$f":"D243+E243+F243","v":189351},null,-20858,-2829,null,{"$f":"I243+J243+K243","v":-23687},{"$f":"G243+L243","v":165664}]
["CEC",1805,"Land",202703,null,null,{"$f":"D244+E244+F244","v":202703},null,0,null,null,{"$f":"I244+J244+K244","v":0},{"$f":"G244+L244","v":202703}]
["N/A",1808,"Buildings",2264209,27185,null,{"$f":"D245+E245+F245","v":2291394},null,-1021129,-66425,null,{"$f":"I245+J245+K245","v":-1087554},{"$f":"G245+L245","v":1203840}]
[47,1810,"Leasehold Improvements",0,null,null,0,null,0,null,null,0,0]
[13,1815,"Transformer Station Equipment >50 kV",0,null,null,0,null,0,null,null,0,0]
[47,1820,"Distribution Station Equipment <50 kV",13180871,645340,null,13826211,null,-8379627,-360175,null,-8739802,5086409]
[47,1825,"Storage Battery Equipment",0,null,null,0,null,0,null,null,0,0]
[47,1830,"Poles, Towers & Fixtures",26025505,2564592,null,28590097,null,-12815905,-960604,null,-13776509,14813588]
[47,1835,"Overhead Conductors & Devices",38499884,1222353,null,39722237,null,-21255681,-1337612,null,-22593293,17128944]
[47,1840,"Underground Conduit",13529171,893215,null,14422386,null,-6801879,-485860,null,-7287739,7134647]
[47,1845,"Underground Conductors & Devices",24767744,1009509,null,25777253,null,-12330452,-886509,null,-13216961,12560292]
[47,1850,"Line Transformers",45814007,603586,null,46417593,null,-24234769,-1635594,null,-25870363,20547230]
[47,1855,"Services (Overhead & Underground)",29513031,1099026,null,30612057,null,-16120703,-1026891,null,-17147594,13464463]
[47,1860,"Meters",8202543,329818,-55592,8476769,null,-4363785,-261824,24759,-4600850,3875919]
[47,1860,"Meters (Smart Meters)",0,null,null,0,null,0,null,null,0,0]
[47,1905,"Land",96300,null,null,96300,null,0,null,null,0,96300]
["N/A",1908,"Buildings & Fixtures",8038248,198813,null,8237061,null,-3435464,-216787,null,-3652251,4584810]
[47,1910,"Leasehold Improvements",0,null,null,0,null,0,null,null,0,0]
[13,1915,"Office Furniture & Equipment (10 years)",1325174,71789,null,1396963,null,-1060871,-46121,null,-1106992,289971]
[8,1915,"Office Furniture & Equipment (5 years)",0,null,null,0,null,0,null,null,0,0]
[8,1920,"Computer Equipment - Hardware",813080,42470,null,855550,null,-649435,-46125,null,-695560,159990]
[10,1920,"Computer Equip.-Hardware(Post Mar. 22/04)",0,null,null,0,null,0,null,null,0,0]
[45,1920,"Computer Equip.-Hardware(Post Mar. 19/07)",0,null,null,0,null,0,null,null,0,0]
[45.1,1930,"Transportation Equipment",3751992,64228,-151620,3664600,null,-2525741,-292025,151620,-2666146,998454]
[10,1935,"Stores Equipment",292425,null,null,292425,null,-292080,null,null,-292080,345]
[8,1940,"Tools, Shop & Garage Equipment",1314552,15734,null,1330286,null,-1144378,-31737,null,-1176115,154171]
[8,1945,"Measurement & Testing Equipment",366214,2722,null,368936,null,-335627,-5764,null,-341391,27545]
[8,1950,"Power Operated Equipment",0,null,null,0,null,0,null,null,0,0]
[8,1955,"Communications Equipment",191861,null,null,191861,null,-191861,null,null,-191861,0]
[8,1955,"Communication Equipment (Smart Meters)",0,null,null,0,null,0,null,null,0,0]
[8,1960,"Miscellaneous Equipment ",0,null,null,0,null,0,null,null,0,0]
[8,1970,"Load Management Controls Customer Premises",0,null,null,0,null,0,null,null,0,0]
[47,1975,"Load Management Controls Utility Premises",0,null,null,0,null,0,null,null,0,0]
[47,1980,"System Supervisor Equipment",2976201,45359,null,3021560,null,-2675560,-22258,null,-2697818,323742]
[47,1985,"Miscellaneous Fixed Assets",0,null,null,0,null,0,null,null,0,0]
[47,1990,"Other Tangible Property",0,943057,null,943057,null,0,null,null,0,943057]
[47,1995,"Contributions & Grants",-22658819,-1447615,null,-24106434,null,3833964,935305,null,4769269,-19337165]
[47,"etc.",null,null,null,null,0,null,null,null,null,0,0]
[null,null,null,null,null,null,0,null,null,null,null,0,0]
[null,null,"Sub-Total",{"$f":"SUM(D242:D281)","v":203137393},{"$f":"SUM(E242:E281)","v":8862611},-207212,211792792,null,{"$f":"SUM(I242:I281)","v":-119063992},{"$f":"SUM(J242:J281)","v":-7108246},176379,-125995859,85796933]
[null,null,"Less Socialized Renewable Energy Generation Investments (input as negative)",null,null,null,{"$f":"D283+E283+F283","v":0},null,null,null,null,{"$f":"I283+J283+K283","v":0},{"$f":"G283+L283","v":0}]
[null,null,"Less Other Non Rate-Regulated Utility Assets (input as negative)",null,null,null,0,null,null,null,null,0,0]
[null,null,"Total PP&E",{"$f":"SUM(D282:D284)","v":203137393},{"$f":"SUM(E282:E284)","v":8862611},-207212,211792792,null,{"$f":"SUM(I282:I284)","v":-119063992},-7108246,176379,-125995859,85796933]
[]
[null,null,null,null,null,null,null,null,"Less: Fully Allocated Depreciation"]
[null,null,"Transportation",null,null,null,null,null,"Transportation"]
[10,null,"Stores Equipment",null,null,null,null,null,"Stores Equipment"]
[8,null,null,null,null,null,null,null,"Net Depreciation",null,{"$f":"J285-K288-K289","v":-7108246}]
[]
[]
[]
[null,null,null,null,"Year ",2010,"OldCGAAP"]
[]
[null,null,null,"Cost",null,null,null,null,null,"Accumulated Depreciation"]
[null,"OEB","Description","Opening Balance","Additions","Disposals","Closing Balance",null,"Opening Balance","Additions","Disposals","Closing Balance","Net Book Value"]
["CCA Class",1611,"Computer Software (Formally known as Account 1925)",4191890,249256,null,{"$f":"D298+E298+F298","v":4441146},null,-2936651,-305500,null,{"$f":"I298+J298+K298","v":-3242151},{"$f":"G298+L298","v":1198995}]
[12,1612,"Land Rights (Formally known as Account 1906)",189351,null,null,{"$f":"D299+E299+F299","v":189351},null,-18029,-2829,null,{"$f":"I299+J299+K299","v":-20858},{"$f":"G299+L299","v":168493}]
["CEC",1805,"Land",202703,null,null,{"$f":"D300+E300+F300","v":202703},null,0,null,null,{"$f":"I300+J300+K300","v":0},{"$f":"G300+L300","v":202703}]
["N/A",1808,"Buildings",2229294,34915,null,{"$f":"D301+E301+F301","v":2264209},null,-956519,-64610,null,{"$f":"I301+J301+K301","v":-1021129},{"$f":"G301+L301","v":1243080}]
[47,1810,"Leasehold Improvements",0,null,null,0,null,0,null,null,0,0]
[13,1815,"Transformer Station Equipment >50 kV",0,null,null,0,null,0,null,null,0,0]
[47,1820,"Distribution Station Equipment <50 kV",12965913,214958,null,13180871,null,-8021997,-357630,null,-8379627,4801244]
[47,1825,"Storage Battery Equipment",0,null,null,0,null,0,null,null,0,0]
[47,1830,"Poles, Towers & Fixtures",24151388,1874117,null,26025505,null,-11924982,-890923,null,-12815905,13209600]
[47,1835,"Overhead Conductors & Devices",37300263,1199621,null,38499884,null,-19933626,-1322055,null,-21255681,17244203]
[47,1840,"Underground Conduit",12088085,1441086,null,13529171,null,-6352098,-449781,null,-6801879,6727292]
[47,1845,"Underground Conductors & Devices",23584390,1183354,null,24767744,null,-11469768,-860684,null,-12330452,12437292]
[47,1850,"Line Transformers",43726111,2087896,null,45814007,null,-22622094,-1612675,null,-24234769,21579238]
[47,1855,"Services (Overhead & Underground)",27927296,1585735,null,29513031,null,-15122050,-998653,null,-16120703,13392328]
[47,1860,"Meters",10063029,2106826,-3967312,8202543,null,-6239633,-226609,2102457,-4363785,3838758]
[47,1860,"Meters (Smart Meters)",0,null,null,0,null,0,null,null,0,0]
[47,1905,"Land",96300,null,null,96300,null,0,null,null,0,96300]
["N/A",1908,"Buildings & Fixtures",7847195,191053,null,8038248,null,-3231798,-203666,null,-3435464,4602784]
[47,1910,"Leasehold Improvements",0,null,null,0,null,0,null,null,0,0]
[13,1915,"Office Furniture & Equipment (10 years)",1273709,52155,-690,1325174,null,-1021443,-40118,690,-1060871,264303]
[8,1915,"Office Furniture & Equipment (5 years)",0,null,null,0,null,0,null,null,0,0]
[8,1920,"Computer Equipment - Hardware",738094,74986,null,813080,null,-600446,-48989,null,-649435,163645]
[10,1920,"Computer Equip.-Hardware(Post Mar. 22/04)",0,null,null,0,null,0,null,null,0,0]
[45,1920,"Computer Equip.-Hardware(Post Mar. 19/07)",0,null,null,0,null,0,null,null,0,0]
[45.1,1930,"Transportation Equipment",3892691,80979,-221678,3751992,null,-2462486,-284933,221678,-2525741,1226251]
[10,1935,"Stores Equipment",292425,null,null,292425,null,-292080,null,null,-292080,345]
[8,1940,"Tools, Shop & Garage Equipment",1292993,21559,null,1314552,null,-1111194,-33184,null,-1144378,170174]
[8,1945,"Measurement & Testing Equipment",362219,3995,null,366214,null,-330199,-5428,null,-335627,30587]
[8,1950,"Power Operated Equipment",0,null,null,0,null,0,null,null,0,0]
[8,1955,"Communications Equipment",191861,null,null,191861,null,-191861,null,null,-191861,0]
[8,1955,"Communication Equipment (Smart Meters)",0,null,null,0,null,0,null,null,0,0]
[8,1960,"Miscellaneous Equipment ",0,null,null,0,null,0,null,null,0,0]
[8,1970,"Load Management Controls Customer Premises",0,null,null,0,null,0,null,null,0,0]
[47,1975,"Load Management Controls Utility Premises",0,null,null,0,null,0,null,null,0,0]
[47,1980,"System Supervisor Equipment",2883378,92823,null,2976201,null,-2491417,-184143,null,-2675560,300641]
[47,1985,"Miscellaneous Fixed Assets",0,null,null,0,null,0,null,null,0,0]
[47,1990,"Other Tangible Property",0,null,null,0,null,0,null,null,0,0]
[47,1995,"Contributions & Grants",-19753629,-2905190,null,-22658819,null,2985715,848249,null,3833964,-18824855]
[47,"etc.",null,null,null,null,0,null,null,null,null,0,0]
[null,null,null,null,null,null,0,null,null,null,null,0,0]
[null,null,"Sub-Total",{"$f":"SUM(D298:D337)","v":197736949},{"$f":"SUM(E298:E337)","v":9590124},-4189680,203137393,null,{"$f":"SUM(I298:I337)","v":-114344656},{"$f":"SUM(J298:J337)","v":-7044161},2324825,-119063992,84073401]
[null,null,"Less Socialized Renewable Energy Generation Investments (input as negative)",null,null,null,{"$f":"D339+E339+F339","v":0},null,null,null,null,{"$f":"I339+J339+K339","v":0},{"$f":"G339+L339","v":0}]
[null,null,"Less Other Non Rate-Regulated Utility Assets (input as negative)",null,null,null,0,null,null,null,null,0,0]
[null,null,"Total PP&E",{"$f":"SUM(D338:D340)","v":197736949},{"$f":"SUM(E338:E340)","v":9590124},-4189680,203137393,null,{"$f":"SUM(I338:I340)","v":-114344656},-7044161,2324825,-119063992,84073401]
[]
[null,null,null,null,null,null,null,null,"Less: Fully Allocated Depreciation"]
[null,null,"Transportation",null,null,null,null,null,"Transportation"]
[10,null,"Stores Equipment",null,null,null,null,null,"Stores Equipment"]
[8,null,null,null,null,null,null,null,"Net Depreciation",null,{"$f":"J341-K344-K345","v":-7044161}]
[]
[]
[]
[null,null,null,null,"Year ",2009,"OldCGAAP"]
[]
[null,null,null,"Cost",null,null,null,null,null,"Accumulated Depreciation"]
[null,"OEB","Description","Opening Balance","Additions","Disposals","Closing Balance",null,"Opening Balance","Additions","Disposals","Closing Balance","Net Book Value"]
["CCA Class",1611,"Computer Software (Formally known as Account 1925)",3501452,782826,-92388,{"$f":"D354+E354+F354","v":4191890},null,-2751715,-277324,92388,{"$f":"I354+J354+K354","v":-2936651},{"$f":"G354+L354","v":1255239}]
[12,1612,"Land Rights (Formally known as Account 1906)",189351,null,null,{"$f":"D355+E355+F355","v":189351},null,-15201,-2828,null,{"$f":"I355+J355+K355","v":-18029},{"$f":"G355+L355","v":171322}]
["CEC",1805,"Land",202703,null,null,{"$f":"D356+E356+F356","v":202703},null,null,null,null,{"$f":"I356+J356+K356","v":0},{"$f":"G356+L356","v":202703}]
["N/A",1808,"Buildings",2017246,212048,null,{"$f":"D357+E357+F357","v":2229294},null,-897561,-58958,null,{"$f":"I357+J357+K357","v":-956519},{"$f":"G357+L357","v":1272775}]
[47,1810,"Leasehold Improvements",null,null,null,0,null,null,null,null,0,0]
[13,1815,"Transformer Station Equipment >50 kV",null,null,null,0,null,null,null,null,0,0]
[47,1820,"Distribution Station Equipment <50 kV",12783395,182518,null,12965913,null,-7670096,-351901,null,-8021997,4943916]
[47,1825,"Storage Battery Equipment",null,null,null,0,null,null,null,null,0,0]
[47,1830,"Poles, Towers & Fixtures",22037933,2113455,null,24151388,null,-11108438,-816544,null,-11924982,12226406]
[47,1835,"Overhead Conductors & Devices",35342997,1957266,null,37300263,null,-18665456,-1268170,null,-19933626,17366637]
[47,1840,"Underground Conduit",10733310,1354775,null,12088085,null,-5955249,-396849,null,-6352098,5735987]
[47,1845,"Underground Conductors & Devices",20652799,2931591,null,23584390,null,-10686308,-783460,null,-11469768,12114622]
[47,1850,"Line Transformers",39911353,3814758,null,43726111,null,-21121805,-1500289,null,-22622094,21104017]
[47,1855,"Services (Overhead & Underground)",24660397,3266899,null,27927296,null,-14213286,-908764,null,-15122050,12805246]
[47,1860,"Meters",13557072,391237,-3885280,10063029,null,-7531597,-335341,1627305,-6239633,3823396]
[47,1860,"Meters (Smart Meters)",null,null,null,0,null,null,null,null,0,0]
[47,1905,"Land",96300,null,null,96300,null,null,null,null,0,96300]
["N/A",1908,"Buildings & Fixtures",7583713,263482,null,7847195,null,-3044347,-187451,null,-3231798,4615397]
[47,1910,"Leasehold Improvements",null,null,null,0,null,null,null,null,0,0]
[13,1915,"Office Furniture & Equipment (10 years)",1191252,82457,null,1273709,null,-984707,-36736,null,-1021443,252266]
[8,1915,"Office Furniture & Equipment (5 years)",null,null,null,0,null,null,null,null,0,0]
[8,1920,"Computer Equipment - Hardware",1836832,28284,-1127022,738094,null,-1666049,-61420,1127023,-600446,137648]
[10,1920,"Computer Equip.-Hardware(Post Mar. 22/04)",null,null,null,0,null,null,null,null,0,0]
[45,1920,"Computer Equip.-Hardware(Post Mar. 19/07)",null,null,null,0,null,null,null,null,0,0]
[45.1,1930,"Transportation Equipment",3473084,552081,-132474,3892691,null,-2309789,-285171,132474,-2462486,1430205]
[10,1935,"Stores Equipment",292425,null,null,292425,null,-292080,0,null,-292080,345]
[8,1940,"Tools, Shop & Garage Equipment",1277349,15644,null,1292993,null,-1077413,-33781,null,-1111194,181799]
[8,1945,"Measurement & Testing Equipment",354348,7871,null,362219,null,-325364,-4835,null,-330199,32020]
[8,1950,"Power Operated Equipment",null,null,null,0,null,null,null,null,0,0]
[8,1955,"Communications Equipment",191861,null,null,191861,null,-191861,null,null,-191861,0]
[8,1955,"Communication Equipment (Smart Meters)",null,null,null,0,null,null,null,null,0,0]
[8,1960,"Miscellaneous Equipment ",null,null,null,0,null,null,null,null,0,0]
[8,1970,"Load Management Controls Customer Premises",null,null,null,0,null,null,null,null,0,0]
[47,1975,"Load Management Controls Utility Premises",null,null,null,0,null,null,null,null,0,0]
[47,1980,"System Supervisor Equipment",2759678,123700,null,2883378,null,-2313339,-178078,null,-2491417,391961]
[47,1985,"Miscellaneous Fixed Assets",null,null,null,0,null,null,null,null,0,0]
[47,1990,"Other Tangible Property",null,null,null,0,null,null,null,null,0,0]
[47,1995,"Contributions & Grants",-13092065,-6661564,null,-19753629,null,2328801,656914,null,2985715,-16767914]
[47,"etc.",null,null,null,null,0,null,null,null,null,0,0]
[null,null,null,null,null,null,0,null,null,null,null,0,0]
[null,null,"Sub-Total",{"$f":"SUM(D354:D393)","v":191554785},{"$f":"SUM(E354:E393)","v":11419328},-5237164,197736949,null,{"$f":"SUM(I354:I393)","v":-110492860},{"$f":"SUM(J354:J393)","v":-6830986},2979190,-114344656,83392293]
[null,null,"Less Socialized Renewable Energy Generation Investments (input as negative)",null,null,null,{"$f":"D395+E395+F395","v":0},null,null,null,null,{"$f":"I395+J395+K395","v":0},{"$f":"G395+L395","v":0}]
[null,null,"Less Other Non Rate-Regulated Utility Assets (input as negative)",null,null,null,0,null,null,null,null,0,0]
[null,null,"Total PP&E",{"$f":"SUM(D394:D396)","v":191554785},{"$f":"SUM(E394:E396)","v":11419328},-5237164,197736949,null,{"$f":"SUM(I394:I396)","v":-110492860},-6830986,2979190,-114344656,83392293]
[]
[null,null,null,null,null,null,null,null,"Less: Fully Allocated Depreciation"]
[null,null,"Transportation",null,null,null,null,null,"Transportation"]
[10,null,"Stores Equipment",null,null,null,null,null,"Stores Equipment"]
[8,null,null,null,null,null,null,null,"Net Depreciation",null,{"$f":"J397-K400-K401","v":-6830986}]

{"sheet":"App.2-BA2_Fix Asset Cont.MIFRS","index":7,"n_rows":78,"n_cols":13,"rows_kept":78,"cut":false,"hidden":false,"merged":[[72,1,73,12],[75,1,75,12],[8,0,8,12],[9,0,9,12],[13,3,13,6],[59,2,59,8],[60,2,60,8],[69,1,70,12]]}
[null,null,null,null,null,null,null,null,null,null,null,"File Number:",{"$f":"EBNUMBER","v":"EB-2013-0115"}]
[null,null,null,null,null,null,null,null,null,null,null,"Exhibit:"]
[null,null,null,null,null,null,null,null,null,null,null,"Tab:"]
[null,null,null,null,null,null,null,null,null,null,null,"Schedule:"]
[null,null,null,null,null,null,null,null,null,null,null,"Page:"]
[]
[null,null,null,null,null,null,null,null,null,null,null,"Date:"]
[]
["Appendix 2-BA"]
["Fixed Asset Continuity Schedule - MIFRS"]
[]
[null,null,null,null,"Year "]
[]
[null,null,null,"Cost",null,null,null,null,null,"Accumulated Depreciation"]
["CCA Class","OEB","Description","Opening Balance","Additions","Disposals","Closing Balance",null,"Opening Balance","Additions","Disposals","Closing Balance","Net Book Value"]
[12,1611,"Computer Software (Formally known as Account 1925)",null,null,null,{"$f":"D16+E16+F16","v":0},null,null,null,null,{"$f":"I16+J16+K16","v":0},{"$f":"G16+L16","v":0}]
["CEC",1612,"Land Rights (Formally known as Account 1906)",null,null,null,{"$f":"D17+E17+F17","v":0},null,null,null,null,{"$f":"I17+J17+K17","v":0},{"$f":"G17+L17","v":0}]
["N/A",1805,"Land",null,null,null,{"$f":"D18+E18+F18","v":0},null,null,null,null,{"$f":"I18+J18+K18","v":0},{"$f":"G18+L18","v":0}]
[47,1808,"Buildings",null,null,null,{"$f":"D19+E19+F19","v":0},null,null,null,null,{"$f":"I19+J19+K19","v":0},{"$f":"G19+L19","v":0}]
[13,1810,"Leasehold Improvements",null,null,null,0,null,null,null,null,0,0]
[47,1815,"Transformer Station Equipment >50 kV",null,null,null,0,null,null,null,null,0,0]
[47,1820,"Distribution Station Equipment <50 kV",null,null,null,0,null,null,null,null,0,0]
[47,1825,"Storage Battery Equipment",null,null,null,0,null,null,null,null,0,0]
[47,1830,"Poles, Towers & Fixtures",null,null,null,0,null,null,null,null,0,0]
[47,1835,"Overhead Conductors & Devices",null,null,null,0,null,null,null,null,0,0]
[47,1840,"Underground Conduit",null,null,null,0,null,null,null,null,0,0]
[47,1845,"Underground Conductors & Devices",null,null,null,0,null,null,null,null,0,0]
[47,1850,"Line Transformers",null,null,null,0,null,null,null,null,0,0]
[47,1855,"Services (Overhead & Underground)",null,null,null,0,null,null,null,null,0,0]
[47,1860,"Meters",null,null,null,0,null,null,null,null,0,0]
[47,1860,"Meters (Smart Meters)",null,null,null,0,null,null,null,null,0,0]
["N/A",1905,"Land",null,null,null,0,null,null,null,null,0,0]
[47,1908,"Buildings & Fixtures",null,null,null,0,null,null,null,null,0,0]
[13,1910,"Leasehold Improvements",null,null,null,0,null,null,null,null,0,0]
[8,1915,"Office Furniture & Equipment (10 years)",null,null,null,0,null,null,null,null,0,0]
[8,1915,"Office Furniture & Equipment (5 years)",null,null,null,0,null,null,null,null,0,0]
[10,1920,"Computer Equipment - Hardware",null,null,null,0,null,null,null,null,0,0]
[45,1920,"Computer Equip.-Hardware(Post Mar. 22/04)",null,null,null,0,null,null,null,null,0,0]
[45.1,1920,"Computer Equip.-Hardware(Post Mar. 19/07)",null,null,null,0,null,null,null,null,0,0]
[10,1930,"Transportation Equipment",null,null,null,0,null,null,null,null,0,0]
[8,1935,"Stores Equipment",null,null,null,0,null,null,null,null,0,0]
[8,1940,"Tools, Shop & Garage Equipment",null,null,null,0,null,null,null,null,0,0]
[8,1945,"Measurement & Testing Equipment",null,null,null,0,null,null,null,null,0,0]
[8,1950,"Power Operated Equipment",null,null,null,0,null,null,null,null,0,0]
[8,1955,"Communications Equipment",null,null,null,0,null,null,null,null,0,0]
[8,1955,"Communication Equipment (Smart Meters)",null,null,null,0,null,null,null,null,0,0]
[8,1960,"Miscellaneous Equipment ",null,null,null,0,null,null,null,null,0,0]
[47,1970,"Load Management Controls Customer Premises",null,null,null,0,null,null,null,null,0,0]
[47,1975,"Load Management Controls Utility Premises",null,null,null,0,null,null,null,null,0,0]
[47,1980,"System Supervisor Equipment",null,null,null,0,null,null,null,null,0,0]
[47,1985,"Miscellaneous Fixed Assets",null,null,null,0,null,null,null,null,0,0]
[47,1990,"Other Tangible Property",null,null,null,0,null,null,null,null,0,0]
[47,1995,"Contributions & Grants",null,null,null,0,null,null,null,null,0,0]
[null,"etc.",null,null,null,null,0,null,null,null,null,0,0]
[null,null,null,null,null,null,0,null,null,null,null,0,0]
[null,null,"Sub-Total",{"$f":"SUM(D16:D55)","v":0},{"$f":"SUM(E16:E55)","v":0},0,0,null,{"$f":"SUM(I16:I55)","v":0},{"$f":"SUM(J16:J55)","v":0},0,0,0]
[null,null,"Less Socialized Renewable Energy Generation Investments (input as negative)",null,null,null,{"$f":"D57+E57+F57","v":0},null,null,null,null,{"$f":"I57+J57+K57","v":0},{"$f":"G57+L57","v":0}]
[null,null,"Less Other Non Rate-Regulated Utility Assets (input as negative)",null,null,null,0,null,null,null,null,0,0]
[null,null,"Total PP&E",{"$f":"SUM(D56:D58)","v":0},{"$f":"SUM(E56:E58)","v":0},0,0,null,{"$f":"SUM(I56:I58)","v":0},0,0,0,0]
[null,null,"Depreciation Expense adj. from gain or loss on the retirement of assets (pool of like assets)"]
[null,null,"Total",null,null,null,null,null,null,{"$f":"J59+J60","v":0}]
[]
[null,null,null,null,null,null,null,null,"Less: Fully Allocated Depreciation"]
[10,null,"Transportation",null,null,null,null,null,"Transportation"]
[8,null,"Stores Equipment",null,null,null,null,null,"Stores Equipment"]
[null,null,null,null,null,null,null,null,"Net Depreciation",null,{"$f":"J61-K64-K65","v":0}]
[]
["Notes:"]
[]
[1,"Tables in the format outlined above covering all fixed asset accounts should be submitted for the Test Year, Bridge Year and all relevant historical years.  At a minimum , the applicant must provide data for the earlier of: 1) all historical years back to its last rebasing; or 2) at least three years of historical actuals, in addition to Bridge Year and Test Year forecasts."]
[]
[]
[2,"The \"CCA Class\" for fixed assets should agree with the CCA Class used for tax purposes in Tax Returns. Fixed Assets sub-components may be used where the underlying asset components are classified under multiple CCA Classes for tax purposes. If an applicant uses any different classes from those shown in the table, an explanation should be provided. (also see note 3 below)."]
[]
[]
[3,"The table may need to be customized for a utility's asset categories or for any new asset accounts announced or authorized by the Board."]
[]
[4,"The additions column (F) must not include construction work in progress (CWIP)."]

{"sheet":"Appendix 2-BB Service Life Comp","index":8,"n_rows":101,"n_cols":15,"rows_kept":101,"cut":false,"hidden":false,"merged":[[31,0,47,0],[31,3,31,4],[34,2,34,4],[36,1,38,1],[36,2,38,2],[36,3,36,4],[39,1,40,1],[48,2,48,4],[49,2,49,4],[31,1,33,1],[58,3,58,4],[53,2,53,4],[86,1,87,1],[75,2,75,4],[76,2,76,4],[66,2,66,4],[67,2,67,4],[68,2,68,4],[69,2,69,4],[60,2,60,4],[61,2,61,4],[63,3,63,4],[65,2,65,4],[62,1,63,1],[62,2,63,2],[62,3,62,4],[64,2,64,4],[77,5,77,7],[78,5,78,7],[79,5,79,7],[80,5,80,7],[83,3,83,4],[84,3,84,4],[72,0,72,7],[74,2,74,4],[74,5,75,7],[82,1,85,1],[82,2,85,2],[82,3,82,4],[83,5,83,7],[84,5,84,7],[85,5,85,7],[86,5,86,7],[87,5,87,7],[88,5,88,7],[81,5,81,7],[82,5,82,7],[78,3,78,4],[79,3,79,4],[95,5,95,7],[96,5,96,7],[81,2,81,4],[95,2,95,4],[96,2,96,4],[85,3,85,4],[86,3,86,4],[87,3,87,4],[88,3,88,4],[86,2,87,2],[97,5,97,7],[98,5,98,7],[99,5,99,7],[100,5,100,7],[89,5,89,7],[90,5,90,7],[91,5,91,7],[92,5,92,7],[93,5,93,7],[94,5,94,7],[97,2,97,4],[98,2,98,4],[99,2,99,4],[100,2,100,4],[89,3,89,4],[90,3,90,4],[91,3,91,4],[92,3,92,4],[93,3,93,4],[12,13,12,14],[14,0,30,0],[14,1,16,1],[14,2,16,2],[14,3,14,4],[15,3,16,3],[17,1,19,1],[17,2,19,2],[17,3,17,4],[18,3,19,3],[20,1,22,1],[20,2,22,2],[20,3,20,4],[21,3,22,3],[23,2,23,4],[13,2,13,4],[24,2,24,4],[25,2,25,4],[26,2,26,4],[27,2,27,4],[28,2,28,4],[29,2,29,4],[30,2,30,4],[12,2,12,4],[12,9,13,9],[12,10,13,10],[12,11,12,12],[54,2,54,4],[55,2,55,4],[56,2,56,4],[38,3,38,4],[39,3,39,4],[40,3,40,4],[35,2,35,4],[32,3,32,4],[33,3,33,4],[37,3,37,4],[31,2,33,2],[43,2,43,4],[42,2,42,4],[47,2,47,4],[50,2,50,4],[51,2,51,4],[52,2,52,4],[44,2,44,4],[45,2,45,4],[46,2,46,4],[88,1,91,1],[88,2,91,2],[92,1,93,1],[92,2,93,2],[94,2,94,4],[8,0,8,14],[9,0,9,14],[10,0,10,14],[74,9,75,9],[74,10,75,10],[74,11,74,12],[74,13,74,14],[76,5,76,7],[77,1,79,1],[77,2,79,2],[77,3,77,4],[80,2,80,4],[41,2,41,4],[48,0,68,0],[57,1,58,1],[57,2,58,2],[57,3,57,4],[59,2,59,4],[12,5,12,7]]}
[null,null,null,null,null,null,null,null,null,null,null,null,"File Number:",null,{"$f":"EBNUMBER","v":"EB-2013-0115"}]
[null,null,null,null,null,null,null,null,null,null,null,null,"Exhibit:"]
[null,null,null,null,null,null,null,null,null,null,null,null,"Tab:"]
[null,null,null,null,null,null,null,null,null,null,null,null,"Schedule:"]
[null,null,null,null,null,null,null,null,null,null,null,null,"Page:"]
[]
[null,null,null,null,null,null,null,null,null,null,null,null,"Date:"]
[]
["Appendix 2-BB"]
["Service Life Comparison"]
["Table F-1 from Kinetrics Report1"]
[]
[null,null,"Asset Details",null,null,"Useful Life",null,null,null,"USoA Account Number","USoA Account Description","Current",null,"Proposed"]
["Parent*","#","Category| Component | Type",null,null,"MIN UL","TUL","MAX UL",null,null,null,"Years","Rate","Years","Rate"]
["OH",1,"Fully Dressed Wood Poles","Overall",null,35,45,75,null,1830,"Poles, Towers and Fixtures",25,{"$f":"IF(ISERROR(1/L15), \"\", 1/L15)","v":0.04},40,{"$f":"IF(ISERROR(1/N15), \"\", 1/N15)","v":2.5000000000000001E-2}]
[null,null,null,"Cross Arm","Wood",20,40,55,null,1830,"Poles, Towers and Fixtures",25,{"$f":"IF(ISERROR(1/L16), \"\", 1/L16)","v":0.04},40,{"$f":"IF(ISERROR(1/N16), \"\", 1/N16)","v":2.5000000000000001E-2}]
[null,null,null,null,"Steel",30,70,95,null,1830,"Poles, Towers and Fixtures",25,0.04,40,2.5000000000000001E-2]
[null,2,"Fully Dressed Concrete Poles","Overall",null,50,60,80,null,1830,"Poles, Towers and Fixtures",25,0.04,40,2.5000000000000001E-2]
[null,null,null,"Cross Arm","Wood",20,40,55,null,1830,"Poles, Towers and Fixtures",25,0.04,40,2.5000000000000001E-2]
[null,null,null,null,"Steel",30,70,95,null,1830,"Poles, Towers and Fixtures",25,0.04,40,2.5000000000000001E-2]
[null,3,"Fully Dressed Steel Poles","Overall",null,60,60,80,null,"N/A",null,null,"",null,""]
[null,null,null,"Cross Arm","Wood",20,40,55,null,"N/A",null,null,"",null,""]
[null,null,null,null,"Steel",30,70,95,null,"N/A",null,null,"",null,""]
[null,4,"OH Line Switch",null,null,30,45,55,null,1835,"Overhead Conductors & Devices",25,0.04,40,2.5000000000000001E-2]
[null,5,"OH Line Switch Motor",null,null,15,25,25,null,1835,"Overhead Conductors & Devices",25,0.04,20,0.05]
[null,6,"OH Line Switch RTU",null,null,15,20,20,null,1835,"Overhead Conductors & Devices",25,0.04,20,0.05]
[null,7,"OH Integral Switches",null,null,35,45,60,null,1835,"Overhead Conductors & Devices",25,0.04,40,2.5000000000000001E-2]
[null,8,"OH Conductors",null,null,50,60,75,null,1835,"Overhead Conductors & Devices",25,0.04,60,1.6666666666666666E-2]
[null,9,"OH Transformers & Voltage Regulators",null,null,30,40,60,null,1850,"Line Transformers",25,0.04,40,2.5000000000000001E-2]
[null,10,"OH Shunt Capacitor Banks",null,null,25,30,40,null,"N/A",null,null,"",null,""]
[null,11,"Reclosers",null,null,25,40,55,null,"N/A",null,null,"",null,""]
["TS & MS",12,"Power Transformers","Overall",null,30,45,60,null,1850,"Line Transformers",25,0.04,40,2.5000000000000001E-2]
[null,null,null,"Bushing",null,10,20,30,null,null,null,null,"",null,""]
[null,null,null,"Tap Changer",null,20,30,60,null,null,null,null,"",null,""]
[null,13,"Station Service Transformer",null,null,30,45,55,null,null,null,null,"",null,""]
[null,14,"Station Grounding Transformer",null,null,30,40,40,null,null,null,null,"",null,""]
[null,15,"Station DC System","Overall",null,10,20,30,null,null,null,null,"",null,""]
[null,null,null,"Battery Bank",null,10,15,15,null,1820,"Distribution Station Equipment",30,3.3333333333333333E-2,20,0.05]
[null,null,null,"Charger",null,20,20,30,null,1820,"Distribution Station Equipment",30,3.3333333333333333E-2,20,0.05]
[null,16,"Station Metal Clad Switchgear","Overall",null,30,40,60,null,1820,"Distribution Station Equipment",25,0.04,40,2.5000000000000001E-2]
[null,null,null,"Removable Breaker",null,25,40,60,null,null,null,null,"",null,""]
[null,17,"Station Independent Breakers",null,null,35,45,65,null,null,null,null,"",null,""]
[null,18,"Station Switch",null,null,30,50,60,null,null,null,null,"",null,""]
[null,19,"Electromechanical Relays",null,null,25,35,50,null,null,null,null,"",null,""]
[null,20,"Solid State Relays",null,null,10,30,45,null,1820,"Distribution Station Equipment",25,0.04,30,3.3333333333333333E-2]
[null,21,"Digital & Numeric Relays",null,null,15,20,20,null,null,null,null,"",null,""]
[null,22,"Rigid Busbars",null,null,30,55,60,null,null,null,null,"",null,""]
[null,23,"Steel Structure",null,null,35,50,90,null,null,null,null,"",null,""]
["UG",24,"Primary Paper Insulated Lead Covered (PILC) Cables",null,null,60,65,75,null,"N/A",null,null,"",null,""]
[null,25,"Primary Ethylene-Propylene Rubber (EPR) Cables",null,null,20,25,25,null,1845,"Underground Conductors & Devices",25,0.04,40,2.5000000000000001E-2]
[null,26,"Primary Non-Tree Retardant (TR) Cross Linked \nPolyethylene (XLPE) Cables Direct BuriedPrimary Non-Tree Retardant (TR) Cross Linked \nPolyethylene (XLPE) Cables Direct Buried",null,null,20,25,30,null,1845,"Underground Conductors & Devices",25,0.04,40,2.5000000000000001E-2]
[null,27,"Primary Non-TR XLPE Cables in Duct",null,null,20,25,30,null,1845,"Underground Conductors & Devices",25,0.04,40,2.5000000000000001E-2]
[null,28,"Primary TR XLPE Cables Direct Buried",null,null,25,30,35,null,1845,"Underground Conductors & Devices",25,0.04,40,2.5000000000000001E-2]
[null,29,"Primary TR XLPE Cables in Duct",null,null,35,40,55,null,1845,"Underground Conductors & Devices",25,0.04,40,2.5000000000000001E-2]
[null,30,"Secondary PILC Cables",null,null,70,75,80,null,"N/A",null,null,"",null,""]
[null,31,"Secondary Cables Direct Buried",null,null,25,35,40,null,1855,"Services",25,0.04,60,1.6666666666666666E-2]
[null,32,"Secondary Cables in Duct",null,null,35,40,60,null,1855,"Services",25,0.04,60,1.6666666666666666E-2]
[null,33,"Network Tranformers","Overall",null,20,35,50,null,"N/A",null,null,"",null,""]
[null,null,null,"Protector",null,20,35,40,null,"N/A",null,null,"",null,""]
[null,34,"Pad-Mounted Transformers",null,null,25,40,45,null,1850,"Line Transformers",25,0.04,40,2.5000000000000001E-2]
[null,35,"Submersible/Vault Transformers",null,null,25,35,45,null,1850,"Line Transformers",25,0.04,40,2.5000000000000001E-2]
[null,36,"UG Foundation",null,null,35,55,70,null,1840,"Underground Conduit",25,0.04,60,1.6666666666666666E-2]
[null,37,"UG Vaults","Overall",null,40,60,80,null,"N/A",null,null,"",null,""]
[null,null,null,"Roof",null,20,30,45,null,"N/A",null,null,"",null,""]
[null,38,"UG Vault Switches",null,null,20,35,50,null,1845,"Underground Conductors & Devices",25,0.04,30,3.3333333333333333E-2]
[null,39,"Pad-Mounted Switchgear",null,null,20,30,45,null,1845,"Underground Conductors & Devices",25,0.04,30,3.3333333333333333E-2]
[null,40,"Ducts",null,null,30,50,85,null,1840,"Underground Conduit",25,0.04,60,1.6666666666666666E-2]
[null,41,"Concrete Encased Duct Banks",null,null,35,55,80,null,1840,"Underground Conduit",25,0.04,60,1.6666666666666666E-2]
[null,42,"Cable Chambers",null,null,50,60,80,null,1840,"Underground Conduit",25,0.04,60,1.6666666666666666E-2]
["S",43,"Remote SCADA",null,null,15,20,30,null,null,null,null,"",null,""]
[]
[]
["Table F-2 from Kinetrics Report1"]
[]
[null,null,"Asset Details",null,null,"Useful Life Range",null,null,null,"USoA Account Number","USoA Account Description","Current",null,"Proposed"]
[null,"#","Category| Component | Type",null,null,null,null,null,null,null,null,"Years","Rate","Years","Rate"]
[null,1,"Office Equipment",null,null,"5-15",null,null,null,1915,"Office Furniture & Equipment ",10,{"$f":"IF(ISERROR(1/L77), \"\", 1/L77)","v":0.1},10,{"$f":"IF(ISERROR(1/N77), \"\", 1/N77)","v":0.1}]
[null,2,"Vehicles","Trucks & Buckets",null,"5-15",null,null,null,1930,"Transportation Equipment",8,{"$f":"IF(ISERROR(1/L78), \"\", 1/L78)","v":0.125},15,{"$f":"IF(ISERROR(1/N78), \"\", 1/N78)","v":6.6666666666666666E-2}]
[null,null,null,"Trailers",null,"5-20",null,null,null,1930,"Transportation Equipment",8,0.125,20,0.05]
[null,null,null,"Vans",null,"5-10",null,null,null,1930,"Transportation Equipment",5,0.2,12,8.3333333333333329E-2]
[null,3,"Administrative Buildings",null,null,"50-75",null,null,null,"200/201","Building & Fixtures","5-50",5.4395126196692775E-5,"5-50",5.4395126196692775E-5]
[null,4,"Leasehold Improvements",null,null,"Lease dependent",null,null,null,"N/A",null,0,"",0,""]
[null,5,"Station Buildings","Station Buildings",null,"50-75",null,null,null,1808,"Building & Fixtures",50,0.02,50,0.02]
[null,null,null,"Parking",null,"25-30",null,null,null,1808,"Building & Fixtures",30,3.3333333333333333E-2,30,3.3333333333333333E-2]
[null,null,null,"Fence",null,"25-60",null,null,null,1808,"Building & Fixtures",25,0.04,25,0.04]
[null,null,null,"Roof",null,"20-30",null,null,null,1808,"Building & Fixtures",20,0.05,20,0.05]
[null,6,"Computer Equipment","Hardware",null,"3-5",null,null,null,1920,"Computer Equipment - Hardware",5,0.2,5,0.2]
[null,null,null,"Software",null,"2-5",null,null,null,1925,"Computer Equipment - Software",5,0.2,5,0.2]
[null,7,"Equipment","Power Operated",null,"5-10",null,null,null,"N/A",null,null,"",null,""]
[null,null,null,"Stores",null,"5-10",null,null,null,1935,"Stores Equipment ",10,0.1,10,0.1]
[null,null,null,"Tools, Shop, Garage Equipment",null,"5-10",null,null,null,1940,"Tools, Shops Garage Equipment ",10,0.1,10,0.1]
[null,null,null,"Measurement & Testing Equipment",null,"5-10",null,null,null,1945,"Measurement and Testing Equipment",10,0.1,10,0.1]
[null,8,"Communication","Towers",null,"60-70",null,null,null,1955,"Communication Equipment ",10,0.1,10,0.1]
[null,null,null,"Wireless",null,"2-10",null,null,null,1955,"Communication Equipment ",10,0.1,10,0.1]
[null,9,"Residential Energy Meters",null,null,"25-35",null,null,null,1860,"Meters",25,0.04,15,6.6666666666666666E-2]
[null,10,"Industrial/Commercial Energy Meters",null,null,"25-35",null,null,null,1860,"Meters",null,"",20,0.05]
[null,11,"Wholesale Energy Meters",null,null,"15-30",null,null,null,"N/A",null,null,"",null,""]
[null,12,"Current & Potential Transformer (CT & PT)",null,null,"35-50",null,null,null,1860,"Meters",null,"",45,2.2222222222222223E-2]
[null,13,"Smart Meters",null,null,"5-15",null,null,null,1860,"Meters",15,6.6666666666666666E-2,15,6.6666666666666666E-2]
[null,14,"Repeaters - Smart Metering",null,null,"10-15",null,null,null,1915,"Office Furniture & Equipment ",5,0.2,5,0.2]
[null,15,"Data Collectors - Smart Metering",null,null,"15-20",null,null,null,1915,"Office Furniture & Equipment ",5,0.2,5,0.2]

{"sheet":"Instruction for App. 2-C MIFRS","index":9,"n_rows":98,"n_cols":7,"rows_kept":98,"cut":false,"hidden":false,"merged":[[0,0,0,10],[1,0,1,10],[39,0,41,10],[53,0,55,10],[53,11,55,18],[56,0,56,10],[56,11,56,18],[50,0,50,18],[60,0,62,10],[60,11,62,18],[7,0,9,10],[10,0,12,10],[13,0,15,10],[81,0,83,10],[81,11,83,18],[87,0,89,10],[87,11,89,18],[17,4,17,6],[18,4,18,6],[33,0,35,10],[95,0,95,10],[95,11,95,18],[67,0,69,10],[67,11,69,18],[70,0,70,10],[70,11,70,18],[75,0,77,10],[75,11,77,18],[63,0,63,10],[63,11,63,18],[93,0,93,18],[96,0,96,10],[96,11,96,18],[113,0,113,10],[113,11,113,18],[100,11,100,18],[100,0,100,10],[101,11,101,18],[102,0,102,10],[102,11,102,18],[103,0,103,10],[103,11,103,18],[104,0,104,10],[104,11,104,18],[97,0,97,10],[97,11,97,18],[98,0,98,10],[98,11,98,18],[99,0,99,10],[99,11,99,18],[108,0,108,10],[108,11,108,18],[109,0,109,10],[109,11,109,18],[110,0,110,10],[111,0,111,10],[111,11,111,18],[112,0,112,10],[112,11,112,18],[116,0,116,10],[110,11,110,18],[105,0,105,10],[105,11,105,18],[106,0,106,10],[106,11,106,18],[107,0,107,10],[107,11,107,18],[115,0,115,10],[115,11,115,18],[118,11,118,18],[119,0,119,10],[119,11,119,18],[120,0,120,10],[120,11,120,18],[116,11,116,18],[117,0,117,10],[117,11,117,18],[114,0,114,10],[114,11,114,18],[124,0,124,10],[124,11,124,18],[125,0,125,10],[125,11,125,18],[126,0,126,10],[126,11,126,18],[121,0,121,10],[121,11,121,18],[122,0,122,10],[122,11,122,18],[123,0,123,10],[123,11,123,18],[130,0,130,10],[130,11,130,18],[131,0,131,10],[131,11,131,18],[132,0,132,10],[132,11,132,18],[127,0,127,10],[127,11,127,18],[128,0,128,10],[128,11,128,18],[129,0,129,10],[129,11,129,18],[136,0,136,10],[136,11,136,18],[137,0,137,10],[137,11,137,18],[138,0,138,10],[138,11,138,18],[133,0,133,10],[133,11,133,18],[134,0,134,10],[134,11,134,18],[135,0,135,10],[135,11,135,18],[151,0,151,10],[151,11,151,18],[148,0,148,10],[148,11,148,18],[149,0,149,10],[149,11,149,18],[150,0,150,10],[150,11,150,18],[145,0,145,10],[145,11,145,18],[146,0,146,10],[146,11,146,18],[147,0,147,10],[147,11,147,18],[142,0,142,10],[142,11,142,18],[143,0,143,10],[143,11,143,18],[144,0,144,10],[144,11,144,18],[139,0,139,10],[139,11,139,18],[140,0,140,10],[140,11,140,18],[141,0,141,10],[141,11,141,18]]}
["General Instructions to MIFRS Appendices"]
["Types of Schedules to File"]
[]
["The purpose of this tab is to provide general instructions.  The specific instructions to each appendix are listed in footnotes to each appendix."]
[]
["Applicants filing a MIFRS application should provide the following information regarding Appendix 2-B and Appendix 2-C:"]
[]
["·         If an applicant chooses to adopt IFRS for financial reporting in 2012, in its 2014 cost of service application it must file information for the  historic year (2012),modified IFRS and also provide forecasts for the bridge year (2013) and test year (2014) information in modified IFRS format. The years required to be filed prior to the historic year 2012 may be provided in CGAAP only, except for the year 2011 which must also be presented in modified IFRS format. "]
[]
[]
["·         If an applicant chooses to adopt IFRS for financial reporting in 2013, in its 2014 cost of service application it must file information for the year prior (i.e. 2012 – the historic year) in both CGAAP and modified IFRS format,  and present modified IFRS based forecasts for the bridge (2013) and test years (2014). The years required to be filed prior to the historic year 2012 may be provided in CGAAP only. "]
[]
[]
["·         If an applicant chooses to adopt IFRS for financial reporting in 2014, in its 2014 cost of service application it must provide the required actual years (2012) and the bridge year (2013) in CGAAP based format. An applicant must present modified IFRS based forecasts for the bridge (2013) and test years (2014).  "]
[]
[]
[]
[null,null,null,null,"Date of Adoption of IFRS"]
[null,null,null,null,"for Financial Reporting Purposes:"]
[null,null,null,null,"January 1, 2012","January 1, 2013","January 1, 2014"]
["Information",null,"2010 H & Prior",null,"CGAAP","CGAAP","CGAAP"]
["Required to be",null,"2011 H",null,"MIFRS & CGAAP","CGAAP","CGAAP"]
["Filed in 2014",null,"2012 H",null,"MIFRS","MIFRS & CGAAP","CGAAP"]
["CoS Application:",null,"2013 B",null,"MIFRS","MIFRS","MIFRS & CGAAP"]
[null,null,"2014 T",null,"MIFRS","MIFRS","MIFRS"]
[]
["Date of Transition to IFRS",null,null,null,"January 1, 2011","January 1, 2012","January 1, 2013"]
[]
["H - historic year regulatory financial information"]
["B - bridge year regulatory financial information"]
["T - test year regulatory financial information"]
[null,"Year in which both CGAAP and MIFRS information required"]
[]
["For those applicants that adopted IFRS on January 1, 2012 for financial reporting purposes, the date of transition is January 1, 2011.  For those applicants that adopted IFRS on January 1, 2013 for financial reporting purposes, the date of transition is January 1, 2012.  For those applicants that adopted IFRS on January 1, 2014 for financial reporting purposes, the date of transition is January 1, 2013."]
[]
[]
[]
[]
["Summary of Impacts to Revenue Requirement from Transition to MIFRS - Appendix 2-YA"]
["For  modified IFRS applications, the applicants must provide a summary of the dollar impacts of  modified IFRS to each component of the revenue requirement (e.g. rate base, operating costs, etc), including the overall impact on the proposed revenue requirement.  Accordingly, the applicants must identify financial differences and resulting revenue requirement impacts arising from the adoption of  modified IFRS accounting.  "]
[]
[]
[]
[]
["Depreciation and Amortization - Appendix 2-C"]
["If an applicant chooses to adopt IFRS for financial reporting in 2012, the applicant must complete Appendix 2-CA to Appendix 2-CE (inclusive)."]
["If an applicant chooses to adopt IFRS for financial reporting in 2013, the applicant must complete Appendix 2-CF to Appendix 2-CI (inclusive). "]
["If an applicant chooses to adopt IFRS for financial reporting in 2014, the applicant must complete Appendix 2-CJ to Appendix 2-CM (inclusive)."]
[]
[]
["Continuity of Historic Cost under MIFRS - Appendix 2-BA2"]
[]
["Regulatory Gross Assets of Property, Plant and Equipment"]
["For an applicant that adopted IFRS on January 1, 2012 for financial reporting purposes, the applicant must establish the continuity of historic cost by using the December 31, 2010 regulatory gross assets of property, plant and equipment as the opening January 1, 2011 regulatory gross assets.  The applicant must provide schedules (including Appendix 2-BA2, Fixed Asset Continuity Schedule) which must identify the following details to substantiate the continuity of historic cost for regulatory purposes: "]
[]
[]
[]
["·         December 31, 2010 regulatory gross assets of property, plant and equipment, by asset class; and"]
["·         January 1, 2011 regulatory gross assets of property, plant and equipment, by asset class."]
[]
["For an applicant that adopts IFRS on January 1, 2013 for financial reporting purposes, the applicant must establish the continuity of historic cost by using the December 31, 2011 regulatory gross assets of property, plant and equipment as the opening January 1, 2012 regulatory gross assets.  The applicant must provide schedules (including Appendix 2-BA2, Fixed Asset Continuity Schedule) which must identify the following details to substantiate the continuity of historic cost for regulatory purposes: "]
[]
[]
[]
["·         December 31, 2011 regulatory gross assets of property, plant and equipment, by asset class; and"]
["·         January 1, 2012 regulatory gross assets of property, plant and equipment, by asset class."]
[]
["For an applicant that adopts IFRS on January 1, 2014 for financial reporting purposes, the applicant must establish the continuity of historic cost by using the December 31, 2012 regulatory gross assets of property, plant and equipment as the opening January 1, 2013 regulatory gross assets.  The applicant must provide schedules (including Appendix 2-BA2, Fixed Asset Continuity Schedule) which must identify the following details to substantiate the continuity of historic cost for regulatory purposes: "]
[]
[]
[]
["·         December 31, 2012 regulatory gross assets of property, plant and equipment, by asset class; and"]
["·         January 1, 2013 regulatory gross assets of property, plant and equipment, by asset class."]
[]
["Accumulated Depreciation"]
["For an applicant that adopted IFRS on January 1, 2012 for financial reporting purposes, the applicant must establish the continuity of historic cost by using the December 31, 2010 regulatory accumulated depreciation as the opening January 1, 2011 regulatory accumulated depreciation.  The applicant must provide schedules (including Appendix 2-BA2, Fixed Asset Continuity Schedule) which must identify the following details to substantiate the continuity of historic cost for regulatory purposes: "]
[]
[]
["·         December 31, 2010 regulatory accumulated depreciation, by asset class; and"]
["·         January 1, 2011 regulatory accumulated depreciation, by asset class."]
[]
["For an applicant that adopted IFRS on January 1, 2013 for financial reporting purposes, the applicant must establish the continuity of historic cost by using the December 31, 2011 regulatory accumulated depreciation as the opening January 1, 2012 regulatory accumulated depreciation.  The applicant must provide schedules (including Appendix 2-BA2, Fixed Asset Continuity Schedule) which must identify the following details to substantiate the continuity of historic cost for regulatory purposes: "]
[]
[]
["·         December 31, 2011 regulatory accumulated depreciation, by asset class; and"]
["·         January 1, 2012 regulatory accumulated depreciation, by asset class."]
[]
["For an applicant that adopted IFRS on January 1, 2014 for financial reporting purposes, the applicant must establish the continuity of historic cost by using the December 31, 2012 regulatory accumulated depreciation as the opening January 1, 2013 regulatory accumulated depreciation.  The applicant must provide schedules (including Appendix 2-BA2, Fixed Asset Continuity Schedule) which must identify the following details to substantiate the continuity of historic cost for regulatory purposes: "]
[]
[]
["·         December 31, 2012 regulatory accumulated depreciation, by asset class; and"]
["·         January 1, 2013 regulatory accumulated depreciation, by asset class."]
[]
["Account 1575, IFRS-CGAAP Transitional PP&E Amounts - Appendix 2-EA, Appendix 2-EB, Appendix 2-EC"]
["Please refer to section 2.12.4 of the Filing Requirements."]
[]
["Account 1576, Accounting Changes Under CGAAP - Appendix 2-ED, Appendix 2-EE"]
["Please refer to section 2.12.5 of the Filing Requirements."]

{"sheet":"App.2-CA_CGAAP_DepExp_2011","index":10,"n_rows":63,"n_cols":12,"rows_kept":63,"cut":false,"hidden":false,"merged":[[59,1,59,11],[60,1,61,9],[62,1,63,11],[8,0,8,11],[9,0,9,11],[10,0,10,11],[13,0,14,0],[13,1,14,1],[13,10,14,10]]}
[null,null,null,null,null,null,null,null,null,null,"File Number:",{"$f":"EBNUMBER","v":"EB-2013-0115"}]
[null,null,null,null,null,null,null,null,null,null,"Exhibit:"]
[null,null,null,null,null,null,null,null,null,null,"Tab:"]
[null,null,null,null,null,null,null,null,null,null,"Schedule:"]
[null,null,null,null,null,null,null,null,null,null,"Page:"]
[]
[null,null,null,null,null,null,null,null,null,null,"Date:"]
[]
["Appendix 2-CA"]
["Depreciation and Amortization Expense"]
["Assumes the applicant adopted IFRS for financial reporting purposes January 1, 2012"]
[null,null,"Year",2011,"CGAAP"]
[]
["Account","Description","Opening Regulatory Gross PP&E as at Jan 1, 2011","Less Fully Depreciated","Net for Depreciation","Additions","Total for Depreciation","Years","Depreciation Rate","Depreciation Expense","2011 Depreciation Expense per Appendix 2-B Fixed Assets, Column K \n (l)","Variance 2"]
[null,null,"(a)","(b)","(c)","(d)","(e) = (c) + ½ x (d) 1","(f)","(g) = 1 / (f)","(h) = (e) / (f)",null,"(m) = (h) - (l)"]
[1611,"Computer Software (Formally known as Account 1925)",null,null,{"$f":"C16-D16","v":0},null,{"$f":"E16+0.5*F16","v":0},null,{"$f":"IF(H16=0,0,1/H16)","v":0},{"$f":"IF(H16=0,0,G16/H16)","v":0},null,{"$f":"IF(ISERROR(+J16-K16), 0, +J16-K16)","v":0}]
[1612,"Land Rights (Formally known as Account 1906)",null,null,{"$f":"C17-D17","v":0},null,{"$f":"E17+0.5*F17","v":0},null,0,0,null,0]
[1805,"Land",null,null,0,null,0,null,0,0,null,0]
[1808,"Buildings",null,null,0,null,0,null,0,0,null,0]
[1810,"Leasehold Improvements",null,null,0,null,0,null,0,0,null,0]
[1815,"Transformer Station Equipment >50 kV",null,null,0,null,0,null,0,0,null,0]
[1820,"Distribution Station Equipment <50 kV",null,null,0,null,0,null,0,0,null,0]
[1825,"Storage Battery Equipment",null,null,0,null,0,null,0,0,null,0]
[1830,"Poles, Towers & Fixtures",null,null,0,null,0,null,0,0,null,0]
[1835,"Overhead Conductors & Devices",null,null,0,null,0,null,0,0,null,0]
[1840,"Underground Conduit",null,null,0,null,0,null,0,0,null,0]
[1845,"Underground Conductors & Devices",null,null,0,null,0,null,0,0,null,0]
[1850,"Line Transformers",null,null,0,null,0,null,0,0,null,0]
[1855,"Services (Overhead & Underground)",null,null,0,null,0,null,0,0,null,0]
[1860,"Meters",null,null,0,null,0,null,0,0,null,0]
[1860,"Meters (Smart Meters)",null,null,0,null,0,null,0,0,null,0]
[1905,"Land",null,null,0,null,0,null,0,0,null,0]
[1908,"Buildings & Fixtures",null,null,0,null,0,null,0,0,null,0]
[1910,"Leasehold Improvements",null,null,0,null,0,null,0,0,null,0]
[1915,"Office Furniture & Equipment (10 years)",null,null,0,null,0,null,0,0,null,0]
[1915,"Office Furniture & Equipment (5 years)",null,null,0,null,0,null,0,0,null,0]
[1920,"Computer Equipment - Hardware",null,null,0,null,0,null,0,0,null,0]
[1920,"Computer Equip.-Hardware(Post Mar. 22/04)",null,null,0,null,0,null,0,0,null,0]
[1920,"Computer Equip.-Hardware(Post Mar. 19/07)",null,null,0,null,0,null,0,0,null,0]
[1930,"Transportation Equipment",null,null,0,null,0,null,0,0,null,0]
[1935,"Stores Equipment",null,null,0,null,0,null,0,0,null,0]
[1940,"Tools, Shop & Garage Equipment",null,null,0,null,0,null,0,0,null,0]
[1945,"Measurement & Testing Equipment",null,null,0,null,0,null,0,0,null,0]
[1950,"Power Operated Equipment",null,null,0,null,0,null,0,0,null,0]
[1955,"Communications Equipment",null,null,0,null,0,null,0,0,null,0]
[1955,"Communication Equipment (Smart Meters)",null,null,0,null,0,null,0,0,null,0]
[1960,"Miscellaneous Equipment ",null,null,0,null,0,null,0,0,null,0]
[1970,"Load Management Controls Customer Premises",null,null,0,null,0,null,0,0,null,0]
[1975,"Load Management Controls Utility Premises",null,null,0,null,0,null,0,0,null,0]
[1980,"System Supervisor Equipment",null,null,0,null,0,null,0,0,null,0]
[1985,"Miscellaneous Fixed Assets",null,null,0,null,0,null,0,0,null,0]
[1990,"Other Tangible Property",null,null,0,null,0,null,0,0,null,0]
[1995,"Contributions & Grants",null,null,0,null,0,null,0,0,null,0]
["etc.",null,null,null,0,null,0,null,0,0,null,0]
[null,null,null,null,0,null,0,null,0,0,null,0]
[null,"Total",{"$f":"SUM(C16:C55)","v":0},{"$f":"SUM(D16:D55)","v":0},{"$f":"SUM(E16:E55)","v":0},{"$f":"SUM(F16:F55)","v":0},{"$f":"SUM(G16:G55)","v":0},null,null,{"$f":"SUM(J16:J55)","v":0},{"$f":"SUM(K16:K55)","v":0},{"$f":"SUM(L16:L55)","v":0}]
[]
["Notes:"]
[]
[1,"Board policy of the \"half-year\" rule - the applicant must ensure that additions in the year attract a half-year depreciation expense in the first year.  Deviations from this standard practice must be supported in the application."]
[2,"The applicant must provide an explanation of material variances in evidence."]
[]
["General","Applicants must provide a breakdown of depreciation and amortization expense in the above format for all relevant accounts.  Asset Retirement Obligations (AROs), depreciation and accretion expense should be disclosed separately consistent with the Notes of historical Audited Financial Statements."]

{"sheet":"App.2-CB_MIFRS_DepExp_2011","index":11,"n_rows":68,"n_cols":15,"rows_kept":68,"cut":false,"hidden":false,"merged":[[8,0,8,14],[9,0,9,14],[10,0,10,14],[13,0,14,0],[13,1,14,1],[13,10,14,10],[13,13,14,13],[67,1,68,14],[60,1,60,14],[61,1,61,14],[62,1,62,14],[63,1,63,14],[64,1,64,14],[65,1,65,14]]}
[null,null,null,null,null,null,null,null,null,null,null,null,null,"File Number:",{"$f":"EBNUMBER","v":"EB-2013-0115"}]
[null,null,null,null,null,null,null,null,null,null,null,null,null,"Exhibit:"]
[null,null,null,null,null,null,null,null,null,null,null,null,null,"Tab:"]
[null,null,null,null,null,null,null,null,null,null,null,null,null,"Schedule:"]
[null,null,null,null,null,null,null,null,null,null,null,null,null,"Page:"]
[]
[null,null,null,null,null,null,null,null,null,null,null,null,null,"Date:"]
[]
["Appendix 2-CB"]
["Depreciation and Amortization Expense"]
["Assumes the applicant adopted IFRS for financial reporting purposes January 1, 2012"]
[null,null,"Year",2011,"MIFRS"]
[]
["Account","Description","Opening NBV as at Jan 1, 2011 5","Additions","Average Remaining Life of Opening NBV 4","Years (new additions only) 3","Depreciation Rate on New Additions","Depreciation Expense on Opening NBV","Depreciation Expense on Additions 1","2011 Depreciation Expense","2011 Depreciation Expense per Appendix 2-B Fixed Assets, Column K \n (l)","Variance 2","Depreciation Expense on 2011 Full Year Additions","Less Depreciation Expense on Assets Fully Depreciated during the year\n(o)","2011 Full Year Depreciation 6"]
[null,null,"(a)","(d)","(i)","(f)","(g) = 1 / (f)","(j) = (a) / (i)","(h)=((d)*0.5)/(f) ","(k) = (j) + (h)",null,"(m) = (k) - (l)","(n) = (d)/(f) ",null,"(p) = (j) + (n) - (o)"]
[1611,"Computer Software (Formally known as Account 1925)",null,null,null,null,{"$f":"IF(F16=0,0,1/F16)","v":0},{"$f":"IF(E16=0,0,+C16/E16)","v":0},{"$f":"IF(F16=0,0,+(D16*0.5)/F16)","v":0},{"$f":"IF(ISERROR(+H16+I16), 0, +H16+I16)","v":0},null,{"$f":"IF(ISERROR(+J16-K16), 0, +J16-K16)","v":0},{"$f":"IF(F16=0,0,+(D16)/F16)","v":0},null,{"$f":"IF(ISERROR(+M16+H16-N16), 0, +M16+H16-N16)","v":0}]
[1612,"Land Rights (Formally known as Account 1906)",null,null,null,null,0,0,0,0,null,0,0,null,{"$f":"IF(ISERROR(+M17+H17-N17), 0, +M17+H17-N17)","v":0}]
[1805,"Land",null,null,null,null,0,0,0,0,null,0,0,null,0]
[1808,"Buildings",null,null,null,null,0,0,0,0,null,0,0,null,0]
[1810,"Leasehold Improvements",null,null,null,null,0,0,0,0,null,0,0,null,0]
[1815,"Transformer Station Equipment >50 kV",null,null,null,null,0,0,0,0,null,0,0,null,0]
[1820,"Distribution Station Equipment <50 kV",null,null,null,null,0,0,0,0,null,0,0,null,0]
[1825,"Storage Battery Equipment",null,null,null,null,0,0,0,0,null,0,0,null,0]
[1830,"Poles, Towers & Fixtures",null,null,null,null,0,0,0,0,null,0,0,null,0]
[1835,"Overhead Conductors & Devices",null,null,null,null,0,0,0,0,null,0,0,null,0]
[1840,"Underground Conduit",null,null,null,null,0,0,0,0,null,0,0,null,0]
[1845,"Underground Conductors & Devices",null,null,null,null,0,0,0,0,null,0,0,null,0]
[1850,"Line Transformers",null,null,null,null,0,0,0,0,null,0,0,null,0]
[1855,"Services (Overhead & Underground)",null,null,null,null,0,0,0,0,null,0,0,null,0]
[1860,"Meters",null,null,null,null,0,0,0,0,null,0,0,null,0]
[1860,"Meters (Smart Meters)",null,null,null,null,0,0,0,0,null,0,0,null,0]
[1905,"Land",null,null,null,null,0,0,0,0,null,0,0,null,0]
[1908,"Buildings & Fixtures",null,null,null,null,0,0,0,0,null,0,0,null,0]
[1910,"Leasehold Improvements",null,null,null,null,0,0,0,0,null,0,0,null,0]
[1915,"Office Furniture & Equipment (10 years)",null,null,null,null,0,0,0,0,null,0,0,null,0]
[1915,"Office Furniture & Equipment (5 years)",null,null,null,null,0,0,0,0,null,0,0,null,0]
[1920,"Computer Equipment - Hardware",null,null,null,null,0,0,0,0,null,0,0,null,0]
[1920,"Computer Equip.-Hardware(Post Mar. 22/04)",null,null,null,null,0,0,0,0,null,0,0,null,0]
[1920,"Computer Equip.-Hardware(Post Mar. 19/07)",null,null,null,null,0,0,0,0,null,0,0,null,0]
[1930,"Transportation Equipment",null,null,null,null,0,0,0,0,null,0,0,null,0]
[1935,"Stores Equipment",null,null,null,null,0,0,0,0,null,0,0,null,0]
[1940,"Tools, Shop & Garage Equipment",null,null,null,null,0,0,0,0,null,0,0,null,0]
[1945,"Measurement & Testing Equipment",null,null,null,null,0,0,0,0,null,0,0,null,0]
[1950,"Power Operated Equipment",null,null,null,null,0,0,0,0,null,0,0,null,0]
[1955,"Communications Equipment",null,null,null,null,0,0,0,0,null,0,0,null,0]
[1955,"Communication Equipment (Smart Meters)",null,null,null,null,0,0,0,0,null,0,0,null,0]
[1960,"Miscellaneous Equipment ",null,null,null,null,0,0,0,0,null,0,0,null,0]
[1970,"Load Management Controls Customer Premises",null,null,null,null,0,0,0,0,null,0,0,null,0]
[1975,"Load Management Controls Utility Premises",null,null,null,null,0,0,0,0,null,0,0,null,0]
[1980,"System Supervisor Equipment",null,null,null,null,0,0,0,0,null,0,0,null,0]
[1985,"Miscellaneous Fixed Assets",null,null,null,null,0,0,0,0,null,0,0,null,0]
[1990,"Other Tangible Property",null,null,null,null,0,0,0,0,null,0,0,null,0]
[1995,"Contributions & Grants",null,null,null,null,0,0,0,0,null,0,0,null,0]
["etc.",null,null,null,null,null,0,0,0,0,null,0,0,null,0]
[null,null,null,null,null,null,0,0,0,0,null,0,0,null,0]
[null,"Total",{"$f":"SUM(C16:C55)","v":0},{"$f":"SUM(D16:D55)","v":0},null,null,null,{"$f":"SUM(H16:H55)","v":0},0,0,0,0,0,{"$f":"SUM(N16:N55)","v":0},0]
[null,"Depreciation exp. adj. from gain or loss on the retirement of assets (pool of like assets)",null,null,null,null,null,null,null,0]
[null,"Total",null,null,null,null,null,null,null,{"$f":"+J57+J56","v":0}]
["Notes:"]
[]
[1,"Board policy of the \"half-year\" rule - the applicant must ensure that additions in the year attract a half-year depreciation expense in the first year.  Deviations from this standard practice must be supported in the application."]
[2,"The applicant must provide an explanation of material variances in evidence."]
[3,"The applicant should ensure that the years for new additions of assets are the asset useful lives determined by management in accordance with IFRS. "]
[4,"A recalculation should be performed to determine the average remaining life of opening balance of assets (i.e. excluding 2011 additions) under IFRS.  For example, Asset A had a useful life of 20 years under CGAAP.  On January 1, 2011, the date of transition, Asset A was 3 years depreciated. As a result, Asset A would have a remaining service life of 17 years (20 years less 3 years) under CGAAP as of January 1, 2011.  Due to the transition to IFRS, management re-assessed the asset useful lives under IFRS principles and concluded that the revised useful life of Asset A is now 30 years. Therefore, the average remaining useful life of opening balance of Asset A is determined to be 27 years (30 years less 3 years) under IFRS as of January 1, 2011."]
[5," NBV must exclude assets still on the books but which have been fully amortized or depreciated."]
[6,"This column refers to the calculated full year depreciation but excludes the depreciation expense on assets fully depreciated during the year.  This column is used for the purpose of calculating depreciation expense in the following year on the next worksheet."]
[]
["General:","Applicants must provide a breakdown of depreciation and amortization expense in the above format for all relevant accounts.  Asset Retirement Obligations (AROs), depreciation and accretion expense should be disclosed separately consistent with the Notes of historical Audited Financial Statements."]

{"sheet":"App.2-CC_MIFRS_DepExp_2012","index":12,"n_rows":64,"n_cols":11,"rows_kept":64,"cut":false,"hidden":false,"merged":[[59,1,59,10],[60,1,60,10],[61,1,61,10],[63,1,64,10],[8,0,8,10],[9,0,9,10],[10,0,10,10],[13,0,14,0],[13,1,14,1],[13,6,14,6],[13,9,14,9]]}
[null,null,null,null,null,null,null,null,null,"File Number:",{"$f":"EBNUMBER","v":"EB-2013-0115"}]
[null,null,null,null,null,null,null,null,null,"Exhibit:"]
[null,null,null,null,null,null,null,null,null,"Tab:"]
[null,null,null,null,null,null,null,null,null,"Schedule:"]
[null,null,null,null,null,null,null,null,null,"Page:"]
[]
[null,null,null,null,null,null,null,null,null,"Date:"]
[]
["Appendix 2-CC"]
["Depreciation and Amortization Expense"]
["Assumes the applicant adopted IFRS for financial reporting purposes January 1, 2012"]
[null,null,2012,"MIFRS"]
[]
["Account","Description","Additions","Years (new additions only)","Depreciation Rate on New Additions","2012 Depreciation Expense 1","2012 Depreciation Expense per Apppendix 2-B Fixed Assets, Column K\n (l)","Variance 2","Depreciation Expense on 2012 Full Year Additions","Less Depreciation Expense on Assets Fully Depreciated during the year\n(o)","2012 Full Year Depreciation 3"]
[null,null,"(d)","(f)","(g) = 1 / (f)","(h)=2011 Full Year Deprecation + ((d)*0.5)/(f) ",null,"(m) = (h) - (l)","(n)=((d))/(f) ",null,"(p) = 2011 Full Year Depreciation  + (n) - (o)"]
[1611,"Computer Software (Formally known as Account 1925)",null,null,{"$f":"IF(D16=0,0,1/D16)","v":0},{"$f":"IF(D16=0,+'App.2-CB_MIFRS_DepExp_2011'!O16,+'App.2-CB_MIFRS_DepExp_2011'!O16+((C16*0.5)/D16))","v":0},null,{"$f":"IF(ISERROR(+F16-G16), 0, +F16-G16)","v":0},{"$f":"IF(D16=0,0,+(C16)/D16)","v":0},null,{"$f":"IF(ISERROR(+I16+'App.2-CB_MIFRS_DepExp_2011'!O16-J16), 0, +I16+'App.2-CB_MIFRS_DepExp_2011'!O16-J16)","v":0}]
[1612,"Land Rights (Formally known as Account 1906)",null,null,0,{"$f":"IF(D17=0,+'App.2-CB_MIFRS_DepExp_2011'!O17,+'App.2-CB_MIFRS_DepExp_2011'!O17+((C17*0.5)/D17))","v":0},null,0,0,null,{"$f":"IF(ISERROR(+I17+'App.2-CB_MIFRS_DepExp_2011'!O17-J17), 0, +I17+'App.2-CB_MIFRS_DepExp_2011'!O17-J17)","v":0}]
[1805,"Land",null,null,0,{"$f":"IF(D18=0,+'App.2-CB_MIFRS_DepExp_2011'!O18,+'App.2-CB_MIFRS_DepExp_2011'!O18+((C18*0.5)/D18))","v":0},null,0,0,null,{"$f":"IF(ISERROR(+I18+'App.2-CB_MIFRS_DepExp_2011'!O18-J18), 0, +I18+'App.2-CB_MIFRS_DepExp_2011'!O18-J18)","v":0}]
[1808,"Buildings",null,null,0,{"$f":"IF(D19=0,+'App.2-CB_MIFRS_DepExp_2011'!O19,+'App.2-CB_MIFRS_DepExp_2011'!O19+((C19*0.5)/D19))","v":0},null,0,0,null,{"$f":"IF(ISERROR(+I19+'App.2-CB_MIFRS_DepExp_2011'!O19-J19), 0, +I19+'App.2-CB_MIFRS_DepExp_2011'!O19-J19)","v":0}]
[1810,"Leasehold Improvements",null,null,0,{"$f":"IF(D20=0,+'App.2-CB_MIFRS_DepExp_2011'!O20,+'App.2-CB_MIFRS_DepExp_2011'!O20+((C20*0.5)/D20))","v":0},null,0,0,null,{"$f":"IF(ISERROR(+I20+'App.2-CB_MIFRS_DepExp_2011'!O20-J20), 0, +I20+'App.2-CB_MIFRS_DepExp_2011'!O20-J20)","v":0}]
[1815,"Transformer Station Equipment >50 kV",null,null,0,{"$f":"IF(D21=0,+'App.2-CB_MIFRS_DepExp_2011'!O21,+'App.2-CB_MIFRS_DepExp_2011'!O21+((C21*0.5)/D21))","v":0},null,0,0,null,{"$f":"IF(ISERROR(+I21+'App.2-CB_MIFRS_DepExp_2011'!O21-J21), 0, +I21+'App.2-CB_MIFRS_DepExp_2011'!O21-J21)","v":0}]
[1820,"Distribution Station Equipment <50 kV",null,null,0,{"$f":"IF(D22=0,+'App.2-CB_MIFRS_DepExp_2011'!O22,+'App.2-CB_MIFRS_DepExp_2011'!O22+((C22*0.5)/D22))","v":0},null,0,0,null,{"$f":"IF(ISERROR(+I22+'App.2-CB_MIFRS_DepExp_2011'!O22-J22), 0, +I22+'App.2-CB_MIFRS_DepExp_2011'!O22-J22)","v":0}]
[1825,"Storage Battery Equipment",null,null,0,{"$f":"IF(D23=0,+'App.2-CB_MIFRS_DepExp_2011'!O23,+'App.2-CB_MIFRS_DepExp_2011'!O23+((C23*0.5)/D23))","v":0},null,0,0,null,{"$f":"IF(ISERROR(+I23+'App.2-CB_MIFRS_DepExp_2011'!O23-J23), 0, +I23+'App.2-CB_MIFRS_DepExp_2011'!O23-J23)","v":0}]
[1830,"Poles, Towers & Fixtures",null,null,0,{"$f":"IF(D24=0,+'App.2-CB_MIFRS_DepExp_2011'!O24,+'App.2-CB_MIFRS_DepExp_2011'!O24+((C24*0.5)/D24))","v":0},null,0,0,null,{"$f":"IF(ISERROR(+I24+'App.2-CB_MIFRS_DepExp_2011'!O24-J24), 0, +I24+'App.2-CB_MIFRS_DepExp_2011'!O24-J24)","v":0}]
[1835,"Overhead Conductors & Devices",null,null,0,{"$f":"IF(D25=0,+'App.2-CB_MIFRS_DepExp_2011'!O25,+'App.2-CB_MIFRS_DepExp_2011'!O25+((C25*0.5)/D25))","v":0},null,0,0,null,{"$f":"IF(ISERROR(+I25+'App.2-CB_MIFRS_DepExp_2011'!O25-J25), 0, +I25+'App.2-CB_MIFRS_DepExp_2011'!O25-J25)","v":0}]
[1840,"Underground Conduit",null,null,0,{"$f":"IF(D26=0,+'App.2-CB_MIFRS_DepExp_2011'!O26,+'App.2-CB_MIFRS_DepExp_2011'!O26+((C26*0.5)/D26))","v":0},null,0,0,null,{"$f":"IF(ISERROR(+I26+'App.2-CB_MIFRS_DepExp_2011'!O26-J26), 0, +I26+'App.2-CB_MIFRS_DepExp_2011'!O26-J26)","v":0}]
[1845,"Underground Conductors & Devices",null,null,0,{"$f":"IF(D27=0,+'App.2-CB_MIFRS_DepExp_2011'!O27,+'App.2-CB_MIFRS_DepExp_2011'!O27+((C27*0.5)/D27))","v":0},null,0,0,null,{"$f":"IF(ISERROR(+I27+'App.2-CB_MIFRS_DepExp_2011'!O27-J27), 0, +I27+'App.2-CB_MIFRS_DepExp_2011'!O27-J27)","v":0}]
[1850,"Line Transformers",null,null,0,{"$f":"IF(D28=0,+'App.2-CB_MIFRS_DepExp_2011'!O28,+'App.2-CB_MIFRS_DepExp_2011'!O28+((C28*0.5)/D28))","v":0},null,0,0,null,{"$f":"IF(ISERROR(+I28+'App.2-CB_MIFRS_DepExp_2011'!O28-J28), 0, +I28+'App.2-CB_MIFRS_DepExp_2011'!O28-J28)","v":0}]
[1855,"Services (Overhead & Underground)",null,null,0,{"$f":"IF(D29=0,+'App.2-CB_MIFRS_DepExp_2011'!O29,+'App.2-CB_MIFRS_DepExp_2011'!O29+((C29*0.5)/D29))","v":0},null,0,0,null,{"$f":"IF(ISERROR(+I29+'App.2-CB_MIFRS_DepExp_2011'!O29-J29), 0, +I29+'App.2-CB_MIFRS_DepExp_2011'!O29-J29)","v":0}]
[1860,"Meters",null,null,0,{"$f":"IF(D30=0,+'App.2-CB_MIFRS_DepExp_2011'!O30,+'App.2-CB_MIFRS_DepExp_2011'!O30+((C30*0.5)/D30))","v":0},null,0,0,null,{"$f":"IF(ISERROR(+I30+'App.2-CB_MIFRS_DepExp_2011'!O30-J30), 0, +I30+'App.2-CB_MIFRS_DepExp_2011'!O30-J30)","v":0}]
[1860,"Meters (Smart Meters)",null,null,0,{"$f":"IF(D31=0,+'App.2-CB_MIFRS_DepExp_2011'!O31,+'App.2-CB_MIFRS_DepExp_2011'!O31+((C31*0.5)/D31))","v":0},null,0,0,null,{"$f":"IF(ISERROR(+I31+'App.2-CB_MIFRS_DepExp_2011'!O31-J31), 0, +I31+'App.2-CB_MIFRS_DepExp_2011'!O31-J31)","v":0}]
[1905,"Land",null,null,0,{"$f":"IF(D32=0,+'App.2-CB_MIFRS_DepExp_2011'!O32,+'App.2-CB_MIFRS_DepExp_2011'!O32+((C32*0.5)/D32))","v":0},null,0,0,null,{"$f":"IF(ISERROR(+I32+'App.2-CB_MIFRS_DepExp_2011'!O32-J32), 0, +I32+'App.2-CB_MIFRS_DepExp_2011'!O32-J32)","v":0}]
[1908,"Buildings & Fixtures",null,null,0,{"$f":"IF(D33=0,+'App.2-CB_MIFRS_DepExp_2011'!O33,+'App.2-CB_MIFRS_DepExp_2011'!O33+((C33*0.5)/D33))","v":0},null,0,0,null,{"$f":"IF(ISERROR(+I33+'App.2-CB_MIFRS_DepExp_2011'!O33-J33), 0, +I33+'App.2-CB_MIFRS_DepExp_2011'!O33-J33)","v":0}]
[1910,"Leasehold Improvements",null,null,0,{"$f":"IF(D34=0,+'App.2-CB_MIFRS_DepExp_2011'!O34,+'App.2-CB_MIFRS_DepExp_2011'!O34+((C34*0.5)/D34))","v":0},null,0,0,null,{"$f":"IF(ISERROR(+I34+'App.2-CB_MIFRS_DepExp_2011'!O34-J34), 0, +I34+'App.2-CB_MIFRS_DepExp_2011'!O34-J34)","v":0}]
[1915,"Office Furniture & Equipment (10 years)",null,null,0,{"$f":"IF(D35=0,+'App.2-CB_MIFRS_DepExp_2011'!O35,+'App.2-CB_MIFRS_DepExp_2011'!O35+((C35*0.5)/D35))","v":0},null,0,0,null,{"$f":"IF(ISERROR(+I35+'App.2-CB_MIFRS_DepExp_2011'!O35-J35), 0, +I35+'App.2-CB_MIFRS_DepExp_2011'!O35-J35)","v":0}]
[1915,"Office Furniture & Equipment (5 years)",null,null,0,{"$f":"IF(D36=0,+'App.2-CB_MIFRS_DepExp_2011'!O36,+'App.2-CB_MIFRS_DepExp_2011'!O36+((C36*0.5)/D36))","v":0},null,0,0,null,{"$f":"IF(ISERROR(+I36+'App.2-CB_MIFRS_DepExp_2011'!O36-J36), 0, +I36+'App.2-CB_MIFRS_DepExp_2011'!O36-J36)","v":0}]
[1920,"Computer Equipment - Hardware",null,null,0,{"$f":"IF(D37=0,+'App.2-CB_MIFRS_DepExp_2011'!O37,+'App.2-CB_MIFRS_DepExp_2011'!O37+((C37*0.5)/D37))","v":0},null,0,0,null,{"$f":"IF(ISERROR(+I37+'App.2-CB_MIFRS_DepExp_2011'!O37-J37), 0, +I37+'App.2-CB_MIFRS_DepExp_2011'!O37-J37)","v":0}]
[1920,"Computer Equip.-Hardware(Post Mar. 22/04)",null,null,0,{"$f":"IF(D38=0,+'App.2-CB_MIFRS_DepExp_2011'!O38,+'App.2-CB_MIFRS_DepExp_2011'!O38+((C38*0.5)/D38))","v":0},null,0,0,null,{"$f":"IF(ISERROR(+I38+'App.2-CB_MIFRS_DepExp_2011'!O38-J38), 0, +I38+'App.2-CB_MIFRS_DepExp_2011'!O38-J38)","v":0}]
[1920,"Computer Equip.-Hardware(Post Mar. 19/07)",null,null,0,{"$f":"IF(D39=0,+'App.2-CB_MIFRS_DepExp_2011'!O39,+'App.2-CB_MIFRS_DepExp_2011'!O39+((C39*0.5)/D39))","v":0},null,0,0,null,{"$f":"IF(ISERROR(+I39+'App.2-CB_MIFRS_DepExp_2011'!O39-J39), 0, +I39+'App.2-CB_MIFRS_DepExp_2011'!O39-J39)","v":0}]
[1930,"Transportation Equipment",null,null,0,{"$f":"IF(D40=0,+'App.2-CB_MIFRS_DepExp_2011'!O40,+'App.2-CB_MIFRS_DepExp_2011'!O40+((C40*0.5)/D40))","v":0},null,0,0,null,{"$f":"IF(ISERROR(+I40+'App.2-CB_MIFRS_DepExp_2011'!O40-J40), 0, +I40+'App.2-CB_MIFRS_DepExp_2011'!O40-J40)","v":0}]
[1935,"Stores Equipment",null,null,0,{"$f":"IF(D41=0,+'App.2-CB_MIFRS_DepExp_2011'!O41,+'App.2-CB_MIFRS_DepExp_2011'!O41+((C41*0.5)/D41))","v":0},null,0,0,null,{"$f":"IF(ISERROR(+I41+'App.2-CB_MIFRS_DepExp_2011'!O41-J41), 0, +I41+'App.2-CB_MIFRS_DepExp_2011'!O41-J41)","v":0}]
[1940,"Tools, Shop & Garage Equipment",null,null,0,{"$f":"IF(D42=0,+'App.2-CB_MIFRS_DepExp_2011'!O42,+'App.2-CB_MIFRS_DepExp_2011'!O42+((C42*0.5)/D42))","v":0},null,0,0,null,{"$f":"IF(ISERROR(+I42+'App.2-CB_MIFRS_DepExp_2011'!O42-J42), 0, +I42+'App.2-CB_MIFRS_DepExp_2011'!O42-J42)","v":0}]
[1945,"Measurement & Testing Equipment",null,null,0,{"$f":"IF(D43=0,+'App.2-CB_MIFRS_DepExp_2011'!O43,+'App.2-CB_MIFRS_DepExp_2011'!O43+((C43*0.5)/D43))","v":0},null,0,0,null,{"$f":"IF(ISERROR(+I43+'App.2-CB_MIFRS_DepExp_2011'!O43-J43), 0, +I43+'App.2-CB_MIFRS_DepExp_2011'!O43-J43)","v":0}]
[1950,"Power Operated Equipment",null,null,0,{"$f":"IF(D44=0,+'App.2-CB_MIFRS_DepExp_2011'!O44,+'App.2-CB_MIFRS_DepExp_2011'!O44+((C44*0.5)/D44))","v":0},null,0,0,null,{"$f":"IF(ISERROR(+I44+'App.2-CB_MIFRS_DepExp_2011'!O44-J44), 0, +I44+'App.2-CB_MIFRS_DepExp_2011'!O44-J44)","v":0}]
[1955,"Communications Equipment",null,null,0,{"$f":"IF(D45=0,+'App.2-CB_MIFRS_DepExp_2011'!O45,+'App.2-CB_MIFRS_DepExp_2011'!O45+((C45*0.5)/D45))","v":0},null,0,0,null,{"$f":"IF(ISERROR(+I45+'App.2-CB_MIFRS_DepExp_2011'!O45-J45), 0, +I45+'App.2-CB_MIFRS_DepExp_2011'!O45-J45)","v":0}]
[1955,"Communication Equipment (Smart Meters)",null,null,0,{"$f":"IF(D46=0,+'App.2-CB_MIFRS_DepExp_2011'!O46,+'App.2-CB_MIFRS_DepExp_2011'!O46+((C46*0.5)/D46))","v":0},null,0,0,null,{"$f":"IF(ISERROR(+I46+'App.2-CB_MIFRS_DepExp_2011'!O46-J46), 0, +I46+'App.2-CB_MIFRS_DepExp_2011'!O46-J46)","v":0}]
[1960,"Miscellaneous Equipment ",null,null,0,{"$f":"IF(D47=0,+'App.2-CB_MIFRS_DepExp_2011'!O47,+'App.2-CB_MIFRS_DepExp_2011'!O47+((C47*0.5)/D47))","v":0},null,0,0,null,{"$f":"IF(ISERROR(+I47+'App.2-CB_MIFRS_DepExp_2011'!O47-J47), 0, +I47+'App.2-CB_MIFRS_DepExp_2011'!O47-J47)","v":0}]
[1970,"Load Management Controls Customer Premises",null,null,0,{"$f":"IF(D48=0,+'App.2-CB_MIFRS_DepExp_2011'!O48,+'App.2-CB_MIFRS_DepExp_2011'!O48+((C48*0.5)/D48))","v":0},null,0,0,null,{"$f":"IF(ISERROR(+I48+'App.2-CB_MIFRS_DepExp_2011'!O48-J48), 0, +I48+'App.2-CB_MIFRS_DepExp_2011'!O48-J48)","v":0}]
[1975,"Load Management Controls Utility Premises",null,null,0,{"$f":"IF(D49=0,+'App.2-CB_MIFRS_DepExp_2011'!O49,+'App.2-CB_MIFRS_DepExp_2011'!O49+((C49*0.5)/D49))","v":0},null,0,0,null,{"$f":"IF(ISERROR(+I49+'App.2-CB_MIFRS_DepExp_2011'!O49-J49), 0, +I49+'App.2-CB_MIFRS_DepExp_2011'!O49-J49)","v":0}]
[1980,"System Supervisor Equipment",null,null,0,{"$f":"IF(D50=0,+'App.2-CB_MIFRS_DepExp_2011'!O50,+'App.2-CB_MIFRS_DepExp_2011'!O50+((C50*0.5)/D50))","v":0},null,0,0,null,{"$f":"IF(ISERROR(+I50+'App.2-CB_MIFRS_DepExp_2011'!O50-J50), 0, +I50+'App.2-CB_MIFRS_DepExp_2011'!O50-J50)","v":0}]
[1985,"Miscellaneous Fixed Assets",null,null,0,{"$f":"IF(D51=0,+'App.2-CB_MIFRS_DepExp_2011'!O51,+'App.2-CB_MIFRS_DepExp_2011'!O51+((C51*0.5)/D51))","v":0},null,0,0,null,{"$f":"IF(ISERROR(+I51+'App.2-CB_MIFRS_DepExp_2011'!O51-J51), 0, +I51+'App.2-CB_MIFRS_DepExp_2011'!O51-J51)","v":0}]
[1990,"Other Tangible Property",null,null,0,{"$f":"IF(D52=0,+'App.2-CB_MIFRS_DepExp_2011'!O52,+'App.2-CB_MIFRS_DepExp_2011'!O52+((C52*0.5)/D52))","v":0},null,0,0,null,{"$f":"IF(ISERROR(+I52+'App.2-CB_MIFRS_DepExp_2011'!O52-J52), 0, +I52+'App.2-CB_MIFRS_DepExp_2011'!O52-J52)","v":0}]
[1995,"Contributions & Grants",null,null,0,{"$f":"IF(D53=0,+'App.2-CB_MIFRS_DepExp_2011'!O53,+'App.2-CB_MIFRS_DepExp_2011'!O53+((C53*0.5)/D53))","v":0},null,0,0,null,{"$f":"IF(ISERROR(+I53+'App.2-CB_MIFRS_DepExp_2011'!O53-J53), 0, +I53+'App.2-CB_MIFRS_DepExp_2011'!O53-J53)","v":0}]
["etc.",null,null,null,0,{"$f":"IF(D54=0,+'App.2-CB_MIFRS_DepExp_2011'!O54,+'App.2-CB_MIFRS_DepExp_2011'!O54+((C54*0.5)/D54))","v":0},null,0,0,null,{"$f":"IF(ISERROR(+I54+'App.2-CB_MIFRS_DepExp_2011'!O54-J54), 0, +I54+'App.2-CB_MIFRS_DepExp_2011'!O54-J54)","v":0}]
[null,null,null,null,0,{"$f":"IF(D55=0,+'App.2-CB_MIFRS_DepExp_2011'!O55,+'App.2-CB_MIFRS_DepExp_2011'!O55+((C55*0.5)/D55))","v":0},null,0,0,null,{"$f":"IF(ISERROR(+I55+'App.2-CB_MIFRS_DepExp_2011'!O55-J55), 0, +I55+'App.2-CB_MIFRS_DepExp_2011'!O55-J55)","v":0}]
[null,"Total",{"$f":"SUM(C16:C55)","v":0},null,null,{"$f":"SUM(F16:F55)","v":0},0,0,0,0,0]
[null,"Depreciation exp. adj. from gain or loss on the retirement of assets (pool of like assets)",null,null,null,0]
[null,"Total",null,null,null,{"$f":"+F56+F57","v":0}]
["Notes:"]
[1,"Board policy of the \"half-year\" rule - the applicant must ensure that additions in the year attract a half-year depreciation expense in the first year.  Deviations from this standard practice must be supported in the application."]
[2,"The applicant must provide an explanation of material variances in evidence."]
[3,"This column refers to the calculated full year depreciation but excludes the depreciation expense on assets fully depreciated during the year.  This column is used for the purpose of calculating depreciation expense in the following year on the next worksheet."]
[]
["General:","Applicants must provide a breakdown of depreciation and amortization expense in the above format for all relevant accounts.  Asset Retirement Obligations (AROs), depreciation and accretion expense should be disclosed separately consistent with the Notes of historical Audited Financial Statements."]

{"sheet":"App.2-CD_MIFRS_DepExp_2013","index":13,"n_rows":64,"n_cols":11,"rows_kept":64,"cut":false,"hidden":false,"merged":[[59,1,59,10],[60,1,60,10],[61,1,61,10],[63,1,64,10],[8,0,8,10],[9,0,9,10],[10,0,10,10],[13,0,14,0],[13,1,14,1],[13,6,14,6],[13,9,14,9]]}
[null,null,null,null,null,null,null,null,null,"File Number:",{"$f":"EBNUMBER","v":"EB-2013-0115"}]
[null,null,null,null,null,null,null,null,null,"Exhibit:"]
[null,null,null,null,null,null,null,null,null,"Tab:"]
[null,null,null,null,null,null,null,null,null,"Schedule:"]
[null,null,null,null,null,null,null,null,null,"Page:"]
[]
[null,null,null,null,null,null,null,null,null,"Date:"]
[]
["Appendix 2-CD"]
["Depreciation and Amortization Expense"]
["Assumes the applicant adopted IFRS for financial reporting purposes January 1, 2012"]
[null,null,2013,"MIFRS"]
[]
["Account","Description","Additions","Years (new additions only)","Depreciation Rate on New Additions","2013 Depreciation Expense 1","2013 Depreciation Expense per Apppendix 2-B Fixed Assets, Column K\n (l)","Variance 2","Depreciation Expense on 2013 Full Year Additions","Less Depreciation Expense on Assets Fully Depreciated during the year\n(o)","2013 Full Year Depreciation 3"]
[null,null,"(d)","(f)","(g) = 1 / (f)","(h)=2012 Full Year Deprecation + ((d)*0.5)/(f) ",null,"(m) = (h) - (l)","(n)=((d))/(f) ",null,"(p) = 2012 Full Year Depreciation  + (n) - (o)"]
[1611,"Computer Software (Formally known as Account 1925)",null,null,{"$f":"IF(D16=0,0,1/D16)","v":0},{"$f":"IF(D16=0,+'App.2-CC_MIFRS_DepExp_2012'!K16,+'App.2-CC_MIFRS_DepExp_2012'!K16+((C16*0.5)/D16))","v":0},null,{"$f":"IF(ISERROR(+F16-G16), 0, +F16-G16)","v":0},{"$f":"IF(D16=0,0,+(C16)/D16)","v":0},null,{"$f":"IF(ISERROR(+I16+'App.2-CC_MIFRS_DepExp_2012'!K16-J16), 0, +I16+'App.2-CC_MIFRS_DepExp_2012'!K16-J16)","v":0}]
[1612,"Land Rights (Formally known as Account 1906)",null,null,0,{"$f":"IF(D17=0,+'App.2-CC_MIFRS_DepExp_2012'!K17,+'App.2-CC_MIFRS_DepExp_2012'!K17+((C17*0.5)/D17))","v":0},null,0,0,null,{"$f":"IF(ISERROR(+I17+'App.2-CC_MIFRS_DepExp_2012'!K17-J17), 0, +I17+'App.2-CC_MIFRS_DepExp_2012'!K17-J17)","v":0}]
[1805,"Land",null,null,0,{"$f":"IF(D18=0,+'App.2-CC_MIFRS_DepExp_2012'!K18,+'App.2-CC_MIFRS_DepExp_2012'!K18+((C18*0.5)/D18))","v":0},null,0,0,null,{"$f":"IF(ISERROR(+I18+'App.2-CC_MIFRS_DepExp_2012'!K18-J18), 0, +I18+'App.2-CC_MIFRS_DepExp_2012'!K18-J18)","v":0}]
[1808,"Buildings",null,null,0,{"$f":"IF(D19=0,+'App.2-CC_MIFRS_DepExp_2012'!K19,+'App.2-CC_MIFRS_DepExp_2012'!K19+((C19*0.5)/D19))","v":0},null,0,0,null,{"$f":"IF(ISERROR(+I19+'App.2-CC_MIFRS_DepExp_2012'!K19-J19), 0, +I19+'App.2-CC_MIFRS_DepExp_2012'!K19-J19)","v":0}]
[1810,"Leasehold Improvements",null,null,0,{"$f":"IF(D20=0,+'App.2-CC_MIFRS_DepExp_2012'!K20,+'App.2-CC_MIFRS_DepExp_2012'!K20+((C20*0.5)/D20))","v":0},null,0,0,null,{"$f":"IF(ISERROR(+I20+'App.2-CC_MIFRS_DepExp_2012'!K20-J20), 0, +I20+'App.2-CC_MIFRS_DepExp_2012'!K20-J20)","v":0}]
[1815,"Transformer Station Equipment >50 kV",null,null,0,{"$f":"IF(D21=0,+'App.2-CC_MIFRS_DepExp_2012'!K21,+'App.2-CC_MIFRS_DepExp_2012'!K21+((C21*0.5)/D21))","v":0},null,0,0,null,{"$f":"IF(ISERROR(+I21+'App.2-CC_MIFRS_DepExp_2012'!K21-J21), 0, +I21+'App.2-CC_MIFRS_DepExp_2012'!K21-J21)","v":0}]
[1820,"Distribution Station Equipment <50 kV",null,null,0,{"$f":"IF(D22=0,+'App.2-CC_MIFRS_DepExp_2012'!K22,+'App.2-CC_MIFRS_DepExp_2012'!K22+((C22*0.5)/D22))","v":0},null,0,0,null,{"$f":"IF(ISERROR(+I22+'App.2-CC_MIFRS_DepExp_2012'!K22-J22), 0, +I22+'App.2-CC_MIFRS_DepExp_2012'!K22-J22)","v":0}]
[1825,"Storage Battery Equipment",null,null,0,{"$f":"IF(D23=0,+'App.2-CC_MIFRS_DepExp_2012'!K23,+'App.2-CC_MIFRS_DepExp_2012'!K23+((C23*0.5)/D23))","v":0},null,0,0,null,{"$f":"IF(ISERROR(+I23+'App.2-CC_MIFRS_DepExp_2012'!K23-J23), 0, +I23+'App.2-CC_MIFRS_DepExp_2012'!K23-J23)","v":0}]
[1830,"Poles, Towers & Fixtures",null,null,0,{"$f":"IF(D24=0,+'App.2-CC_MIFRS_DepExp_2012'!K24,+'App.2-CC_MIFRS_DepExp_2012'!K24+((C24*0.5)/D24))","v":0},null,0,0,null,{"$f":"IF(ISERROR(+I24+'App.2-CC_MIFRS_DepExp_2012'!K24-J24), 0, +I24+'App.2-CC_MIFRS_DepExp_2012'!K24-J24)","v":0}]
[1835,"Overhead Conductors & Devices",null,null,0,{"$f":"IF(D25=0,+'App.2-CC_MIFRS_DepExp_2012'!K25,+'App.2-CC_MIFRS_DepExp_2012'!K25+((C25*0.5)/D25))","v":0},null,0,0,null,{"$f":"IF(ISERROR(+I25+'App.2-CC_MIFRS_DepExp_2012'!K25-J25), 0, +I25+'App.2-CC_MIFRS_DepExp_2012'!K25-J25)","v":0}]
[1840,"Underground Conduit",null,null,0,{"$f":"IF(D26=0,+'App.2-CC_MIFRS_DepExp_2012'!K26,+'App.2-CC_MIFRS_DepExp_2012'!K26+((C26*0.5)/D26))","v":0},null,0,0,null,{"$f":"IF(ISERROR(+I26+'App.2-CC_MIFRS_DepExp_2012'!K26-J26), 0, +I26+'App.2-CC_MIFRS_DepExp_2012'!K26-J26)","v":0}]
[1845,"Underground Conductors & Devices",null,null,0,{"$f":"IF(D27=0,+'App.2-CC_MIFRS_DepExp_2012'!K27,+'App.2-CC_MIFRS_DepExp_2012'!K27+((C27*0.5)/D27))","v":0},null,0,0,null,{"$f":"IF(ISERROR(+I27+'App.2-CC_MIFRS_DepExp_2012'!K27-J27), 0, +I27+'App.2-CC_MIFRS_DepExp_2012'!K27-J27)","v":0}]
[1850,"Line Transformers",null,null,0,{"$f":"IF(D28=0,+'App.2-CC_MIFRS_DepExp_2012'!K28,+'App.2-CC_MIFRS_DepExp_2012'!K28+((C28*0.5)/D28))","v":0},null,0,0,null,{"$f":"IF(ISERROR(+I28+'App.2-CC_MIFRS_DepExp_2012'!K28-J28), 0, +I28+'App.2-CC_MIFRS_DepExp_2012'!K28-J28)","v":0}]
[1855,"Services (Overhead & Underground)",null,null,0,{"$f":"IF(D29=0,+'App.2-CC_MIFRS_DepExp_2012'!K29,+'App.2-CC_MIFRS_DepExp_2012'!K29+((C29*0.5)/D29))","v":0},null,0,0,null,{"$f":"IF(ISERROR(+I29+'App.2-CC_MIFRS_DepExp_2012'!K29-J29), 0, +I29+'App.2-CC_MIFRS_DepExp_2012'!K29-J29)","v":0}]
[1860,"Meters",null,null,0,{"$f":"IF(D30=0,+'App.2-CC_MIFRS_DepExp_2012'!K30,+'App.2-CC_MIFRS_DepExp_2012'!K30+((C30*0.5)/D30))","v":0},null,0,0,null,{"$f":"IF(ISERROR(+I30+'App.2-CC_MIFRS_DepExp_2012'!K30-J30), 0, +I30+'App.2-CC_MIFRS_DepExp_2012'!K30-J30)","v":0}]
[1860,"Meters (Smart Meters)",null,null,0,{"$f":"IF(D31=0,+'App.2-CC_MIFRS_DepExp_2012'!K31,+'App.2-CC_MIFRS_DepExp_2012'!K31+((C31*0.5)/D31))","v":0},null,0,0,null,{"$f":"IF(ISERROR(+I31+'App.2-CC_MIFRS_DepExp_2012'!K31-J31), 0, +I31+'App.2-CC_MIFRS_DepExp_2012'!K31-J31)","v":0}]
[1905,"Land",null,null,0,{"$f":"IF(D32=0,+'App.2-CC_MIFRS_DepExp_2012'!K32,+'App.2-CC_MIFRS_DepExp_2012'!K32+((C32*0.5)/D32))","v":0},null,0,0,null,{"$f":"IF(ISERROR(+I32+'App.2-CC_MIFRS_DepExp_2012'!K32-J32), 0, +I32+'App.2-CC_MIFRS_DepExp_2012'!K32-J32)","v":0}]
[1908,"Buildings & Fixtures",null,null,0,{"$f":"IF(D33=0,+'App.2-CC_MIFRS_DepExp_2012'!K33,+'App.2-CC_MIFRS_DepExp_2012'!K33+((C33*0.5)/D33))","v":0},null,0,0,null,{"$f":"IF(ISERROR(+I33+'App.2-CC_MIFRS_DepExp_2012'!K33-J33), 0, +I33+'App.2-CC_MIFRS_DepExp_2012'!K33-J33)","v":0}]
[1910,"Leasehold Improvements",null,null,0,{"$f":"IF(D34=0,+'App.2-CC_MIFRS_DepExp_2012'!K34,+'App.2-CC_MIFRS_DepExp_2012'!K34+((C34*0.5)/D34))","v":0},null,0,0,null,{"$f":"IF(ISERROR(+I34+'App.2-CC_MIFRS_DepExp_2012'!K34-J34), 0, +I34+'App.2-CC_MIFRS_DepExp_2012'!K34-J34)","v":0}]
[1915,"Office Furniture & Equipment (10 years)",null,null,0,{"$f":"IF(D35=0,+'App.2-CC_MIFRS_DepExp_2012'!K35,+'App.2-CC_MIFRS_DepExp_2012'!K35+((C35*0.5)/D35))","v":0},null,0,0,null,{"$f":"IF(ISERROR(+I35+'App.2-CC_MIFRS_DepExp_2012'!K35-J35), 0, +I35+'App.2-CC_MIFRS_DepExp_2012'!K35-J35)","v":0}]
[1915,"Office Furniture & Equipment (5 years)",null,null,0,{"$f":"IF(D36=0,+'App.2-CC_MIFRS_DepExp_2012'!K36,+'App.2-CC_MIFRS_DepExp_2012'!K36+((C36*0.5)/D36))","v":0},null,0,0,null,{"$f":"IF(ISERROR(+I36+'App.2-CC_MIFRS_DepExp_2012'!K36-J36), 0, +I36+'App.2-CC_MIFRS_DepExp_2012'!K36-J36)","v":0}]
[1920,"Computer Equipment - Hardware",null,null,0,{"$f":"IF(D37=0,+'App.2-CC_MIFRS_DepExp_2012'!K37,+'App.2-CC_MIFRS_DepExp_2012'!K37+((C37*0.5)/D37))","v":0},null,0,0,null,{"$f":"IF(ISERROR(+I37+'App.2-CC_MIFRS_DepExp_2012'!K37-J37), 0, +I37+'App.2-CC_MIFRS_DepExp_2012'!K37-J37)","v":0}]
[1920,"Computer Equip.-Hardware(Post Mar. 22/04)",null,null,0,{"$f":"IF(D38=0,+'App.2-CC_MIFRS_DepExp_2012'!K38,+'App.2-CC_MIFRS_DepExp_2012'!K38+((C38*0.5)/D38))","v":0},null,0,0,null,{"$f":"IF(ISERROR(+I38+'App.2-CC_MIFRS_DepExp_2012'!K38-J38), 0, +I38+'App.2-CC_MIFRS_DepExp_2012'!K38-J38)","v":0}]
[1920,"Computer Equip.-Hardware(Post Mar. 19/07)",null,null,0,{"$f":"IF(D39=0,+'App.2-CC_MIFRS_DepExp_2012'!K39,+'App.2-CC_MIFRS_DepExp_2012'!K39+((C39*0.5)/D39))","v":0},null,0,0,null,{"$f":"IF(ISERROR(+I39+'App.2-CC_MIFRS_DepExp_2012'!K39-J39), 0, +I39+'App.2-CC_MIFRS_DepExp_2012'!K39-J39)","v":0}]
[1930,"Transportation Equipment",null,null,0,{"$f":"IF(D40=0,+'App.2-CC_MIFRS_DepExp_2012'!K40,+'App.2-CC_MIFRS_DepExp_2012'!K40+((C40*0.5)/D40))","v":0},null,0,0,null,{"$f":"IF(ISERROR(+I40+'App.2-CC_MIFRS_DepExp_2012'!K40-J40), 0, +I40+'App.2-CC_MIFRS_DepExp_2012'!K40-J40)","v":0}]
[1935,"Stores Equipment",null,null,0,{"$f":"IF(D41=0,+'App.2-CC_MIFRS_DepExp_2012'!K41,+'App.2-CC_MIFRS_DepExp_2012'!K41+((C41*0.5)/D41))","v":0},null,0,0,null,{"$f":"IF(ISERROR(+I41+'App.2-CC_MIFRS_DepExp_2012'!K41-J41), 0, +I41+'App.2-CC_MIFRS_DepExp_2012'!K41-J41)","v":0}]
[1940,"Tools, Shop & Garage Equipment",null,null,0,{"$f":"IF(D42=0,+'App.2-CC_MIFRS_DepExp_2012'!K42,+'App.2-CC_MIFRS_DepExp_2012'!K42+((C42*0.5)/D42))","v":0},null,0,0,null,{"$f":"IF(ISERROR(+I42+'App.2-CC_MIFRS_DepExp_2012'!K42-J42), 0, +I42+'App.2-CC_MIFRS_DepExp_2012'!K42-J42)","v":0}]
[1945,"Measurement & Testing Equipment",null,null,0,{"$f":"IF(D43=0,+'App.2-CC_MIFRS_DepExp_2012'!K43,+'App.2-CC_MIFRS_DepExp_2012'!K43+((C43*0.5)/D43))","v":0},null,0,0,null,{"$f":"IF(ISERROR(+I43+'App.2-CC_MIFRS_DepExp_2012'!K43-J43), 0, +I43+'App.2-CC_MIFRS_DepExp_2012'!K43-J43)","v":0}]
[1950,"Power Operated Equipment",null,null,0,{"$f":"IF(D44=0,+'App.2-CC_MIFRS_DepExp_2012'!K44,+'App.2-CC_MIFRS_DepExp_2012'!K44+((C44*0.5)/D44))","v":0},null,0,0,null,{"$f":"IF(ISERROR(+I44+'App.2-CC_MIFRS_DepExp_2012'!K44-J44), 0, +I44+'App.2-CC_MIFRS_DepExp_2012'!K44-J44)","v":0}]
[1955,"Communications Equipment",null,null,0,{"$f":"IF(D45=0,+'App.2-CC_MIFRS_DepExp_2012'!K45,+'App.2-CC_MIFRS_DepExp_2012'!K45+((C45*0.5)/D45))","v":0},null,0,0,null,{"$f":"IF(ISERROR(+I45+'App.2-CC_MIFRS_DepExp_2012'!K45-J45), 0, +I45+'App.2-CC_MIFRS_DepExp_2012'!K45-J45)","v":0}]
[1955,"Communication Equipment (Smart Meters)",null,null,0,{"$f":"IF(D46=0,+'App.2-CC_MIFRS_DepExp_2012'!K46,+'App.2-CC_MIFRS_DepExp_2012'!K46+((C46*0.5)/D46))","v":0},null,0,0,null,{"$f":"IF(ISERROR(+I46+'App.2-CC_MIFRS_DepExp_2012'!K46-J46), 0, +I46+'App.2-CC_MIFRS_DepExp_2012'!K46-J46)","v":0}]
[1960,"Miscellaneous Equipment ",null,null,0,{"$f":"IF(D47=0,+'App.2-CC_MIFRS_DepExp_2012'!K47,+'App.2-CC_MIFRS_DepExp_2012'!K47+((C47*0.5)/D47))","v":0},null,0,0,null,{"$f":"IF(ISERROR(+I47+'App.2-CC_MIFRS_DepExp_2012'!K47-J47), 0, +I47+'App.2-CC_MIFRS_DepExp_2012'!K47-J47)","v":0}]
[1970,"Load Management Controls Customer Premises",null,null,0,{"$f":"IF(D48=0,+'App.2-CC_MIFRS_DepExp_2012'!K48,+'App.2-CC_MIFRS_DepExp_2012'!K48+((C48*0.5)/D48))","v":0},null,0,0,null,{"$f":"IF(ISERROR(+I48+'App.2-CC_MIFRS_DepExp_2012'!K48-J48), 0, +I48+'App.2-CC_MIFRS_DepExp_2012'!K48-J48)","v":0}]
[1975,"Load Management Controls Utility Premises",null,null,0,{"$f":"IF(D49=0,+'App.2-CC_MIFRS_DepExp_2012'!K49,+'App.2-CC_MIFRS_DepExp_2012'!K49+((C49*0.5)/D49))","v":0},null,0,0,null,{"$f":"IF(ISERROR(+I49+'App.2-CC_MIFRS_DepExp_2012'!K49-J49), 0, +I49+'App.2-CC_MIFRS_DepExp_2012'!K49-J49)","v":0}]
[1980,"System Supervisor Equipment",null,null,0,{"$f":"IF(D50=0,+'App.2-CC_MIFRS_DepExp_2012'!K50,+'App.2-CC_MIFRS_DepExp_2012'!K50+((C50*0.5)/D50))","v":0},null,0,0,null,{"$f":"IF(ISERROR(+I50+'App.2-CC_MIFRS_DepExp_2012'!K50-J50), 0, +I50+'App.2-CC_MIFRS_DepExp_2012'!K50-J50)","v":0}]
[1985,"Miscellaneous Fixed Assets",null,null,0,{"$f":"IF(D51=0,+'App.2-CC_MIFRS_DepExp_2012'!K51,+'App.2-CC_MIFRS_DepExp_2012'!K51+((C51*0.5)/D51))","v":0},null,0,0,null,{"$f":"IF(ISERROR(+I51+'App.2-CC_MIFRS_DepExp_2012'!K51-J51), 0, +I51+'App.2-CC_MIFRS_DepExp_2012'!K51-J51)","v":0}]
[1990,"Other Tangible Property",null,null,0,{"$f":"IF(D52=0,+'App.2-CC_MIFRS_DepExp_2012'!K52,+'App.2-CC_MIFRS_DepExp_2012'!K52+((C52*0.5)/D52))","v":0},null,0,0,null,{"$f":"IF(ISERROR(+I52+'App.2-CC_MIFRS_DepExp_2012'!K52-J52), 0, +I52+'App.2-CC_MIFRS_DepExp_2012'!K52-J52)","v":0}]
[1995,"Contributions & Grants",null,null,0,{"$f":"IF(D53=0,+'App.2-CC_MIFRS_DepExp_2012'!K53,+'App.2-CC_MIFRS_DepExp_2012'!K53+((C53*0.5)/D53))","v":0},null,0,0,null,{"$f":"IF(ISERROR(+I53+'App.2-CC_MIFRS_DepExp_2012'!K53-J53), 0, +I53+'App.2-CC_MIFRS_DepExp_2012'!K53-J53)","v":0}]
["etc.",null,null,null,0,{"$f":"IF(D54=0,+'App.2-CC_MIFRS_DepExp_2012'!K54,+'App.2-CC_MIFRS_DepExp_2012'!K54+((C54*0.5)/D54))","v":0},null,0,0,null,{"$f":"IF(ISERROR(+I54+'App.2-CC_MIFRS_DepExp_2012'!K54-J54), 0, +I54+'App.2-CC_MIFRS_DepExp_2012'!K54-J54)","v":0}]
[null,null,null,null,0,{"$f":"IF(D55=0,+'App.2-CC_MIFRS_DepExp_2012'!K55,+'App.2-CC_MIFRS_DepExp_2012'!K55+((C55*0.5)/D55))","v":0},null,0,0,null,{"$f":"IF(ISERROR(+I55+'App.2-CC_MIFRS_DepExp_2012'!K55-J55), 0, +I55+'App.2-CC_MIFRS_DepExp_2012'!K55-J55)","v":0}]
[null,"Total",{"$f":"SUM(C16:C55)","v":0},null,null,{"$f":"SUM(F16:F55)","v":0},0,0,0,0,0]
[null,"Depreciation exp. adj. from gain or loss on the retirement of assets (pool of like assets)",null,null,null,0]
[null,"Total",null,null,null,{"$f":"+F57+F56","v":0}]
["Notes:"]
[1,"Board policy of the \"half-year\" rule - the applicant must ensure that additions in the year attract a half-year depreciation expense in the first year.  Deviations from this standard practice must be supported in the application."]
[2,"The applicant must provide an explanation of material variances in evidence."]
[3,"This column refers to the calculated full year depreciation but excludes the depreciation expense on assets fully depreciated during the year.  This column is used for the purpose of calculating depreciation expense in the following year on the next worksheet."]
[]
["General:","Applicants must provide a breakdown of depreciation and amortization expense in the above format for all relevant accounts.  Asset Retirement Obligations (AROs), depreciation and accretion expense should be disclosed separately consistent with the Notes of historical Audited Financial Statements."]

{"sheet":"App.2-CE_MIFRS_DepExp_2014","index":14,"n_rows":63,"n_cols":8,"rows_kept":63,"cut":false,"hidden":false,"merged":[[64,1,65,7],[8,0,8,9],[9,0,9,9],[10,0,10,9],[13,1,14,1],[13,6,14,6],[57,1,57,4],[59,1,59,7],[60,1,60,9],[61,1,61,9],[62,1,63,7]]}
[null,null,null,null,null,null,"File Number:",{"$f":"EBNUMBER","v":"EB-2013-0115"}]
[null,null,null,null,null,null,"Exhibit:"]
[null,null,null,null,null,null,"Tab:"]
[null,null,null,null,null,null,"Schedule:"]
[null,null,null,null,null,null,"Page:"]
[]
[null,null,null,null,null,null,"Date:"]
[]
["Appendix 2-CE"]
["Depreciation and Amortization Expense"]
["Assumes the applicant adopted IFRS for financial reporting purposes January 1, 2012"]
[null,null,2014,"MIFRS"]
[]
["Account","Description","Additions","Years (new additions only)","Depreciation Rate on New Additions","2014 Depreciation Expense 1","2014 Depreciation Expense per Appendix 2-B Fixed Assets, Column K\n (l)","Variance 2"]
[null,null,"(d)","(f)","(g) = 1 / (f)","(h)=2013 Full Year Depreciation + ((d)*0.5)/(f) ",null,"(m) = (h) - (l)"]
[1611,"Computer Software (Formally known as Account 1925)",null,null,{"$f":"IF(D16=0,0,1/D16)","v":0},{"$f":"IF(D16=0,'App.2-CD_MIFRS_DepExp_2013'!K16,+'App.2-CD_MIFRS_DepExp_2013'!K16+((C16*0.5)/D16))","v":0},null,{"$f":"IF(ISERROR(+F16-G16), 0, +F16-G16)","v":0}]
[1612,"Land Rights (Formally known as Account 1906)",null,null,0,{"$f":"IF(D17=0,'App.2-CD_MIFRS_DepExp_2013'!K17,+'App.2-CD_MIFRS_DepExp_2013'!K17+((C17*0.5)/D17))","v":0},null,0]
[1805,"Land",null,null,0,{"$f":"IF(D18=0,'App.2-CD_MIFRS_DepExp_2013'!K18,+'App.2-CD_MIFRS_DepExp_2013'!K18+((C18*0.5)/D18))","v":0},null,0]
[1808,"Buildings",null,null,0,{"$f":"IF(D19=0,'App.2-CD_MIFRS_DepExp_2013'!K19,+'App.2-CD_MIFRS_DepExp_2013'!K19+((C19*0.5)/D19))","v":0},null,0]
[1810,"Leasehold Improvements",null,null,0,{"$f":"IF(D20=0,'App.2-CD_MIFRS_DepExp_2013'!K20,+'App.2-CD_MIFRS_DepExp_2013'!K20+((C20*0.5)/D20))","v":0},null,0]
[1815,"Transformer Station Equipment >50 kV",null,null,0,{"$f":"IF(D21=0,'App.2-CD_MIFRS_DepExp_2013'!K21,+'App.2-CD_MIFRS_DepExp_2013'!K21+((C21*0.5)/D21))","v":0},null,0]
[1820,"Distribution Station Equipment <50 kV",null,null,0,{"$f":"IF(D22=0,'App.2-CD_MIFRS_DepExp_2013'!K22,+'App.2-CD_MIFRS_DepExp_2013'!K22+((C22*0.5)/D22))","v":0},null,0]
[1825,"Storage Battery Equipment",null,null,0,{"$f":"IF(D23=0,'App.2-CD_MIFRS_DepExp_2013'!K23,+'App.2-CD_MIFRS_DepExp_2013'!K23+((C23*0.5)/D23))","v":0},null,0]
[1830,"Poles, Towers & Fixtures",null,null,0,{"$f":"IF(D24=0,'App.2-CD_MIFRS_DepExp_2013'!K24,+'App.2-CD_MIFRS_DepExp_2013'!K24+((C24*0.5)/D24))","v":0},null,0]
[1835,"Overhead Conductors & Devices",null,null,0,{"$f":"IF(D25=0,'App.2-CD_MIFRS_DepExp_2013'!K25,+'App.2-CD_MIFRS_DepExp_2013'!K25+((C25*0.5)/D25))","v":0},null,0]
[1840,"Underground Conduit",null,null,0,{"$f":"IF(D26=0,'App.2-CD_MIFRS_DepExp_2013'!K26,+'App.2-CD_MIFRS_DepExp_2013'!K26+((C26*0.5)/D26))","v":0},null,0]
[1845,"Underground Conductors & Devices",null,null,0,{"$f":"IF(D27=0,'App.2-CD_MIFRS_DepExp_2013'!K27,+'App.2-CD_MIFRS_DepExp_2013'!K27+((C27*0.5)/D27))","v":0},null,0]
[1850,"Line Transformers",null,null,0,{"$f":"IF(D28=0,'App.2-CD_MIFRS_DepExp_2013'!K28,+'App.2-CD_MIFRS_DepExp_2013'!K28+((C28*0.5)/D28))","v":0},null,0]
[1855,"Services (Overhead & Underground)",null,null,0,{"$f":"IF(D29=0,'App.2-CD_MIFRS_DepExp_2013'!K29,+'App.2-CD_MIFRS_DepExp_2013'!K29+((C29*0.5)/D29))","v":0},null,0]
[1860,"Meters",null,null,0,{"$f":"IF(D30=0,'App.2-CD_MIFRS_DepExp_2013'!K30,+'App.2-CD_MIFRS_DepExp_2013'!K30+((C30*0.5)/D30))","v":0},null,0]
[1860,"Meters (Smart Meters)",null,null,0,{"$f":"IF(D31=0,'App.2-CD_MIFRS_DepExp_2013'!K31,+'App.2-CD_MIFRS_DepExp_2013'!K31+((C31*0.5)/D31))","v":0},null,0]
[1905,"Land",null,null,0,{"$f":"IF(D32=0,'App.2-CD_MIFRS_DepExp_2013'!K32,+'App.2-CD_MIFRS_DepExp_2013'!K32+((C32*0.5)/D32))","v":0},null,0]
[1908,"Buildings & Fixtures",null,null,0,{"$f":"IF(D33=0,'App.2-CD_MIFRS_DepExp_2013'!K33,+'App.2-CD_MIFRS_DepExp_2013'!K33+((C33*0.5)/D33))","v":0},null,0]
[1910,"Leasehold Improvements",null,null,0,{"$f":"IF(D34=0,'App.2-CD_MIFRS_DepExp_2013'!K34,+'App.2-CD_MIFRS_DepExp_2013'!K34+((C34*0.5)/D34))","v":0},null,0]
[1915,"Office Furniture & Equipment (10 years)",null,null,0,{"$f":"IF(D35=0,'App.2-CD_MIFRS_DepExp_2013'!K35,+'App.2-CD_MIFRS_DepExp_2013'!K35+((C35*0.5)/D35))","v":0},null,0]
[1915,"Office Furniture & Equipment (5 years)",null,null,0,{"$f":"IF(D36=0,'App.2-CD_MIFRS_DepExp_2013'!K36,+'App.2-CD_MIFRS_DepExp_2013'!K36+((C36*0.5)/D36))","v":0},null,0]
[1920,"Computer Equipment - Hardware",null,null,0,{"$f":"IF(D37=0,'App.2-CD_MIFRS_DepExp_2013'!K37,+'App.2-CD_MIFRS_DepExp_2013'!K37+((C37*0.5)/D37))","v":0},null,0]
[1920,"Computer Equip.-Hardware(Post Mar. 22/04)",null,null,0,{"$f":"IF(D38=0,'App.2-CD_MIFRS_DepExp_2013'!K38,+'App.2-CD_MIFRS_DepExp_2013'!K38+((C38*0.5)/D38))","v":0},null,0]
[1920,"Computer Equip.-Hardware(Post Mar. 19/07)",null,null,0,{"$f":"IF(D39=0,'App.2-CD_MIFRS_DepExp_2013'!K39,+'App.2-CD_MIFRS_DepExp_2013'!K39+((C39*0.5)/D39))","v":0},null,0]
[1930,"Transportation Equipment",null,null,0,{"$f":"IF(D40=0,'App.2-CD_MIFRS_DepExp_2013'!K40,+'App.2-CD_MIFRS_DepExp_2013'!K40+((C40*0.5)/D40))","v":0},null,0]
[1935,"Stores Equipment",null,null,0,{"$f":"IF(D41=0,'App.2-CD_MIFRS_DepExp_2013'!K41,+'App.2-CD_MIFRS_DepExp_2013'!K41+((C41*0.5)/D41))","v":0},null,0]
[1940,"Tools, Shop & Garage Equipment",null,null,0,{"$f":"IF(D42=0,'App.2-CD_MIFRS_DepExp_2013'!K42,+'App.2-CD_MIFRS_DepExp_2013'!K42+((C42*0.5)/D42))","v":0},null,0]
[1945,"Measurement & Testing Equipment",null,null,0,{"$f":"IF(D43=0,'App.2-CD_MIFRS_DepExp_2013'!K43,+'App.2-CD_MIFRS_DepExp_2013'!K43+((C43*0.5)/D43))","v":0},null,0]
[1950,"Power Operated Equipment",null,null,0,{"$f":"IF(D44=0,'App.2-CD_MIFRS_DepExp_2013'!K44,+'App.2-CD_MIFRS_DepExp_2013'!K44+((C44*0.5)/D44))","v":0},null,0]
[1955,"Communications Equipment",null,null,0,{"$f":"IF(D45=0,'App.2-CD_MIFRS_DepExp_2013'!K45,+'App.2-CD_MIFRS_DepExp_2013'!K45+((C45*0.5)/D45))","v":0},null,0]
[1955,"Communication Equipment (Smart Meters)",null,null,0,{"$f":"IF(D46=0,'App.2-CD_MIFRS_DepExp_2013'!K46,+'App.2-CD_MIFRS_DepExp_2013'!K46+((C46*0.5)/D46))","v":0},null,0]
[1960,"Miscellaneous Equipment ",null,null,0,{"$f":"IF(D47=0,'App.2-CD_MIFRS_DepExp_2013'!K47,+'App.2-CD_MIFRS_DepExp_2013'!K47+((C47*0.5)/D47))","v":0},null,0]
[1970,"Load Management Controls Customer Premises",null,null,0,{"$f":"IF(D48=0,'App.2-CD_MIFRS_DepExp_2013'!K48,+'App.2-CD_MIFRS_DepExp_2013'!K48+((C48*0.5)/D48))","v":0},null,0]
[1975,"Load Management Controls Utility Premises",null,null,0,{"$f":"IF(D49=0,'App.2-CD_MIFRS_DepExp_2013'!K49,+'App.2-CD_MIFRS_DepExp_2013'!K49+((C49*0.5)/D49))","v":0},null,0]
[1980,"System Supervisor Equipment",null,null,0,{"$f":"IF(D50=0,'App.2-CD_MIFRS_DepExp_2013'!K50,+'App.2-CD_MIFRS_DepExp_2013'!K50+((C50*0.5)/D50))","v":0},null,0]
[1985,"Miscellaneous Fixed Assets",null,null,0,{"$f":"IF(D51=0,'App.2-CD_MIFRS_DepExp_2013'!K51,+'App.2-CD_MIFRS_DepExp_2013'!K51+((C51*0.5)/D51))","v":0},null,0]
[1990,"Other Tangible Property",null,null,0,{"$f":"IF(D52=0,'App.2-CD_MIFRS_DepExp_2013'!K52,+'App.2-CD_MIFRS_DepExp_2013'!K52+((C52*0.5)/D52))","v":0},null,0]
[1995,"Contributions & Grants",null,null,0,{"$f":"IF(D53=0,'App.2-CD_MIFRS_DepExp_2013'!K53,+'App.2-CD_MIFRS_DepExp_2013'!K53+((C53*0.5)/D53))","v":0},null,0]
["etc.",null,null,null,0,{"$f":"IF(D54=0,'App.2-CD_MIFRS_DepExp_2013'!K54,+'App.2-CD_MIFRS_DepExp_2013'!K54+((C54*0.5)/D54))","v":0},null,0]
[null,null,null,null,0,{"$f":"IF(D55=0,'App.2-CD_MIFRS_DepExp_2013'!K55,+'App.2-CD_MIFRS_DepExp_2013'!K55+((C55*0.5)/D55))","v":0},null,0]
[null,"Total",{"$f":"SUM(C16:C55)","v":0},null,null,{"$f":"SUM(F16:F55)","v":0},{"$f":"SUM(G16:G55)","v":0},{"$f":"SUM(H16:H55)","v":0}]
[null,"Depreciation exp. adj. from gain or loss on the retirement of assets (pool of like assets)"]
[null,"Total Depreciation expense to be included in the test year revenue requirement",null,null,null,{"$f":"SUM(F56:F57)","v":0}]
["Notes:"]
[1,"Board policy of the \"half-year\" rule - the applicant must ensure that additions in the year attract a half-year depreciation expense in the first year.  Deviations from this standard practice must be supported in the application."]
[2,"The applicant must provide an explanation of material variances in evidence."]
[]
["General:","Applicants must provide a breakdown of depreciation and amortization expense in the above format for all relevant accounts.  Asset Retirement Obligations (AROs), depreciation and accretion expense should be disclosed separately consistent with the Notes of historical Audited Financial Statements."]

{"sheet":"App.2-CF_CGAAP_DepExp_2012","index":15,"n_rows":63,"n_cols":12,"rows_kept":63,"cut":false,"hidden":false,"merged":[[59,1,59,11],[60,1,61,9],[62,1,63,11],[8,0,8,11],[9,0,9,11],[10,0,10,11],[13,0,14,0],[13,1,14,1],[13,10,14,10]]}
[null,null,null,null,null,null,null,null,null,null,"File Number:",{"$f":"EBNUMBER","v":"EB-2013-0115"}]
[null,null,null,null,null,null,null,null,null,null,"Exhibit:"]
[null,null,null,null,null,null,null,null,null,null,"Tab:"]
[null,null,null,null,null,null,null,null,null,null,"Schedule:"]
[null,null,null,null,null,null,null,null,null,null,"Page:"]
[]
[null,null,null,null,null,null,null,null,null,null,"Date:"]
[]
["Appendix 2-CF"]
["Depreciation and Amortization Expense"]
["Assumes the applicant adopted IFRS for financial reporting purposes January 1, 2013"]
[null,null,"Year",2012,"CGAAP"]
[]
["Account","Description","Opening Regulatory Gross PP&E as at Jan 1, 2012","Less Fully Depreciated","Net for Depreciation","Additions","Total for Depreciation","Years","Depreciation Rate","Depreciation Expense","2012 Depreciation Expense per Appendix 2-B Fixed Assets, Column K \n (l)","Variance 2"]
[null,null,"(a)","(b)","(c)","(d)","(e) = (c) + ½ x (d) 1","(f)","(g) = 1 / (f)","(h) = (e) / (f)",null,"(m) = (h) - (l)"]
[1611,"Computer Software (Formally known as Account 1925)",null,null,{"$f":"C16-D16","v":0},null,{"$f":"E16+0.5*F16","v":0},null,{"$f":"IF(H16=0,0,1/H16)","v":0},{"$f":"IF(H16=0,0,G16/H16)","v":0},null,{"$f":"IF(ISERROR(+J16-K16), 0, +J16-K16)","v":0}]
[1612,"Land Rights (Formally known as Account 1906)",null,null,{"$f":"C17-D17","v":0},null,{"$f":"E17+0.5*F17","v":0},null,0,0,null,0]
[1805,"Land",null,null,0,null,0,null,0,0,null,0]
[1808,"Buildings",null,null,0,null,0,null,0,0,null,0]
[1810,"Leasehold Improvements",null,null,0,null,0,null,0,0,null,0]
[1815,"Transformer Station Equipment >50 kV",null,null,0,null,0,null,0,0,null,0]
[1820,"Distribution Station Equipment <50 kV",null,null,0,null,0,null,0,0,null,0]
[1825,"Storage Battery Equipment",null,null,0,null,0,null,0,0,null,0]
[1830,"Poles, Towers & Fixtures",null,null,0,null,0,null,0,0,null,0]
[1835,"Overhead Conductors & Devices",null,null,0,null,0,null,0,0,null,0]
[1840,"Underground Conduit",null,null,0,null,0,null,0,0,null,0]
[1845,"Underground Conductors & Devices",null,null,0,null,0,null,0,0,null,0]
[1850,"Line Transformers",null,null,0,null,0,null,0,0,null,0]
[1855,"Services (Overhead & Underground)",null,null,0,null,0,null,0,0,null,0]
[1860,"Meters",null,null,0,null,0,null,0,0,null,0]
[1860,"Meters (Smart Meters)",null,null,0,null,0,null,0,0,null,0]
[1905,"Land",null,null,0,null,0,null,0,0,null,0]
[1908,"Buildings & Fixtures",null,null,0,null,0,null,0,0,null,0]
[1910,"Leasehold Improvements",null,null,0,null,0,null,0,0,null,0]
[1915,"Office Furniture & Equipment (10 years)",null,null,0,null,0,null,0,0,null,0]
[1915,"Office Furniture & Equipment (5 years)",null,null,0,null,0,null,0,0,null,0]
[1920,"Computer Equipment - Hardware",null,null,0,null,0,null,0,0,null,0]
[1920,"Computer Equip.-Hardware(Post Mar. 22/04)",null,null,0,null,0,null,0,0,null,0]
[1920,"Computer Equip.-Hardware(Post Mar. 19/07)",null,null,0,null,0,null,0,0,null,0]
[1930,"Transportation Equipment",null,null,0,null,0,null,0,0,null,0]
[1935,"Stores Equipment",null,null,0,null,0,null,0,0,null,0]
[1940,"Tools, Shop & Garage Equipment",null,null,0,null,0,null,0,0,null,0]
[1945,"Measurement & Testing Equipment",null,null,0,null,0,null,0,0,null,0]
[1950,"Power Operated Equipment",null,null,0,null,0,null,0,0,null,0]
[1955,"Communications Equipment",null,null,0,null,0,null,0,0,null,0]
[1955,"Communication Equipment (Smart Meters)",null,null,0,null,0,null,0,0,null,0]
[1960,"Miscellaneous Equipment ",null,null,0,null,0,null,0,0,null,0]
[1970,"Load Management Controls Customer Premises",null,null,0,null,0,null,0,0,null,0]
[1975,"Load Management Controls Utility Premises",null,null,0,null,0,null,0,0,null,0]
[1980,"System Supervisor Equipment",null,null,0,null,0,null,0,0,null,0]
[1985,"Miscellaneous Fixed Assets",null,null,0,null,0,null,0,0,null,0]
[1990,"Other Tangible Property",null,null,0,null,0,null,0,0,null,0]
[1995,"Contributions & Grants",null,null,0,null,0,null,0,0,null,0]
["etc.",null,null,null,0,null,0,null,0,0,null,0]
[null,null,null,null,0,null,0,null,0,0,null,0]
[null,"Total",{"$f":"SUM(C16:C55)","v":0},{"$f":"SUM(D16:D55)","v":0},{"$f":"SUM(E16:E55)","v":0},{"$f":"SUM(F16:F55)","v":0},{"$f":"SUM(G16:G55)","v":0},null,null,{"$f":"SUM(J16:J55)","v":0},{"$f":"SUM(K16:K55)","v":0},{"$f":"SUM(L16:L55)","v":0}]
[]
["Notes:"]
[]
[1,"Board policy of the \"half-year\" rule - the applicant must ensure that additions in the year attract a half-year depreciation expense in the first year.  Deviations from this standard practice must be supported in the application."]
[2,"The applicant must provide an explanation of material variances in evidence."]
[]
["General","Applicants must provide a breakdown of depreciation and amortization expense in the above format for all relevant accounts.  Asset Retirement Obligations (AROs), depreciation and accretion expense should be disclosed separately consistent with the Notes of historical Audited Financial Statements."]

{"sheet":"App.2-CG_MIFRS_DepExp_2012","index":16,"n_rows":68,"n_cols":15,"rows_kept":68,"cut":false,"hidden":false,"merged":[[8,0,8,14],[9,0,9,14],[10,0,10,14],[13,0,14,0],[13,1,14,1],[13,10,14,10],[13,13,14,13],[67,1,68,14],[60,1,60,14],[61,1,61,14],[62,1,62,14],[63,1,63,14],[64,1,64,14],[65,1,65,14]]}
[null,null,null,null,null,null,null,null,null,null,null,null,null,"File Number:",{"$f":"EBNUMBER","v":"EB-2013-0115"}]
[null,null,null,null,null,null,null,null,null,null,null,null,null,"Exhibit:"]
[null,null,null,null,null,null,null,null,null,null,null,null,null,"Tab:"]
[null,null,null,null,null,null,null,null,null,null,null,null,null,"Schedule:"]
[null,null,null,null,null,null,null,null,null,null,null,null,null,"Page:"]
[]
[null,null,null,null,null,null,null,null,null,null,null,null,null,"Date:"]
[]
["Appendix 2-CG"]
["Depreciation and Amortization Expense"]
["Assumes the applicant adopted IFRS for financial reporting purposes January 1, 2013"]
[null,null,"Year",2012,"MIFRS"]
[]
["Account","Description","Opening NBV as at Jan 1, 2012 5","Additions","Average Remaining Life of Opening NBV 4","Years (new additions only) 3","Depreciation Rate on New Additions","Depreciation Expense on Opening NBV","Depreciation Expense on Additions 1","2012 Depreciation Expense","2012 Depreciation Expense per Appendix 2-B Fixed Assets, Column K \n (l)","Variance 2","Depreciation Expense on 2012 Full Year Additions","Less Depreciation Expense on Assets Fully Depreciated during the year\n(o)","2012 Full Year Depreciation 6"]
[null,null,"(a)","(d)","(i)","(f)","(g) = 1 / (f)","(j) = (a) / (i)","(h)=((d)*0.5)/(f) ","(k) = (j) + (h)",null,"(m) = (k) - (l)","(n) = (d)/(f) ",null,"(p) = (j) + (n) - (o)"]
[1611,"Computer Software (Formally known as Account 1925)",null,null,null,null,{"$f":"IF(F16=0,0,1/F16)","v":0},{"$f":"IF(E16=0,0,+C16/E16)","v":0},{"$f":"IF(F16=0,0,+(D16*0.5)/F16)","v":0},{"$f":"IF(ISERROR(+H16+I16), 0, +H16+I16)","v":0},null,{"$f":"IF(ISERROR(+J16-K16), 0, +J16-K16)","v":0},{"$f":"IF(F16=0,0,+(D16)/F16)","v":0},null,{"$f":"IF(ISERROR(+M16+H16-N16), 0, +M16+H16-N16)","v":0}]
[1612,"Land Rights (Formally known as Account 1906)",null,null,null,null,0,0,0,0,null,0,0,null,{"$f":"IF(ISERROR(+M17+H17-N17), 0, +M17+H17-N17)","v":0}]
[1805,"Land",null,null,null,null,0,0,0,0,null,0,0,null,0]
[1808,"Buildings",null,null,null,null,0,0,0,0,null,0,0,null,0]
[1810,"Leasehold Improvements",null,null,null,null,0,0,0,0,null,0,0,null,0]
[1815,"Transformer Station Equipment >50 kV",null,null,null,null,0,0,0,0,null,0,0,null,0]
[1820,"Distribution Station Equipment <50 kV",null,null,null,null,0,0,0,0,null,0,0,null,0]
[1825,"Storage Battery Equipment",null,null,null,null,0,0,0,0,null,0,0,null,0]
[1830,"Poles, Towers & Fixtures",null,null,null,null,0,0,0,0,null,0,0,null,0]
[1835,"Overhead Conductors & Devices",null,null,null,null,0,0,0,0,null,0,0,null,0]
[1840,"Underground Conduit",null,null,null,null,0,0,0,0,null,0,0,null,0]
[1845,"Underground Conductors & Devices",null,null,null,null,0,0,0,0,null,0,0,null,0]
[1850,"Line Transformers",null,null,null,null,0,0,0,0,null,0,0,null,0]
[1855,"Services (Overhead & Underground)",null,null,null,null,0,0,0,0,null,0,0,null,0]
[1860,"Meters",null,null,null,null,0,0,0,0,null,0,0,null,0]
[1860,"Meters (Smart Meters)",null,null,null,null,0,0,0,0,null,0,0,null,0]
[1905,"Land",null,null,null,null,0,0,0,0,null,0,0,null,0]
[1908,"Buildings & Fixtures",null,null,null,null,0,0,0,0,null,0,0,null,0]
[1910,"Leasehold Improvements",null,null,null,null,0,0,0,0,null,0,0,null,0]
[1915,"Office Furniture & Equipment (10 years)",null,null,null,null,0,0,0,0,null,0,0,null,0]
[1915,"Office Furniture & Equipment (5 years)",null,null,null,null,0,0,0,0,null,0,0,null,0]
[1920,"Computer Equipment - Hardware",null,null,null,null,0,0,0,0,null,0,0,null,0]
[1920,"Computer Equip.-Hardware(Post Mar. 22/04)",null,null,null,null,0,0,0,0,null,0,0,null,0]
[1920,"Computer Equip.-Hardware(Post Mar. 19/07)",null,null,null,null,0,0,0,0,null,0,0,null,0]
[1930,"Transportation Equipment",null,null,null,null,0,0,0,0,null,0,0,null,0]
[1935,"Stores Equipment",null,null,null,null,0,0,0,0,null,0,0,null,0]
[1940,"Tools, Shop & Garage Equipment",null,null,null,null,0,0,0,0,null,0,0,null,0]
[1945,"Measurement & Testing Equipment",null,null,null,null,0,0,0,0,null,0,0,null,0]
[1950,"Power Operated Equipment",null,null,null,null,0,0,0,0,null,0,0,null,0]
[1955,"Communications Equipment",null,null,null,null,0,0,0,0,null,0,0,null,0]
[1955,"Communication Equipment (Smart Meters)",null,null,null,null,0,0,0,0,null,0,0,null,0]
[1960,"Miscellaneous Equipment ",null,null,null,null,0,0,0,0,null,0,0,null,0]
[1970,"Load Management Controls Customer Premises",null,null,null,null,0,0,0,0,null,0,0,null,0]
[1975,"Load Management Controls Utility Premises",null,null,null,null,0,0,0,0,null,0,0,null,0]
[1980,"System Supervisor Equipment",null,null,null,null,0,0,0,0,null,0,0,null,0]
[1985,"Miscellaneous Fixed Assets",null,null,null,null,0,0,0,0,null,0,0,null,0]
[1990,"Other Tangible Property",null,null,null,null,0,0,0,0,null,0,0,null,0]
[1995,"Contributions & Grants",null,null,null,null,0,0,0,0,null,0,0,null,0]
["etc.",null,null,null,null,null,0,0,0,0,null,0,0,null,0]
[null,null,null,null,null,null,0,0,0,0,null,0,0,null,0]
[null,"Total",{"$f":"SUM(C16:C55)","v":0},{"$f":"SUM(D16:D55)","v":0},null,null,null,{"$f":"SUM(H16:H55)","v":0},0,0,0,0,0,{"$f":"SUM(N16:N55)","v":0},0]
[null,"Depreciation exp. adj. from gain or loss on the retirement of assets (pool of like assets)",null,null,null,null,null,null,null,0]
[null,"Total",null,null,null,null,null,null,null,{"$f":"+J56+J57","v":0}]
["Notes:"]
[]
[1,"Board policy of the \"half-year\" rule - the applicant must ensure that additions in the year attract a half-year depreciation expense in the first year.  Deviations from this standard practice must be supported in the application."]
[2,"The applicant must provide an explanation of material variances in evidence."]
[3,"The applicant should ensure that the years for new additions of assets are the asset useful lives determined by management in accordance with IFRS. "]
[4,"A recalculation should be performed to determine the average remaining life of opening balance of assets (i.e. excluding 2012 additions) under IFRS.  For example, Asset A had a useful life of 20 years under CGAAP.  On January 1, 2012, the date of transition, Asset A was 3 years depreciated. As a result, Asset A would have a remaining service life of 17 years (20 years less 3 years) under CGAAP as of January 1, 2012.  Due to the transition to IFRS, management re-assessed the asset useful lives under IFRS principles and concluded that the revised useful life of Asset A is now 30 years. Therefore, the average remaining useful life of opening balance of Asset A is determined to be 27 years (30 years less 3 years) under IFRS as of January 1, 2012."]
[5," NBV must exclude assets still on the books but which have been fully amortized or depreciated."]
[6,"This column refers to the calculated full year depreciation but excludes the depreciation expense on assets fully depreciated during the year.  This column is used for the purpose of calculating depreciation expense in the following year on the next worksheet."]
[]
["General:","Applicants must provide a breakdown of depreciation and amortization expense in the above format for all relevant accounts.  Asset Retirement Obligations (AROs), depreciation and accretion expense should be disclosed separately consistent with the Notes of historical Audited Financial Statements."]

{"sheet":"App.2-CH_MIFRS_DepExp_2013","index":17,"n_rows":64,"n_cols":11,"rows_kept":64,"cut":false,"hidden":false,"merged":[[59,1,59,10],[60,1,60,10],[61,1,61,10],[63,1,64,10],[8,0,8,10],[9,0,9,10],[10,0,10,10],[13,0,14,0],[13,1,14,1],[13,6,14,6],[13,9,14,9]]}
[null,null,null,null,null,null,null,null,null,"File Number:",{"$f":"EBNUMBER","v":"EB-2013-0115"}]
[null,null,null,null,null,null,null,null,null,"Exhibit:"]
[null,null,null,null,null,null,null,null,null,"Tab:"]
[null,null,null,null,null,null,null,null,null,"Schedule:"]
[null,null,null,null,null,null,null,null,null,"Page:"]
[]
[null,null,null,null,null,null,null,null,null,"Date:"]
[]
["Appendix 2-CH"]
["Depreciation and Amortization Expense"]
["Assumes the applicant adopted IFRS for financial reporting purposes January 1, 2013"]
[null,null,2013,"MIFRS"]
[]
["Account","Description","Additions","Years (new additions only)","Depreciation Rate on New Additions","2013 Depreciation Expense 1","2013 Depreciation Expense per Apppendix 2-B Fixed Assets, Column K\n (l)","Variance 2","Depreciation Expense on 2013 Full Year Additions","Less Depreciation Expense on Assets Fully Depreciated during the year\n(o)","2013 Full Year Depreciation 3"]
[null,null,"(d)","(f)","(g) = 1 / (f)","(h)=2012 Full Year Deprecation + ((d)*0.5)/(f) ",null,"(m) = (h) - (l)","(n)=((d))/(f) ",null,"(p) = 2012 Full Year Depreciation  + (n) - (o)"]
[1611,"Computer Software (Formally known as Account 1925)",null,null,{"$f":"IF(D16=0,0,1/D16)","v":0},{"$f":"IF(D16=0,+'App.2-CG_MIFRS_DepExp_2012'!O16,+'App.2-CG_MIFRS_DepExp_2012'!O16+((C16*0.5)/D16))","v":0},null,{"$f":"IF(ISERROR(+F16-G16), 0, +F16-G16)","v":0},{"$f":"IF(D16=0,0,+(C16)/D16)","v":0},null,{"$f":"IF(ISERROR(+I16+'App.2-CG_MIFRS_DepExp_2012'!O16-J16), 0, +I16+'App.2-CG_MIFRS_DepExp_2012'!O16-J16)","v":0}]
[1612,"Land Rights (Formally known as Account 1906)",null,null,0,{"$f":"IF(D17=0,+'App.2-CG_MIFRS_DepExp_2012'!O17,+'App.2-CG_MIFRS_DepExp_2012'!O17+((C17*0.5)/D17))","v":0},null,0,0,null,{"$f":"IF(ISERROR(+I17+'App.2-CG_MIFRS_DepExp_2012'!O17-J17), 0, +I17+'App.2-CG_MIFRS_DepExp_2012'!O17-J17)","v":0}]
[1805,"Land",null,null,0,{"$f":"IF(D18=0,+'App.2-CG_MIFRS_DepExp_2012'!O18,+'App.2-CG_MIFRS_DepExp_2012'!O18+((C18*0.5)/D18))","v":0},null,0,0,null,{"$f":"IF(ISERROR(+I18+'App.2-CG_MIFRS_DepExp_2012'!O18-J18), 0, +I18+'App.2-CG_MIFRS_DepExp_2012'!O18-J18)","v":0}]
[1808,"Buildings",null,null,0,{"$f":"IF(D19=0,+'App.2-CG_MIFRS_DepExp_2012'!O19,+'App.2-CG_MIFRS_DepExp_2012'!O19+((C19*0.5)/D19))","v":0},null,0,0,null,{"$f":"IF(ISERROR(+I19+'App.2-CG_MIFRS_DepExp_2012'!O19-J19), 0, +I19+'App.2-CG_MIFRS_DepExp_2012'!O19-J19)","v":0}]
[1810,"Leasehold Improvements",null,null,0,{"$f":"IF(D20=0,+'App.2-CG_MIFRS_DepExp_2012'!O20,+'App.2-CG_MIFRS_DepExp_2012'!O20+((C20*0.5)/D20))","v":0},null,0,0,null,{"$f":"IF(ISERROR(+I20+'App.2-CG_MIFRS_DepExp_2012'!O20-J20), 0, +I20+'App.2-CG_MIFRS_DepExp_2012'!O20-J20)","v":0}]
[1815,"Transformer Station Equipment >50 kV",null,null,0,{"$f":"IF(D21=0,+'App.2-CG_MIFRS_DepExp_2012'!O21,+'App.2-CG_MIFRS_DepExp_2012'!O21+((C21*0.5)/D21))","v":0},null,0,0,null,{"$f":"IF(ISERROR(+I21+'App.2-CG_MIFRS_DepExp_2012'!O21-J21), 0, +I21+'App.2-CG_MIFRS_DepExp_2012'!O21-J21)","v":0}]
[1820,"Distribution Station Equipment <50 kV",null,null,0,{"$f":"IF(D22=0,+'App.2-CG_MIFRS_DepExp_2012'!O22,+'App.2-CG_MIFRS_DepExp_2012'!O22+((C22*0.5)/D22))","v":0},null,0,0,null,{"$f":"IF(ISERROR(+I22+'App.2-CG_MIFRS_DepExp_2012'!O22-J22), 0, +I22+'App.2-CG_MIFRS_DepExp_2012'!O22-J22)","v":0}]
[1825,"Storage Battery Equipment",null,null,0,{"$f":"IF(D23=0,+'App.2-CG_MIFRS_DepExp_2012'!O23,+'App.2-CG_MIFRS_DepExp_2012'!O23+((C23*0.5)/D23))","v":0},null,0,0,null,{"$f":"IF(ISERROR(+I23+'App.2-CG_MIFRS_DepExp_2012'!O23-J23), 0, +I23+'App.2-CG_MIFRS_DepExp_2012'!O23-J23)","v":0}]
[1830,"Poles, Towers & Fixtures",null,null,0,{"$f":"IF(D24=0,+'App.2-CG_MIFRS_DepExp_2012'!O24,+'App.2-CG_MIFRS_DepExp_2012'!O24+((C24*0.5)/D24))","v":0},null,0,0,null,{"$f":"IF(ISERROR(+I24+'App.2-CG_MIFRS_DepExp_2012'!O24-J24), 0, +I24+'App.2-CG_MIFRS_DepExp_2012'!O24-J24)","v":0}]
[1835,"Overhead Conductors & Devices",null,null,0,{"$f":"IF(D25=0,+'App.2-CG_MIFRS_DepExp_2012'!O25,+'App.2-CG_MIFRS_DepExp_2012'!O25+((C25*0.5)/D25))","v":0},null,0,0,null,{"$f":"IF(ISERROR(+I25+'App.2-CG_MIFRS_DepExp_2012'!O25-J25), 0, +I25+'App.2-CG_MIFRS_DepExp_2012'!O25-J25)","v":0}]
[1840,"Underground Conduit",null,null,0,{"$f":"IF(D26=0,+'App.2-CG_MIFRS_DepExp_2012'!O26,+'App.2-CG_MIFRS_DepExp_2012'!O26+((C26*0.5)/D26))","v":0},null,0,0,null,{"$f":"IF(ISERROR(+I26+'App.2-CG_MIFRS_DepExp_2012'!O26-J26), 0, +I26+'App.2-CG_MIFRS_DepExp_2012'!O26-J26)","v":0}]
[1845,"Underground Conductors & Devices",null,null,0,{"$f":"IF(D27=0,+'App.2-CG_MIFRS_DepExp_2012'!O27,+'App.2-CG_MIFRS_DepExp_2012'!O27+((C27*0.5)/D27))","v":0},null,0,0,null,{"$f":"IF(ISERROR(+I27+'App.2-CG_MIFRS_DepExp_2012'!O27-J27), 0, +I27+'App.2-CG_MIFRS_DepExp_2012'!O27-J27)","v":0}]
[1850,"Line Transformers",null,null,0,{"$f":"IF(D28=0,+'App.2-CG_MIFRS_DepExp_2012'!O28,+'App.2-CG_MIFRS_DepExp_2012'!O28+((C28*0.5)/D28))","v":0},null,0,0,null,{"$f":"IF(ISERROR(+I28+'App.2-CG_MIFRS_DepExp_2012'!O28-J28), 0, +I28+'App.2-CG_MIFRS_DepExp_2012'!O28-J28)","v":0}]
[1855,"Services (Overhead & Underground)",null,null,0,{"$f":"IF(D29=0,+'App.2-CG_MIFRS_DepExp_2012'!O29,+'App.2-CG_MIFRS_DepExp_2012'!O29+((C29*0.5)/D29))","v":0},null,0,0,null,{"$f":"IF(ISERROR(+I29+'App.2-CG_MIFRS_DepExp_2012'!O29-J29), 0, +I29+'App.2-CG_MIFRS_DepExp_2012'!O29-J29)","v":0}]
[1860,"Meters",null,null,0,{"$f":"IF(D30=0,+'App.2-CG_MIFRS_DepExp_2012'!O30,+'App.2-CG_MIFRS_DepExp_2012'!O30+((C30*0.5)/D30))","v":0},null,0,0,null,{"$f":"IF(ISERROR(+I30+'App.2-CG_MIFRS_DepExp_2012'!O30-J30), 0, +I30+'App.2-CG_MIFRS_DepExp_2012'!O30-J30)","v":0}]
[1860,"Meters (Smart Meters)",null,null,0,{"$f":"IF(D31=0,+'App.2-CG_MIFRS_DepExp_2012'!O31,+'App.2-CG_MIFRS_DepExp_2012'!O31+((C31*0.5)/D31))","v":0},null,0,0,null,{"$f":"IF(ISERROR(+I31+'App.2-CG_MIFRS_DepExp_2012'!O31-J31), 0, +I31+'App.2-CG_MIFRS_DepExp_2012'!O31-J31)","v":0}]
[1905,"Land",null,null,0,{"$f":"IF(D32=0,+'App.2-CG_MIFRS_DepExp_2012'!O32,+'App.2-CG_MIFRS_DepExp_2012'!O32+((C32*0.5)/D32))","v":0},null,0,0,null,{"$f":"IF(ISERROR(+I32+'App.2-CG_MIFRS_DepExp_2012'!O32-J32), 0, +I32+'App.2-CG_MIFRS_DepExp_2012'!O32-J32)","v":0}]
[1908,"Buildings & Fixtures",null,null,0,{"$f":"IF(D33=0,+'App.2-CG_MIFRS_DepExp_2012'!O33,+'App.2-CG_MIFRS_DepExp_2012'!O33+((C33*0.5)/D33))","v":0},null,0,0,null,{"$f":"IF(ISERROR(+I33+'App.2-CG_MIFRS_DepExp_2012'!O33-J33), 0, +I33+'App.2-CG_MIFRS_DepExp_2012'!O33-J33)","v":0}]
[1910,"Leasehold Improvements",null,null,0,{"$f":"IF(D34=0,+'App.2-CG_MIFRS_DepExp_2012'!O34,+'App.2-CG_MIFRS_DepExp_2012'!O34+((C34*0.5)/D34))","v":0},null,0,0,null,{"$f":"IF(ISERROR(+I34+'App.2-CG_MIFRS_DepExp_2012'!O34-J34), 0, +I34+'App.2-CG_MIFRS_DepExp_2012'!O34-J34)","v":0}]
[1915,"Office Furniture & Equipment (10 years)",null,null,0,{"$f":"IF(D35=0,+'App.2-CG_MIFRS_DepExp_2012'!O35,+'App.2-CG_MIFRS_DepExp_2012'!O35+((C35*0.5)/D35))","v":0},null,0,0,null,{"$f":"IF(ISERROR(+I35+'App.2-CG_MIFRS_DepExp_2012'!O35-J35), 0, +I35+'App.2-CG_MIFRS_DepExp_2012'!O35-J35)","v":0}]
[1915,"Office Furniture & Equipment (5 years)",null,null,0,{"$f":"IF(D36=0,+'App.2-CG_MIFRS_DepExp_2012'!O36,+'App.2-CG_MIFRS_DepExp_2012'!O36+((C36*0.5)/D36))","v":0},null,0,0,null,{"$f":"IF(ISERROR(+I36+'App.2-CG_MIFRS_DepExp_2012'!O36-J36), 0, +I36+'App.2-CG_MIFRS_DepExp_2012'!O36-J36)","v":0}]
[1920,"Computer Equipment - Hardware",null,null,0,{"$f":"IF(D37=0,+'App.2-CG_MIFRS_DepExp_2012'!O37,+'App.2-CG_MIFRS_DepExp_2012'!O37+((C37*0.5)/D37))","v":0},null,0,0,null,{"$f":"IF(ISERROR(+I37+'App.2-CG_MIFRS_DepExp_2012'!O37-J37), 0, +I37+'App.2-CG_MIFRS_DepExp_2012'!O37-J37)","v":0}]
[1920,"Computer Equip.-Hardware(Post Mar. 22/04)",null,null,0,{"$f":"IF(D38=0,+'App.2-CG_MIFRS_DepExp_2012'!O38,+'App.2-CG_MIFRS_DepExp_2012'!O38+((C38*0.5)/D38))","v":0},null,0,0,null,{"$f":"IF(ISERROR(+I38+'App.2-CG_MIFRS_DepExp_2012'!O38-J38), 0, +I38+'App.2-CG_MIFRS_DepExp_2012'!O38-J38)","v":0}]
[1920,"Computer Equip.-Hardware(Post Mar. 19/07)",null,null,0,{"$f":"IF(D39=0,+'App.2-CG_MIFRS_DepExp_2012'!O39,+'App.2-CG_MIFRS_DepExp_2012'!O39+((C39*0.5)/D39))","v":0},null,0,0,null,{"$f":"IF(ISERROR(+I39+'App.2-CG_MIFRS_DepExp_2012'!O39-J39), 0, +I39+'App.2-CG_MIFRS_DepExp_2012'!O39-J39)","v":0}]
[1930,"Transportation Equipment",null,null,0,{"$f":"IF(D40=0,+'App.2-CG_MIFRS_DepExp_2012'!O40,+'App.2-CG_MIFRS_DepExp_2012'!O40+((C40*0.5)/D40))","v":0},null,0,0,null,{"$f":"IF(ISERROR(+I40+'App.2-CG_MIFRS_DepExp_2012'!O40-J40), 0, +I40+'App.2-CG_MIFRS_DepExp_2012'!O40-J40)","v":0}]
[1935,"Stores Equipment",null,null,0,{"$f":"IF(D41=0,+'App.2-CG_MIFRS_DepExp_2012'!O41,+'App.2-CG_MIFRS_DepExp_2012'!O41+((C41*0.5)/D41))","v":0},null,0,0,null,{"$f":"IF(ISERROR(+I41+'App.2-CG_MIFRS_DepExp_2012'!O41-J41), 0, +I41+'App.2-CG_MIFRS_DepExp_2012'!O41-J41)","v":0}]
[1940,"Tools, Shop & Garage Equipment",null,null,0,{"$f":"IF(D42=0,+'App.2-CG_MIFRS_DepExp_2012'!O42,+'App.2-CG_MIFRS_DepExp_2012'!O42+((C42*0.5)/D42))","v":0},null,0,0,null,{"$f":"IF(ISERROR(+I42+'App.2-CG_MIFRS_DepExp_2012'!O42-J42), 0, +I42+'App.2-CG_MIFRS_DepExp_2012'!O42-J42)","v":0}]
[1945,"Measurement & Testing Equipment",null,null,0,{"$f":"IF(D43=0,+'App.2-CG_MIFRS_DepExp_2012'!O43,+'App.2-CG_MIFRS_DepExp_2012'!O43+((C43*0.5)/D43))","v":0},null,0,0,null,{"$f":"IF(ISERROR(+I43+'App.2-CG_MIFRS_DepExp_2012'!O43-J43), 0, +I43+'App.2-CG_MIFRS_DepExp_2012'!O43-J43)","v":0}]
[1950,"Power Operated Equipment",null,null,0,{"$f":"IF(D44=0,+'App.2-CG_MIFRS_DepExp_2012'!O44,+'App.2-CG_MIFRS_DepExp_2012'!O44+((C44*0.5)/D44))","v":0},null,0,0,null,{"$f":"IF(ISERROR(+I44+'App.2-CG_MIFRS_DepExp_2012'!O44-J44), 0, +I44+'App.2-CG_MIFRS_DepExp_2012'!O44-J44)","v":0}]
[1955,"Communications Equipment",null,null,0,{"$f":"IF(D45=0,+'App.2-CG_MIFRS_DepExp_2012'!O45,+'App.2-CG_MIFRS_DepExp_2012'!O45+((C45*0.5)/D45))","v":0},null,0,0,null,{"$f":"IF(ISERROR(+I45+'App.2-CG_MIFRS_DepExp_2012'!O45-J45), 0, +I45+'App.2-CG_MIFRS_DepExp_2012'!O45-J45)","v":0}]
[1955,"Communication Equipment (Smart Meters)",null,null,0,{"$f":"IF(D46=0,+'App.2-CG_MIFRS_DepExp_2012'!O46,+'App.2-CG_MIFRS_DepExp_2012'!O46+((C46*0.5)/D46))","v":0},null,0,0,null,{"$f":"IF(ISERROR(+I46+'App.2-CG_MIFRS_DepExp_2012'!O46-J46), 0, +I46+'App.2-CG_MIFRS_DepExp_2012'!O46-J46)","v":0}]
[1960,"Miscellaneous Equipment ",null,null,0,{"$f":"IF(D47=0,+'App.2-CG_MIFRS_DepExp_2012'!O47,+'App.2-CG_MIFRS_DepExp_2012'!O47+((C47*0.5)/D47))","v":0},null,0,0,null,{"$f":"IF(ISERROR(+I47+'App.2-CG_MIFRS_DepExp_2012'!O47-J47), 0, +I47+'App.2-CG_MIFRS_DepExp_2012'!O47-J47)","v":0}]
[1970,"Load Management Controls Customer Premises",null,null,0,{"$f":"IF(D48=0,+'App.2-CG_MIFRS_DepExp_2012'!O48,+'App.2-CG_MIFRS_DepExp_2012'!O48+((C48*0.5)/D48))","v":0},null,0,0,null,{"$f":"IF(ISERROR(+I48+'App.2-CG_MIFRS_DepExp_2012'!O48-J48), 0, +I48+'App.2-CG_MIFRS_DepExp_2012'!O48-J48)","v":0}]
[1975,"Load Management Controls Utility Premises",null,null,0,{"$f":"IF(D49=0,+'App.2-CG_MIFRS_DepExp_2012'!O49,+'App.2-CG_MIFRS_DepExp_2012'!O49+((C49*0.5)/D49))","v":0},null,0,0,null,{"$f":"IF(ISERROR(+I49+'App.2-CG_MIFRS_DepExp_2012'!O49-J49), 0, +I49+'App.2-CG_MIFRS_DepExp_2012'!O49-J49)","v":0}]
[1980,"System Supervisor Equipment",null,null,0,{"$f":"IF(D50=0,+'App.2-CG_MIFRS_DepExp_2012'!O50,+'App.2-CG_MIFRS_DepExp_2012'!O50+((C50*0.5)/D50))","v":0},null,0,0,null,{"$f":"IF(ISERROR(+I50+'App.2-CG_MIFRS_DepExp_2012'!O50-J50), 0, +I50+'App.2-CG_MIFRS_DepExp_2012'!O50-J50)","v":0}]
[1985,"Miscellaneous Fixed Assets",null,null,0,{"$f":"IF(D51=0,+'App.2-CG_MIFRS_DepExp_2012'!O51,+'App.2-CG_MIFRS_DepExp_2012'!O51+((C51*0.5)/D51))","v":0},null,0,0,null,{"$f":"IF(ISERROR(+I51+'App.2-CG_MIFRS_DepExp_2012'!O51-J51), 0, +I51+'App.2-CG_MIFRS_DepExp_2012'!O51-J51)","v":0}]
[1990,"Other Tangible Property",null,null,0,{"$f":"IF(D52=0,+'App.2-CG_MIFRS_DepExp_2012'!O52,+'App.2-CG_MIFRS_DepExp_2012'!O52+((C52*0.5)/D52))","v":0},null,0,0,null,{"$f":"IF(ISERROR(+I52+'App.2-CG_MIFRS_DepExp_2012'!O52-J52), 0, +I52+'App.2-CG_MIFRS_DepExp_2012'!O52-J52)","v":0}]
[1995,"Contributions & Grants",null,null,0,{"$f":"IF(D53=0,+'App.2-CG_MIFRS_DepExp_2012'!O53,+'App.2-CG_MIFRS_DepExp_2012'!O53+((C53*0.5)/D53))","v":0},null,0,0,null,{"$f":"IF(ISERROR(+I53+'App.2-CG_MIFRS_DepExp_2012'!O53-J53), 0, +I53+'App.2-CG_MIFRS_DepExp_2012'!O53-J53)","v":0}]
["etc.",null,null,null,0,{"$f":"IF(D54=0,+'App.2-CG_MIFRS_DepExp_2012'!O54,+'App.2-CG_MIFRS_DepExp_2012'!O54+((C54*0.5)/D54))","v":0},null,0,0,null,{"$f":"IF(ISERROR(+I54+'App.2-CG_MIFRS_DepExp_2012'!O54-J54), 0, +I54+'App.2-CG_MIFRS_DepExp_2012'!O54-J54)","v":0}]
[null,null,null,null,0,{"$f":"IF(D55=0,+'App.2-CG_MIFRS_DepExp_2012'!O55,+'App.2-CG_MIFRS_DepExp_2012'!O55+((C55*0.5)/D55))","v":0},null,0,0,null,{"$f":"IF(ISERROR(+I55+'App.2-CG_MIFRS_DepExp_2012'!O55-J55), 0, +I55+'App.2-CG_MIFRS_DepExp_2012'!O55-J55)","v":0}]
[null,"Total",{"$f":"SUM(C16:C55)","v":0},null,null,{"$f":"SUM(F16:F55)","v":0},0,0,0,0,0]
[null,"Depreciation exp. adj. from gain or loss on the retirement of assets (pool of like assets)",null,null,null,0]
[null,"Total",null,null,null,{"$f":"+F57+F56","v":0}]
["Notes:"]
[1,"Board policy of the \"half-year\" rule - the applicant must ensure that additions in the year attract a half-year depreciation expense in the first year.  Deviations from this standard practice must be supported in the application."]
[2,"The applicant must provide an explanation of material variances in evidence."]
[3,"This column refers to the calculated full year depreciation but excludes the depreciation expense on assets fully depreciated during the year.  This column is used for the purpose of calculating depreciation expense in the following year on the next worksheet."]
[]
["General:","Applicants must provide a breakdown of depreciation and amortization expense in the above format for all relevant accounts.  Asset Retirement Obligations (AROs), depreciation and accretion expense should be disclosed separately consistent with the Notes of historical Audited Financial Statements."]

{"sheet":"App.2-CI_MIFRS_DepExp_2014","index":18,"n_rows":63,"n_cols":8,"rows_kept":63,"cut":false,"hidden":false,"merged":[[64,1,65,7],[8,0,8,9],[9,0,9,9],[10,0,10,9],[13,1,14,1],[13,6,14,6],[57,1,57,4],[59,1,59,7],[60,1,60,9],[61,1,61,9],[62,1,63,7]]}
[null,null,null,null,null,null,"File Number:",{"$f":"EBNUMBER","v":"EB-2013-0115"}]
[null,null,null,null,null,null,"Exhibit:"]
[null,null,null,null,null,null,"Tab:"]
[null,null,null,null,null,null,"Schedule:"]
[null,null,null,null,null,null,"Page:"]
[]
[null,null,null,null,null,null,"Date:"]
[]
["Appendix 2-CI"]
["Depreciation and Amortization Expense"]
["Assumes the applicant adopted IFRS for financial reporting purposes January 1, 2013"]
[null,null,2014,"MIFRS"]
[]
["Account","Description","Additions","Years (new additions only)","Depreciation Rate on New Additions","2014 Depreciation Expense 1","2014 Depreciation Expense per Appendix 2-B Fixed Assets, Column K\n (l)","Variance 2"]
[null,null,"(d)","(f)","(g) = 1 / (f)","(h)=2013 Full Year Depreciation + ((d)*0.5)/(f) ",null,"(m) = (h) - (l)"]
[1611,"Computer Software (Formally known as Account 1925)",null,null,{"$f":"IF(D16=0,0,1/D16)","v":0},{"$f":"IF(D16=0,'App.2-CH_MIFRS_DepExp_2013'!K16,+'App.2-CH_MIFRS_DepExp_2013'!K16+((C16*0.5)/D16))","v":0},null,{"$f":"IF(ISERROR(+F16-G16), 0, +F16-G16)","v":0}]
[1612,"Land Rights (Formally known as Account 1906)",null,null,0,{"$f":"IF(D17=0,'App.2-CH_MIFRS_DepExp_2013'!K17,+'App.2-CH_MIFRS_DepExp_2013'!K17+((C17*0.5)/D17))","v":0},null,0]
[1805,"Land",null,null,0,{"$f":"IF(D18=0,'App.2-CH_MIFRS_DepExp_2013'!K18,+'App.2-CH_MIFRS_DepExp_2013'!K18+((C18*0.5)/D18))","v":0},null,0]
[1808,"Buildings",null,null,0,{"$f":"IF(D19=0,'App.2-CH_MIFRS_DepExp_2013'!K19,+'App.2-CH_MIFRS_DepExp_2013'!K19+((C19*0.5)/D19))","v":0},null,0]
[1810,"Leasehold Improvements",null,null,0,{"$f":"IF(D20=0,'App.2-CH_MIFRS_DepExp_2013'!K20,+'App.2-CH_MIFRS_DepExp_2013'!K20+((C20*0.5)/D20))","v":0},null,0]
[1815,"Transformer Station Equipment >50 kV",null,null,0,{"$f":"IF(D21=0,'App.2-CH_MIFRS_DepExp_2013'!K21,+'App.2-CH_MIFRS_DepExp_2013'!K21+((C21*0.5)/D21))","v":0},null,0]
[1820,"Distribution Station Equipment <50 kV",null,null,0,{"$f":"IF(D22=0,'App.2-CH_MIFRS_DepExp_2013'!K22,+'App.2-CH_MIFRS_DepExp_2013'!K22+((C22*0.5)/D22))","v":0},null,0]
[1825,"Storage Battery Equipment",null,null,0,{"$f":"IF(D23=0,'App.2-CH_MIFRS_DepExp_2013'!K23,+'App.2-CH_MIFRS_DepExp_2013'!K23+((C23*0.5)/D23))","v":0},null,0]
[1830,"Poles, Towers & Fixtures",null,null,0,{"$f":"IF(D24=0,'App.2-CH_MIFRS_DepExp_2013'!K24,+'App.2-CH_MIFRS_DepExp_2013'!K24+((C24*0.5)/D24))","v":0},null,0]
[1835,"Overhead Conductors & Devices",null,null,0,{"$f":"IF(D25=0,'App.2-CH_MIFRS_DepExp_2013'!K25,+'App.2-CH_MIFRS_DepExp_2013'!K25+((C25*0.5)/D25))","v":0},null,0]
[1840,"Underground Conduit",null,null,0,{"$f":"IF(D26=0,'App.2-CH_MIFRS_DepExp_2013'!K26,+'App.2-CH_MIFRS_DepExp_2013'!K26+((C26*0.5)/D26))","v":0},null,0]
[1845,"Underground Conductors & Devices",null,null,0,{"$f":"IF(D27=0,'App.2-CH_MIFRS_DepExp_2013'!K27,+'App.2-CH_MIFRS_DepExp_2013'!K27+((C27*0.5)/D27))","v":0},null,0]
[1850,"Line Transformers",null,null,0,{"$f":"IF(D28=0,'App.2-CH_MIFRS_DepExp_2013'!K28,+'App.2-CH_MIFRS_DepExp_2013'!K28+((C28*0.5)/D28))","v":0},null,0]
[1855,"Services (Overhead & Underground)",null,null,0,{"$f":"IF(D29=0,'App.2-CH_MIFRS_DepExp_2013'!K29,+'App.2-CH_MIFRS_DepExp_2013'!K29+((C29*0.5)/D29))","v":0},null,0]
[1860,"Meters",null,null,0,{"$f":"IF(D30=0,'App.2-CH_MIFRS_DepExp_2013'!K30,+'App.2-CH_MIFRS_DepExp_2013'!K30+((C30*0.5)/D30))","v":0},null,0]
[1860,"Meters (Smart Meters)",null,null,0,{"$f":"IF(D31=0,'App.2-CH_MIFRS_DepExp_2013'!K31,+'App.2-CH_MIFRS_DepExp_2013'!K31+((C31*0.5)/D31))","v":0},null,0]
[1905,"Land",null,null,0,{"$f":"IF(D32=0,'App.2-CH_MIFRS_DepExp_2013'!K32,+'App.2-CH_MIFRS_DepExp_2013'!K32+((C32*0.5)/D32))","v":0},null,0]
[1908,"Buildings & Fixtures",null,null,0,{"$f":"IF(D33=0,'App.2-CH_MIFRS_DepExp_2013'!K33,+'App.2-CH_MIFRS_DepExp_2013'!K33+((C33*0.5)/D33))","v":0},null,0]
[1910,"Leasehold Improvements",null,null,0,{"$f":"IF(D34=0,'App.2-CH_MIFRS_DepExp_2013'!K34,+'App.2-CH_MIFRS_DepExp_2013'!K34+((C34*0.5)/D34))","v":0},null,0]
[1915,"Office Furniture & Equipment (10 years)",null,null,0,{"$f":"IF(D35=0,'App.2-CH_MIFRS_DepExp_2013'!K35,+'App.2-CH_MIFRS_DepExp_2013'!K35+((C35*0.5)/D35))","v":0},null,0]
[1915,"Office Furniture & Equipment (5 years)",null,null,0,{"$f":"IF(D36=0,'App.2-CH_MIFRS_DepExp_2013'!K36,+'App.2-CH_MIFRS_DepExp_2013'!K36+((C36*0.5)/D36))","v":0},null,0]
[1920,"Computer Equipment - Hardware",null,null,0,{"$f":"IF(D37=0,'App.2-CH_MIFRS_DepExp_2013'!K37,+'App.2-CH_MIFRS_DepExp_2013'!K37+((C37*0.5)/D37))","v":0},null,0]
[1920,"Computer Equip.-Hardware(Post Mar. 22/04)",null,null,0,{"$f":"IF(D38=0,'App.2-CH_MIFRS_DepExp_2013'!K38,+'App.2-CH_MIFRS_DepExp_2013'!K38+((C38*0.5)/D38))","v":0},null,0]
[1920,"Computer Equip.-Hardware(Post Mar. 19/07)",null,null,0,{"$f":"IF(D39=0,'App.2-CH_MIFRS_DepExp_2013'!K39,+'App.2-CH_MIFRS_DepExp_2013'!K39+((C39*0.5)/D39))","v":0},null,0]
[1930,"Transportation Equipment",null,null,0,{"$f":"IF(D40=0,'App.2-CH_MIFRS_DepExp_2013'!K40,+'App.2-CH_MIFRS_DepExp_2013'!K40+((C40*0.5)/D40))","v":0},null,0]
[1935,"Stores Equipment",null,null,0,{"$f":"IF(D41=0,'App.2-CH_MIFRS_DepExp_2013'!K41,+'App.2-CH_MIFRS_DepExp_2013'!K41+((C41*0.5)/D41))","v":0},null,0]
[1940,"Tools, Shop & Garage Equipment",null,null,0,{"$f":"IF(D42=0,'App.2-CH_MIFRS_DepExp_2013'!K42,+'App.2-CH_MIFRS_DepExp_2013'!K42+((C42*0.5)/D42))","v":0},null,0]
[1945,"Measurement & Testing Equipment",null,null,0,{"$f":"IF(D43=0,'App.2-CH_MIFRS_DepExp_2013'!K43,+'App.2-CH_MIFRS_DepExp_2013'!K43+((C43*0.5)/D43))","v":0},null,0]
[1950,"Power Operated Equipment",null,null,0,{"$f":"IF(D44=0,'App.2-CH_MIFRS_DepExp_2013'!K44,+'App.2-CH_MIFRS_DepExp_2013'!K44+((C44*0.5)/D44))","v":0},null,0]
[1955,"Communications Equipment",null,null,0,{"$f":"IF(D45=0,'App.2-CH_MIFRS_DepExp_2013'!K45,+'App.2-CH_MIFRS_DepExp_2013'!K45+((C45*0.5)/D45))","v":0},null,0]
[1955,"Communication Equipment (Smart Meters)",null,null,0,{"$f":"IF(D46=0,'App.2-CH_MIFRS_DepExp_2013'!K46,+'App.2-CH_MIFRS_DepExp_2013'!K46+((C46*0.5)/D46))","v":0},null,0]
[1960,"Miscellaneous Equipment ",null,null,0,{"$f":"IF(D47=0,'App.2-CH_MIFRS_DepExp_2013'!K47,+'App.2-CH_MIFRS_DepExp_2013'!K47+((C47*0.5)/D47))","v":0},null,0]
[1970,"Load Management Controls Customer Premises",null,null,0,{"$f":"IF(D48=0,'App.2-CH_MIFRS_DepExp_2013'!K48,+'App.2-CH_MIFRS_DepExp_2013'!K48+((C48*0.5)/D48))","v":0},null,0]
[1975,"Load Management Controls Utility Premises",null,null,0,{"$f":"IF(D49=0,'App.2-CH_MIFRS_DepExp_2013'!K49,+'App.2-CH_MIFRS_DepExp_2013'!K49+((C49*0.5)/D49))","v":0},null,0]
[1980,"System Supervisor Equipment",null,null,0,{"$f":"IF(D50=0,'App.2-CH_MIFRS_DepExp_2013'!K50,+'App.2-CH_MIFRS_DepExp_2013'!K50+((C50*0.5)/D50))","v":0},null,0]
[1985,"Miscellaneous Fixed Assets",null,null,0,{"$f":"IF(D51=0,'App.2-CH_MIFRS_DepExp_2013'!K51,+'App.2-CH_MIFRS_DepExp_2013'!K51+((C51*0.5)/D51))","v":0},null,0]
[1990,"Other Tangible Property",null,null,0,{"$f":"IF(D52=0,'App.2-CH_MIFRS_DepExp_2013'!K52,+'App.2-CH_MIFRS_DepExp_2013'!K52+((C52*0.5)/D52))","v":0},null,0]
[1995,"Contributions & Grants",null,null,0,{"$f":"IF(D53=0,'App.2-CH_MIFRS_DepExp_2013'!K53,+'App.2-CH_MIFRS_DepExp_2013'!K53+((C53*0.5)/D53))","v":0},null,0]
["etc.",null,null,null,0,{"$f":"IF(D54=0,'App.2-CH_MIFRS_DepExp_2013'!K54,+'App.2-CH_MIFRS_DepExp_2013'!K54+((C54*0.5)/D54))","v":0},null,0]
[null,null,null,null,0,{"$f":"IF(D55=0,'App.2-CH_MIFRS_DepExp_2013'!K55,+'App.2-CH_MIFRS_DepExp_2013'!K55+((C55*0.5)/D55))","v":0},null,0]
[null,"Total",{"$f":"SUM(C16:C55)","v":0},null,null,{"$f":"SUM(F16:F55)","v":0},{"$f":"SUM(G16:G55)","v":0},{"$f":"SUM(H16:H55)","v":0}]
[null,"Depreciation exp. adj. from gain or loss on the retirement of assets (pool of like assets)",null,null,null,0]
[null,"Total Depreciation expense to be included in the test year revenue requirement",null,null,null,{"$f":"SUM(F56:F57)","v":0}]
["Notes:"]
[1,"Board policy of the \"half-year\" rule - the applicant must ensure that additions in the year attract a half-year depreciation expense in the first year.  Deviations from this standard practice must be supported in the application."]
[2,"The applicant must provide an explanation of material variances in evidence."]
[]
["General:","Applicants must provide a breakdown of depreciation and amortization expense in the above format for all relevant accounts.  Asset Retirement Obligations (AROs), depreciation and accretion expense should be disclosed separately consistent with the Notes of historical Audited Financial Statements."]

{"sheet":"App.2-CJ_CGAAP_DepExp_2012","index":19,"n_rows":61,"n_cols":12,"rows_kept":61,"cut":false,"hidden":false,"merged":[[58,1,58,11],[59,1,59,11],[60,1,62,11],[8,0,8,11],[9,0,9,11],[10,0,10,11],[13,0,14,0],[13,1,14,1],[13,10,14,10],[60,0,62,0]]}
[null,null,null,null,null,null,null,null,null,null,"File Number:",{"$f":"EBNUMBER","v":"EB-2013-0115"}]
[null,null,null,null,null,null,null,null,null,null,"Exhibit:"]
[null,null,null,null,null,null,null,null,null,null,"Tab:"]
[null,null,null,null,null,null,null,null,null,null,"Schedule:"]
[null,null,null,null,null,null,null,null,null,null,"Page:"]
[]
[null,null,null,null,null,null,null,null,null,null,"Date:"]
[]
["Appendix 2-CJ"]
["Depreciation and Amortization Expense"]
["Assumes the applicant adopted IFRS for financial reporting purposes January 1, 2014"]
[null,null,"Year",2012,"CGAAP"]
[]
["Account","Description","Opening Regulatory Gross PP&E as at Jan 1, 2012","Less Fully Depreciated","Net for Depreciation","Additions","Total for Depreciation","Years","Depreciation Rate","2012 Depreciation Expense","2012 Depreciation Expense per Appendix 2-B Fixed Assets, Column K\n (l)","Variance 2"]
[null,null,"(a)","(b)","(c)","(d)","(e) = (c) + ½ x (d) 1","(f)","(g) = 1 / (f)","(h) = (e) / (f)",null,"(m) = (h) - (l)"]
[1611,"Computer Software (Formally known as Account 1925)",null,null,{"$f":"C16-D16","v":0},null,{"$f":"E16+0.5*F16","v":0},null,{"$f":"IF(H16=0,\"\",1/H16)","v":""},{"$f":"IF(H16=0,0,G16/H16)","v":0},null,{"$f":"IF(ISERROR(+J16-K16), \"\", +J16-K16)","v":0}]
[1612,"Land Rights (Formally known as Account 1906)",null,null,{"$f":"C17-D17","v":0},null,{"$f":"E17+0.5*F17","v":0},null,"",0,null,{"$f":"IF(ISERROR(+J17-K17), \"\", +J17-K17)","v":0}]
[1805,"Land",null,null,0,null,0,null,"",0,null,0]
[1808,"Buildings",null,null,0,null,0,null,"",0,null,0]
[1810,"Leasehold Improvements",null,null,0,null,0,null,"",0,null,0]
[1815,"Transformer Station Equipment >50 kV",null,null,0,null,0,null,"",0,null,0]
[1820,"Distribution Station Equipment <50 kV",null,null,0,null,0,null,"",0,null,0]
[1825,"Storage Battery Equipment",null,null,0,null,0,null,"",0,null,0]
[1830,"Poles, Towers & Fixtures",null,null,0,null,0,null,"",0,null,0]
[1835,"Overhead Conductors & Devices",null,null,0,null,0,null,"",0,null,0]
[1840,"Underground Conduit",null,null,0,null,0,null,"",0,null,0]
[1845,"Underground Conductors & Devices",null,null,0,null,0,null,"",0,null,0]
[1850,"Line Transformers",null,null,0,null,0,null,"",0,null,0]
[1855,"Services (Overhead & Underground)",null,null,0,null,0,null,"",0,null,0]
[1860,"Meters",null,null,0,null,0,null,"",0,null,0]
[1860,"Meters (Smart Meters)",null,null,0,null,0,null,"",0,null,0]
[1905,"Land",null,null,0,null,0,null,"",0,null,0]
[1908,"Buildings & Fixtures",null,null,0,null,0,null,"",0,null,0]
[1910,"Leasehold Improvements",null,null,0,null,0,null,"",0,null,0]
[1915,"Office Furniture & Equipment (10 years)",null,null,0,null,0,null,"",0,null,0]
[1915,"Office Furniture & Equipment (5 years)",null,null,0,null,0,null,"",0,null,0]
[1920,"Computer Equipment - Hardware",null,null,0,null,0,null,"",0,null,0]
[1920,"Computer Equip.-Hardware(Post Mar. 22/04)",null,null,0,null,0,null,"",0,null,0]
[1920,"Computer Equip.-Hardware(Post Mar. 19/07)",null,null,0,null,0,null,"",0,null,0]
[1930,"Transportation Equipment",null,null,0,null,0,null,"",0,null,0]
[1935,"Stores Equipment",null,null,0,null,0,null,"",0,null,0]
[1940,"Tools, Shop & Garage Equipment",null,null,0,null,0,null,"",0,null,0]
[1945,"Measurement & Testing Equipment",null,null,0,null,0,null,"",0,null,0]
[1950,"Power Operated Equipment",null,null,0,null,0,null,"",0,null,0]
[1955,"Communications Equipment",null,null,0,null,0,null,"",0,null,0]
[1955,"Communication Equipment (Smart Meters)",null,null,0,null,0,null,"",0,null,0]
[1960,"Miscellaneous Equipment ",null,null,0,null,0,null,"",0,null,0]
[1970,"Load Management Controls Customer Premises",null,null,0,null,0,null,"",0,null,0]
[1975,"Load Management Controls Utility Premises",null,null,0,null,0,null,"",0,null,0]
[1980,"System Supervisor Equipment",null,null,0,null,0,null,"",0,null,0]
[1985,"Miscellaneous Fixed Assets",null,null,0,null,0,null,"",0,null,0]
[1990,"Other Tangible Property",null,null,0,null,0,null,"",0,null,0]
[1995,"Contributions & Grants",null,null,0,null,0,null,"",0,null,0]
["etc.",null,null,null,0,null,0,null,"",0,null,0]
[null,null,null,null,0,null,0,null,"",0,null,0]
[null,"Total",{"$f":"SUM(C16:C55)","v":0},{"$f":"SUM(D16:D55)","v":0},{"$f":"SUM(E16:E55)","v":0},{"$f":"SUM(F16:F55)","v":0},{"$f":"SUM(G16:G55)","v":0},null,null,{"$f":"SUM(J16:J55)","v":0},{"$f":"SUM(K16:K55)","v":0},{"$f":"SUM(L16:L55)","v":0}]
[]
["Notes:"]
[1,"Board policy of the \"half-year\" rule - the applicant must ensure that additions in the year attract a half-year depreciation expense in the first year.  Deviations from this standard practice must be supported in the application."]
[2,"The applicant must provide an explanation of material variances in evidence."]
["General:","Applicants must provide a breakdown of depreciation and amortization expense in the above format for all relevant accounts.  Asset Retirement Obligations (AROs), depreciation and accretion expense should be disclosed separately consistent with the Notes of historical Audited Financial Statements."]

{"sheet":"App.2-CK_CGAAP_DepExp_2013","index":20,"n_rows":62,"n_cols":12,"rows_kept":62,"cut":false,"hidden":false,"merged":[[58,1,58,11],[59,1,59,11],[61,1,62,11],[8,0,8,11],[9,0,9,11],[10,0,10,11],[13,0,14,0],[13,1,14,1],[13,10,14,10]]}
[null,null,null,null,null,null,null,null,null,null,"File Number:",{"$f":"EBNUMBER","v":"EB-2013-0115"}]
[null,null,null,null,null,null,null,null,null,null,"Exhibit:"]
[null,null,null,null,null,null,null,null,null,null,"Tab:"]
[null,null,null,null,null,null,null,null,null,null,"Schedule:"]
[null,null,null,null,null,null,null,null,null,null,"Page:"]
[]
[null,null,null,null,null,null,null,null,null,null,"Date:"]
[]
["Appendix 2-CK"]
["Depreciation and Amortization Expense"]
["Assumes the applicant adopted IFRS for financial reporting purposes January 1, 2014"]
[null,null,"Year",2013,"CGAAP"]
[]
["Account","Description","Opening Regulatory Gross PP&E as at Jan 1, 2013","Less Fully Depreciated","Net for Depreciation","Additions","Total for Depreciation","Years","Depreciation Rate","2013 Depreciation Expense","2013 Depreciation Expense per Appendix 2-B Fixed Assets, Column K\n (l)","Variance 2"]
[null,null,"(a)","(b)","(c)","(d)","(e) = (c) + ½ x (d) 1","(f)","(g) = 1 / (f)","(h) = (e) / (f)",null,"(m) = (h) - (l)"]
[1611,"Computer Software (Formally known as Account 1925)",null,null,{"$f":"C16-D16","v":0},null,{"$f":"E16+0.5*F16","v":0},null,{"$f":"IF(H16=0,0,1/H16)","v":0},{"$f":"IF(H16=0,0,G16/H16)","v":0},null,{"$f":"IF(ISERROR(+J16-K16), 0, +J16-K16)","v":0}]
[1612,"Land Rights (Formally known as Account 1906)",null,null,{"$f":"C17-D17","v":0},null,{"$f":"E17+0.5*F17","v":0},null,0,0,null,0]
[1805,"Land",null,null,0,null,0,null,0,0,null,0]
[1808,"Buildings",null,null,0,null,0,null,0,0,null,0]
[1810,"Leasehold Improvements",null,null,0,null,0,null,0,0,null,0]
[1815,"Transformer Station Equipment >50 kV",null,null,0,null,0,null,0,0,null,0]
[1820,"Distribution Station Equipment <50 kV",null,null,0,null,0,null,0,0,null,0]
[1825,"Storage Battery Equipment",null,null,0,null,0,null,0,0,null,0]
[1830,"Poles, Towers & Fixtures",null,null,0,null,0,null,0,0,null,0]
[1835,"Overhead Conductors & Devices",null,null,0,null,0,null,0,0,null,0]
[1840,"Underground Conduit",null,null,0,null,0,null,0,0,null,0]
[1845,"Underground Conductors & Devices",null,null,0,null,0,null,0,0,null,0]
[1850,"Line Transformers",null,null,0,null,0,null,0,0,null,0]
[1855,"Services (Overhead & Underground)",null,null,0,null,0,null,0,0,null,0]
[1860,"Meters",null,null,0,null,0,null,0,0,null,0]
[1860,"Meters (Smart Meters)",null,null,0,null,0,null,0,0,null,0]
[1905,"Land",null,null,0,null,0,null,0,0,null,0]
[1908,"Buildings & Fixtures",null,null,0,null,0,null,0,0,null,0]
[1910,"Leasehold Improvements",null,null,0,null,0,null,0,0,null,0]
[1915,"Office Furniture & Equipment (10 years)",null,null,0,null,0,null,0,0,null,0]
[1915,"Office Furniture & Equipment (5 years)",null,null,0,null,0,null,0,0,null,0]
[1920,"Computer Equipment - Hardware",null,null,0,null,0,null,0,0,null,0]
[1920,"Computer Equip.-Hardware(Post Mar. 22/04)",null,null,0,null,0,null,0,0,null,0]
[1920,"Computer Equip.-Hardware(Post Mar. 19/07)",null,null,0,null,0,null,0,0,null,0]
[1930,"Transportation Equipment",null,null,0,null,0,null,0,0,null,0]
[1935,"Stores Equipment",null,null,0,null,0,null,0,0,null,0]
[1940,"Tools, Shop & Garage Equipment",null,null,0,null,0,null,0,0,null,0]
[1945,"Measurement & Testing Equipment",null,null,0,null,0,null,0,0,null,0]
[1950,"Power Operated Equipment",null,null,0,null,0,null,0,0,null,0]
[1955,"Communications Equipment",null,null,0,null,0,null,0,0,null,0]
[1955,"Communication Equipment (Smart Meters)",null,null,0,null,0,null,0,0,null,0]
[1960,"Miscellaneous Equipment ",null,null,0,null,0,null,0,0,null,0]
[1970,"Load Management Controls Customer Premises",null,null,0,null,0,null,0,0,null,0]
[1975,"Load Management Controls Utility Premises",null,null,0,null,0,null,0,0,null,0]
[1980,"System Supervisor Equipment",null,null,0,null,0,null,0,0,null,0]
[1985,"Miscellaneous Fixed Assets",null,null,0,null,0,null,0,0,null,0]
[1990,"Other Tangible Property",null,null,0,null,0,null,0,0,null,0]
[1995,"Contributions & Grants",null,null,0,null,0,null,0,0,null,0]
["etc.",null,null,null,0,null,0,null,0,0,null,0]
[null,null,null,null,0,null,0,null,0,0,null,0]
[null,"Total",{"$f":"SUM(C16:C55)","v":0},{"$f":"SUM(D16:D55)","v":0},{"$f":"SUM(E16:E55)","v":0},{"$f":"SUM(F16:F55)","v":0},{"$f":"SUM(G16:G55)","v":0},null,null,{"$f":"SUM(J16:J55)","v":0},{"$f":"SUM(K16:K55)","v":0},{"$f":"SUM(L16:L55)","v":0}]
[]
["Notes:"]
[1,"Board policy of the \"half-year\" rule - the applicant must ensure that additions in the year attract a half-year depreciation expense in the first year.  Deviations from this standard practice must be supported in the application."]
[2,"The applicant must provide an explanation of material variances in evidence."]
[]
["General:","Applicants must provide a breakdown of depreciation and amortization expense in the above format for all relevant accounts.  Asset Retirement Obligations (AROs), depreciation and accretion expense should be disclosed separately consistent with the Notes of historical Audited Financial Statements."]

{"sheet":"App.2-CL_MIFRS_DepExp_2013","index":21,"n_rows":68,"n_cols":15,"rows_kept":68,"cut":false,"hidden":false,"merged":[[8,0,8,14],[9,0,9,14],[10,0,10,14],[13,0,14,0],[13,1,14,1],[13,10,14,10],[13,13,14,13],[67,1,69,11],[60,1,60,14],[61,1,61,14],[62,1,62,14],[63,1,63,14],[64,1,64,14],[65,1,65,14]]}
[null,null,null,null,null,null,null,null,null,null,null,null,null,"File Number:",{"$f":"EBNUMBER","v":"EB-2013-0115"}]
[null,null,null,null,null,null,null,null,null,null,null,null,null,"Exhibit:"]
[null,null,null,null,null,null,null,null,null,null,null,null,null,"Tab:"]
[null,null,null,null,null,null,null,null,null,null,null,null,null,"Schedule:"]
[null,null,null,null,null,null,null,null,null,null,null,null,null,"Page:"]
[]
[null,null,null,null,null,null,null,null,null,null,null,null,null,"Date:"]
[]
["Appendix 2-CL"]
["Depreciation and Amortization Expense"]
["Assumes the applicant adopted IFRS for financial reporting purposes January 1, 2014"]
[null,null,"Year",2013,"MIFRS"]
[]
["Account","Description","Opening NBV as at Jan 1, 2013 5","Additions","Average Remaining Life of Opening NBV 4","Years (new additions only) 3","Depreciation Rate on New Additions","Depreciation Expense on Opening NBV","Depreciation Expense on Additions 1","2013 Depreciation Expense","2013 Depreciation Expense per Appendix 2-B Fixed Assets, Column K\n (l)","Variance 2","Depreciation Expense on 2013 Full Year Additions","Less Depreciation Expense on Assets Fully Depreciated during the year\n(o)","2013 Full Year Depreciation 6"]
[null,null,"(a)","(d)","(i)","(f)","(g) = 1 / (f)","(j) = (a) / (i)","(h)=((d)*0.5)/(f) ","(k) = (j) + (h)",null,"(m) = (k) - (l)","(n)=((d))/(f) ",null,"(p) = (j) + (n) - (o)"]
[1611,"Computer Software (Formally known as Account 1925)",null,null,null,null,{"$f":"IF(F16=0,0,1/F16)","v":0},{"$f":"IF(E16=0,0,+C16/E16)","v":0},{"$f":"IF(F16=0,0,+(D16*0.5)/F16)","v":0},{"$f":"IF(ISERROR(+H16+I16), 0, +H16+I16)","v":0},null,{"$f":"IF(ISERROR(+J16-K16), 0, +J16-K16)","v":0},{"$f":"IF(F16=0,0,+(D16)/F16)","v":0},null,{"$f":"IF(ISERROR(+M16+H16-N16), 0, +M16+H16-N16)","v":0}]
[1612,"Land Rights (Formally known as Account 1906)",null,null,null,null,0,0,0,0,null,0,0,null,{"$f":"IF(ISERROR(+M17+H17-N17), 0, +M17+H17-N17)","v":0}]
[1805,"Land",null,null,null,null,0,0,0,0,null,0,0,null,0]
[1808,"Buildings",null,null,null,null,0,0,0,0,null,0,0,null,0]
[1810,"Leasehold Improvements",null,null,null,null,0,0,0,0,null,0,0,null,0]
[1815,"Transformer Station Equipment >50 kV",null,null,null,null,0,0,0,0,null,0,0,null,0]
[1820,"Distribution Station Equipment <50 kV",null,null,null,null,0,0,0,0,null,0,0,null,0]
[1825,"Storage Battery Equipment",null,null,null,null,0,0,0,0,null,0,0,null,0]
[1830,"Poles, Towers & Fixtures",null,null,null,null,0,0,0,0,null,0,0,null,0]
[1835,"Overhead Conductors & Devices",null,null,null,null,0,0,0,0,null,0,0,null,0]
[1840,"Underground Conduit",null,null,null,null,0,0,0,0,null,0,0,null,0]
[1845,"Underground Conductors & Devices",null,null,null,null,0,0,0,0,null,0,0,null,0]
[1850,"Line Transformers",null,null,null,null,0,0,0,0,null,0,0,null,0]
[1855,"Services (Overhead & Underground)",null,null,null,null,0,0,0,0,null,0,0,null,0]
[1860,"Meters",null,null,null,null,0,0,0,0,null,0,0,null,0]
[1860,"Meters (Smart Meters)",null,null,null,null,0,0,0,0,null,0,0,null,0]
[1905,"Land",null,null,null,null,0,0,0,0,null,0,0,null,0]
[1908,"Buildings & Fixtures",null,null,null,null,0,0,0,0,null,0,0,null,0]
[1910,"Leasehold Improvements",null,null,null,null,0,0,0,0,null,0,0,null,0]
[1915,"Office Furniture & Equipment (10 years)",null,null,null,null,0,0,0,0,null,0,0,null,0]
[1915,"Office Furniture & Equipment (5 years)",null,null,null,null,0,0,0,0,null,0,0,null,0]
[1920,"Computer Equipment - Hardware",null,null,null,null,0,0,0,0,null,0,0,null,0]
[1920,"Computer Equip.-Hardware(Post Mar. 22/04)",null,null,null,null,0,0,0,0,null,0,0,null,0]
[1920,"Computer Equip.-Hardware(Post Mar. 19/07)",null,null,null,null,0,0,0,0,null,0,0,null,0]
[1930,"Transportation Equipment",null,null,null,null,0,0,0,0,null,0,0,null,0]
[1935,"Stores Equipment",null,null,null,null,0,0,0,0,null,0,0,null,0]
[1940,"Tools, Shop & Garage Equipment",null,null,null,null,0,0,0,0,null,0,0,null,0]
[1945,"Measurement & Testing Equipment",null,null,null,null,0,0,0,0,null,0,0,null,0]
[1950,"Power Operated Equipment",null,null,null,null,0,0,0,0,null,0,0,null,0]
[1955,"Communications Equipment",null,null,null,null,0,0,0,0,null,0,0,null,0]
[1955,"Communication Equipment (Smart Meters)",null,null,null,null,0,0,0,0,null,0,0,null,0]
[1960,"Miscellaneous Equipment ",null,null,null,null,0,0,0,0,null,0,0,null,0]
[1970,"Load Management Controls Customer Premises",null,null,null,null,0,0,0,0,null,0,0,null,0]
[1975,"Load Management Controls Utility Premises",null,null,null,null,0,0,0,0,null,0,0,null,0]
[1980,"System Supervisor Equipment",null,null,null,null,0,0,0,0,null,0,0,null,0]
[1985,"Miscellaneous Fixed Assets",null,null,null,null,0,0,0,0,null,0,0,null,0]
[1990,"Other Tangible Property",null,null,null,null,0,0,0,0,null,0,0,null,0]
[1995,"Contributions & Grants",null,null,null,null,0,0,0,0,null,0,0,null,0]
["etc.",null,null,null,null,null,0,0,0,0,null,0,0,null,0]
[null,null,null,null,null,null,0,0,0,0,null,0,0,null,0]
[null,"Total",{"$f":"SUM(C16:C55)","v":0},{"$f":"SUM(D16:D55)","v":0},null,null,null,{"$f":"SUM(H16:H55)","v":0},0,0,0,0,0,{"$f":"SUM(N16:N55)","v":0},0]
[null,"Depreciation exp. adj. from gain or loss on the retirement of assets (pool of like assets)",null,null,null,null,null,null,null,0]
[null,"Total",null,null,null,null,null,null,null,{"$f":"+J56+J57","v":0}]
["Notes:"]
[]
[1,"Board policy of the \"half-year\" rule - the applicant must ensure that additions in the year attract a half-year depreciation expense in the first year.  Deviations from this standard practice must be supported in the application."]
[2,"The applicant must provide an explanation of material variances in evidence."]
[3,"The applicant should ensure that the years for new additions of assets are the asset useful lives determined by management in accordance with IFRS. "]
[4,"A recalculation should be performed to determine the average remaining life of opening balance of assets (i.e. excluding 2013 additions) under IFRS.  For example, Asset A had a useful life of 20 years under CGAAP.  On January 1, 2013, the date of transition, Asset A was 3 years depreciated. As a result, Asset A would have a remaining service life of 17 years (20 years less 3 years) under CGAAP as of January 1, 2013.  Due to the transition to IFRS, management re-assessed the asset useful lives under IFRS principles and concluded that the revised useful life of Asset A is now 30 years. Therefore, the average remaining useful life of opening balance of Asset A is determined to be 27 years (30 years less 3 years) under IFRS as of January 1, 2013."]
[5,"NBV must exclude assets still on the books but which have been fully amortized or depreciated."]
[6,"This column refers to the calculated full year depreciation but excludes the depreciation expense on assets fully depreciated during the year.  This column is used for the purpose of calculating depreciation expense in the following year on the next worksheet."]
[]
["General:","Applicants must provide a breakdown of depreciation and amortization expense in the above format for all relevant accounts.  Asset Retirement Obligations (AROs), depreciation and accretion expense should be disclosed separately consistent with the Notes of historical Audited Financial Statements."]

{"sheet":"App.2-CM_MIFRS_DepExp_2014","index":22,"n_rows":65,"n_cols":10,"rows_kept":65,"cut":false,"hidden":false,"merged":[[66,1,67,9],[8,0,8,9],[9,0,9,9],[10,0,10,9],[13,0,14,0],[13,1,14,1],[13,6,14,6],[57,1,57,4],[60,1,60,9],[61,1,61,9],[64,1,65,9]]}
[null,null,null,null,null,null,null,null,"File Number:",{"$f":"EBNUMBER","v":"EB-2013-0115"}]
[null,null,null,null,null,null,null,null,"Exhibit:"]
[null,null,null,null,null,null,null,null,"Tab:"]
[null,null,null,null,null,null,null,null,"Schedule:"]
[null,null,null,null,null,null,null,null,"Page:"]
[]
[null,null,null,null,null,null,null,null,"Date:"]
[]
["Appendix 2-CM"]
["Depreciation and Amortization Expense"]
["Assumes the applicant adopted IFRS for financial reporting purposes January 1, 2014"]
[null,null,"Year",2014,"MIFRS"]
[]
["Account","Description","Additions","Years (new additions only)","Depreciation Rate on New Additions","2014 Depreciation Expense 1","2014 Depreciation Expense per Appendix 2-B Fixed Assets, Column K\n (l)","Variance 2"]
[null,null,"(d)","(f)","(g) = 1 / (f)","(h)=2013 Full Year Depreciation + ((d)*0.5)/(f) ",null,"(m) = (h) - (l)"]
[1611,"Computer Software (Formally known as Account 1925)",null,null,{"$f":"IF(D16=0,0,1/D16)","v":0},{"$f":"IF(D16=0,'App.2-CL_MIFRS_DepExp_2013'!O16,+'App.2-CL_MIFRS_DepExp_2013'!O16+((C16*0.5)/D16))","v":0},null,{"$f":"IF(ISERROR(+F16-G16), 0, +F16-G16)","v":0}]
[1612,"Land Rights (Formally known as Account 1906)",null,null,0,{"$f":"IF(D17=0,'App.2-CL_MIFRS_DepExp_2013'!O17,+'App.2-CL_MIFRS_DepExp_2013'!O17+((C17*0.5)/D17))","v":0},null,0]
[1805,"Land",null,null,0,{"$f":"IF(D18=0,'App.2-CL_MIFRS_DepExp_2013'!O18,+'App.2-CL_MIFRS_DepExp_2013'!O18+((C18*0.5)/D18))","v":0},null,0]
[1808,"Buildings",null,null,0,{"$f":"IF(D19=0,'App.2-CL_MIFRS_DepExp_2013'!O19,+'App.2-CL_MIFRS_DepExp_2013'!O19+((C19*0.5)/D19))","v":0},null,0]
[1810,"Leasehold Improvements",null,null,0,{"$f":"IF(D20=0,'App.2-CL_MIFRS_DepExp_2013'!O20,+'App.2-CL_MIFRS_DepExp_2013'!O20+((C20*0.5)/D20))","v":0},null,0]
[1815,"Transformer Station Equipment >50 kV",null,null,0,{"$f":"IF(D21=0,'App.2-CL_MIFRS_DepExp_2013'!O21,+'App.2-CL_MIFRS_DepExp_2013'!O21+((C21*0.5)/D21))","v":0},null,0]
[1820,"Distribution Station Equipment <50 kV",null,null,0,{"$f":"IF(D22=0,'App.2-CL_MIFRS_DepExp_2013'!O22,+'App.2-CL_MIFRS_DepExp_2013'!O22+((C22*0.5)/D22))","v":0},null,0]
[1825,"Storage Battery Equipment",null,null,0,{"$f":"IF(D23=0,'App.2-CL_MIFRS_DepExp_2013'!O23,+'App.2-CL_MIFRS_DepExp_2013'!O23+((C23*0.5)/D23))","v":0},null,0]
[1830,"Poles, Towers & Fixtures",null,null,0,{"$f":"IF(D24=0,'App.2-CL_MIFRS_DepExp_2013'!O24,+'App.2-CL_MIFRS_DepExp_2013'!O24+((C24*0.5)/D24))","v":0},null,0]
[1835,"Overhead Conductors & Devices",null,null,0,{"$f":"IF(D25=0,'App.2-CL_MIFRS_DepExp_2013'!O25,+'App.2-CL_MIFRS_DepExp_2013'!O25+((C25*0.5)/D25))","v":0},null,0]
[1840,"Underground Conduit",null,null,0,{"$f":"IF(D26=0,'App.2-CL_MIFRS_DepExp_2013'!O26,+'App.2-CL_MIFRS_DepExp_2013'!O26+((C26*0.5)/D26))","v":0},null,0]
[1845,"Underground Conductors & Devices",null,null,0,{"$f":"IF(D27=0,'App.2-CL_MIFRS_DepExp_2013'!O27,+'App.2-CL_MIFRS_DepExp_2013'!O27+((C27*0.5)/D27))","v":0},null,0]
[1850,"Line Transformers",null,null,0,{"$f":"IF(D28=0,'App.2-CL_MIFRS_DepExp_2013'!O28,+'App.2-CL_MIFRS_DepExp_2013'!O28+((C28*0.5)/D28))","v":0},null,0]
[1855,"Services (Overhead & Underground)",null,null,0,{"$f":"IF(D29=0,'App.2-CL_MIFRS_DepExp_2013'!O29,+'App.2-CL_MIFRS_DepExp_2013'!O29+((C29*0.5)/D29))","v":0},null,0]
[1860,"Meters",null,null,0,{"$f":"IF(D30=0,'App.2-CL_MIFRS_DepExp_2013'!O30,+'App.2-CL_MIFRS_DepExp_2013'!O30+((C30*0.5)/D30))","v":0},null,0]
[1860,"Meters (Smart Meters)",null,null,0,{"$f":"IF(D31=0,'App.2-CL_MIFRS_DepExp_2013'!O31,+'App.2-CL_MIFRS_DepExp_2013'!O31+((C31*0.5)/D31))","v":0},null,0]
[1905,"Land",null,null,0,{"$f":"IF(D32=0,'App.2-CL_MIFRS_DepExp_2013'!O32,+'App.2-CL_MIFRS_DepExp_2013'!O32+((C32*0.5)/D32))","v":0},null,0]
[1908,"Buildings & Fixtures",null,null,0,{"$f":"IF(D33=0,'App.2-CL_MIFRS_DepExp_2013'!O33,+'App.2-CL_MIFRS_DepExp_2013'!O33+((C33*0.5)/D33))","v":0},null,0]
[1910,"Leasehold Improvements",null,null,0,{"$f":"IF(D34=0,'App.2-CL_MIFRS_DepExp_2013'!O34,+'App.2-CL_MIFRS_DepExp_2013'!O34+((C34*0.5)/D34))","v":0},null,0]
[1915,"Office Furniture & Equipment (10 years)",null,null,0,{"$f":"IF(D35=0,'App.2-CL_MIFRS_DepExp_2013'!O35,+'App.2-CL_MIFRS_DepExp_2013'!O35+((C35*0.5)/D35))","v":0},null,0]
[1915,"Office Furniture & Equipment (5 years)",null,null,0,{"$f":"IF(D36=0,'App.2-CL_MIFRS_DepExp_2013'!O36,+'App.2-CL_MIFRS_DepExp_2013'!O36+((C36*0.5)/D36))","v":0},null,0]
[1920,"Computer Equipment - Hardware",null,null,0,{"$f":"IF(D37=0,'App.2-CL_MIFRS_DepExp_2013'!O37,+'App.2-CL_MIFRS_DepExp_2013'!O37+((C37*0.5)/D37))","v":0},null,0]
[1920,"Computer Equip.-Hardware(Post Mar. 22/04)",null,null,0,{"$f":"IF(D38=0,'App.2-CL_MIFRS_DepExp_2013'!O38,+'App.2-CL_MIFRS_DepExp_2013'!O38+((C38*0.5)/D38))","v":0},null,0]
[1920,"Computer Equip.-Hardware(Post Mar. 19/07)",null,null,0,{"$f":"IF(D39=0,'App.2-CL_MIFRS_DepExp_2013'!O39,+'App.2-CL_MIFRS_DepExp_2013'!O39+((C39*0.5)/D39))","v":0},null,0]
[1930,"Transportation Equipment",null,null,0,{"$f":"IF(D40=0,'App.2-CL_MIFRS_DepExp_2013'!O40,+'App.2-CL_MIFRS_DepExp_2013'!O40+((C40*0.5)/D40))","v":0},null,0]
[1935,"Stores Equipment",null,null,0,{"$f":"IF(D41=0,'App.2-CL_MIFRS_DepExp_2013'!O41,+'App.2-CL_MIFRS_DepExp_2013'!O41+((C41*0.5)/D41))","v":0},null,0]
[1940,"Tools, Shop & Garage Equipment",null,null,0,{"$f":"IF(D42=0,'App.2-CL_MIFRS_DepExp_2013'!O42,+'App.2-CL_MIFRS_DepExp_2013'!O42+((C42*0.5)/D42))","v":0},null,0]
[1945,"Measurement & Testing Equipment",null,null,0,{"$f":"IF(D43=0,'App.2-CL_MIFRS_DepExp_2013'!O43,+'App.2-CL_MIFRS_DepExp_2013'!O43+((C43*0.5)/D43))","v":0},null,0]
[1950,"Power Operated Equipment",null,null,0,{"$f":"IF(D44=0,'App.2-CL_MIFRS_DepExp_2013'!O44,+'App.2-CL_MIFRS_DepExp_2013'!O44+((C44*0.5)/D44))","v":0},null,0]
[1955,"Communications Equipment",null,null,0,{"$f":"IF(D45=0,'App.2-CL_MIFRS_DepExp_2013'!O45,+'App.2-CL_MIFRS_DepExp_2013'!O45+((C45*0.5)/D45))","v":0},null,0]
[1955,"Communication Equipment (Smart Meters)",null,null,0,{"$f":"IF(D46=0,'App.2-CL_MIFRS_DepExp_2013'!O46,+'App.2-CL_MIFRS_DepExp_2013'!O46+((C46*0.5)/D46))","v":0},null,0]
[1960,"Miscellaneous Equipment ",null,null,0,{"$f":"IF(D47=0,'App.2-CL_MIFRS_DepExp_2013'!O47,+'App.2-CL_MIFRS_DepExp_2013'!O47+((C47*0.5)/D47))","v":0},null,0]
[1970,"Load Management Controls Customer Premises",null,null,0,{"$f":"IF(D48=0,'App.2-CL_MIFRS_DepExp_2013'!O48,+'App.2-CL_MIFRS_DepExp_2013'!O48+((C48*0.5)/D48))","v":0},null,0]
[1975,"Load Management Controls Utility Premises",null,null,0,{"$f":"IF(D49=0,'App.2-CL_MIFRS_DepExp_2013'!O49,+'App.2-CL_MIFRS_DepExp_2013'!O49+((C49*0.5)/D49))","v":0},null,0]
[1980,"System Supervisor Equipment",null,null,0,{"$f":"IF(D50=0,'App.2-CL_MIFRS_DepExp_2013'!O50,+'App.2-CL_MIFRS_DepExp_2013'!O50+((C50*0.5)/D50))","v":0},null,0]
[1985,"Miscellaneous Fixed Assets",null,null,0,{"$f":"IF(D51=0,'App.2-CL_MIFRS_DepExp_2013'!O51,+'App.2-CL_MIFRS_DepExp_2013'!O51+((C51*0.5)/D51))","v":0},null,0]
[1990,"Other Tangible Property",null,null,0,{"$f":"IF(D52=0,'App.2-CL_MIFRS_DepExp_2013'!O52,+'App.2-CL_MIFRS_DepExp_2013'!O52+((C52*0.5)/D52))","v":0},null,0]
[1995,"Contributions & Grants",null,null,0,{"$f":"IF(D53=0,'App.2-CL_MIFRS_DepExp_2013'!O53,+'App.2-CL_MIFRS_DepExp_2013'!O53+((C53*0.5)/D53))","v":0},null,0]
["etc.",null,null,null,0,{"$f":"IF(D54=0,'App.2-CL_MIFRS_DepExp_2013'!O54,+'App.2-CL_MIFRS_DepExp_2013'!O54+((C54*0.5)/D54))","v":0},null,0]
[null,null,null,null,0,{"$f":"IF(D55=0,'App.2-CL_MIFRS_DepExp_2013'!O55,+'App.2-CL_MIFRS_DepExp_2013'!O55+((C55*0.5)/D55))","v":0},null,0]
[null,"Total",{"$f":"SUM(C16:C55)","v":0},null,null,{"$f":"SUM(F16:F55)","v":0},{"$f":"SUM(G16:G55)","v":0},{"$f":"SUM(H16:H55)","v":0}]
[null,"Depreciation exp. adj. from gain or loss on the retirement of assets (pool of like assets)",null,null,null,0]
[null,"Total Depreciation expense to be included in the test year revenue requirement",null,null,null,{"$f":"SUM(F56:F57)","v":0}]
[]
["Notes:"]
[1,"Board policy of the \"half-year\" rule - the applicant must ensure that additions in the year attract a half-year depreciation expense in the first year.  Deviations from this standard practice must be supported in the application."]
[2,"The applicant must provide an explanation of material variances in evidence."]
[]
[]
["General:","Applicants must provide a breakdown of depreciation and amortization expense in the above format for all relevant accounts.  Asset Retirement Obligations (AROs), depreciation and accretion expense should be disclosed separately consistent with the Notes of historical Audited Financial Statements."]

{"sheet":"Instruction for App. 2-C CGAAP","index":23,"n_rows":12,"n_cols":1,"rows_kept":12,"cut":false,"hidden":false,"merged":[[7,0,7,12],[8,0,8,12],[10,0,10,10],[10,11,10,18],[11,0,11,10],[11,11,11,18]]}
["General Instructions to CGAAP - ASPE Appendices"]
["Types of Schedules to File"]
[]
[]
["Applicants filing a CGAAP or ASPE application should provide the following information:"]
[]
["Depreciation and Amortization - Appendix 2-C"]
["If an applicant chooses to remain on CGAAP or adopt ASPE and make the changes to capitalization and depreciation expense policies in 2012, the applicant must complete Appendix 2-CN to Appendix 2-CQ (inclusive)."]
["If an applicant chooses to remain on CGAAP or adopt ASPE and make the changes to capitalization and depreciation expense policies in 2013, the applicant must complete Appendix 2-CR to Appendix 2-CU (inclusive)."]
[]
["Account 1576, Accounting Changes Under CGAAP - Appendix 2-ED, Appendix 2-EE"]
["Please refer to section 2.12.5 of the Filing Requirements."]

{"sheet":"App.2-CN_OldCGAAP_DepExp_2012","index":24,"n_rows":63,"n_cols":12,"rows_kept":63,"cut":false,"hidden":false,"merged":[[59,1,59,11],[60,1,61,9],[62,1,63,11],[8,0,8,11],[9,0,9,11],[10,0,10,11],[13,0,14,0],[13,1,14,1],[13,10,14,10]]}
[null,null,null,null,null,null,null,null,null,null,"File Number:",{"$f":"EBNUMBER","v":"EB-2013-0115"}]
[null,null,null,null,null,null,null,null,null,null,"Exhibit:"]
[null,null,null,null,null,null,null,null,null,null,"Tab:"]
[null,null,null,null,null,null,null,null,null,null,"Schedule:"]
[null,null,null,null,null,null,null,null,null,null,"Page:"]
[]
[null,null,null,null,null,null,null,null,null,null,"Date:"]
[]
["Appendix 2-CN"]
["Depreciation and Amortization Expense"]
["Assumes the applicant made capitalization and depreciation expense accounting policy changes under CGAAP effective January 1, 2012"]
[null,null,"Year",2012,"Former CGAAP - CGAAP without the changes to the policies"]
[]
["Account","Description","Opening Regulatory Gross PP&E as at Jan 1, 2012","Less Fully Depreciated","Net for Depreciation","Additions","Total for Depreciation","Years","Depreciation Rate","Depreciation Expense","2012 Depreciation Expense per Appendix 2-B Fixed Assets, Column K \n (l)","Variance 2"]
[null,null,"(a)","(b)","(c)","(d)","(e) = (c) + ½ x (d) 1","(f)","(g) = 1 / (f)","(h) = (e) / (f)",null,"(m) = (h) - (l)"]
[1611,"Computer Software (Formally known as Account 1925)",null,null,{"$f":"C16-D16","v":0},null,{"$f":"E16+0.5*F16","v":0},null,{"$f":"IF(H16=0,0,1/H16)","v":0},{"$f":"IF(H16=0,0,G16/H16)","v":0},null,{"$f":"IF(ISERROR(+J16-K16), 0, +J16-K16)","v":0}]
[1612,"Land Rights (Formally known as Account 1906)",null,null,{"$f":"C17-D17","v":0},null,{"$f":"E17+0.5*F17","v":0},null,0,0,null,0]
[1805,"Land",null,null,0,null,0,null,0,0,null,0]
[1808,"Buildings",null,null,0,null,0,null,0,0,null,0]
[1810,"Leasehold Improvements",null,null,0,null,0,null,0,0,null,0]
[1815,"Transformer Station Equipment >50 kV",null,null,0,null,0,null,0,0,null,0]
[1820,"Distribution Station Equipment <50 kV",null,null,0,null,0,null,0,0,null,0]
[1825,"Storage Battery Equipment",null,null,0,null,0,null,0,0,null,0]
[1830,"Poles, Towers & Fixtures",null,null,0,null,0,null,0,0,null,0]
[1835,"Overhead Conductors & Devices",null,null,0,null,0,null,0,0,null,0]
[1840,"Underground Conduit",null,null,0,null,0,null,0,0,null,0]
[1845,"Underground Conductors & Devices",null,null,0,null,0,null,0,0,null,0]
[1850,"Line Transformers",null,null,0,null,0,null,0,0,null,0]
[1855,"Services (Overhead & Underground)",null,null,0,null,0,null,0,0,null,0]
[1860,"Meters",null,null,0,null,0,null,0,0,null,0]
[1860,"Meters (Smart Meters)",null,null,0,null,0,null,0,0,null,0]
[1905,"Land",null,null,0,null,0,null,0,0,null,0]
[1908,"Buildings & Fixtures",null,null,0,null,0,null,0,0,null,0]
[1910,"Leasehold Improvements",null,null,0,null,0,null,0,0,null,0]
[1915,"Office Furniture & Equipment (10 years)",null,null,0,null,0,null,0,0,null,0]
[1915,"Office Furniture & Equipment (5 years)",null,null,0,null,0,null,0,0,null,0]
[1920,"Computer Equipment - Hardware",null,null,0,null,0,null,0,0,null,0]
[1920,"Computer Equip.-Hardware(Post Mar. 22/04)",null,null,0,null,0,null,0,0,null,0]
[1920,"Computer Equip.-Hardware(Post Mar. 19/07)",null,null,0,null,0,null,0,0,null,0]
[1930,"Transportation Equipment",null,null,0,null,0,null,0,0,null,0]
[1935,"Stores Equipment",null,null,0,null,0,null,0,0,null,0]
[1940,"Tools, Shop & Garage Equipment",null,null,0,null,0,null,0,0,null,0]
[1945,"Measurement & Testing Equipment",null,null,0,null,0,null,0,0,null,0]
[1950,"Power Operated Equipment",null,null,0,null,0,null,0,0,null,0]
[1955,"Communications Equipment",null,null,0,null,0,null,0,0,null,0]
[1955,"Communication Equipment (Smart Meters)",null,null,0,null,0,null,0,0,null,0]
[1960,"Miscellaneous Equipment ",null,null,0,null,0,null,0,0,null,0]
[1970,"Load Management Controls - Customer Premises",null,null,0,null,0,null,0,0,null,0]
[1975,"Load Management Controls Utility Premises",null,null,0,null,0,null,0,0,null,0]
[1980,"System Supervisor Equipment",null,null,0,null,0,null,0,0,null,0]
[1985,"Miscellaneous Fixed Assets",null,null,0,null,0,null,0,0,null,0]
[1990,"Other Tangible Property",null,null,0,null,0,null,0,0,null,0]
[1995,"Contributions & Grants",null,null,0,null,0,null,0,0,null,0]
["etc.",null,null,null,0,null,0,null,0,0,null,0]
[null,null,null,null,0,null,0,null,0,0,null,0]
[null,"Total",{"$f":"SUM(C16:C55)","v":0},{"$f":"SUM(D16:D55)","v":0},{"$f":"SUM(E16:E55)","v":0},{"$f":"SUM(F16:F55)","v":0},{"$f":"SUM(G16:G55)","v":0},null,null,{"$f":"SUM(J16:J55)","v":0},{"$f":"SUM(K16:K55)","v":0},{"$f":"SUM(L16:L55)","v":0}]
[]
["Notes:"]
[]
[1,"Board policy of the \"half-year\" rule - the applicant must ensure that additions in the year attract a half-year depreciation expense in the first year.  Deviations from this standard practice must be supported in the application."]
[2,"The applicant must provide an explanation of material variances in evidence."]
[]
["General","Applicants must provide a breakdown of depreciation and amortization expense in the above format for all relevant accounts.  Asset Retirement Obligations (AROs), depreciation and accretion expense should be disclosed separately consistent with the Notes of historical Audited Financial Statements."]

{"sheet":"App.2-CO_NewCGAAP_DepExp_2012","index":25,"n_rows":68,"n_cols":15,"rows_kept":68,"cut":false,"hidden":false,"merged":[[67,1,68,14],[60,1,60,14],[61,1,61,14],[62,1,62,14],[63,1,63,14],[64,1,64,14],[65,1,65,14],[8,0,8,14],[9,0,9,14],[14,0,15,0],[14,1,15,1],[14,10,15,10],[14,13,15,13],[10,0,10,14]]}
[null,null,null,null,null,null,null,null,null,null,null,null,null,"File Number:",{"$f":"EBNUMBER","v":"EB-2013-0115"}]
[null,null,null,null,null,null,null,null,null,null,null,null,null,"Exhibit:"]
[null,null,null,null,null,null,null,null,null,null,null,null,null,"Tab:"]
[null,null,null,null,null,null,null,null,null,null,null,null,null,"Schedule:"]
[null,null,null,null,null,null,null,null,null,null,null,null,null,"Page:"]
[]
[null,null,null,null,null,null,null,null,null,null,null,null,null,"Date:"]
[]
["Appendix 2-CO"]
["Depreciation and Amortization Expense"]
["Assumes the applicant made capitalization and depreciation expense accounting policy changes under CGAAP effective January 1, 2012"]
[]
[null,null,"Year",2012,"Revised CGAAP or ASPE - CGAAP or ASPE with the changes to the policies"]
[]
["Account","Description","Opening NBV as at Jan 1, 2012 5","Additions","Average Remaining Life of Opening NBV 4","Years (new additions only) 3","Depreciation Rate on New Additions","Depreciation Expense on Opening NBV","Depreciation Expense on Additions 1","2012 Depreciation Expense","2012 Depreciation Expense per Appendix 2-B Fixed Assets, Column K \n (l)","Variance 2","Depreciation Expense on 2012 Full Year Additions","Less Depreciation Expense on Assets Fully Depreciated during the year\n(o)","2012 Full Year Depreciation 6"]
[null,null,"(a)","(d)","(i)","(f)","(g) = 1 / (f)","(j) = (a) / (i)","(h)=((d)*0.5)/(f) ","(k) = (j) + (h)",null,"(m) = (k) - (l)","(n) = (d)/(f) ",null,"(p) = (j) + (n) - (o)"]
[1611,"Computer Software (Formally known as Account 1925)",null,null,null,null,{"$f":"IF(F17=0,0,1/F17)","v":0},{"$f":"IF(E17=0,0,+C17/E17)","v":0},{"$f":"IF(F17=0,0,+(D17*0.5)/F17)","v":0},{"$f":"IF(ISERROR(+H17+I17), 0, +H17+I17)","v":0},null,{"$f":"IF(ISERROR(+J17-K17), 0, +J17-K17)","v":0},{"$f":"IF(F17=0,0,+(D17)/F17)","v":0},null,{"$f":"IF(ISERROR(+M17+H17-N17), 0, +M17+H17-N17)","v":0}]
[1612,"Land Rights (Formally known as Account 1906)",null,null,null,null,0,0,0,0,null,0,0,null,{"$f":"IF(ISERROR(+M18+H18-N18), 0, +M18+H18-N18)","v":0}]
[1805,"Land",null,null,null,null,0,0,0,0,null,0,0,null,0]
[1808,"Buildings",null,null,null,null,0,0,0,0,null,0,0,null,0]
[1810,"Leasehold Improvements",null,null,null,null,0,0,0,0,null,0,0,null,0]
[1815,"Transformer Station Equipment >50 kV",null,null,null,null,0,0,0,0,null,0,0,null,0]
[1820,"Distribution Station Equipment <50 kV",null,null,null,null,0,0,0,0,null,0,0,null,0]
[1825,"Storage Battery Equipment",null,null,null,null,0,0,0,0,null,0,0,null,0]
[1830,"Poles, Towers & Fixtures",null,null,null,null,0,0,0,0,null,0,0,null,0]
[1835,"Overhead Conductors & Devices",null,null,null,null,0,0,0,0,null,0,0,null,0]
[1840,"Underground Conduit",null,null,null,null,0,0,0,0,null,0,0,null,0]
[1845,"Underground Conductors & Devices",null,null,null,null,0,0,0,0,null,0,0,null,0]
[1850,"Line Transformers",null,null,null,null,0,0,0,0,null,0,0,null,0]
[1855,"Services (Overhead & Underground)",null,null,null,null,0,0,0,0,null,0,0,null,0]
[1860,"Meters",null,null,null,null,0,0,0,0,null,0,0,null,0]
[1860,"Meters (Smart Meters)",null,null,null,null,0,0,0,0,null,0,0,null,0]
[1905,"Land",null,null,null,null,0,0,0,0,null,0,0,null,0]
[1908,"Buildings & Fixtures",null,null,null,null,0,0,0,0,null,0,0,null,0]
[1910,"Leasehold Improvements",null,null,null,null,0,0,0,0,null,0,0,null,0]
[1915,"Office Furniture & Equipment (10 years)",null,null,null,null,0,0,0,0,null,0,0,null,0]
[1915,"Office Furniture & Equipment (5 years)",null,null,null,null,0,0,0,0,null,0,0,null,0]
[1920,"Computer Equipment - Hardware",null,null,null,null,0,0,0,0,null,0,0,null,0]
[1920,"Computer Equip.-Hardware(Post Mar. 22/04)",null,null,null,null,0,0,0,0,null,0,0,null,0]
[1920,"Computer Equip.-Hardware(Post Mar. 19/07)",null,null,null,null,0,0,0,0,null,0,0,null,0]
[1930,"Transportation Equipment",null,null,null,null,0,0,0,0,null,0,0,null,0]
[1935,"Stores Equipment",null,null,null,null,0,0,0,0,null,0,0,null,0]
[1940,"Tools, Shop & Garage Equipment",null,null,null,null,0,0,0,0,null,0,0,null,0]
[1945,"Measurement & Testing Equipment",null,null,null,null,0,0,0,0,null,0,0,null,0]
[1950,"Power Operated Equipment",null,null,null,null,0,0,0,0,null,0,0,null,0]
[1955,"Communications Equipment",null,null,null,null,0,0,0,0,null,0,0,null,0]
[1955,"Communication Equipment (Smart Meters)",null,null,null,null,0,0,0,0,null,0,0,null,0]
[1960,"Miscellaneous Equipment ",null,null,null,null,0,0,0,0,null,0,0,null,0]
[1970,"Load Management Controls - Customer Premises",null,null,null,null,0,0,0,0,null,0,0,null,0]
[1975,"Load Management Controls Utility Premises",null,null,null,null,0,0,0,0,null,0,0,null,0]
[1980,"System Supervisor Equipment",null,null,null,null,0,0,0,0,null,0,0,null,0]
[1985,"Miscellaneous Fixed Assets",null,null,null,null,0,0,0,0,null,0,0,null,0]
[1990,"Other Tangible Property",null,null,null,null,0,0,0,0,null,0,0,null,0]
[1995,"Contributions & Grants",null,null,null,null,0,0,0,0,null,0,0,null,0]
["etc.",null,null,null,null,null,0,0,0,0,null,0,0,null,0]
[null,null,null,null,null,null,0,0,0,0,null,0,0,null,0]
[null,"Total",{"$f":"SUM(C17:C56)","v":0},{"$f":"SUM(D17:D56)","v":0},null,null,null,{"$f":"SUM(H17:H56)","v":0},0,0,0,0,0,{"$f":"SUM(N17:N56)","v":0},0]
[]
["Notes:"]
[]
[1,"Board policy of the \"half-year\" rule - the applicant must ensure that additions in the year attract a half-year depreciation expense in the first year.  Deviations from this standard practice must be supported in the application."]
[2,"The applicant must provide an explanation of material variances in evidence."]
[3,"The applicant should ensure that the years for new additions of assets are the asset useful lives determined by management in accordance with the Board's regulatory accounting policies.   The capitalization and depreciation expense accounting changes should be implemented consistent with the Board’s regulatory accounting policies as set out for modified IFRS as contained in the Report of the Board, Transition to International Financial Reporting Standards, EB-2008-0408, the Kinectrics Report, and the Revised 2012 Accounting Procedures Handbook for Electricity Distributors (“APH”)."]
[4,"A recalculation should be performed to determine the average remaining life of opening balance of assets (i.e. excluding 2012 additions) under the change in policies under CGAAP.  For example, Asset A had a useful life of 20 years under CGAAP without the change in policies.  On January 1, 2012, the effective date of the changes in policies, Asset A was 3 years depreciated. As a result, Asset A would have a remaining service life of 17 years (20 years less 3 years) as of January 1, 2012.  Due to making the change in policies under CGAAP, management re-assessed the asset useful lives and concluded that the revised useful life of Asset A is now 30 years. Therefore, the average remaining useful life of the opening balance of Asset A is determined to be 27 years (30 years less 3 years) under the revised CGAAP as of January 1, 2012."]
[5," NBV must exclude assets still on the books but which have been fully amortized or depreciated."]
[6,"This column refers to the calculated full year depreciation but excludes the depreciation expense on assets fully depreciated during the year.  This column is used for the purpose of calculating depreciation expense in the following year on the next worksheet."]
[]
["General:","Applicants must provide a breakdown of depreciation and amortization expense in the above format for all relevant accounts.  Asset Retirement Obligations (AROs), depreciation and accretion expense should be disclosed separately consistent with the Notes of historical Audited Financial Statements."]

{"sheet":"App.2-CP_NewCGAAP_DepExp_2013","index":26,"n_rows":63,"n_cols":11,"rows_kept":63,"cut":false,"hidden":false,"merged":[[58,1,58,10],[59,1,59,10],[60,1,60,10],[62,1,63,10],[8,0,8,10],[9,0,9,10],[10,0,10,11],[13,0,14,0],[13,1,14,1],[13,6,14,6],[13,9,14,9]]}
[null,null,null,null,null,null,null,null,null,"File Number:",{"$f":"EBNUMBER","v":"EB-2013-0115"}]
[null,null,null,null,null,null,null,null,null,"Exhibit:"]
[null,null,null,null,null,null,null,null,null,"Tab:"]
[null,null,null,null,null,null,null,null,null,"Schedule:"]
[null,null,null,null,null,null,null,null,null,"Page:"]
[]
[null,null,null,null,null,null,null,null,null,"Date:"]
[]
["Appendix 2-CP"]
["Depreciation and Amortization Expense"]
["Assumes the applicant made capitalization and depreciation expense accounting policy changes under CGAAP effective January 1, 2012"]
[null,null,2013,"Revised CGAAP or ASPE - CGAAP or ASPE with the changes to the policies"]
[]
["Account","Description","Additions","Years (new additions only)","Depreciation Rate on New Additions","2013 Depreciation Expense 1","2013 Depreciation Expense per Apppendix 2-B Fixed Assets, Column K\n (l)","Variance 2","Depreciation Expense on 2013 Full Year Additions","Less Depreciation Expense on Assets Fully Depreciated during the year\n(o)","2013 Full Year Depreciation 3"]
[null,null,"(d)","(f)","(g) = 1 / (f)","(h)=2012 Full Year Deprecation + ((d)*0.5)/(f) ",null,"(m) = (h) - (l)","(n)=((d))/(f) ",null,"(p) = 2012 Full Year Depreciation  + (n) - (o)"]
[1611,"Computer Software (Formally known as Account 1925)",null,null,{"$f":"IF(D16=0,0,1/D16)","v":0},{"$f":"IF(D16=0,+'App.2-CO_NewCGAAP_DepExp_2012'!O17,+'App.2-CO_NewCGAAP_DepExp_2012'!O17+((C16*0.5)/D16))","v":0},null,{"$f":"IF(ISERROR(+F16-G16), 0, +F16-G16)","v":0},{"$f":"IF(D16=0,0,+(C16)/D16)","v":0},null,{"$f":"IF(ISERROR(+I16+'App.2-CO_NewCGAAP_DepExp_2012'!O17-J16), 0, +I16+'App.2-CO_NewCGAAP_DepExp_2012'!O17-J16)","v":0}]
[1612,"Land Rights (Formally known as Account 1906)",null,null,0,{"$f":"IF(D17=0,+'App.2-CO_NewCGAAP_DepExp_2012'!O18,+'App.2-CO_NewCGAAP_DepExp_2012'!O18+((C17*0.5)/D17))","v":0},null,0,0,null,{"$f":"IF(ISERROR(+I17+'App.2-CO_NewCGAAP_DepExp_2012'!O18-J17), 0, +I17+'App.2-CO_NewCGAAP_DepExp_2012'!O18-J17)","v":0}]
[1805,"Land",null,null,0,{"$f":"IF(D18=0,+'App.2-CO_NewCGAAP_DepExp_2012'!O19,+'App.2-CO_NewCGAAP_DepExp_2012'!O19+((C18*0.5)/D18))","v":0},null,0,0,null,{"$f":"IF(ISERROR(+I18+'App.2-CO_NewCGAAP_DepExp_2012'!O19-J18), 0, +I18+'App.2-CO_NewCGAAP_DepExp_2012'!O19-J18)","v":0}]
[1808,"Buildings",null,null,0,{"$f":"IF(D19=0,+'App.2-CO_NewCGAAP_DepExp_2012'!O20,+'App.2-CO_NewCGAAP_DepExp_2012'!O20+((C19*0.5)/D19))","v":0},null,0,0,null,{"$f":"IF(ISERROR(+I19+'App.2-CO_NewCGAAP_DepExp_2012'!O20-J19), 0, +I19+'App.2-CO_NewCGAAP_DepExp_2012'!O20-J19)","v":0}]
[1810,"Leasehold Improvements",null,null,0,{"$f":"IF(D20=0,+'App.2-CO_NewCGAAP_DepExp_2012'!O21,+'App.2-CO_NewCGAAP_DepExp_2012'!O21+((C20*0.5)/D20))","v":0},null,0,0,null,{"$f":"IF(ISERROR(+I20+'App.2-CO_NewCGAAP_DepExp_2012'!O21-J20), 0, +I20+'App.2-CO_NewCGAAP_DepExp_2012'!O21-J20)","v":0}]
[1815,"Transformer Station Equipment >50 kV",null,null,0,{"$f":"IF(D21=0,+'App.2-CO_NewCGAAP_DepExp_2012'!O22,+'App.2-CO_NewCGAAP_DepExp_2012'!O22+((C21*0.5)/D21))","v":0},null,0,0,null,{"$f":"IF(ISERROR(+I21+'App.2-CO_NewCGAAP_DepExp_2012'!O22-J21), 0, +I21+'App.2-CO_NewCGAAP_DepExp_2012'!O22-J21)","v":0}]
[1820,"Distribution Station Equipment <50 kV",null,null,0,{"$f":"IF(D22=0,+'App.2-CO_NewCGAAP_DepExp_2012'!O23,+'App.2-CO_NewCGAAP_DepExp_2012'!O23+((C22*0.5)/D22))","v":0},null,0,0,null,{"$f":"IF(ISERROR(+I22+'App.2-CO_NewCGAAP_DepExp_2012'!O23-J22), 0, +I22+'App.2-CO_NewCGAAP_DepExp_2012'!O23-J22)","v":0}]
[1825,"Storage Battery Equipment",null,null,0,{"$f":"IF(D23=0,+'App.2-CO_NewCGAAP_DepExp_2012'!O24,+'App.2-CO_NewCGAAP_DepExp_2012'!O24+((C23*0.5)/D23))","v":0},null,0,0,null,{"$f":"IF(ISERROR(+I23+'App.2-CO_NewCGAAP_DepExp_2012'!O24-J23), 0, +I23+'App.2-CO_NewCGAAP_DepExp_2012'!O24-J23)","v":0}]
[1830,"Poles, Towers & Fixtures",null,null,0,{"$f":"IF(D24=0,+'App.2-CO_NewCGAAP_DepExp_2012'!O25,+'App.2-CO_NewCGAAP_DepExp_2012'!O25+((C24*0.5)/D24))","v":0},null,0,0,null,{"$f":"IF(ISERROR(+I24+'App.2-CO_NewCGAAP_DepExp_2012'!O25-J24), 0, +I24+'App.2-CO_NewCGAAP_DepExp_2012'!O25-J24)","v":0}]
[1835,"Overhead Conductors & Devices",null,null,0,{"$f":"IF(D25=0,+'App.2-CO_NewCGAAP_DepExp_2012'!O26,+'App.2-CO_NewCGAAP_DepExp_2012'!O26+((C25*0.5)/D25))","v":0},null,0,0,null,{"$f":"IF(ISERROR(+I25+'App.2-CO_NewCGAAP_DepExp_2012'!O26-J25), 0, +I25+'App.2-CO_NewCGAAP_DepExp_2012'!O26-J25)","v":0}]
[1840,"Underground Conduit",null,null,0,{"$f":"IF(D26=0,+'App.2-CO_NewCGAAP_DepExp_2012'!O27,+'App.2-CO_NewCGAAP_DepExp_2012'!O27+((C26*0.5)/D26))","v":0},null,0,0,null,{"$f":"IF(ISERROR(+I26+'App.2-CO_NewCGAAP_DepExp_2012'!O27-J26), 0, +I26+'App.2-CO_NewCGAAP_DepExp_2012'!O27-J26)","v":0}]
[1845,"Underground Conductors & Devices",null,null,0,{"$f":"IF(D27=0,+'App.2-CO_NewCGAAP_DepExp_2012'!O28,+'App.2-CO_NewCGAAP_DepExp_2012'!O28+((C27*0.5)/D27))","v":0},null,0,0,null,{"$f":"IF(ISERROR(+I27+'App.2-CO_NewCGAAP_DepExp_2012'!O28-J27), 0, +I27+'App.2-CO_NewCGAAP_DepExp_2012'!O28-J27)","v":0}]
[1850,"Line Transformers",null,null,0,{"$f":"IF(D28=0,+'App.2-CO_NewCGAAP_DepExp_2012'!O29,+'App.2-CO_NewCGAAP_DepExp_2012'!O29+((C28*0.5)/D28))","v":0},null,0,0,null,{"$f":"IF(ISERROR(+I28+'App.2-CO_NewCGAAP_DepExp_2012'!O29-J28), 0, +I28+'App.2-CO_NewCGAAP_DepExp_2012'!O29-J28)","v":0}]
[1855,"Services (Overhead & Underground)",null,null,0,{"$f":"IF(D29=0,+'App.2-CO_NewCGAAP_DepExp_2012'!O30,+'App.2-CO_NewCGAAP_DepExp_2012'!O30+((C29*0.5)/D29))","v":0},null,0,0,null,{"$f":"IF(ISERROR(+I29+'App.2-CO_NewCGAAP_DepExp_2012'!O30-J29), 0, +I29+'App.2-CO_NewCGAAP_DepExp_2012'!O30-J29)","v":0}]
[1860,"Meters",null,null,0,{"$f":"IF(D30=0,+'App.2-CO_NewCGAAP_DepExp_2012'!O31,+'App.2-CO_NewCGAAP_DepExp_2012'!O31+((C30*0.5)/D30))","v":0},null,0,0,null,{"$f":"IF(ISERROR(+I30+'App.2-CO_NewCGAAP_DepExp_2012'!O31-J30), 0, +I30+'App.2-CO_NewCGAAP_DepExp_2012'!O31-J30)","v":0}]
[1860,"Meters (Smart Meters)",null,null,0,{"$f":"IF(D31=0,+'App.2-CO_NewCGAAP_DepExp_2012'!O32,+'App.2-CO_NewCGAAP_DepExp_2012'!O32+((C31*0.5)/D31))","v":0},null,0,0,null,{"$f":"IF(ISERROR(+I31+'App.2-CO_NewCGAAP_DepExp_2012'!O32-J31), 0, +I31+'App.2-CO_NewCGAAP_DepExp_2012'!O32-J31)","v":0}]
[1905,"Land",null,null,0,{"$f":"IF(D32=0,+'App.2-CO_NewCGAAP_DepExp_2012'!O33,+'App.2-CO_NewCGAAP_DepExp_2012'!O33+((C32*0.5)/D32))","v":0},null,0,0,null,{"$f":"IF(ISERROR(+I32+'App.2-CO_NewCGAAP_DepExp_2012'!O33-J32), 0, +I32+'App.2-CO_NewCGAAP_DepExp_2012'!O33-J32)","v":0}]
[1908,"Buildings & Fixtures",null,null,0,{"$f":"IF(D33=0,+'App.2-CO_NewCGAAP_DepExp_2012'!O34,+'App.2-CO_NewCGAAP_DepExp_2012'!O34+((C33*0.5)/D33))","v":0},null,0,0,null,{"$f":"IF(ISERROR(+I33+'App.2-CO_NewCGAAP_DepExp_2012'!O34-J33), 0, +I33+'App.2-CO_NewCGAAP_DepExp_2012'!O34-J33)","v":0}]
[1910,"Leasehold Improvements",null,null,0,{"$f":"IF(D34=0,+'App.2-CO_NewCGAAP_DepExp_2012'!O35,+'App.2-CO_NewCGAAP_DepExp_2012'!O35+((C34*0.5)/D34))","v":0},null,0,0,null,{"$f":"IF(ISERROR(+I34+'App.2-CO_NewCGAAP_DepExp_2012'!O35-J34), 0, +I34+'App.2-CO_NewCGAAP_DepExp_2012'!O35-J34)","v":0}]
[1915,"Office Furniture & Equipment (10 years)",null,null,0,{"$f":"IF(D35=0,+'App.2-CO_NewCGAAP_DepExp_2012'!O36,+'App.2-CO_NewCGAAP_DepExp_2012'!O36+((C35*0.5)/D35))","v":0},null,0,0,null,{"$f":"IF(ISERROR(+I35+'App.2-CO_NewCGAAP_DepExp_2012'!O36-J35), 0, +I35+'App.2-CO_NewCGAAP_DepExp_2012'!O36-J35)","v":0}]
[1915,"Office Furniture & Equipment (5 years)",null,null,0,{"$f":"IF(D36=0,+'App.2-CO_NewCGAAP_DepExp_2012'!O37,+'App.2-CO_NewCGAAP_DepExp_2012'!O37+((C36*0.5)/D36))","v":0},null,0,0,null,{"$f":"IF(ISERROR(+I36+'App.2-CO_NewCGAAP_DepExp_2012'!O37-J36), 0, +I36+'App.2-CO_NewCGAAP_DepExp_2012'!O37-J36)","v":0}]
[1920,"Computer Equipment - Hardware",null,null,0,{"$f":"IF(D37=0,+'App.2-CO_NewCGAAP_DepExp_2012'!O38,+'App.2-CO_NewCGAAP_DepExp_2012'!O38+((C37*0.5)/D37))","v":0},null,0,0,null,{"$f":"IF(ISERROR(+I37+'App.2-CO_NewCGAAP_DepExp_2012'!O38-J37), 0, +I37+'App.2-CO_NewCGAAP_DepExp_2012'!O38-J37)","v":0}]
[1920,"Computer Equip.-Hardware(Post Mar. 22/04)",null,null,0,{"$f":"IF(D38=0,+'App.2-CO_NewCGAAP_DepExp_2012'!O39,+'App.2-CO_NewCGAAP_DepExp_2012'!O39+((C38*0.5)/D38))","v":0},null,0,0,null,{"$f":"IF(ISERROR(+I38+'App.2-CO_NewCGAAP_DepExp_2012'!O39-J38), 0, +I38+'App.2-CO_NewCGAAP_DepExp_2012'!O39-J38)","v":0}]
[1920,"Computer Equip.-Hardware(Post Mar. 19/07)",null,null,0,{"$f":"IF(D39=0,+'App.2-CO_NewCGAAP_DepExp_2012'!O40,+'App.2-CO_NewCGAAP_DepExp_2012'!O40+((C39*0.5)/D39))","v":0},null,0,0,null,{"$f":"IF(ISERROR(+I39+'App.2-CO_NewCGAAP_DepExp_2012'!O40-J39), 0, +I39+'App.2-CO_NewCGAAP_DepExp_2012'!O40-J39)","v":0}]
[1930,"Transportation Equipment",null,null,0,{"$f":"IF(D40=0,+'App.2-CO_NewCGAAP_DepExp_2012'!O41,+'App.2-CO_NewCGAAP_DepExp_2012'!O41+((C40*0.5)/D40))","v":0},null,0,0,null,{"$f":"IF(ISERROR(+I40+'App.2-CO_NewCGAAP_DepExp_2012'!O41-J40), 0, +I40+'App.2-CO_NewCGAAP_DepExp_2012'!O41-J40)","v":0}]
[1935,"Stores Equipment",null,null,0,{"$f":"IF(D41=0,+'App.2-CO_NewCGAAP_DepExp_2012'!O42,+'App.2-CO_NewCGAAP_DepExp_2012'!O42+((C41*0.5)/D41))","v":0},null,0,0,null,{"$f":"IF(ISERROR(+I41+'App.2-CO_NewCGAAP_DepExp_2012'!O42-J41), 0, +I41+'App.2-CO_NewCGAAP_DepExp_2012'!O42-J41)","v":0}]
[1940,"Tools, Shop & Garage Equipment",null,null,0,{"$f":"IF(D42=0,+'App.2-CO_NewCGAAP_DepExp_2012'!O43,+'App.2-CO_NewCGAAP_DepExp_2012'!O43+((C42*0.5)/D42))","v":0},null,0,0,null,{"$f":"IF(ISERROR(+I42+'App.2-CO_NewCGAAP_DepExp_2012'!O43-J42), 0, +I42+'App.2-CO_NewCGAAP_DepExp_2012'!O43-J42)","v":0}]
[1945,"Measurement & Testing Equipment",null,null,0,{"$f":"IF(D43=0,+'App.2-CO_NewCGAAP_DepExp_2012'!O44,+'App.2-CO_NewCGAAP_DepExp_2012'!O44+((C43*0.5)/D43))","v":0},null,0,0,null,{"$f":"IF(ISERROR(+I43+'App.2-CO_NewCGAAP_DepExp_2012'!O44-J43), 0, +I43+'App.2-CO_NewCGAAP_DepExp_2012'!O44-J43)","v":0}]
[1950,"Power Operated Equipment",null,null,0,{"$f":"IF(D44=0,+'App.2-CO_NewCGAAP_DepExp_2012'!O45,+'App.2-CO_NewCGAAP_DepExp_2012'!O45+((C44*0.5)/D44))","v":0},null,0,0,null,{"$f":"IF(ISERROR(+I44+'App.2-CO_NewCGAAP_DepExp_2012'!O45-J44), 0, +I44+'App.2-CO_NewCGAAP_DepExp_2012'!O45-J44)","v":0}]
[1955,"Communications Equipment",null,null,0,{"$f":"IF(D45=0,+'App.2-CO_NewCGAAP_DepExp_2012'!O46,+'App.2-CO_NewCGAAP_DepExp_2012'!O46+((C45*0.5)/D45))","v":0},null,0,0,null,{"$f":"IF(ISERROR(+I45+'App.2-CO_NewCGAAP_DepExp_2012'!O46-J45), 0, +I45+'App.2-CO_NewCGAAP_DepExp_2012'!O46-J45)","v":0}]
[1955,"Communication Equipment (Smart Meters)",null,null,0,{"$f":"IF(D46=0,+'App.2-CO_NewCGAAP_DepExp_2012'!O47,+'App.2-CO_NewCGAAP_DepExp_2012'!O47+((C46*0.5)/D46))","v":0},null,0,0,null,{"$f":"IF(ISERROR(+I46+'App.2-CO_NewCGAAP_DepExp_2012'!O47-J46), 0, +I46+'App.2-CO_NewCGAAP_DepExp_2012'!O47-J46)","v":0}]
[1960,"Miscellaneous Equipment ",null,null,0,{"$f":"IF(D47=0,+'App.2-CO_NewCGAAP_DepExp_2012'!O48,+'App.2-CO_NewCGAAP_DepExp_2012'!O48+((C47*0.5)/D47))","v":0},null,0,0,null,{"$f":"IF(ISERROR(+I47+'App.2-CO_NewCGAAP_DepExp_2012'!O48-J47), 0, +I47+'App.2-CO_NewCGAAP_DepExp_2012'!O48-J47)","v":0}]
[1970,"Load Management Controls - Customer Premises",null,null,0,{"$f":"IF(D48=0,+'App.2-CO_NewCGAAP_DepExp_2012'!O49,+'App.2-CO_NewCGAAP_DepExp_2012'!O49+((C48*0.5)/D48))","v":0},null,0,0,null,{"$f":"IF(ISERROR(+I48+'App.2-CO_NewCGAAP_DepExp_2012'!O49-J48), 0, +I48+'App.2-CO_NewCGAAP_DepExp_2012'!O49-J48)","v":0}]
[1975,"Load Management Controls Utility Premises",null,null,0,{"$f":"IF(D49=0,+'App.2-CO_NewCGAAP_DepExp_2012'!O50,+'App.2-CO_NewCGAAP_DepExp_2012'!O50+((C49*0.5)/D49))","v":0},null,0,0,null,{"$f":"IF(ISERROR(+I49+'App.2-CO_NewCGAAP_DepExp_2012'!O50-J49), 0, +I49+'App.2-CO_NewCGAAP_DepExp_2012'!O50-J49)","v":0}]
[1980,"System Supervisor Equipment",null,null,0,{"$f":"IF(D50=0,+'App.2-CO_NewCGAAP_DepExp_2012'!O51,+'App.2-CO_NewCGAAP_DepExp_2012'!O51+((C50*0.5)/D50))","v":0},null,0,0,null,{"$f":"IF(ISERROR(+I50+'App.2-CO_NewCGAAP_DepExp_2012'!O51-J50), 0, +I50+'App.2-CO_NewCGAAP_DepExp_2012'!O51-J50)","v":0}]
[1985,"Miscellaneous Fixed Assets",null,null,0,{"$f":"IF(D51=0,+'App.2-CO_NewCGAAP_DepExp_2012'!O52,+'App.2-CO_NewCGAAP_DepExp_2012'!O52+((C51*0.5)/D51))","v":0},null,0,0,null,{"$f":"IF(ISERROR(+I51+'App.2-CO_NewCGAAP_DepExp_2012'!O52-J51), 0, +I51+'App.2-CO_NewCGAAP_DepExp_2012'!O52-J51)","v":0}]
[1990,"Other Tangible Property",null,null,0,{"$f":"IF(D52=0,+'App.2-CO_NewCGAAP_DepExp_2012'!O53,+'App.2-CO_NewCGAAP_DepExp_2012'!O53+((C52*0.5)/D52))","v":0},null,0,0,null,{"$f":"IF(ISERROR(+I52+'App.2-CO_NewCGAAP_DepExp_2012'!O53-J52), 0, +I52+'App.2-CO_NewCGAAP_DepExp_2012'!O53-J52)","v":0}]
[1995,"Contributions & Grants",null,null,0,{"$f":"IF(D53=0,+'App.2-CO_NewCGAAP_DepExp_2012'!O54,+'App.2-CO_NewCGAAP_DepExp_2012'!O54+((C53*0.5)/D53))","v":0},null,0,0,null,{"$f":"IF(ISERROR(+I53+'App.2-CO_NewCGAAP_DepExp_2012'!O54-J53), 0, +I53+'App.2-CO_NewCGAAP_DepExp_2012'!O54-J53)","v":0}]
["etc.",null,null,null,0,{"$f":"IF(D54=0,+'App.2-CO_NewCGAAP_DepExp_2012'!O55,+'App.2-CO_NewCGAAP_DepExp_2012'!O55+((C54*0.5)/D54))","v":0},null,0,0,null,{"$f":"IF(ISERROR(+I54+'App.2-CO_NewCGAAP_DepExp_2012'!O55-J54), 0, +I54+'App.2-CO_NewCGAAP_DepExp_2012'!O55-J54)","v":0}]
[null,null,null,null,0,{"$f":"IF(D55=0,+'App.2-CO_NewCGAAP_DepExp_2012'!O56,+'App.2-CO_NewCGAAP_DepExp_2012'!O56+((C55*0.5)/D55))","v":0},null,0,0,null,{"$f":"IF(ISERROR(+I55+'App.2-CO_NewCGAAP_DepExp_2012'!O56-J55), 0, +I55+'App.2-CO_NewCGAAP_DepExp_2012'!O56-J55)","v":0}]
[null,"Total",{"$f":"SUM(C16:C55)","v":0},null,null,{"$f":"SUM(F16:F55)","v":0},0,0,0,0,0]
[]
["Notes:"]
[1,"Board policy of the \"half-year\" rule - the applicant must ensure that additions in the year attract a half-year depreciation expense in the first year.  Deviations from this standard practice must be supported in the application."]
[2,"The applicant must provide an explanation of material variances in evidence."]
[3,"This column refers to the calculated full year depreciation but excludes the depreciation expense on assets fully depreciated during the year.  This column is used for the purpose of calculating depreciation expense in the following year on the next worksheet."]
[]
["General:","Applicants must provide a breakdown of depreciation and amortization expense in the above format for all relevant accounts.  Asset Retirement Obligations (AROs), depreciation and accretion expense should be disclosed separately consistent with the Notes of historical Audited Financial Statements."]

{"sheet":"App.2-CQ NewCGAAP_DepExp_2014","index":27,"n_rows":62,"n_cols":8,"rows_kept":62,"cut":false,"hidden":false,"merged":[[60,1,60,9],[61,1,62,7],[58,1,58,7],[59,1,59,9],[56,1,56,4],[10,0,10,7],[11,2,11,7],[8,0,8,9],[9,0,9,9],[13,1,14,1],[13,6,14,6]]}
[null,null,null,null,null,null,"File Number:",{"$f":"EBNUMBER","v":"EB-2013-0115"}]
[null,null,null,null,null,null,"Exhibit:"]
[null,null,null,null,null,null,"Tab:"]
[null,null,null,null,null,null,"Schedule:"]
[null,null,null,null,null,null,"Page:"]
[]
[null,null,null,null,null,null,"Date:"]
[]
["Appendix 2-CQ"]
["Depreciation and Amortization Expense"]
["Assumes the applicant made capitalization and depreciation expense accounting policy changes under CGAAP effective January 1, 2012"]
[null,2014,"Revised CGAAP or ASPE - CGAAP or ASPE with the changes to the policies"]
[]
["Account","Description","Additions","Years (new additions only)","Depreciation Rate on New Additions","2014 Depreciation Expense 1","2014 Depreciation Expense per Appendix 2-B Fixed Assets, Column K\n (l)","Variance 2"]
[null,null,"(d)","(f)","(g) = 1 / (f)","(h)=2013 Full Year Depreciation + ((d)*0.5)/(f) ",null,"(m) = (h) - (l)"]
[1611,"Computer Software (Formally known as Account 1925)",null,null,{"$f":"IF(D16=0,0,1/D16)","v":0},{"$f":"IF(D16=0,'App.2-CP_NewCGAAP_DepExp_2013'!K16,+'App.2-CP_NewCGAAP_DepExp_2013'!K16+((C16*0.5)/D16))","v":0},null,{"$f":"IF(ISERROR(+F16-G16), 0, +F16-G16)","v":0}]
[1612,"Land Rights (Formally known as Account 1906)",null,null,0,{"$f":"IF(D17=0,'App.2-CP_NewCGAAP_DepExp_2013'!K17,+'App.2-CP_NewCGAAP_DepExp_2013'!K17+((C17*0.5)/D17))","v":0},null,0]
[1805,"Land",null,null,0,{"$f":"IF(D18=0,'App.2-CP_NewCGAAP_DepExp_2013'!K18,+'App.2-CP_NewCGAAP_DepExp_2013'!K18+((C18*0.5)/D18))","v":0},null,0]
[1808,"Buildings",null,null,0,{"$f":"IF(D19=0,'App.2-CP_NewCGAAP_DepExp_2013'!K19,+'App.2-CP_NewCGAAP_DepExp_2013'!K19+((C19*0.5)/D19))","v":0},null,0]
[1810,"Leasehold Improvements",null,null,0,{"$f":"IF(D20=0,'App.2-CP_NewCGAAP_DepExp_2013'!K20,+'App.2-CP_NewCGAAP_DepExp_2013'!K20+((C20*0.5)/D20))","v":0},null,0]
[1815,"Transformer Station Equipment >50 kV",null,null,0,{"$f":"IF(D21=0,'App.2-CP_NewCGAAP_DepExp_2013'!K21,+'App.2-CP_NewCGAAP_DepExp_2013'!K21+((C21*0.5)/D21))","v":0},null,0]
[1820,"Distribution Station Equipment <50 kV",null,null,0,{"$f":"IF(D22=0,'App.2-CP_NewCGAAP_DepExp_2013'!K22,+'App.2-CP_NewCGAAP_DepExp_2013'!K22+((C22*0.5)/D22))","v":0},null,0]
[1825,"Storage Battery Equipment",null,null,0,{"$f":"IF(D23=0,'App.2-CP_NewCGAAP_DepExp_2013'!K23,+'App.2-CP_NewCGAAP_DepExp_2013'!K23+((C23*0.5)/D23))","v":0},null,0]
[1830,"Poles, Towers & Fixtures",null,null,0,{"$f":"IF(D24=0,'App.2-CP_NewCGAAP_DepExp_2013'!K24,+'App.2-CP_NewCGAAP_DepExp_2013'!K24+((C24*0.5)/D24))","v":0},null,0]
[1835,"Overhead Conductors & Devices",null,null,0,{"$f":"IF(D25=0,'App.2-CP_NewCGAAP_DepExp_2013'!K25,+'App.2-CP_NewCGAAP_DepExp_2013'!K25+((C25*0.5)/D25))","v":0},null,0]
[1840,"Underground Conduit",null,null,0,{"$f":"IF(D26=0,'App.2-CP_NewCGAAP_DepExp_2013'!K26,+'App.2-CP_NewCGAAP_DepExp_2013'!K26+((C26*0.5)/D26))","v":0},null,0]
[1845,"Underground Conductors & Devices",null,null,0,{"$f":"IF(D27=0,'App.2-CP_NewCGAAP_DepExp_2013'!K27,+'App.2-CP_NewCGAAP_DepExp_2013'!K27+((C27*0.5)/D27))","v":0},null,0]
[1850,"Line Transformers",null,null,0,{"$f":"IF(D28=0,'App.2-CP_NewCGAAP_DepExp_2013'!K28,+'App.2-CP_NewCGAAP_DepExp_2013'!K28+((C28*0.5)/D28))","v":0},null,0]
[1855,"Services (Overhead & Underground)",null,null,0,{"$f":"IF(D29=0,'App.2-CP_NewCGAAP_DepExp_2013'!K29,+'App.2-CP_NewCGAAP_DepExp_2013'!K29+((C29*0.5)/D29))","v":0},null,0]
[1860,"Meters",null,null,0,{"$f":"IF(D30=0,'App.2-CP_NewCGAAP_DepExp_2013'!K30,+'App.2-CP_NewCGAAP_DepExp_2013'!K30+((C30*0.5)/D30))","v":0},null,0]
[1860,"Meters (Smart Meters)",null,null,0,{"$f":"IF(D31=0,'App.2-CP_NewCGAAP_DepExp_2013'!K31,+'App.2-CP_NewCGAAP_DepExp_2013'!K31+((C31*0.5)/D31))","v":0},null,0]
[1905,"Land",null,null,0,{"$f":"IF(D32=0,'App.2-CP_NewCGAAP_DepExp_2013'!K32,+'App.2-CP_NewCGAAP_DepExp_2013'!K32+((C32*0.5)/D32))","v":0},null,0]
[1908,"Buildings & Fixtures",null,null,0,{"$f":"IF(D33=0,'App.2-CP_NewCGAAP_DepExp_2013'!K33,+'App.2-CP_NewCGAAP_DepExp_2013'!K33+((C33*0.5)/D33))","v":0},null,0]
[1910,"Leasehold Improvements",null,null,0,{"$f":"IF(D34=0,'App.2-CP_NewCGAAP_DepExp_2013'!K34,+'App.2-CP_NewCGAAP_DepExp_2013'!K34+((C34*0.5)/D34))","v":0},null,0]
[1915,"Office Furniture & Equipment (10 years)",null,null,0,{"$f":"IF(D35=0,'App.2-CP_NewCGAAP_DepExp_2013'!K35,+'App.2-CP_NewCGAAP_DepExp_2013'!K35+((C35*0.5)/D35))","v":0},null,0]
[1915,"Office Furniture & Equipment (5 years)",null,null,0,{"$f":"IF(D36=0,'App.2-CP_NewCGAAP_DepExp_2013'!K36,+'App.2-CP_NewCGAAP_DepExp_2013'!K36+((C36*0.5)/D36))","v":0},null,0]
[1920,"Computer Equipment - Hardware",null,null,0,{"$f":"IF(D37=0,'App.2-CP_NewCGAAP_DepExp_2013'!K37,+'App.2-CP_NewCGAAP_DepExp_2013'!K37+((C37*0.5)/D37))","v":0},null,0]
[1920,"Computer Equip.-Hardware(Post Mar. 22/04)",null,null,0,{"$f":"IF(D38=0,'App.2-CP_NewCGAAP_DepExp_2013'!K38,+'App.2-CP_NewCGAAP_DepExp_2013'!K38+((C38*0.5)/D38))","v":0},null,0]
[1920,"Computer Equip.-Hardware(Post Mar. 19/07)",null,null,0,{"$f":"IF(D39=0,'App.2-CP_NewCGAAP_DepExp_2013'!K39,+'App.2-CP_NewCGAAP_DepExp_2013'!K39+((C39*0.5)/D39))","v":0},null,0]
[1930,"Transportation Equipment",null,null,0,{"$f":"IF(D40=0,'App.2-CP_NewCGAAP_DepExp_2013'!K40,+'App.2-CP_NewCGAAP_DepExp_2013'!K40+((C40*0.5)/D40))","v":0},null,0]
[1935,"Stores Equipment",null,null,0,{"$f":"IF(D41=0,'App.2-CP_NewCGAAP_DepExp_2013'!K41,+'App.2-CP_NewCGAAP_DepExp_2013'!K41+((C41*0.5)/D41))","v":0},null,0]
[1940,"Tools, Shop & Garage Equipment",null,null,0,{"$f":"IF(D42=0,'App.2-CP_NewCGAAP_DepExp_2013'!K42,+'App.2-CP_NewCGAAP_DepExp_2013'!K42+((C42*0.5)/D42))","v":0},null,0]
[1945,"Measurement & Testing Equipment",null,null,0,{"$f":"IF(D43=0,'App.2-CP_NewCGAAP_DepExp_2013'!K43,+'App.2-CP_NewCGAAP_DepExp_2013'!K43+((C43*0.5)/D43))","v":0},null,0]
[1950,"Power Operated Equipment",null,null,0,{"$f":"IF(D44=0,'App.2-CP_NewCGAAP_DepExp_2013'!K44,+'App.2-CP_NewCGAAP_DepExp_2013'!K44+((C44*0.5)/D44))","v":0},null,0]
[1955,"Communications Equipment",null,null,0,{"$f":"IF(D45=0,'App.2-CP_NewCGAAP_DepExp_2013'!K45,+'App.2-CP_NewCGAAP_DepExp_2013'!K45+((C45*0.5)/D45))","v":0},null,0]
[1955,"Communication Equipment (Smart Meters)",null,null,0,{"$f":"IF(D46=0,'App.2-CP_NewCGAAP_DepExp_2013'!K46,+'App.2-CP_NewCGAAP_DepExp_2013'!K46+((C46*0.5)/D46))","v":0},null,0]
[1960,"Miscellaneous Equipment ",null,null,0,{"$f":"IF(D47=0,'App.2-CP_NewCGAAP_DepExp_2013'!K47,+'App.2-CP_NewCGAAP_DepExp_2013'!K47+((C47*0.5)/D47))","v":0},null,0]
[1970,"Load Management Controls - Customer Premises",null,null,0,{"$f":"IF(D48=0,'App.2-CP_NewCGAAP_DepExp_2013'!K48,+'App.2-CP_NewCGAAP_DepExp_2013'!K48+((C48*0.5)/D48))","v":0},null,0]
[1975,"Load Management Controls Utility Premises",null,null,0,{"$f":"IF(D49=0,'App.2-CP_NewCGAAP_DepExp_2013'!K49,+'App.2-CP_NewCGAAP_DepExp_2013'!K49+((C49*0.5)/D49))","v":0},null,0]
[1980,"System Supervisor Equipment",null,null,0,{"$f":"IF(D50=0,'App.2-CP_NewCGAAP_DepExp_2013'!K50,+'App.2-CP_NewCGAAP_DepExp_2013'!K50+((C50*0.5)/D50))","v":0},null,0]
[1985,"Miscellaneous Fixed Assets",null,null,0,{"$f":"IF(D51=0,'App.2-CP_NewCGAAP_DepExp_2013'!K51,+'App.2-CP_NewCGAAP_DepExp_2013'!K51+((C51*0.5)/D51))","v":0},null,0]
[1990,"Other Tangible Property",null,null,0,{"$f":"IF(D52=0,'App.2-CP_NewCGAAP_DepExp_2013'!K52,+'App.2-CP_NewCGAAP_DepExp_2013'!K52+((C52*0.5)/D52))","v":0},null,0]
[1995,"Contributions & Grants",null,null,0,{"$f":"IF(D53=0,'App.2-CP_NewCGAAP_DepExp_2013'!K53,+'App.2-CP_NewCGAAP_DepExp_2013'!K53+((C53*0.5)/D53))","v":0},null,0]
["etc.",null,null,null,0,{"$f":"IF(D54=0,'App.2-CP_NewCGAAP_DepExp_2013'!K54,+'App.2-CP_NewCGAAP_DepExp_2013'!K54+((C54*0.5)/D54))","v":0},null,0]
[null,null,null,null,0,{"$f":"IF(D55=0,'App.2-CP_NewCGAAP_DepExp_2013'!K55,+'App.2-CP_NewCGAAP_DepExp_2013'!K55+((C55*0.5)/D55))","v":0},null,0]
[null,"Total",{"$f":"SUM(C16:C55)","v":0},null,null,{"$f":"SUM(F16:F55)","v":0},{"$f":"SUM(G16:G55)","v":0},{"$f":"SUM(H16:H55)","v":0}]
[null,"Total Depreciation expense to be included in the test year revenue requirement",null,null,null,{"$f":"+F56","v":0}]
["Notes:"]
[1,"Board policy of the \"half-year\" rule - the applicant must ensure that additions in the year attract a half-year depreciation expense in the first year.  Deviations from this standard practice must be supported in the application."]
[2,"The applicant must provide an explanation of material variances in evidence."]
[]
["General:","Applicants must provide a breakdown of depreciation and amortization expense in the above format for all relevant accounts.  Asset Retirement Obligations (AROs), depreciation and accretion expense should be disclosed separately consistent with the Notes of historical Audited Financial Statements."]

{"sheet":"App.2-CR_OldCGAAP_DepExp_2012","index":28,"n_rows":229,"n_cols":12,"rows_kept":229,"cut":false,"hidden":false,"merged":[[8,0,8,11],[9,0,9,11],[10,0,10,11],[14,0,15,0],[14,1,15,1],[14,10,15,10],[181,0,182,0],[181,1,182,1],[181,10,182,10],[71,0,72,0],[71,1,72,1],[71,10,72,10],[127,0,128,0],[127,1,128,1],[127,10,128,10]]}
[null,null,null,null,null,null,null,null,null,null,"File Number:",{"$f":"EBNUMBER","v":"EB-2013-0115"}]
[null,null,null,null,null,null,null,null,null,null,"Exhibit:"]
[null,null,null,null,null,null,null,null,null,null,"Tab:"]
[null,null,null,null,null,null,null,null,null,null,"Schedule:"]
[null,null,null,null,null,null,null,null,null,null,"Page:"]
[]
[null,null,null,null,null,null,null,null,null,null,"Date:"]
[]
["Appendix 2-CR"]
["Depreciation and Amortization Expense"]
["Assumes the applicant made capitalization and depreciation expense accounting policy changes under CGAAP effective January 1, 2013"]
[]
[null,null,"Year",2012,"Former CGAAP - CGAAP without the changes to the policies"]
[]
["Account","Description","Opening Regulatory Gross PP&E as at Jan 1, 2012","Less Fully Depreciated","Net for Depreciation","Additions","Total for Depreciation","Years","Depreciation Rate","2012 Depreciation Expense","2012 Depreciation Expense per Appendix 2-B Fixed Assets, Column K\n (l)","Variance 2"]
[null,null,"(a)","(b)","(c)","(d)","(e) = (c) + ½ x (d) 1","(f)","(g) = 1 / (f)","(h) = (e) / (f)",null,"(m) = (h) - (l)"]
[1611,"Computer Software (Formally known as Account 1925)",4972576,2990941,{"$f":"C17-D17","v":1981635},566350,{"$f":"E17+0.5*F17","v":2264810},5,{"$f":"IF(H17=0,\"\",1/H17)","v":0.2},{"$f":"429908+46989","v":476897},476897,{"$f":"IF(ISERROR(+J17-K17), \"\", +J17-K17)","v":0}]
[1612,"Land Rights (Formally known as Account 1906)",12933,2130,{"$f":"C18-D18","v":10803},null,{"$f":"E18+0.5*F18","v":10803},35,2.8571428571428571E-2,{"$f":"IF(H18=0,0,G18/H18)","v":308.65714285714284},308.65714285714284,{"$f":"IF(ISERROR(+J18-K18), \"\", +J18-K18)","v":0}]
[1612,"Land Rights (Formally known as Account 1906)",176418,null,176418,null,176418,70,1.4285714285714285E-2,2520.2571428571428,2520.2571428571428]
[1805,"Land",202703,null,202703,null,202703,null,"",0,0,0]
[1808,"Buildings",203258,43131,160127,5450,162852,10,0.1,16285.2,16285.2,0]
[1808,"Buildings",7599,null,7599,null,7599,15,6.6666666666666666E-2,506.6,506.6,0]
[1808,"Buildings",9900,null,9900,null,9900,20,0.05,495,495,0]
[1808,"Buildings",405824,14394,391430,null,391430,25,0.04,15657.2,15657.2,0]
[1808,"Buildings",9085,null,9085,null,9085,30,3.3333333333333333E-2,302.83333333333331,302.83333333333331,0]
[1808,"Buildings",1655728,null,1655728,null,1655728,50,0.02,33114.559999999998,33114.559999999998,0]
[1810,"Leasehold Improvements",null,null,0,null,0,null,"",0,0,0]
[1815,"Transformer Station Equipment >50 kV",null,null,0,null,0,null,"",0,0,0]
[1820,"Distribution Station Equipment <50 kV",13826211,2800272,11025939,594681,11323279.5,30,3.3333333333333333E-2,367829,367829,0]
[1825,"Storage Battery Equipment",null,null,0,null,0,null,"",0,0,0]
[1830,"Poles, Towers & Fixtures",28590096,3902970,24687126,2590416,25982334,25,0.04,1039293.36,1039293.36,0]
[1835,"Overhead Conductors & Devices",39722236,6721781,33000455,1634365,33817637.5,25,0.04,1352705.5,1352705.5,0]
[1840,"Underground Conduit",14422386,2168316,12254070,1764996,13136568,25,0.04,525462.72,525462.72,0]
[1845,"Underground Conductors & Devices",25777253,3686138,22091115,1309497,22745863.5,25,0.04,909834.54,909834.54,0]
[1850,"Line Transformers",46417593,6514649,39902944,1855125,40830506.5,25,0.04,1633220.26,1633220.26,0]
[1855,"Services (Overhead & Underground)",30612058,5203960,25408098,1328442,26072319,25,0.04,1042892.76,1042892.76,0]
[1860,"Meters",8476768.7400000002,2165081,6311687.7400000002,{"$f":"9986098-9558982","v":427116},6525245.7400000002,25,0.04,261009.8296,261009.8296,0]
[1860,"Meters (Smart Meters)",null,null,0,9558982,4779491,15,6.6666666666666666E-2,{"$f":"IF(H38=0,0,G38/H38)+1280940","v":1599572.7333333334},1599572.7333333334,0]
[1905,"Land",96300,null,96300,null,96300,null,"",0,0,0]
[1908,"Buildings & Fixtures",null,null,0,19446,9723,5,0.2,1944.6,1944.6,0]
[1908,"Buildings & Fixtures",{"$f":"471626+38563","v":510189},{"$f":"167134+9447","v":176581},333608,{"$f":"3615+22314","v":25929},346572.5,10,0.1,34657.25,34657.25]
[1908,"Buildings & Fixtures",{"$f":"141810","v":141810},null,141810,{"$f":"-19519","v":-19519},132050.5,15,6.6666666666666666E-2,8803.3666666666668,8803.3666666666668]
[1908,"Buildings & Fixtures",{"$f":"278188+370060","v":648248},{"$f":"149255+12406","v":161661},486587,22593,497883.5,20,0.05,24894.174999999999,24894.174999999999]
[1908,"Buildings & Fixtures",{"$f":"433266+230201+85909","v":749376},null,749376,178347,838549.5,25,0.04,33541.980000000003,33541.980000000003]
[1908,"Buildings & Fixtures",{"$f":"3232809+2954630","v":6187439},null,6187439,null,6187439,50,0.02,123748.78,123748.78]
[1910,"Leasehold Improvements",null,null,0,null,0,null,"",0,0,0]
[1915,"Office Furniture & Equipment (10 years)",1396963,916649,480314,81205,520916.5,10,0.1,52091.65,52091.65,0]
[1915,"Office Furniture & Equipment (5 years)",null,null,0,null,0,null,"",0,0,0]
[1920,"Computer Equipment - Hardware",855550,{"$f":"494929+176983","v":671912},183638,89641,228458.5,5,0.2,{"$f":"IF(H49=0,0,G49/H49)+14742","v":60433.7},60433.7,0]
[1920,"Computer Equip.-Hardware(Post Mar. 22/04)",null,null,0,null,0,null,"",0,0,0]
[1920,"Computer Equip.-Hardware(Post Mar. 19/07)",null,null,0,null,0,null,"",0,0,0]
[1930,"Transportation Equipment",{"$f":"29164+834840","v":864004},{"$f":"29164+516477","v":545641},318363,64539,350632.5,5,0.2,70126.5,70126.5,0]
[1930,"Transportation Equipment",{"$f":"238713+2561883","v":2800596},{"$f":"238713+1049903+199385","v":1488001},1312595,null,1312595,8,0.125,164074.375,164074.375]
[1935,"Stores Equipment",292425,292425,0,null,0,null,"",0,0,0]
[1940,"Tools, Shop & Garage Equipment",1330286,1039162,291124,27128,304688,10,0.1,{"$f":"IF(H55=0,0,G55/H55)+1571","v":32039.8},32039.8,0]
[1945,"Measurement & Testing Equipment",368936,316147,52789,2519,54048.5,10,0.1,5404.85,5404.85,0]
[1950,"Power Operated Equipment",null,null,0,null,0,null,"",0,0,0]
[1955,"Communications Equipment",191860,191860,0,null,0,null,"",0,0,0]
[1955,"Communication Equipment (Smart Meters)",null,null,0,null,0,null,"",0,0,0]
[1960,"Miscellaneous Equipment ",null,null,0,null,0,null,"",0,0,0]
[1975,"Load Management Controls Utility Premises",null,null,0,null,0,null,"",0,0,0]
[1980,"System Supervisor Equipment",3021560,2628421,393139,64163,425220.5,15,6.6666666666666666E-2,25012,25012,0]
[1985,"Miscellaneous Fixed Assets",null,null,0,null,0,null,"",0,0,0]
[1995,"Contributions & Grants",-24106435,null,-24106435,-3238245,-25725557.5,25,0.04,-1029022.3,-1029022.3,0]
[1609,"Other Tangible Property",943057,0,943057,5855000,3870557,null,"",0,0,0]
[null,null,null,null,0,null,0,null,"",0,0,0]
[null,"Total",{"$f":"SUM(C17:C66)","v":211792789.74000001},{"$f":"SUM(D17:D66)","v":44642223},{"$f":"SUM(E17:E66)","v":167150566.74000001},{"$f":"SUM(F17:F66)","v":24808166},{"$f":"SUM(G17:G66)","v":179554649.74000001},null,null,{"$f":"SUM(J17:J66)","v":8885658.7372190468},{"$f":"SUM(K17:K66)","v":8885658.7372190468},{"$f":"SUM(L17:L66)","v":0}]
[]
[]
[null,null,"Year",2011,"Former CGAAP - CGAAP without the changes to the policies"]
[]
["Account","Description","Opening Regulatory Gross PP&E as at Jan 1, 2011","Less Fully Depreciated","Net for Depreciation","Additions","Total for Depreciation","Years","Depreciation Rate","2011 Depreciation Expense","2011 Depreciation Expense per Appendix 2-B Fixed Assets, Column K\n (l)","Variance 2"]
[null,null,"(a)","(b)","(c)","(d)","(e) = (c) + ½ x (d) 1","(f)","(g) = 1 / (f)","(h) = (e) / (f)",null,"(m) = (h) - (l)"]
[1611,"Computer Software (Formally known as Account 1925)",4441146,{"$f":"1744085+3359+62928+923641+19251+53848","v":2807112},{"$f":"C74-D74","v":1634034},531430,{"$f":"E74+0.5*F74","v":1899749},5,{"$f":"IF(H74=0,\"\",1/H74)","v":0.2},358411,358411,{"$f":"IF(ISERROR(+J74-K74), \"\", +J74-K74)","v":0}]
[1612,"Land Rights (Formally known as Account 1906)",12933,2130,{"$f":"C75-D75","v":10803},null,{"$f":"E75+0.5*F75","v":10803},35,2.8571428571428571E-2,{"$f":"IF(H75=0,0,G75/H75)","v":308.65714285714284},308.65714285714284,{"$f":"IF(ISERROR(+J75-K75), \"\", +J75-K75)","v":0}]
[1612,"Land Rights (Formally known as Account 1906)",176418,null,176418,null,176418,70,1.4285714285714285E-2,2520.2571428571428,2520.2571428571428,0]
[1805,"Land",202703,null,202703,null,202703,0,"",0,0,0]
[1808,"Buildings - Equipment",{"$f":"169172+8830+5700+1400","v":185102},27874,157228,{"$f":"6278+11880","v":18158},166307,10,0.1,16630.7,16630.7,0]
[1808,"Buildings - Equipment",null,null,0,7599,{"$f":"E79+0.5*F79","v":3799.5},15,6.6666666666666666E-2,253.3,253.3]
[1808,"Buildings - Equipment",9900,null,9900,null,{"$f":"E80+0.5*F80","v":9900},20,0.05,495,495]
[1808,"Buildings - Major Repairs",404394,14394,390000,1430,390715,25,0.04,15628.6,15628.6,0]
[1808,"Buildings - Major Repairs",9085,null,9085,null,9085,30,3.3333333333333333E-2,302.83333333333331,302.83333333333331]
[1808,"Buildings - Brick, Stone, Concrete and Steel",1655728,null,1655728,null,1655728,50,0.02,33114.559999999998,33114.559999999998,0]
[1810,"Leasehold Improvements",null,null,0,null,0,0,"",0,0,0]
[1815,"Transformer Station Equipment >50 kV",null,null,0,null,0,0,"",0,0,0]
[1820,"Distribution Station Equipment <50 kV",13180871,2563889,10616982,645339,10939651.5,30,3.3333333333333333E-2,360175,360175,0]
[1825,"Storage Battery Equipment",null,null,0,null,0,0,"",0,0,0]
[1830,"Poles, Towers & Fixtures",26025505,3292696,22732809,2564592,24015105,25,0.04,960604.2,960604.2,0]
[1835,"Overhead Conductors & Devices",38499884,5670755,32829129,1222353,33440305.5,25,0.04,1337612.22,1337612.22,0]
[1840,"Underground Conduit",13529171,1829276,11699895,893215,12146502.5,25,0.04,485860.1,485860.1,0]
[1845,"Underground Conductors & Devices",24767744,3109769,21657975,1009509,22162729.5,25,0.04,886509.18,886509.18,0]
[1850,"Line Transformers",45814007,5225939,40588068,603586,40889861,25,0.04,1635594.44,1635594.44,0]
[1855,"Services (Overhead & Underground)",29513031,4390262,25122769,1099026,25672282,25,0.04,1026891.28,1026891.28,0]
[1860,"Meters",8202543,{"$f":"1766267+55592","v":1821859},6380684,329818,6545593,25,0.04,261823.72,261823.72,0]
[1860,"Meters (Smart Meters)",null,null,0,null,0,null,"",0,0,0]
[1905,"Land",96300,null,96300,null,96300,0,"",0,0,0]
[1908,"Buildings & Fixtures - Equipment",{"$f":"380435+72750","v":453185},{"$f":"132169+9447","v":141616},311569,57003,340070.5,10,0.1,34007.050000000003,34007.050000000003,0]
[1908,"Buildings & Fixtures - Equipment",null,null,null,141810,70905,15,6.6666666666666666E-2,4727,4727]
[1908,"Buildings & Fixtures - Driveways",{"$f":"571928+76321","v":648249},{"$f":"149255+12406","v":161661},486588,null,486588,20,0.05,24329.4,24329.4,0]
[1908,"Buildings & Fixtures - Major Repairs",{"$f":"707393+41981","v":749374},null,749374,null,749374,25,0.04,29974.959999999999,29974.959999999999,0]
[1908,"Buildings & Fixtures - Brick Store etc",6187440,null,6187440,null,6187440,50,0.02,123748.8,123748.8,0]
[1910,"Leasehold Improvements",null,null,0,null,0,null,"",0,0,0]
[1915,"Office Furniture & Equipment (10 years)",1325174,{"$f":"714345+185514","v":899859},425315,71789,461209.5,10,0.1,46120.95,46120.95,0]
[1915,"Office Furniture & Equipment (5 years)",null,null,0,null,0,null,"",0,0,0]
[1920,"Computer Equipment - Hardware",813080,{"$f":"444183+92465+6575+2695+13597+44175","v":603690},209390,42470,230625,5,0.2,46125,46125,0]
[1920,"Computer Equip.-Hardware(Post Mar. 22/04)",null,null,0,null,0,null,"",0,0,0]
[1920,"Computer Equip.-Hardware(Post Mar. 19/07)",null,null,0,null,0,null,"",0,0,0]
[1930,"Transportation Equipment - under 3 Tons",951396,{"$f":"355662.92+151620","v":507282.92},444113.08,64228,476227.08,5,0.2,95245.415999999997,95245.415999999997,0]
[1930,"Transportation Equipment - 3 Tons & Over",2800596.14,{"$f":"238713+987648","v":1226361},1574235.1400000001,null,1574235.1400000001,8,0.125,196779.39250000002,196779.39250000002,0]
[1935,"Stores Equipment",292425,292425,0,null,0,10,0.1,0,0,0]
[1940,"Tools, Shop & Garage Equipment",1314552,{"$f":"385977+303289+314071+1714","v":1005051},309501,15734,317368,10,0.1,31736.799999999999,31736.799999999999,0]
[1945,"Measurement & Testing Equipment",366214,{"$f":"29125+280811","v":309936},56278,2722,57639,10,0.1,5763.9,5763.9,0]
[1950,"Power Operated Equipment",null,null,0,null,0,null,"",0,0,0]
[1955,"Communications Equipment",191861,191861,0,null,0,null,"",0,0,0]
[1955,"Communication Equipment (Smart Meters)",null,null,0,null,0,null,"",0,0,0]
[1960,"Miscellaneous Equipment ",null,null,0,null,0,null,"",0,0,0]
[1975,"Load Management Controls Utility Premises",null,null,0,null,0,null,"",0,0,0]
[1980,"System Supervisor Equipment",2976201,2626720,349481,45359,372160.5,15,6.6666666666666666E-2,22258,22258,0]
[1985,"Miscellaneous Fixed Assets",null,null,0,null,0,null,"",0,0,0]
[1995,"Contributions & Grants",-22658819,null,-22658819,-1447615,-23382626.5,25,0.04,-935305.06,-935305.06,0]
[1609,"Other Tangible Property",null,null,0,943057,471528.5,null,"",0,0,0]
[null,null,null,null,0,null,0,null,"",0,null,0]
[null,"Total",{"$f":"SUM(C74:C122)","v":203137393.13999999},{"$f":"SUM(D74:D122)","v":38722417.920000002},{"$f":"SUM(E74:E122)","v":164414975.22},{"$f":"SUM(F74:F122)","v":8862612},{"$f":"SUM(G74:G122)","v":168846281.22},null,null,{"$f":"SUM(J74:J122)","v":7108246.6561190486},{"$f":"SUM(K74:K122)","v":7108246.6561190486},{"$f":"SUM(L74:L122)","v":0}]
[]
[null,null,"Year",2010,"Former CGAAP - CGAAP without the changes to the policies"]
[]
[]
["Account","Description","Opening Regulatory Gross PP&E as at Jan 1, 2010","Less Fully Depreciated","Net for Depreciation","Additions","Total for Depreciation","Years","Depreciation Rate","2010 Depreciation Expense","2010 Depreciation Expense per Appendix 2-B Fixed Assets, Column K\n (l)","Variance 2"]
[null,null,"(a)","(b)","(c)","(d)","(e) = (c) + ½ x (d) 1","(f)","(g) = 1 / (f)","(h) = (e) / (f)",null,"(m) = (h) - (l)"]
[1611,"Computer Software (Formally known as Account 1925)",4191890,{"$f":"1744085+3359+62928+879693+19251+53848","v":2763164},{"$f":"C130-D130","v":1428726},249256,{"$f":"E130+0.5*F130","v":1553354},5,{"$f":"IF(H130=0,\"\",1/H130)","v":0.2},305500,305500,{"$f":"IF(ISERROR(+J130-K130), \"\", +J130-K130)","v":0}]
[1612,"Land Rights (Formally known as Account 1906)",12933,2130,{"$f":"C131-D131","v":10803},null,{"$f":"E131+0.5*F131","v":10803},35,2.8571428571428571E-2,{"$f":"IF(H131=0,0,G131/H131)","v":308.65714285714284},308.65714285714284,{"$f":"IF(ISERROR(+J131-K131), \"\", +J131-K131)","v":0}]
[1612,"Land Rights (Formally known as Account 1906)",176418,null,176418,null,176418,70,1.4285714285714285E-2,2520.2571428571428,2520.2571428571428,0]
[1805,"Land",202703,null,202703,null,202703,0,"",0,0,0]
[1808,"Buildings - Equipment",169172,22174,146998,15930,154963,10,0.1,15496.3,15496.3,0]
[1808,"Buildings - Equipment",null,null,0,9900,4950,20,0.05,247.5,247.5]
[1808,"Buildings - Major Repairs",404394,14394,390000,0,390000,25,0.04,15600,15600,0]
[1808,"Buildings - Major Repairs",null,null,0,9085,4542.5,30,3.3333333333333333E-2,151.41666666666666,151.41666666666666,0]
[1808,"Buildings - Brick, Stone, Concrete and Steel",1655728,null,1655728,null,1655728,50,0.02,33114.559999999998,33114.559999999998,0]
[1810,"Leasehold Improvements",0,null,0,null,0,null,"",0,0,0]
[1815,"Transformer Station Equipment >50 kV",0,null,0,null,0,null,"",0,0,0]
[1820,"Distribution Station Equipment <50 kV",12965913,2317634,10648279,214958,10755758,30,3.3333333333333333E-2,357629.64,357629.64,0]
[1825,"Storage Battery Equipment",0,null,0,null,0,null,"",0,0,0]
[1830,"Poles, Towers & Fixtures",24151388,2815379,21336009,1874117,22273067.5,25,0.04,890922.7,890922.7,0]
[1835,"Overhead Conductors & Devices",37300263,4848708,32451555,1199621,33051365.5,25,0.04,1322054.6200000001,1322054.6200000001,0]
[1840,"Underground Conduit",12088085,1564099,10523986,1441086,11244529,25,0.04,449781.16,449781.16,0]
[1845,"Underground Conductors & Devices",23584390,2658969,20925421,1183354,21517098,25,0.04,860683.92,860683.92,0]
[1850,"Line Transformers",43726111,4453185,39272926,2087896,40316874,25,0.04,1612674.96,1612674.96,0]
[1855,"Services (Overhead & Underground)",27927296,3753839,24173457,1585735,24966324.5,25,0.04,998652.98,998652.98,0]
[1860,"Meters",10063029,{"$f":"1483897+3967313","v":5451210},4611819,2106826,5665232,25,0.04,226609.28,226609.28,0]
[1860,"Meters (Smart Meters)",0,null,0,null,0,null,"",0,0,0]
[1905,"Land",96300,null,96300,null,96300,0,"",0,0,0]
[1908,"Buildings & Fixtures - Equipment",380435,{"$f":"123761+9447","v":133208},247227,72750,283602,10,0.1,28360.2,28360.2,0]
[1908,"Buildings & Fixtures - Driveways",571928,{"$f":"149255+12406","v":161661},410267,76321,448427.5,20,0.05,22421.375,22421.375,0]
[1908,"Buildings & Fixtures - Major Repairs",707393,null,707393,41981,728383.5,25,0.04,29135.34,29135.34,0]
[1908,"Buildings & Fixtures - Brick Store etc",6187439,null,6187439,null,6187439,50,0.02,123748.78,123748.78,0]
[1910,"Leasehold Improvements",0,null,0,null,0,null,"",0,0,0]
[1915,"Office Furniture & Equipment (10 years)",1273709,{"$f":"712402.58+185514.63+690","v":898607.21},375101.79000000004,52155,401179.29000000004,10,0.1,40117.929000000004,40117.929000000004,0]
[1915,"Office Furniture & Equipment (5 years)",0,null,0,null,0,null,"",0,0,0]
[1920,"Computer Equipment - Hardware",738094,{"$f":"388416+92465+6575+2695+13597+26894","v":530642},207452,74986,244945,5,0.2,48989,48989,0]
[1920,"Computer Equip.-Hardware(Post Mar. 22/04)",0,null,0,null,0,null,"",0,0,0]
[1920,"Computer Equip.-Hardware(Post Mar. 19/07)",0,null,0,null,0,null,"",0,0,0]
[1930,"Transportation Equipment - under 3 Tons",912989,478119,434870,38406,454073,5,0.2,90814.6,90814.6,0]
[1930,"Transportation Equipment - 3 Tons & Over",2979702,{"$f":"238713+987648+221678","v":1448039},1531663,42572,1552949,8,null,194118.625,194118.625,0]
[1935,"Stores Equipment",292425,292425,0,null,0,10,0.1,0,0,0]
[1940,"Tools, Shop & Garage Equipment",1292993,{"$f":"373537+303289+293393+1714","v":971933},321060,21559,331839.5,10,0.1,33183.949999999997,33183.949999999997,0]
[1945,"Measurement & Testing Equipment",362219,{"$f":"29125+280811","v":309936},52283,3995,54280.5,10,0.1,5428.05,5428.05,0]
[1950,"Power Operated Equipment",0,null,0,null,0,null,"",0,0,0]
[1955,"Communications Equipment",191861,191861,0,null,0,null,"",0,0,0]
[1955,"Communication Equipment (Smart Meters)",0,null,0,null,0,null,"",0,0,0]
[1960,"Miscellaneous Equipment ",0,null,0,null,0,null,"",0,0,0]
[1975,"Load Management Controls Utility Premises",0,null,0,null,0,null,"",0,0,0]
[1980,"System Supervisor Equipment",2883378,150363,2733015,92823,2779426.5,15,6.6666666666666666E-2,184143,184143,0]
[1985,"Miscellaneous Fixed Assets",0,null,0,null,0,null,"",0,0,0]
[1995,"Contributions & Grants",-19753629,null,-19753629,-2905190,-21206224,25,0.04,-848248.96,-848248.96,0]
["etc.",null,null,null,0,null,0,null,"",0,null,0]
[null,null,null,null,0,null,0,null,"",0,null,0]
[null,"Total",{"$f":"SUM(C130:C176)","v":197736949},{"$f":"SUM(D130:D176)","v":36231679.210000001},{"$f":"SUM(E130:E176)","v":161505269.78999999},{"$f":"SUM(F130:F176)","v":9590122},{"$f":"SUM(G130:G176)","v":166300330.78999999},null,null,{"$f":"SUM(J130:J176)","v":7044159.8399523823},{"$f":"SUM(K130:K176)","v":7044159.8399523823},{"$f":"SUM(L130:L176)","v":0}]
[]
[]
[null,null,"Year",2009,"Former CGAAP - CGAAP without the changes to the policies"]
[]
["Account","Description","Opening Regulatory Gross PP&E as at Jan 1, 2009","Less Fully Depreciated","Net for Depreciation","Additions","Total for Depreciation","Years","Depreciation Rate","2009 Depreciation Expense","2009 Depreciation Expense per Appendix 2-B Fixed Assets, Column K\n (l)","Variance 2"]
[null,null,"(a)","(b)","(c)","(d)","(e) = (c) + ½ x (d) 1","(f)","(g) = 1 / (f)","(h) = (e) / (f)",null,"(m) = (h) - (l)"]
[1611,"Computer Software (Formally known as Account 1925)",3501452,{"$f":"2319826+92388","v":2412214},{"$f":"C184-D184","v":1089238},782826,{"$f":"E184+0.5*F184","v":1480651},5,{"$f":"IF(H184=0,\"\",1/H184)","v":0.2},277324,277324,{"$f":"IF(ISERROR(+J184-K184), \"\", +J184-K184)","v":0}]
[1612,"Land Rights (Formally known as Account 1906)",12933,2130,{"$f":"C185-D185","v":10803},null,{"$f":"E185+0.5*F185","v":10803},35,2.8571428571428571E-2,{"$f":"IF(H185=0,0,G185/H185)","v":308.65714285714284},308.65714285714284,{"$f":"IF(ISERROR(+J185-K185), \"\", +J185-K185)","v":0}]
[1612,"Land Rights (Formally known as Account 1906)",176418,null,176418,null,176418,70,1.4285714285714285E-2,2520.2571428571428,2520.2571428571428,0]
[1805,"Land",202703,null,202703,null,202703,0,"",0,0,0]
[1808,"Buildings - Equipment",161977,22174,139803,7195,143400.5,10,0.1,14340.05,14340.05,0]
[1808,"Buildings - Major Repairs",199541,14394,185147,204853,287573.5,25,0.04,11502.94,11502.94,0]
[1808,"Buildings - Brick, Stone, Concrete and Steel",1655728,null,1655728,null,1655728,50,0.02,33114.559999999998,33114.559999999998,0]
[1810,"Leasehold Improvements",0,null,0,null,0,null,"",0,0,0]
[1815,"Transformer Station Equipment >50 kV",0,null,0,null,0,null,"",0,0,0]
[1820,"Distribution Station Equipment <50 kV",12783395,{"$f":"2563889-208748-37507","v":2317634},10465761,182518,10557020,30,3.3333333333333333E-2,351900.66666666669,351900.66666666669,0]
[1825,"Storage Battery Equipment",0,null,0,null,0,null,"",0,0,0]
[1830,"Poles, Towers & Fixtures",22037933,2681053,19356880,2113455,20413607.5,25,0.04,816544.3,816544.3,0]
[1835,"Overhead Conductors & Devices",35342997,4617368,30725629,1957266,31704262,25,0.04,1268170.48,1268170.48,0]
[1840,"Underground Conduit",10733310,1489474,9243836,1354775,9921223.5,25,0.04,396848.94,396848.94,0]
[1845,"Underground Conductors & Devices",20652799,2532105,18120694,2931591,19586489.5,25,0.04,783459.58,783459.58,0]
[1850,"Line Transformers",39911353,4311517,35599836,3814758,37507215,25,0.04,1500288.6,1500288.6,0]
[1855,"Services (Overhead & Underground)",24660397,3574737,21085660,3266899,22719109.5,25,0.04,908764.38,908764.38,0]
[1860,"Meters",13557072,{"$f":"1483897+3885280","v":5369177},8187895,391237,8383513.5,25,0.04,335340.53999999998,335340.53999999998,0]
[1860,"Meters (Smart Meters)",0,null,0,null,0,null,"",0,0,0]
[1905,"Land",96300,null,96300,null,96300,0,"",0,0,0]
[1908,"Buildings & Fixtures - Equipment",231107,133208,97899,149328,172563,10,0.1,17256.3,17256.3,0]
[1908,"Buildings & Fixtures - Driveways",555994,161661,394333,15934,402300,20,0.05,20115,20115,0]
[1908,"Buildings & Fixtures - Major Repairs",609173,null,609173,98221,658283.5,25,0.04,26331.34,26331.34,0]
[1908,"Buildings & Fixtures - Brick Store etc",6187439,null,6187439,null,6187439,50,0.02,123748.78,123748.78,0]
[1910,"Leasehold Improvements",0,null,0,null,0,null,"",0,0,0]
[1915,"Office Furniture & Equipment (10 years)",1191252,865122,326130,82457,367358.5,10,0.1,36735.85,36735.85,0]
[1915,"Office Furniture & Equipment (5 years)",0,null,0,null,0,null,"",0,0,0]
[1920,"Computer Equipment - Hardware",1836832,{"$f":"416852+1127023","v":1543875},292957,28284,307099,5,0.2,61419.8,61419.8,0]
[1920,"Computer Equip.-Hardware(Post Mar. 22/04)",0,null,0,null,0,null,"",0,0,0]
[1920,"Computer Equip.-Hardware(Post Mar. 19/07)",0,null,0,null,0,null,"",0,0,0]
[1930,"Transportation Equipment - under 3 Tons",863324,{"$f":"244626+17695+78086","v":340407},522917,145446,595640,5,0.2,119128,119128,0]
[1930,"Transportation Equipment - 3 Tons & Over",2609760,{"$f":"1448039+36694","v":1484733},1125027,406635,1328344.5,8,null,166043.0625,166043.0625,0]
[1935,"Stores Equipment",292425,292425,0,null,0,10,0.1,0,0,0]
[1940,"Tools, Shop & Garage Equipment",1277349,947360,329989,15644,337811,10,0.1,33781.1,33781.1,0]
[1945,"Measurement & Testing Equipment",354348,309936,44412,7871,48347.5,10,0.1,4834.75,4834.75,0]
[1950,"Power Operated Equipment",0,null,0,null,0,null,"",0,0,0]
[1955,"Communications Equipment",191861,191861,0,null,0,null,"",0,0,0]
[1955,"Communication Equipment (Smart Meters)",0,null,0,null,0,null,"",0,0,0]
[1960,"Miscellaneous Equipment ",0,null,0,null,0,null,"",0,0,0]
[1975,"Load Management Controls Utility Premises",0,null,0,null,0,null,"",0,0,0]
[1980,"System Supervisor Equipment",2759678,{"$f":"2589779-2439416","v":150363},2609315,123700,2671165,15,6.6666666666666666E-2,178077.66666666666,178077.66666666666,0]
[1985,"Miscellaneous Fixed Assets",0,null,0,null,0,null,"",0,0,{"$f":"IF(ISERROR(+J225-K225), \"\", +J225-K225)","v":0}]
[1995,"Contributions & Grants",-13092065,null,-13092065,-6661564,-16422847,25,0.04,-656913.88,-656913.88,0]
["etc.",null,null,null,0,null,0,null,"",0,null,0]
[null,null,null,null,0,null,0,null,"",0,null,0]
[null,"Total",{"$f":"SUM(C184:C228)","v":191554785},{"$f":"SUM(D184:D228)","v":35764928},{"$f":"SUM(E184:E228)","v":155789857},{"$f":"SUM(F184:F228)","v":11419329},{"$f":"SUM(G184:G228)","v":161499521.5},null,null,{"$f":"SUM(J184:J228)","v":6830985.720119047},{"$f":"SUM(K184:K228)","v":6830985.720119047},{"$f":"SUM(L184:L228)","v":0}]

{"sheet":"App.2-CS_OldCGAAP_DepExp_2013","index":29,"n_rows":72,"n_cols":12,"rows_kept":72,"cut":false,"hidden":false,"merged":[[68,1,68,11],[69,1,69,11],[71,1,72,11],[8,0,8,11],[9,0,9,11],[10,0,10,11],[13,0,14,0],[13,1,14,1],[13,10,14,10]]}
[null,null,null,null,null,null,null,null,null,null,"File Number:",{"$f":"EBNUMBER","v":"EB-2013-0115"}]
[null,null,null,null,null,null,null,null,null,null,"Exhibit:"]
[null,null,null,null,null,null,null,null,null,null,"Tab:"]
[null,null,null,null,null,null,null,null,null,null,"Schedule:"]
[null,null,null,null,null,null,null,null,null,null,"Page:"]
[]
[null," ",null,null,null,null,null,null,null,null,"Date:"]
[]
["Appendix 2-CS"]
["Depreciation and Amortization Expense"]
["Assumes the applicant made capitalization and depreciation expense accounting policy changes under CGAAP effective January 1, 2013"]
[null,null,"Year",2013,"Former CGAAP - CGAAP without the changes to the policies"]
[]
["Account","Description","Opening Regulatory Gross PP&E as at Jan 1, 2013","Less Fully Depreciated","Net for Depreciation","Additions","Total for Depreciation","Years","Depreciation Rate","2013 Depreciation Expense","2013 Depreciation Expense per Appendix 2-B Fixed Assets, Column K\n (l)","Variance 2"]
[null,null,"(a)","(b)","(c)","(d)","(e) = (c) + ½ x (d) 1","(f)","(g) = 1 / (f)","(h) = (e) / (f)",null,"(m) = (h) - (l)"]
[1611,"Computer Software (Formally known as Account 1925)",5538925.8600000003,{"$f":"3209130.66","v":3209130.66},{"$f":"C16-D16","v":2329795.2000000002},345000,{"$f":"E16+0.5*F16","v":2502295.2000000002},6.6463999999999999,{"$f":"IF(H16=0,\"\",1/H16)","v":0.15045739046701975},{"$f":"IF(H16=0,0,G16/H16)","v":376488.80597014929},376488.80597014929,{"$f":"IF(ISERROR(+J16-K16),\"\",+J16-K16)","v":0}]
[1612,"Land Rights (Formally known as Account 1906)",12932.5,2130,{"$f":"C17-D17","v":10802.5},null,{"$f":"E17+0.5*F17","v":10802.5},35,{"$f":"IF(H17=0,\"\",1/H17)","v":2.8571428571428571E-2},{"$f":"IF(H17=0,0,G17/H17)","v":308.64285714285717},308.64285714285717,{"$f":"IF(ISERROR(+J17-K17),\"\",+J17-K17)","v":0}]
[1612,"Land Rights (Formally known as Account 1906)",176418,null,176418,null,176418,70,1.4285714285714285E-2,{"$f":"IF(H18=0,0,G18/H18)","v":2520.2571428571428},2520.2571428571428,0]
[1805,"Land",202702.95,null,202702.95,null,202702.95,0,"",0,0,0]
[1808,"Buildings",208708.45,61436.89,147271.56,5000,149771.56,10,0.1,14977.155999999999,14977.155999999999,0]
[1808,"Buildings",7598.54,null,7598.54,null,7598.54,15,6.6666666666666666E-2,506.5693333333333,506.5693333333333,0]
[1808,"Buildings",9900,null,9900,null,9900,20,0.05,495,495,0]
[1808,"Buildings",405824.25,23224.04,382600.21,null,382600.21,25,0.04,15304.008400000001,15304.008400000001,0]
[1808,"Buildings",9085,null,9085,null,9085,30,3.3333333333333333E-2,302.83333333333331,302.83333333333331,0]
[1808,"Buildings",1655728.02,null,1655728.02,null,1655728.02,50,0.02,33114.560400000002,33114.560400000002,0]
[1810,"Leasehold Improvements",null,null,0,null,0,null,"",0,0,0]
[1815,"Transformer Station Equipment >50 kV",null,null,0,null,0,null,"",0,0,0]
[1820,"Distribution Station Equipment <50 kV",14420892.07,{"$f":"2861189.74+117707.79","v":2978897.5300000003},11441994.539999999,229738.99,11556864.034999998,30,3.3333333333333333E-2,385228.80116666661,385228.80116666661,0]
[1825,"Storage Battery Equipment",null,null,0,null,0,null,"",0,0,0]
[1830,"Poles, Towers & Fixtures",31180512.149999999,4601676.12,26578836.029999997,3720150.82,28438911.439999998,25.069500000000001,3.9889108278984418E-2,1134402.8177666087,1134402.8177666087,0]
[1835,"Overhead Conductors & Devices",41356601.159999996,7925108.8799999999,33431492.279999997,1205634.42,34034309.489999995,25.243400000000001,3.9614315028878834E-2,1348245.8579272204,1348245.8579272204,0]
[1840,"Underground Conduit",16187381.560000001,2556486.7400000002,13630894.82,2113875.2400000002,14687832.440000001,25.181699999999999,3.9711377706826784E-2,583274.06171942328,583274.06171942328,0]
[1845,"Underground Conductors & Devices",27086749.73,4346027.45,22740722.280000001,1710859.43,23596151.995000001,25.1921,3.9694983744904155E-2,936648.86988381285,936648.86988381285,0]
[1850,"Line Transformers",48272718.32,7922689.54,40350028.780000001,2142678.4500000002,41421368.005000003,26.5397,3.767940104824094E-2,1560732.3370271707,1560732.3370271707,0]
[1855,"Services (Overhead & Underground)",31940499.329999998,6135568.1699999999,25804931.159999996,1210801.6499999999,26410331.984999996,25.242799999999999,3.9615256627632434E-2,1046252.079206744,1046252.079206744,0]
[1860,"Meters",18462866.489999998,2617696.98,15845169.509999998,670000,16180169.509999998,17.875139999999998,5.5943617784252324E-2,905177.2187518531,905177.2187518531,0]
[1860,"Meters (Smart Meters)",null,null,0,null,0,null,"",0,0,0]
[1905,"Land",96299.71,null,96299.71,null,96299.71,0,"",0,0,0]
[1908,"Buildings & Fixtures",19446.25,null,19446.25,null,19446.25,5,0.2,3889.25,3889.25,0]
[1908,"Buildings & Fixtures",{"$f":"475240.2+60876.89","v":536117.09},{"$f":"150143.42+21117.4","v":171260.82},364856.26999999996,null,364856.26999999996,10,0.1,36485.626999999993,36485.626999999993,0]
[1908,"Buildings & Fixtures",{"$f":"122290.61","v":122290.61},null,122290.61,null,122290.61,15,6.6666666666666666E-2,8152.7073333333337,8152.7073333333337,0]
[1908,"Buildings & Fixtures",{"$f":"278188.29+392652.73","v":670841.02},{"$f":"149254.8+12406.1","v":161660.9},509180.12,null,509180.12,20,0.05,25459.006000000001,25459.006000000001,0]
[1908,"Buildings & Fixtures",{"$f":"611612.88+230200.66+85909.1","v":927722.64},null,927722.64,35000,945222.64,25,0.04,37808.905599999998,37808.905599999998,0]
[1908,"Buildings & Fixtures",{"$f":"3232809.46+2954630.31","v":6187439.7699999996},null,6187439.7699999996,null,6187439.7699999996,50,0.02,123748.79539999999,123748.79539999999,0]
[1910,"Leasehold Improvements",null,null,0,null,0,null,"",0,0,0]
[1915,"Office Furniture & Equipment (10 years)",1478168.42,864006.37,614162.04999999993,54000,641162.04999999993,10,0.1,64116.204999999994,64116.204999999994,0]
[1915,"Office Furniture & Equipment (5 years)",null,null,0,null,0,null,"",0,0,0]
[1920,"Computer Equipment - Hardware",768207.89,545460.62,222747.27000000002,98000,271747.27,5,0.2,54349.454000000005,54349.454000000005,0]
[1920,"Computer Equip.-Hardware(Post Mar. 22/04)",null,null,0,null,0,null,"",0,0,0]
[1920,"Computer Equip.-Hardware(Post Mar. 19/07)",null,null,0,null,0,null,"",0,0,0]
[1930,"Transportation Equipment",{"$f":"29164.32+899378.31","v":928542.63},{"$f":"29164.32+518666.26","v":547830.57999999996},380712.05000000005,null,380712.05000000005,5,0.2,76142.41,76142.41,0]
[1930,"Transportation Equipment",{"$f":"238713.31+2362497.55","v":2601210.86},{"$f":"232941.54+1049902.8","v":1282844.3400000001},1318366.5199999998,46000,1341366.5199999998,8,0.125,167670.81499999997,167670.81499999997,0]
[1935,"Stores Equipment",292425,292425,0,null,0,10,0.1,0,0,0]
[1940,"Tools, Shop & Garage Equipment",1357414.37,797694.93,559719.44000000006,18000,568719.44000000006,10,0.1,56871.944000000003,56871.944000000003,0]
[1945,"Measurement & Testing Equipment",371455.48,300312.09000000003,71143.389999999956,3000,72643.389999999956,10,0.1,7264.3389999999954,7264.3389999999954,0]
[1950,"Power Operated Equipment",null,null,0,null,0,null,"",0,0,0]
[1955,"Communications Equipment",191861,191861,0,null,0,null,"",0,0,0]
[1955,"Communication Equipment (Smart Meters)",null,null,0,null,0,null,"",0,0,0]
[1960,"Miscellaneous Equipment ",null,null,0,null,0,null,"",0,0,0]
[1975,"Load Management Controls Utility Premises",null,null,0,null,0,null,"",0,0,0]
[1980,"System Supervisor Equipment",3085723.59,{"$f":"2719786.73-117707.79","v":2602078.94},483644.64999999991,95261.01,531275.15499999991,15,6.6666666666666666E-2,35418.34366666666,35418.34366666666,0]
[1985,"Miscellaneous Fixed Assets",null,null,0,null,0,null,"",0,0,0]
[1995,"Contributions & Grants",-27344679.59,null,-27344679.59,-3460000,-29074679.59,25,0.04,-1162987.1836000001,-1162987.1836000001,0]
[1609,"Other Tangible Property",6798057,null,6798057,-1477000,6059557,60,1.6666666666666666E-2,44342.14,44342.14,0]
[null,null,null,null,0,null,0,null,null,0,null,0]
[null,"Total",{"$f":"SUM(C16:C65)","v":236224588.12},{"$f":"SUM(D16:D65)","v":50137508.589999996},186087079.53000006,8766000.0100000016,190470079.53500003,null,null,{"$f":"SUM(J16:J65)","v":7922712.6352863144},7922712.6352863144,0]
[]
["Notes:"]
[1,"Board policy of the \"half-year\" rule - the applicant must ensure that additions in the year attract a half-year depreciation expense in the first year.  Deviations from this standard practice must be supported in the application."]
[2,"The applicant must provide an explanation of material variances in evidence."]
[]
["General:","Applicants must provide a breakdown of depreciation and amortization expense in the above format for all relevant accounts.  Asset Retirement Obligations (AROs), depreciation and accretion expense should be disclosed separately consistent with the Notes of historical Audited Financial Statements."]

{"sheet":"App.2-CT_NewCGAAP_DepExp_2013","index":30,"n_rows":86,"n_cols":17,"rows_kept":86,"cut":false,"hidden":false,"merged":[[85,1,87,11],[78,1,78,14],[79,1,79,14],[80,1,80,14],[81,1,81,14],[82,1,82,14],[83,1,83,14],[13,0,14,0],[13,1,14,1],[13,10,14,10],[13,13,14,13],[8,0,8,14],[9,0,9,14],[10,0,10,14]]}
[null,null,null,null,null,null,null,null,null,null,null,null,null,"File Number:",{"$f":"EBNUMBER","v":"EB-2013-0115"}]
[null,null,null,null,null,null,null,null,null,null,null,null,null,"Exhibit:"]
[null,null,null,null,null,null,null,null,null,null,null,null,null,"Tab:"]
[null,null,null,null,null,null,null,null,null,null,null,null,null,"Schedule:"]
[null,null,null,null,null,null,null,null,null,null,null,null,null,"Page:"]
[]
[null,null,null,null,null,null,null,null,null,null,null,null,null,"Date:"]
[]
["Appendix 2-CT"]
["Depreciation and Amortization Expense"]
["Assumes the applicant made capitalization and depreciation expense accounting policy changes under CGAAP effective January 1, 2013"]
[null,null,"Year",2013,"Revised CGAAP or ASPE - CGAAP or ASPE with the changes to the policies"]
[]
["Account","Description","Opening NBV as at Jan 1, 2013 5","Additions","Average Remaining Life of Opening NBV 4","Years (new additions only) 3","Depreciation Rate on New Additions","Depreciation Expense on Opening NBV","Depreciation Expense on Additions 1","2013 Depreciation Expense","2013 Depreciation Expense per Appendix 2-B Fixed Assets, Column K\n (l)","Variance 2","Depreciation Expense on 2013 Full Year Additions","Less Depreciation Expense on Assets Fully Depreciated during the year\n(o)","2013 Full Year Depreciation 6","Reclass","Only 2013"]
[null,null,"(a)","(d)","(i)","(f)","(g) = 1 / (f)","(j) = (a) / (i)","(h)=((d)*0.5)/(f) ","(k) = (j) + (h)",null,"(m) = (k) - (l)","(n)=((d))/(f) ",null,"(p) = (j) + (n) - (o)"]
[1611,"Computer Software (Formally known as Account 1925)",{"$f":"1461466+345","v":1461811},345000,5.88,6,{"$f":"IF(F16=0,0,1/F16)","v":0.16666666666666666},{"$f":"IF(E16=0,0,+C16/E16)","v":248607.31292517006},29500,{"$f":"IF(ISERROR(+H16+I16), 0, +H16+I16)","v":278107.31292517006},278107.31292517006,{"$f":"IF(ISERROR(+J16-K16), 0, +J16-K16)","v":0},59000,22316,{"$f":"IF(ISERROR(+M16+H16-N16), 0, +M16+H16-N16)+56150","v":341441.31292517006},{"$f":"43130+9584+3436","v":56150}]
[1612,"Land Rights (Formally known as Account 1906)",1537,null,5,null,0,{"$f":"IF(E17=0,0,+C17/E17)","v":307.39999999999998},{"$f":"IF(F17=0,0,+(D17*0.5)/F17)","v":0},307.39999999999998,307.39999999999998,0,{"$f":"IF(F17=0,0,+(D17)/F17)","v":0},null,{"$f":"IF(ISERROR(+M17+H17-N17), 0, +M17+H17-N17)","v":307.39999999999998}]
[1612,"Land Rights (Formally known as Account 1906)",161297,null,64,null,0,2520.265625,0,2520.265625,2520.265625,0,0,null,2520.265625]
[1805,"Land",202703,null,null,null,0,0,0,0,0,0,0,null,0]
[1808,"Buildings",145956,5000,9.9107000000000003,10,0.1,14727.113120163056,250,14977.113120163056,14977.113120163056,0,500,null,15227.113120163056]
[1808,"Buildings",6839,null,13.51,null,null,506.2176165803109,0,506.2176165803109,506.2176165803109,0,0,null,506.2176165803109]
[1808,"Buildings",8663,null,17.5,null,null,495.02857142857141,0,495.02857142857141,495.02857142857141,0,0,null,495.02857142857141]
[1808,"Buildings",347435,null,22.702200000000001,null,null,15304.02339861335,0,15304.02339861335,15304.02339861335,0,0,null,15304.02339861335]
[1808,"Buildings",8328,null,27.48,null,null,303.05676855895194,0,303.05676855895194,303.05676855895194,0,0,null,303.05676855895194]
[1808,"Buildings",625709,null,18.686499999999999,null,null,33484.547668102641,0,33484.547668102641,33484.547668102641,0,0,2184,31300.547668102641]
[1810,"Leasehold Improvements",null,null,null,null,0,0,0,0,0,0,0,null,0]
[1815,"Transformer Station Equipment >50 kV",null,null,null,null,0,0,0,0,0,0,0,null,0]
[1820,"Distribution Station Equipment <50 kV",{"$f":"5313261-117708","v":5195553},206520,24.177399999999999,40,2.5000000000000001E-2,214892.9578862905,2581.5,217474.4578862905,217474.4578862905,0,5163,null,220055.9578862905]
[1820,"Distribution Station Equipment <50 kV",null,7695,null,20,0.05,0,192.375,192.375,192.375,0,384.75,null,384.75]
[1825,"Storage Battery Equipment",null,null,null,null,0,0,0,0,0,0,0,null,0]
[1830,"Poles, Towers & Fixtures",16364710,3252295,33.028199999999998,40,2.5000000000000001E-2,495476.89550142002,40653.6875,536130.58300142002,536130.58300142002,0,81307.375,null,{"$f":"IF(ISERROR(+M31+H31-N31), 0, +M31+H31-N31)","v":576784.27050142002}]
[1835,"Overhead Conductors & Devices",17410602,226610,31.2912,40,2.5000000000000001E-2,556405.69872679864,2832.625,559238.32372679864,559238.32372679864,0,5665.25,null,{"$f":"IF(ISERROR(+M32+H32-N32), 0, +M32+H32-N32)-43130-34987","v":483953.94872679864},-43130,-34987]
[1835,"Overhead Conductors & Devices",null,401155,null,60,1.6666666666666666E-2,null,3342.9583333333335,3342.9583333333335,3342.9583333333335,0,6685.916666666667,null,6685.916666666667]
[1835,"Overhead Conductors & Devices",null,54005,null,20,0.05,null,1350.125,1350.125,1350.125,0,2700.25,null,2700.25]
[1840,"Underground Conduit",8374179,1981565,52.001199999999997,60,1.6666666666666666E-2,161038.18758028661,16513.041666666668,177551.22924695327,177551.22924695327,0,33026.083333333336,null,194064.27091361996]
[1845,"Underground Conductors & Devices",12959955,1399615,22.244399999999999,40,2.5000000000000001E-2,582616.52370933816,17495.1875,600111.71120933816,600111.71120933816,0,34990.375,null,{"$f":"IF(ISERROR(+M36+H36-N36), 0, +M36+H36-N36)-54496","v":563110.89870933816},null,-54496]
[1845,"Underground Conductors & Devices",null,204710,null,30,3.3333333333333333E-2,null,3411.8333333333335,3411.8333333333335,3411.8333333333335,0,6823.666666666667,null,6823.666666666667]
[1850,"Line Transformers",20769135,2008135,30.915600000000001,40,2.5000000000000001E-2,671801.12952684076,25101.6875,696902.81702684076,696902.81702684076,0,50203.375,null,722004.50452684076]
[1855,"Services (Overhead & Underground)",13750012,1589650,51.405900000000003,60,1.6666666666666666E-2,267479.25821744197,13247.083333333334,280726.34155077528,280726.34155077528,0,26494.166666666668,null,293973.42488410865]
[1860,"Meters",{"$f":"12001434-7959409","v":4042025},271400,11.8652,15,6.6666666666666666E-2,340662.18858510605,9046.6666666666661,349708.85525177274,349708.85525177274,0,18093.333333333332,null,{"$f":"IF(ISERROR(+M40+H40-N40), 0, +M40+H40-N40)-9584-72753","v":276418.52191843936},-9584,-72753]
[1860,"Meters",null,304565,null,20,0.05,null,7614.125,7614.125,7614.125,0,15228.25,null,15228.25]
[1860,"Meters",null,58780,null,45,2.2222222222222223E-2,null,653.11111111111109,653.11111111111109,653.11111111111109,0,1306.2222222222222,null,1306.2222222222222]
[1860,"Meters (Smart Meters)",7959409,null,12.4899,null,0,637267.63224685541,0,637267.63224685541,637267.63224685541,0,0,null,637267.63224685541]
[1905,"Land",96300,null,null,null,0,0,0,0,0,0,0,null,0]
[1908,"Buildings & Fixtures",17501.62,null,4.5002000000000004,null,0,3889.0760410648409,0,3889.0760410648409,3889.0760410648409,0,0,null,3889.0760410648409]
[1908,"Buildings & Fixtures",{"$f":"372811+49026","v":421837},null,11.5619,null,0,36485.093280516179,0,36485.093280516179,36485.093280516179,0,0,null,36485.093280516179]
[1908,"Buildings & Fixtures",{"$f":"108760","v":108760},null,13.3415,null,0,8152.0068957763369,0,8152.0068957763369,8152.0068957763369,0,0,null,8152.0068957763369]
[1908,"Buildings & Fixtures",{"$f":"258524+320557","v":579081},null,22.7456,null,0,25459.033835115362,0,25459.033835115362,25459.033835115362,0,0,null,25459.033835115362]
[1908,"Buildings & Fixtures",{"$f":"540840+195735+61751","v":798326},35000,21.513500000000001,25,0.04,37108.141399586304,700,37808.141399586304,37808.141399586304,0,1400,null,38508.141399586304]
[1908,"Buildings & Fixtures",{"$f":"1334267+1324244","v":2658511},null,19.980699999999999,null,0,133053.94705891187,0,133053.94705891187,133053.94705891187,0,0,2367,{"$f":"IF(ISERROR(+M50+H50-N50), 0, +M50+H50-N50)-3436","v":127250.94705891187},-3436]
[1910,"Leasehold Improvements",null,null,null,null,0,0,0,0,0,0,0,null,0]
[1915,"Office Furniture & Equipment (10 years)",319085,54000,5.5503999999999998,10,0.1,57488.649466705101,2700,60188.649466705101,60188.649466705101,0,5400,7221,55667.649466705101]
[1915,"Office Furniture & Equipment (5 years)",null,null,null,null,0,0,0,0,0,0,0,null,0]
[1920,"Computer Equipment - Hardware",154526,98000,3.0987,5,0.2,49868.009165133764,9800,59668.009165133764,59668.009165133764,0,19600,8973,{"$f":"IF(ISERROR(+M54+H54-N54), 0, +M54+H54-N54)-2580","v":57915.009165133757},null,-2580]
[1920,"Computer Equip.-Hardware(Post Mar. 22/04)",null,null,null,null,0,0,0,0,0,0,0,null,0]
[1920,"Computer Equip.-Hardware(Post Mar. 19/07)",null,null,null,null,0,0,0,0,0,0,0,null,0]
[1930,"Transportation Equipment",258981,null,14.2918,null,0,18120.950475097608,0,18120.950475097608,18120.950475097608,0,0,null,18120.950475097608]
[1930,"Transportation Equipment",569810,46000,11.014799999999999,12,8.3333333333333329E-2,51731.306968805613,1916.6666666666667,53647.973635472277,53647.973635472277,0,3833.3333333333335,null,55564.640302138949]
[1935,"Stores Equipment",null,null,null,null,0,0,0,0,0,0,0,null,0]
[1940,"Tools, Shop & Garage Equipment",149260,18000,4.9420999999999999,10,0.1,30201.736104085307,900,31101.736104085307,31101.736104085307,0,1800,5920,26081.736104085307]
[1945,"Measurement & Testing Equipment",53785,3000,9.8810000000000002,10,0.1,5443.2749721688087,150,5593.2749721688087,5593.2749721688087,0,300,1268,4475.2749721688087]
[1950,"Power Operated Equipment",null,null,null,null,0,0,0,0,0,0,0,null,0]
[1955,"Communications Equipment",null,null,null,null,0,0,0,0,0,0,0,null,0]
[1955,"Communication Equipment (Smart Meters)",null,null,null,null,0,0,0,0,0,0,0,null,0]
[1960,"Miscellaneous Equipment ",null,null,null,null,0,0,0,0,0,0,0,null,0]
[1970,"Load Management Controls - Customer Premises",null,null,null,null,0,0,0,0,0,0,0,null,0]
[1975,"Load Management Controls Utility Premises",null,null,null,null,0,0,0,0,0,0,0,null,0]
[1980,"System Supervisor Equipment",{"$f":"362894+117708","v":480602},36195,2.9068999999999998,30,3.3333333333333333E-2,165331.45275035262,603.25,165934.70275035262,165934.70275035262,0,1206.5,101961,64576.952750352619]
[1980,"System Supervisor Equipment",null,52625,null,10,0.1,0,2631.25,2631.25,2631.25,0,5262.5,null,5262.5]
[1985,"Miscellaneous Fixed Assets",null,null,null,null,0,0,0,0,0,0,0,null,0]
[1990,"Other Tangible Property",null,null,null,null,0,0,0,0,0,0,0,null,0]
[1995,"Contributions & Grants",{"$f":"-21546388","v":-21546388},-3217443,41.230899999999998,46.656799999999997,2.1433102998919772E-2,-522578.64853786846,-34479.893606076716,-557058.54214394512,-557059.0152045351,0.47306058998219669,-68959.787212153431,null,-591538.43575002183]
[1609,"Other Tangible Property",6798057,-1477000,null,60,1.6666666666666666E-2,0,44342,44342,44342,0,88684,null,88684]
[null,null,null,null,null,null,0,0,0,0,0,0,0,null,0]
[null,"Total",{"$f":"SUM(C16:C74)","v":101713892.62},{"$f":"SUM(D16:D74)","v":7965077},null,null,null,{"$f":"SUM(H16:H74)","v":4343649.4675494451},203049.28000503438,4546698.747554481,4546698.2744938908,0.47306058998219669,406098.56001006876,{"$f":"SUM(N16:N74)","v":152210},4432722.0275595151,{"$f":"SUM(P16:P74)","v":0},{"$f":"SUM(Q16:Q74)","v":-164816}]
[]
["Notes:"]
[]
[1,"Board policy of the \"half-year\" rule - the applicant must ensure that additions in the year attract a half-year depreciation expense in the first year.  Deviations from this standard practice must be supported in the application."]
[2,"The applicant must provide an explanation of material variances in evidence."]
[3,"The applicant should ensure that the years for new additions of assets are the asset useful lives determined by management in accordance with the Board's regulatory accounting policies.   The capitalization and depreciation expense accounting changes should be implemented consistent with the Board’s regulatory accounting policies as set out for modified IFRS as contained in the Report of the Board, Transition to International Financial Reporting Standards, EB-2008-0408, the Kinectrics Report, and the Revised 2012 Accounting Procedures Handbook for Electricity Distributors (“APH”)."]
[4,"A recalculation should be performed to determine the average remaining life of opening balance of assets (i.e. excluding 2013 additions) under the change in policies under CGAAP.  For example, Asset A had a useful life of 20 years under CGAAP without the change in policies.  On January 1, 2013, the effective date of the changes in poliices, Asset A was 3 years depreciated. As a result, Asset A would have a remaining service life of 17 years (20 years less 3 years) as of January 1, 2013.  Due to making the change in policies under CGAAP, management re-assessed the asset useful lives and concluded that the revised useful life of Asset A is now 30 years. Therefore, the average remaining useful life of the opening balance of Asset A is determined to be 27 years (30 years less 3 years) under the revised CGAAP as of January 1, 2013."]
[5,"NBV must exclude assets still on the books but which have been fully amortized or depreciated."]
[6,"This column refers to the calculated full year depreciation but excludes the depreciation expense on assets fully depreciated during the year.  This column is used for the purpose of calculating depreciation expense in the following year on the next worksheet."]
[]
["General:","Applicants must provide a breakdown of depreciation and amortization expense in the above format for all relevant accounts.  Asset Retirement Obligations (AROs), depreciation and accretion expense should be disclosed separately consistent with the Notes of historical Audited Financial Statements."]

{"sheet":"App.2-CU_NewCGAAP_DepExp_2014","index":31,"n_rows":76,"n_cols":10,"rows_kept":76,"cut":false,"hidden":false,"merged":[[75,1,75,4],[8,0,8,9],[9,0,9,9],[10,0,10,11],[12,0,13,0],[12,1,13,1],[12,6,13,6]]}
[null,null,null,null,null,null,null,null,"File Number:",{"$f":"EBNUMBER","v":"EB-2013-0115"}]
[null,null,null,null,null,null,null,null,"Exhibit:"]
[null,null,null,null,null,null,null,null,"Tab:"]
[null,null,null,null,null,null,null,null,"Schedule:"]
[null,null,null,null,null,null,null,null,"Page:"]
[]
[null,null,null,null,null,null,null,null,"Date:"]
[]
["Appendix 2-CU"]
["Depreciation and Amortization Expense"]
["Assumes the applicant made capitalization and depreciation expense accounting policy changes under CGAAP effective January 1, 2013"]
[null,null,"Year",2014,"Revised CGAAP or ASPE - CGAAP or ASPE with the changes to the policies"]
["Account","Description","Additions","Years (new additions only)","Depreciation Rate on New Additions","2014 Depreciation Expense 1","2014 Depreciation Expense per Appendix 2-B Fixed Assets, Column K\n (l)","Variance 2"]
[null,null,"(d)","(f)","(g) = 1 / (f)","(h)=2013 Full Year Depreciation + ((d)*0.5)/(f) ",null,"(m) = (h) - (l)"]
[1611,"Computer Software (Formally known as Account 1925)",195000,5,{"$f":"IF(D15=0,0,1/D15)","v":0.2},360941.31292517006,360633,{"$f":"IF(ISERROR(+F15-G15), 0, +F15-G15)","v":308.31292517005932}]
[1611,"Computer Software (Formally known as Account 1925)",50000,10,0.1,2807.4,2807.4,0]
[1612,"Land Rights (Formally known as Account 1906)",60000,60,1.6666666666666666E-2,807.4,807.4,0]
[1612,"Land Rights (Formally known as Account 1906)",null,null,0,2520.265625,2520.265625,0]
[1805,"Land",null,null,0,0,0,0]
[1808,"Buildings",5000,10,0.1,15477.113120163056,15477.113120163056,0]
[1808,"Buildings",null,null,0,506.2176165803109,506.2176165803109,0]
[1808,"Buildings",null,null,0,495.02857142857141,495.02857142857141,0]
[1808,"Buildings",null,null,0,15304.02339861335,15304.02339861335,0]
[1808,"Buildings",null,null,0,303.05676855895194,303.05676855895194,0]
[1808,"Buildings",null,null,0,31300.547668102641,31300.547668102641,0]
[1810,"Leasehold Improvements",null,null,0,0,0,0]
[1815,"Transformer Station Equipment >50 kV",null,null,0,0,0,0]
[1820,"Distribution Station Equipment <50 kV",557619,40,2.5000000000000001E-2,227026.19538629049,227026.19538629049,0]
[1820,"Distribution Station Equipment <50 kV",7693,20,0.05,577.07500000000005,577.07500000000005,0]
[1825,"Storage Battery Equipment",null,null,0,0,0,0]
[1830,"Poles, Towers & Fixtures",1686483,40,2.5000000000000001E-2,597865.30800141999,597865.30800141999,0]
[1835,"Overhead Conductors & Devices",351359,40,2.5000000000000001E-2,488345.93622679863,488345.93622679863,0]
[1835,"Overhead Conductors & Devices",321114,60,1.6666666666666666E-2,9361.8666666666668,9361.8666666666668,0]
[1835,"Overhead Conductors & Devices",174733,20,0.05,7068.5749999999998,7068.5749999999998,0]
[1840,"Underground Conduit",1669428,60,1.6666666666666666E-2,207976.17091361995,207976.17091361995,0]
[1845,"Underground Conductors & Devices",1293949,40,2.5000000000000001E-2,579285.2612093382,579285.2612093382,0]
[1845,"Underground Conductors & Devices",588523,30,3.3333333333333333E-2,16632.383333333335,16632.383333333335,0]
[1850,"Line Transformers",1909205,40,2.5000000000000001E-2,745869.56702684076,745869.56702684076,0]
[1855,"Services (Overhead & Underground)",1261637,60,1.6666666666666666E-2,304487.06655077531,304487.06655077531,0]
[1860,"Meters",240309,15,6.6666666666666666E-2,284428.82191843935,284428.82191843935,0]
[1860,"Meters",347826,20,0.05,23923.9,23923.9,0]
[1860,"Meters",18749,45,2.2222222222222223E-2,1514.5444444444445,1514.5444444444445,0]
[1860,"Meters (Smart Meters)",null,null,0,637267.63224685541,637267.63224685541,0]
[1905,"Land",null,null,0,0,0,0]
[1908,"Buildings & Fixtures",null,null,0,3889.0760410648409,3889.0760410648409,0]
[1908,"Buildings & Fixtures",null,null,0,36485.093280516179,36485.093280516179,0]
[1908,"Buildings & Fixtures",null,null,0,8152.0068957763369,8152.0068957763369,0]
[1908,"Buildings & Fixtures",null,null,0,25459.033835115362,25459.033835115362,0]
[1908,"Buildings & Fixtures",327000,25,0.04,45048.141399586304,45048.141399586304,0]
[1908,"Buildings & Fixtures",null,null,0,127250.94705891187,127250.94705891187,0]
[1910,"Leasehold Improvements",null,null,0,0,0,0]
[1915,"Office Furniture & Equipment (10 years)",38000,10,0.1,57567.649466705101,57567.649466705101,0]
[1915,"Office Furniture & Equipment (5 years)",null,null,0,0,0,0]
[1920,"Computer Equipment - Hardware",70000,5,0.2,64915.009165133757,64915.009165133757,0]
[1920,"Computer Equip.-Hardware(Post Mar. 22/04)",null,null,0,0,0,0]
[1920,"Computer Equip.-Hardware(Post Mar. 19/07)",null,null,0,0,0,0]
[1930,"Transportation Equipment",50000,12,8.3333333333333329E-2,20204.283808430941,20204.283808430941,0]
[1930,"Transportation Equipment",null,null,0,55564.640302138949,55564.640302138949,0]
[1935,"Stores Equipment",null,null,0,0,0,0]
[1940,"Tools, Shop & Garage Equipment",9000,10,0.1,26531.736104085307,26531.736104085307,0]
[1945,"Measurement & Testing Equipment",3000,10,0.1,4625.2749721688087,4625.2749721688087,0]
[1950,"Power Operated Equipment",null,null,0,0,0,0]
[1955,"Communications Equipment",null,null,0,0,0,0]
[1955,"Communication Equipment (Smart Meters)",null,null,0,0,0,0]
[1960,"Miscellaneous Equipment ",null,null,0,0,0,0]
[1970,"Load Management Controls - Customer Premises",null,null,0,0,0,0]
[1975,"Load Management Controls Utility Premises",null,null,0,0,0,0]
[1980,"System Supervisor Equipment",31104,30,3.3333333333333333E-2,65095.35275035262,65095.35275035262,0]
[1980,"System Supervisor Equipment",42521,10,0.1,7388.55,7388.55,0]
[1985,"Miscellaneous Fixed Assets",0,0,0,0,0,0]
[1990,"Other Tangible Property",null,null,0,0,0,0]
[1995,"Contributions & Grants",-3579205,44.0276,2.2713025465844153E-2,-632185.72290626017,-632185.72290626017,0]
["etc.",null,null,null,0,88684,88684,0]
[null,null,null,null,0,0,0,0]
[null,"Total",{"$f":"SUM(C15:C74)","v":7730047},null,null,{"$f":"SUM(F15:F74)","v":4566767.7417921647},{"$f":"SUM(G15:G74)","v":4566459.4288669946},{"$f":"SUM(H15:H74)","v":308.31292517005932}]
[null,"Total Depreciation expense to be included in the test year revenue requirement",null,null,null,{"$f":"+F75","v":4566767.7417921647}]

{"sheet":"App.2-CV_USGAAP_DepExp","index":32,"n_rows":64,"n_cols":12,"rows_kept":64,"cut":false,"hidden":false,"merged":[[59,1,59,11],[60,1,60,11],[63,1,64,11],[8,0,8,11],[9,0,9,11],[10,0,10,11],[11,4,11,5],[13,0,14,0],[13,1,14,1],[13,10,14,10]]}
[null,null,null,null,null,null,null,null,null,null,"File Number:",{"$f":"EBNUMBER","v":"EB-2013-0115"}]
[null,null,null,null,null,null,null,null,null,null,"Exhibit:"]
[null,null,null,null,null,null,null,null,null,null,"Tab:"]
[null,null,null,null,null,null,null,null,null,null,"Schedule:"]
[null,null,null,null,null,null,null,null,null,null,"Page:"]
[]
[null,null,null,null,null,null,null,null,null,null,"Date:"]
[]
["Appendix 2-CV"]
["Depreciation and Amortization Expense"]
["Assumes the applicant adopted USGAAP for financial reporting purposes.  For applicants adopting USGAAP for financial reporting purposes January 1, 2012, applicants must complete 5 versions of the table below (2011 CGAAP, 2011 USGAAP, 2012 USGAAP, 2013 USGAAP, and 2014 USGAAP).  For applicants adopting USGAAP for financial reporting purposes January 1, 2013, applicants must complete 4 versions of the table below (2012 CGAAP, 2012 USGAAP, 2013 USGAAP, and 2014 USGAAP).  For applicants adopting USGAAP for financial reporting purposes January 1, 2014, applicants must complete 4 versions of the table below (2012 CGAAP, 2013 CGAAP, 2013 USGAAP, and 2014 USGAAP)."]
[null,"Year",null,"USGAAP"]
[]
["Account","Description","Opening\nRegulatory Gross PP&E","Less Fully Depreciated","Net for Depreciation","Additions","Total for Depreciation","Years","Depreciation Rate","Depreciation Expense","Depreciation Expense per Appendix 2-B Fixed Assets, Column K\n (l)","Variance 2"]
[null,null,"(a)","(b)","(c)","(d)","(e) = (c) + ½ x (d) 1","(f)","(g) = 1 / (f)","(h) = (e) / (f)",null,"(m) = (h) - (l)"]
[1611,"Computer Software (Formally known as Account 1925)",null,null,{"$f":"C16-D16","v":0},null,{"$f":"E16+0.5*F16","v":0},null,{"$f":"IF(H16=0,0,1/H16)","v":0},{"$f":"IF(H16=0,0,G16/H16)","v":0},null,{"$f":"IF(ISERROR(+J16-K16), 0, +J16-K16)","v":0}]
[1612,"Land Rights (Formally known as Account 1906)",null,null,{"$f":"C17-D17","v":0},null,{"$f":"E17+0.5*F17","v":0},null,0,0,null,0]
[1805,"Land",null,null,0,null,0,null,0,0,null,0]
[1808,"Buildings",null,null,0,null,0,null,0,0,null,0]
[1810,"Leasehold Improvements",null,null,0,null,0,null,0,0,null,0]
[1815,"Transformer Station Equipment >50 kV",null,null,0,null,0,null,0,0,null,0]
[1820,"Distribution Station Equipment <50 kV",null,null,0,null,0,null,0,0,null,0]
[1825,"Storage Battery Equipment",null,null,0,null,0,null,0,0,null,0]
[1830,"Poles, Towers & Fixtures",null,null,0,null,0,null,0,0,null,0]
[1835,"Overhead Conductors & Devices",null,null,0,null,0,null,0,0,null,0]
[1840,"Underground Conduit",null,null,0,null,0,null,0,0,null,0]
[1845,"Underground Conductors & Devices",null,null,0,null,0,null,0,0,null,0]
[1850,"Line Transformers",null,null,0,null,0,null,0,0,null,0]
[1855,"Services (Overhead & Underground)",null,null,0,null,0,null,0,0,null,0]
[1860,"Meters",null,null,0,null,0,null,0,0,null,0]
[1860,"Meters (Smart Meters)",null,null,0,null,0,null,0,0,null,0]
[1905,"Land",null,null,0,null,0,null,0,0,null,0]
[1908,"Buildings & Fixtures",null,null,0,null,0,null,0,0,null,0]
[1910,"Leasehold Improvements",null,null,0,null,0,null,0,0,null,0]
[1915,"Office Furniture & Equipment (10 years)",null,null,0,null,0,null,0,0,null,0]
[1915,"Office Furniture & Equipment (5 years)",null,null,0,null,0,null,0,0,null,0]
[1920,"Computer Equipment - Hardware",null,null,0,null,0,null,0,0,null,0]
[1920,"Computer Equip.-Hardware(Post Mar. 22/04)",null,null,0,null,0,null,0,0,null,0]
[1920,"Computer Equip.-Hardware(Post Mar. 19/07)",null,null,0,null,0,null,0,0,null,0]
[1930,"Transportation Equipment",null,null,0,null,0,null,0,0,null,0]
[1935,"Stores Equipment",null,null,0,null,0,null,0,0,null,0]
[1940,"Tools, Shop & Garage Equipment",null,null,0,null,0,null,0,0,null,0]
[1945,"Measurement & Testing Equipment",null,null,0,null,0,null,0,0,null,0]
[1950,"Power Operated Equipment",null,null,0,null,0,null,0,0,null,0]
[1955,"Communications Equipment",null,null,0,null,0,null,0,0,null,0]
[1955,"Communication Equipment (Smart Meters)",null,null,0,null,0,null,0,0,null,0]
[1960,"Miscellaneous Equipment ",null,null,0,null,0,null,0,0,null,0]
[1970,"Load Management Controls - Customer Premises",null,null,0,null,0,null,0,0,null,0]
[1975,"Load Management Controls Utility Premises",null,null,0,null,0,null,0,0,null,0]
[1980,"System Supervisor Equipment",null,null,0,null,0,null,0,0,null,0]
[1985,"Miscellaneous Fixed Assets",null,null,0,null,0,null,0,0,null,0]
[1990,"Other Tangible Property",null,null,0,null,0,null,0,0,null,0]
[1995,"Contributions & Grants",null,null,0,null,0,null,0,0,null,0]
["etc.",null,null,null,0,null,0,null,0,0,null,0]
[null,null,null,null,0,null,0,null,0,0,null,0]
[null,"Total",{"$f":"SUM(C16:C55)","v":0},{"$f":"SUM(D16:D55)","v":0},{"$f":"SUM(E16:E55)","v":0},0,0,null,null,{"$f":"SUM(J16:J55)","v":0},{"$f":"SUM(K16:K55)","v":0},{"$f":"SUM(L16:L55)","v":0}]
[]
["Notes:"]
[]
[1,"Board policy of the \"half-year\" rule - the applicant must ensure that additions in the year attract a half-year depreciation expense in the first year.  Deviations from this standard practice must be supported in the application."]
[2,"The applicant must provide an explanation of material variances in evidence."]
[]
[]
["General:","Applicants must provide a breakdown of depreciation and amortization expense in the above format for all relevant accounts.  Asset Retirement Obligations (AROs), depreciation and accretion expense should be disclosed separately consistent with the Notes of historical Audited Financial Statements."]

{"sheet":"App.2-DA_Overhead","index":33,"n_rows":56,"n_cols":13,"rows_kept":56,"cut":false,"hidden":false,"merged":[[8,0,8,12],[9,0,9,12],[11,0,11,12],[13,0,15,2],[13,10,13,12],[14,10,14,12],[15,10,15,12],[22,0,22,2],[22,10,22,12],[16,0,16,2],[16,10,16,12],[17,0,17,2],[17,10,17,12],[18,0,18,2],[18,10,18,12],[19,0,19,2],[19,10,19,12],[20,0,20,2],[20,10,20,12],[21,10,21,12],[21,0,21,2],[23,0,23,2],[23,10,23,12],[24,0,24,2],[24,10,24,12],[25,0,25,2],[25,10,25,12],[35,0,37,2],[35,10,35,12],[36,10,36,12],[37,10,37,12],[26,0,26,2],[26,10,26,12],[27,0,27,2],[27,10,27,12],[28,0,28,2],[28,10,28,12],[29,0,29,2],[29,10,29,12],[30,0,30,2],[30,10,30,12],[33,0,33,12],[44,0,44,2],[44,10,44,12],[38,0,38,2],[38,10,38,12],[39,0,39,2],[39,10,39,12],[40,0,40,2],[40,10,40,12],[41,0,41,2],[41,10,41,12],[42,0,42,2],[42,10,42,12],[43,10,43,12],[43,0,43,2],[45,0,45,2],[45,10,45,12],[46,0,46,2],[46,10,46,12],[47,0,47,2],[47,10,47,12],[48,0,48,2],[48,10,48,12],[49,0,49,2],[49,10,49,12],[50,0,50,2],[50,10,50,12],[73,0,74,0],[51,0,51,2],[51,10,51,12],[52,0,52,2],[52,10,52,12],[55,1,56,12],[57,0,58,0],[57,1,58,4],[60,0,61,0],[60,1,60,4],[62,0,63,0],[65,0,66,0],[68,0,71,0]]}
[null,null,null,null,null,null,null,null,null,null,null,"File Number:",{"$f":"EBNUMBER","v":"EB-2013-0115"}]
[null,null,null,null,null,null,null,null,null,null,null,"Exhibit:"]
[null,null,null,null,null,null,null,null,null,null,null,"Tab:"]
[null,null,null,null,null,null,null,null,null,null,null,"Schedule:"]
[null,null,null,null,null,null,null,null,null,null,null,"Page:"]
[]
[null,null,null,null,null,null,null,null,null,null,null,"Date:"]
[]
["Appendix 2-DA"]
["Overhead Expense"]
[]
["The following table should be completed based on the information requested below. An explanation should be provided for any blank entries.  The entries should include overhead costs that are currently capitalized on self-constructed assets under MIFRS."]
[null,null,null,null,"(A) 1","(B)","(C)","(D)","(E) 1","(F)","(G)"]
["Nature of the Overhead Costs",null,null,null,"Dollar","Dollar","Dollar","Dollar Impact - ","Dollar Impact - ","Directly","Reasons why the overhead costs are allowed to be"]
[null,null,null,null,"Impact on PP&E","Impact on PP&E","Impact on PP&E","PP&E Variance","PP&E Variance","Attributable?","capitalized under MIFRS or an alternate accounting"]
[null,null,null,null,"Historic Year","Bridge Year","Test Year","Test versus Bridge","Test versus Historic","(Y/N)","standard given limitations on capitalized overhead"]
["employee benefits",null,null,null,null,null,null,{"$f":"+G17-F17","v":0},{"$f":"+G17-E17","v":0}]
["costs of site preparation",null,null,null,null,null,null,0,0]
["initial delivery and handling costs",null,null,null,null,null,null,0,0]
["costs of testing whether the asset is functioning properly",null,null,null,null,null,null,0,0]
["professional fees",null,null,null,null,null,null,0,0]
[null,null,null,null,null,null,null,0,0]
["costs of opening a new facility",null,null,null,null,null,null,0,0]
["costs of introducing a new product or service (including costs of advertising and promotional activities)",null,null,null,null,null,null,0,0]
["costs of conducting business in a new location or with a new class of customer (including costs of staff training)",null,null,null,null,null,null,0,0]
["administration and other general overhead costs",null,null,null,null,null,null,0,0]
[null,null,null,null,null,null,null,0,0]
[null,null,null,null,null,null,null,0,0]
[null,null,null,null,null,null,null,0,0]
["Insert description of additional item(s) and new rows if needed.",null,null,null,null,null,null,0,0]
["Total",null,null,null,{"$f":"SUM(E17:E30)","v":0},{"$f":"SUM(F17:F30)","v":0},{"$f":"SUM(G17:G30)","v":0},{"$f":"SUM(H17:H30)","v":0},{"$f":"SUM(I17:I30)","v":0}]
[]
[]
["The following table should be completed based on the information requested below. An explanation should be provided for any blank entries.  The entries should include overhead costs that were capitalized on self-constructed assets under CGAAP but are no longer capitalized under MIFRS or an alternate accounting standard and are included in OM&A."]
[null,null,null,null,"(A) 1","(B)","(C)","(D)","(E) 1","(F)","(G)"]
["Nature of the Overhead Costs",null,null,null,"Dollar","Dollar","Dollar","Dollar Impact - ","Dollar Impact - ","Directly","Reasons why the overhead costs are not allowed to be"]
[null,null,null,null,"Impact on OM&A","Impact on OM&A","Impact on OM&A","OM&A Variance","OM&A Variance","Attributable?","capitalized under MIFRS or an alternate accounting"]
[null,null,null,null,"Historic Year","Bridge Year","Test Year","Test versus Bridge","Test versus Historic","(Y/N)","standard given limitations on capitalized overhead"]
["employee benefits",null,null,null,null,null,null,{"$f":"+G39-F39","v":0},{"$f":"+G39-E39","v":0}]
["costs of site preparation",null,null,null,null,null,null,{"$f":"+G40-F40","v":0},{"$f":"+G40-E40","v":0}]
["initial delivery and handling costs",null,null,null,null,null,null,{"$f":"+G41-F41","v":0},{"$f":"+G41-E41","v":0}]
["costs of testing whether the asset is functioning properly",null,null,null,null,null,null,{"$f":"+G42-F42","v":0},{"$f":"+G42-E42","v":0}]
["professional fees",null,null,null,null,null,null,{"$f":"+G43-F43","v":0},{"$f":"+G43-E43","v":0}]
[]
["costs of opening a new facility",null,null,null,null,null,null,{"$f":"+G45-F45","v":0},{"$f":"+G45-E45","v":0}]
["costs of introducing a new product or service (including costs of advertising and promotional activities)",null,null,null,null,null,null,0,0]
["costs of conducting business in a new location or with a new class of customer (including costs of staff training)",null,null,null,null,null,null,0,0]
["administration and other general overhead costs",null,null,null,null,null,null,0,0]
[null,null,null,null,null,null,null,0,0]
[null,null,null,null,null,null,null,0,0]
[null,null,null,null,null,null,null,0,0]
["Insert description of additional item(s) and new rows if needed.",null,null,null,null,null,null,0,0]
["Total",null,null,null,{"$f":"SUM(E39:E52)","v":0},{"$f":"SUM(F39:F52)","v":0},{"$f":"SUM(G39:G52)","v":0},{"$f":"SUM(H39:H52)","v":0},{"$f":"SUM(I39:I52)","v":0}]
[]
["Notes:"]
[1,"If the applicant chooses to adopt IFRS for financial reporting purposes in 2014, the applicant does not need to complete Columns A, E.  If the applicant adopts IFRS for financial reporting purposes in 2012 or 2013, the applicant must complete all columns."]

{"sheet":"App.2-DB_Overhead","index":34,"n_rows":99,"n_cols":13,"rows_kept":99,"cut":false,"hidden":false,"merged":[[28,0,28,2],[29,0,29,2],[30,0,30,2],[32,0,32,2],[44,0,44,2],[44,10,44,12],[38,0,38,2],[39,0,39,2],[40,0,40,2],[41,0,41,2],[41,10,41,12],[42,0,42,2],[42,10,42,12],[43,10,43,12],[43,0,43,2],[13,0,15,2],[13,10,13,12],[14,10,14,12],[15,10,15,12],[31,0,31,2],[8,0,8,12],[9,0,9,12],[11,0,11,12],[22,0,22,2],[16,0,16,2],[16,10,16,12],[17,0,17,2],[17,10,17,12],[18,0,18,2],[18,10,18,12],[19,0,19,2],[19,10,19,12],[20,0,20,2],[21,0,21,2],[23,0,23,2],[24,0,24,2],[25,0,25,2],[26,0,26,2],[27,0,27,2],[48,0,48,2],[49,0,49,2],[50,0,50,2],[53,0,53,2],[53,10,53,12],[33,0,33,2],[34,0,34,2],[35,0,35,2],[36,0,36,2],[37,0,37,2],[45,0,45,2],[45,10,45,12],[46,0,46,2],[46,10,46,12],[47,0,47,2],[51,0,51,2],[51,10,51,12],[52,0,52,2],[52,10,52,12],[61,0,61,2],[61,10,61,12],[62,0,62,2],[62,10,62,12],[63,0,63,2],[63,10,63,12],[56,0,56,12],[58,0,60,2],[58,10,58,12],[59,10,59,12],[60,10,60,12],[67,0,67,2],[67,10,67,12],[68,0,68,2],[68,10,68,12],[69,0,69,2],[69,10,69,12],[64,0,64,2],[64,10,64,12],[65,0,65,2],[65,10,65,12],[66,0,66,2],[66,10,66,12],[75,0,75,2],[76,0,76,2],[77,0,77,2],[78,0,78,2],[79,0,79,2],[70,0,70,2],[71,0,71,2],[72,0,72,2],[73,0,73,2],[74,0,74,2],[85,0,85,2],[86,0,86,2],[87,0,87,2],[88,0,88,2],[89,0,89,2],[80,0,80,2],[81,0,81,2],[82,0,82,2],[83,0,83,2],[84,0,84,2],[95,0,95,2],[96,0,96,2],[97,0,97,2],[98,0,98,2],[98,10,98,12],[90,0,90,2],[91,0,91,2],[92,0,92,2],[93,0,93,2],[94,0,94,2]]}
[null,null,null,null,null,null,null,null,null,null,null,"File Number:",{"$f":"EBNUMBER","v":"EB-2013-0115"}]
[null,null,null,null,null,null,null,null,null,null,null,"Exhibit:"]
[null,null,null,null,null,null,null,null,null,null,null,"Tab:"]
[null,null,null,null,null,null,null,null,null,null,null,"Schedule:"]
[null,null,null,null,null,null,null,null,null,null,null,"Page:"]
[]
[null,null,null,null,null,null,null,null,null,null,null,"Date:"]
[]
["Appendix 2-DB"]
["Overhead Expense"]
[]
["The following table should be completed based on the information requested below. An explanation should be provided for any blank entries.  The entries should include overhead costs that are currently capitalized on self-constructed assets under revised CGAAP or ASPE (with the changes in capitalization and depreciation expense policies)."]
[null,null,null,null,"(A) ","(B)","(C)","(D)","(E) ","(F)","(G)"]
["Nature of the Overhead Costs",null,null,null,"Dollar","Dollar","Dollar","Dollar Impact - ","Dollar Impact - ","Directly","Reasons why the overhead costs are allowed to be"]
[null,null,null,null,"Impact on PP&E","Impact on PP&E","Impact on PP&E","PP&E Variance","PP&E Variance","Attributable?","capitalized under CGAAP or ASPE (with the changes in"]
[null,null,null,null,"Historic Year","Bridge Year","Test Year","Test versus Bridge","Test versus Historic","(Y/N)","policies) given limitations on capitalized overhead"]
["Stores",null,null,null,null,null,null,{"$f":"+G17-F17","v":0},{"$f":"+G17-E17","v":0}]
["Benefits",null,null,null,68192.2,null,null,0,-68192.2,"N"]
["Labour",null,null,null,221396.31,null,null,0,-221396.31,"N"]
["Others",null,null,null,2204.75,null,null,0,-2204.75,"N"]
["Scrap",null,null,null,2359.75,null,null,0,-2359.75,"N"]
["Building Expenses",null,null,null,47426.77,null,null,0,-47426.77,"N"]
[null,null,null,null,null,null,null,0,0]
["Payroll Burdens",null,null,null,null,null,null,0,0]
["Health Benefits",null,null,null,94457.61,106559.64,102581.56,-3978.0800000000017,8123.9499999999971,"Y","Directly attributable"]
["Govt. Deductions",null,null,null,148536.31,175500.24,155729.59,-19770.649999999994,7193.2799999999988,"Y","Directly attributable"]
["Other",null,null,null,3985.38,3791.01,3394.98,-396.0300000000002,-590.40000000000009,"Y","Directly attributable"]
["Safety and training",null,null,null,24403.09,0,0,0,-24403.09,"N"]
["Vacation and Stats Holidays",null,null,null,118679.18,133144.10999999999,109810.87,-23333.239999999991,-8868.3099999999977,"Y","Directly attributable"]
["Foreman Health Benefits",null,null,null,52943.54,44151,53168,9017,224.45999999999913,"Y","Directly attributable"]
["Foremen Office Supplies",null,null,null,7053.65,0,0,0,-7053.65,"N"]
["Foremen Labour",null,null,null,190264.54,76320,99268,22948,-90996.540000000008,"Y","Directly attributable"]
["Foremen Vehicle Cost",null,null,null,8877.85,0,0,0,-8877.85,"N"]
["Foremen Other",null,null,null,824.37,0,0,0,-824.37,"N"]
[null,null,null,null,null,null,null,0,0]
["Engineering ",null,null,null,null,null,null,0,0]
["Benefits",null,null,null,136969.70000000001,179174,89371,-89803,-47598.700000000012,"Y","Directly attributable"]
["Consultants",null,null,null,85584.03,0,0,0,-85584.03,"N"]
["Vehicle Cost",null,null,null,3396.26,0,0,0,-3396.26,"N"]
["Labour",null,null,null,508644.92,326126,176728,-149398,-331916.92,"Y","Directly attributable"]
["Membership",null,null,null,15588.87,0,0,0,-15588.87,"N"]
["Office Supplies",null,null,null,56079.49,0,0,0,-56079.49,"N"]
["Other",null,null,null,13723.53,0,0,0,-13723.53,"N"]
["Pole Testing",null,null,null,12333.85,0,0,0,-12333.85,"N"]
["Software Amortization",null,null,null,92284.99,0,0,0,-92284.99,"N"]
[null,null,null,null,null,null,null,0,0]
["Fleet",null,null,null,null,null,null,0,0]
["Benefits",null,null,null,1259.08,5377.73,8484.69,3106.9600000000009,7225.6100000000006,"Y","Directly attributable"]
["Depreciation",null,null,null,111441.64,37769.39,{"$f":"42563.2+0.72","v":42563.92},4794.5299999999988,-68877.72,"Y","Directly attributable"]
["Labour",null,null,null,1320.41,5972.45,8597.07,2624.62,7276.66,"Y","Directly attributable"]
["Leases",null,null,null,0,11352.29,70125.119999999995,58772.829999999994,70125.119999999995,"Y","Directly attributable"]
["Service Centre Expenses",null,null,null,44477.85,0,0,0,-44477.85,"N"]
["Trucks",null,null,null,139437.06,159973.62,173879.97,13906.350000000006,34442.910000000003,"Y","Directly attributable"]
["Total",null,null,null,{"$f":"SUM(E17:E53)","v":2214146.98},{"$f":"SUM(F17:F53)","v":1265211.48},{"$f":"SUM(G17:G53)","v":1093702.77},{"$f":"SUM(H17:H53)","v":-171508.71000000002},{"$f":"SUM(I17:I53)","v":-1120444.2100000002}]
[]
[]
["The following table should be completed based on the information requested below. An explanation should be provided for any blank entries.  The entries should include overhead costs that were capitalized on self-constructed assets under CGAAP but are no longer capitalized under revised CGAAP or ASPE (with the changes in capitalization and depreciation expense policies) and are included in OM&A."]
[null,null,null,null,"(A) ","(B)","(C)","(D)","(E)","(F)","(G)"]
["Nature of the Overhead Costs",null,null,null,"Dollar","Dollar","Dollar","Dollar Impact - ","Dollar Impact - ","Directly","Reasons why the overhead costs are allowed to be"]
[null,null,null,null,"Impact on OM&A","Impact on OM&A","Impact on OM&A","OM&A Variance","OM&A Variance","Attributable?","capitalized under CGAAP or ASPE (with the changes in"]
[null,null,null,null,"Historic Year","Bridge Year","Test Year","Test versus Bridge","Test versus Historic","(Y/N)","policies) given limitations on capitalized overhead"]
["Stores",null,null,null,null,null,null,{"$f":"+G62-F62","v":0},{"$f":"+G62-E62","v":0}]
["Benefits",null,null,null,9980.7099999999991,71000.87,70239.22,{"$f":"+G63-F63","v":-761.64999999999418},{"$f":"+G63-E63","v":60258.51}]
["Labour",null,null,null,32403.9,231086.41,229392.55,{"$f":"+G64-F64","v":-1693.8600000000151},{"$f":"+G64-E64","v":196988.65}]
["Others",null,null,null,322.69,3622.8,3584.91,{"$f":"+G65-F65","v":-37.890000000000327},{"$f":"+G65-E65","v":3262.22}]
["Scrap",null,null,null,345.38,15106.95,14798.17,{"$f":"+G66-F66","v":-308.78000000000065},{"$f":"+G66-E66","v":14452.79}]
["Building Expenses",null,null,null,6941.45,50739.95,49188.3,{"$f":"+G67-F67","v":-1551.6499999999942},{"$f":"+G67-E67","v":42246.850000000006}]
[null,null,null,null,null,null,null,0,0]
["Payroll Burdens",null,null,null,null,null,null,0,0]
["Health Benefits",null,null,null,216747.36,268033.98,301342.55,33308.570000000007,84595.19]
["Govt. Deductions",null,null,null,340839.18,{"$f":"441443.19+65.39","v":441508.58},{"$f":"457469.67-92.1","v":457377.57},15868.989999999991,116538.39000000001]
["Other",null,null,null,9145.06,9535.69,9973.0499999999993,437.35999999999876,827.98999999999978]
["Safety and training",null,null,null,55996.59,75078.83,90774.31,15695.479999999996,34777.72]
["Vacation and Stats Holidays",null,null,null,272327.44,334903.01,322579.28000000003,-12323.729999999981,50251.840000000026]
["Foreman Health Benefits",null,null,null,121487.02,157600.20000000001,171106.25,13506.049999999988,49619.229999999996]
["Foremen Office Supplies",null,null,null,16185.68,19003.36,19828.77,825.40999999999985,3643.09]
["Foremen Labour",null,null,null,436590.96,476552.06,555792.21,79240.149999999965,119201.24999999994]
["Foremen Vehicle Cost",null,null,null,20371.57,38110.65,39696.65,1586,19325.080000000002]
["Foremen Other",null,null,null,1891.66,4119.04,4302.1000000000004,183.0600000000004,2410.4400000000005]
[null,null,null,null,null,null,null,0,0]
["Engineering ",null,null,null,null,null,null,0,0]
["Benefits",null,null,null,11704.11,135750.32999999999,236272.75,100522.42000000001,224568.64]
["Consultants",null,null,null,7313.19,135676.32999999999,137963.31,2286.9800000000105,130650.12]
["Vehicle Cost",null,null,null,290.20999999999998,4146.99,4230.8100000000004,83.820000000000618,3940.6000000000004]
["Labour",null,null,null,43463.88,697360.05,960755.68,263395.63,917291.8]
["Membership",null,null,null,1332.07,29091.23,29567.040000000001,475.81000000000131,28234.97]
["Office Supplies",null,null,null,4792.01,106682.47,114426.39,7743.9199999999983,109634.38]
["Other",null,null,null,1172.68,30245.07,30782.79,537.72000000000116,29610.11]
["Pole Testing",null,null,null,1053.93,29211,29712.93,501.93000000000029,28659]
["Software Amortization",null,null,null,7885.78,178243.57,175116.63,-3126.9400000000023,167230.85]
[null,null,null,null,null,null,null,0,0]
["Fleet",null,null,null,null,null,null,0,0]
["Benefits",null,null,null,1629.29,4382.5,5824.07,1441.5699999999997,4194.78]
["Depreciation",null,null,null,144208.82,30779.58,29216.78,-1562.8000000000029,-114992.04000000001]
["Labour",null,null,null,1708.66,4867.16,5901.21,1034.0500000000002,4192.55]
["Leases",null,null,null,0,9251.3700000000008,48135.360000000001,38883.99,48135.360000000001]
["Service Centre Expenses",null,null,null,57555.67,103619.73,103755.05,135.32000000000698,46199.380000000005]
["Trucks",null,null,null,180435.72,130368.02,119354.85,-11013.169999999998,-61080.869999999995]
["Total",null,null,null,{"$f":"SUM(E62:E98)","v":2006122.6699999997},{"$f":"SUM(F62:F98)","v":3825677.7800000003},{"$f":"SUM(G62:G98)","v":4370991.54},{"$f":"SUM(H62:H98)","v":545313.75999999989},{"$f":"SUM(I62:I98)","v":2364868.8699999992}]

{"sheet":"App.2-EA_PP&E Deferral Account","index":35,"n_rows":47,"n_cols":10,"rows_kept":47,"cut":false,"hidden":false,"merged":[[54,0,55,8],[8,0,8,8],[9,0,9,8],[10,0,10,8],[12,0,12,8],[14,0,14,8],[20,1,20,9],[25,1,26,4],[25,5,25,9],[26,5,26,9],[31,1,31,9],[33,1,33,9],[37,6,38,7],[37,8,38,8],[45,0,45,7]]}
[null,null,null,null,null,null,null,"File Number:",{"$f":"EBNUMBER","v":"EB-2013-0115"}]
[null,null,null,null,null,null,null,"Exhibit:"]
[null,null,null,null,null,null,null,"Tab:"]
[null,null,null,null,null,null,null,"Schedule:"]
[null,null,null,null,null,null,null,"Page:"]
[]
[null,null,null,null,null,null,null,"Date:"]
[]
["Appendix 2-EA"]
["Account 1575 - IFRS-CGAAP Transitional PP&E Amounts"]
["2012 Adopters of IFRS for Financial Reporting Purposes"]
[]
["For applicants that adopt IFRS on January 1, 2012 for financial reporting purposes"]
[]
["Note: this sheet should be filled out if the applicant adopts IFRS for its financial reporting purpose as of January 1, 2012. "]
[]
[null,{"$f":"RebaseYear &\" Rebasing Year\"","v":"2010 Rebasing Year"},2011,2012,2013,"2014 Rebasing Year",2015,2016,2017,2018]
["Reporting Basis","CGAAP","IRM","IRM","IRM","MIFRS","IRM","IRM","IRM","IRM"]
["Forecast vs. Actual Used in Rebasing Year","Forecast","Actual","Actual","Forecast","Forecast"]
[null,null,"$","$","$","$","$","$","$","$"]
["PP&E Values under CGAAP"]
["            Opening net PP&E - Note 1",null,null,{"$f":"+C25","v":0},{"$f":"+D25","v":0}]
["            Net Additions - Note 4"]
["            Net Depreciation (amounts should be negative) - Note 4"]
["            Closing net PP&E (1)",null,{"$f":"C22+C23+C24","v":0},{"$f":"D22+D23+D24","v":0},{"$f":"E22+E23+E24","v":0}]
[]
["PP&E Values under MIFRS (Starts from 2011, the transition year)"]
["            Opening net PP&E  - Note 1",null,null,{"$f":"+C31","v":0},{"$f":"+D31","v":0}]
["            Net Additions - Note 4"]
["            Net Depreciation (amounts should be negative) - Note 4"]
["            Closing net PP&E (2)",null,{"$f":"SUM(C28:C30)","v":0},{"$f":"SUM(D28:D30)","v":0},{"$f":"SUM(E28:E30)","v":0}]
[]
["Difference in Closing net PP&E, CGAAP vs. MIFRS",null,{"$f":"C25-C31","v":0},{"$f":"D25-D31","v":0},{"$f":"E25-E31","v":0}]
[]
[]
["Effect on Deferral and Variance Account Rate Riders"]
["Closing balance in deferral account",null,null,null,null,{"$f":"IF(ISERROR(E33), 0, E33)","v":0},null,"WACC"]
["Return on Rate Base Associated with deferred PP&E balance at WACC  - Note 2",null,null,null,null,{"$f":"E33*I37*I38","v":0},"# of years of rate rider disposition period"]
["     Amount included in Deferral and Variance Account Rate Rider Calculation",null,null,null,null,{"$f":"F37+F38","v":0}]
[]
["Notes:"]
["1  For an applicant that adopts IFRS on January 1, 2012, the PP&E values as of January 1, 2011 under both CGAAP and MIFRS should be the same. "]
["2 Return on rate base associated with deferred balance is calculated as:"]
["     the deferral account opening balance as of 2014 rebasing year x WACC X # of years of rate rider disposition period"]
["     * Please note that the calculation should be adjusted once WACC is updated and finalized in the rate application."]
["3  The  PP&E deferral account is cleared by including the total balance in the deferral and variance account rate rider calculation."]
["4  Net additions are additions net of disposals; Net depreciation is additions to depreciation net of disposals."]

{"sheet":"App.2-EB_PP&E Deferral Account","index":36,"n_rows":47,"n_cols":10,"rows_kept":47,"cut":false,"hidden":false,"merged":[[19,1,19,2],[8,0,8,8],[9,0,9,8],[10,0,10,8],[12,0,12,8],[14,0,14,8],[20,1,20,9],[25,1,26,9],[31,1,31,9],[54,0,55,8],[33,1,33,9],[37,6,38,7],[37,8,38,8],[45,0,45,7]]}
[null,null,null,null,null,null,null,"File Number:",{"$f":"EBNUMBER","v":"EB-2013-0115"}]
[null,null,null,null,null,null,null,"Exhibit:"]
[null,null,null,null,null,null,null,"Tab:"]
[null,null,null,null,null,null,null,"Schedule:"]
[null,null,null,null,null,null,null,"Page:"]
[]
[null,null,null,null,null,null,null,"Date:"]
[]
["Appendix 2-EB"]
["Account 1575 - IFRS-CGAAP Transitional PP&E Amounts"]
["2013 Adopters of IFRS for Financial Reporting Purposes"]
[]
["For applicants that adopt IFRS on January 1, 2013 for financial reporting purposes"]
[]
["Note: this sheet should be filled out if the applicant adopts IFRS for its financial reporting purpose as of January 1, 2013. "]
[]
[null,{"$f":"RebaseYear &\" Rebasing Year\"","v":"2010 Rebasing Year"},2011,2012,2013,"2014 Rebasing Year",2015,2016,2017,2018]
["Reporting Basis","CGAAP","IRM","IRM","IRM","MIFRS","IRM","IRM","IRM","IRM"]
["Forecast vs. Actual Used in Rebasing Year","Forecast","Actual","Actual","Forecast","Forecast"]
[null,null,null,"$","$","$","$","$","$","$"]
["PP&E Values under CGAAP"]
["            Opening net PP&E - Note 1",null,null,null,{"$f":"+D25","v":0}]
["            Net Additions - Note 4"]
["            Net Depreciation (amounts should be negative) - Note 4"]
["            Closing net PP&E (1)",null,null,{"$f":"D22+D23+D24","v":0},{"$f":"E22+E23+E24","v":0}]
[]
["PP&E Values under MIFRS (Starts from 2012, the transition year)"]
["            Opening net PP&E  - Note 1",null,null,null,{"$f":"+D31","v":0}]
["            Net Additions - Note 4"]
["            Net Depreciation (amounts should be negative) - Note 4"]
["            Closing net PP&E (2)",null,null,{"$f":"SUM(D28:D30)","v":0},{"$f":"SUM(E28:E30)","v":0}]
[]
["Difference in Closing net PP&E, CGAAP vs. MIFRS",null,null,{"$f":"D25-D31","v":0},{"$f":"E25-E31","v":0}]
[]
[]
["Effect on Deferral and Variance Account Rate Riders"]
["Closing balance in deferral account",null,null,null,null,{"$f":"IF(ISERROR(E33), 0, E33)","v":0},null,"WACC"]
["Return on Rate Base Associated with deferred PP&E balance at WACC  - Note 2",null,null,null,null,{"$f":"E33*I37*I38","v":0},"# of years of rate rider disposition period"]
["     Amount included in Deferral and Variance Account Rate Rider Calculation",null,null,null,null,{"$f":"F37+F38","v":0}]
[]
["Notes:"]
["1  For an applicant that adopts IFRS on January 1, 2013, the PP&E values as of January 1, 2012 under both CGAAP and MIFRS should be the same. "]
["2 Return on rate base associated with deferred balance is calculated as:"]
["     the deferral account opening balance as of 2014 rebasing year x WACC X # of years of rate rider disposition period"]
["     * Please note that the calculation should be adjusted once WACC is updated and finalized in the rate application."]
["3  The  PP&E deferral account is cleared by including the total balance in the deferral and variance account rate rider calculation."]
["4  Net additions are additions net of disposals; Net depreciation is additions to depreciation net of disposals."]

{"sheet":"App.2-EC_PP&E Deferral Account","index":37,"n_rows":47,"n_cols":10,"rows_kept":47,"cut":false,"hidden":false,"merged":[[25,1,26,9],[31,1,31,9],[54,0,55,8],[8,0,8,8],[9,0,9,8],[10,0,10,8],[12,0,12,8],[14,0,14,8],[20,1,20,9],[33,1,33,9],[37,6,38,7],[37,8,38,8],[45,0,45,7]]}
[null,null,null,null,null,null,null,"File Number:",{"$f":"EBNUMBER","v":"EB-2013-0115"}]
[null,null,null,null,null,null,null,"Exhibit:"]
[null,null,null,null,null,null,null,"Tab:"]
[null,null,null,null,null,null,null,"Schedule:"]
[null,null,null,null,null,null,null,"Page:"]
[]
[null,null,null,null,null,null,null,"Date:"]
[]
["Appendix 2-EC"]
["Account 1575 - IFRS-CGAAP Transitional PP&E Amounts"]
["2014 Adopters of IFRS for Financial Reporting Purposes"]
[]
["For applicants that adopt IFRS on January 1, 2014 for financial reporting purposes"]
[]
["Note: this sheet should be filled out if the applicant adopts IFRS for its financial reporting purpose as of January 1, 2014. "]
[]
[null,{"$f":"RebaseYear &\" Rebasing Year\"","v":"2010 Rebasing Year"},2011,2012,2013,"2014 Rebasing Year",2015,2016,2016,2017]
["Reporting Basis","CGAAP","IRM","IRM","IRM","MIFRS","IRM","IRM","IRM","IRM"]
["Forecast vs. Actual Used in Rebasing Year","Forecast","Actual","Actual","Forecast","Forecast"]
[null,null,null,null,"$","$","$","$","$","$"]
["PP&E Values under CGAAP"]
["            Opening net PP&E - Note 1"]
["            Net Additions - Note 4"]
["            Net Depreciation (amounts should be negative) - Note 4"]
["            Closing net PP&E (1)",null,null,null,{"$f":"SUM(E22:E24)","v":0}]
[]
["PP&E Values under MIFRS (Starts from 2013, the transition year)"]
["            Opening net PP&E  - Note 1"]
["            Net Additions - Note 4"]
["            Net Depreciation (amounts should be negative) - Note 4"]
["            Closing net PP&E (2)",null,null,null,{"$f":"SUM(E28:E30)","v":0}]
[]
["Difference in Closing net PP&E, CGAAP vs. MIFRS",null,null,null,{"$f":"E25-E31","v":0}]
[]
[]
["Effect on Deferral and Variance Account Rate Riders"]
["Closing balance in deferral account",null,null,null,null,{"$f":"IF(ISERROR(E33), 0, E33)","v":0},null,"WACC"]
["Return on Rate Base Associated with deferred PP&E balance at WACC  - Note 2",null,null,null,null,{"$f":"E33*I37*I38","v":0},"# of years of rate rider disposition period"]
["     Amount included in Deferral and Variance Account Rate Rider Calculation",null,null,null,null,{"$f":"F37+F38","v":0}]
[]
["Notes:"]
["1  For an applicant that adopts IFRS on January 1, 2014, the PP&E values as of January 1, 2013 under both CGAAP and MIFRS should be the same. "]
["2 Return on rate base associated with deferred balance is calculated as:"]
["     the deferral account opening balance as of 2014 rebasing year x WACC X # of years of rate rider disposition period"]
["     * Please note that the calculation should be adjusted once WACC is updated and finalized in the rate application."]
["3  The  PP&E deferral account is cleared by including the total balance in the deferral and variance account rate rider calculation."]
["4  Net additions are additions net of disposals; Net depreciation is additions to depreciation net of disposals."]

{"sheet":"App.2-ED_Account 1576 (2012)","index":38,"n_rows":47,"n_cols":10,"rows_kept":47,"cut":false,"hidden":false,"merged":[[19,1,19,2],[8,0,8,8],[9,0,9,8],[10,0,10,8],[12,0,12,11],[14,0,14,8],[20,1,20,9],[25,1,26,9],[31,1,31,9],[54,0,55,8],[37,6,38,7],[37,8,38,8],[45,0,45,7],[41,0,41,9]]}
[null,null,null,null,null,null,null,"File Number:",{"$f":"EBNUMBER","v":"EB-2013-0115"}]
[null,null,null,null,null,null,null,"Exhibit:"]
[null,null,null,null,null,null,null,"Tab:"]
[null,null,null,null,null,null,null,"Schedule:"]
[null,null,null,null,null,null,null,"Page:"]
[]
[null,null,null,null,null,null,null,"Date:"]
[]
["Appendix 2-ED"]
["Account 1576 - Accounting Changes under CGAAP"]
["2012 Changes in Accounting Policies under CGAAP"]
[]
["Assumes the applicant made capitalization and depreciation expense accounting policy changes under CGAAP effective January 1, 2012"]
[]
[]
[]
[null,{"$f":"RebaseYear &\" Rebasing Year\"","v":"2010 Rebasing Year"},2011,2012,2013,"2014 Rebasing Year",2015,2016,2017,2018]
["Reporting Basis","CGAAP","IRM","IRM","IRM","CGAAP - ASPE","IRM","IRM","IRM","IRM"]
["Forecast vs. Actual Used in Rebasing Year","Forecast","Actual","Actual","Forecast","Forecast"]
[null,null,null,"$","$","$","$","$","$","$"]
["PP&E Values under former CGAAP"]
["            Opening net PP&E - Note 1",null,null,null,{"$f":"+D25","v":0}]
["            Net Additions - Note 4"]
["            Net Depreciation (amounts should be negative) - Note 4"]
["            Closing net PP&E (1)",null,null,{"$f":"D22+D23+D24","v":0},{"$f":"E22+E23+E24","v":0}]
[]
["PP&E Values under revised CGAAP (Starts from 2012)"]
["            Opening net PP&E  - Note 1",null,null,null,{"$f":"+D31","v":0}]
["            Net Additions - Note 4"]
["            Net Depreciation (amounts should be negative) - Note 4"]
["            Closing net PP&E (2)",null,null,{"$f":"SUM(D28:D30)","v":0},{"$f":"SUM(E28:E30)","v":0}]
[]
["Difference in Closing net PP&E, former CGAAP vs. revised CGAAP ",null,null,{"$f":"D25-D31","v":0},{"$f":"E25-E31","v":0}]
[]
[]
["Effect on Deferral and Variance Account Rate Riders"]
["Closing balance in Account 1576",null,null,null,null,{"$f":"IF(ISERROR(E33), 0, E33)","v":0},null,"WACC"]
["Return on Rate Base Associated with Account 1576 balance at WACC  - Note 2",null,null,null,null,{"$f":"E33*I37*I38","v":0},"# of years of rate rider disposition period"]
["     Amount included in Deferral and Variance Account Rate Rider Calculation",null,null,null,null,{"$f":"F37+F38","v":0}]
[]
["Notes:"]
["1  For an applicant that made the capitalization and depreciation expense accounting policy changes on January 1, 2012, the PP&E values as of January 1, 2012 under both former CGAAP and revised CGAAP should be the same. "]
["2 Return on rate base associated with Account 1576 balance is calculated as:"]
["     the variance account opening balance as of 2014 rebasing year x WACC X # of years of rate rider disposition period"]
["     * Please note that the calculation should be adjusted once WACC is updated and finalized in the rate application."]
["3  Account 1576 is cleared by including the total balance in the deferral and variance account rate rider calculation."]
["4  Net additions are additions net of disposals; Net depreciation is additions to depreciation net of disposals."]

{"sheet":"App.2-EE_Account 1576 (2013)","index":39,"n_rows":47,"n_cols":10,"rows_kept":47,"cut":false,"hidden":false,"merged":[[25,1,26,9],[31,1,31,9],[52,0,53,8],[8,0,8,8],[9,0,9,8],[10,0,10,8],[12,0,12,11],[14,0,14,8],[20,1,20,9],[47,0,47,9],[37,6,38,7],[37,8,38,8],[41,0,41,9],[45,0,45,7]]}
[null,null,null,null,null,null,null,"File Number:",{"$f":"EBNUMBER","v":"EB-2013-0115"}]
[null,null,null,null,null,null,null,"Exhibit:"]
[null,null,null,null,null,null,null,"Tab:"]
[null,null,null,null,null,null,null,"Schedule:"]
[null,null,null,null,null,null,null,"Page:"]
[]
[null,null,null,null,null,null,null,"Date:"]
[]
["Appendix 2-EE"]
["Account 1576 - Accounting Changes under CGAAP"]
["2013 Changes in Accounting Policies under CGAAP"]
[]
["Assumes the applicant made capitalization and depreciation expense accounting policy changes under CGAAP effective January 1, 2013"]
[]
[]
[]
[null,{"$f":"RebaseYear &\" Rebasing Year\"","v":"2010 Rebasing Year"},2011,2012,2013,"2014 Rebasing Year",2015,2016,2016,2017]
["Reporting Basis","CGAAP","IRM","IRM","IRM","CGAAP - ASPE","IRM","IRM","IRM","IRM"]
["Forecast vs. Actual Used in Rebasing Year","Forecast","Actual","Actual","Forecast","Forecast"]
[null,null,null,null,"$","$","$","$","$","$"]
["PP&E Values under former CGAAP"]
["            Opening net PP&E - Note 1",null,null,null,101713892]
["            Net Additions - Note 4",null,null,null,8766000.0100000016]
["            Net Depreciation (amounts should be negative) - Note 4",null,null,null,-7922708.8500000015]
["            Closing net PP&E (1)",null,null,null,{"$f":"SUM(E22:E24)","v":102557183.16}]
[]
["PP&E Values under revised CGAAP (Starts from 2013)"]
["            Opening net PP&E  - Note 1",null,null,null,101713892]
["            Net Additions - Note 4",null,null,null,7965077]
["            Net Depreciation (amounts should be negative) - Note 4",null,null,null,-4546697.709999999]
["            Closing net PP&E (2)",null,null,null,{"$f":"SUM(E28:E30)","v":105132271.29000001}]
[]
["Difference in Closing net PP&E, former CGAAP vs. revised CGAAP ",null,null,null,{"$f":"E25-E31","v":-2575088.1300000101}]
[]
[]
["Effect on Deferral and Variance Account Rate Riders"]
["Closing balance in Account 1576",null,null,null,null,{"$f":"IF(ISERROR(E33), 0, E33)","v":-2575088.1300000101},null,"WACC",6.0044E-2]
["Return on Rate Base Associated with Account 1576 balance at WACC  - Note 2",null,null,null,null,{"$f":"E33*I37*I38","v":-309237.1833554412},"# of years of rate rider disposition period",null,2]
["     Amount included in Deferral and Variance Account Rate Rider Calculation",null,null,null,null,{"$f":"F37+F38","v":-2884325.3133554514}]
[]
["Notes:"]
["1  For an applicant that made the capitalization and depreciation expense accounting policy changes on January 1, 2013, the PP&E values as of January 1, 2013 under both former CGAAP and revised CGAAP should be the same. "]
["2 Return on rate base associated with Account 1576 balance is calculated as:"]
["     the variance account opening balance as of 2014 rebasing year x WACC X # of years of rate rider disposition period"]
["     * Please note that the calculation should be adjusted once WACC is updated and finalized in the rate application."]
["3  Account 1576 is cleared by including the total balance in the deferral and variance account rate rider calculation."]
["4  Net additions are additions net of disposals; Net depreciation is additions to depreciation net of disposals."]

{"sheet":"App.2-FA Proposed REG Invest.","index":40,"n_rows":92,"n_cols":7,"rows_kept":92,"cut":false,"hidden":false,"merged":[[17,0,17,6],[16,0,16,6],[12,0,12,6],[8,0,8,6],[9,0,9,6],[13,0,13,5],[14,0,14,5],[11,0,11,6]]}
[null,null,null,null,null,"File Number:",{"$f":"EBNUMBER","v":"EB-2013-0115"}]
[null,null,null,null,null,"Exhibit:"]
[null,null,null,null,null,"Tab:"]
[null,null,null,null,null,"Schedule:"]
[null,null,null,null,null,"Page:"]
[]
[null,null,null,null,null,"Date:"]
[]
["Appendix 2-FA"]
["Renewable Generation Connection Investment Summary (over the rate setting period)"]
[]
["Enter the details of the Renewable Generation Connection projects as described in Section 2.5.2.5 of the Filing Requirements."]
["All costs entered on this page will be transferred to the appropriate cells in the appendices that follow."]
["For Part A, Renewable Enabling Improvements (REI), these amounts will be transferred to Appendix 2 - FB"]
["For Part B, Expansions, these amounts will be transferred to Appendix 2 - FC"]
[]
["If there are more than five projects proposed to be in-service in a certain year, please amend the tables below and ensure that the formulae for the Total Amounts in any given rate year are updated."]
["Based on the current methodology and allocation, amounts allocated represent 6% for REI Connection Investments and 17% for Expansion Investments. (pg 15, EB-2009-0349)"]
[]
[]
["Part A"]
["REI Investments (Direct Benefit at 6%)",null,2014,2015,2016,2017,2018]
["Project 1"]
["Name: REI Connection Project"]
["Capital Costs",null,0,0,0,0,0]
["OM&A (Start-Up)",null,0,0,0,0,0]
["OM&A (Ongoing)",null,0,0,0,0,0]
[]
["Project 2"]
["Name: REI Connection Project"]
["Capital Costs",null,0,0,0,0,0]
["OM&A (Start-Up)",null,0,0,0,0,0]
["OM&A (Ongoing)",null,0,0,0,0,0]
[]
["Project 3"]
["Name: REI Connection Project"]
["Capital Costs",null,0,0,0,0,0]
["OM&A (Start-Up)",null,0,0,0,0,0]
["OM&A (Ongoing)",null,0,0,0,0,0]
[]
["Project 4"]
["Name: REI Connection Project"]
["Capital Costs",null,0,0,0,0,0]
["OM&A (Start-Up)",null,0,0,0,0,0]
["OM&A (Ongoing)",null,0,0,0,0,0]
[]
["Project 5"]
["Name: REI Connection Project"]
["Capital Costs",null,0,0,0,0,0]
["OM&A (Start-Up)",null,0,0,0,0,0]
["OM&A (Ongoing)",null,0,0,0,0,0]
[]
["Total Capital Costs",null,{"$f":"SUM(C49,C43,C37,C31,C25)","v":0},{"$f":"SUM(D49,D43,D37,D31,D25)","v":0},0,0,0]
["Total OM&A (Start-Up)",null,{"$f":"SUM(C50,C44,C38,C32,C26)","v":0},0,0,0,0]
["Total OM&A (Ongoing)",null,{"$f":"SUM(C51,C45,C39,C33,C27)","v":0},0,0,0,0]
[]
[]
["Part B"]
["Expansion Investments (Direct Benefit at 17%)",null,2014,2015,2016,2017,2018]
["Project 1"]
["Name: Expansion Connection Project"]
["Capital Costs",null,0,0,0,0,0]
["OM&A (Start-Up)",null,0,0,0,0,0]
["OM&A (Ongoing)",null,0,0,0,0,0]
[]
["Project 2"]
["Name: Expansion Connection Project"]
["Capital Costs",null,0,0,0,0,0]
["OM&A (Start-Up)",null,0,0,0,0,0]
["OM&A (Ongoing)",null,0,0,0,0,0]
[]
["Project 3"]
["Name: Expansion Connection Project"]
["Capital Costs",null,0,0,0,0,0]
["OM&A (Start-Up)",null,0,0,0,0,0]
["OM&A (Ongoing)",null,0,0,0,0,0]
[]
["Project 4"]
["Name: Expansion Connection Project"]
["Capital Costs",null,0,0,0,0,0]
["OM&A (Start-Up)",null,0,0,0,0,0]
["OM&A (Ongoing)",null,0,0,0,0,0]
[]
["Project 5"]
["Name: Expansion Connection Project"]
["Capital Costs",null,0,0,0,0,0]
["OM&A (Start-Up)",null,0,0,0,0,0]
["OM&A (Ongoing)",null,0,0,0,0,0]
[]
["Total Capital Costs",null,{"$f":"SUM(C86,C80,C74,C68,C62)","v":0},{"$f":"SUM(D86,D80,D74,D68,D62)","v":0},0,0,0]
["Total OM&A (Start-Up)",null,{"$f":"SUM(C87,C81,C75,C69,C63)","v":0},0,0,0,0]
["Total OM&A (Ongoing)",null,{"$f":"SUM(C88,C82,C76,C70,C64)","v":0},0,0,0,0]

{"sheet":"App.2-FB Calc of REG Improvemnt","index":41,"n_rows":95,"n_cols":18,"rows_kept":95,"cut":false,"hidden":false,"merged":[[51,13,51,14],[51,16,51,17],[48,0,48,11],[49,0,49,1],[51,4,51,5],[51,7,51,8],[51,10,51,11],[46,0,46,11],[16,3,16,5],[16,6,16,8],[16,9,16,11],[16,12,16,14],[16,15,16,17],[13,0,13,6],[8,0,8,6],[9,0,9,6],[11,0,11,6],[12,0,12,6]]}
[null,null,null,null,null,"File Number:",{"$f":"EBNUMBER","v":"EB-2013-0115"}]
[null,null,null,null,null,"Exhibit:"]
[null,null,null,null,null,"Tab:"]
[null,null,null,null,null,"Schedule:"]
[null,null,null,null,null,"Page:"]
[]
[null,null,null,null,null,"Date:"]
[]
["Appendix 2-FB"]
["Calculation of Renewable Generation Connection Direct Benefits/Provincial Amount: Renewable Enabling Improvement Investments"]
[]
["This table will calculate the distributor/provincial shares of the investments entered in Part A of Appendix 2-FA."]
["Enter values in green shaded cells: WCA percentage, debt percentages, interest rates, kWh, tax rates, amortization period, CCA Class and percentage."]
["Rate Riders are not calculated for Test Year as these assets and costs are already in the distributor's rate base/revenue requirement."]
[]
[]
[null,null,null,"2014 Test Year",null,null,2015,null,null,2016,2016,null,2017,null,null,2018]
[null,null,null,null,"Direct Benefit","Provincial",null,"Direct Benefit","Provincial",null,"Direct Benefit","Provincial",null,"Direct Benefit","Provincial",null,"Direct Benefit","Provincial"]
[null,null,null,"Total",0.06,0.94,"Total",0.06,0.94,"Total",0.06,0.94,"Total",0.06,0.94,"Total",0.06,0.94]
["Net Fixed Assets (average)",null,null,{"$f":"D82","v":0},{"$f":"D20*E19","v":0},{"$f":"D20*F19","v":0},{"$f":"E82","v":0},{"$f":"G20*H19","v":0},{"$f":"G20*I19","v":0},{"$f":"F82","v":0},{"$f":"J20*K19","v":0},{"$f":"J20*L19","v":0},{"$f":"G82","v":0},{"$f":"M20*N19","v":0},{"$f":"M20*O19","v":0},{"$f":"H82","v":0},{"$f":"P20*Q19","v":0},{"$f":"P20*R19","v":0}]
["Incremental OM&A (on-going, N/A for Provincial Recovery)",null,null,{"$f":"'App.2-FA Proposed REG Invest.'!C55","v":0},{"$f":"D21","v":0},null,{"$f":"'App.2-FA Proposed REG Invest.'!D55","v":0},{"$f":"G21","v":0},null,{"$f":"'App.2-FA Proposed REG Invest.'!E55","v":0},{"$f":"J21","v":0},null,{"$f":"'App.2-FA Proposed REG Invest.'!F55","v":0},{"$f":"M21","v":0},null,{"$f":"'App.2-FA Proposed REG Invest.'!G55","v":0},{"$f":"P21","v":0}]
["Incremental OM&A (start-up, applicable for Provincial Recovery)",null,null,{"$f":"'App.2-FA Proposed REG Invest.'!C54","v":0},{"$f":"D22*E19","v":0},{"$f":"D22*F19","v":0},{"$f":"'App.2-FA Proposed REG Invest.'!D54","v":0},{"$f":"G22*H19","v":0},{"$f":"G22*I19","v":0},{"$f":"'App.2-FA Proposed REG Invest.'!E54","v":0},{"$f":"J22*K19","v":0},{"$f":"J22*L19","v":0},{"$f":"'App.2-FA Proposed REG Invest.'!F54","v":0},{"$f":"M22*N19","v":0},{"$f":"M22*O19","v":0},{"$f":"'App.2-FA Proposed REG Invest.'!G54","v":0},{"$f":"P22*Q19","v":0},{"$f":"P22*R19","v":0}]
["WCA",null,null,null,{"$f":"(E21+E22)*$B$23","v":0},{"$f":"F22*$B$23","v":0},null,{"$f":"(H21+H22)*$B$23","v":0},{"$f":"I22*$B$23","v":0},null,{"$f":"(K21+K22)*$B$23","v":0},{"$f":"L22*$B$23","v":0},null,{"$f":"(N21+N22)*$B$23","v":0},{"$f":"O22*$B$23","v":0},null,{"$f":"(Q21+Q22)*$B$23","v":0},{"$f":"R22*$B$23","v":0}]
["Rate Base",null,null,null,{"$f":"SUM(E20+E23)","v":0},{"$f":"SUM(F20+F23)","v":0},null,{"$f":"SUM(H20+H23)","v":0},{"$f":"SUM(I20+I23)","v":0},null,{"$f":"SUM(K20+K23)","v":0},{"$f":"SUM(L20+L23)","v":0},null,{"$f":"SUM(N20+N23)","v":0},{"$f":"SUM(O20+O23)","v":0},null,{"$f":"SUM(Q20+Q23)","v":0},{"$f":"SUM(R20+R23)","v":0}]
[]
[]
["Deemed ST Debt",null,null,null,{"$f":"E24*$B$27","v":0},{"$f":"F24*$B$27","v":0},null,{"$f":"H24*$B$27","v":0},{"$f":"I24*$B$27","v":0},null,{"$f":"K24*$B$27","v":0},{"$f":"L24*$B$27","v":0},null,{"$f":"N24*$B$27","v":0},{"$f":"O24*$B$27","v":0},null,{"$f":"Q24*$B$27","v":0},{"$f":"R24*$B$27","v":0}]
["Deemed LT Debt",null,null,null,{"$f":"E24*$B$28","v":0},{"$f":"F24*$B$28","v":0},null,{"$f":"H24*$B$28","v":0},{"$f":"I24*$B$28","v":0},null,{"$f":"K24*$B$28","v":0},{"$f":"L24*$B$28","v":0},null,{"$f":"N24*$B$28","v":0},{"$f":"O24*$B$28","v":0},null,{"$f":"Q24*$B$28","v":0},{"$f":"R24*$B$28","v":0}]
["Deemed Equity",null,null,null,{"$f":"E24*$B$29","v":0},{"$f":"F24*$B$29","v":0},null,{"$f":"H24*$B$29","v":0},{"$f":"I24*$B$29","v":0},null,{"$f":"K24*$B$29","v":0},{"$f":"L24*$B$29","v":0},null,{"$f":"N24*$B$29","v":0},{"$f":"O24*$B$29","v":0},null,{"$f":"Q24*$B$29","v":0},{"$f":"R24*$B$29","v":0}]
[]
["ST Interest",null,null,null,{"$f":"E27*$B31","v":0},{"$f":"F27*$B31","v":0},null,{"$f":"H27*$B31","v":0},{"$f":"I27*$B31","v":0},null,{"$f":"K27*$B31","v":0},{"$f":"L27*$B31","v":0},null,{"$f":"N27*$B31","v":0},{"$f":"O27*$B31","v":0},null,{"$f":"Q27*$B31","v":0},{"$f":"R27*$B31","v":0}]
["LT Interest",null,null,null,{"$f":"E28*$B32","v":0},0,null,{"$f":"H28*$B32","v":0},0,null,{"$f":"K28*$B32","v":0},0,null,{"$f":"N28*$B32","v":0},0,null,{"$f":"Q28*$B32","v":0},0]
["ROE",null,null,null,0,0,null,0,0,null,0,0,null,0,0,null,0,0]
["Cost of Capital Total",null,null,null,{"$f":"SUM(E31:E33)","v":0},{"$f":"SUM(F31:F33)","v":0},null,{"$f":"SUM(H31:H33)","v":0},{"$f":"SUM(I31:I33)","v":0},null,{"$f":"SUM(K31:K33)","v":0},{"$f":"SUM(L31:L33)","v":0},null,{"$f":"SUM(N31:N33)","v":0},{"$f":"SUM(O31:O33)","v":0},null,{"$f":"SUM(Q31:Q33)","v":0},{"$f":"SUM(R31:R33)","v":0}]
[]
["OM&A",null,null,null,{"$f":"E21+E22","v":0},{"$f":"F22","v":0},null,{"$f":"H21+H22","v":0},{"$f":"I22","v":0},null,{"$f":"K21+K22","v":0},{"$f":"L22","v":0},null,{"$f":"N21+N22","v":0},{"$f":"O22","v":0},null,{"$f":"Q21+Q22","v":0},{"$f":"R22","v":0}]
["Amortization",null,null,{"$f":"D77","v":0},{"$f":"D37*E$19","v":0},{"$f":"D37*F$19","v":0},{"$f":"E76+E77","v":0},{"$f":"G37*H$19","v":0},{"$f":"G37*I$19","v":0},{"$f":"F76+F77","v":0},{"$f":"J37*K$19","v":0},{"$f":"J37*L$19","v":0},{"$f":"G76+G77","v":0},{"$f":"M37*N$19","v":0},{"$f":"M37*O$19","v":0},{"$f":"H76+H77","v":0},{"$f":"P37*Q$19","v":0},{"$f":"P37*R$19","v":0}]
["Grossed-up PILs",null,null,null,{"$f":"E65","v":0},{"$f":"F65","v":0},null,{"$f":"H65","v":0},{"$f":"I65","v":0},null,{"$f":"K65","v":0},{"$f":"L65","v":0},null,{"$f":"N65","v":0},{"$f":"O65","v":0},null,{"$f":"Q65","v":0},{"$f":"R65","v":0}]
[]
["Revenue Requirement",null,null,null,{"$f":"SUM(E34:E38)","v":0},{"$f":"SUM(F34:F38)","v":0},null,{"$f":"SUM(H34:H38)","v":0},{"$f":"SUM(I34:I38)","v":0},null,{"$f":"SUM(K34:K38)","v":0},{"$f":"SUM(L34:L38)","v":0},null,{"$f":"SUM(N34:N38)","v":0},{"$f":"SUM(O34:O38)","v":0},null,{"$f":"SUM(Q34:Q38)","v":0},{"$f":"SUM(R34:R38)","v":0}]
[]
[]
["Provincial Rate Protection",null,null,null,null,{"$f":"F40","v":0},null,null,{"$f":"I40","v":0},null,null,{"$f":"L40","v":0},null,null,{"$f":"O40","v":0},null,null,{"$f":"R40","v":0}]
[]
["Monthly Amount Paid by IESO",null,null,null,null,{"$f":"F43/12","v":0},null,null,{"$f":"I43/12","v":0},null,null,{"$f":"L43/12","v":0},null,null,{"$f":"O43/12","v":0},null,null,{"$f":"R43/12","v":0}]
[]
["Note 1: The difference between the actual costs of approved eligible investments and revenue received from the IESO should be recorded in a variance account.  The Board may provide "]
["regulatory accounting guidance regarding a variance account either in an individual proceeding or on a generic basis."]
["Note 2: For the 2014 Test Year, Costs and Revenues of the Direct Benefit are to be included in the test year applicant Rate Base and Revenues.  "]
[]
["PILs Calculation"]
[null,null,null,null,2014,null,null,2015,null,null,2016,null,null,2017,null,null,2018]
["Income Tax",null,null,null,"Direct Benefit","Provincial",null,"Direct Benefit","Provincial",null,"Direct Benefit","Provincial",null,"Direct Benefit","Provincial",null,"Direct Benefit","Provincial"]
[null,null,null,null,null,null,null,null,null,null,null,null,"Total",null,null,"Total"]
["Net Income - ROE on Rate Base",null,null,null,{"$f":"E33","v":0},{"$f":"F33","v":0},null,{"$f":"H33","v":0},{"$f":"I33","v":0},null,{"$f":"K33","v":0},{"$f":"L33","v":0},null,{"$f":"N33","v":0},{"$f":"O33","v":0},null,{"$f":"Q33","v":0},{"$f":"R33","v":0}]
["Amortization (6% DB and 94% P)",null,null,null,{"$f":"E37","v":0},{"$f":"F37","v":0},null,{"$f":"H37","v":0},{"$f":"I37","v":0},null,{"$f":"K37","v":0},{"$f":"L37","v":0},null,{"$f":"N37","v":0},{"$f":"O37","v":0},null,{"$f":"Q37","v":0},{"$f":"R37","v":0}]
["CCA (6% DB and 94% P)",null,null,null,{"$f":"-D94*E$19","v":0},{"$f":"-D94*F$19","v":0},null,{"$f":"-E94*H$19","v":0},{"$f":"-E94*I$19","v":0},null,{"$f":"-F94*K$19","v":0},{"$f":"-F94*L$19","v":0},null,{"$f":"-G94*N$19","v":0},{"$f":"-G94*O$19","v":0},null,{"$f":"-H94*Q$19","v":0},{"$f":"-H94*R$19","v":0}]
["Taxable income",null,null,null,{"$f":"SUM(E55:E57)","v":0},{"$f":"SUM(F55:F57)","v":0},null,{"$f":"SUM(H55:H57)","v":0},{"$f":"SUM(I55:I57)","v":0},null,{"$f":"SUM(K55:K57)","v":0},{"$f":"SUM(L55:L57)","v":0},null,{"$f":"SUM(N55:N57)","v":0},{"$f":"SUM(O55:O57)","v":0},null,{"$f":"SUM(Q55:Q57)","v":0},{"$f":"SUM(R55:R57)","v":0}]
[]
["Tax Rate  (to be entered)"]
[]
["Income Taxes Payable",null,null,null,{"$f":"E58*E60","v":0},{"$f":"F58*F60","v":0},null,{"$f":"H58*H60","v":0},{"$f":"I58*I60","v":0},null,{"$f":"K58*K60","v":0},{"$f":"L58*L60","v":0},null,{"$f":"N58*N60","v":0},{"$f":"O58*O60","v":0},null,{"$f":"Q58*Q60","v":0},{"$f":"R58*R60","v":0}]
["Gross Up"]
["Income Taxes Payable",null,null,null,{"$f":"E62/(1-E60)","v":0},{"$f":"F62/(1-F60)","v":0},null,{"$f":"H62/(1-H60)","v":0},{"$f":"I62/(1-I60)","v":0},null,{"$f":"K62/(1-K60)","v":0},{"$f":"L62/(1-L60)","v":0},null,{"$f":"N62/(1-N60)","v":0},{"$f":"O62/(1-O60)","v":0},null,{"$f":"Q62/(1-Q60)","v":0},{"$f":"R62/(1-R60)","v":0}]
["Grossed Up PILs",null,null,null,{"$f":"SUM(E64:E64)","v":0},{"$f":"SUM(F64:F64)","v":0},null,{"$f":"SUM(H64:H64)","v":0},{"$f":"SUM(I64:I64)","v":0},null,{"$f":"SUM(K64:K64)","v":0},{"$f":"SUM(L64:L64)","v":0},null,{"$f":"SUM(N64:N64)","v":0},{"$f":"SUM(O64:O64)","v":0},null,{"$f":"SUM(Q64:Q64)","v":0},{"$f":"SUM(R64:R64)","v":0}]
[]
[]
[null,null,null,2014,2015,2016,2017,2018]
["Net Fixed Assets"]
[null,"Enter applicable amortization in years:",25]
["Opening Gross Fixed Assets",null,null,null,{"$f":"D73","v":0},{"$f":"E73","v":0},{"$f":"F73","v":0},{"$f":"G73","v":0}]
["Gross Capital Additions",null,null,{"$f":"'App.2-FA Proposed REG Invest.'!C53","v":0},{"$f":"'App.2-FA Proposed REG Invest.'!D53","v":0},{"$f":"'App.2-FA Proposed REG Invest.'!E53","v":0},{"$f":"'App.2-FA Proposed REG Invest.'!F53","v":0},{"$f":"'App.2-FA Proposed REG Invest.'!G53","v":0}]
["Closing Gross Fixed Assets",null,null,{"$f":"SUM(D71:D72)","v":0},{"$f":"SUM(E71:E72)","v":0},0,0,0]
[]
["Opening Accumulated Amortization",null,null,null,{"$f":"D78","v":0},{"$f":"E78","v":0},{"$f":"F78","v":0},{"$f":"G78","v":0}]
["Current Year Amortization (before additions)",null,null,null,{"$f":"IF(ISERROR(E71/$C$70), 0, E71/$C$70)","v":0},{"$f":"IF(ISERROR(F71/$C$70), 0, F71/$C$70)","v":0},{"$f":"IF(ISERROR(G71/$C$70), 0, G71/$C$70)","v":0},{"$f":"IF(ISERROR(H71/$C$70), 0, H71/$C$70)","v":0}]
["Additions (half year)",null,null,{"$f":"D72/C70/2","v":0},{"$f":"E72/C70/2","v":0},{"$f":"F72/C70/2","v":0},{"$f":"G72/C70/2","v":0},{"$f":"H72/C70/2","v":0}]
["Closing Accumulated Amortization",null,null,{"$f":"SUM(D75+D77)","v":0},{"$f":"SUM(E75:E77)","v":0},{"$f":"SUM(F75:F77)","v":0},{"$f":"SUM(G75:G77)","v":0},{"$f":"SUM(H75:H77)","v":0}]
[]
["Opening Net Fixed Assets",null,null,{"$f":"D71-D75","v":0},{"$f":"D81","v":0},{"$f":"E81","v":0},{"$f":"F81","v":0},{"$f":"G81","v":0}]
["Closing Net Fixed Assets",null,null,{"$f":"D73-D78","v":0},{"$f":"E73-E78","v":0},{"$f":"F73-F78","v":0},{"$f":"G73-G78","v":0},{"$f":"H73-H78","v":0}]
["Average Net Fixed Assets",null,null,{"$f":"SUM(D80:D81)/2","v":0},{"$f":"SUM(E80:E81)/2","v":0},{"$f":"SUM(F80:F81)/2","v":0},{"$f":"SUM(G80:G81)/2","v":0},{"$f":"SUM(H80:H81)/2","v":0}]
[]
["UCC for PILs Calculation"]
[null,null,null,2014,2015,2016,2017,2018]
[]
["Opening UCC",null,null,null,{"$f":"D95","v":0},{"$f":"E95","v":0},{"$f":"F95","v":0},{"$f":"G95","v":0}]
["Capital Additions (from Appendix 2-FA)",null,null,{"$f":"D72","v":0},{"$f":"'App.2-FA Proposed REG Invest.'!D31","v":0},{"$f":"'App.2-FA Proposed REG Invest.'!E31","v":0},{"$f":"'App.2-FA Proposed REG Invest.'!F31","v":0},{"$f":"'App.2-FA Proposed REG Invest.'!G31","v":0}]
["UCC Before Half Year Rule",null,null,{"$f":"SUM(D87:D88)","v":0},{"$f":"SUM(E87:E88)","v":0},{"$f":"SUM(F87:F88)","v":0},{"$f":"SUM(G87:G88)","v":0},{"$f":"SUM(H87:H88)","v":0}]
["Half Year Rule (1/2 Additions - Disposals)",null,null,{"$f":"D88/2","v":0},{"$f":"E88/2","v":0},{"$f":"F88/2","v":0},{"$f":"G88/2","v":0},{"$f":"H88/2","v":0}]
["Reduced UCC",null,null,{"$f":"D89-D90","v":0},{"$f":"E89-E90","v":0},{"$f":"F89-F90","v":0},{"$f":"G89-G90","v":0},{"$f":"H89-H90","v":0}]
["CCA Rate Class (to be entered)",null,47,{"$f":"C92","v":47},{"$f":"C92","v":47},{"$f":"C92","v":47},{"$f":"C92","v":47},{"$f":"C92","v":47}]
["CCA Rate  (to be entered)",null,0.08,{"$f":"C93","v":0.08},{"$f":"C93","v":0.08},{"$f":"C93","v":0.08},{"$f":"C93","v":0.08},{"$f":"C93","v":0.08}]
["CCA",null,null,{"$f":"D91*D93","v":0},{"$f":"E91*E93","v":0},0,0,{"$f":"H91*H93","v":0}]
["Closing UCC",null,null,{"$f":"D89-D94","v":0},{"$f":"E89-E94","v":0},{"$f":"F89-F94","v":0},{"$f":"G89-G94","v":0},{"$f":"H89-H94","v":0}]

{"sheet":"App.2-FC Calc of REG Expansion","index":42,"n_rows":94,"n_cols":18,"rows_kept":94,"cut":false,"hidden":false,"merged":[[16,15,16,17],[16,3,16,5],[51,4,51,5],[51,7,51,8],[51,10,51,11],[51,13,51,14],[51,16,51,17],[46,0,46,11],[48,0,48,12],[49,0,49,1],[16,6,16,8],[16,9,16,11],[16,12,16,14],[8,0,8,5],[9,0,9,5],[11,0,11,5],[12,0,12,5],[13,0,13,5]]}
[null,null,null,null,"File Number:",{"$f":"EBNUMBER","v":"EB-2013-0115"}]
[null,null,null,null,"Exhibit:"]
[null,null,null,null,"Tab:"]
[null,null,null,null,"Schedule:"]
[null,null,null,null,"Page:"]
[]
[null,null,null,null,"Date:"]
[]
["Appendix 2-FC"]
["Calculation of Renewable Generation Connection Direct Benefits/Provincial Amount: Renewable Expansion Investments"]
[]
["This table will calculate the distributor/provincial shares of the investments entered in Part B of Appendix 2-FA."]
["Enter values in green shaded cells: WCA percentage, debt percentages, interest rates, kWh, tax rates, amortization period, CCA Class and percentage."]
["Rate Riders are not calculated for Test Year as these assets and costs are already in the distributors rate base."]
[]
[]
[null,null,null,"2014 Test Year",null,null,2015,null,null,2016,2016,null,2017,null,null,2018]
[null,null,null,null,"Direct Benefit","Provincial",null,"Direct Benefit","Provincial",null,"Direct Benefit","Provincial",null,"Direct Benefit","Provincial",null,"Direct Benefit","Provincial"]
[null,null,null,"Total",0.17,0.83,"Total",0.17,0.83,"Total",0.17,0.83,"Total",0.17,0.83,"Total",0.17,0.83]
["Net Fixed Assets (average)",null,null,{"$f":"D81","v":0},{"$f":"D20*E19","v":0},{"$f":"D20*F19","v":0},{"$f":"E81","v":0},{"$f":"G20*H19","v":0},{"$f":"G20*I19","v":0},{"$f":"F81","v":0},{"$f":"J20*K19","v":0},{"$f":"J20*L19","v":0},{"$f":"G81","v":0},{"$f":"M20*N19","v":0},{"$f":"M20*O19","v":0},{"$f":"H81","v":0},{"$f":"P20*Q19","v":0},{"$f":"P20*R19","v":0}]
["Incremental OM&A (on-going, N/A for Provincial Recovery)",null,null,{"$f":"'App.2-FA Proposed REG Invest.'!C$92","v":0},{"$f":"D21","v":0},null,{"$f":"'App.2-FA Proposed REG Invest.'!D$92","v":0},{"$f":"G21","v":0},null,{"$f":"'App.2-FA Proposed REG Invest.'!E$92","v":0},{"$f":"J21","v":0},null,{"$f":"'App.2-FA Proposed REG Invest.'!F$92","v":0},{"$f":"M21","v":0},null,{"$f":"'App.2-FA Proposed REG Invest.'!G$92","v":0},{"$f":"P21","v":0}]
["Incremental OM&A (start-up, applicable for Provincial Recovery)",null,null,{"$f":"'App.2-FA Proposed REG Invest.'!C$91","v":0},{"$f":"D22*E19","v":0},{"$f":"D22*F19","v":0},{"$f":"'App.2-FA Proposed REG Invest.'!D$91","v":0},{"$f":"G22*H19","v":0},{"$f":"G22*I19","v":0},{"$f":"'App.2-FA Proposed REG Invest.'!E$91","v":0},{"$f":"J22*K19","v":0},{"$f":"J22*L19","v":0},{"$f":"'App.2-FA Proposed REG Invest.'!F$91","v":0},{"$f":"M22*N19","v":0},{"$f":"M22*O19","v":0},{"$f":"'App.2-FA Proposed REG Invest.'!G$91","v":0},{"$f":"P22*Q19","v":0},{"$f":"P22*R19","v":0}]
["WCA",null,null,null,{"$f":"(E21+E22)*$B$23","v":0},{"$f":"F22*$B$23","v":0},null,{"$f":"(H21+H22)*$B$23","v":0},{"$f":"I22*$B$23","v":0},null,{"$f":"(K21+K22)*$B$23","v":0},{"$f":"L22*$B$23","v":0},null,{"$f":"(N21+N22)*$B$23","v":0},{"$f":"O22*$B$23","v":0},null,{"$f":"(Q21+Q22)*$B$23","v":0},{"$f":"R22*$B$23","v":0}]
["Rate Base",null,null,null,{"$f":"SUM(E20+E23)","v":0},{"$f":"SUM(F20+F23)","v":0},null,{"$f":"SUM(H20+H23)","v":0},{"$f":"SUM(I20+I23)","v":0},null,{"$f":"SUM(K20+K23)","v":0},{"$f":"SUM(L20+L23)","v":0},null,{"$f":"SUM(N20+N23)","v":0},{"$f":"SUM(O20+O23)","v":0},null,{"$f":"SUM(Q20+Q23)","v":0},{"$f":"SUM(R20+R23)","v":0}]
[]
[]
["Deemed ST Debt",null,null,null,{"$f":"E24*$B$27","v":0},{"$f":"F24*$B$27","v":0},null,{"$f":"H24*$B$27","v":0},{"$f":"I24*$B$27","v":0},null,{"$f":"K24*$B$27","v":0},{"$f":"L24*$B$27","v":0},null,{"$f":"N24*$B$27","v":0},{"$f":"O24*$B$27","v":0},null,{"$f":"Q24*$B$27","v":0},{"$f":"R24*$B$27","v":0}]
["Deemed LT Debt",null,null,null,{"$f":"E24*$B$28","v":0},{"$f":"F24*$B$28","v":0},null,{"$f":"H24*$B$28","v":0},{"$f":"I24*$B$28","v":0},null,{"$f":"K24*$B$28","v":0},{"$f":"L24*$B$28","v":0},null,{"$f":"N24*$B$28","v":0},{"$f":"O24*$B$28","v":0},null,{"$f":"Q24*$B$28","v":0},{"$f":"R24*$B$28","v":0}]
["Deemed Equity",null,null,null,{"$f":"E24*$B$29","v":0},{"$f":"F24*$B$29","v":0},null,{"$f":"H24*$B$29","v":0},{"$f":"I24*$B$29","v":0},null,{"$f":"K24*$B$29","v":0},{"$f":"L24*$B$29","v":0},null,{"$f":"N24*$B$29","v":0},{"$f":"O24*$B$29","v":0},null,{"$f":"Q24*$B$29","v":0},{"$f":"R24*$B$29","v":0}]
[]
["ST Interest",null,null,null,{"$f":"E27*$B$31","v":0},{"$f":"F27*$B$31","v":0},null,{"$f":"H27*$B$31","v":0},{"$f":"I27*$B$31","v":0},null,{"$f":"K27*$B$31","v":0},{"$f":"L27*$B$31","v":0},null,{"$f":"N27*$B$31","v":0},{"$f":"O27*$B$31","v":0},null,{"$f":"Q27*$B$31","v":0},{"$f":"R27*$B$31","v":0}]
["LT Interest",null,null,null,{"$f":"E28*$B$32","v":0},{"$f":"F28*$B$32","v":0},null,{"$f":"H28*$B$32","v":0},{"$f":"I28*$B$32","v":0},null,{"$f":"K28*$B$32","v":0},{"$f":"L28*$B$32","v":0},null,{"$f":"N28*$B$32","v":0},{"$f":"O28*$B$32","v":0},null,{"$f":"Q28*$B$32","v":0},{"$f":"R28*$B$32","v":0}]
["ROE",null,null,null,{"$f":"E29*$B$33","v":0},{"$f":"F29*$B$33","v":0},null,{"$f":"H29*$B$33","v":0},{"$f":"I29*$B$33","v":0},null,{"$f":"K29*$B$33","v":0},{"$f":"L29*$B$33","v":0},null,{"$f":"N29*$B$33","v":0},{"$f":"O29*$B$33","v":0},null,{"$f":"Q29*$B$33","v":0},{"$f":"R29*$B$33","v":0}]
["Cost of Capital Total",null,null,null,{"$f":"SUM(E31:E33)","v":0},{"$f":"SUM(F31:F33)","v":0},null,{"$f":"SUM(H31:H33)","v":0},{"$f":"SUM(I31:I33)","v":0},null,{"$f":"SUM(K31:K33)","v":0},{"$f":"SUM(L31:L33)","v":0},null,{"$f":"SUM(N31:N33)","v":0},{"$f":"SUM(O31:O33)","v":0},null,{"$f":"SUM(Q31:Q33)","v":0},{"$f":"SUM(R31:R33)","v":0}]
[]
["OM&A",null,null,null,{"$f":"E21+E22","v":0},{"$f":"F22","v":0},null,{"$f":"H21+H22","v":0},{"$f":"I22","v":0},null,{"$f":"K21+K22","v":0},{"$f":"L22","v":0},null,{"$f":"N21+N22","v":0},{"$f":"O22","v":0},null,{"$f":"Q21+Q22","v":0},{"$f":"R22","v":0}]
["Amortization",null,null,{"$f":"D77","v":0},{"$f":"D37*E$19","v":0},{"$f":"D37*F$19","v":0},{"$f":"E75+E76","v":0},{"$f":"G37*H$19","v":0},{"$f":"G37*I$19","v":0},{"$f":"F75+F76","v":0},{"$f":"J37*K$19","v":0},{"$f":"J37*L$19","v":0},{"$f":"G75+G76","v":0},{"$f":"M37*N$19","v":0},{"$f":"M37*O$19","v":0},{"$f":"H75+H76","v":0},{"$f":"P37*Q$19","v":0},{"$f":"P37*R$19","v":0}]
["Grossed-up PILs",null,null,null,{"$f":"E65","v":0},{"$f":"F65","v":0},null,{"$f":"H65","v":0},{"$f":"I65","v":0},null,{"$f":"K65","v":0},{"$f":"L65","v":0},null,{"$f":"N65","v":0},{"$f":"O65","v":0},null,{"$f":"Q65","v":0},{"$f":"R65","v":0}]
[]
["Revenue Requirement",null,null,null,{"$f":"SUM(E34:E38)","v":0},{"$f":"SUM(F34:F38)","v":0},null,{"$f":"SUM(H34:H38)","v":0},{"$f":"SUM(I34:I38)","v":0},null,{"$f":"SUM(K34:K38)","v":0},{"$f":"SUM(L34:L38)","v":0},null,{"$f":"SUM(N34:N38)","v":0},{"$f":"SUM(O34:O38)","v":0},null,{"$f":"SUM(Q34:Q38)","v":0},{"$f":"SUM(R34:R38)","v":0}]
[]
[]
["Provincial Rate Protection",null,null,null,null,{"$f":"F40","v":0},null,null,{"$f":"I40","v":0},null,null,{"$f":"L40","v":0},null,null,{"$f":"O40","v":0},null,null,{"$f":"R40","v":0}]
[]
["Monthly Amount Paid by IESO",null,null,null,null,{"$f":"F43/12","v":0},null,null,{"$f":"I43/12","v":0},null,null,{"$f":"L43/12","v":0},null,null,{"$f":"O43/12","v":0},null,null,{"$f":"R43/12","v":0}]
[]
["Note 1: The difference between the actual costs of approved eligible investments and revenue received from the IESO should be recorded in a variance account.  The Board may provide "]
["regulatory accounting guidance regarding a variance account either in an individual proceeding or on a generic basis."]
["Note 2: For the 2014 Test Year, Costs and Revenues of the Direct Benefit are to be included in the test year applicant Rate Base and Revenues."]
[]
["PILs Calculation"]
[null,null,null,null,2014,null,null,2015,null,null,2016,null,null,2017,null,null,2018]
["Income Tax",null,null,null,"Direct Benefit","Provincial",null,"Direct Benefit","Provincial",null,"Direct Benefit","Provincial",null,"Direct Benefit","Provincial",null,"Direct Benefit","Provincial"]
[null,null,null,null,null,null,null,null,null,null,null,null,"Total",null,null,"Total"]
["Net Income - ROE on Rate Base",null,null,null,{"$f":"E33","v":0},{"$f":"F33","v":0},null,{"$f":"H33","v":0},{"$f":"I33","v":0},null,{"$f":"K33","v":0},{"$f":"L33","v":0},null,{"$f":"N33","v":0},{"$f":"O33","v":0},null,{"$f":"Q33","v":0},{"$f":"R33","v":0}]
["Amortization (17% DB and 83% P)",null,null,null,{"$f":"E37","v":0},{"$f":"F37","v":0},null,{"$f":"H37","v":0},{"$f":"I37","v":0},null,{"$f":"K37","v":0},{"$f":"L37","v":0},null,{"$f":"N37","v":0},{"$f":"O37","v":0},null,{"$f":"Q37","v":0},{"$f":"R37","v":0}]
["CCA (17% DB and 83% P)",null,null,null,{"$f":"-D93*E$19","v":0},{"$f":"-D93*F$19","v":0},null,{"$f":"-E93*H$19","v":0},{"$f":"-E93*I$19","v":0},null,{"$f":"-F93*K$19","v":0},{"$f":"-F93*L$19","v":0},null,{"$f":"-G93*N$19","v":0},{"$f":"-G93*O$19","v":0},null,{"$f":"-H93*Q$19","v":0},{"$f":"-H93*R$19","v":0}]
["Taxable income",null,null,null,{"$f":"SUM(E55:E57)","v":0},{"$f":"SUM(F55:F57)","v":0},null,{"$f":"SUM(H55:H57)","v":0},{"$f":"SUM(I55:I57)","v":0},null,{"$f":"SUM(K55:K57)","v":0},{"$f":"SUM(L55:L57)","v":0},null,{"$f":"SUM(N55:N57)","v":0},{"$f":"SUM(O55:O57)","v":0},null,{"$f":"SUM(Q55:Q57)","v":0},{"$f":"SUM(R55:R57)","v":0}]
[]
["Tax Rate  (to be entered)"]
[]
["Income Taxes Payable",null,null,null,{"$f":"E58*E60","v":0},{"$f":"F58*F60","v":0},null,{"$f":"H58*H60","v":0},{"$f":"I58*I60","v":0},null,{"$f":"K58*K60","v":0},{"$f":"L58*L60","v":0},null,{"$f":"N58*N60","v":0},{"$f":"O58*O60","v":0},null,{"$f":"Q58*Q60","v":0},{"$f":"R58*R60","v":0}]
["Gross Up"]
["Income Taxes Payable",null,null,null,{"$f":"E62/(1-E60)","v":0},{"$f":"F62/(1-F60)","v":0},null,{"$f":"H62/(1-H60)","v":0},{"$f":"I62/(1-I60)","v":0},null,{"$f":"K62/(1-K60)","v":0},{"$f":"L62/(1-L60)","v":0},null,{"$f":"N62/(1-N60)","v":0},{"$f":"O62/(1-O60)","v":0},null,{"$f":"Q62/(1-Q60)","v":0},{"$f":"R62/(1-R60)","v":0}]
["Grossed Up PILs",null,null,null,{"$f":"SUM(E64:E64)","v":0},{"$f":"SUM(F64:F64)","v":0},null,{"$f":"SUM(H64:H64)","v":0},{"$f":"SUM(I64:I64)","v":0},null,{"$f":"SUM(K64:K64)","v":0},{"$f":"SUM(L64:L64)","v":0},null,{"$f":"SUM(N64:N64)","v":0},{"$f":"SUM(O64:O64)","v":0},null,{"$f":"SUM(Q64:Q64)","v":0},{"$f":"SUM(R64:R64)","v":0}]
[]
[]
["Net Fixed Assets",null,null,2014,2015,2016,2017,2018]
[null,"Enter applicable amortization in years:",25]
["Opening Gross Fixed Assets",null,null,null,{"$f":"D72","v":0},{"$f":"E72","v":0},{"$f":"F72","v":0},{"$f":"G72","v":0}]
["Gross Capital Additions",null,null,{"$f":"'App.2-FA Proposed REG Invest.'!C90","v":0},{"$f":"'App.2-FA Proposed REG Invest.'!D90","v":0},{"$f":"'App.2-FA Proposed REG Invest.'!E90","v":0},{"$f":"'App.2-FA Proposed REG Invest.'!F90","v":0},{"$f":"'App.2-FA Proposed REG Invest.'!G90","v":0}]
["Closing Gross Fixed Assets",null,null,{"$f":"SUM(D70:D71)","v":0},{"$f":"SUM(E70:E71)","v":0},{"$f":"SUM(F70:F71)","v":0},{"$f":"SUM(G70:G71)","v":0},{"$f":"SUM(H70:H71)","v":0}]
[]
["Opening Accumulated Amortization",null,null,null,{"$f":"D77","v":0},{"$f":"E77","v":0},{"$f":"F77","v":0},{"$f":"G77","v":0}]
["Current Year Amortization (before additions)",null,null,null,{"$f":"E70/$C$69","v":0},{"$f":"F70/$C$69","v":0},{"$f":"G70/$C$69","v":0},{"$f":"H70/$C$69","v":0}]
["Additions (half year)",null,null,{"$f":"D71/C69/2","v":0},{"$f":"E71/C69/2","v":0},{"$f":"F71/C69/2","v":0},{"$f":"G71/C69/2","v":0},{"$f":"H71/C69/2","v":0}]
["Closing Accumulated Amortization",null,null,{"$f":"SUM(D74+D76)","v":0},{"$f":"SUM(E74:E76)","v":0},{"$f":"SUM(F74:F76)","v":0},{"$f":"SUM(G74:G76)","v":0},{"$f":"SUM(H74:H76)","v":0}]
[]
["Opening Net Fixed Assets",null,null,{"$f":"D70-D74","v":0},{"$f":"D80","v":0},{"$f":"E80","v":0},{"$f":"F80","v":0},{"$f":"G80","v":0}]
["Closing Net Fixed Assets",null,null,{"$f":"D72-D77","v":0},{"$f":"E72-E77","v":0},{"$f":"F72-F77","v":0},{"$f":"G72-G77","v":0},{"$f":"H72-H77","v":0}]
["Average Net Fixed Assets",null,null,{"$f":"SUM(D79:D80)/2","v":0},{"$f":"SUM(E79:E80)/2","v":0},{"$f":"SUM(F79:F80)/2","v":0},{"$f":"SUM(G79:G80)/2","v":0},{"$f":"SUM(H79:H80)/2","v":0}]
[]
["UCC for PILs Calculation"]
[null,null,null,2014,2015,2016,2017,2018]
[]
["Opening UCC",null,null,null,{"$f":"D94","v":0},{"$f":"E94","v":0},{"$f":"F94","v":0},{"$f":"G94","v":0}]
["Capital Additions (from Appendix 2-FA)",null,null,{"$f":"D71","v":0},{"$f":"E71","v":0},{"$f":"F71","v":0},{"$f":"G71","v":0},{"$f":"H71","v":0}]
["UCC Before Half Year Rule",null,null,{"$f":"SUM(D86:D87)","v":0},{"$f":"SUM(E86:E87)","v":0},{"$f":"SUM(F86:F87)","v":0},{"$f":"SUM(G86:G87)","v":0},{"$f":"SUM(H86:H87)","v":0}]
["Half Year Rule (1/2 Additions - Disposals)",null,null,{"$f":"D87/2","v":0},{"$f":"E87/2","v":0},{"$f":"F87/2","v":0},{"$f":"G87/2","v":0},{"$f":"H87/2","v":0}]
["Reduced UCC",null,null,{"$f":"D88-D89","v":0},{"$f":"E88-E89","v":0},{"$f":"F88-F89","v":0},{"$f":"G88-G89","v":0},{"$f":"H88-H89","v":0}]
["CCA Rate Class (to be entered)",null,47,{"$f":"C91","v":47},{"$f":"C91","v":47},{"$f":"C91","v":47},{"$f":"C91","v":47},{"$f":"C91","v":47}]
["CCA Rate  (to be entered)",null,0.08,{"$f":"C92","v":0.08},{"$f":"C92","v":0.08},{"$f":"C92","v":0.08},{"$f":"C92","v":0.08},{"$f":"C92","v":0.08}]
["CCA",null,null,{"$f":"D90*D$92","v":0},{"$f":"E90*E$92","v":0},0,0,0]
["Closing UCC",null,null,{"$f":"D88-D93","v":0},{"$f":"E88-E93","v":0},{"$f":"F88-F93","v":0},{"$f":"G88-G93","v":0},{"$f":"H88-H93","v":0}]

{"sheet":"App.2-G SQI","index":43,"n_rows":23,"n_cols":11,"rows_kept":23,"cut":false,"hidden":false,"merged":[[8,0,8,10],[9,0,9,10],[10,0,10,10],[12,0,13,0],[12,1,12,5],[12,6,12,10],[18,1,18,4],[18,6,18,9],[21,0,21,10],[22,0,22,10],[17,0,17,10],[19,1,19,4],[19,6,19,9]]}
[null,null,null,null,null,null,null,null,"File Number:",null,{"$f":"EBNUMBER","v":"EB-2013-0115"}]
[null,null,null,null,null,null,null,null,"Exhibit:"]
[null,null,null,null,null,null,null,null,"Tab:"]
[null,null,null,null,null,null,null,null,"Schedule:"]
[null,null,null,null,null,null,null,null,"Page:"]
[]
[null,null,null,null,null,null,null,null,"Date:"]
[]
["Appendix 2-G"]
["Service Reliability Indicators"]
["2008 - 2012"]
[]
["Index","Includes outages caused by loss of supply",null,null,null,null,"Excludes outages caused by loss of supply"]
[null,2008,2009,2010,2011,2012,2008,2009,2010,2011,2012]
["SAIDI ",1.36,1.08,1.1299999999999999,1.06,0.9,1.33,1.08,1.1299999999999999,1.06,0.9]
["SAIFI",1.7,1.17,1.72,1,0.95,1.61,1.17,1.72,0.95,0.95]
[]
["5 Year Historical Average"]
["SAIDI ",null,null,null,null,{"$f":"IF(ISERROR(AVERAGE(B15:F15)), \"\", AVERAGE(B15:F15))","v":1.1060000000000003},null,null,null,null,{"$f":"IF(ISERROR(AVERAGE(G15:K15)), \"\", AVERAGE(G15:K15))","v":1.1000000000000001}]
["SAIFI",null,null,null,null,{"$f":"IF(ISERROR(AVERAGE(B16:F16)), \"\", AVERAGE(B16:F16))","v":1.3080000000000001},null,null,null,null,{"$f":"IF(ISERROR(AVERAGE(G16:K16)), \"\", AVERAGE(G16:K16))","v":1.28}]
[]
["SAIDI = System Average Interruption Duration Index"]
["SAIFI = System Average Interruption Frequency Index "]

{"sheet":"App.2-H_Other_Oper_Rev","index":44,"n_rows":64,"n_cols":9,"rows_kept":64,"cut":false,"hidden":false,"merged":[[36,0,36,1],[37,0,37,1],[28,0,28,1],[31,0,31,1],[8,0,8,8],[9,0,9,8],[26,0,26,8],[27,0,27,1],[30,0,30,1],[29,0,29,1],[41,0,41,8],[36,2,36,8],[37,2,38,8],[34,0,34,1],[63,1,63,8],[61,1,61,8],[62,1,62,8],[51,0,51,1],[44,0,45,8],[50,0,50,1],[56,0,56,1],[52,0,52,1],[53,0,53,1],[54,0,54,1],[55,0,55,1],[35,0,35,1]]}
[null,null,null,null,null,null,null,"File Number:",{"$f":"EBNUMBER","v":"EB-2013-0115"}]
[null,null,null,null,null,null,null,"Exhibit:"]
[null,null,null,null,null,null,null,"Tab:"]
[null,null,null,null,null,null,null,"Schedule:"]
[null,null,null,null,null,null,null,"Page:"]
[]
[null,null,null,null,null,null,null,"Date:"]
[]
["Appendix 2-H"]
["Other Operating Revenue"]
[]
["USoA #","USoA Description",{"$f":"G13-3 & \" Actual\"","v":"2010 Actual"},{"$f":"G13-2 & \" Actual\"","v":"2011 Actual"},{"$f":"G13-1 & \" Actual\"& CHAR(178)","v":"2012 Actual²"},{"$f":"G13-1 & \" Actual\"& CHAR(178)","v":"2012 Actual²"},{"$f":"\"Bridge Year\" & CHAR(179)","v":"Bridge Year³"},{"$f":"\"Bridge Year\" & CHAR(179)","v":"Bridge Year³"},"Test Year"]
[null,null,null,null,null,null,{"$f":"H13","v":2013},{"$f":"BridgeYear","v":2013},{"$f":"TestYear","v":2014}]
[null,"Reporting Basis"]
[4235,"Specific Service Charges",821164.18,848889.45,853860.16,null,null,737384,817981]
[4225,"Late Payment Charges",202148.04,249986.07,248090.04,null,null,242000,241000]
[4082,"Retail Services Revenues - ODR",50128.99,46286.51,40277.58,null,null,40000,40000]
[4220,"Other Electric Revenues - ODR",101942.24,56903.03,58493.72,null,null,108506,58025]
[4080,"Admin Charge - ODR",174033,178619,184071,null,null,186177.30103845001,188308]
[4210,"Rent from electric property - ODR",319465.39,325111,330676.13,null,null,337400,337400]
[4084,"Service Transaction Requests (STR) Revenues - ODR",1919.26,1317.5,1274,null,null,1300,1300]
[4390,"Miscellaneous Non-Operating Income - OIE",78839.759999999995,2873.1,351221,null,null,-263000,27000]
[4305,"Regulatory Debits - OIE",null,null,null,null,null,-2884325.3133554514]
[4405,"Interest and Dividend Income - OIE",206876,466734,232928,null,null,205000,227000]
[]
[]
[]
["Specific Service Charges",null,{"$f":"C15","v":821164.18},848889.45,853860.16,{"$f":"F15","v":0},0,{"$f":"H15","v":737384},{"$f":"I15","v":817981}]
["Late Payment Charges",null,202148.04,249986.07,248090.04,{"$f":"F16","v":0},0,{"$f":"H16","v":242000},{"$f":"I16","v":241000}]
["Other Operating Revenues",null,647488.88,608237.04,614792.42999999993,null,null,673383.30103844998,625033]
["Other Income or Deductions",null,285715.76,469607.1,584149,null,null,-2942325.3133554514,254000]
["Total",null,{"$f":"SUM(C28:C31)","v":1956516.86},2176719.66,2300891.63,0,0,-1289558.0123170014,1938014]
[]
["Description",null,"Account(s)"]
["Specific Service Charges:",null,4235]
["Late Payment Charges:",null,4225]
["Other Distribution Revenues:",null,"4080, 4082, 4084, 4090, 4205, 4210, 4215, 4220, 4240, 4245"]
["Other Income and Expenses:",null,"4305, 4310, 4315, 4320, 4325, 4330, 4335, 4340, 4345, 4350, 4355, 4360, 4365, 4370, 4375, 4380, 4385, 4390, 4395, 4398, 4405, 4415"]
[]
[]
["Note: Add all applicable accounts listed above to the table and include all relevant information."]
[]
["Account Breakdown Details"]
[]
["For each \"Other Operating Revenue\" and \"Other Income or Deductions\" Account, a detailed breakdown of the account components is required.  See the example below for Account 4405, Interest and Dividend Income."]
[]
[]
["Account 4405 - Interest and Dividend Income"]
[null,null,{"$f":"C12","v":"2010 Actual"},"2011 Actual","2012 Actual²","2012 Actual²","Bridge Year³","Bridge Year³","Test Year"]
[null,null,null,null,null,null,{"$f":"G13","v":2013},{"$f":"H13","v":2013},{"$f":"I13","v":2014}]
["Reporting Basis",null,{"$f":"IF(C14=0, \"\", C14)","v":""},"","","","","",""]
["Short-term Investment Interest",null,6090," "," "]
["Bank Deposit Interest",null,77608,204926,182810,null,null,205000,239000]
["Miscellaneous Interest Revenue",null,119559,261808,50118]
["etc.1",null,3619," "," "]
[]
["Total",null,{"$f":"SUM(C52:C56)","v":206876},466734,232928,0,0,205000,239000]
[]
[]
["Notes:"]
[1,"List and specify any other interest revenue."]
[2,"If the applicant is adopting IFRS or an alternate accounting standard as of January 1, 2012 for financial reporting purposes, 2011 must be presented on both a CGAAP and MIFRS (or alternate accounting standard) basis."]
[3,"If the applicant is adopting IFRS or an alternate accounting standard as of January 1, 2013 for financial reporting purposes, 2012 must be presented on both a CGAAP and MIFRS (or alternate accounting standard) basis."]
[4,"If the applicant is adopting IFRS or an alternate accounting standard as of January 1, 2014 for financial reporting purposes, 2013 must be presented on both a CGAAP and MIFRS (or alternate accounting standard) basis."]

{"sheet":"App.2-I LF_CDM_WF","index":45,"n_rows":77,"n_cols":12,"rows_kept":77,"cut":false,"hidden":false,"merged":[[69,1,69,5],[76,0,76,5],[13,0,13,5],[38,0,38,5],[43,0,43,1],[47,0,47,1],[19,0,19,5],[20,0,20,5],[27,0,27,5],[62,0,62,5],[64,0,64,5],[66,0,66,5],[35,0,35,5],[52,0,52,5],[49,0,49,5],[50,0,50,5],[9,0,9,5],[8,0,8,5],[15,0,15,5],[17,0,17,5],[58,0,58,5],[36,0,36,5],[40,0,40,4]]}
[null,null,null,null,"File Number:",{"$f":"EBNUMBER","v":"EB-2013-0115"},null,{"$f":"'LDC Info'!$E$16","v":"EB-2013-0115"}]
[null,null,null,null,"Exhibit:"]
[null,null,null,null,"Tab:"]
[null,null,null,null,"Schedule:"]
[null,null,null,null,"Page:"]
[]
[null,null,null,null,"Date:"]
[]
["Appendix 2-I"]
["Load Forecast CDM Adjustment Work Form (2014)"]
[]
["Input the 2011-2014 CDM target in Cell B21."]
[]
["Input the measured results for 2011 CDM programs for each of the years 2011 and persistence into 2012, 2013 and 2014 into cells B29 to E29.  These results are taken from the final 2011 CDM Report issued by the OPA for that distributor in the fall of 2012."]
[]
["Measured results for 2012 CDM programs for each of the years 2012 and persistence into 2013 and 2014 are input into cells C30 to E30.  These results are taken from the final 2012 CDM Report issued by the OPA for that distributor in the fall of 2013.  Until that report is issued, the distributor should use the results from the preliminary 2012 CDM Report issued in the spring of 2013."]
[]
["\tBased on these inputs, the residual kWh to achieve the 4 year CDM target is allocated so that there is an equal incremental increase in each of the years 2012, 2013 and 2014.\r\n"]
[]
["4 Year (2011-2014) kWh Target:"]
[100000]
[null,2011,2012,2013,2014,"Total",null,null,{"$f":"B22","v":2011},{"$f":"C22","v":2012},{"$f":"D22","v":2013},{"$f":"E22","v":2014}]
["2011 CDM Programs",{"$f":"B29/$F$33","v":73.501379999999997},{"$f":"C29/$F$33","v":73.013030000000001},73.013030000000001,72.386740000000003,{"$f":"SUM(B23:E23)","v":291.91417999999999},null,{"$f":"A23","v":"2011 CDM Programs"},{"$f":"50%","v":0.5},1,1,1]
["2012 CDM Programs",null,84.622479999999996,84.155389999999997,82.139740000000003,{"$f":"SUM(B24:E24)","v":250.91761000000002},null,{"$f":"A24","v":"2012 CDM Programs"},null,0.5,1,1]
["2013 CDM Programs",null,null,93.622736666666654,93.622736666666654,187.24547333333331,null,{"$f":"A25","v":"2013 CDM Programs"},null,null,0.5,1]
["2014 CDM Programs",null,null,null,93.622736666666654,93.622736666666654,null,{"$f":"A26","v":"2014 CDM Programs"},null,null,null,0.5]
["Total in Year",{"$f":"SUM(B23:B26)","v":73.501379999999997},{"$f":"SUM(C23:C26)","v":157.63551000000001},250.79115666666667,341.77195333333327,{"$f":"SUM(B27:E27)","v":823.69999999999993}]
["kWh"]
["2011 CDM Programs",7350138,7301303,7301303,7238674,{"$f":"SUM(B29:E29)","v":29191418}]
["2012 CDM Programs",null,8462248,8415539,8213974,{"$f":"SUM(B30:E30)","v":25091761}]
["2013 CDM Programs",null,null,9362273.666666666,9362273.666666666,18724547.333333332]
["2014 CDM Programs",null,null,null,{"$f":"D31","v":9362273.666666666},9362273.666666666]
["Total in Year",{"$f":"SUM(B29:B32)","v":7350138},{"$f":"SUM(C29:C32)","v":15763551},25079115.666666664,34177195.333333328,{"$f":"A21","v":100000}]
[]
[null,null,null,null,"Check",{"$f":"SUM(F29:F32)","v":82370000}]
["From each of the 2006-2010 CDM Final Report, 2011 CDM Final Report, and the 2012 CDM Final Report, issued by the OPA for the distributor, the distributor should input the \"gross\" and \"net\" results of the cumulative CDM savings for 2014 into cells D31 to E33.  The model will calculate the cumulative savings for all programs from 2006 to 2012 and determine the \"net\" to \"gross\" factor \"g\"."]
["The Board has determined that the \"net\" number should be used in its Decision and Order with respect to Centre Wellington Hydro Ltd.'s 2013 Cost of Service rates (EB-2012-0113).  This approach has also been used in Settlement Agreements accepted by the Board in other 2013 applications.  The distributor should select whether the adjustment is done on a \"net\" or \"gross\" basis, but must support a proposal for the adjustment being done on a \"gross\" basis."]
[]
["Net-to-Gross Conversion"]
[]
["Is CDM adjustment being done on a \"net\" or \"gross\" basis?",null,null,null,null,"net"]
[]
[null,null,"\"Gross\"","\"Net\"","Difference","\"Net-to-Gross\" Conversion Factor"]
["Persistence of Historical CDM programs to 2014",null,"kWh","kWh","kWh","('g')"]
["2006-2010 CDM programs",null,115814404,67810298]
["2011 CDM program",null,43297487,26772373]
["2012 CDM program",null,53532925,33504769]
["2006 to 2011 OPA CDM programs:  Persistence to 2014",null,{"$f":"SUM(C45:C47)","v":212644816},{"$f":"SUM(D45:D47)","v":128087440},{"$f":"C48-D48","v":84557376},{"$f":"IF(D48=0,0,IF(F41=\"net\",0,E48/D48))","v":0}]
[]
["The default values represent the factor that each year's CDM program is factored into the manual CDM adjustment.  Distributors can choose alternative weights of \"0\", \"0.5\" or \"1\" from the drop-down menu for each cell, but must support its alternatives."]
["These factors do not mean that CDM programs are excluded, but also reflect the assumption that impacts of 2011 and 2012 programs are already implicitly reflected in the actual data for those years that are the basis for the load forecast prior to any manual CDM adjustment."]
[]
["Weight Factor for Inclusion in CDM Adjustment to 2014 Load Forecast"]
[null,2011,2012,2013,2014]
["Weight Factor for each year's CDM program impact on 2014 load forecast",0,0.5,1,0.5,"Utility can select \"0\", \"0.5\", or \"1\" from drop-down list"]
["Default Value selection rationale.  ","Persistence of 2011 CDM programs for the full year of 2012 means that all of 2011 CDM impact is assumed to be in the base forecast before the CDM Adjustment","50% of 2012 CDM impact is assumed reflected in base forecast based on 1/2 year rule.","Full year impact of 2013 CDM programs on adjustment for 2014 load forecast","Only 50% of 2014 CDM impact is used based on a half year rule"]
[]
[]
["The Amount used for the CDM threshold of the LRAMVA is the kWh that will be used to determine the base amount for the LRAMVA balance for 2014, for assessing performance against the four-year target.  The base amount for 2011-2013 is 0 (zero) for 2014 Cost of Service applications, as the utility rebased prior to the 2011-2014 CDM programs, and there was no adjustment to reflect the impacts of the 2011-2014 programs on the load forecast used to determine their last cost of service-based rates."]
[]
["The proposed loss factor should correspond with the loss factor calculated in Appendix 2-R "]
[]
["The Manual Adjustment for the 2014 Load Forecast is the amount manually subtracted from the load forecast derived from the base forecast from historical data, and is intended to reflect the further CDM savings that the distributor needs to achieve assuming that they meet 100% of the 2011-2014 CDM target that is a condition of their target. "]
[]
["If the distributor has developed their load forecast on a system purchased basis, then the manual adjustment should be on system purchased basis, including the adjustment for losses.  If the load forecast has been developed on a billed basis, either on a system basis or on a class-specific basis, the manual adjustment should be on a billed basis, excluding losses."]
[]
["The distributor should determine the allocation of the savings to all customer classes in a reasonable manner, for both the LRAMVA and for the load forecast adjustment."]
[]
[null,2011,2012,2013,2014,"Total for 2014"]
[null,"kWh"]
["Amount used for CDM threshold for LRAMVA (2014)",{"$f":"E29","v":7238674},{"$f":"E30","v":8213974},{"$f":"E31","v":9362273.666666666},{"$f":"E32","v":9362273.666666666},{"$f":"SUM(B71:E71)","v":34177195.333333328}]
[]
["Manual Adjustment for 2014 Load Forecast (billed basis)",{"$f":"B71*(1+F48)*B55","v":0},{"$f":"C71*(1+F48)*C55","v":4106987},{"$f":"D71*(1+F48)*D55","v":9362273.666666666},{"$f":"E71*(1+F48)*E55","v":4681136.833333333},{"$f":"SUM(B73:E73)","v":18150397.5}]
[]
["Proposed Loss Factor (TLF)",3.73E-2," Format: X.XX%"]
["Manual Adjustment for 2014 Load Forecast (system purchased basis)",{"$f":"B73*(1+$B75)","v":0},{"$f":"C73*(1+$B75)","v":4260177.6151000001},9711486.4744333345,4855743.2372166673,{"$f":"SUM(B76:E76)","v":18827407.326750003}]
["Manual adjustment uses \"gross\" versus \"net\" (i.e. numbers multiplied by (1 + g).  The Weight factor is also used calculate the impact of each year's program on the CDM adjustment to the 2014 load forecast."]

{"sheet":"App.2-JA_OM&A_Summary_Analys","index":46,"n_rows":61,"n_cols":12,"rows_kept":61,"cut":false,"hidden":false,"merged":[[63,1,64,5],[58,0,59,11],[8,0,8,6],[9,0,9,6],[12,7,12,8]]}
[null,null,null,null,null,null,null,null,null,null,"File Number:",{"$f":"EBNUMBER","v":"EB-2013-0115"}]
[null,null,null,null,null,null,null,null,null,null,"Exhibit:"]
[null,null,null,null,null,null,null,null,null,null,"Tab:"]
[null,null,null,null,null,null,null,null,null,null,"Schedule:"]
[null,null,null,null,null,null,null,null,null,null,"Page:"]
[]
[null,null,null,null,null,null,null,null,null,null,"Date:"]
[]
["Appendix 2-JA"]
["Summary of Recoverable OM&A Expenses"]
[]
[]
[null,{"$f":"\"Last Rebasing Year (\" & RebaseYear & \" Board-Approved)\"","v":"Last Rebasing Year (2010 Board-Approved)"},{"$f":"\"Last Rebasing Year (\" & RebaseYear & \" Actuals)\"","v":"Last Rebasing Year (2010 Actuals)"},{"$f":"BridgeYear -2 & \" Actuals\"","v":"2011 Actuals"},{"$f":"BridgeYear -1 & \" Actuals\"","v":"2012 Actuals"},{"$f":"BridgeYear & \" Bridge Year\"","v":"2013 Bridge Year"},{"$f":"TestYear & \" Test Year\"","v":"2014 Test Year"}]
["Reporting Basis","CGAAP","CGAAP","CGAAP","CGAAP","NewCGAAP","NewCGAAP"]
["Operations",4464123,4047491,4643079,4387015,5621433.6400000006,6283902.6500000013]
["Maintenance",2864348,2275554,2544531,3149391,3602291.4899999993,3722797.4799999995]
["SubTotal",{"$f":"SUM(B15:B16)","v":7328471},{"$f":"SUM(C15:C16)","v":6323045},7187610,7536406,9223725.129999999,10006700.130000001]
["%Change (year over year)",null,null,{"$f":"IF(ISERROR((D17-C17)/C17), \"\", (D17-C17)/C17)","v":0.13673238131311732},{"$f":"IF(ISERROR((E17-D17)/D17), \"\", (E17-D17)/D17)","v":4.8527396450280411E-2},0.22388909647383634,8.4887069916403934E-2]
["%Change (Test Year vs \nLast Rebasing Year - Actual)",null,null,null,null,null,{"$f":"IF(ISERROR((G17-C17)/C17), \"\", (G17-C17)/C17)","v":0.58257613697198118}]
["Billing and Collecting",2305153,2396557,2001083,3114375,2221234.84,2310531.69]
["Community Relations",41584,14894,18589,16073,19158,19500]
["Administrative and General",4671786,5266558,5319521,5492207,6008031.3300000001,6216618.1799999997]
["SubTotal",{"$f":"SUM(B20:B22)","v":7018523},{"$f":"SUM(C20:C22)","v":7678009},7339193,8622655,8248424.1699999999,8546649.8699999992]
["%Change (year over year)",null,null,{"$f":"IF(ISERROR((D23-C23)/C23), \"\", (D23-C23)/C23)","v":-4.4128106648481394E-2},{"$f":"IF(ISERROR((E23-D23)/D23), \"\", (E23-D23)/D23)","v":0.17487781013525602},{"$f":"IF(ISERROR((F23-E23)/E23), \"\", (F23-E23)/E23)","v":-4.3400881746979335E-2},{"$f":"IF(ISERROR((G23-F23)/F23), \"\", (G23-F23)/F23)","v":3.6155475743435153E-2}]
["%Change (Test Year vs \nLast Rebasing Year - Actual)",null,null,null,null,null,{"$f":"IF(ISERROR((G23-C23)/C23), \"\", (G23-C23)/C23)","v":0.11313360924687627}]
["Total",{"$f":"SUM(B23,B17)","v":14346994},{"$f":"SUM(C23,C17)","v":14001054},14526803,16159061,17472149.299999997,18553350]
["%Change (year over year)",null,null,{"$f":"IF(ISERROR((D26-C26)/C26), \"\", (D26-C26)/C26)","v":3.7550672970763484E-2},{"$f":"IF(ISERROR((E26-D26)/D26), \"\", (E26-D26)/D26)","v":0.11236181835741835},{"$f":"IF(ISERROR((F26-E26)/E26), \"\", (F26-E26)/E26)","v":8.1260185848670105E-2},{"$f":"IF(ISERROR((G26-F26)/F26), \"\", (G26-F26)/F26)","v":6.1881379413350319E-2}]
[]
[]
[null,{"$f":"B13","v":"Last Rebasing Year (2010 Board-Approved)"},{"$f":"C13","v":"Last Rebasing Year (2010 Actuals)"},"2011 Actuals","2012 Actuals","2013 Bridge Year","2014 Test Year"]
["Operations",{"$f":"B15","v":4464123},{"$f":"C15","v":4047491},4643079,4387015,5621433.6400000006,6283902.6500000013]
["Maintenance",{"$f":"B16","v":2864348},{"$f":"C16","v":2275554},2544531,3149391,3602291.4899999993,3722797.4799999995]
["Billing and Collecting",{"$f":"B20","v":2305153},{"$f":"C20","v":2396557},2001083,3114375,2221234.84,2310531.69]
["Community Relations",{"$f":"B21","v":41584},{"$f":"C21","v":14894},18589,16073,19158,19500]
["Administrative and General",{"$f":"B22","v":4671786},{"$f":"C22","v":5266558},5319521,5492207,6008031.3300000001,6216618.1799999997]
["Total",{"$f":"SUM(B31:B35)","v":14346994},{"$f":"SUM(C31:C35)","v":14001054},14526803,16159061,17472149.299999997,18553350]
["%Change (year over year)",null,null,{"$f":"IF(ISERROR((D36-C36)/C36), \"\", (D36-C36)/C36)","v":3.7550672970763484E-2},{"$f":"IF(ISERROR((E36-D36)/D36), \"\", (E36-D36)/D36)","v":0.11236181835741835},{"$f":"IF(ISERROR((F36-E36)/E36), \"\", (F36-E36)/E36)","v":8.1260185848670105E-2},{"$f":"IF(ISERROR((G36-F36)/F36), \"\", (G36-F36)/F36)","v":6.1881379413350319E-2}]
[]
[]
[null,{"$f":"B13","v":"Last Rebasing Year (2010 Board-Approved)"},{"$f":"C13","v":"Last Rebasing Year (2010 Actuals)"},{"$f":"\"Variance \" & 'LDC Info'!E28 & \"  BA – \" & 'LDC Info'!E28 & \" Actuals\"","v":"Variance 2010  BA – 2010 Actuals"},{"$f":"D13","v":"2011 Actuals"},{"$f":"\"Variance \" & 'LDC Info'!E26 -2 & \" Actuals vs. \" &  'LDC Info'!E28 & \" Actuals\"","v":"Variance 2011 Actuals vs. 2010 Actuals"},{"$f":"E13","v":"2012 Actuals"},{"$f":"\"Variance \" & 'LDC Info'!E26 -1 & \" Actuals vs. \" &  'LDC Info'!E26-2 & \" Actuals\"","v":"Variance 2012 Actuals vs. 2011 Actuals"},{"$f":"F13","v":"2013 Bridge Year"},{"$f":"\"Variance \" & 'LDC Info'!E26 & \" Bridge vs. \" & 'LDC Info'!E26 -1 & \" Actuals\"","v":"Variance 2013 Bridge vs. 2012 Actuals"},{"$f":"G13","v":"2014 Test Year"},{"$f":"\"Variance \" & TestYear & \" Test vs. \" & BridgeYear & \" Bridge\"","v":"Variance 2014 Test vs. 2013 Bridge"}]
["Operations",{"$f":"B15","v":4464123},4047491,{"$f":"B41-C41","v":416632},{"$f":"D15","v":4643079},{"$f":"E41-C41","v":595588},{"$f":"E15","v":4387015},{"$f":"G41-E41","v":-256064},{"$f":"F15","v":5621433.6400000006},{"$f":"I41-G41","v":1234418.6400000006},{"$f":"G15","v":6283902.6500000013},{"$f":"K41-I41","v":662469.01000000071}]
["Maintenance ",2864348,2275554,{"$f":"B42-C42","v":588794},{"$f":"D16","v":2544531},{"$f":"E42-C42","v":268977},{"$f":"E16","v":3149391},{"$f":"G42-E42","v":604860},{"$f":"F16","v":3602291.4899999993},452900.48999999929,{"$f":"G16","v":3722797.4799999995},120505.99000000022]
["Billing and Collecting ",{"$f":"B20","v":2305153},2396557,-91404,{"$f":"D20","v":2001083},-395474,{"$f":"E20","v":3114375},1113292,{"$f":"F20","v":2221234.84},-893140.16000000015,{"$f":"G20","v":2310531.69},89296.850000000093]
["Community Relations ",41584,14894,26690,{"$f":"D21","v":18589},3695,{"$f":"E21","v":16073},-2516,{"$f":"F21","v":19158},3085,{"$f":"G21","v":19500},342]
["Administrative and General ",4671786,5266558,-594772,5319521,52963,5492207,172686,6008031.3300000001,515824.33000000007,6216618.1799999997,208586.84999999963]
["Total OM&A Expenses ",{"$f":"SUM(B41:B45)","v":14346994},{"$f":"SUM(C41:C45)","v":14001054},345940,14526803,525749,16159061,1632258,17472149.299999997,1313088.2999999998,18553350,1081200.7000000007]
["Adjustments for Total non-recoverable items (from Appendices 2-JA and 2-JB)"]
["Total Recoverable OM&A Expenses ",{"$f":"B46-B47","v":14346994},{"$f":"C46-C47","v":14001054},345940,14526803,525749,16159061,1632258,17472149.299999997,1313088.2999999998,18553350,1081200.7000000007]
["Variance from previous year ",null,null,null,{"$f":"E48-C48","v":525749},null,{"$f":"G48-E48","v":1632258},null,{"$f":"I48-G48","v":1313088.299999997},null,{"$f":"K48-I48","v":1081200.700000003}]
["Percent change (year over year) ",null,null,null,{"$f":"IF(ISERROR(E49/C48), \"\", E49/C48)","v":3.7550672970763484E-2},null,{"$f":"IF(ISERROR(G49/E48), \"\", G49/E48)","v":0.11236181835741835},null,{"$f":"IF(ISERROR(I49/G48), \"\", I49/G48)","v":8.1260185848670105E-2},null,{"$f":"IF(ISERROR(K49/I48), \"\", K49/I48)","v":6.1881379413350319E-2}]
["Percent Change:                                                    Test year vs. Most Current Actual ",null,null,null,null,null,{"$f":"IF(ISERROR((K48-G48)/G48), \"\", (K48-G48)/G48)","v":0.14817005765372135}]
["Simple average of % variance for all years",null,null,null,null,null,{"$f":"IF(ISERROR((K46-C46)/C46), \"\", (K46-C46)/C46)","v":0.32513952163887089},null,null,null,null,{"$f":"IF(ISERROR(AVERAGE(E50,G50,I50,K50)), \"\", AVERAGE(E50,G50,I50,K50))","v":7.3263514147550557E-2}]
["Compound Annual Growth Rate for all years",null,null,null,null,null,{"$f":"IF(ISERROR((K49-C49)/C49), \"\", (K49-C49)/C49)","v":""},null,null,null,null,{"$f":"IF((K48-C48)=0, \"\", (K48/C48)^(1/5)-1)","v":5.7918766929865084E-2}]
[{"$f":"\"Compound Growth Rate                                                            (\" & E13 & \" vs. \" & 'LDC Info'!E28 & \" Actuals)\"","v":"Compound Growth Rate                                                            (2012 Actuals vs. 2010 Actuals)"},null,null,null,null,null,{"$f":"IF(ISERROR((G48/C48)^(1/(3)) - 1), \"\", (G48/C48)^(1/(3)) - 1)","v":4.8942776593563053E-2}]
[]
["Note:"]
[]
["1     \"BA\" = Board-Approved"]
["2     If it has been more than three years since the applicant last filed a cost of service application, additional years of historical actuals should be incorporated into the table, as necessary, to go back to the last cost of service application.  If the applicant last filed a cost of service application less than three years ago, a minimum of three years of actual information is required."]
[]
["3     Recoverable OM&A that is included on these tables should be identical to the recoverable OM&A that is shown for the corresponding periods on Appendix 2-JB."]

{"sheet":"App.2-JB_OM&A_Cost _Drivers","index":47,"n_rows":58,"n_cols":12,"rows_kept":58,"cut":false,"hidden":false,"merged":[[9,0,9,6],[10,0,10,6],[54,1,56,6],[57,1,58,6],[53,1,53,6]]}
[null,null,null,null,null,"File Number:",{"$f":"EBNUMBER","v":"EB-2013-0115"}]
[null,null,null,null,null,"Exhibit:"]
[null,null,null,null,null,"Tab:"]
[null,null,null,null,null,"Schedule:"]
[null,null,null,null,null,"Page:"]
[]
[null,null,null,null,null,"Date:"]
[]
[]
["Appendix 2-JB"]
["Recoverable OM&A Cost Driver Table"]
[]
["OM&A",{"$f":"\"Last Rebasing Year (\" & RebaseYear & \" Actuals)\"","v":"Last Rebasing Year (2010 Actuals)"},"2009 Actuals",{"$f":"BridgeYear -2 & \" Actuals\"","v":"2011 Actuals"},{"$f":"BridgeYear -1 & \" Actuals\"","v":"2012 Actuals"},{"$f":"BridgeYear & \" Bridge Year\"","v":"2013 Bridge Year"},{"$f":"TestYear & \" Test Year\"","v":"2014 Test Year"}]
["Reporting Basis","CGAAP",null,"CGAAP","CGAAP","NewCGAAP","NewCGAAP"]
["Opening Balance",null,{"$f":"B48","v":14032278},{"$f":"B48","v":14032278},{"$f":"D48","v":14526803},16159061,17472149.84]
["5010-Load Dispatching",1126483,null,122660,null,220118,262648]
["5012-Station Buildings and Fixtures Expense",129706,null,56123]
["5016-Distribution Station Equipment - Operation Labour",480523,null,106112,null,177649.17000000004,211799.16999999993]
["5017-Distribution Station Equipment - Operation Supplies and Expenses",351565,null,58855,null,150557.96999999997,67958.25]
["5020-Overhead Distribution Lines and Feeders - Operation Labour",344420,null,67743,null,50863.44]
["5025-Overhead Distribution Lines & Feeders - Operation Supplies and Expenses",251257,null,59302,null,247657]
["5035-Overhead Distribution Transformers- Operation",39515,null,null,null,149228.70000000001]
["5040-Underground Distribution Lines and Feeders - Operation Labour",66684]
["5045-Underground Distribution Lines & Feeders - Operation Supplies & Expenses",641219,null,null,null,88835.770000000019]
["5055-Underground Distribution Transformers - Operation",69302,null,61244]
["5120-Maintenance of Poles, Towers and Fixtures",91409,null,null,123480]
["5125-Maintenance of Overhead Conductors and Devices",621416,null,78064,132732,238820.28000000003,null,null,null,null," "," "]
["5130-Maintenance of Overhead Services",275647,null,null,null,74964.169999999984]
["5135-Overhead Distribution Lines and Feeders - Right of Way",523668,null,null,null,125492]
["5150-Maintenance of Underground Conductors and Devices",285182,null,61030,223251]
["5160-Maintenance of Line Transformers",132285,null,64341]
["5175-Maintenance of Meters",78832,null,null,72153]
["5310-Meter Reading Expense",335903,null,null,1124428]
["5315-Customer Billing",741281,null,null,96072]
["5335-Bad Debt Expense",202429,null,null,null,72395]
["5605-Executive Salaries and Expenses",847043,null,null,null,308389.6100000001]
["5615-General Administrative Salaries and Expenses",1321872,null,373354,150227,132167.72999999998,53415.700000000186]
["5620-Office Supplies and Expenses",515774,null,null,null,132955]
["5640-Injuries and Damages",69727,null,64194,null,51847]
["5665-Miscellaneous General Expenses",876840,null,84682,null,88664,85643]
["Misc less than 50K",null,null,393183,387815,362380,434750.04]
[]
["OTHER OM&A ACCOUNTS",3612296]
["Reduction in OM&A  (balances saw a decrease)",null,null,-1156362,-677900,-1359896,-35014]
[" "]
["etc."]
[]
["Closing Balance",{"$f":"SUM(B15:B47)","v":14032278},{"$f":"SUM(C15:C47)","v":14032278},14526803,16159061,17472149.84,18553349.999999996]
[]
["Notes:"]
[]
[1,"For each year, a detailed explanation for each cost driver and associated amount is"]
[null,"required in Exhibit 4."]
[2,"For purposes of assessing incremental cost drivers, the closing balance for each year becomes the opening balance for the next year."]
[3,"If it has been more than three years since the applicant last filed a cost of service application, additional years of historical actuals should be incorporated into the table, as necessary, to go back to the last cost of service application.  If the applicant last filed a cost of service application less than three years ago, a minimum of three years of actual information is required."]
[]
[]
[4,"Opening Balance for \"Last Rebasing Year\" (cell B15) should be equal to the Board-Approved amount."]

{"sheet":"App.2-JC_OMA Programs","index":48,"n_rows":100,"n_cols":9,"rows_kept":100,"cut":false,"hidden":false,"merged":[[102,0,103,8],[8,0,8,7],[9,0,9,7],[11,0,11,7],[100,0,100,7],[98,0,98,8],[99,0,99,8]]}
[null,null,null,null,null,null,null,"File Number:",{"$f":"EBNUMBER","v":"EB-2013-0115"}]
[null,null,null,null,null,null,null,"Exhibit:"]
[null,null,null,null,null,null,null,"Tab:"]
[null,null,null,null,null,null,null,"Schedule:"]
[null,null,null,null,null,null,null,"Page:"]
[]
[null,null,null,null,null,null,null,"Date:"]
[]
["Appendix 2-JC"]
["OM&A Programs Table"]
[]
[]
["Programs",{"$f":"\"Last Rebasing Year (\" & RebaseYear & \" Board-Approved)\"","v":"Last Rebasing Year (2010 Board-Approved)"},{"$f":"\"Last Rebasing Year (\" & RebaseYear & \" Actuals)\"","v":"Last Rebasing Year (2010 Actuals)"},{"$f":"BridgeYear -2 & \" Actuals\"","v":"2011 Actuals"},{"$f":"BridgeYear -1 & \" Actuals\"","v":"2012 Actuals"},{"$f":"BridgeYear & \" Bridge Year\"","v":"2013 Bridge Year"},{"$f":"TestYear & \" Test Year\"","v":"2014 Test Year"},{"$f":"\"Variance (Test Year vs. \" & E13 &\")\"","v":"Variance (Test Year vs. 2012 Actuals)"},"Variance (Test Year vs .2010 Acutals)"]
["Reporting Basis","CGAAP","CGAAP","CGAAP","CGAAP","NewCGAAP","NewCGAAP"]
["Program Name #1"]
["General Maintenance of Overhead & Underground Distribution Assets:","Not Available",2001556,2175624,2652519,1751500,2145299.75,{"$f":"G16-E16","v":-507219.25},{"$f":"G16-C16","v":143743.75}]
[null,null,null,null,null,null,null,{"$f":"G17-E17","v":0},{"$f":"G17-B17","v":0}]
[null,null,null,null,null,null,null,0,0]
[null,null,null,null,null,null,null,0,0]
[null,null,null,null,null,null,null,0,0]
["Sub-Total",{"$f":"SUM(B16:B20)","v":0},{"$f":"SUM(C16:C20)","v":2001556},2175624,2652519,1751500,2145299.75,-507219.25,2145299.75]
["Program Name #2"]
["Safety: ","Not Available",289331,407673,379000,430542,444600,65600,{"$f":"G23-C23","v":155269}]
[null,null,null,null,null,null,null,0,{"$f":"G24-B24","v":0}]
[null,null,null,null,null,null,null,0,0]
[null,null,null,null,null,null,null,0,0]
[null,null,null,null,null,null,null,0,0]
["Sub-Total",{"$f":"SUM(B23:B27)","v":0},289331,407673,379000,430542,444600,65600,444600]
["Program Name #3"]
["Training: ","Not Available",7277,6037,6419,14750,15000,8581,{"$f":"G30-C30","v":7723}]
[null,null,null,null,null,null,null,0,{"$f":"G31-B31","v":0}]
[null,null,null,null,null,null,null,0,0]
[null,null,null,null,null,null,null,0,0]
[null,null,null,null,null,null,null,0,0]
["Sub-Total",{"$f":"SUM(B30:B34)","v":0},7277,6037,6419,14750,15000,8581,15000]
["Program Name #4"]
["Vegetation Management: ","Not Available",387610,366722,385728,449513,457650,71922,{"$f":"G37-C37","v":70040}]
[null,null,null,null,null,null,null,0,{"$f":"G38-B38","v":0}]
[null,null,null,null,null,null,null,0,0]
[null,null,null,null,null,null,null,0,0]
[null,null,null,null,null,null,null,0,0]
["Sub-Total",{"$f":"SUM(B37:B41)","v":0},387610,366722,385728,449513,457650,71922,457650]
["Program Name #5"]
["Transformer Inspection","Not Available",101582,65255,180762,121813,122000,{"$f":"G44-E44","v":-58762},{"$f":"G44-C44","v":20418}]
[null,null,null,null,null,null,null,0,{"$f":"G45-B45","v":0}]
[" ",null,null,null,null,null,null,0,0]
[null,null,null,null,null,null,null,0,0]
[null,null,null,null,null,null,null,0,0]
["Sub-Total",{"$f":"SUM(B44:B48)","v":0},101582,65255,180762,121813,122000,-58762,122000]
["Program Name #6"]
["Insulator Cleaning/Washing","Not Available",36863,40476,57352,59600,60650,{"$f":"G51-E51","v":3298},{"$f":"G51-C51","v":23787}]
[null,null,null,null,null,null,null,0,{"$f":"G52-B52","v":0}]
[" ",null,null,null,null,null,null,0,0]
[null,null,null,null,null,null,null,0,0]
[null,null,null,null,null,null,null,0,0]
["Sub-Total",{"$f":"SUM(B51:B55)","v":0},36863,40476,57352,59600,60650,3298,60650]
["Program Name #7"]
["Cubicle Washing: ","Not Available",18360,14960,16320,29000,29500,{"$f":"G58-E58","v":13180},{"$f":"G58-C58","v":11140}]
[null,null,null,null,null,null,null,0,{"$f":"G59-B59","v":0}]
[" ",null,null,null,null,null,null,0,0]
[null,null,null,null,null,null,null,0,0]
[null,null,null,null,null,null,null,0,0]
["Sub-Total",{"$f":"SUM(B58:B62)","v":0},18360,14960,16320,29000,29500,13180,29500]
["Program Name #8"]
["Pole Testing","Not Available",9474,29561,23737,30000,30550,{"$f":"G65-E65","v":6813},{"$f":"G65-C65","v":21076}]
[null,null,null,null,null,null,null,0,{"$f":"G66-B66","v":0}]
[" ",null,null,null,null,null,null,0,0]
[null,null,null,null,null,null,null,0,0]
[null,null,null,null,null,null,null,0,0]
["Sub-Total",{"$f":"SUM(B65:B69)","v":0},9474,29561,23737,30000,30550,6813,30550]
["Program Name #9"]
["PCB Management","Not Available",53286,13983,55627,7191,139684,{"$f":"G72-E72","v":84057},{"$f":"G72-C72","v":86398}]
[null,null,null,null,null,null,null,0,{"$f":"G73-B73","v":0}]
[" ",null,null,null,null,null,null,0,0]
[null,null,null,null,null,null,null,0,0]
[null,null,null,null,null,null,null,0,0]
["Sub-Total",{"$f":"SUM(B72:B76)","v":0},53286,13983,55627,7191,139684,84057,139684]
["Program Name #10"]
["Fleet","Not Available",726747,827694,785952,741134,533300,{"$f":"G79-E79","v":-252652},{"$f":"G79-C79","v":-193447}]
[null,null,null,null,null,null,null,0,{"$f":"G80-B80","v":0}]
[" ",null,null,null,null,null,null,0,0]
[null,null,null,null,null,null,null,0,0]
[null,null,null,null,null,null,null,0,0]
["Sub-Total",{"$f":"SUM(B79:B83)","v":0},726747,827694,785952,741134,533300,-252652,533300]
["Program Name #11"]
["Locates","Not Available",778669,557829,525617,550824,550508,{"$f":"G86-E86","v":24891},{"$f":"G86-C86","v":-228161}]
[null,null,null,null,null,null,null,0,{"$f":"G87-B87","v":0}]
[" ",null,null,null,null,null,null,0,0]
[null,null,null,null,null,null,null,0,0]
[null,null,null,null,null,null,null,0,0]
["Sub-Total",{"$f":"SUM(B86:B90)","v":0},778669,557829,525617,550824,550508,24891,550508]
["Miscellaneous",null,null,null,null,null,null,0,{"$f":"G92-B92","v":0}]
["Total",{"$f":"SUMPRODUCT(--($A15:$A92=\"Sub-Total\"), B$15:B$92)+B92","v":0},4410755,4505814,5069033,4185867,4528741.75,{"$f":"G93-E93","v":-540291.25},{"$f":"G93-B93","v":4528741.75}]
[]
[]
[]
["Notes:"]
[]
["1   Please provide a breakdown of the major components of each OM&A Program undertaken in each year.  Please ensure that all Programs below the materiality threshold are included in the miscellaneous line.  Add more Programs as required."]
["2   The applicant should group projects appropriately and avoid presentations that result in classification of significant components of the OM&A budget in the miscellaneous category"]

{"sheet":"App.2-K_Employee Costs","index":49,"n_rows":31,"n_cols":7,"rows_kept":31,"cut":false,"hidden":false,"merged":[[24,0,24,6],[8,0,8,6],[9,0,9,6],[12,0,12,6],[16,0,16,6],[20,0,20,6]]}
[null,null,null,null,null,"File Number:",{"$f":"EBNUMBER","v":"EB-2013-0115"}]
[null,null,null,null,null,"Exhibit:"]
[null,null,null,null,null,"Tab:"]
[null,null,null,null,null,"Schedule:"]
[null,null,null,null,null,"Page:"]
[]
[null,null,null,null,null,"Date:"]
[]
["Appendix 2-K"]
["Employee Costs"]
[]
[null,{"$f":"\"Last Rebasing Year - \"&RebaseYear&\"- Board Approved\"","v":"Last Rebasing Year - 2010- Board Approved"},{"$f":"\"Last Rebasing Year - \"&RebaseYear&\"-  Actual\"","v":"Last Rebasing Year - 2010-  Actual"},{"$f":"BridgeYear -2 & \" Actuals\"","v":"2011 Actuals"},{"$f":"BridgeYear -1 & \" Actuals\"","v":"2012 Actuals"},{"$f":"BridgeYear & \" Bridge Year\"","v":"2013 Bridge Year"},{"$f":"TestYear & \" Test Year\"","v":"2014 Test Year"}]
["Number of Employees (FTEs including Part-Time)1"]
["Management (including executive)",23,19.579999999999998,20.329999999999998,20.92,22.42,23]
["Non-Management (union and non-union)",78,74.5,70.42,71.33,73.17,77]
["Total",{"$f":"SUM(B14:B15)","v":101},94.08,90.75,92.25,95.59,100]
["Total Salary and Wages including ovetime and incentive pay"]
["Management (including executive)",2355751.7999999998,2507949.41,2640630.3199999998,2872537.47,3092527.41,3308436.2]
["Non-Management (union and non-union)",5406640,5533800.7500000019,5717354.7399999974,5910957.7999999998,6234850,6755621.2999999998]
["Total",{"$f":"SUM(B18:B19)","v":7762391.7999999998},8041750.160000002,8357985.0599999968,8783495.2699999996,9327377.4100000001,10064057.5]
["Total Benefits (Current + Accrued)"]
["Management (including executive)",608875,591120.04,662295.94999999995,755047.6,888509.77,905623.66]
["Non-Management (union and non-union)",1503990,1297083.2,1405992.3,1656437.16,1752389.49,1830091.13]
["Total",{"$f":"SUM(B22:B23)","v":2112865},{"$f":"SUM(C22:C23)","v":1888203.24},2068288.25,2411484.7599999998,2640899.2599999998,2735714.79]
["Total Compensation (Salary, Wages, & Benefits)"]
["Management (including executive)",{"$f":"B18+B22","v":2964626.8},3099069.45,3302926.2699999996,3627585.0700000003,3981037.18,4214059.8600000003]
["Non-Management (union and non-union)",6910630,6830883.950000002,7123347.0399999972,7567394.96,7987239.4900000002,8585712.4299999997]
["Total",9875256.8000000007,9929953.4000000022,10426273.309999997,11194980.029999999,11968276.67,12799772.289999999]
[]
["Note:"]
["1 If an applicant wishes to use headcount, it must also file the same schedule on an FTE basis."]

{"sheet":"App.2-L_OM&A_per_Cust_FTEE","index":50,"n_rows":29,"n_cols":8,"rows_kept":29,"cut":false,"hidden":false,"merged":[[8,0,8,7],[9,0,9,7],[28,1,29,6],[22,1,25,6],[26,1,26,6],[27,1,27,6],[15,0,15,1],[16,0,16,1],[17,0,17,1],[18,0,18,1],[13,0,13,1],[14,0,14,1],[12,0,12,1]]}
[null,null,null,null,null,null,"File Number:",{"$f":"EBNUMBER","v":"EB-2013-0115"}]
[null,null,null,null,null,null,"Exhibit:"]
[null,null,null,null,null,null,"Tab:"]
[null,null,null,null,null,null,"Schedule:"]
[null,null,null,null,null,null,"Page:"]
[]
[null,null,null,null,null,null,"Date:"]
[]
["Appendix 2-L"]
["Recoverable OM&A Cost per Customer and per FTE"]
[]
[null,null,{"$f":"\"Last Rebasing Year - \"&RebaseYear&\"- Board Approved\"","v":"Last Rebasing Year - 2010- Board Approved"},{"$f":"\"Last Rebasing Year - \"&RebaseYear&\"-  Actual\"","v":"Last Rebasing Year - 2010-  Actual"},{"$f":"BridgeYear -2 & \" Actuals\"","v":"2011 Actuals"},{"$f":"BridgeYear -1 & \" Actuals\"","v":"2012 Actuals"},{"$f":"BridgeYear & \" Bridge Year\"","v":"2013 Bridge Year"},{"$f":"TestYear & \" Test Year\"","v":"2014 Test Year"}]
["Reporting Basis",null,"CGAAP","CGAAP","CGAAP","CGAAP","NewCGAAP","NewCGAAP"]
["Number of Customers",null,79977,78579,79615,80312,81231,82161]
["Total Recoverable OM&A from Appendix 2-JB",null,14346994,14001054,14526803,16159061,17472149.299999997,18553350]
["OM&A cost per customer",null,{"$f":"IF(C14=0,\"\",C15/C14)","v":179.38899933730949},178.17806284121713,182.46314136783269,201.20356858252813,215.09213600718934,225.81699346405227]
["Number of FTEs",null,{"$f":"'App.2-K_Employee Costs'!B16","v":101},{"$f":"'App.2-K_Employee Costs'!C16","v":94.08},{"$f":"'App.2-K_Employee Costs'!D16","v":90.75},{"$f":"'App.2-K_Employee Costs'!E16","v":92.25},{"$f":"'App.2-K_Employee Costs'!F16","v":95.59},{"$f":"'App.2-K_Employee Costs'!G16","v":100}]
["Customers/FTEs",null,{"$f":"IF(C17=0,\"\",C14/C17)","v":791.85148514851483},835.23596938775506,877.30027548209364,870.59078590785907,849.78554242075529,821.61]
["OM&A Cost per FTE",null,{"$f":"IF(C17=0,\"\",C15/C17)","v":142049.44554455444},148820.72704081633,160074.96418732783,175165.97289972901,182782.18746730825,185533.5]
[]
["Notes:"]
[]
[1,"If it has been more than three years since the applicant last filed a cost of service application, additional years of historical actuals should be incorporated into the table, as necessary, to go back to the last cost of service application.  If the applicant last filed a cost of service application less than three years ago, a minimum of three years of actual information is required."]
[]
[]
[]
[2,"The method of calculating the number of customers must be identified."]
[3,"The method of calculating the number of FTEs must be identified.  See also Appendix 2-K"]
[4,"The number of customers and the number of FTEs should correspond to mid-year or average of January 1 and December 31 figures."]

{"sheet":"App.2-M_Regulatory_Costs","index":51,"n_rows":45,"n_cols":11,"rows_kept":45,"cut":false,"hidden":false,"merged":[[12,0,12,1],[13,0,13,1],[8,0,8,10],[9,0,9,10]]}
[null,null,null,null,null,null,null,null,null,"File Number:",{"$f":"EBNUMBER","v":"EB-2013-0115"}]
[null,null,null,null,null,null,null,null,null,"Exhibit:"]
[null,null,null,null,null,null,null,null,null,"Tab:"]
[null,null,null,null,null,null,null,null,null,"Schedule:"]
[null,null,null,null,null,null,null,null,null,"Page:"]
[]
[null,null,null,null,null,null,null,null,null,"Date:"]
[]
["Appendix 2-M"]
["Regulatory Cost Schedule"]
[]
[]
["Regulatory Cost Category",null,"USoA Account","USoA Account Balance","Ongoing or One-time Cost? 2",{"$f":"\"Last Rebasing Year (\" & RebaseYear & \" Board Approved)\"","v":"Last Rebasing Year (2010 Board Approved)"},{"$f":"\"Most Current Actuals               Year \" & TestYear - 2","v":"Most Current Actuals               Year 2012"},{"$f":"TestYear -1 & \" Bridge Year\"","v":"2013 Bridge Year"},"Annual % Change",{"$f":"TestYear & \" Test Year\"","v":"2014 Test Year"},"Annual % Change"]
["(A)",null,"(B)","(C )","(D)","(E)","(F)","(G)","(H) = [(G)-(F)]/(F)","(I)","(J) = [(I)-(G)]/(G)"]
[1,"OEB Annual Assessment",5655,null,"On-Going",212000,187761,190000,{"$f":"IF(G15=0,\"\",(H15-G15)/G15)","v":1.1924734103461315E-2},206000,{"$f":"IF(H15=0,\"\",(J15-H15)/H15)","v":8.4210526315789472E-2}]
[2,"OEB Section 30 Costs (Applicant-originated)",null,null,null,11250,null,null,{"$f":"IF(G16=0,\"\",(H16-G16)/G16)","v":""},null,{"$f":"IF(H16=0,\"\",(J16-H16)/H16)","v":""}]
[3,"OEB Section 30 Costs (OEB-initiated)",null,null,null,34883,13525,12505,-7.5415896487985218E-2,null,-1]
[4,"Expert Witness costs for regulatory matters",5655,null,"One-Time",null,null,null,"",{"$f":"E34/5","v":10000},""]
[5,"Legal costs for regulatory matters",5655,null,"One-Time",25250,null,null,"",{"$f":"E35/5","v":24000},""]
[6,"Consultants' costs for regulatory matters",5655,null,"One-Time",21737,45003,138095,2.0685732062306958,{"$f":"E36/5","v":43000},-0.68862015279336686]
[7,"Operating expenses associated with staff resources allocated to regulatory matters",5615,null,"One-Time",38400,null,null,"",390000,""]
[8,"Operating expenses associated with other resources allocated to regulatory matters 1",null,null,null,null,null,null,"",2400,""]
[9,"Other regulatory agency fees or assessments",null,null,null,null,800,800,0,null,-1]
[10,"IRM application and other regulatory applications",5655,null,"One-Time",null,null,null,"",{"$f":"100000/5","v":20000},""]
[11,"Intervenor costs",null,null,"One-Time",8750,null,null,"",{"$f":"E39/5","v":20000},""]
[12,"Sub-total - Ongoing Costs 3",null,{"$f":"SUMIF($E15:$E25,$E11,D15:D25)","v":0},null,{"$f":"SUMIF($E15:$E25,$E11,F15:F25)","v":0},{"$f":"SUMIF($E15:$E25,$E11,G15:G25)","v":0},{"$f":"SUMIF($E15:$E25,$E11,H15:H25)","v":0},"",{"$f":"J15+J21","v":596000},""]
[13,"Sub-total - One-time Costs 4",null,{"$f":"SUMIF($E15:$E25,$E12,D15:D25)","v":0},null,{"$f":"SUMIF($E15:$E25,$E12,F15:F25)","v":0},{"$f":"SUMIF($E15:$E25,$E12,G15:G25)","v":0},{"$f":"SUMIF($E15:$E25,$E12,H15:H25)","v":0},"",{"$f":"J18+J19+J20+J22+J24+J25","v":119400},""]
[14,"Total",null,{"$f":"D26+D27","v":0},null,{"$f":"F26+F27","v":0},{"$f":"G26+G27","v":0},{"$f":"H26+H27","v":0},"",{"$f":"J26+J27","v":715400},""]
[]
[]
["Please fill out the following table for all one-time costs related to this cost of service application to be amortized over the test year plus the IRM period."]
[]
[null,null,"Historical Year(s)",{"$f":"H13","v":"2013 Bridge Year"},{"$f":"J13","v":"2014 Test Year"}]
[4,"Expert Witness costs",null,null,50000]
[5,"Legal costs",null,null,120000]
[6,"Consultants' costs",45003,138000,215000]
[7,"Incremental operating expenses associated with staff resources allocated to this application.",null,null,0]
[8,"Incremental operating expenses associated with other resources allocated to this application. 1",null,null,112000]
[11,"Intervenor costs",null,null,100000]
[]
[]
["1","Please identify the resources involved."]
["2","Where a category's costs include both one-time and ongoing costs, the applicant should prove a separate breakdown between one-time and ongoing costs."]
["3","Sum of all ongoing costs identified in rows 1 to 11 inclusive."]
["4","Sum of all one-time costs identified in rows 1 to 11 inclusive."]

{"sheet":"App.2-N_Corp_Cost_Allocation","index":52,"n_rows":182,"n_cols":7,"rows_kept":182,"cut":false,"hidden":false,"merged":[[175,0,175,5],[178,0,178,5],[181,0,181,5],[13,0,13,5],[8,0,8,5],[9,0,9,5],[171,1,172,5],[16,0,17,0],[16,1,17,1],[15,2,17,2],[15,3,17,3],[15,0,15,1],[15,4,16,4],[15,5,16,5],[44,0,44,5],[46,0,46,1],[46,6,47,6],[15,6,16,6],[29,0,29,1],[29,2,31,2],[29,3,31,3],[29,5,30,5],[29,4,30,4],[30,0,31,0],[30,1,31,1],[27,0,27,5],[47,0,48,0],[47,1,48,1],[46,2,48,2],[46,3,48,3],[46,4,47,4],[46,5,47,5],[58,0,58,5],[60,0,60,1],[60,2,62,2],[60,3,62,3],[60,4,61,4],[60,5,61,5],[61,0,62,0],[61,1,62,1],[75,0,75,5],[77,0,77,1],[77,2,79,2],[77,3,79,3],[77,4,78,4],[77,5,78,5],[77,6,78,6],[78,0,79,0],[78,1,79,1],[89,0,89,5],[91,0,91,1],[91,2,93,2],[91,3,93,3],[91,4,92,4],[91,5,92,5],[92,0,93,0],[92,1,93,1],[106,0,106,5],[108,0,108,1],[108,2,110,2],[108,3,110,3],[108,4,109,4],[108,5,109,5],[108,6,109,6],[109,0,110,0],[109,1,110,1],[120,0,120,5],[122,0,122,1],[122,2,124,2],[122,3,124,3],[122,4,123,4],[122,5,123,5],[123,0,124,0],[123,1,124,1],[136,0,136,5],[138,0,138,1],[138,2,140,2],[138,3,140,3],[138,4,139,4],[138,5,139,5],[138,6,139,6],[139,0,140,0],[139,1,140,1],[150,0,150,5],[152,0,152,1],[152,2,154,2],[152,3,154,3],[152,4,153,4],[152,5,153,5],[153,0,154,0],[153,1,154,1]]}
[null,null,null,null,null,"File Number:",{"$f":"EBNUMBER","v":"EB-2013-0115"}]
[null,null,null,null,null,"Exhibit:"]
[null,null,null,null,null,"Tab:"]
[null,null,null,null,null,"Schedule:"]
[null,null,null,null,null,"Page:"]
[]
[null,null,null,null,null,"Date:"]
[]
["Appendix 2-N"]
["Shared Services and Corporate Cost Allocation"]
[]
[null,"Year:",2014]
[]
["Shared Services"]
[]
["Name of Company",null,"Service Offered","Pricing Methodology","Price for the Service","Cost for the Service"]
["From","To"]
[null,null,null,null,"$","$"]
["Burlington Electricity Services Inc.","Burlington Hydro Inc.","Billing Service","Rate per Bill",365829,335623]
["Burlington Electricity Services Inc.","Burlington Hydro Inc.","Accounting ","LumpSum",2000,2000]
["Burlington Hydro Inc.","Burlington Electricity Services Inc.","Sponsorship","LumpSum",10000,10000]
["Burlington Hydro Inc.","Burlington Hydro Electric Inc.","Directors' Fee","LumpSum",85000,85000]
["Burlington Electricity Services Inc.","Burlington Hydro Inc.","Misc Services","LumpSum",66460,66460]
[]
[]
[]
[]
["Corporate Cost Allocation"]
[]
["Name of Company",null,"Service Offered","Pricing Methodology","% of Corporate Costs Allocated","Amount Allocated"]
["From","To"]
[null,null,null,null,"%","$"]
["Burlington Hydro Electric Inc.","Burlington Hydro Inc.","Accounting ","LumpSum",2000,2000]
[]
[]
[]
[]
[]
[]
[]
[]
[]
[null,"Year:",2013]
[]
["Shared Services"]
[]
["Name of Company",null,"Service Offered","Pricing Methodology","Price for the Service","Cost for the Service"]
["From","To"]
[null,null,null,null,"$","$"]
["Burlington Electricity Services Inc.","Burlington Hydro Inc.","Billing Service","Rate per Bill",349000,320183]
["Burlington Electricity Services Inc.","Burlington Hydro Inc.","Accounting ","LumpSum",2000,2000]
["Burlington Hydro Inc.","Burlington Electricity Services Inc.","Sponsorship","LumpSum",10000,10000]
["Burlington Hydro Inc.","Burlington Hydro Electric Inc.","Directors' Fee","LumpSum",79750,79750]
["Burlington Electricity Services Inc.","Burlington Hydro Inc.","Misc Services","LumpSum",66460,66460]
[]
[]
[]
[]
["Corporate Cost Allocation"]
[]
["Name of Company",null,"Service Offered","Pricing Methodology","% of Corporate Costs Allocated","Amount Allocated"]
["From","To"]
[null,null,null,null,"%","$"]
["Burlington Hydro Electric Inc.","Burlington Hydro Inc.","Accounting ","LumpSum",2000,2000]
[]
[]
[]
[]
[]
[]
[]
[]
[]
[null,"Year:",2012]
[]
["Shared Services"]
[]
["Name of Company",null,"Service Offered","Pricing Methodology","Price for the Service","Cost for the Service"]
["From","To"]
[null,null,null,null,"$","$"]
["Burlington Electricity Services Inc.","Burlington Hydro Inc.","Billing Service","Rate per Bill",345013,316526]
["Burlington Electricity Services Inc.","Burlington Hydro Inc.","Accounting ","LumpSum",2000,2000]
["Burlington Hydro Inc.","Burlington Electricity Services Inc.","Sponsorship","LumpSum",41452,41452]
["Burlington Hydro Inc.","Burlington Hydro Electric Inc.","Directors' Fee","LumpSum",99582,99582]
["Burlington Electricity Services Inc.","Burlington Hydro Inc.","Misc Services","LumpSum",61610,61610]
[]
[]
[]
[]
["Corporate Cost Allocation"]
[]
["Name of Company",null,"Service Offered","Pricing Methodology","% of Corporate Costs Allocated","Amount Allocated"]
["From","To"]
[null,null,null,null,"%","$"]
["Burlington Hydro Electric Inc.","Burlington Hydro Inc.","Accounting ","LumpSum",2000,2000]
[]
[]
[]
[]
[]
[]
[]
[]
[]
[null,"Year:",2011]
[]
["Shared Services"]
[]
["Name of Company",null,"Service Offered","Pricing Methodology","Price for the Service","Cost for the Service"]
["From","To"]
[null,null,null,null,"$","$"]
["Burlington Electricity Services Inc.","Burlington Hydro Inc.","Billing Service","Rate per Bill",352747,323621]
["Burlington Electricity Services Inc.","Burlington Hydro Inc.","Accounting ","LumpSum",2000,2000]
["Burlington Hydro Inc.","Burlington Electricity Services Inc.","Sponsorship","LumpSum",50000,50000]
["Burlington Hydro Inc.","Burlington Hydro Electric Inc.","Directors' Fee","LumpSum",94455,94455]
[]
[]
[]
[]
[]
["Corporate Cost Allocation"]
[]
["Name of Company",null,"Service Offered","Pricing Methodology","% of Corporate Costs Allocated","Amount Allocated"]
["From","To"]
[null,null,null,null,"%","$"]
["Burlington Hydro Electric Inc.","Burlington Hydro Inc.","Accounting ","LumpSum",2000,2000]
[]
[]
[]
[]
[]
[]
[]
[]
[null,"Year:",2010]
[]
["Shared Services"]
[]
["Name of Company",null,"Service Offered","Pricing Methodology","Price for the Service","Cost for the Service"]
["From","To"]
[null,null,null,null,"$","$"]
["Burlington Electricity Services Inc.","Burlington Hydro Inc.","Billing Service","Rate per Bill",386375,350774]
["Burlington Electricity Services Inc.","Burlington Hydro Inc.","Accounting ","LumpSum",2000,2000]
["Burlington Hydro Inc.","Burlington Electricity Services Inc.","Sponsorship","LumpSum",50000,50000]
["Burlington Hydro Inc.","Burlington Hydro Electric Inc.","Directors' Fee","LumpSum",110882,110882]
[]
[]
[]
[]
[]
["Corporate Cost Allocation"]
[]
["Name of Company",null,"Service Offered","Pricing Methodology","% of Corporate Costs Allocated","Amount Allocated"]
["From","To"]
[null,null,null,null,"%","$"]
["Burlington Hydro Electric Inc.","Burlington Hydro Inc.","Accounting ","LumpSum",2000,2000]
[]
[]
[]
[]
[]
[]
[]
[]
[]
[]
[]
[]
[]
[]
["Note: "]
[1,"This appendix must be completed in relation to each service provided or received for the Historical (actuals), Bridge and Test years. The required information includes:"]
[]
[]
["·         Type of Service:"]
["Services such as billing, accounting, payroll, etc.  The applicant must identify any costs related to the Board of Directors of the parent company that are allocated to the applicant."]
[]
["·         Pricing Methodology:"]
["Pricing Methodology includes approaches such as cost-base, market-base, tendering, etc.  The applicant must provide evidence demonstrating the pricing methodology used.  The applicant must also provide a description of why that pricing methodology was chosen, whether or not it is in conformity with ARC, and why it is appropriate."]
[]
["·         % Allocation:"]
["The applicant must provide the percentage of the costs allocated to the entity for the service being offered.  The Applicant must also provide a description of the allocator and why it is an appropriate allocator."]

{"sheet":"App.2-OA Capital Structure","index":53,"n_rows":108,"n_cols":15,"rows_kept":108,"cut":false,"hidden":false,"merged":[[12,0,12,14],[34,7,34,9],[36,0,37,0],[37,4,37,8],[9,2,9,14],[10,2,10,14],[16,0,17,0],[17,4,17,8],[14,7,14,9],[91,7,91,9],[93,0,94,0],[94,4,94,8],[53,7,53,9],[55,0,56,0],[56,4,56,8],[72,7,72,9],[74,0,75,0],[75,4,75,8]]}
[null,null,null,null,null,null,null,null,null,null,"File Number:",null,null,null,{"$f":"EBNUMBER","v":"EB-2013-0115"}]
[null,null,null,null,null,null,null,null,null,null,"Exhibit:"]
[null,null,null,null,null,null,null,null,null,null,"Tab:"]
[null,null,null,null,null,null,null,null,null,null,"Schedule:"]
[null,null,null,null,null,null,null,null,null,null,"Page:"]
[]
[null,null,null,null,null,null,null,null,null,null,"Date:"]
[]
[]
[null,null,"Appendix 2-OA"]
[null,null,"Capital Structure and Cost of Capital"]
[]
["This table must be completed for the last Board approved year and the test year."]
[]
[null,null,null,null,null,null,"Year:",2014]
[]
["Line No."]
[null,null,"Particulars",null,"Capitalization Ratio",null,null,null,null,null,"Cost Rate",null,null,null,"Return"]
[]
[null,null,null,null,"(%)",null,null,null,"($)",null,"(%)",null,null,null,"($)"]
[null,null,"Debt"]
[1,null,"  Long-term Debt",null,0.56000000000000005,null,null,null,{"$f":"$I$31*E22","v":73876348.210964859},null,4.1599999999999998E-2,null,null,null,{"$f":"K22*I22","v":3073256.085576138}]
[2,null,"  Short-term Debt",null,0.04,null,"(1)",null,{"$f":"$I$31*E23","v":5276882.0150689175},null,2.07E-2,null,null,null,{"$f":"K23*I23","v":109231.45771192659}]
[3,null,"Total Debt",null,{"$f":"SUM(E22:E23)","v":0.60000000000000009},null,null,null,{"$f":"SUM(I22:I23)","v":79153230.226033777},null,{"$f":"IF(E24=0,0,SUMPRODUCT(E22:E23,K22:K23)/E24)","v":4.0206666666666661E-2},null,null,null,{"$f":"SUM(O22:O23)","v":3182487.5432880647}]
[]
[null,null,"Equity"]
[4,null,"  Common Equity",null,0.4,null,null,null,{"$f":"$I$31*E27","v":52768820.150689185},null,8.9800000000000005E-2,null,null,null,{"$f":"K27*I27","v":4738640.0495318891}]
[5,null,"  Preferred Shares",null,null,null,null,null,{"$f":"$I$31*E28","v":0},null,null,null,null,null,{"$f":"K28*I28","v":0}]
[6,null,"Total Equity",null,{"$f":"SUM(E27:E28)","v":0.4},null,null,null,{"$f":"SUM(I27:I28)","v":52768820.150689185},null,{"$f":"IF(E29=0,0,SUMPRODUCT(E27:E28,K27:K28)/E29)","v":8.9799999999999991E-2},null,null,null,{"$f":"SUM(O27:O28)","v":4738640.0495318891}]
[]
[7,null,"Total",null,1,null,null,null,131922050.37672295,null,{"$f":"(K24*E24)+(K29*E29)","v":6.0044E-2},null,null,null,{"$f":"O24+O29","v":7921127.5928199533}]
[]
[]
[]
[null,null,null,null,null,null,"Year:",2013]
[]
["Line No."]
[null,null,"Particulars",null,"Capitalization Ratio",null,null,null,null,null,"Cost Rate",null,null,null,"Return"]
[]
[null,null,null,null,"(%)",null,null,null,"($)",null,"(%)",null,null,null,"($)"]
[null,null,"Debt"]
[1,null,"  Long-term Debt",null,0.56000000000000005,null,null,null,{"$f":"$I$31*E42","v":73876348.210964859},null,5.8700000000000002E-2,null,null,null,{"$f":"K42*I42","v":4336541.6399836373}]
[2,null,"  Short-term Debt",null,0.04,null,"(1)",null,{"$f":"$I$31*E43","v":5276882.0150689175},null,2.07E-2,null,null,null,{"$f":"K43*I43","v":109231.45771192659}]
[3,null,"Total Debt",null,{"$f":"SUM(E42:E43)","v":0.60000000000000009},null,null,null,{"$f":"SUM(I42:I43)","v":79153230.226033777},null,{"$f":"IF(E44=0,0,SUMPRODUCT(E42:E43,K42:K43)/E44)","v":5.616666666666667E-2},null,null,null,{"$f":"SUM(O42:O43)","v":4445773.0976955639}]
[]
[null,null,"Equity"]
[4,null,"  Common Equity",null,0.4,null,null,null,{"$f":"$I$31*E47","v":52768820.150689185},null,9.8500000000000004E-2,null,null,null,{"$f":"K47*I47","v":5197728.7848428851}]
[5,null,"  Preferred Shares",null,null,null,null,null,{"$f":"$I$31*E48","v":0},null,null,null,null,null,{"$f":"K48*I48","v":0}]
[6,null,"Total Equity",null,{"$f":"SUM(E47:E48)","v":0.4},null,null,null,{"$f":"SUM(I47:I48)","v":52768820.150689185},null,{"$f":"IF(E49=0,0,SUMPRODUCT(E47:E48,K47:K48)/E49)","v":9.8500000000000004E-2},null,null,null,{"$f":"SUM(O47:O48)","v":5197728.7848428851}]
[]
[7,null,"Total",null,1,null,null,null,130926253.16860513,null,{"$f":"(K44*E44)+(K49*E49)","v":7.3100000000000012E-2},null,null,null,{"$f":"O44+O49","v":9643501.882538449}]
[]
[]
[null,null,null,null,null,null,"Year:",2012]
[]
["Line No."]
[null,null,"Particulars",null,"Capitalization Ratio",null,null,null,null,null,"Cost Rate",null,null,null,"Return"]
[]
[null,null,null,null,"(%)",null,null,null,"($)",null,"(%)",null,null,null,"($)"]
[null,null,"Debt"]
[1,null,"  Long-term Debt",null,0.56000000000000005,null,null,null,{"$f":"$I$31*E61","v":73876348.210964859},null,5.8700000000000002E-2,null,null,null,{"$f":"K61*I61","v":4336541.6399836373}]
[2,null,"  Short-term Debt",null,0.04,null,"(1)",null,{"$f":"$I$31*E62","v":5276882.0150689175},null,2.07E-2,null,null,null,{"$f":"K62*I62","v":109231.45771192659}]
[3,null,"Total Debt",null,{"$f":"SUM(E61:E62)","v":0.60000000000000009},null,null,null,{"$f":"SUM(I61:I62)","v":79153230.226033777},null,{"$f":"IF(E63=0,0,SUMPRODUCT(E61:E62,K61:K62)/E63)","v":5.616666666666667E-2},null,null,null,{"$f":"SUM(O61:O62)","v":4445773.0976955639}]
[]
[null,null,"Equity"]
[4,null,"  Common Equity",null,0.4,null,null,null,{"$f":"$I$31*E66","v":52768820.150689185},null,9.8500000000000004E-2,null,null,null,{"$f":"K66*I66","v":5197728.7848428851}]
[5,null,"  Preferred Shares",null,null,null,null,null,{"$f":"$I$31*E67","v":0},null,null,null,null,null,{"$f":"K67*I67","v":0}]
[6,null,"Total Equity",null,{"$f":"SUM(E66:E67)","v":0.4},null,null,null,{"$f":"SUM(I66:I67)","v":52768820.150689185},null,{"$f":"IF(E68=0,0,SUMPRODUCT(E66:E67,K66:K67)/E68)","v":9.8500000000000004E-2},null,null,null,{"$f":"SUM(O66:O67)","v":5197728.7848428851}]
[]
[7,null,"Total",null,1,null,null,null,113534846.684,null,{"$f":"(K63*E63)+(K68*E68)","v":7.3100000000000012E-2},null,null,null,{"$f":"O63+O68","v":9643501.882538449}]
[]
[]
[null,null,null,null,null,null,"Year:",2011]
[]
["Line No."]
[null,null,"Particulars",null,"Capitalization Ratio",null,null,null,null,null,"Cost Rate",null,null,null,"Return"]
[]
[null,null,null,null,"(%)",null,null,null,"($)",null,"(%)",null,null,null,"($)"]
[null,null,"Debt"]
[1,null,"  Long-term Debt",null,0.56000000000000005,null,null,null,{"$f":"$I$31*E80","v":73876348.210964859},null,5.8700000000000002E-2,null,null,null,{"$f":"K80*I80","v":4336541.6399836373}]
[2,null,"  Short-term Debt",null,0.04,null,"(1)",null,{"$f":"$I$31*E81","v":5276882.0150689175},null,2.07E-2,null,null,null,{"$f":"K81*I81","v":109231.45771192659}]
[3,null,"Total Debt",null,{"$f":"SUM(E80:E81)","v":0.60000000000000009},null,null,null,{"$f":"SUM(I80:I81)","v":79153230.226033777},null,{"$f":"IF(E82=0,0,SUMPRODUCT(E80:E81,K80:K81)/E82)","v":5.616666666666667E-2},null,null,null,{"$f":"SUM(O80:O81)","v":4445773.0976955639}]
[]
[null,null,"Equity"]
[4,null,"  Common Equity",null,0.4,null,null,null,{"$f":"$I$31*E85","v":52768820.150689185},null,9.8500000000000004E-2,null,null,null,{"$f":"K85*I85","v":5197728.7848428851}]
[5,null,"  Preferred Shares",null,null,null,null,null,{"$f":"$I$31*E86","v":0},null,null,null,null,null,{"$f":"K86*I86","v":0}]
[6,null,"Total Equity",null,{"$f":"SUM(E85:E86)","v":0.4},null,null,null,{"$f":"SUM(I85:I86)","v":52768820.150689185},null,{"$f":"IF(E87=0,0,SUMPRODUCT(E85:E86,K85:K86)/E87)","v":9.8500000000000004E-2},null,null,null,{"$f":"SUM(O85:O86)","v":5197728.7848428851}]
[]
[7,null,"Total",null,1,null,null,null,104310943.13049999,null,{"$f":"(K82*E82)+(K87*E87)","v":7.3100000000000012E-2},null,null,null,{"$f":"O82+O87","v":9643501.882538449}]
[]
[]
[null,null,null,null,null,null,"Year:",2010]
[]
["Line No."]
[null,null,"Particulars",null,"Capitalization Ratio",null,null,null,null,null,"Cost Rate",null,null,null,"Return"]
[]
[null,null,null,null,"(%)",null,null,null,"($)",null,"(%)",null,null,null,"($)"]
[null,null,"Debt"]
[1,null,"  Long-term Debt",null,0.56000000000000005,null,null,null,{"$f":"$I$31*E99","v":73876348.210964859},null,5.8700000000000002E-2,null,null,null,{"$f":"K99*I99","v":4336541.6399836373}]
[2,null,"  Short-term Debt",null,0.04,null,"(1)",null,{"$f":"$I$31*E100","v":5276882.0150689175},null,2.07E-2,null,null,null,{"$f":"K100*I100","v":109231.45771192659}]
[3,null,"Total Debt",null,{"$f":"SUM(E99:E100)","v":0.60000000000000009},null,null,null,{"$f":"SUM(I99:I100)","v":79153230.226033777},null,{"$f":"IF(E101=0,0,SUMPRODUCT(E99:E100,K99:K100)/E101)","v":5.616666666666667E-2},null,null,null,{"$f":"SUM(O99:O100)","v":4445773.0976955639}]
[]
[null,null,"Equity"]
[4,null,"  Common Equity",null,0.4,null,null,null,{"$f":"$I$31*E104","v":52768820.150689185},null,9.8500000000000004E-2,null,null,null,{"$f":"K104*I104","v":5197728.7848428851}]
[5,null,"  Preferred Shares",null,null,null,null,null,{"$f":"$I$31*E105","v":0},null,null,null,null,null,{"$f":"K105*I105","v":0}]
[6,null,"Total Equity",null,{"$f":"SUM(E104:E105)","v":0.4},null,null,null,{"$f":"SUM(I104:I105)","v":52768820.150689185},null,{"$f":"IF(E106=0,0,SUMPRODUCT(E104:E105,K104:K105)/E106)","v":9.8500000000000004E-2},null,null,null,{"$f":"SUM(O104:O105)","v":5197728.7848428851}]
[]
[7,null,"Total",null,1,null,null,null,103121551.4445,null,{"$f":"(K101*E101)+(K106*E106)","v":7.3100000000000012E-2},null,null,null,{"$f":"O101+O106","v":9643501.882538449}]

{"sheet":"App.2-OB_Debt Instruments","index":54,"n_rows":107,"n_cols":11,"rows_kept":107,"cut":false,"hidden":false,"merged":[[11,0,11,10],[11,11,11,14],[13,0,13,10],[10,0,10,10]]}
[null,null,null,null,null,null,null,null,null,"File Number:",{"$f":"EBNUMBER","v":"EB-2013-0115"}]
[null,null,null,null,null,null,null,null,null,"Exhibit:"]
[null,null,null,null,null,null,null,null,null,"Tab:"]
[null,null,null,null,null,null,null,null,null,"Schedule:"]
[null,null,null,null,null,null,null,null,null,"Page:"]
[]
[null,null,null,null,null,null,null,null,null,"Date:"]
[]
[]
[]
["Appendix 2-OB"]
["Debt Instruments"]
[]
["This table must be completed for the required years of all historical years, the bridge year and the test year."]
[null,null,null,"Year",2014]
[]
["Row","Description","Lender","Affiliated or Third-Party Debt?","Fixed or Variable-Rate?","Start Date","Term              (years)","Principal                         ($)","Rate (%)                     (Note 2)","Interest ($)       (Note 1)"]
[1,"Promissory Note","City of Burlington","Affiliate","Fixed","Apr 2/10","perpetual",47878608,"*",2248000]
[2,"Debenture","Infrastructure Ontario","3rd Party","Fixed","Mar 15/11",10,8093366,4.5100000000000001E-2,378299]
[3,"Debenture","Infrastructure Ontario","3rd Party","Fixed","Mar 1/13",25,7663028,4.02E-2,312336]
[4,"IESO Letter of Credit","TD Bank","3rd Party","Fixed","Apr 1/11",5,18000000,4.0000000000000001E-3,72706]
[5,"Operating Line of Credit","TD Bank","3rd Party","Variable","Apr 1/11",5,0,"P-.25",0]
[6,null,null,null,null,null,null,null,null,{"$f":"H23*I23","v":0}]
[7,null,null,null,null,null,null,null,null,0]
[8,null,null,null,null,null,null,null,null,0]
[9,null,null,null,null,null,null,null,null,0]
[10,null,null,null,null,null,null,null,null,0]
[11,null,null,null,null,null,null,null,null,0]
[12,null,null,null,null,null,null,null,null,0]
[]
["Total",null,null,null,null,null,null,{"$f":"SUM(H18:H29)","v":81635002},{"$f":"IF(H31=0,\"\",J31/H31)","v":3.6887865820104962E-2},{"$f":"SUM(J18:J29)","v":3011341}]
[]
[]
[null,null,null,"Year",2013]
[]
["Row","Description","Lender","Affiliated or Third-Party Debt?","Fixed or Variable-Rate?","Start Date","Term              (years)","Principal                         ($)","Rate (%)                     (Note 2)","Interest ($)       (Note 1)"]
[1,"Promissory Note","City of Burlington","Affiliate","Fixed","Apr 2/10","perpetual",47878608,5.8700000000000002E-2,2810474]
[2,"Debenture","Infrastructure Ontario","3rd Party","Fixed","Mar 15/11",10,8633670,4.5100000000000001E-2,402082]
[3,"Debenture","Infrastructure Ontario","3rd Party","Fixed","Mar 1/13",25,7858476,4.02E-2,239314]
[4,"Construction Loan","Infrastructure Ontario","3rd Party","Variable","June 20/12","n/a",0,"floating",17407]
[5,"IESO Letter of Credit","TD Bank","3rd Party","Fixed","Apr 1/11",5,18000000,4.0000000000000001E-3,72706]
[6,"Operating Line of Credit","TD Bank","3rd Party","Variable","Apr 1/11",5,0,"P-.25",0]
[7,null,null,null,null,null,null,null,null,{"$f":"H43*I43","v":0}]
[8,null,null,null,null,null,null,null,null,0]
[9,null,null,null,null,null,null,null,null,0]
[10,null,null,null,null,null,null,null,null,0]
[11,null,null,null,null,null,null,null,null,0]
[12,null,null,null,null,null,null,null,null,0]
[]
["Total",null,null,null,null,null,null,{"$f":"SUM(H37:H48)","v":82370754},{"$f":"IF(H50=0,\"\",J50/H50)","v":4.3000492626302775E-2},{"$f":"SUM(J37:J48)","v":3541983}]
[]
[]
[null,null,null,"Year",2012]
[]
["Row","Description","Lender","Affiliated or Third-Party Debt?","Fixed or Variable-Rate?","Start Date","Term              (years)","Principal                         ($)","Rate (%)                     (Note 2)","Interest ($)       (Note 1)"]
[1,"Promissory Note","City of Burlington","Affiliate","Fixed","Apr 2/10","perpetual",47878608,5.8700000000000002E-2,2810474]
[2,"Debenture","Infrastructure Ontario","3rd Party","Fixed","Mar 15/11",10,{"$f":"8633669+516522","v":9150191},4.5100000000000001E-2,424819]
[3,"Construction Loan","Infrastructure Ontario","3rd Party","Variable","June 20/12","n/a",6000000,"floating",38711]
[4,"IESO Letter of Credit","TD Bank","3rd Party","Fixed","Apr 1/11",5,18000000,4.0000000000000001E-3,72706]
[5,"Operating Line of Credit","TD Bank","3rd Party","Variable","Apr 1/11",5,0,"P-.25",0]
[6,null,null,null,null,null,null,null,null,{"$f":"H61*I61","v":0}]
[7,null,null,null,null,null,null,null,null,0]
[8,null,null,null,null,null,null,null,null,0]
[9,null,null,null,null,null,null,null,null,0]
[10,null,null,null,null,null,null,null,null,0]
[11,null,null,null,null,null,null,null,null,0]
[12,null,null,null,null,null,null,null,null,0]
[]
["Total",null,null,null,null,null,null,{"$f":"SUM(H56:H67)","v":81028799},{"$f":"IF(H69=0,\"\",J69/H69)","v":4.1302722504871388E-2},{"$f":"SUM(J56:J67)","v":3346710}]
[]
[]
[null,null,null,"Year",2011]
[]
["Row","Description","Lender","Affiliated or Third-Party Debt?","Fixed or Variable-Rate?","Start Date","Term              (years)","Principal                         ($)","Rate (%)                     (Note 2)","Interest ($)       (Note 1)"]
[1,"Promissory Note","City of Burlington","Affiliate","Fixed","Apr 2/10","perpetual",47878608,5.8700000000000002E-2,2810474]
[2,"Debenture","Infrastructure Ontario","3rd Party","Fixed","Mar 15/11",10,{"$f":"9150191+493786","v":9643977},4.5100000000000001E-2,351053]
[3,"Construction Loan","Infrastructure Ontario","3rd Party","Variable","Feb 15/10","n/a",0,"floating",26251]
[4,"IESO Letter of Credit","TD Bank","3rd Party","Fixed","Apr 1/11",5,18000000,4.0000000000000001E-3,54444]
[5,"IESO Letter of Credit","ScotiaCapital","3rd Party","Fixed","Apr 1/10",1,0,1.4999999999999999E-2,60412]
[6,"Operating Line of Credit","TD Bank","3rd Party","Variable","Apr 1/11",5,10000000,"P-.25",0]
[7,"Operating Line of Credit","ScotiaCapital","3rd Party","Variable","Apr 1/10",1,0,"P",9144]
[8,null,null,null,null,null,null,null,null,{"$f":"H82*I82","v":0}]
[9,null,null,null,null,null,null,null,null,0]
[10,null,null,null,null,null,null,null,null,0]
[11,null,null,null,null,null,null,null,null,0]
[12,null,null,null,null,null,null,null,null,0]
[]
["Total",null,null,null,null,null,null,{"$f":"SUM(H75:H86)","v":85522585},{"$f":"IF(H88=0,\"\",J88/H88)","v":3.8724016585794267E-2},{"$f":"SUM(J75:J86)","v":3311778}]
[]
[]
[null,null,null,"Year",2010]
[]
["Row","Description","Lender","Affiliated or Third-Party Debt?","Fixed or Variable-Rate?","Start Date","Term              (years)","Principal                         ($)","Rate (%)                     (Note 2)","Interest ($)       (Note 1)"]
[1,null,null,null,null,null,null,null,null,{"$f":"H94*I94","v":0}]
[2,"Promissory Note","City of Burlington","Affiliate","Fixed","Apr 2/10","perpetual",47878608,"*",3027699]
[3,"Construction Loan","Infrastructure Ontario","3rd Party","Variable","Feb 15/10","n/a",7500000,"floating",85763]
[4,"IESO Letter of Credit","ScotiaCapital","3rd Party","Fixed","Apr 1/10",1,14000000,1.4999999999999999E-2,210000]
[5,"Operating Line of Credit","ScotiaCapital","3rd Party","Variable","Apr 1/10",1,0,"P",40591]
[6,null,null,null,null,null,null,null,null,{"$f":"H99*I99","v":0}]
[7,null,null,null,null,null,null,null,null,0]
[8,null,null,null,null,null,null,null,null,0]
[9,null,null,null,null,null,null,null,null,0]
[10,null,null,null,null,null,null,null,null,0]
[11,null,null,null,null,null,null,null,null,0]
[12,null,null,null,null,null,null,null,null,0]
[]
["Total",null,null,null,null,null,null,{"$f":"SUM(H94:H105)","v":69378608},{"$f":"IF(H107=0,\"\",J107/H107)","v":4.8488332311308405E-2},{"$f":"SUM(J94:J105)","v":3364053}]

{"sheet":"App.2-P_Cost_Allocation","index":55,"n_rows":105,"n_cols":6,"rows_kept":105,"cut":false,"hidden":false,"merged":[[25,0,26,4],[28,0,30,4],[32,0,33,4],[8,0,8,5],[9,0,9,5],[44,0,44,1],[39,0,40,1],[39,2,40,2],[42,0,42,1],[43,0,43,1],[41,0,41,1],[36,1,36,5],[38,0,38,1],[39,3,40,3],[39,4,40,4],[39,5,40,5],[50,0,51,5],[45,0,45,1],[46,0,46,1],[71,0,71,1],[53,0,53,5],[67,0,67,1],[68,0,68,1],[69,0,69,1],[70,0,70,1],[74,0,74,1],[75,0,75,1],[76,0,76,1],[55,0,56,5],[92,0,92,1],[58,0,59,5],[81,0,82,5],[84,0,84,5],[77,0,77,1],[72,0,72,1],[73,0,73,1],[63,0,65,1],[63,5,65,5],[64,3,65,3],[64,4,65,4],[66,0,66,1],[93,0,93,1],[88,0,90,1],[88,2,88,4],[88,5,89,5],[91,0,91,1],[101,0,101,1],[109,0,111,5],[94,0,94,1],[95,0,95,1],[96,0,96,1],[97,0,97,1],[98,0,98,1],[99,0,99,1],[104,0,107,5],[100,0,100,1]]}
[null,null,null,null,"File Number:",{"$f":"EBNUMBER","v":"EB-2013-0115"}]
[null,null,null,null,"Exhibit:"]
[null,null,null,null,"Tab:"]
[null,null,null,null,"Schedule:"]
[null,null,null,null,"Page:"]
[]
[null,null,null,null,"Date:"]
[]
["Appendix 2-P"]
["Cost Allocation"]
[]
["Please complete the following four tables."]
[]
["A)  Allocated Costs"]
[]
["Classes","Costs Allocated from Previous Study","%","Costs Allocated in Test Year Study                    (Column 7A)","%"]
["Residential",17659655,{"$f":"IF(B$22=0,\"\",B17/B$22)","v":0.56852401553845766},17210860,{"$f":"IF(D$22=0,\"\",D17/D$22)","v":0.55889205268260467}]
["GS < 50 kW",4055751,{"$f":"IF(B$22=0,\"\",B18/B$22)","v":0.13056834035229539},4090305,{"$f":"IF(D$22=0,\"\",D18/D$22)","v":0.13282537639304026}]
["GS > 50 kW (or 50 kW < GS < xxx kW, if applicable)",8880382,{"$f":"IF(B$22=0,\"\",B19/B$22)","v":0.28588952808848417},9134183,{"$f":"IF(D$22=0,\"\",D19/D$22)","v":0.29661633912823365}]
["Street Lighting",320783,{"$f":"IF(B$22=0,\"\",B20/B$22)","v":1.0327089587903788E-2},256673,{"$f":"IF(D$22=0,\"\",D20/D$22)","v":8.3349989389375177E-3}]
["Unmetered Scattered Load (USL)",145714,{"$f":"IF(B$22=0,\"\",B21/B$22)","v":4.6910264328590126E-3},102584,{"$f":"IF(D$22=0,\"\",D21/D$22)","v":3.3312328571839128E-3}]
["Total",{"$f":"SUM(B17:B21)","v":31062285},{"$f":"SUM(C17:C21)","v":1},{"$f":"SUM(D17:D21)","v":30794605},{"$f":"SUM(E17:E21)","v":1}]
[]
["Notes"]
[]
["1     Customer Classification - If proposed rate classes differ from those in place in the previous Cost Allocation study, modify the rate classes to match the current application as closely as possible."]
[]
[]
["2     Host Distributors -  Provide information on embedded distributor(s) as a separate class, if applicable.   If embedded distributor(s) are billed as customers in a General Service class, include the allocated cost and revenue of the embedded distributor(s) in the applicable class.  Also complete Appendix 2-Q."]
[]
[]
["  "]
["3     Class Revenue Requirements - If using the Board-issued model, in column 7A enter the results from Worksheet O-1, Revenue Requirement (row 40 in the 2013 model).  This excludes costs in deferral and variance accounts.  Note to Embedded Distributor(s), it also does not include Account 4750 - Low Voltage (LV) Costs. "]
[]
[]
[]
["B)  Calculated Class Revenues"]
[]
[null,null,"Column 7B","Column 7C","Column 7D","Column 7E"]
["Classes (same as previous table)",null,"Load Forecast (LF) X current approved rates","L.F. X current approved rates X (1 + d)","LF X proposed rates","Miscellaneous Revenue"]
[]
[{"$f":"A17","v":"Residential"},null,18095853,17634198,16058064.120828692,1150886]
["GS < 50 kW",null,3974209,3872820,3816994.229275886,274514]
["GS > 50 kW (or 50 kW < GS < xxx kW, if applicable)",null,7170234,6987310,8646125.7499047294,488058]
["Street Lighting",null,237309,231254,239814.87925008923,17309]
["Unmetered Scattered Load (USL)",null,134440,131010,95594.523560560207,7247]
["Total",null,{"$f":"SUM(C42:C46)","v":29612045},{"$f":"SUM(D42:D46)","v":28856592},{"$f":"SUM(E42:E46)","v":28856593.502819959},{"$f":"SUM(F42:F46)","v":1938014}]
[]
["Notes:"]
[]
["1     Columns 7B to 7D - LF means Load Forecast of Annual Billing Quantities (i.e. customers or connections X 12, (kWh or kW, as applicable).  Revenue Quantities should be net of Transfomrer Ownership Allowance.  Exclude revenue from rate adders and rate riders.  "]
[]
[]
["2     Columns 7C and 7D - Column total in each column should equal the Base Revenue Requirement"]
[]
["3     Columns 7C - The Board cost allocation model calculates \"1+d\" in worksheet O-1, cell C21. \"d\" is defined as Revenue Deficiency/ Revenue at Current Rates."]
[]
[]
["4     Columns 7E - If using the Board-issued Cost Allocation model, enter Miscellaneous Revenue as it appears in Worksheet O-1, row 19."]
[]
[]
["C)  Rebalancing Revenue-to-Cost (R/C) Ratios"]
[]
["Class",null,"Previously Approved Ratios","Status Quo Ratios","Proposed Ratios","Policy Range"]
[null,null,"Most Recent Year:","(7C + 7E) / (7A)","(7D + 7E) / (7A)"]
[null,null,"20XX"]
[null,null,"%","%","%","%"]
[{"$f":"A42","v":"Residential"},null,null,{"$f":"IF(D17=0,\"\",(D42+F42)/D17*100)","v":109.14668993879447},{"$f":"IF(D17=0,\"\",(E42+F42)/D17*100)","v":99.988903057887228},"85 - 115"]
[{"$f":"A43","v":"GS < 50 kW"},null,null,{"$f":"IF(D18=0,\"\",(D43+F43)/D18*100)","v":101.39424810619258},{"$f":"IF(D18=0,\"\",(E43+F43)/D18*100)","v":100.02941661504181},"80 - 120"]
[{"$f":"A44","v":"GS > 50 kW (or 50 kW < GS < xxx kW, if applicable)"},null,null,{"$f":"IF(D19=0,\"\",(D44+F44)/D19*100)","v":81.839481429264112},{"$f":"IF(D19=0,\"\",(E44+F44)/D19*100)","v":100.00000820987196},"80 - 120"]
[{"$f":"#REF!","v":{"$error":"#REF!"}},null,null,{"$f":"IF(D20=0,\"\",(#REF!+#REF!)/D20*100)","v":{"$error":"#REF!"}},{"$f":"IF(D20=0,\"\",(#REF!+#REF!)/D20*100)","v":{"$error":"#REF!"}},"80 - 120"]
[{"$f":"#REF!","v":{"$error":"#REF!"}},null,null,{"$f":"IF(D21=0,\"\",(#REF!+#REF!)/D21*100)","v":{"$error":"#REF!"}},{"$f":"IF(D21=0,\"\",(#REF!+#REF!)/D21*100)","v":{"$error":"#REF!"}},"85 - 115"]
[{"$f":"A45","v":"Street Lighting"},null,null,{"$f":"IF(#REF!=0,\"\",(D45+F45)/#REF!*100)","v":{"$error":"#REF!"}},{"$f":"IF(#REF!=0,\"\",(E45+F45)/#REF!*100)","v":{"$error":"#REF!"}},"70 - 120"]
[{"$f":"#REF!","v":{"$error":"#REF!"}},null,null,{"$f":"IF(#REF!=0,\"\",(#REF!+#REF!)/#REF!*100)","v":{"$error":"#REF!"}},{"$f":"IF(#REF!=0,\"\",(#REF!+#REF!)/#REF!*100)","v":{"$error":"#REF!"}},"80 - 120"]
[{"$f":"A46","v":"Unmetered Scattered Load (USL)"},null,null,{"$f":"IF(#REF!=0,\"\",(D46+F46)/#REF!*100)","v":{"$error":"#REF!"}},{"$f":"IF(#REF!=0,\"\",(E46+F46)/#REF!*100)","v":{"$error":"#REF!"}},"80 - 120"]
[{"$f":"#REF!","v":{"$error":"#REF!"}},null,null,{"$f":"IF(#REF!=0,\"\",(#REF!+#REF!)/#REF!*100)","v":{"$error":"#REF!"}},{"$f":"IF(#REF!=0,\"\",(#REF!+#REF!)/#REF!*100)","v":{"$error":"#REF!"}}]
[null,null,null,{"$f":"IF(#REF!=0,\"\",(#REF!+#REF!)/#REF!*100)","v":{"$error":"#REF!"}},{"$f":"IF(#REF!=0,\"\",(#REF!+#REF!)/#REF!*100)","v":{"$error":"#REF!"}}]
[{"$f":"#REF!","v":{"$error":"#REF!"}},null,null,{"$f":"IF(#REF!=0,\"\",(#REF!+#REF!)/#REF!*100)","v":{"$error":"#REF!"}},{"$f":"IF(#REF!=0,\"\",(#REF!+#REF!)/#REF!*100)","v":{"$error":"#REF!"}}]
[]
["Notes"]
[]
["1     Previously Approved Revenue-to-Cost Ratios - For most applicants, Most Recent Year would be the third year of the IRM 3 period,  e.g. if the applicant rebased in 2009 with further adjustments over 2 years, the Most recent year is 2011.  For applicants whose most recent rebasing year is 2006, the applicant should enter the ratios from their Informational Filing."]
[]
[]
["2     Status Quo Ratios - The Board's updated Cost Allocation Model yields the Status Quo Ratios in Worksheet O-1.  Status Quo means \"Before Rebalancing\"."]
[]
["D)  Proposed Revenue-to-Cost Ratios"]
[]
["Class",null,"Proposed Revenue-to-Cost Ratios",null,null,"Policy Range"]
[null,null,{"$f":"TestYear","v":2014},{"$f":"C90+1","v":2015},{"$f":"D90+1","v":2016}]
[null,null,"%","%","%","%"]
[{"$f":"A68","v":"Residential"},null,{"$f":"E68","v":99.988903057887228},null,null,{"$f":"F68","v":"85 - 115"}]
[{"$f":"A69","v":"GS < 50 kW"},null,{"$f":"E69","v":100.02941661504181},null,null,{"$f":"F69","v":"80 - 120"}]
["GS > 50 kW (or 50 kW < GS < xxx kW, if applicable)",null,100.00000820987196,null,null,"80 - 120"]
[{"$error":"#REF!"},null,{"$error":"#REF!"},null,null,"80 - 120"]
[{"$error":"#REF!"},null,{"$error":"#REF!"},null,null,"85 - 115"]
["Street Lighting",null,{"$error":"#REF!"},null,null,"70 - 120"]
[{"$error":"#REF!"},null,{"$error":"#REF!"},null,null,"80 - 120"]
["Unmetered Scattered Load (USL)",null,{"$error":"#REF!"},null,null,"80 - 120"]
[{"$error":"#REF!"},null,{"$error":"#REF!"},null,null,{"$f":"F76","v":0}]
[null,null,{"$error":"#REF!"},null,null,{"$f":"F77","v":0}]
[{"$error":"#REF!"},null,{"$error":"#REF!"}]
[]
["Note"]
["1     The applicant should complete Table D if it is applying for approval of a revenue to cost ratio in 2013 that is outside the Board’s policy range for any customer class. Table (d) will show the information that the distributor would likely enter in the IRM model) in 2013.  In 2014 Table (d), enter the planned ratios for the classes that will be ‘Change’ and ‘No Change’ in 2014 (in the current Revenue Cost Ratio Adjustment Workform, Worksheet C1.1 ‘Decision – Cost Revenue Adjustment’, column d), and enter TBD for class(es) that will be entered as ‘Rebalance’. "]

{"sheet":"App.2-Q_Cost of Serv. Emb. Dx","index":56,"n_rows":61,"n_cols":7,"rows_kept":61,"cut":false,"hidden":false,"merged":[[59,3,60,3],[59,4,60,4],[54,4,55,4],[8,0,8,6],[9,0,9,6],[16,0,16,1],[16,2,16,3],[54,3,55,3],[9,7,9,11],[12,0,12,6],[11,0,11,6],[14,0,14,1],[14,2,14,3]]}
[null,null,null,null,null,"File Number:",{"$f":"EBNUMBER","v":"EB-2013-0115"}]
[null,null,null,null,null,"Exhibit:"]
[null,null,null,null,null,"Tab:"]
[null,null,null,null,null,"Schedule:"]
[null,null,null,null,null,"Page:"]
[]
[null,null,null,null,null,"Date:"]
[]
["Appendix 2-Q"]
["Cost of Serving Embedded Distributor(s) "]
[]
["To be completed by Host Distributors ONLY*"]
["(Not required if Host Distributor has an Embedded Distributor rate class, i.e. a separate row in Appendix 2-P.)"]
[]
[]
[]
["Proposed Rate Class for Billing Embedded Distributor(s)"]
[]
["Host's Distribution Facilities used by Embedded Distributor(s)"]
[]
["(1)","(2)","(3)","(4)","(5)","(6) = '(3) + (4)"]
["Asset Class","Total OM&A costs asociated with asset class ","Original cost of asset class ","Accumulated amortization of asset class","Annual amortization of asset class","Net Book Value of asset class"]
["Totals for Host Distributor:","($)","($)","($)","($)"]
["Distribution Stations",null,null,null,null,{"$f":"C24+D24","v":0}]
["Low Voltage Line",null,null,null,null,0]
["LV Line category # 2 (if applcable)",null,null,null,null,0]
["TS (owned by host)",null,null,null,null,0]
["add rows if necessary... ",null,null,null,null,0]
[null,null,null,null,null,0]
[null,null,null,null,null,0]
[]
["(1)","(7)","(8)","(9)","(10)","(11)"]
[{"$f":"A22","v":"Asset Class"},"Total line length or station capacity in asset class","Line length or capacity required to provide LV service to Embedded Distributor(s)","Annual total demand on station/line providing LV services (sum of 12 monthly peaks)","Annual billed Embedded Distributor demand on station/line providing LV services","Embedded Distributor(s)' Responsibility Share "]
["Embedded Distributor's share:","kW or kVa; km","kW or kVA; km","kW or kVA","kW or kVA","percent"]
["Distribution Stations",null,null,null,null,{"$f":"IF(D35=0,0,(C35/B35)*(E35/D35))","v":0}]
["Low Voltage Line",null,null,null,null,{"$f":"IF(D36=0,0,(C36/B36)*(E36/D36))","v":0}]
["LV Line # 2 (if applicable) ",null,null,null,null,{"$f":"IF(D37=0,0,(C37/B37)*(E37/D37))","v":0}]
["TS (owned by host)",null,null,null,null,{"$f":"IF(D38=0,0,(C38/B38)*(E38/D38))","v":0}]
["add rows if necessary ",null,null,null,null,{"$f":"IF(D39=0,0,(C39/B39)*(E39/D39))","v":0}]
[]
["(1)","(12)","(12a)","(13)","(14)","(15)","(16)"]
[{"$f":"A33","v":"Asset Class"},"Return on Assets used to Provide LV services","Taxes/PILs","Annual amortization on assets used to provide LV services","OM&A costs with burden associated with assets used to provide LV services","Total annual cost associated with assets used to provide LV services","Monthly cost associated with the delivery of LV services"]
[null,"($)","($)","($)","($)","($)","$/kW or $/kVA"]
["Distribution Stations",{"$f":"E$55*(F24+B24*E$60)*F35","v":0},{"$f":"(B44-(B$55*C$55*F35*(F24+B24*E58)+B$56*C$56*F35*(F24+B24*E$58)))*E$58/(1-E$58)","v":0},{"$f":"E24*F35","v":0},{"$f":"B24*F35","v":0},{"$f":"SUM(B44:E44)","v":0},{"$f":"IF(E35=0,0,(D44/E35))","v":0}]
["Low Voltage Line",{"$f":"E$55*(F25+B25*E$60)*F36","v":0},{"$f":"(B45-(B$55*C$55*F36*(F25+B25*E59)+B$56*C$56*F36*(F25+B25*E59)))*E$58/(1-E$58)","v":0},{"$f":"E25*F36","v":0},{"$f":"B25*F36","v":0},{"$f":"SUM(B45:E45)","v":0},{"$f":"IF(E36=0,0,(D45/E36))","v":0}]
["LV Line # 2 (if applicable) ",{"$f":"E$55*(F26+B26*E$60)*F37","v":0},{"$f":"(B46-(B$55*C$55*F37*(F26+B26*E60)+B$56*C$56*F37*(F26+B26*E$60)))*E$58/(1-E$58)","v":0},{"$f":"E26*F37","v":0},{"$f":"B26*F37","v":0},{"$f":"SUM(B46:E46)","v":0},{"$f":"IF(E37=0,0,(D46/E37))","v":0}]
["TS (owned by host)",{"$f":"E$55*(F27+B27*E$60)*F38","v":0},{"$f":"(B47-(B$55*C$55*F38*(F27+B27*E61)+B$56*C$56*F38*(F27+B27*E61)))*E$58/(1-E$58)","v":0},{"$f":"E27*F38","v":0},{"$f":"B27*F38","v":0},{"$f":"SUM(B47:E47)","v":0},{"$f":"IF(E38=0,0,(D47/E38))","v":0}]
["add rows if necessary ",{"$f":"E$55*(F28+B28*E$60)*F39","v":0},{"$f":"(B48-(B$55*C$55*F39*(F28+B28*I62)+B$56*C$56*F39*(F28+B28*I62)))*E$58/(1-E$58)","v":0},{"$f":"E28*F39","v":0},{"$f":"B28*F39","v":0},{"$f":"SUM(B48:E48)","v":0},{"$f":"IF(E39=0,0,(D48/E39))","v":0}]
[]
["Total",null,null,null,null,{"$f":"SUM(F44:F48)","v":0},{"$f":"SUM(G44:G48)","v":0}]
[]
["(17)","(18)","(19)","(20)","(21)"]
[null,"Capital Structure","Cost Rate"]
[null,"(%)","(%)",null,"(%)"]
["Long-Term Debt",null,null,"Weighted Average Cost of Capital",{"$f":"IF(B61=0%,0,SUMPRODUCT(B55:B59,C55:C59)/B61)","v":0}]
["Short-term Debt"]
[]
["Common Equity",null,null,"Tax/PILs Rate"]
["Preferred Shares"]
[null,null,null,"Working Capital Allowance Factor"]
["Total",{"$f":"SUM(B55:B59)","v":0}]

{"sheet":"App.2-R_Loss Factors","index":57,"n_rows":73,"n_cols":8,"rows_kept":73,"cut":false,"hidden":false,"merged":[[8,0,8,7],[9,0,9,7],[11,0,11,7],[13,0,14,1],[13,2,13,6],[13,7,14,7],[15,1,15,7],[24,1,24,7],[26,1,26,7],[54,1,55,7],[36,1,39,7],[43,1,45,7],[47,1,50,7],[57,1,58,7],[60,1,61,7],[32,1,34,7],[71,1,71,7],[63,1,63,7],[65,1,65,7],[67,1,69,6],[52,1,52,7]]}
[null,null,null,null,null,null,"File Number:",{"$f":"EBNUMBER","v":"EB-2013-0115"}]
[null,null,null,null,null,null,"Exhibit:"]
[null,null,null,null,null,null,"Tab:"]
[null,null,null,null,null,null,"Schedule:"]
[null,null,null,null,null,null,"Page:"]
[]
[null,null,null,null,null,null,"Date:"]
[]
["Appendix 2-R"]
["Loss Factors"]
[]
[]
[]
[null,null,"Historical Years",null,null,null,null,"5-Year Average"]
[null,null,{"$f":"IF(ISBLANK('LDC Info'!E26-5), \"Year 5\", 'LDC Info'!E26-5)","v":2008},{"$f":"IF(ISBLANK('LDC Info'!E26-4), \"Year 5\", 'LDC Info'!E26-4)","v":2009},{"$f":"IF(ISBLANK('LDC Info'!E26-3), \"Year 5\", 'LDC Info'!E26-3)","v":2010},{"$f":"IF(ISBLANK('LDC Info'!E26-2), \"Year 5\", 'LDC Info'!E26-2)","v":2011},{"$f":"IF(ISBLANK('LDC Info'!E26-1), \"Year 5\", 'LDC Info'!E26-1)","v":2012}]
[null,"Losses Within Distributor's System"]
["A(1)","\"Wholesale\" kWh delivered to distributor (higher value)",1716667999,1648092984,1710566163,1706208053,1702581206,{"$f":"IF(SUM(C17:G17)=0,0,AVERAGE(C17:G17))","v":1696823281}]
["A(2)","\"Wholesale\" kWh delivered to distributor (lower value)",1709843561,1642258793,1704244532,1700108830,1696732633,{"$f":"IF(SUM(C18:G18)=0,0,AVERAGE(C18:G18))","v":1690637669.8}]
["B","Portion of \"Wholesale\" kWh delivered to distributor for its Large Use Customer(s)",null,null,null,null,null,{"$f":"IF(SUM(C19:G19)=0,0,AVERAGE(C19:G19))","v":0}]
["C","Net \"Wholesale\" kWh delivered to distributor  = A(2) - B",{"$f":"C18-C19","v":1709843561},1642258793,1704244532,1700108830,1696732633,1690637669.8]
["D","\"Retail\" kWh delivered by distributor",1654981841,1587755226,1649153565,1646737783,1642340001,{"$f":"IF(SUM(C21:G21)=0,0,AVERAGE(C21:G21))","v":1636193683.2}]
["E","Portion of \"Retail\" kWh delivered by distributor to its Large Use Customer(s)",null,null,null,null,null,{"$f":"IF(SUM(C22:G22)=0,0,AVERAGE(C22:G22))","v":0}]
["F","Net \"Retail\" kWh delivered by distributor = D - E",{"$f":"C21-C22","v":1654981841},1587755226,1649153565,1646737783,1642340001,1636193683.2]
["G","Loss Factor in Distributor's system = C / F",{"$f":"IF(C23=0,\"\",C20/C23)","v":1.0331494392511584},1.0343274366901689,1.0334056016184279,1.0324101672719075,1.0331189838686758,1.0332747810720797]
[null,"Losses Upstream of Distributor's System"]
["H","Supply Facilities Loss Factor",1.004,1.0044999999999999,1.0037,1.0036,1.0034000000000001,1.0038400000000001]
[null,"Total Losses"]
["I","Total Loss Factor = G x H",1.037282037008163,1.0389819101552746,1.0372292023444161,1.0361268438740865,1.0366315884138295,1.0373954999999999]
[]
["Notes"]
[]
[]
["A(1)","If directly connected to the IESO-controlled grid, kWh pertains to the virtual meter on the primary or high voltage side of the transformer at the interface with the transmission grid.  This corresponds to the \"With Losses\" kWh value provided by the IESO's MV-WEB.  It is the higher of the two values provided by MV-WEB."]
[]
[]
[]
[null,"If fully embedded within a host distributor, kWh pertains to the virtual meter on the primary or high voltage side of the transformer, at the interface between the host distributor and the transmission grid.  For example, if the host distributor is Hydro One Networks Inc., kWh from the Hydro One Networks' invoice corresponding to \"Total kWh w Losses\" should be reported.  This corresponds to the higher of the two kWh values provided in Hydro One Networks' invoice."]
[]
[]
[]
[]
[null,"If partially embedded, kWh pertains to the sum of the above."]
[]
["A(2)","If directly connected to the IESO-controlled grid, kWh pertains to a metering installation on the secondary or low voltage side of the transformer at the interface with the transmission grid.  This corresponds to the \"Without Losses\" kWh value provided by the IESO's MV-WEB.  It is the lower of the two kWh values provided by MV-WEB."]
[]
[]
[]
[null,"If fully embedded with the host distributor, kWh pertains to a metering installation on the secondary or low voltage side of the transformer at the interface between the embedded distributor and the host distributor.  For example, if the host distributor is Hydro One Networks Inc., kWh from the Hydro One Networks' invoice corresponding to \"Total kWh\" should be reported.  This corresponds to the lower of the two kWh values provided in Hydro One Networks' invoice."]
[]
[]
[]
[]
[null,"If partially embedded, kWh pertains to the sum of the above."]
[]
[null,"Additionally, kWh pertaining to distributed generation directly connected to the distributor's own distribution network should be included in A(2)."]
[]
[]
["B","If a Large Use Customer is metered on the secondary or low voltage side of the transformer, the default loss is 1%                         (i.e., B = 1.01 X E)."]
[]
[]
["D","kWh corresponding to D should equal metered or estimated kWh at the customer’s delivery point."]
[]
[]
["G and I","These loss factors pertain to secondary-metered customers with demand less than 5,000 kW."]
[]
["H","If directly connected to the IESO-controlled grid, SFLF = 1.0045."]
[]
[null,"If fully embedded within a host distributor, SFLF = loss factor re losses in transformer at grid interface X loss factor re losses in host distributor's system.  If the host distributor is Hydro One Networks Inc., SFLF = 1.0060 X 1.0278 = 1.0340. If partially embedded, SFLF should be calculated as the weighted average of above."]
[]
[]
[]
[null,"Distributors that wish to propose a different SFLF should provide appropriate justification for any such proposal including supporting"]
[null,"calculations and any other relevant material."]

{"sheet":"App.2-S_Stranded Meters","index":58,"n_rows":89,"n_cols":8,"rows_kept":89,"cut":false,"hidden":false,"merged":[[88,0,91,7],[81,1,83,7],[85,1,86,7],[66,1,67,7],[73,1,75,7],[77,1,79,7],[69,1,71,7],[59,2,61,7],[63,0,64,7],[34,1,35,7],[37,1,39,7],[41,1,44,7],[46,1,49,7],[54,2,57,7],[8,0,8,7],[9,0,9,7],[26,0,29,7],[31,0,32,7],[51,2,52,7]]}
[null,null,null,null,null,null,"File Number:",{"$f":"EBNUMBER","v":"EB-2013-0115"}]
[null,null,null,null,null,null,"Exhibit:"]
[null,null,null,null,null,null,"Tab:"]
[null,null,null,null,null,null,"Schedule:"]
[null,null,null,null,null,null,"Page:"]
[]
[null,null,null,null,null,null,"Date:"]
[]
["Appendix 2-S"]
["Stranded Meter Treatment"]
[]
["Year","Notes","Gross Asset Value","Accumulated Amortization","Contributed Capital (Net of Amortization)","Net Asset","Proceeds on Disposition","Residual Net Book Value"]
[null,null,"(A)","(B)","(C)","(D ) = (A) - (B) - (C)","(E)","(F) = (D) - (E)"]
[2006,null,null,null,null,{"$f":"C14-D14-E14","v":0},null,{"$f":"F14-G14","v":0}]
[2007,null,2487,null,null,2487,null,2487]
[2008,null,2487,null,null,2487,2624,-137]
[2009,null,3885280,1627605,null,2257675,26166,2231509]
[2010,null,8361043,3831959,null,4529084,68190,4460894]
["Adj",null,8416634,3757213,null,4659421,73627,4585794]
[2011,null,null,null,null,0,null,0]
[2012,"(1)",null,null,null,0,null,0]
[]
["Notes:"]
[]
["(1)","For 2013, please indicate whether the amounts provided are on a forecast or actual basis."]
[]
["Some distributors have transferred the cost of stranded meters from Account 1860 - Meters to \"Sub-account Stranded Meter Costs of Account 1555\", while in some cases distributors have left these costs in Account 1860.  Depending on which treatment the applicant has chosen. please provide the information under either of the two scenarios (A and B below), as applicable."]
[]
[]
[]
[]
["Scenario A:  If the stranded meter costs were transferred to \"Sub-account Stranded Meter Costs\" of Account 1555, the above table should be completed and the following information should be provided in Exhibit 9."]
[]
[]
[1,"A description of the accounting treatment followed by the applicant on stranded meter costs for financial accounting and reporting purposes."]
[]
[]
[2,"The amount of the pooled residual net book value of the removed from service stranded meters, less any contributed capital (net of accumulated amortization), and less any net proceeds from sales, which were transferred to this sub-account as of December 31, 2010."]
[]
[]
[]
[3,"A statement as to whether or not, since transferring the removed stranded meter costs to the sub-account, the recording of depreciation expenses was continued in order to reduce the net book value through accumulated depreciation.  If so, the total depreciation expense amount for the period from the time the costs for the stranded meters were transferred to the sub-account to December 31, 2010 should be provided."]
[]
[]
[]
[]
[null,"If no depreciation expenses were recorded to reduce the net book value of stranded meter costs through accumulated depreciation, the total depreciation expense amount that would have been applicable from the time that the stranded meter costs were transferred to the sub-account of Account 1555 to December 31, 2010 should be provided.  In addition, the following information should be provided:"]
[]
[]
[]
[]
[null,"a)","Whether or not carrying charges were recorded for the stranded meter cost balances in the sub-account, and if so, the total carrying charges recorded to December 31, 2010."]
[]
[]
[null,"b)","The estimated amount of the pooled residual net book value of the removed from service meters, less any net proceeds from sales and contributed capital, at the time when the smart meters will have been fully deployed (e.g., as of December 31, 2010).  If the smart meters have been fully deployed, the actual amount should be provided."]
[]
[]
[]
[]
[null,"c)","A description as to how the applicant intends to recover in rates the remaining costs for stranded meters, including the proposed accounting treatment, the proposed disposition period, and the associated bill impacts."]
[]
[]
[]
["Scenario B:  If the stranded meter costs remained recorded in Account 1860, the above table should be completed and the following information should be provided in Exhibit 9:"]
[]
[]
[1,"A description of the accounting treatment followed by the applicant on stranded meter costs for financial accounting and reporting purposes."]
[]
[]
[2,"The amount of the pooled residual net book value of the removed from service stranded meters, less any contributed capital (net of accumulated amortization), and less any net proceeds from sales, as of December 31, 2010."]
[]
[]
[]
[3,"A statement as to whether or not the recording of depreciation expenses continued in order to reduce the net book value through accumulated depreciation.  If so, provision of the total (cumulative) depreciation expense for the period from the time that the meters became stranded to December 31, 2010."]
[]
[]
[]
[4,"If no depreciation expenses were recorded to reduce the net book value of stranded meters through accumulated depreciation, the total (cumulative) depreciation expense amount that would have been applicable for the period from the time that the meters became stranded to December 31, 2010."]
[]
[]
[]
[5,"The estimated amount of the pooled residual net book value of the removed from service meters, less any net proceeds from sales and contributed capital, at the time when smart meters will have been fully deployed.  If the smart meters have been fully deployed, please provide the actual amount."]
[]
[]
[]
[6,"A description as to how the applicant intends to recover in rates the costs for stranded meters, including the proposed accounting treatment, the proposed disposition period and the associated bill impacts."]
[]
[]
["Distributors should also provide the Net Book Value per class of meter as of December 31, 2010 as well as the number of meters that were removed / stranded.  In preparing this information, distributors should review the Board's letter of January 16, 2007 Stranded Meter Costs Related to the Installation of Smart Meters   which stated that records were to be kept of the type and number of each meter to support the stranded meter costs."]

{"sheet":"App.2-TA_1592_Tax_Variance","index":59,"n_rows":52,"n_cols":5,"rows_kept":52,"cut":false,"hidden":false,"merged":[[51,0,52,0],[51,1,52,4],[40,0,41,0],[40,1,41,4],[43,0,44,0],[43,1,44,4],[46,0,49,0],[46,1,49,4],[30,0,30,2],[31,0,31,2],[35,0,36,0],[35,1,36,4],[38,0,39,0],[38,1,38,4],[29,0,29,2],[18,0,18,2],[19,0,19,2],[20,0,20,2],[21,0,21,2],[22,0,22,2],[23,0,23,2],[24,0,24,2],[25,0,25,2],[26,0,26,2],[27,0,27,2],[28,0,28,2],[17,0,17,2],[8,0,8,4],[9,0,9,4],[11,0,11,4],[13,0,15,2],[16,0,16,2]]}
[null,null,"File Number:",null,{"$f":"EBNUMBER","v":"EB-2013-0115"}]
[null,null,"Exhibit:"]
[null,null,"Tab:"]
[null,null,"Schedule:"]
[null,null,"Page:"]
[]
[null,null,"Date:"]
[]
["Appendix 2-TA"]
["Account 1592, PILs and Tax Variances for 2006 and Subsequent Years\nand Subsequent Years"]
[]
["The following table should be completed based on the information requested below, in accordance with the notes following the table. An explanation should be provided for any blank entries."]
[]
["Tax Item",null,null,null,"Principal as of"]
[null,null,null,null,"December 31,"]
[null,null,null,null,"20XX"]
["Large Corporation Tax grossed-up proxy from 2006 EDR application PILs model for the period from May 1, 2006 to April 30, 2007"]
["Large Corporation Tax grossed-up proxy from 2006 EDR application PILs model for the period from January 1, 2006 to April 30, 2006 (4/12ths of the approved grossed-up proxy), if not recorded in PILs account 1562"]
["Ontario Capital Tax rate decrease and increase in capital deduction for 2007"]
["Ontario Capital Tax rate decrease and increase in capital deduction for 2008"]
["Ontario Capital Tax rate decrease and increase in capital deduction for 2009"]
["Ontario Capital Tax rate decrease and increase in capital deduction for 2010"]
["Capital Cost Allowance class changes from 2006 EDR application for 2006"]
["Capital Cost Allowance class changes from 2006 EDR application for 2007"]
["Capital Cost Allowance class changes from 2006 EDR application for 2008"]
["Capital Cost Allowance class changes from 2006 EDR application for 2009"]
["Capital Cost Allowance class changes from 2006 EDR application for 2010"]
["Capital Cost Allowance class changes from 2006 EDR application for 2011"]
["Capital Cost Allowance class changes from 2006 EDR application for 2012"]
["Capital Cost Allowance class changes from any prior application not recorded above.  Please provide details and explanation separately."]
["Insert description of additional item(s) and new rows if needed."]
["Total",null,null,null,{"$f":"SUM(E17:E31)","v":0}]
[]
["Notes:"]
[]
[1,"Revise the deferral and variance account continuity schedule to include account 1592 as a group 2 account and enter all relevant information for transactions, adjustments, etc., for all relevant years."]
[]
[]
[2,"Describe each type of tax item that has been recorded in account 1592."]
[]
[3,"Provide the calculations that show how each item was determined and provide any pertinent supporting evidence and documentation."]
[]
[]
[4,"Please state whether or not the applicant followed the guidance provided in the FAQ of July 2007.  If not, please provide an explanation."]
[]
[]
[5,"Identify the account balance as of December 31, 2012 as per the 2012 Audited Financial Statements.  Identify the account balance as of December 31, 2012 as per the April 2013 2.1.7 RRR filing to the Board.  Provide a reconciliation if the balances provided are not identical to each other and to the total shown on the continuity schedule."]
[]
[]
[]
[]
[6,"Complete the above table based on the answers to the previous.  Add rows as required to complete the analysis in an informative manner.  Please provide the completed table as a working Excel spreadsheet."]

{"sheet":"App.2-TB_1592_HST-OVAT","index":60,"n_rows":30,"n_cols":11,"rows_kept":30,"cut":false,"hidden":false,"merged":[[8,0,8,10],[9,0,9,10],[10,0,10,10],[29,0,30,10],[13,0,14,10],[16,0,16,10],[12,0,12,10]]}
[null,null,null,null,null,null,null,null,"File Number:",null,{"$f":"EBNUMBER","v":"EB-2013-0115"}]
[null,null,null,null,null,null,null,null,"Exhibit:"]
[null,null,null,null,null,null,null,null,"Tab:"]
[null,null,null,null,null,null,null,null,"Schedule:"]
[null,null,null,null,null,null,null,null,"Page:"]
[]
[null,null,null,null,null,null,null,null,"Date:"]
[]
["Appendix 2-TB"]
["Account 1592, PILs and Tax Variances for 2006 and Subsequent Years,\nand Subsequent Years"]
["Sub-account HST/OVAT Input Tax Credits (ITCs)"]
[]
["The following table should be completed based on the information requested below.  An explanation should be provided for any blank entries."]
["100% of the balance in Account 1592,  PILs and Tax Variances for 2006 and Subsequent Years, Sub-account HST/OVAT Input Tax Credits (ITCs), should be recorded in this table."]
[]
[]
["Summary of PST Savings from 2009 Historic Year Analysis"]
[]
[null,null,null,null,"Principal \n2010","Principal \n2011","Principal \n2012","Principal \n2013","Principal \nJan-April 2014 1","Carrying Charges to April 30, 2014","Total Account 1592, sub-account HST/OVAT Balance"]
[]
[]
[]
["OM&A Expenses PST Savings",null,null,null,null,null,null,null,null,null,{"$f":"SUM(E23:J23)","v":0}]
["Capital Items PST Savings",null,null,null,null,null,null,null,null,null,{"$f":"SUM(E24:J24)","v":0}]
["Total Annual PST Savings 2",null,null,null,{"$f":"SUM(E23:E24)","v":0},0,0,0,0,0,0]
[]
["1 Include January to April 30, 2014 PST savings if the rate year begins May 1, 2014.  If the rate year begins Jan 1, 2014, include PST savings to December 31, 2013."]
["2 Derived PST savings proxy for each year per 2009 historic year analysis"]
[]
["Note: Assumes level OM&A and Capital Spending year over year.  An alternative detailed transactional analysis may also be performed using actual expenditures from 2010 to the start of the rate year."]

{"sheet":"App.2-U_IFRS Transition Costs","index":61,"n_rows":37,"n_cols":13,"rows_kept":37,"cut":false,"hidden":false,"merged":[[43,0,46,0],[43,1,46,4],[48,0,49,0],[48,1,49,4],[33,0,34,0],[33,1,34,12],[36,1,36,4],[37,0,38,0],[37,1,38,4],[40,0,41,0],[40,1,41,4],[29,0,29,2],[18,0,18,2],[19,0,19,2],[20,0,20,2],[21,0,21,2],[22,0,22,2],[23,0,23,2],[24,0,24,2],[25,0,25,2],[26,0,26,2],[27,0,27,2],[28,0,28,2],[17,0,17,2],[8,0,8,12],[9,0,9,12],[11,0,11,12],[13,0,16,2],[13,12,16,12]]}
[null,null,null,null,null,null,null,null,null,null,"File Number:",{"$f":"EBNUMBER","v":"EB-2013-0115"}]
[null,null,null,null,null,null,null,null,null,null,"Exhibit:"]
[null,null,null,null,null,null,null,null,null,null,"Tab:"]
[null,null,null,null,null,null,null,null,null,null,"Schedule:"]
[null,null,null,null,null,null,null,null,null,null,"Page:"]
[]
[null,null,null,null,null,null,null,null,null,null,"Date:"]
[]
["Appendix 2-U"]
["One-Time Incremental IFRS Transition Costs"]
[]
["The following table should be completed based on the information requested below. An explanation should be provided for any blank entries.  The entries should include one-time incremental IFRS transition costs that are currently included in Account 1508, Other Regulatory Assets, sub-account Deferred IFRS Transition Costs Account, or Account 1508, Other Regulatory Assets, sub-account IFRS Transition Costs Variance Account."]
[]
["Nature of One-Time Incremental IFRS Transition Costs 1",null,null,null,"Audited Actual","Audited Actual","Audited Actual","Audited Actual","Audited Carrying","Total Audited","RRR 2.1.7","Variance 2","Reasons why the costs recorded meet the criteria of one-time IFRS administrative incremental costs"]
[null,null,null,null,"Costs Incurred","Costs Incurred","Costs Incurred","Costs Incurred","Charges","Actual Costs","Balance"]
[null,null,null,null,2009,2010,2011,2012,"to Dec 31, 2012","to Dec 31, 2012","2012-12-31"]
[null,null,null,null,null,null,null,null,"(shown as line item)"]
["professional accounting fees",null,null,null,56488,43000,28000,null,null,{"$f":"SUM(E18:I18)","v":127488}]
["professional legal fees",null,null,null,null,null,null,null,null,{"$f":"SUM(E19:I19)","v":0}]
["salaries, wages and benefits of staff added to support the transition to IFRS",null,null,null,34956,54223,512,4687,null,94378]
["associated staff training and development costs",null,null,null,null,null,null,null,null,0]
["costs related to system upgrades, or replacements or changes where IFRS was the major reason for conversion",null,null,null,null,null,null,null,null,0]
["Carrying Charges",null,null,null,121,1402,3127,3402," ",8052]
["Kinectric Study",null,null,null,8000,5000,null,null,null,13000]
["Others",null,null,null,1274,null,null,null,null,1274]
[null,null,null,null,null,null,null,null,null,0]
["Amounts, if any, included in previous Board approved rates (amounts should be negative) 3",null,null,null,null,null,null,null,null,0]
[null,null,null,null,null,null,null,null,null,0]
["Insert description of additional item(s) and new rows if needed.",null,null,null,null,null,null,null,null,0]
["Total",null,null,null,{"$f":"SUM(E18:E29)","v":100839},103625,31639,8089,0,244192,null,{"$f":"+J30-K30","v":244192}]
[]
[]
["Note:"]
[1,"The Deferred IFRS Transition Costs Account and the IFRS Transition Costs Variance Account are exclusively for necessary, incremental transition costs and shall not include ongoing IFRS compliance costs or impacts arising from adopting accounting policy changes that reflect changes in the timing of the recognition of income. The incremental costs in these accounts shall not include costs related to system upgrades, or replacements or changes where IFRS was not the major reason for conversion. In addition, incremental IFRS costs shall not include capital assets or expenditures."]
[]
[2,"Applicants are to provide an explanation of material variances in evidence"]
[3,"If there were any amounts approved in previous Board approved rates, please state the EB #:",null,null,null,"N/A"]

{"sheet":"App.2-V_Rev_Reconciliation","index":62,"n_rows":32,"n_cols":16,"rows_kept":32,"cut":false,"hidden":false,"merged":[[31,0,32,13],[29,0,30,13],[8,0,8,15],[11,10,12,10],[9,0,9,15],[11,5,11,6],[11,2,11,4],[11,12,12,12],[11,13,12,13],[11,14,12,14],[11,15,12,15],[11,1,12,1],[12,8,12,9],[11,7,11,9]]}
[null,null,null,null,null,null,null,null,null,null,null,null,null,null,"File Number:",{"$f":"EBNUMBER","v":"EB-2013-0115"}]
[null,null,null,null,null,null,null,null,null,null,null,null,null,null,"Exhibit:"]
[null,null,null,null,null,null,null,null,null,null,null,null,null,null,"Tab:"]
[null,null,null,null,null,null,null,null,null,null,null,null,null,null,"Schedule:"]
[null,null,null,null,null,null,null,null,null,null,null,null,null,null,"Page:"]
[]
[null,null,null,null,null,null,null,null,null,null,null,null,null,null,"Date:"]
[]
["Appendix 2-V"]
["Revenue Reconciliation"]
[]
["Rate Class","Customers/ Connections","Number of Customers/Connections",null,null,"Test Year Consumption",null,"Proposed Rates",null,null,"Revenues at Proposed Rates",null,"Class Specific Revenue Requirement","Transformer Allowance Credit","Total","Difference"]
[null,null,"Start of Test Year","End of Test Year","Average","kWh","kW","Monthly Service Charge","Volumetric"]
[null,null,null,null,null,null,null,null,"kWh","kW"]
[]
["Residential",null,60335,60335,{"$f":"IF(SUM(C16:D16)=0,0,AVERAGE(C16:D16))","v":60335},550757316.69301248,null,12.29,1.3000023973933947E-2,null,{"$f":"H16*E16*12+I16*F16+J16*G16","v":16058064.120828692},null,16058064.120828692,null,{"$f":"SUM(M16:N16)","v":16058064.120828692},{"$f":"O16-K16","v":0}]
["GS < 50 kW",null,5272,5272,5272,172195535.74096939,null,27.32,1.2129360614887029E-2,null,3816994.229275886,null,3816994.229275886,null,3816994.229275886,0]
["GS > 50 to 4,999 kW",null,1014,1014,1014,889853768.10109973,2386873.8961016983,105.7,null,3.3227634266133053,9217174.8859047294,null,8646125.7499047294,571049.13600000006,9217174.8859047294,0]
["Streetlighting",null,15515,15515,15515,null,27932,0.7,null,3.9198038477607655,{"$f":"H19*E19*12+I19*F19+J19*G19","v":239813.9610756537},null,239814.87925008923,null,239814.87925008923,0.9181744355300907]
["Sentinel Lighting",null,null,null,0,null,null,null,null,null,0,null,95594.523560560207,null,95594.523560560207,95594.523560560207]
["Unmetered Scattered Load",null,605,605,605,3316846.9970855,null,10.34,6.1884445012376013E-3,null,95594.523560560207,null,null,null,0,-95594.523560560207]
[null,null,null,null,0,null,null,null,null,null,0,null,null,null,0,0]
[null,null,null,null,0,null,null,null,null,null,0,null,null,null,0,0]
[null,null,null,null,0,null,null,null,null,null,0,null,null,null,0,0]
[]
["Total",null,null,null,null,null,null,null,null,null,{"$f":"SUM(K16:K24)","v":29427641.720645521},null,{"$f":"SUM(M16:M24)","v":28856593.502819959},{"$f":"SUM(N16:N24)","v":571049.13600000006},{"$f":"M26+N26","v":29427642.638819959},{"$f":"O26-K26","v":0.91817443817853928}]
[]
["Note"]
[]
["1       The class specific revenue requirements in column N must be the amounts used in the final rate design process.  The total of column N should equate to the proposed base revenue requirement."]
[]
["2       Rates should be entered with the number of decimal places that will show on the Tariff of Rates and Charges."]

{"sheet":"App.2-W_Bill Impacts","index":63,"n_rows":90,"n_cols":20,"rows_kept":90,"cut":false,"hidden":false,"merged":[[20,13,21,13],[20,14,21,14],[2,0,2,10],[19,5,19,7],[19,9,19,11],[19,13,19,14],[13,3,13,14],[9,1,9,14],[10,1,10,14],[69,1,69,3],[70,1,70,3],[63,1,63,3],[64,1,64,3],[20,3,21,3]]}
[null,null,null,null,null,null,null,null,null,null,null,null,null,"File Number:",{"$f":"EBNUMBER","v":"EB-2013-0115"},null,null,null,null,1]
[null,null,null,null,null,null,null,null,null,null,null,null,null,"Exhibit:"]
[null,null,null,null,null,null,null,null,null,null,null,null,null,"Tab:"]
[null,null,null,null,null,null,null,null,null,null,null,null,null,"Schedule:"]
[null,null,null,null,null,null,null,null,null,null,null,null,null,"Page:"]
[]
[null,null,null,null,null,null,null,null,null,null,null,null,null,"Date:"]
[]
[]
[null,"Appendix 2-W"]
[null,"Bill Impacts"]
[]
[]
[null,"Customer Class:"]
[]
[null,"TOU / non-TOU:",null,"TOU"]
[]
[null,null,null,"Consumption",null,null," kWh"]
[]
[null,null,null,null,null,"Current Board-Approved",null,null,null,"Proposed",null,null,null,"Impact"]
[null,null,null,"Charge Unit",null,"Rate","Volume","Charge",null,"Rate","Volume","Charge",null,"$ Change","% Change"]
[null,null,null,null,null,"($)",null,"($)",null,"($)",null,"($)"]
[null,"Monthly Service Charge",null,null,null,null,1,{"$f":"G23*F23","v":0},null,null,1,{"$f":"K23*J23","v":0},null,{"$f":"L23-H23","v":0},{"$f":"IF((H23)=0,\"\",(N23/H23))","v":""}]
[null,"Smart Meter Rate Adder",null,null,null,null,1,{"$f":"G24*F24","v":0},null,null,1,{"$f":"K24*J24","v":0},null,{"$f":"L24-H24","v":0},{"$f":"IF((H24)=0,\"\",(N24/H24))","v":""}]
[null,null,null,null,null,null,1,0,null,null,1,{"$f":"K25*J25","v":0},null,{"$f":"L25-H25","v":0},{"$f":"IF((H25)=0,\"\",(N25/H25))","v":""}]
[null,null,null,null,null,null,1,0,null,null,1,0,null,0,""]
[null,null,null,null,null,null,1,0,null,null,1,0,null,0,""]
[null,null,null,null,null,null,1,0,null,null,1,0,null,0,""]
[null,"Distribution Volumetric Rate",null,null,null,null,{"$f":"$F$18","v":0},0,null,null,{"$f":"$F$18","v":0},0,null,0,""]
[null,"Smart Meter Disposition Rider",null,null,null,null,{"$f":"$F$18","v":0},0,null,null,{"$f":"$F$18","v":0},0,null,0,""]
[null,"LRAM & SSM Rate Rider",null,null,null,null,{"$f":"$F$18","v":0},0,null,null,0,0,null,0,""]
[null,null,null,null,null,null,{"$f":"$F$18","v":0},{"$f":"G32*F32","v":0},null,null,0,{"$f":"K32*J32","v":0},null,{"$f":"L32-H32","v":0},{"$f":"IF((H32)=0,\"\",(N32/H32))","v":""}]
[null,null,null,null,null,null,0,0,null,null,0,0,null,0,""]
[null,null,null,null,null,null,0,0,null,null,0,0,null,0,""]
[null,null,null,null,null,null,{"$f":"$F$18","v":0},0,null,null,0,0,null,0,""]
[null,null,null,null,null,null,0,0,null,null,0,0,null,0,""]
[null,null,null,null,null,null,0,0,null,null,0,0,null,0,""]
[null,null,null,null,null,null,0,0,null,null,0,0,null,0,""]
[null,"Sub-Total A (excluding pass through)",null,null,null,null,null,{"$f":"SUM(H23:H38)","v":0},null,null,null,{"$f":"SUM(L23:L38)","v":0},null,0,""]
[null,"Deferral/Variance Account Disposition Rate Rider",null,null,null,null,{"$f":"$F$18","v":0},{"$f":"G40*F40","v":0},null,null,{"$f":"$F$18","v":0},{"$f":"K40*J40","v":0},null,{"$f":"L40-H40","v":0},{"$f":"IF((H40)=0,\"\",(N40/H40))","v":""}]
[null,null,null,null,null,null,{"$f":"$F$18","v":0},{"$f":"G41*F41","v":0},null,null,{"$f":"$F$18","v":0},{"$f":"K41*J41","v":0},null,{"$f":"L41-H41","v":0},{"$f":"IF((H41)=0,\"\",(N41/H41))","v":""}]
[null,null,null,null,null,null,0,0,null,null,0,0,null,0,""]
[null,null,null,null,null,null,0,0,null,null,0,0,null,0,""]
[null,"Low Voltage Service Charge",null,null,null,null,0,{"$f":"G44*F44","v":0},null,null,0,{"$f":"K44*J44","v":0},null,{"$f":"L44-H44","v":0},{"$f":"IF((H44)=0,\"\",(N44/H44))","v":""}]
[null,"Line Losses on Cost of Power",null,null,null,{"$f":"IF(ISBLANK(D16)=TRUE, 0, IF(D16=\"TOU\", 0.64*$F$55+0.18*$F$56+0.18*$F$57, IF(AND(D16=\"non-TOU\", G59>0), F59,F58)))","v":8.3919999999999995E-2},{"$f":"$F$18*(1+$F$74)-$F$18","v":0},0,null,{"$f":"0.64*$F$55+0.18*$F$56+0.18*$F$57","v":8.3919999999999995E-2},{"$f":"$F$18*(1+$J$74)-$F$18","v":0},0,null,0,""]
[null,"Smart Meter Entity Charge",null,null,null,0.79,1,{"$f":"G46*F46","v":0.79},null,0.79,1,{"$f":"K46*J46","v":0.79},null,{"$f":"L46-H46","v":0}]
[null,"Sub-Total B - Distribution (includes Sub-Total A)",null,null,null,null,null,{"$f":"SUM(H40:H46)+H39","v":0.79},null,null,null,{"$f":"SUM(L40:L46)+L39","v":0.79},null,{"$f":"L47-H47","v":0},{"$f":"IF((H47)=0,\"\",(N47/H47))","v":0}]
[null,"RTSR - Network",null,null,null,null,{"$f":"F18*(1+F74)","v":0},{"$f":"G48*F48","v":0},null,null,{"$f":"F18*(1+J74)","v":0},{"$f":"K48*J48","v":0},null,0,""]
[null,"RTSR - Line and Transformation Connection",null,null,null,null,{"$f":"G48","v":0},{"$f":"G49*F49","v":0},null,null,{"$f":"K48","v":0},{"$f":"K49*J49","v":0},null,0,""]
[null,"Sub-Total C - Delivery (including Sub-Total B)",null,null,null,null,null,{"$f":"SUM(H47:H49)","v":0.79},null,null,null,{"$f":"SUM(L47:L49)","v":0.79},null,0,0]
[null,"Wholesale Market Service Charge (WMSC)",null,null,null,null,{"$f":"G49","v":0},{"$f":"G51*F51","v":0},null,null,{"$f":"K49","v":0},{"$f":"K51*J51","v":0},null,0,""]
[null,"Rural and Remote Rate Protection (RRRP)",null,null,null,null,{"$f":"G49","v":0},0,null,null,{"$f":"K49","v":0},0,null,0,""]
[null,"Standard Supply Service Charge",null,null,null,null,1,0,null,null,1,0,null,0,""]
[null,"Debt Retirement Charge (DRC)",null,null,null,null,{"$f":"F18","v":0},0,null,null,{"$f":"F18","v":0},0,null,0,""]
[null,"TOU - Off Peak",null,null,null,6.7000000000000004E-2,{"$f":"0.64*$F$18","v":0},0,null,6.7000000000000004E-2,{"$f":"G55","v":0},0,null,0,""]
[null,"TOU - Mid Peak",null,null,null,0.104,{"$f":"0.18*$F$18","v":0},0,null,0.104,{"$f":"G56","v":0},0,null,0,""]
[null,"TOU - On Peak",null,null,null,0.124,{"$f":"0.18*$F$18","v":0},0,null,0.124,{"$f":"G57","v":0},0,null,0,""]
[null,"Energy - RPP - Tier 1",null,null,null,7.4999999999999997E-2,{"$f":"IF(AND($T$1=1, F18>=600), 600, IF(AND($T$1=1, AND(F18<600, F18>=0)), F18, IF(AND($T$1=2, F18>=1000), 1000, IF(AND($T$1=2, AND(F18<1000, F18>=0)), F18))))","v":0},{"$f":"G58*F58","v":0},null,7.4999999999999997E-2,{"$f":"G58","v":0},{"$f":"K58*J58","v":0},null,0,""]
[null,"Energy - RPP - Tier 2",null,null,null,8.7999999999999995E-2,{"$f":"IF(AND($T$1=1, F18>=600), F18-600, IF(AND($T$1=1, AND(F18<600, F18>=0)), 0, IF(AND($T$1=2, F18>=1000), F18-1000, IF(AND($T$1=2, AND(F18<1000, F18>=0)), 0))))","v":0},{"$f":"G59*F59","v":0},null,8.7999999999999995E-2,{"$f":"G59","v":0},{"$f":"K59*J59","v":0},null,0,""]
[]
[null,"Total Bill on TOU (before Taxes)",null,null,null,null,null,{"$f":"SUM(H51:H57,H50)","v":0.79},null,null,null,{"$f":"SUM(L51:L57,L50)","v":0.79},null,{"$f":"L61-H61","v":0},{"$f":"IF((H61)=0,\"\",(N61/H61))","v":0}]
[null,"HST",null,null,null,0.13,null,{"$f":"H61*F62","v":0.10270000000000001},null,0.13,null,{"$f":"L61*J62","v":0.10270000000000001},null,0,0]
[null,"Total Bill (including HST)",null,null,null,null,null,{"$f":"H61+H62","v":0.89270000000000005},null,null,null,{"$f":"L61+L62","v":0.89270000000000005},null,0,0]
[null,"Ontario Clean Energy Benefit 1",null,null,null,null,null,{"$f":"ROUND(-H63*10%,2)","v":-0.09},null,null,null,{"$f":"ROUND(-L63*10%,2)","v":-0.09},null,0,0]
[null,"Total Bill on TOU (including OCEB)",null,null,null,null,null,{"$f":"H63+H64","v":0.80270000000000008},null,null,null,{"$f":"L63+L64","v":0.80270000000000008},null,0,0]
[]
[null,"Total Bill on RPP (before Taxes)",null,null,null,null,null,{"$f":"SUM(H58:H59,H50,H51:H54)","v":0.79},null,null,null,{"$f":"SUM(L58:L59,L50,L51:L54)","v":0.79},null,{"$f":"L67-H67","v":0},{"$f":"IF((H67)=0,\"\",(N67/H67))","v":0}]
[null,"HST",null,null,null,0.13,null,{"$f":"H67*F68","v":0.10270000000000001},null,0.13,null,{"$f":"L67*J68","v":0.10270000000000001},null,0,0]
[null,"Total Bill (including HST)",null,null,null,null,null,{"$f":"H67+H68","v":0.89270000000000005},null,null,null,{"$f":"L67+L68","v":0.89270000000000005},null,0,0]
[null,"Ontario Clean Energy Benefit 1",null,null,null,null,null,{"$f":"ROUND(-H69*10%,2)","v":-0.09},null,null,null,{"$f":"ROUND(-L69*10%,2)","v":-0.09},null,0,0]
[null,"Total Bill on RPP (including OCEB)",null,null,null,null,null,{"$f":"SUM(H69:H70)","v":0.80270000000000008},null,null,null,{"$f":"SUM(L69:L70)","v":0.80270000000000008},null,0,0]
[]
[]
[null,"Loss Factor (%)"]
[]
["1 Applicable to eligible customers only.  Refer to the Ontario Clean Energy Benefit Act, 2010."]
[]
["Note that the \"Charge $\" columns provide breakdowns of the amounts that each bill component contributes to the total monthly bill at the referenced "]
["consumption level at existing and proposed rates."]
[]
["Applicants must provide bill impacts for residential at 800 kWh and GS<50kW at 2000 kWh. In addition, their filing must cover the range that is relevant"]
["to their service territory, class by class. A general guideline of consumption levels follows:"]
[]
["Residential (kWh) - 100, 250, 500, 800, 1000, 1500, 2000"]
["GS<50kW (kWh) - 1000, 2000, 5000, 10000, 15000"]
["GS>50kW (kW) - 60, 100, 500, 1000"]
["Large User - range appropriate for utility"]
["Lighting Classes and USL - 150 kWh and 1 kW, range appropriate for utility."]
[]
[null,"Note that cells with the highlighted color shown to the left indicate quantities that are loss adjusted."]

{"sheet":"App.2-YA_MIFRS Summary Impacts","index":64,"n_rows":38,"n_cols":9,"rows_kept":38,"cut":false,"hidden":false,"merged":[[37,0,40,8],[32,0,32,2],[32,6,32,8],[33,0,33,2],[33,6,33,8],[34,0,34,2],[34,6,34,8],[29,0,29,2],[29,6,29,8],[30,0,30,2],[30,6,30,8],[31,0,31,2],[31,6,31,8],[26,0,26,2],[26,6,26,8],[27,0,27,2],[27,6,27,8],[28,0,28,2],[28,6,28,8],[23,0,23,2],[23,6,23,8],[24,0,24,2],[24,6,24,8],[25,0,25,2],[25,6,25,8],[20,0,20,2],[20,6,20,8],[21,0,21,2],[21,6,21,8],[22,0,22,2],[22,3,22,5],[22,6,22,8],[17,0,17,2],[17,6,17,8],[18,0,18,2],[18,6,18,8],[19,0,19,2],[19,6,19,8],[8,0,8,8],[9,0,9,8],[10,0,10,8],[14,0,16,2],[14,6,14,8],[15,6,15,8],[16,6,16,8]]}
[null,null,null,null,null,null,null,"File Number:",{"$f":"EBNUMBER","v":"EB-2013-0115"}]
[null,null,null,null,null,null,null,"Exhibit:"]
[null,null,null,null,null,null,null,"Tab:"]
[null,null,null,null,null,null,null,"Schedule:"]
[null,null,null,null,null,null,null,"Page:"]
[]
[null,null,null,null,null,null,null,"Date:"]
[]
["Appendix 2-YA"]
["Summary of Impacts to Revenue Requirement"]
["from Transition to MIFRS"]
[]
[]
[]
["Revenue Requirement Component",null,null,{"$f":"TestYear","v":2014},{"$f":"TestYear","v":2014},"Difference","Reasons why the revenue requirement "]
[null,null,null,"MIFRS","CGAAP",null,"component is different under"]
[null,null,null,null,null,null,"MIFRS versus CGAAP"]
["Closing NBV 2013",null,null,null,null,{"$f":"+D18-E18","v":0}]
["Closing NBV 2014",null,null,null,null,0]
["Average NBV",null,null,{"$f":"(D18+D19)/2","v":0},{"$f":"(E18+E19)/2","v":0},{"$f":"(F18+F19)/2","v":0}]
["Working Capital",null,null,null,null,0]
["Rate Base",null,null,{"$f":"SUM(D20:D21)","v":0},{"$f":"SUM(E20:E21)","v":0},{"$f":"SUM(F20:F21)","v":0}]
[null,null,null,null,null,{"$f":"+D23-E23","v":0}]
["Return on Rate Base",null,null,null,null,0]
[null,null,null,null,null,0]
["OM&A",null,null,null,null,0]
["Depreciation",null,null,null,null,0]
["PILs or Income Taxes",null,null,null,null,0]
[null,null,null,null,null,0]
["Less: Revenue Offsets",null,null,null,null,0]
[null,null,null,null,null,0]
[null,null,null,null,null,0]
[null,null,null,null,null,0]
["Insert description of additional item(s) and new rows if needed.",null,null,null,null,0]
["Total Base Revenue Requirement",null,null,{"$f":"SUM(D24:D34)","v":0},{"$f":"SUM(E24:E34)","v":0},{"$f":"SUM(F24:F34)","v":0}]
[]
[]
["For modified IFRS applications, the applicants must provide a summary of the dollar impacts of modified IFRS to each component of the revenue requirement (e.g. rate base, operating costs, etc.), including the overall impact on the proposed revenue requirement.  Accordingly, the applicants must identify financial differences and resulting revenue requirement impacts arising from the adoption of  modified IFRS accounting.  "]

{"sheet":"App. 2-YB_CGAAP Summary Impacts","index":65,"n_rows":72,"n_cols":9,"rows_kept":72,"cut":false,"hidden":false,"merged":[[40,0,40,6],[34,0,34,2],[34,6,34,8],[35,0,35,2],[35,6,35,8],[36,0,36,2],[36,6,36,8],[31,0,31,2],[31,6,31,8],[32,0,32,2],[32,6,32,8],[33,0,33,2],[33,6,33,8],[28,0,28,2],[28,6,28,8],[29,0,29,2],[29,6,29,8],[30,0,30,2],[30,6,30,8],[25,0,25,2],[25,6,25,8],[26,0,26,2],[26,6,26,8],[27,0,27,2],[27,6,27,8],[22,0,22,2],[22,6,22,8],[23,0,23,2],[23,6,23,8],[24,0,24,2],[24,3,24,5],[24,6,24,8],[19,0,19,2],[19,6,19,8],[20,0,20,2],[20,6,20,8],[21,0,21,2],[21,6,21,8],[8,0,8,8],[9,0,9,8],[10,0,10,8],[14,0,18,2],[14,6,14,8],[15,6,15,8],[16,6,16,8],[17,6,17,8]]}
[null,null,null,null,null,null,null,"File Number:",{"$f":"EBNUMBER","v":"EB-2013-0115"}]
[null,null,null,null,null,null,null,"Exhibit:"]
[null,null,null,null,null,null,null,"Tab:"]
[null,null,null,null,null,null,null,"Schedule:"]
[null,null,null,null,null,null,null,"Page:"]
[]
[null,null,null,null,null,null,null,"Date:"]
[]
["Appendix 2-YB"]
["Summary of Impacts to Revenue Requirement"]
["from Accounting Changes under CGAAP or ASPE"]
[]
[]
[null,null,null,"NewCGAAP","OldCGAAP"]
["Revenue Requirement Component",null,null,{"$f":"TestYear","v":2014},{"$f":"TestYear","v":2014},"Difference","Reasons why the revenue requirement "]
[null,null,null,"CGAAP or ASPE","CGAAP",null,"component is different under"]
[null,null,null,"with the","without the",null,"CGAAP or ASPE with the changes to the policies"]
[null,null,null,"changes to","changes to",null,"versus CGAAP without the changes to the policies"]
[null,null,null,"the policies","the policies"]
["Closing NBV 2013",null,null,{"$f":"F57","v":105132271.29000004},{"$f":"E57","v":102557183.16000003},{"$f":"+D20-E20","v":2575088.1300000101},"Increase in NBV due to adoption of new acct policies"]
["Closing NBV 2014",null,null,{"$f":"F58","v":108295856.00999999},{"$f":"E58","v":103559923.44000006},4735932.5699999332,"Increase in NBV due to adoption of new acct policies"]
["Average NBV",null,null,{"$f":"(D20+D21)/2","v":106714063.65000001},{"$f":"(E20+E21)/2","v":103058553.30000004},{"$f":"(F20+F21)/2","v":3655510.3499999717},"Increase in NBV due to adoption of new acct policies"]
["Working Capital",null,null,25207986.7267229,{"$f":"E60","v":25116879.546094328},91107.180628571659,"Increase in NBV due to adoption of new acct policies"]
["Rate Base",null,null,{"$f":"SUM(D22:D23)","v":131922050.3767229},{"$f":"SUM(E22:E23)","v":128175432.84609437},{"$f":"SUM(F22:F23)","v":3746617.5306285433}]
[]
["Return on Rate Base",null,null,7921127.5928199533,7928184,{"$f":"+D26-E26","v":-7056.4071800466627},"Increase in NBV due to adoption of new acct policies"]
[null,null,null,null,null,0]
["OM&A (an estimate was used  for 2014 OldCGAAP)",null,null,18553350,{"$f":"E51","v":17852525},700825,"Increase in NBV due to adoption of new acct policies"]
["Depreciation",null,null,4566460.28,{"$f":"E69","v":6659239},-2092778.7199999997,"Increase in NBV due to adoption of new acct policies"]
["PILs or Income Taxes (an estimate was used  for 2014 OldCGAAP)",null,null,{"$f":"F70","v":137696},{"$f":"E70","v":2300000},-2162304,"Increase in NBV due to adoption of new acct policies"]
[null,null,null,null,null,0]
["Less: Revenue Offsets",null,null,1938014,1938014,0,"no change"]
[null,null,null,null,null,0]
[null,null,null,null,null,0]
[null,null,null,null,null,0]
["Insert description of additional item(s) and new rows if needed.",null,null,null,null,0]
["Total Base Revenue Requirement",null,null,{"$f":"SUM(D26:D36)","v":33116647.872819953},{"$f":"SUM(E26:E36)","v":36677962},{"$f":"SUM(F26:F36)","v":-3561314.1271800464}]
[]
[]
[]
["Impact of New Accounting Policies on Revenue Requirement and Rate Base"]
[]
["Particular","2010 COS","2014 NewCGAAP","Diff","2014 OldCGAAP ","2014 NewCGAAP","Diff"]
[]
["Long Term Debt",5.8700000000000002E-2,4.1599999999999998E-2,{"$f":"C45-B45","v":-1.7100000000000004E-2},4.1599999999999998E-2,4.1599999999999998E-2,{"$f":"C45-E45","v":0}]
["Short Term Debt",2.07E-2,2.07E-2,{"$f":"C46-B46","v":0},2.07E-2,2.07E-2,{"$f":"C46-E46","v":0}]
["Return on Equity",9.8500000000000004E-2,8.9800000000000005E-2,{"$f":"C47-B47","v":-8.6999999999999994E-3},8.9800000000000005E-2,8.9800000000000005E-2,{"$f":"C47-E47","v":0}]
["Weighted Debt Rate",7.1999999999999995E-2,4.02E-2,{"$f":"C48-B48","v":-3.1799999999999995E-2},4.02E-2,4.02E-2,{"$f":"C48-E48","v":0}]
["Regulated Rate of Return",7.3099999999999998E-2,0.06,{"$f":"C49-B49","v":-1.3100000000000001E-2},0.06,0.06,{"$f":"C49-E49","v":0}]
[]
["Controlable Expenses (an estimate was used  for 2014 OldCGAAP)",14638994,{"$f":"F51","v":18553350},{"$f":"C51-B51","v":3914356},{"$f":"C51-700825","v":17852525},18553350,{"$f":"C51-E51","v":700825}]
["Power Supply Expense",136277349,175354240.73918712,{"$f":"C52-B52","v":39076891.739187121},175354240.73918712,175354240.73918712,{"$f":"C52-E52","v":0}]
["Total Eligible Distribution Expenses",{"$f":"SUM(B51:B52)","v":150916343},{"$f":"SUM(C51:C52)","v":193907590.73918712},{"$f":"C53-B53","v":42991247.739187121},{"$f":"SUM(E51:E52)","v":193206765.73918712},{"$f":"SUM(F51:F52)","v":193907590.73918712},{"$f":"C53-E53","v":700825}]
["Working Capital Allowance Rate",0.15,0.13,{"$f":"C54-B54","v":-1.999999999999999E-2},0.13,0.13,{"$f":"C54-E54","v":0}]
["Total Working Capital Allowance (\"WCA\")",{"$f":"B53*B54","v":22637451.449999999},{"$f":"C53*C54","v":25207986.796094328},{"$f":"C55-B55","v":2570535.3460943289},{"$f":"E53*E54","v":25116879.546094328},{"$f":"F53*F54","v":25207986.796094328},{"$f":"C55-E55","v":91107.25}]
[]
["Fixed Asset Opening Bal 2013",null,105132271.29000004,{"$f":"C57-B57","v":105132271.29000004},102557183.16000003,105132271.29000004,{"$f":"C57-E57","v":2575088.1300000101}]
["Fixed Asset Opening Bal 2014",null,108295856.00999999,{"$f":"C58-B58","v":108295856.00999999},103559923.44000006,108295856.00999999,{"$f":"C58-E58","v":4735932.5699999332}]
["Avgerage Fixed Asset ",82592244,106714063.65000001,{"$f":"C59-B59","v":24121819.650000006},103058553.30000004,106714063.65000001,{"$f":"C59-E59","v":3655510.3499999642}]
["Working Capital Allowance ",{"$f":"B55","v":22637451.449999999},{"$f":"C55","v":25207986.796094328},{"$f":"C60-B60","v":2570535.3460943289},{"$f":"E55","v":25116879.546094328},{"$f":"F55","v":25207986.796094328},{"$f":"C60-E60","v":91107.25}]
["Rate Base",{"$f":"SUM(B59:B60)","v":105229695.45},{"$f":"SUM(C59:C60)","v":131922050.44609433},{"$f":"C61-B61","v":26692354.996094331},{"$f":"SUM(E59:E60)","v":128175432.84609437},{"$f":"SUM(F59:F60)","v":131922050.44609433},{"$f":"C61-E61","v":3746617.5999999642}]
[]
["Regulated Rate of Return",7.3099999999999998E-2,{"$f":"C49","v":0.06},{"$f":"D49","v":-1.3100000000000001E-2},{"$f":"E49","v":0.06},{"$f":"F49","v":0.06},{"$f":"G49","v":0}]
["Regulated Return on Capital ",{"$f":"SUM(B65:B66)","v":7692291},{"$f":"SUM(C65:C66)","v":7921128},{"$f":"C64-B64","v":228837},{"$f":"SUM(E65:E66)","v":7928184},{"$f":"SUM(F65:F66)","v":7921128},{"$f":"C64-E64","v":-7056}]
["Deemed Interest Expense",3546241,3182488,{"$f":"C65-B65","v":-363753},3185323,3182488,{"$f":"C65-E65","v":-2835}]
["Deemed Return on Equity",4146050,4738640,{"$f":"C66-B66","v":592590},4742861,4738640,{"$f":"C66-E66","v":-4221}]
[]
["OM&A",14706666,{"$f":"C51","v":18553350},{"$f":"C68-B68","v":3846684},{"$f":"E51","v":17852525},{"$f":"F51","v":18553350},{"$f":"C68-E68","v":700825}]
["Depreciation Expense",6659239,4566460,{"$f":"C69-B69","v":-2092779},6659239,4182433.91,{"$f":"C69-E69","v":-2092779}]
["PILs (an estimate was used  for 2014 OldCGAAP)",2004088,273625,{"$f":"C70-B70","v":-1730463},2300000,137696,{"$f":"C70-E70","v":-2026375}]
["Revenue Offset",1808319,1938014,{"$f":"C71-B71","v":129695},1938014,1938014,{"$f":"C71-E71","v":0}]
["Revenue Requirement",{"$f":"(B68+B69+B70+B64)-B71","v":29253965},{"$f":"(C68+C69+C70+C64)-C71","v":29376549},{"$f":"C72-B72","v":122584},{"$f":"(E68+E69+E70+E64)-E71","v":32801934},{"$f":"(F68+F69+F70+F64)-F71","v":28856593.91},{"$f":"C72-E72","v":-3425385}]

{"sheet":"App. 2-Z_Tariff","index":66,"n_rows":423,"n_cols":4,"rows_kept":423,"cut":false,"hidden":false,"merged":[[419,0,419,3],[419,4,419,7],[422,0,422,1],[423,0,423,1],[424,0,424,1],[425,0,425,1],[426,0,426,1],[427,0,427,1],[190,0,190,3],[407,0,407,1],[408,0,408,1],[409,0,409,1],[410,0,410,1],[411,0,411,1],[412,0,412,1],[413,0,413,1],[414,0,414,1],[415,0,415,1],[400,0,400,3],[400,4,400,7],[401,0,401,3],[401,4,401,7],[403,0,403,1],[403,4,403,5],[404,0,404,1],[405,0,405,1],[406,0,406,1],[395,0,395,3],[395,4,395,7],[396,0,396,3],[396,4,396,7],[397,0,397,3],[397,4,397,7],[398,0,398,3],[398,4,398,7],[399,0,399,3],[399,4,399,7],[385,0,385,1],[386,0,386,1],[387,0,387,1],[388,0,388,1],[389,0,389,1],[393,0,393,3],[393,4,393,7],[394,0,394,3],[394,4,394,7],[376,0,376,1],[377,0,377,1],[378,0,378,1],[379,0,379,1],[380,0,380,1],[381,0,381,1],[382,0,382,1],[383,0,383,1],[384,0,384,1],[365,0,365,1],[366,0,366,1],[369,0,369,1],[370,0,370,1],[371,0,371,1],[372,0,372,1],[373,0,373,1],[374,0,374,1],[375,0,375,1],[356,0,356,1],[357,0,357,1],[358,0,358,1],[359,0,359,1],[360,0,360,1],[361,0,361,1],[362,0,362,1],[363,0,363,1],[364,0,364,1],[347,0,347,1],[348,0,348,1],[349,0,349,1],[350,0,350,1],[351,0,351,1],[352,0,352,1],[353,0,353,1],[354,0,354,1],[355,0,355,1],[335,0,335,1],[336,0,336,1],[337,0,337,1],[338,0,338,1],[342,0,342,1],[343,0,343,1],[344,0,344,1],[345,0,345,1],[346,0,346,1],[326,0,326,1],[327,0,327,1],[328,0,328,1],[329,0,329,1],[330,0,330,1],[331,0,331,1],[332,0,332,1],[333,0,333,1],[334,0,334,1],[317,0,317,1],[318,0,318,1],[319,0,319,1],[320,0,320,1],[321,0,321,1],[322,0,322,1],[323,0,323,1],[324,0,324,1],[325,0,325,1],[308,0,308,1],[309,0,309,1],[310,0,310,1],[311,0,311,1],[312,0,312,1],[313,0,313,1],[314,0,314,1],[315,0,315,1],[316,0,316,1],[296,0,296,3],[298,0,298,3],[298,4,298,7],[300,0,300,3],[300,4,300,7],[304,0,304,1],[305,0,305,1],[306,0,306,1],[307,0,307,1],[273,0,273,1],[274,0,274,1],[275,0,275,1],[276,0,276,1],[277,0,277,1],[287,0,287,1],[288,0,288,1],[289,0,289,1],[290,0,290,1],[249,0,249,1],[250,0,250,1],[251,0,251,1],[252,0,252,1],[253,0,253,1],[254,0,254,1],[255,0,255,1],[256,0,256,1],[257,0,257,1],[223,0,223,1],[224,0,224,1],[236,0,236,3],[238,0,238,3],[241,0,241,3],[242,0,242,3],[243,0,243,3],[244,0,244,3],[248,0,248,1],[153,0,153,1],[154,0,154,1],[155,0,155,1],[156,0,156,1],[157,0,157,1],[158,0,158,1],[159,0,159,1],[188,0,188,3],[50,0,50,3],[51,0,51,3],[140,0,140,3],[142,0,142,3],[145,0,145,3],[146,0,146,3],[147,0,147,3],[148,0,148,3],[152,0,152,1],[124,0,124,1],[125,0,125,1],[137,0,137,1],[138,0,138,1],[139,0,139,1],[212,0,212,1],[213,0,213,1],[214,0,214,1],[215,0,215,1],[126,0,126,1],[127,0,127,1],[160,0,160,1],[161,0,161,1],[162,0,162,1],[163,0,163,1],[164,0,164,1],[165,0,165,1],[128,0,128,1],[129,0,129,1],[130,0,130,1],[131,0,131,1],[132,0,132,1],[133,0,133,1],[166,0,166,1],[203,0,203,1],[204,0,204,1],[205,0,205,1],[211,0,211,1],[177,0,177,1],[178,0,178,1],[179,0,179,1],[181,0,181,1],[185,0,185,1],[180,0,180,1],[193,0,193,3],[194,0,194,3],[195,0,195,3],[196,0,196,3],[0,2,0,3],[9,0,9,3],[10,0,10,3],[12,0,12,1],[14,0,14,3],[18,0,18,3],[17,0,17,3],[6,2,6,3],[4,2,4,3],[19,0,19,3],[36,0,36,3],[37,0,37,3],[38,0,38,3],[40,0,40,3],[41,0,41,3],[42,0,42,3],[20,0,20,3],[21,0,21,3],[22,0,22,3],[78,0,78,1],[79,0,79,1],[80,0,80,1],[7,0,7,3],[44,0,44,3],[46,0,46,3],[49,0,49,3],[2,2,2,3],[1,2,1,3],[3,2,3,3],[52,0,52,3],[56,0,56,1],[57,0,57,1],[58,0,58,1],[59,0,59,1],[76,0,76,1],[77,0,77,1],[64,0,64,1],[60,0,60,1],[61,0,61,1],[62,0,62,1],[63,0,63,1],[71,0,71,1],[72,0,72,1],[83,0,83,1],[84,0,84,1],[85,0,85,1],[90,0,90,1],[91,0,91,1],[112,0,112,1],[113,0,113,1],[114,0,114,1],[123,0,123,1],[92,0,92,3],[94,0,94,3],[97,0,97,3],[98,0,98,3],[99,0,99,3],[115,0,115,1],[116,0,116,1],[117,0,117,1],[118,0,118,1],[119,0,119,1],[120,0,120,1],[121,0,121,1],[122,0,122,1],[225,0,225,1],[226,0,226,1],[227,0,227,1],[228,0,228,1],[229,0,229,1],[175,0,175,1],[217,0,217,1],[218,0,218,1],[219,0,219,1],[220,0,220,1],[221,0,221,1],[222,0,222,1],[216,0,216,1],[176,0,176,1],[200,0,200,1],[201,0,201,1],[186,0,186,1],[187,0,187,1],[206,0,206,1],[207,0,207,1],[208,0,208,1],[209,0,209,1],[210,0,210,1],[202,0,202,1],[65,0,65,1],[66,0,66,1],[67,0,67,1],[68,0,68,1],[69,0,69,1],[70,0,70,1],[100,0,100,3],[104,0,104,1],[105,0,105,1],[106,0,106,1],[107,0,107,1],[108,0,108,1],[109,0,109,1],[110,0,110,1],[111,0,111,1],[89,0,89,1],[73,0,73,1],[81,0,81,1],[82,0,82,1],[74,0,74,1],[75,0,75,1],[281,0,281,1],[282,0,282,1],[283,0,283,1],[233,0,233,1],[234,0,234,1],[235,0,235,1],[167,0,167,1],[168,0,168,1],[169,0,169,1],[170,0,170,1],[171,0,171,1],[172,0,172,1],[173,0,173,1],[174,0,174,1],[265,0,265,1],[266,0,266,1],[267,0,267,1],[268,0,268,1],[269,0,269,1],[270,0,270,1],[271,0,271,1],[259,0,259,1],[260,0,260,1],[261,0,261,1],[262,0,262,1],[263,0,263,1],[264,0,264,1],[258,0,258,1],[272,0,272,1]]}
[null,"File Number:",{"$f":"EBNUMBER","v":"EB-2013-0115"}]
[null,"Exhibit:"]
[null,"Tab:"]
[null,"Schedule:"]
[null,"Page:"]
[]
[null,"Date:"]
["Appendix 2-Z\nProposed Tariff of Rates and Charges"]
[]
["For each class, Applicants are required to copy and paste the class descriptions (located directly under the class name) and the description of the applicability of those rates (description is found under the class name and directly under the word \"APPLICATION\").  By using the drop-down lists located under the column labeled \"Rate Description\", please select the descriptions of the rates and charges that BEST MATCHES the descriptions on your most recent Board-Approved Tariff of Rates and Charges.  If the description is not found in the drop-down list, please enter the description in the green shaded cells under the correct class exactly as it appears on the tariff.   Please do not enter more than one \"Service Charge\" for each class for which a base monthly fixed charge applies.  All rate rider descriptions should begin with \"Rate Rider for...\"."]
["Select the appropriate rate classes as they appear on your most recent Board-Approved Tariff of Rates and Charges, including the MicroFit Class."]
[]
["How many classes are listed on your most recent Board-Approved Tariff of Rates and Charges?",null,5]
[]
["Select Your Rate Classes from the Blue Cells below.  \nPlease ensure that a rate class is assigned to each shaded cell."]
[]
[]
["Rate Class Classification"]
["RESIDENTIAL"]
["GENERAL SERVICE LESS THAN 50 KW"]
["GENERAL SERVICE 50 TO 4,999 KW"]
["UNMETERED SCATTERED LOAD"]
["STREET LIGHTING"]
[]
[]
[]
[]
[]
[]
[]
[]
[]
[]
[]
["Once all blue shaded cells above are filled out, press the following button to create your tariff template"]
[]
[{"$f":"'LDC Info'!E14","v":"Burlington Hydro Inc."}]
["TARIFF OF RATES AND CHARGES"]
[{"$f":"\"Effective and Implementation Date May 1, 2014\"","v":"Effective and Implementation Date May 1, 2014"}]
[]
["This schedule supersedes and replaces all previously"]
["approved schedules of Rates, Charges and Loss Factors"]
[{"$f":"EBNUMBER","v":"EB-2013-0115"}]
[]
["RESIDENTIAL SERVICE CLASSIFICATION"]
[]
["This classification applies to low voltage connection assets that operate at 750 volts or less and supply electrical energy to residential customers where such energy is used exclusively in separately metered living accommodation. Customers shall be residing in single-dwelling units that consist of a detached house or one unit of a semi-detached, duplex, triplex, or quadruplex house, with residential zoning.  Separately metered dwellings within a town house complex or apartment building also qualify as residential customers.  Further servicing details are available in the distributor’s Conditions of Service."]
["APPLICATION"]
[]
["The application of these rates and charges shall be in accordance with the Licence of the Distributor and any Code or Order of the Board, and amendments thereto as approved by the Board, which may be applicable to the administration of this schedule."]
["No rates and charges for the distribution of electricity and charges to meet the costs of any work or service done or furnished for the purpose of the distribution of electricity shall be made except as permitted by this schedule, unless required by the Distributor’s Licence or a Code or Order of the Board, and amendments thereto as approved by the Board, or as specified herein."]
["Unless specifically noted, this schedule does not contain any charges for the electricity commodity, be it under the Regulated Price Plan, a contract with a retailer or the wholesale market price, as applicable.  In addition, the charges in the MONTHLY RATES AND CHARGES – Regulatory Component of this schedule do not apply to a customer that is an embedded wholesale market participant."]
["It should be noted that this schedule does not list any charges, assessments or credits that are required by law to be invoiced by a distributor and that are not subject to Board approval, such as the Debt Retirement Charge, the Global Adjustment, the Ontario Clean Energy Benefit and the HST."]
[]
["MONTHLY RATES AND CHARGES - Delivery Component"]
[]
["Service Charge",null,"$",12.29]
["Rate Rider for Smart Metering Entity Charge - effective until October 31, 2018",null,"$",0.79]
["Distribution Volumetric Rate",null,"$/kWh",1.3000023973933947E-2]
["Rate Rider for Deferral/Variance Account Dispositon (2012) - effective until April 30, 2016",null,"$/kWh",-1.3748192562225798E-3]
["Rate Rider for Disposition of Global Adjustment Sub-Account (2012) - effective until April 30, 2016 Applicable only for Non-RPP Customers",null,"$/kWh",3.7626437386540012E-3]
["Rate Rider for Disposition of Stranded Meter Costs - effective until April 30, 2016",null,"$",2.3626823015368119]
["Retail Transmission Rate - Network Service Rate",null,"$/kWh",7.1999999999999998E-3]
["Retail Transmission Rate - Line and Transformation Connection Service Rate",null,"$/kWh",5.4000000000000003E-3]
[]
[]
[]
[]
[]
[]
[]
[]
[]
[]
[]
[]
[]
[]
[]
[]
["Rate Rider for Disposition of Recovery of M/DMR Fee in Prior Period",null,"$",-0.62692227962637814]
["Rate Rider for Disposition of the Impact of Change inAccounting Policies",null,"$/kWh",-8.0000000000000004E-4]
[]
[]
[]
[]
[]
["MONTHLY RATES AND CHARGES - Regulatory Component"]
[]
["Wholesale Market Service Rate",null,"$/kWh",4.4000000000000003E-3]
["Rural Rate Protection Charge",null,"$/kWh",1.1000000000000001E-3]
["Standard Supply Service - Administrative Charge (if applicable)",null,"$",0.25]
["GENERAL SERVICE LESS THAN 50 KW SERVICE CLASSIFICATION"]
[]
["This classification applies to low voltage connection assets that operate at 750 volts or less and supply electricity to general service customers whose monthly average peak demand during a calendar year is less than, or forecast by BHI to be less than, 50 kW.  Further servicing details are available in the distributor’s Conditions of Service."]
["APPLICATION"]
[]
["The application of these rates and charges shall be in accordance with the Licence of the Distributor and any Code or Order of the Board, and amendments thereto as approved by the Board, which may be applicable to the administration of this schedule."]
["No rates and charges for the distribution of electricity and charges to meet the costs of any work or service done or furnished for the purpose of the distribution of electricity shall be made except as permitted by this schedule, unless required by the Distributor’s Licence or a Code or Order of the Board, and amendments thereto as approved by the Board, or as specified herein."]
["Unless specifically noted, this schedule does not contain any charges for the electricity commodity, be it under the Regulated Price Plan, a contract with a retailer or the wholesale market price, as applicable.  In addition, the charges in the MONTHLY RATES AND CHARGES – Regulatory Component of this schedule do not apply to a customer that is an embedded wholesale market participant."]
["It should be noted that this schedule does not list any charges, assessments or credits that are required by law to be invoiced by a distributor and that are not subject to Board approval, such as the Debt Retirement Charge, the Global Adjustment, the Ontario Clean Energy Benefit and the HST."]
[]
["MONTHLY RATES AND CHARGES - Delivery Component"]
[]
["Service Charge",null,"$",27.32]
["Rate Rider for Smart Metering Entity Charge - effective until October 31, 2018",null,"$",0.79]
["Distribution Volumetric Rate",null,"$/kWh",1.2129360614887029E-2]
["Rate Rider for Deferral/Variance Account (2012) - effective unitl April 30, 2016",null,"$/kWh",-1.3912656283393697E-3]
["Rate Rider for Disposition of Global Adjustment Sub-Account (2012) - effective until April 30, 2016 Applicable only for Non-RPP Customers",null,"$/kWh",2.0216852146817707E-3]
["Rate Rider for Disposition of Stranded Meter Costs - effective until April 30, 2016",null,"$",8.2786997087645933]
["Retail Transmission Rate - Network Service Rate",null,"$/kWh",6.7999999999999996E-3]
["Retail Transmission Rate - Line and Transformation Connection Service Rate",null,"$/kWh",4.7000000000000002E-3]
[]
[]
[]
[]
[]
[]
[]
[]
[]
[]
[]
[]
[]
[]
[]
[]
["Rate Rider for Disposition of Recovery of M/DMR Fee in Prior Period",null,null,-0.61468885611420609]
["Rate Rider for Disposition of the Impact of Change inAccounting Policies",null,null,-8.0000000000000004E-4]
[]
[]
[]
[]
[]
["MONTHLY RATES AND CHARGES - Regulatory Component"]
[]
["Wholesale Market Service Rate",null,"$/kWh",4.4000000000000003E-3]
["Rural Rate Protection Charge",null,"$/kWh",1.1000000000000001E-3]
["Standard Supply Service - Administrative Charge (if applicable)",null,"$",0.25]
["GENERAL SERVICE 50 TO 4,999 KW SERVICE CLASSIFICATION"]
[]
["This classification applies to general service customers with a monthly average peak demand during a calendar year equal to or greater than, or is forecast by BHI to be equal to or greater than, 50 kW but less than 5,000 kW.  Further servicing details are available in the distributor’s Conditions of Service."]
["APPLICATION"]
[]
["The application of these rates and charges shall be in accordance with the Licence of the Distributor and any Code or Order of the Board, and amendments thereto as approved by the Board, which may be applicable to the administration of this schedule."]
["No rates and charges for the distribution of electricity and charges to meet the costs of any work or service done or furnished for the purpose of the distribution of electricity shall be made except as permitted by this schedule, unless required by the Distributor’s Licence or a Code or Order of the Board, and amendments thereto as approved by the Board, or as specified herein."]
["Unless specifically noted, this schedule does not contain any charges for the electricity commodity, be it under the Regulated Price Plan, a contract with a retailer or the wholesale market price, as applicable.  In addition, the charges in the MONTHLY RATES AND CHARGES – Regulatory Component of this schedule do not apply to a customer that is an embedded wholesale market participant."]
["It should be noted that this schedule does not list any charges, assessments or credits that are required by law to be invoiced by a distributor and that are not subject to Board approval, such as the Debt Retirement Charge, the Global Adjustment, the Ontario Clean Energy Benefit and the HST."]
[]
["MONTHLY RATES AND CHARGES - Delivery Component"]
[]
["Service Charge",null,"$",105.7]
["Distribution Volumetric Rate",null,"$/kW",3.3227634266133053]
["Rate Rider for Disposition of Deferral/Variance Accounts (2012) - effective until April 30, 2016",null,"$/kW",-0.5618710803750353]
["Rate Rider for Disposition of Global Adjustment Sub-Account (2012) - effective until April 30, 2016 Applicable only for Non-RPP Customers",null,"$/kW",0.15556997483733306]
["Rate Rider for Recovery of Stranded Meter Assets - effective until March 31, 2016",null,"$",4.8096730494768325]
["Retail Transmission Rate - Network Service Rate",null,"$/kW",2.7565]
["Retail Transmission Rate - Line and Transformation Connection Service Rate",null,"$/kW",1.9857]
[]
[]
[]
[]
[]
[]
[]
[]
[]
[]
[]
[]
[]
[]
[]
[]
[]
["Rate Rider for Disposition of Recovery of M/DMR Fee in Prior Period",null,"$",-0.39408574225021425]
["Rate Rider for Disposition of the Impact of Change inAccounting Policies",null,"$/kW",-0.32879999999999998]
[]
[]
[]
[]
[]
["MONTHLY RATES AND CHARGES - Regulatory Component"]
[]
["Wholesale Market Service Rate",null,"$/kWh",4.4000000000000003E-3]
["Rural Rate Protection Charge",null,"$/kWh",1.1000000000000001E-3]
["Standard Supply Service - Administrative Charge (if applicable)",null,"$",0.25]
["UNMETERED SCATTERED LOAD SERVICE CLASSIFICATION"]
[]
["This classification applies to low voltage connection assets that operate at 750 volts or less and supply electricity to general service customers whose monthly average peak demand during a calendar year is less than, or forecast by BHI to be less than, 50 kW and the consumption is unmetered.  Such connections include cable TV power packs, bus shelters, telephone booths, traffic lights, railway crossings, etc.  The customer will provide detailed manufacturer information/documentation with regard to electrical demand/consumption of the proposed unmetered load.  Further servicing details are available in the distributor’s Conditions of Service."]
["APPLICATION"]
[]
["The application of these rates and charges shall be in accordance with the Licence of the Distributor and any Code or Order of the Board, and amendments thereto as approved by the Board, which may be applicable to the administration of this schedule."]
["No rates and charges for the distribution of electricity and charges to meet the costs of any work or service done or furnished for the purpose of the distribution of electricity shall be made except as permitted by this schedule, unless required by the Distributor’s Licence or a Code or Order of the Board, and amendments thereto as approved by the Board, or as specified herein."]
["Unless specifically noted, this schedule does not contain any charges for the electricity commodity, be it under the Regulated Price Plan, a contract with a retailer or the wholesale market price, as applicable.  In addition, the charges in the MONTHLY RATES AND CHARGES – Regulatory Component of this schedule do not apply to a customer that is an embedded wholesale market participant."]
["It should be noted that this schedule does not list any charges, assessments or credits that are required by law to be invoiced by a distributor and that are not subject to Board approval, such as the Debt Retirement Charge, the Global Adjustment, the Ontario Clean Energy Benefit and the HST."]
[]
["MONTHLY RATES AND CHARGES - Delivery Component"]
[]
["Service Charge (per connection)",null,"$",10.34]
["Distribution Volumetric Rate",null,"$/kWh",6.1884445012376013E-3]
["Rate Rider for Disposition of Deferral/Variance Accounts (2012) - effective until April 30, 2016",null,"$/kWh",-1.381338073928994E-3]
["Rate Rider for Disposition of Global Adjustment Sub-Account (2012) - effective until April 30, 2016 Applicable only for Non-RPP Customers",null,"$/kWh",5.25011645349533E-2]
["Retail Transmission Rate - Network Service Rate",null,"$/kWh",6.7999999999999996E-3]
["Retail Transmission Rate - Line and Transformation Connection Service Rate",null,"$/kWh",4.7000000000000002E-3]
[]
[]
[]
[]
[]
[]
[]
[]
[]
[]
[]
[]
[]
[]
[]
[]
[]
[]
["Rate Rider for Disposition of the Impact of Change inAccounting Policies",null,"$/kWh",-8.0000000000000004E-4]
[]
[]
[]
[]
[]
[]
["MONTHLY RATES AND CHARGES - Regulatory Component"]
[]
["Wholesale Market Service Rate",null,"$/kWh",4.4000000000000003E-3]
["Rural Rate Protection Charge",null,"$/kWh",1.1000000000000001E-3]
["Standard Supply Service - Administrative Charge (if applicable)",null,"$",0.25]
["STREET LIGHTING SERVICE CLASSIFICATION"]
[]
["This classification refers to roadway lighting customers such as the City of Burlington, the Regional Municipality of Halton, Ministry of Transportation and private roadway lighting, controlled by photo cells.  The daily consumption for these customers will be based on the calculated connected load times the required night time or lighting times established in the approved OEB street lighting load shape template.  Further servicing details are available in the distributor’s Conditions of Service."]
["APPLICATION"]
[]
["The application of these rates and charges shall be in accordance with the Licence of the Distributor and any Code or Order of the Board, and amendments thereto as approved by the Board, which may be applicable to the administration of this schedule."]
["No rates and charges for the distribution of electricity and charges to meet the costs of any work or service done or furnished for the purpose of the distribution of electricity shall be made except as permitted by this schedule, unless required by the Distributor’s Licence or a Code or Order of the Board, and amendments thereto as approved by the Board, or as specified herein."]
["Unless specifically noted, this schedule does not contain any charges for the electricity commodity, be it under the Regulated Price Plan, a contract with a retailer or the wholesale market price, as applicable.  In addition, the charges in the MONTHLY RATES AND CHARGES – Regulatory Component of this schedule do not apply to a customer that is an embedded wholesale market participant."]
["It should be noted that this schedule does not list any charges, assessments or credits that are required by law to be invoiced by a distributor and that are not subject to Board approval, such as the Debt Retirement Charge, the Global Adjustment, the Ontario Clean Energy Benefit and the HST."]
[]
["MONTHLY RATES AND CHARGES - Delivery Component"]
[]
["Service Charge (per connection)",null,"$",0.7]
["Distribution Volumetric Rate",null,"$/kW",3.9198038477607655]
["Rate Rider for Deferral/Variance Account Disposition (2012) - effective until April 30, 2016",null,"$/kW",-0.52037667191884507]
["Rate Rider for Disposition of Global Adjustment Sub-Account (2012) - effective until April 30, 2016 Applicable only for Non-RPP Customers",null,"$/kW",0.12211857997795093]
["Retail Transmission Rate - Network Service Rate",null,"$/kW",2.0436000000000001]
["Retail Transmission Rate - Line and Transformation Connection Service Rate",null,"$/kW",1.4917]
[]
[]
[]
[]
[]
[]
[]
[]
[]
[]
[]
[]
[]
[]
[]
[]
[]
[]
["Rate Rider for Disposition of the Impact of Change inAccounting Policies",null,"$/kW",-0.3054]
[]
[]
[]
[]
[]
[]
["MONTHLY RATES AND CHARGES - Regulatory Component"]
[]
["Wholesale Market Service Rate",null,"$/kWh",4.4000000000000003E-3]
["Rural Rate Protection Charge",null,"$/kWh",1.1000000000000001E-3]
["Standard Supply Service - Administrative Charge (if applicable)",null,"$",0.25]
[]
["ALLOWANCES"]
[]
["Transformer Allowance for Ownership - per kW of billing demand/month",null,"$/kW",-0.6]
[]
[]
["Primary Metering Allowance for transformer losses – applied to measured demand and energy",null,"%",-1]
[]
["SPECIFIC SERVICE CHARGES"]
[]
["APPLICATION"]
[]
["The application of these rates and charges shall be in accordance with the Licence of the Distributor and any Code or Order of the Board, and amendments thereto as approved by the Board, which may be applicable to the administration of this schedule."]
[]
["No charges to meet the costs of any work or service done or furnished for the purpose of the distribution of electricity shall be made except as permitted by this schedule, unless required by the Distributor’s Licence or a Code or Order of the Board, and amendments thereto as approved by the Board, or as specified herein."]
[]
["It should be noted that this schedule does not list any charges, assessments or credits that are required by law to be invoiced by a distributor and that are not subject to Board approval, such as the Debt Retirement Charge, the Global Adjustment, the Ontario Clean Energy Benefit and the HST."]
[]
["Customer Administration"]
[]
["Arrears certificate",null,"$",15]
["Credit Reference/credit check (plus credit agency costs)",null,"$",15]
["Statement of Account",null,"$",15]
["Account set up charge/change of occupancy charge (plus credit agency costs if applicable)",null,"$",30]
["Returned cheque charge (plus bank charges)",null,"$",15]
[]
[]
[]
[]
[]
[]
[]
[]
[]
[]
[]
[]
[]
[]
[]
[]
[]
[]
[]
[]
[]
[]
[]
[]
[]
[]
[]
[]
[]
[]
[]
["Non-Payment of Account"]
[]
["Late Payment – per month",null,"%",1.5]
["Late Payment – per annum",null,"%",19.559999999999999]
["Collection of account charge – no disconnection",null,"$",30]
["Disconnect/Reconnect at meter – during regular hours",null,"$",65]
["Disconnect/Reconnect at meter – after regular hours",null,"$",185]
[]
[]
[]
[]
[]
[]
[]
[]
[]
[]
[]
[]
[]
[]
[]
[]
[]
[]
[]
[]
[]
[]
["Temporary Service – Install & remove – overhead – no transformer",null,"$",500]
[]
[]
[]
[]
[]
[]
[]
[]
[]
[]
[]
[]
[]
[]
[]
["Specific Charge for Access to the Power Poles - $/pole/year",null,"$",22.35]
[]
[]
[]
[]
[]
["RETAIL SERVICE CHARGES (if applicable)"]
[]
["The application of these rates and charges shall be in accordance with the Licence of the Distributor and any Code or Order of the Board, and amendments thereto as approved by the Board, which may be applicable to the administration of this schedule."]
[]
["No rates and charges for the distribution of electricity and charges to meet the costs of any work or service done or furnished for the purpose of the distribution of electricity shall be made except as permitted by this schedule, unless required by the Distributor’s Licence or a Code or Order of the Board, and amendments thereto as approved by the Board, or as specified herein."]
[]
["Unless specifically noted, this schedule does not contain any charges for the electricity commodity, be it under the Regulated Price Plan, a contract with a retailer or the wholesale market price, as applicable."]
[]
["It should be noted that this schedule does not list any charges, assessments or credits that are required by law to be invoiced by a distributor and that are not subject to Board approval, such as the Debt Retirement Charge, the Global Adjustment, the Ontario Clean Energy Benefit and the HST."]
[]
["Retail Service Charges refer to services provided by a distributor to retailers or customers related to the supply of competitive electricity."]
[]
["One-time charge, per retailer, to establish the service agreement between the distributor and the retailer",null,"$",100]
["Monthly Fixed Charge, per retailer",null,"$",20]
["Monthly Variable Charge, per customer, per retailer",null,"$/cust.",0.5]
["Distributor-consolidated billing monthly charge, per customer, per retailer",null,"$/cust.",0.3]
["Retailer-consolidated billing monthly credit, per customer, per retailer",null,"$/cust.",-0.3]
["Service Transaction Requests (STR) "]
["Request fee, per request, applied to the requesting party",null,"$",0.25]
["Processing fee, per request, applied to the requesting party",null,"$",0.5]
["Request for customer information as outlined in Section 10.6.3 and Chapter 11 of the Retail"]
["Settlement Code directly to retailers and customers, if not delivered electronically through the"]
["Electronic Business Transaction (EBT) system, applied to the requesting party "]
["Up to twice a year",null,"$","no charge"]
["More than twice a year, per request (plus incremental delivery costs)",null,"$",2]
[]
["LOSS FACTORS"]
[]
["If the distributor is not capable of prorating changed loss factors jointly with distribution rates, the revised loss factors will be implemented upon the first subsequent billing for each billing cycle."]
[]
[]
["Distribution Loss Factor - Secondary Metered Customer < 5,000 kW",null,null,1.0373954999999999]

{"sheet":"lists","index":67,"n_rows":185,"n_cols":55,"rows_kept":185,"cut":false,"hidden":true,"merged":[[13,51,13,52],[14,51,14,52],[15,51,15,52],[16,51,16,52],[17,51,17,52],[12,51,12,52],[11,51,11,52],[0,51,0,52],[1,51,1,52],[2,51,2,52],[3,51,3,52],[4,51,4,52],[5,51,5,52],[6,51,6,52],[7,51,7,52],[8,51,8,52],[9,51,9,52],[10,51,10,52]]}
["DISTRIBUTED GENERATION [DGEN]","Embedded Distributor",{"$f":"COUNTA(B1:B17)","v":4},null,null,null,null,null,"Distribution Volumetric Rate",null,null,"Loss Factors",null,"Units","Units1","Units2",null,null,null,null,null,null,null,null,null,"Account History","Account set up charge/change of occupancy charge (plus credit agency costs if applicable)","Total Loss Factor – Embedded Distributor – Hydro One Networks Inc.",null,null,null,null,null,null,null,null,null,"Algoma Power Inc.","Algoma Power Inc.",null,"DISTRIBUTED GENERATION [DGEN]","kW",null,null,null,"Sub-Total:  Delivery (Distribution and Retail Transmission)"]
["EMBEDDED DISTRIBUTOR","General Service 3,000 to 4,999 kW",null,null,null,null,null,null,"Distribution Volumetric Rate - $/kW of contracted amount",null,null,"Total Loss Factor – Primary Metered Customer",null,"$","$/kWh","$",null,null,null,null,null,null,null,null,null,"Account set up charge/change of occupancy charge","Administrative Billing Charge","Total Loss Factor – Primary Metered Customer",null,null,null,null,null,null,null,null,null,"Atikokan Hydro Inc.","Atikokan Hydro Inc.",null,"EMBEDDED DISTRIBUTOR","kW",null,null,null,"Wholesale Market Service Rate ",null,null,{"$f":"AU2*AV2","v":0},{"$f":"AU2","v":0},0,{"$f":"AX2*AY2","v":0},null,{"$f":"AZ2-AW2","v":0},{"$f":"BB2/AW2","v":{"$error":"#DIV/0!"}}]
["EMBEDDED DISTRIBUTOR","General Service 1,000 to 4,999 kW",null,null,null,null,null,null,"Distribution Wheeling Service Rate",null,null,"Total Loss Factor – Primary Metered Customer < 5,000 kW",null,"$/kWh","$/kW","%",null,null,null,null,null,null,"MSC",null,null,"Account set up charge/change of occupancy charge (plus credit agency costs if applicable – Residential)","Bell Canada Pole Rentals","Total Loss Factor – Primary Metered Customer < 5,000 kW",null,null,null,null,null,null,null,null,null,"Attawapiskat Power Corp. ","Attawapiskat Power Corp. ",null,"EMBEDDED DISTRIBUTOR","kW",null,null,null,"Rural Rate Protection Charge",null,null,{"$f":"AU3*AV3","v":0},0,0,{"$f":"AX3*AY3","v":0},null,{"$f":"AZ3-AW3","v":0},{"$f":"BB3/AW3","v":{"$error":"#DIV/0!"}}]
["FARMS - SINGLE PHASE ENERGY-BILLED [F1]","General Service Equal To Or Greater Than 1,500 kW - Interval Metered",null,null,null,null,null,null,"General Service 1,500 to 4,999 kW customer",null,null,"Total Loss Factor – Primary Metered Customer > 5,000 kW",null,"$/kW","$/kVA",null,null,null,null,null,null,null,"SM_Rate_Adder",null,null,"Account set up charge/change of occupancy charge (plus credit agency costs if applicable)","Clearance Pole Attachment charge $/pole/year","Total Loss Factor – Primary Metered Customer > 5,000 kW",null,null,null,null,null,null,null,null,null,"Bluewater Power Distribution Corporation","Bluewater Power Distribution Corporation",null,"FARMS - SINGLE PHASE ENERGY-BILLED [F1]","kWh",null,null,null,"Standard Supply Service – Administration Charge (if applicable)",null,null,{"$f":"AU4*AV4","v":0},0,0,{"$f":"AX4*AY4","v":0},null,{"$f":"AZ4-AW4","v":0},{"$f":"BB4/AW4","v":{"$error":"#DIV/0!"}}]
["FARMS - THREE PHASE ENERGY-BILLED [F3]",null,null,null,null,null,null,null,"General Service 50 to 1,499 kW customer",null,null,"Total Loss Factor – Secondary Metered Customer",null,"$/kVA",null,null,null,null,null,null,null,null,"MSC_Rate_Rider_",null,null,"Arrears certificate","Collection of account charge – no disconnection","Total Loss Factor – Secondary Metered Customer",null,null,null,null,null,null,null,null,null,"Brant County Power Inc.","Brant County Power Inc.",null,"FARMS - THREE PHASE ENERGY-BILLED [F3]","kWh",null,null,null,"Sub-Total:  Regulatory",null,null,{"$f":"SUM(AW2:AW4)","v":0},null,null,{"$f":"SUM(AZ2:BA4)","v":0},null,{"$f":"AZ5-AW5","v":0},{"$f":"BB5/AW5","v":{"$error":"#DIV/0!"}}]
["GENERAL SERVICE - COMMERCIAL",null,null,null,null,null,null,null,"General Service Large Use customer",null,null,"Total Loss Factor – Secondary Metered Customer < 5,000 kW",null,null,null,null,null,null,null,null,null,null,"VC",null,null,"Arrears certificate (credit reference)","Collection of account charge – no disconnection – after regular hours","Total Loss Factor – Secondary Metered Customer < 5,000 kW",null,null,null,null,null,null,null,null,null,"Brantford Power Inc.","Brantford Power Inc.",null,"GENERAL SERVICE - COMMERCIAL","kW",null,null,null,"Debt Retirement Charge (DRC)",null,null,{"$f":"AU6*AV6","v":0},{"$f":"AU6","v":0},{"$f":"AV6","v":0},{"$f":"AX6*AY6","v":0},null,{"$f":"AZ6-AW6","v":0},{"$f":"BB6/AW6","v":{"$error":"#DIV/0!"}}]
["GENERAL SERVICE - INSTITUTIONAL",null,null,null,null,null,null,null,"Green Energy Act Plan Funding Adder - effective April 1, 2013 until March 31, 2014",null,null,null,null,null,null,null,null,null,null,null,null,null,null,null,null,null,null,null,null,null,null,null,null,null,null,null,null,"Burlington Hydro Inc.","Burlington Hydro Inc.",null,"GENERAL SERVICE - INSTITUTIONAL","kW"]
["GENERAL SERVICE 1,000 TO 2,999 KW",null,null,null,null,null,null,null,"Green Energy Act Plan Funding Adder - effective until March 31, 2013",null,null,"Total Loss Factor – Secondary Metered Customer > 5,000 kW",null,null,null,null,null,null,null,null,null,null,"VC_Rate_Rider_",null,null,"Charge to certify cheque","Collection of account charge – no disconnection - during regular business hours","Total Loss Factor – Secondary Metered Customer > 5,000 kW",null,null,null,null,null,null,null,null,null,"Cambridge and North Dumfries Hydro Inc.","Cambridge and North Dumfries Hydro Inc.",null,"GENERAL SERVICE 1,000 TO 2,999 KW","kW",null,null,null,"Total Bill on RPP (before taxes)",null,null,null,null,null,null,null,{"$f":"AZ8-AW8","v":0}]
["GENERAL SERVICE 1,000 TO 4,999 KW - INTERVAL METERS",null,null,null,null,null,null,null,"Low Voltage Service Charge",null,null,"Distribution Loss Factor - Secondary Metered Customer < 5,000 kW",null,null,null,null,null,null,null,null,null,null,"VC_GA_Rate_Rider_kW_",null,null,"Collection of Account Charge – No Disconnection","Collection of account charge – no disconnection – during regular hours",null,null,null,null,null,null,null,null,null,null,"Canadian Niagara Power Inc.","Canadian Niagara Power Inc. - Eastern Ontario Power",null,"GENERAL SERVICE 1,000 TO 4,999 KW - INTERVAL METERS","kW",null,null,null,"HST",null,null,{"$f":"AV9*AW8","v":0},null,{"$f":"AV9","v":0},{"$f":"AY9*AZ8","v":0},null,{"$f":"AZ9-AW9","v":0},{"$f":"BB9/AW9","v":{"$error":"#DIV/0!"}}]
["GENERAL SERVICE 1,000 TO 4,999 KW (CO-GENERATION)",null,null,null,null,null,null,null,"Low Voltage Service Rate",null,null,"Distribution Loss Factor - Secondary Metered Customer > 5,000 kW",null,null,null,null,null,null,null,null,null,null,"VC_LV_Rate",null,null,"Credit Card Convenience Charge","Collection/Disconnection/Load Limiter/Reconnection – if in Community",null,null,null,null,null,null,null,null,null,null,"Centre Wellington Hydro Ltd.","Canadian Niagara Power Inc. - Fort Erie",null,"GENERAL SERVICE 1,000 TO 4,999 KW (CO-GENERATION)","kW",null,null,null,"Total Bill (including HST)",null,null,{"$f":"AW9+AW8","v":0},null,null,{"$f":"AZ9+AZ8","v":0},null,{"$f":"AZ10-AW10","v":0},{"$f":"BB10/AW10","v":{"$error":"#DIV/0!"}}]
["GENERAL SERVICE 1,000 TO 4,999 KW",null,null,null,null,null,null,null,"Low Voltage Volumetric Rate",null,null,"Distribution Loss Factor - Primary Metered Customer < 5,000 kW",null,null,null,null,null,null,null,null,null,null,"RTSR_Network",null,null,"Credit check (plus credit agency costs)","Credit Card Convenience Charge",null,null,null,null,null,null,null,null,null,null,"Chapleau Public Utilities Corporation","Canadian Niagara Power Inc. - Port Colborne Hydro Inc.",null,"GENERAL SERVICE 1,000 TO 4,999 KW","kW",null,null,null,"Ontario Clean Energy Benefit (OCEB)",null,null,{"$f":"-0.1*AW10","v":0},null,{"$f":"AV11","v":0},{"$f":"-0.1*AZ10","v":0},null,{"$f":"AZ11-AW11","v":0},{"$f":"BB11/AW11","v":{"$error":"#DIV/0!"}}]
["GENERAL SERVICE 1,500 TO 4,999 KW",null,null,null,null,null,null,null,"Mechanism (SSM) Recovery (2012) - effective until April 30, 2014",null,null,"Distribution Loss Factor - Primary Metered Customer > 5,000 kW",null,null,null,null,null,null,null,null,null,null,"RTSR_Connection",null,null,"Credit reference Letter","Disconnect/Reconnect at meter – after regular hours",null,null,null,null,null,null,null,null,null,null,"Clinton Power Corporation","Centre Wellington Hydro Ltd.",null,"GENERAL SERVICE 1,500 TO 4,999 KW","kW",null,null,null,"Total Bill on RPP (including OCEB)",null,null,{"$f":"AW10+AW11","v":0},null,null,{"$f":"AZ10+AZ11","v":0},null,{"$f":"AZ12-AW12","v":0},{"$f":"BB12/AW12","v":{"$error":"#DIV/0!"}}]
["GENERAL SERVICE 2,500 TO 4,999 KW",null,null,null,null,null,null,null,"Minimum Distribution Charge - per KW of maximum billing demand in the previous 11 months",null,null,null,null,null,null,null,null,null,null,null,null,null,null,null,null,null,null,null,null,null,null,null,null,null,null,null,null,"COLLUS Power Corporation","Chapleau Public Utilities Corporation",null,"GENERAL SERVICE 2,500 TO 4,999 KW","kW"]
["GENERAL SERVICE 3,000 TO 4,999 KW - INTERMEDIATE USE",null,null,null,null,null,null,null,"Monthly Distribution Wheeling Service Rate - Dedicated LV Line",null,null,"Total Loss Factor - Embedded Distributor",null,null,null,null,null,null,null,null,null,null,"RTSR_Network_Interval",null,null,"Credit reference/credit check (plus credit agency costs – General Service)","Disconnect/Reconnect at meter – during regular hours",null,null,null,null,null,null,null,null,null,null,"Cooperative Hydro Embrun Inc.","Clinton Power Corporation",null,"GENERAL SERVICE 3,000 TO 4,999 KW - INTERMEDIATE USE","kW",null,null,null,"Total Bill on TOU (before taxes)",null,null,null,null,null,null,null,{"$f":"AZ14-AW14","v":0}]
["GENERAL SERVICE 3,000 TO 4,999 KW - INTERVAL METERED",null,null,null,null,null,null,null,"Monthly Distribution Wheeling Service Rate - Hydro One Networks",null,null,"Total Loss Factor – Embedded Distributor – Hydro One Networks Inc.",null,null,null,null,null,null,null,null,null,null,"RTSR_Connection_Interval",null,null,"Credit Reference/credit check (plus credit agency costs)","Disconnect/Reconnect at pole – after regular hours",null,null,null,null,null,null,null,null,null,null,"E.L.K. Energy Inc.","COLLUS Power Corporation",null,"GENERAL SERVICE 3,000 TO 4,999 KW - INTERVAL METERED","kW",null,null,null,"HST",null,null,{"$f":"AV15*AW14","v":0},null,{"$f":"AV15","v":0},{"$f":"AY15*AZ14","v":0},null,{"$f":"AZ15-AW15","v":0},{"$f":"BB15/AW15","v":{"$error":"#DIV/0!"}}]
["GENERAL SERVICE 3,000 TO 4,999 KW - TIME OF USE",null,null,null,null,null,null,null,"Monthly Distribution Wheeling Service Rate - Shared LV Line",null,null,null,null,null,null,null,null,null,null,null,null,null,"RTSR_Network_Interval_GR1000kW",null,null,"Dispute Test – Commercial self contained -- MC","Disconnect/Reconnect at pole – during regular hours",null,null,null,null,null,null,null,null,null,null,"Enersource Hydro Mississauga Inc.","Cooperative Hydro Embrun Inc.",null,"GENERAL SERVICE 3,000 TO 4,999 KW - TIME OF USE","kW",null,null,null,"Total Bill (including HST)",null,null,{"$f":"AW15+AW14","v":0},null,null,{"$f":"AZ15+AZ14","v":0},null,{"$f":"AZ16-AW16","v":0},{"$f":"BB16/AW16","v":{"$error":"#DIV/0!"}}]
["GENERAL SERVICE 3,000 TO 4,999 KW",null,null,null,null,null,null,null,"Monthly Distribution Wheeling Service Rate - Waterloo North Hydro",null,null,null,null,null,null,null,null,null,null,null,null,null,"RTSR_Connection_Interval_GR1000kW",null,null,"Dispute Test – Commercial TT -- MC","Disconnect/Reconnect Charge – At Meter – After Hours",null,null,null,null,null,null,null,null,null,null,"Entegrus Powerlines Inc.","E.L.K. Energy Inc.",null,"GENERAL SERVICE 3,000 TO 4,999 KW","kW",null,null,null,"Ontario Clean Energy Benefit (OCEB)",null,null,{"$f":"-0.1*AW16","v":0},null,{"$f":"AV17","v":0},{"$f":"-0.1*AZ16","v":0},null,{"$f":"AZ17-AW17","v":0},{"$f":"BB17/AW17","v":{"$error":"#DIV/0!"}}]
["GENERAL SERVICE 50 TO 1,000 KW - INTERVAL METERS",null,null,null,null,null,null,null,"Rate Rider for Application of Tax Change - effective until April 30, 2014",null,null,null,null,null,null,null,null,null,null,null,null,null,"RTSR_Line_Connection",null,null,"Dispute Test – Residential","Disconnect/Reconnect Charge – At Meter – During Regular Hours",null,null,null,null,null,null,null,null,null,null,"ENWIN Utilities Ltd.","Enersource Hydro Mississauga Inc.",null,"GENERAL SERVICE 50 TO 1,000 KW - INTERVAL METERS","kW",null,null,null,"Total Bill on TOU (including OCEB)",null,null,{"$f":"AW16+AW17","v":0},null,null,{"$f":"AZ16+AZ17","v":0},null,{"$f":"AZ18-AW18","v":0},{"$f":"BB18/AW18","v":{"$error":"#DIV/0!"}}]
["GENERAL SERVICE 50 TO 1,000 KW - NON INTERVAL METERS",null,null,null,null,null,null,null,"Rate Rider for Application of Tax Change - effective until December 31, 2013",null,null,null,null,null,null,null,null,null,null,null,null,null,"RTSR_Transformer_Connection",null,null,"Duplicate Invoices for previous billing","Disconnect/Reconnect Charge – At Pole – After Hours",null,null,null,null,null,null,null,null,null,null,"Erie Thames Powerlines Corporation","Entegrus Powerlines Inc. - Chatham-Kent",null,"GENERAL SERVICE 50 TO 1,000 KW - NON INTERVAL METERS","kW"]
["GENERAL SERVICE 50 TO 1,000 KW",null,null,null,null,null,null,null,"Rate Rider for Application of Tax Change - Hydro One Networks - effective until April 30, 2014",null,null,null,null,null,null,null,null,null,null,null,null,null,"WMSR",null,null,"Easement Letter","Disconnect/Reconnect Charge – At Pole – During Regular Hours",null,null,null,null,null,null,null,null,null,null,"Espanola Regional Hydro Distribution Corporation","Entegrus Powerlines Inc. - Dutton",null,"GENERAL SERVICE 50 TO 1,000 KW","kW"]
["GENERAL SERVICE 50 TO 1,499 KW - INTERVAL METERED",null,null,null,null,null,null,null,"Rate Rider for Application of Tax Change - Waterloo North Hydro - effective until April 30, 2014",null,null,null,null,null,null,null,null,null,null,null,null,null,"RRRP",null,null,"Income Tax Letter","Disconnect/Reconnect Charges for non payment of account - At Meter After Hours",null,null,null,null,null,null,null,null,null,null,"Essex Powerlines Corporation","Entegrus Powerlines Inc. - Newbury",null,"GENERAL SERVICE 50 TO 1,499 KW - INTERVAL METERED","kW"]
["GENERAL SERVICE 50 TO 1,499 KW",null,null,null,null,null,null,null,"Rate Rider for Application of Tax Change (2013) - effective until April 30, 2014",null,null,null,null,null,null,null,null,null,null,null,null,null,"SPC",null,null,"Interval Meter Interrogation","Disconnect/Reconnect charges for non payment of account – at meter after regular hours",null,null,null,null,null,null,null,null,null,null,"Festival Hydro Inc.","Entegrus Powerlines Inc. - Strathroy, Mounth Brydges & Parkhill",null,"GENERAL SERVICE 50 TO 1,499 KW","kW"]
["GENERAL SERVICE 50 TO 2,499 KW",null,null,null,null,null,null,null,"Rate Rider for Application of Tax Change (per connection) - effective until April 30, 2014",null,null,null,null,null,null,null,null,null,null,null,null,null,"DRC",null,null,"Interval meter request change","Disconnect/Reconnect Charges for non payment of account - At Meter During Regular Hours",null,null,null,null,null,null,null,null,null,null,"Fort Albany Power Corporation","ENWIN Utilities Ltd.",null,"GENERAL SERVICE 50 TO 2,499 KW","kW"]
["GENERAL SERVICE 50 TO 2,999 KW - INTERVAL METERED",null,null,null,null,null,null,null,"Rate Rider for Application of Tax Change Dedicated LV Line - effective until April 30, 2014",null,null,null,null,null,null,null,null,null,null,null,null,null,"SSS",null,null,"Legal letter","Disconnect/Reconnect charges for non payment of account – at meter during regular hours",null,null,null,null,null,null,null,null,null,null,"Fort Frances Power Corporation","Erie Thames Powerlines Corporation",null,"GENERAL SERVICE 50 TO 2,999 KW - INTERVAL METERED","kW"]
["GENERAL SERVICE 50 TO 2,999 KW - TIME OF USE",null,null,null,null,null,null,null,"Rate Rider for Application of Tax Change Shared LV Line - effective until April 30, 2014",null,null,null,null,null,null,null,null,null,null,null,null,null,"SFLF",null,null,"Legal letter charge","Disconnect/Reconnect charges for non payment of account – at pole after regular hours",null,null,null,null,null,null,null,null,null,null,"Greater Sudbury Hydro Inc.","Espanola Regional Hydro Distribution Corporation",null,"GENERAL SERVICE 50 TO 2,999 KW - TIME OF USE","kW"]
["GENERAL SERVICE 50 TO 2,999 KW","January",null,null,null,null,null,null,"Rate Rider for Deferral/Variance Account (2012) - effective unitl April 30, 2016",null,null,null,null,null,null,null,null,null,null,null,null,null,"DLF_Secondary_LT_5000kW",null,null,"Meter dispute charge plus Measurement Canada fees (if meter found correct)","Disconnect/Reconnect charges for non payment of account – at pole during regular hours",null,null,null,null,null,null,null,null,null,null,"Grimsby Power Inc.","Essex Powerlines Corporation",null,"GENERAL SERVICE 50 TO 2,999 KW","kW"]
["GENERAL SERVICE 50 TO 4,999 KW - INTERVAL METERED","February",null,null,null,null,null,null,"Rate Rider for Deferral/Variance Account Disposition (2012) - effective until April 30, 2016",null,null,null,null,null,null,null,null,null,null,null,null,null,"DLF_Secondary_GT_5000kW",null,null,"Notification charge","Disconnect/Reconnection for >300 volts - after regular hours",null,null,null,null,null,null,null,null,null,null,"Guelph Hydro Electric Systems Inc.","Festival Hydro Inc.",null,"GENERAL SERVICE 50 TO 4,999 KW - INTERVAL METERED","kW"]
["GENERAL SERVICE 50 TO 4,999 KW - TIME OF USE","March",null,null,null,null,null,null,"Rate Rider for Deferral/Variance Account Disposition (2013) - effective until April 30, 2014",null,null,null,null,null,null,null,null,null,null,null,null,null,"DLF_Primary_LT_5000kW",null,null,"Pulling Post Dated Cheques","Disconnect/Reconnection for >300 volts - during regular hours",null,null,null,null,null,null,null,null,null,null,"Haldimand County Hydro Inc.","Festival Hydro Inc. - Hensall",null,"GENERAL SERVICE 50 TO 4,999 KW - TIME OF USE","kW"]
["GENERAL SERVICE 50 TO 4,999 KW (COGENERATION)","April",null,null,null,null,null,null,"Rate Rider for Deferral/Variance Account Dispositon (2012) - effective until April 30, 2016",null,null,null,null,null,null,null,null,null,null,null,null,null,"DLF_Primary_GT_5000kW",null,null,"Request for other billing information","Disposal of Concrete Poles",null,null,null,null,null,null,null,null,null,null,"Halton Hills Hydro Inc.","Fort Albany Power Corporation",null,"GENERAL SERVICE 50 TO 4,999 KW (COGENERATION)","kW"]
["GENERAL SERVICE 50 TO 4,999 KW (FORMERLY TIME OF USE)","May",null,null,null,null,null,null,"Rate Rider for Disposition of Capital Gain - effective until April 30, 2014",null,null,null,null,null,null,null,null,null,null,null,null,null,"TLF_Secondary_LT_5000kW",null,null,"Returned cheque (plus bank charges)","Dispute Test – Commercial TT -- MC",null,null,null,null,null,null,null,null,null,null,"Hearst Power Distribution Company Limited","Fort Frances Power Corporation",null,"GENERAL SERVICE 50 TO 4,999 KW (FORMERLY TIME OF USE)","kW"]
["GENERAL SERVICE 50 TO 4,999 KW","June",null,null,null,null,null,null,"Rate Rider for Disposition of Deferral/Variance Accounts - effective until August 31, 2013",null,null,null,null,null,null,null,null,null,null,null,null,null,"TLF_Secondary_GT_5000kW",null,null,"Returned cheque charge (plus bank charges)","Install/Remove load control device – after regular hours",null,null,null,null,null,null,null,null,null,null,"Horizon Utilities Corporation","Greater Sudbury Hydro Inc.",null,"GENERAL SERVICE 50 TO 4,999 KW","kW"]
["GENERAL SERVICE 50 TO 499 KW","July",null,null,null,null,null,null,"Rate Rider for Disposition of Deferral/Variance Accounts (2010) - effective until April 30, 2014",null,null,null,null,null,null,null,null,null,null,null,null,null,"TLF_Primary_LT_5000kW",null,null,"Special Billing Service (aggregation)","Install/Remove load control device – during regular hours",null,null,null,null,null,null,null,null,null,null,"Hydro 2000 Inc.","Grimsby Power Inc.",null,"GENERAL SERVICE 50 TO 499 KW","kW"]
["GENERAL SERVICE 50 TO 699 KW","August",null,null,null,null,null,null,"Rate Rider for Disposition of Deferral/Variance Accounts (2011) - effective until April 30, 2014",null,null,null,null,null,null,null,null,null,null,null,null,null,"TLF_Primary_GT_5000kW",null,null,"Special Billing Service (sub-metering charge per meter)","Interval Meter Interrogation",null,null,null,null,null,null,null,null,null,null,"Hydro Hawkesbury Inc.","Guelph Hydro Electric Systems Inc.",null,"GENERAL SERVICE 50 TO 699 KW","kW"]
["GENERAL SERVICE 50 TO 999 KW - INTERVAL METERED","September",null,null,null,null,null,null,"Rate Rider for Disposition of Deferral/Variance Accounts (2011) - effective until April 30, 2015",null,null,null,null,null,null,null,null,null,null,null,null,null,"TLF_EmbeddedDistributor",null,null,"Special meter reads","Interval Meter Load Management Tool Charge $/month",null,null,null,null,null,null,null,null,null,null,"Hydro One Brampton Networks Inc.","Haldimand County Hydro Inc.",null,"GENERAL SERVICE 50 TO 999 KW - INTERVAL METERED","kW"]
["GENERAL SERVICE 50 TO 999 KW","October",null,null,null,null,null,null,"Rate Rider for Disposition of Deferral/Variance Accounts (2011) - effective until April 30, 2016",null,null,null,null,null,null,null,null,null,null,null,null,null,null,null,null,"Statement of Account","Interval meter request change",null,null,null,null,null,null,null,null,null,null,"Hydro One Networks Inc.","Halton Hills Hydro Inc.",null,"GENERAL SERVICE 50 TO 999 KW","kW"]
["GENERAL SERVICE 500 TO 4,999 KW","November",null,null,null,null,null,null,"Rate Rider for Disposition of Deferral/Variance Accounts (2012) - effective until April 30, 2014",null,null,null,null,null,null,null,null,null,null,null,null,null,null,null,null,"Unprocessed Payment Charge (plus bank charges)","Late Payment – per annum",null,null,null,null,null,null,null,null,null,null,"Hydro Ottawa Limited","Hearst Power Distribution Company Limited",null,"GENERAL SERVICE 500 TO 4,999 KW","kW"]
["GENERAL SERVICE 700 TO 4,999 KW","December",null,null,null,null,null,null,"Rate Rider for Disposition of Deferral/Variance Accounts (2012) - effective until April 30, 2015",null,null,null,null,null,null,null,null,null,null,null,null,null,null,null,null,null,"Late Payment – per month",null,null,null,null,null,null,null,null,null,null,"Innisfil Hydro Distribution Systems Limited","Horizon Utilities Corporation",null,"GENERAL SERVICE 700 TO 4,999 KW","kW"]
["GENERAL SERVICE DEMAND BILLED (50 KW AND ABOVE) [GSD]",null,null,null,null,null,null,null,"Rate Rider for Disposition of Deferral/Variance Accounts (2012) - effective until April 30, 2016",null,null,null,null,null,null,null,null,null,null,null,null,null,null,null,null,null,"Layout fees",null,null,null,null,null,null,null,null,null,null,"Kashechewan Power Corporation","Hydro 2000 Inc.",null,"GENERAL SERVICE DEMAND BILLED (50 KW AND ABOVE) [GSD]","kW"]
["GENERAL SERVICE ENERGY BILLED (LESS THAN 50 KW) [GSE-METERED]",null,null,null,null,null,null,null,"Rate Rider for Disposition of Deferral/Variance Accounts (2012) - effective until December 31, 2013",null,null,null,null,null,null,null,null,null,null,null,null,null,null,null,null,null,"Meter dispute charge plus Measurement Canada fees (if meter found correct)",null,null,null,null,null,null,null,null,null,null,"Kenora Hydro Electric Corporation Ltd.","Hydro Hawkesbury Inc.",null,"GENERAL SERVICE ENERGY BILLED (LESS THAN 50 KW) [GSE-METERED]","kWh"]
["GENERAL SERVICE ENERGY BILLED (LESS THAN TO 50 KW) [GSE-UNMETERED]",null,null,null,null,null,null,null,"Rate Rider for Disposition of Deferral/Variance Accounts (2012) - effective until December 31, 2013 Applicable in the service area excluding the former service area of Clinton Power",null,null,null,null,null,null,null,null,null,null,null,null,null,null,null,null,null,"Meter Interrogation Charge",null,null,null,null,null,null,null,null,null,null,"Kingston Hydro Corporation","Hydro One Brampton Networks Inc.",null,"GENERAL SERVICE ENERGY BILLED (LESS THAN TO 50 KW) [GSE-UNMETERED]","kWh"]
["GENERAL SERVICE EQUAL TO OR GREATER THAN 1,500 KW - INTERVAL METERED",null,null,null,null,null,null,null,"Rate Rider for Disposition of Deferral/Variance Accounts (2012) - effective until December 31, 2013 Applicable in the service area excluding the former service areas of Clinton Power and \nWest Perth Power",null,null,null,null,null,null,null,null,null,null,null,null,null,null,null,null,null,"Missed Service Appointment",null,null,null,null,null,null,null,null,null,null,"Kitchener-Wilmot Hydro Inc.","Hydro One Networks Inc.",null,"GENERAL SERVICE EQUAL TO OR GREATER THAN 1,500 KW - INTERVAL METERED","kW"]
["GENERAL SERVICE EQUAL TO OR GREATER THAN 1,500 KW",null,null,null,null,null,null,null,"Rate Rider for Disposition of Deferral/Variance Accounts (2012) - effective until December 31, 2013 Applicable only in the former service area of West Perth Power",null,null,null,null,null,null,null,null,null,null,null,null,null,null,null,null,null,"Norfolk Pole Rentals – Billed",null,null,null,null,null,null,null,null,null,null,"Lakefront Utilities Inc.","Hydro Ottawa Limited",null,"GENERAL SERVICE EQUAL TO OR GREATER THAN 1,500 KW","kW"]
["GENERAL SERVICE GREATER THAN 1,000 KW",null,null,null,null,null,null,null,"Rate Rider for Disposition of Deferral/Variance Accounts (2012) - effective until December 31, 2015",null,null,null,null,null,null,null,null,null,null,null,null,null,null,null,null,null,"Optional Interval/TOU Meter charge $/month",null,null,null,null,null,null,null,null,null,null,"Lakeland Power Distribution Ltd.","Innisfil Hydro Distribution Systems Limited",null,"GENERAL SERVICE GREATER THAN 1,000 KW","kW"]
["GENERAL SERVICE INTERMEDIATE 1,000 TO 4,999 KW",null,null,null,null,null,null,null,"Rate Rider for Disposition of Deferral/Variance Accounts (2012) - effective until December 31, 2016 Applicable only in the former service area of Clinton Power",null,null,null,null,null,null,null,null,null,null,null,null,null,null,null,null,null,"Overtime Locate",null,null,null,null,null,null,null,null,null,null,"London Hydro Inc.","Kashechewan Power Corporation",null,"GENERAL SERVICE INTERMEDIATE 1,000 TO 4,999 KW","kW"]
["GENERAL SERVICE INTERMEDIATE RATE CLASS 1,000 TO 4,999 KW (FORMERLY GENERAL SERVICE > 50 KW CUSTOMERS)",null,null,null,null,null,null,null,"Rate Rider for Disposition of Deferral/Variance Accounts (2012) - effective until February 28, 2013",null,null,null,null,null,null,null,null,null,null,null,null,null,null,null,null,null,"Owner Requested Disconnection/Reconnection – after regular hours",null,null,null,null,null,null,null,null,null,null,"Midland Power Utility Corporation","Kenora Hydro Electric Corporation Ltd.",null,"GENERAL SERVICE INTERMEDIATE RATE CLASS 1,000 TO 4,999 KW (FORMERLY GENERAL SERVICE > 50 KW CUSTOMERS)","kW"]
["GENERAL SERVICE INTERMEDIATE RATE CLASS 1,000 TO 4,999 KW (FORMERLY LARGE USE CUSTOMERS)",null,null,null,null,null,null,null,"Rate Rider for Disposition of Deferral/Variance Accounts (2012) - effective until June 30, 2014",null,null,null,null,null,null,null,null,null,null,null,null,null,null,null,null,null,"Owner Requested Disconnection/Reconnection – during regular hours",null,null,null,null,null,null,null,null,null,null,"Milton Hydro Distribution inc.","Kingston Hydro Corporation",null,"GENERAL SERVICE INTERMEDIATE RATE CLASS 1,000 TO 4,999 KW (FORMERLY LARGE USE CUSTOMERS)","kW"]
["GENERAL SERVICE LESS THAN 50 KW - SINGLE PHASE ENERGY-BILLED [G1]",null,null,null,null,null,null,null,"Rate Rider for Disposition of Deferral/Variance Accounts (2012) - effective until March 31, 2013",null,null,null,null,null,null,null,null,null,null,null,null,null,null,null,null,null,"Returned cheque (plus bank charges)",null,null,null,null,null,null,null,null,null,null,"Newmarket - Tay Power Distribution Ltd.","Kitchener-Wilmot Hydro Inc.",null,"GENERAL SERVICE LESS THAN 50 KW - SINGLE PHASE ENERGY-BILLED [G1]","kWh"]
["GENERAL SERVICE LESS THAN 50 KW - THREE PHASE ENERGY-BILLED [G3]",null,null,null,null,null,null,null,"Rate Rider for Disposition of Deferral/Variance Accounts (2012) - effective until October 31, 2013",null,null,null,null,null,null,null,null,null,null,null,null,null,null,null,null,null,"Rural system expansion / line connection fee",null,null,null,null,null,null,null,null,null,null,"Niagara Peninsula Energy Inc.","Lakefront Utilities Inc.",null,"GENERAL SERVICE LESS THAN 50 KW - THREE PHASE ENERGY-BILLED [G3]","kWh"]
["GENERAL SERVICE LESS THAN 50 KW - TRANSMISSION CLASS ENERGY-BILLED [T]",null,null,null,null,null,null,null,"Rate Rider for Disposition of Deferral/Variance Accounts (2013) - effective until April 30, 2014",null,null,null,null,null,null,null,null,null,null,null,null,null,null,null,null,null,"Same Day Open Trench",null,null,null,null,null,null,null,null,null,null,"Niagara-on-the-Lake Hydro Inc.","Lakeland Power Distribution Ltd.",null,"GENERAL SERVICE LESS THAN 50 KW - TRANSMISSION CLASS ENERGY-BILLED [T]","kWh"]
["GENERAL SERVICE LESS THAN 50 KW - URBAN ENERGY-BILLED [UG]",null,null,null,null,null,null,null,"Rate Rider for Disposition of Deferral/Variance Accounts (2013) - effective until April 30, 2015",null,null,null,null,null,null,null,null,null,null,null,null,null,null,null,null,null,"Scheduled Day Open Trench",null,null,null,null,null,null,null,null,null,null,"Norfolk Power Distribution Inc.","London Hydro Inc.",null,"GENERAL SERVICE LESS THAN 50 KW - URBAN ENERGY-BILLED [UG]","kWh"]
["GENERAL SERVICE LESS THAN 50 KW",null,null,null,null,null,null,null,"Rate Rider for Disposition of Deferral/Variance Accounts (2013) - effective until April 30, 2017",null,null,null,null,null,null,null,null,null,null,null,null,null,null,null,null,null,"Service call – after regular hours",null,null,null,null,null,null,null,null,null,null,"North Bay Hydro Distribution Limited","Midland Power Utility Corporation",null,"GENERAL SERVICE LESS THAN 50 KW","kWh"]
["GENERAL SERVICE SINGLE PHASE - G1",null,null,null,null,null,null,null,"Rate Rider for Disposition of Deferral/Variance Accounts (2013) - effective until December 31, 2013",null,null,null,null,null,null,null,null,null,null,null,null,null,null,null,null,null,"Service call – customer owned equipment",null,null,null,null,null,null,null,null,null,null,"Northern Ontario Wires Inc.","Milton Hydro Distribution inc.",null,"GENERAL SERVICE SINGLE PHASE - G1","kW"]
["GENERAL SERVICE THREE PHASE - G3",null,null,null,null,null,null,null,"Rate Rider for Disposition of Deferred PILs Variance Account 1562 - effective until April 30, 2014",null,null,null,null,null,null,null,null,null,null,null,null,null,null,null,null,null,"Service Call – Customer-owned Equipment – After Regular Hours",null,null,null,null,null,null,null,null,null,null,"Oakville Hydro Electricity Distribution Inc.","Newmarket - Tay Power Distribution Ltd. - Newmarket",null,"GENERAL SERVICE THREE PHASE - G3","kW"]
["INTERMEDIATE USERS",null,null,null,null,null,null,null,"Rate Rider for Disposition of Deferred PILs Variance Account 1562 - effective until December 31, 2013",null,null,null,null,null,null,null,null,null,null,null,null,null,null,null,null,null,"Service Call – Customer-owned Equipment – During Regular Hours",null,null,null,null,null,null,null,null,null,null,"Orangeville Hydro Limited","Newmarket - Tay Power Distribution Ltd. - Tay",null,"INTERMEDIATE USERS","kW"]
["INTERMEDIATE WITH SELF GENERATION",null,null,null,null,null,null,null,"Rate Rider for Disposition of Deferred PILs Variance Account 1562 - effective until March 31, 2016",null,null,null,null,null,null,null,null,null,null,null,null,null,null,null,null,null,"Service Charge for onsite interrogation of interval meter due to customer phone line failure - required weekly until line repaired $ 6",null,null,null,null,null,null,null,null,null,null,"Orillia Power Distribution Corporation","Niagara Peninsula Energy Inc. - Niagara Falls",null,"INTERMEDIATE WITH SELF GENERATION","kW"]
["LARGE USE - 3TS",null,null,null,null,null,null,null,"Rate Rider for Disposition of Deferred PILs Variance Account 1562 - effective until November 30, 2013",null,null,null,null,null,null,null,null,null,null,null,null,null,null,null,null,null,"Service Layout - Commercial",null,null,null,null,null,null,null,null,null,null,"Oshawa PUC Networks Inc.","Niagara Peninsula Energy Inc. - Peninsula West",null,"LARGE USE - 3TS","kW"]
["LARGE USE - FORD ANNEX",null,null,null,null,null,null,null,"Rate Rider for Disposition of Deferred PILs Variance Account 1562 - effective until October 31, 2013",null,null,null,null,null,null,null,null,null,null,null,null,null,null,null,null,null,"Service Layout - ResidentiaI",null,null,null,null,null,null,null,null,null,null,"Ottawa River Power Corporation","Niagara-on-the-Lake Hydro Inc.",null,"LARGE USE - FORD ANNEX","kW"]
["LARGE USE - REGULAR",null,null,null,null,null,null,null,"Rate Rider for Disposition of Deferred PILs Variance Account 1562 (2012) - effective until April 30, 2015",null,null,null,null,null,null,null,null,null,null,null,null,null,null,null,null,null,"Special Billing Service (sub-metering charge per meter)",null,null,null,null,null,null,null,null,null,null,"Parry Sound Power Corporation","Norfolk Power Distribution Inc.",null,"LARGE USE - REGULAR","kW"]
["LARGE USE > 5000 KW",null,null,null,null,null,null,null,"Rate Rider for Disposition of Deferred PILs Variance Account 1562 (per connection) (2012) - effective until April 30, 2015",null,null,null,null,null,null,null,null,null,null,null,null,null,null,null,null,null,"Special meter reads",null,null,null,null,null,null,null,null,null,null,"Peterborough Distribution Incorporated","North Bay Hydro Distribution Limited",null,"LARGE USE > 5000 KW","kW"]
["LARGE USE",null,null,null,null,null,null,null,"Rate Rider for Disposition of Global Adjustment Sub-Account - effective until November 30, 2013 \n Applicable only for Non-RPP Customers",null,null,null,null,null,null,null,null,null,null,null,null,null,null,null,null,null,"Specific Charge for Access to the Power Poles - $/pole/year",null,null,null,null,null,null,null,null,null,null,"PowerStream Inc.","Northern Ontario Wires Inc.",null,"LARGE USE","kW"]
["microFIT",null,null,null,null,null,null,null,"Rate Rider for Disposition of Global Adjustment Sub-Account - effective until November 30, 2013 Applicable only for Non-RPP Customers",null,null,null,null,null,null,null,null,null,null,null,null,null,null,null,null,null,"Specific Charge for Bell Canada Access to the Power Poles – per pole/year",null,null,null,null,null,null,null,null,null,null,"PUC Distribution Inc.","Oakville Hydro Electricity Distribution Inc.",null,"microFIT","$"]
["RESIDENTIAL - HENSALL",null,null,null,null,null,null,null,"Rate Rider for Disposition of Global Adjustment Sub-Account (2010) - effective until April 30, 2014 Applicable only for Non-RPP Customers",null,null,null,null,null,null,null,null,null,null,null,null,null,null,null,null,null,"Switching for company maintenance – Charge based on Time and Materials",null,null,null,null,null,null,null,null,null,null,"Renfrew Hydro Inc.","Orangeville Hydro Limited",null,"RESIDENTIAL - HENSALL","kWh"]
["RESIDENTIAL - HIGH DENSITY [R1]",null,null,null,null,null,null,null,"Rate Rider for Disposition of Global Adjustment Sub-Account (2011) - effective until April 30, 2014 Applicable only for Non-RPP Customers",null,null,null,null,null,null,null,null,null,null,null,null,null,null,null,null,null,"Temporary Service – Install & remove – overhead – no transformer",null,null,null,null,null,null,null,null,null,null,"Rideau St. Lawrence Distribution Inc.","Orillia Power Distribution Corporation",null,"RESIDENTIAL - HIGH DENSITY [R1]","kWh"]
["RESIDENTIAL - LOW DENSITY [R2]",null,null,null,null,null,null,null,"Rate Rider for Disposition of Global Adjustment Sub-Account (2011) - effective until April 30, 2015 Applicable only for Non-RPP Customers",null,null,null,null,null,null,null,null,null,null,null,null,null,null,null,null,null,"Temporary Service – Install & remove – overhead – with transformer",null,null,null,null,null,null,null,null,null,null,"Sioux Lookout Hydro Inc.","Oshawa PUC Networks Inc.",null,"RESIDENTIAL - LOW DENSITY [R2]","kWh"]
["RESIDENTIAL - MEDIUM DENSITY [R1]",null,null,null,null,null,null,null,"Rate Rider for Disposition of Global Adjustment Sub-Account (2011) - effective until April 30, 2016 Applicable only for Non-RPP Customers",null,null,null,null,null,null,null,null,null,null,null,null,null,null,null,null,null,"Temporary Service – Install & remove – underground – no transformer",null,null,null,null,null,null,null,null,null,null,"St. Thomas Energy Inc.","Ottawa River Power Corporation",null,"RESIDENTIAL - MEDIUM DENSITY [R1]","kWh"]
["RESIDENTIAL - NORMAL DENSITY [R2]",null,null,null,null,null,null,null,"Rate Rider for Disposition of Global Adjustment Sub-Account (2012) - effective until April 30, 2014 Applicable only for Non-RPP Customers",null,null,null,null,null,null,null,null,null,null,null,null,null,null,null,null,null,"Temporary service install & remove – overhead – no transformer",null,null,null,null,null,null,null,null,null,null,"Thunder Bay Hydro Electricity Distribution Inc.","Parry Sound Power Corporation",null,"RESIDENTIAL - NORMAL DENSITY [R2]","kWh"]
["RESIDENTIAL - TIME OF USE",null,null,null,null,null,null,null,"Rate Rider for Disposition of Global Adjustment Sub-Account (2012) - effective until April 30, 2015 Applicable only for Non-RPP Customers",null,null,null,null,null,null,null,null,null,null,null,null,null,null,null,null,null,"Temporary Service Install & Remove – Overhead – With Transformer",null,null,null,null,null,null,null,null,null,null,"Tillsonburg Hydro Inc.","Peterborough Distribution Incorporated",null,"RESIDENTIAL - TIME OF USE","kWh"]
["RESIDENTIAL - URBAN [UR]",null,null,null,null,null,null,null,"Rate Rider for Disposition of Global Adjustment Sub-Account (2012) - effective until April 30, 2015 Applicatble only for Non-RPP Customers",null,null,null,null,null,null,null,null,null,null,null,null,null,null,null,null,null,"Temporary Service Install & Remove – Underground – No Transformer",null,null,null,null,null,null,null,null,null,null,"Toronto Hydro-Electric System Limited","PowerStream Inc. - Barrie",null,"RESIDENTIAL - URBAN [UR]","kWh"]
["RESIDENTIAL REGULAR",null,null,null,null,null,null,null,"Rate Rider for Disposition of Global Adjustment Sub-Account (2012) - effective until April 30, 2016 Applicable only for Non-RPP Customers",null,null,null,null,null,null,null,null,null,null,null,null,null,null,null,null,null,"Temporary service installation and removal – overhead – no transformer",null,null,null,null,null,null,null,null,null,null,"Veridian Connections Inc.","PowerStream Inc. - South",null,"RESIDENTIAL REGULAR","kWh"]
["RESIDENTIAL",null,null,null,null,null,null,null,"Rate Rider for Disposition of Global Adjustment Sub-Account (2012) - effective until December 31, 2013 Applicable only for Non-RPP Customers in the former service area of Clinton Power",null,null,null,null,null,null,null,null,null,null,null,null,null,null,null,null,null,"Temporary service installation and removal – overhead – with transformer",null,null,null,null,null,null,null,null,null,null,"Wasaga Distribution Inc.","PUC Distribution Inc.",null,"RESIDENTIAL","kWh"]
["RESIDENTIAL SUBURBAN SEASONAL",null,null,null,null,null,null,null,"Rate Rider for Disposition of Global Adjustment Sub-Account (2012) - effective until December 31, 2013 Applicable only for Non-RPP Customers in the former service area of West Perth Power",null,null,null,null,null,null,null,null,null,null,null,null,null,null,null,null,null,"Temporary service installation and removal – underground – no transformer",null,null,null,null,null,null,null,null,null,null,"Waterloo North Hydro Inc.","Renfrew Hydro Inc.",null,"RESIDENTIAL SUBURBAN SEASONAL","kWh"]
["RESIDENTIAL SUBURBAN",null,null,null,null,null,null,null,"Rate Rider for Disposition of Global Adjustment Sub-Account (2012) - effective until December 31, 2013 Applicable only for Non-RPP Customers in the service area excluding the former service areas of Clinton Power and West Perth Power",null,null,null,null,null,null,null,null,null,null,null,null,null,null,null,null,null,null,null,null,null,null,null,null,null,null,null,null,"Welland Hydro-Electric System Corp.","Rideau St. Lawrence Distribution Inc.",null,"RESIDENTIAL SUBURBAN","kWh"]
["RESIDENTIAL SUBURBAN YEAR ROUND",null,null,null,null,null,null,null,"Rate Rider for Disposition of Global Adjustment Sub-Account (2012) - effective until February 28, 2013 Applicable only for Non-RPP Customers",null,null,null,null,null,null,null,null,null,null,null,null,null,null,null,null,null,null,null,null,null,null,null,null,null,null,null,null,"Wellington North Power Inc.","Sioux Lookout Hydro Inc.",null,"RESIDENTIAL SUBURBAN YEAR ROUND","kWh"]
["RESIDENTIAL URBAN",null,null,null,null,null,null,null,"Rate Rider for Disposition of Global Adjustment Sub-Account (2012) - effective until June 30, 2014 Applicable only for Non-RPP Customers",null,null,null,null,null,null,null,null,null,null,null,null,null,null,null,null,null,null,null,null,null,null,null,null,null,null,null,null,"West Coast Huron Energy Inc.","St. Thomas Energy Inc.",null,"RESIDENTIAL URBAN","kWh"]
["RESIDENTIAL URBAN YEAR-ROUND",null,null,null,null,null,null,null,"Rate Rider for Disposition of Global Adjustment Sub-Account (2012) - effective until March 31, 2013 Applicable only for Non-RPP Customers",null,null,null,null,null,null,null,null,null,null,null,null,null,null,null,null,null,null,null,null,null,null,null,null,null,null,null,null,"West Perth Power Inc.","Thunder Bay Hydro Electricity Distribution Inc.",null,"RESIDENTIAL URBAN YEAR-ROUND","kWh"]
["SEASONAL RESIDENTIAL - HIGH DENSITY [R3]",null,null,null,null,null,null,null,"Rate Rider for Disposition of Global Adjustment Sub-Account (2012) - effective until October 31, 2013 Applicable only for Non-RPP Customers",null,null,null,null,null,null,null,null,null,null,null,null,null,null,null,null,null,null,null,null,null,null,null,null,null,null,null,null,"Westario Power Inc.","Tillsonburg Hydro Inc.",null,"SEASONAL RESIDENTIAL - HIGH DENSITY [R3]","kWh"]
["SEASONAL RESIDENTIAL - NORMAL DENSITY [R4]",null,null,null,null,null,null,null,"Rate Rider for Disposition of Global Adjustment Sub-Account (2013) - effective until April 30, 2014 Applicable only for Non-RPP Customers",null,null,null,null,null,null,null,null,null,null,null,null,null,null,null,null,null,null,null,null,null,null,null,null,null,null,null,null,"Whitby Hydro Electric Corporation","Toronto Hydro-Electric System Limited",null,"SEASONAL RESIDENTIAL - NORMAL DENSITY [R4]","kWh"]
["SEASONAL RESIDENTIAL",null,null,null,null,null,null,null,"Rate Rider for Disposition of Global Adjustment Sub-Account (2013) - effective until April 30, 2015 Applicable only for Non-RPP Customers",null,null,null,null,null,null,null,null,null,null,null,null,null,null,null,null,null,null,null,null,null,null,null,null,null,null,null,null,"Woodstock Hydro Services Inc.","Veridian Connections Inc.",null,"SEASONAL RESIDENTIAL","kWh"]
["SENTINEL LIGHTING",null,null,null,null,null,null,null,"Rate Rider for Disposition of Global Adjustment Sub-Account (2013) - effective until April 30, 2017 Applicable only for Non-RPP Customers",null,null,null,null,null,null,null,null,null,null,null,null,null,null,null,null,null,null,null,null,null,null,null,null,null,null,null,null,null,"Veridian Connections Inc. - Gravenhurst",null,"SENTINEL LIGHTING","kW"]
["SMALL COMMERCIAL AND USL - PER CONNECTION",null,null,null,null,null,null,null,"Rate Rider for Disposition of Global Adjustment Sub-Account (2013) - effective until December 31, 2013 Applicable only for Non-RPP Customers",null,null,null,null,null,null,null,null,null,null,null,null,null,null,null,null,null,null,null,null,null,null,null,null,null,null,null,null,null,"Wasaga Distribution Inc.",null,"SMALL COMMERCIAL AND USL - PER CONNECTION","kW"]
["SMALL COMMERCIAL AND USL - PER METER",null,null,null,null,null,null,null,"Rate Rider for Disposition of Post Retirement Actuarial Gain - effective until March 31, 2025",null,null,null,null,null,null,null,null,null,null,null,null,null,null,null,null,null,null,null,null,null,null,null,null,null,null,null,null,null,"Waterloo North Hydro Inc.",null,"SMALL COMMERCIAL AND USL - PER METER","kW"]
["STANDARD A GENERAL SERVICE AIR ACCESS",null,null,null,null,null,null,null,"Rate Rider for Disposition of Residual Hisotrical Smart Meter Costs - effective until April 30, 2015",null,null,null,null,null,null,null,null,null,null,null,null,null,null,null,null,null,null,null,null,null,null,null,null,null,null,null,null,null,"Welland Hydro-Electric System Corp.",null,"STANDARD A GENERAL SERVICE AIR ACCESS","kW"]
["STANDARD A GENERAL SERVICE ROAD/RAIL",null,null,null,null,null,null,null,"Rate Rider for Disposition of Residual Historical Smart Meter Costs - effective until April 30, 2013",null,null,null,null,null,null,null,null,null,null,null,null,null,null,null,null,null,null,null,null,null,null,null,null,null,null,null,null,null,"Wellington North Power Inc.",null,"STANDARD A GENERAL SERVICE ROAD/RAIL","kW"]
["STANDARD A RESIDENTIAL AIR ACCESS",null,null,null,null,null,null,null,"Rate Rider for Disposition of Residual Historical Smart Meter Costs - effective until April 30, 2014",null,null,null,null,null,null,null,null,null,null,null,null,null,null,null,null,null,null,null,null,null,null,null,null,null,null,null,null,null,"West Coast Huron Energy Inc.",null,"STANDARD A RESIDENTIAL AIR ACCESS","kW"]
["STANDARD A RESIDENTIAL ROAD/RAIL",null,null,null,null,null,null,null,"Rate Rider for Disposition of Residual Historical Smart Meter Costs - effective until April 30, 2016",null,null,null,null,null,null,null,null,null,null,null,null,null,null,null,null,null,null,null,null,null,null,null,null,null,null,null,null,null,"West Perth Power Inc.",null,"STANDARD A RESIDENTIAL ROAD/RAIL","kW"]
["STANDBY - GENERAL SERVICE 1,000 - 5,000 KW",null,null,null,null,null,null,null,"Rate Rider for Disposition of Residual Historical Smart Meter Costs - effective until August 31, 2013",null,null,null,null,null,null,null,null,null,null,null,null,null,null,null,null,null,null,null,null,null,null,null,null,null,null,null,null,null,"Westario Power Inc.",null,"STANDBY - GENERAL SERVICE 1,000 - 5,000 KW","kW"]
["STANDBY - GENERAL SERVICE 50 - 1,000 KW",null,null,null,null,null,null,null,"Rate Rider for Disposition of Residual Historical Smart Meter Costs - effective until August 31, 2015",null,null,null,null,null,null,null,null,null,null,null,null,null,null,null,null,null,null,null,null,null,null,null,null,null,null,null,null,null,"Whitby Hydro Electric Corporation",null,"STANDBY - GENERAL SERVICE 50 - 1,000 KW","kW"]
["STANDBY - LARGE USE",null,null,null,null,null,null,null,"Rate Rider for Disposition of Residual Historical Smart Meter Costs - effective until December 31, 2013",null,null,null,null,null,null,null,null,null,null,null,null,null,null,null,null,null,null,null,null,null,null,null,null,null,null,null,null,null,"Woodstock Hydro Services Inc.",null,"STANDBY - LARGE USE","kW"]
["STANDBY DISTRIBUTION SERVICE",null,null,null,null,null,null,null,"Rate Rider for Disposition of Residual Historical Smart Meter Costs - effective until December 31, 2014",null,null,null,null,null,null,null,null,null,null,null,null,null,null,null,null,null,null,null,null,null,null,null,null,null,null,null,null,null,null,null,"STANDBY DISTRIBUTION SERVICE","kW"]
["STANDBY POWER - APPROVED ON AN INTERIM BASIS",null,null,null,null,null,null,null,"Rate Rider for Disposition of Residual Historical Smart Meter Costs - effective until December 31, 2015",null,null,null,null,null,null,null,null,null,null,null,null,null,null,null,null,null,null,null,null,null,null,null,null,null,null,null,null,null,null,null,"STANDBY POWER - APPROVED ON AN INTERIM BASIS","kW"]
["STANDBY POWER GENERAL SERVICE 1,500 TO 4,999 KW",null,null,null,null,null,null,null,"Rate Rider for Disposition of Residual Historical Smart Meter Costs - effective until March 31, 2013",null,null,null,null,null,null,null,null,null,null,null,null,null,null,null,null,null,null,null,null,null,null,null,null,null,null,null,null,null,null,null,"STANDBY POWER GENERAL SERVICE 1,500 TO 4,999 KW","kW"]
["STANDBY POWER GENERAL SERVICE 50 TO 1,499 KW",null,null,null,null,null,null,null,"Rate Rider for Disposition of Residual Historical Smart Meter Costs - effective until November 30, 2013",null,null,null,null,null,null,null,null,null,null,null,null,null,null,null,null,null,null,null,null,null,null,null,null,null,null,null,null,null,null,null,"STANDBY POWER GENERAL SERVICE 50 TO 1,499 KW","kW"]
["STANDBY POWER GENERAL SERVICE LARGE USE",null,null,null,null,null,null,null,"Rate Rider for Disposition of Residual Historical Smart Meter Costs - effective until October 31, 2013",null,null,null,null,null,null,null,null,null,null,null,null,null,null,null,null,null,null,null,null,null,null,null,null,null,null,null,null,null,null,null,"STANDBY POWER GENERAL SERVICE LARGE USE","kW"]
["STANDBY POWER",null,null,null,null,null,null,null,"Rate Rider for Disposition of Residual Historical Smart Meter Costs - effective until September 30, 2014",null,null,null,null,null,null,null,null,null,null,null,null,null,null,null,null,null,null,null,null,null,null,null,null,null,null,null,null,null,null,null,"STANDBY POWER","kW"]
["STREET LIGHTING",null,null,null,null,null,null,null,"Rate Rider for Disposition of Residual Historical Smart Meter Costs - Non-Interval Metered \n - effective until April 30, 2014",null,null,null,null,null,null,null,null,null,null,null,null,null,null,null,null,null,null,null,null,null,null,null,null,null,null,null,null,null,null,null,"STREET LIGHTING","kWh"]
["SUB TRANSMISSION [ST]",null,null,null,null,null,null,null,"Rate Rider for Disposition of Residual Historical Smart Meter Costs 2 - in effect until the effective \n date of the next cost of service-based rate order",null,null,null,null,null,null,null,null,null,null,null,null,null,null,null,null,null,null,null,null,null,null,null,null,null,null,null,null,null,null,null,"SUB TRANSMISSION [ST]","kW"]
["UNMETERED SCATTERED LOAD",null,null,null,null,null,null,null,"Rate Rider for Disposition of Residual Historical Smart Meter Costs 3 - in effect until the effective \n date of the next cost of service-based rate order",null,null,null,null,null,null,null,null,null,null,null,null,null,null,null,null,null,null,null,null,null,null,null,null,null,null,null,null,null,null,null,"UNMETERED SCATTERED LOAD","kWh"]
["URBAN GENERAL SERVICE DEMAND BILLED (50 KW AND ABOVE) [UGD]",null,null,null,null,null,null,null,"Rate Rider for Disposition of Residual Incremental Historical Smart Meter Costs - \n effective until August 31, 2015",null,null,null,null,null,null,null,null,null,null,null,null,null,null,null,null,null,null,null,null,null,null,null,null,null,null,null,null,null,null,null,"URBAN GENERAL SERVICE DEMAND BILLED (50 KW AND ABOVE) [UGD]","kW"]
["URBAN GENERAL SERVICE ENERGY BILLED (LESS THAN 50 KW) [UGE]",null,null,null,null,null,null,null,"Rate Rider for Disposition of Stranded Meter Costs - effective until April 30, 2016",null,null,null,null,null,null,null,null,null,null,null,null,null,null,null,null,null,null,null,null,null,null,null,null,null,null,null,null,null,null,null,"URBAN GENERAL SERVICE ENERGY BILLED (LESS THAN 50 KW) [UGE]","kWh"]
["WESTPORT SEWAGE TREATMENT PLANT",null,null,null,null,null,null,null,"Rate Rider for Global Adjustment Sub Account Disposition - effective until April 30, 2016 Applicable only for Non RPP Customers",null,null,null,null,null,null,null,null,null,null,null,null,null,null,null,null,null,null,null,null,null,null,null,null,null,null,null,null,null,null,null,"WESTPORT SEWAGE TREATMENT PLANT","kW"]
["YEAR-ROUND RESIDENTIAL - R2",null,null,null,null,null,null,null,"Rate Rider for Incremental Capital (2012) - effective until April 30, 2015",null,null,null,null,null,null,null,null,null,null,null,null,null,null,null,null,null,null,null,null,null,null,null,null,null,null,null,null,null,null,null,"YEAR-ROUND RESIDENTIAL - R2","kWh"]
[null,null,null,null,null,null,null,null,"Rate Rider for Lost Revenue Adjustment (LRAM) Recovery/Shared Savings Mechanism Recovery \n (2011) - effective until April 30, 2014"]
[null,null,null,null,null,null,null,null,"Rate Rider for Lost Revenue Adjustment Mechanism Variance Account (LRAMVA) (2011) – effective until April 30, 2014"]
[null,null,null,null,null,null,null,null,"Rate Rider for Lost Revenue Adjustment Mechanism Variance Account (LRAMVA) Recovery \n (2011 CDM Activities) - effective until April 30, 2014"]
[null,null,null,null,null,null,null,null,"Rate Rider for Recover of Residual Historical Smart Meter Costs - effective until June 30, 2014"]
[null,null,null,null,null,null,null,null,"Rate Rider for Recovery of Deferred Revenue - effective until December 31, 2013"]
[null,null,null,null,null,null,null,null,"Rate Rider for Recovery of Forgone Revenue - effective until April 30, 2014"]
[null,null,null,null,null,null,null,null,"Rate Rider for Recovery of Green Energy Act related costs - effective until December 31, 2013"]
[null,null,null,null,null,null,null,null,"Rate Rider for Recovery of Incremental Capital (2013) - in effect until the effective date of the\n next cost of service-based rate order"]
[null,null,null,null,null,null,null,null,"Rate Rider for Recovery of Incremental Capital (2013) (per connection) - in effect until the effective date of \n the next cost of service-based rate order"]
[null,null,null,null,null,null,null,null,"Rate Rider for Recovery of Incremental Capital Costs"]
[null,null,null,null,null,null,null,null,"Rate Rider for Recovery of Incremental Capital Costs - effective until April 30, 2014"]
[null,null,null,null,null,null,null,null,"Rate Rider for Recovery of Incremental Capital Costs - effective until April 30, 2015"]
[null,null,null,null,null,null,null,null,"Rate Rider for Recovery of Lost Revenue Adjustment Mechanism (LRAM) - effective until April 30, 2014"]
[null,null,null,null,null,null,null,null,"Rate Rider for Recovery of Lost Revenue Adjustment Mechanism (LRAM) - effective until April 30, 2016"]
[null,null,null,null,null,null,null,null,"Rate Rider for Recovery of Lost Revenue Adjustment Mechanism (LRAM) - effective until August 31, 2013"]
[null,null,null,null,null,null,null,null,"Rate Rider for Recovery of Lost Revenue Adjustment Mechanism (LRAM) - effective until December 31, 2013"]
[null,null,null,null,null,null,null,null,"Rate Rider for Recovery of Lost Revenue Adjustment Mechanism (LRAM) - effective until June 30, 2013"]
[null,null,null,null,null,null,null,null,"Rate Rider for Recovery of Lost Revenue Adjustment Mechanism (LRAM) - effective until November 30, 2013"]
[null,null,null,null,null,null,null,null,"Rate Rider for Recovery of Lost Revenue Adjustment Mechanism (LRAM) (2012) - effective until April 30, 2014"]
[null,null,null,null,null,null,null,null,"Rate Rider for Recovery of Lost Revenue Adjustment Mechanism (LRAM) (2012) - effective until February 28, 2013"]
[null,null,null,null,null,null,null,null,"Rate Rider for Recovery of Lost Revenue Adjustment Mechanism (LRAM) (2013) - effective until December 31, 2013"]
[null,null,null,null,null,null,null,null,"Rate Rider for Recovery of Lost Revenue Adjustment Mechanism (LRAM) (pre-2011 CDM Activities) - effective until April 30, 2014"]
[null,null,null,null,null,null,null,null,"Rate Rider for Recovery of Lost Revenue Adjustment Mechanism (LRAM)/Shared Savings"]
[null,null,null,null,null,null,null,null,"Rate Rider for Recovery of Lost Revenue Adjustment Mechanism (LRAM)/Shared Savings Mechanism (SSM) - effective until April 30, 2014"]
[null,null,null,null,null,null,null,null,"Rate Rider for Recovery of Lost Revenue Adjustment Mechanism (LRAM)/Shared Savings Mechanism (SSM) - effective until December 31, 2014 and applicable in the service area excluding the former service area of Clinton Power"]
[null,null,null,null,null,null,null,null,"Rate Rider for Recovery of Lost Revenue Adjustment Mechanism (LRAM)/Shared Savings Mechanism (SSM) - effective until December 31, 2014 and applicable in the service area excluding the former service areas of Clinton Power and West Perth Power"]
[null,null,null,null,null,null,null,null,"Rate Rider for Recovery of Lost Revenue Adjustment Mechanism (LRAM)/Shared Savings Mechanism (SSM) - effective until December 31, 2014 and applicable only in the former service area of Clinton Power"]
[null,null,null,null,null,null,null,null,"Rate Rider for Recovery of Lost Revenue Adjustment Mechanism (LRAM)/Shared Savings Mechanism (SSM) - effective until December 31, 2014 and applicable only in the former service area of West Perth Power"]
[null,null,null,null,null,null,null,null,"Rate Rider for Recovery of Lost Revenue Adjustment Mechanism (LRAM)/Shared Savings Mechanism (SSM) - effective until March 31, 2016"]
[null,null,null,null,null,null,null,null,"Rate Rider for Recovery of Lost Revenue Adjustment Mechanism (LRAM)/Shared Savings Mechanism (SSM) Recovery - effective until April 30, 2014"]
[null,null,null,null,null,null,null,null,"Rate Rider for Recovery of Lost Revenue Adjustment Mechanism (LRAM)/Shared Savings Mechanism (SSM) Recovery - effective until April 30, 2015"]
[null,null,null,null,null,null,null,null,"Rate Rider for Recovery of Lost Revenue Adjustment Mechanism (LRAM)/Shared Savings Mechanism (SSM) Recovery (2010) - effective until April 30, 2014"]
[null,null,null,null,null,null,null,null,"Rate Rider for Recovery of Lost Revenue Adjustment Mechanism (LRAM)/Shared Savings Mechanism (SSM) Recovery (2012) - effective until April 30, 2014"]
[null,null,null,null,null,null,null,null,"Rate Rider for Recovery of Lost Revenue Adjustment Mechanism (LRAM)/Shared Savings Mechanism (SSM) Recovery (2012) - effective until October 31, 2013"]
[null,null,null,null,null,null,null,null,"Rate Rider for Recovery of Residual Historical Smart Meter Costs - effective July 1, 2012 - April 30, 2016"]
[null,null,null,null,null,null,null,null,"Rate Rider for Recovery of Smart Meter Incremental Revenue Requirement - effective until the date of the next cost of service-based rate order"]
[null,null,null,null,null,null,null,null,"Rate Rider for Recovery of Smart Meter Incremental Revenue Requirement - in effect until the effective date of the next cost of service-based rate order"]
[null,null,null,null,null,null,null,null,"Rate Rider for Recovery of Smart Meter Incremental Revenue Requirement - Non-Interval Metered - in effect until the effective date of the next cost of service-based rate order"]
[null,null,null,null,null,null,null,null,"Rate Rider for Recovery of Smart Meter Incremental Revenue Requirements - in effect until the effective date of the next cost of service application"]
[null,null,null,null,null,null,null,null,"Rate Rider for Recovery of Smart Meter Stranded Assets - effective until April 30, 2016"]
[null,null,null,null,null,null,null,null,"Rate Rider for Recovery of Stranded Assets - effective until April 30, 2016"]
[null,null,null,null,null,null,null,null,"Rate Rider for Recovery of Stranded Meter Assets - effective July 1, 2012 - April 30, 2016"]
[null,null,null,null,null,null,null,null,"Rate Rider for Recovery of Stranded Meter Assets - effective until April 30, 2014"]
[null,null,null,null,null,null,null,null,"Rate Rider for Recovery of Stranded Meter Assets – effective until April 30, 2015"]
[null,null,null,null,null,null,null,null,"Rate Rider for Recovery of Stranded Meter Assets - effective until April 30, 2016"]
[null,null,null,null,null,null,null,null,"Rate Rider for Recovery of Stranded Meter Assets - effective until August 31, 2013"]
[null,null,null,null,null,null,null,null,"Rate Rider for Recovery of Stranded Meter Assets - effective until August 31, 2015"]
[null,null,null,null,null,null,null,null,"Rate Rider for Recovery of Stranded Meter Assets - effective until December 31, 2014"]
[null,null,null,null,null,null,null,null,"Rate Rider for Recovery of Stranded Meter Assets - effective until December 31, 2015"]
[null,null,null,null,null,null,null,null,"Rate Rider for Recovery of Stranded Meter Assets - effective until June 30, 2016"]
[null,null,null,null,null,null,null,null,"Rate Rider for Recovery of Stranded Meter Assets - effective until March 31, 2016"]
[null,null,null,null,null,null,null,null,"Rate Rider for Recovery of Stranded Meter Assets - effective until November 30, 2013"]
[null,null,null,null,null,null,null,null,"Rate Rider for Reversal of Deferral/Variance Account Disposition (2011) - effective until April 30, 2015"]
[null,null,null,null,null,null,null,null,"Rate Rider for Smart Meter Disposition - effective until October 31, 2013"]
[null,null,null,null,null,null,null,null,"Rate Rider for Smart Meter Incremental Revenue Requirement - in effect until the effective date of the next cost of service-based rate order"]
[null,null,null,null,null,null,null,null,"Rate Rider for Smart Metering Entity Charge - effective until October 31, 2018"]
[null,null,null,null,null,null,null,null,"Rate Rider for the disposition of Deferral/Variance Accounts Disposition (2013) - effective on an interim basis until April 30, 2014"]
[null,null,null,null,null,null,null,null,"Rate Rider for the disposition of Global Adjustment Sub-Account Disposition (2013) - effective on an interim basis until April 30, 2014 Applicable only for Non-RPP Customers"]
[null,null,null,null,null,null,null,null,"Retail Transmission Rate - Line and Transformation Connection Service Rate"]
[null,null,null,null,null,null,null,null,"Retail Transmission Rate - Line and Transformation Connection Service Rate - (less than 1,000 kW)"]
[null,null,null,null,null,null,null,null,"Retail Transmission Rate - Line and Transformation Connection Service Rate - Interval Metered"]
[null,null,null,null,null,null,null,null,"Retail Transmission Rate - Line and Transformation Connection Service Rate - Interval Metered (1,000 to 4,999 kW)"]
[null,null,null,null,null,null,null,null,"Retail Transmission Rate - Line and Transformation Connection Service Rate - Interval Metered (less than 1,000 kW)"]
[null,null,null,null,null,null,null,null,"Retail Transmission Rate - Line and Transformation Connection Service Rate - Interval Metered < 1,000 kW"]
[null,null,null,null,null,null,null,null,"Retail Transmission Rate - Line and Transformation Connection Service Rate - Interval Metered > 1,000 kW"]
[null,null,null,null,null,null,null,null,"Retail Transmission Rate - Line and Transformation Connection Service Rate FOR ALL SERVICE AREAS EXCEPT HENSALL"]
[null,null,null,null,null,null,null,null,"Retail Transmission Rate - Line Connection Service Rate"]
[null,null,null,null,null,null,null,null,"Retail Transmission Rate - Network Service Rate"]
[null,null,null,null,null,null,null,null,"Retail Transmission Rate - Network Service Rate - (less than 1,000 kW)"]
[null,null,null,null,null,null,null,null,"Retail Transmission Rate - Network Service Rate - Interval Metered"]
[null,null,null,null,null,null,null,null,"Retail Transmission Rate - Network Service Rate - Interval Metered (1,000 to 4,999 kW)"]
[null,null,null,null,null,null,null,null,"Retail Transmission Rate - Network Service Rate - Interval Metered (less than 1,000 kW)"]
[null,null,null,null,null,null,null,null,"Retail Transmission Rate - Network Service Rate - Interval Metered > 1,000 kW"]
[null,null,null,null,null,null,null,null,"Retail Transmission Rate - Transformation Connection Service Rate"]
[null,null,null,null,null,null,null,null,"Rider for Global Adjustment Sub-Account Disposition (2012) - effective until April 30, 2016 Applicable only for Non-RPP Customers"]
[null,null,null,null,null,null,null,null,"Rural Rate Protection Charge"]
[null,null,null,null,null,null,null,null,"Sentinel lights (dusk-to-dawn) connected to unmetered wires will have a flat rate monthly energy charge added to the regular customer bill. Further servicing details are available in the distributor’s Conditions of Service."]
[null,null,null,null,null,null,null,null,"Service Charge"]
[null,null,null,null,null,null,null,null,"Service Charge (per connection)"]
[null,null,null,null,null,null,null,null,"Service Charge (per customer)"]
[null,null,null,null,null,null,null,null,"Standard Supply Service - Administrative Charge (if applicable)"]
[null,null,null,null,null,null,null,null,"Standby Charge - for a month where standby power is not provided. The charge is applied to the amount of reserved load transfer capacity contracted or the amount of monthly peak load displaced by a generating facility"]
[null,null,null,null,null,null,null,null,"Standby Charge - for a month where standby power is not provided. The charge is applied to the contracted amount (e.g. nameplate rating of the generation facility)."]
[null,null,null,null,null,null,null,null,"Wholesale Market Service Rate"]

{"sheet":"lists2","index":68,"n_rows":187,"n_cols":4,"rows_kept":187,"cut":false,"hidden":true,"merged":[[168,4,168,7],[170,0,170,1],[170,4,170,5],[171,0,171,1],[148,0,148,1],[149,0,149,1],[150,0,150,1],[151,0,151,1],[153,0,153,1],[154,0,154,1],[155,0,155,1],[156,0,156,1],[152,0,152,1],[105,0,105,1],[109,0,109,1],[137,0,137,1],[138,0,138,1],[139,0,139,1],[140,0,140,1],[141,0,141,1],[142,0,142,1],[143,0,143,1],[129,0,129,1],[130,0,130,1],[132,0,132,1],[133,0,133,1],[131,0,131,1],[128,0,128,1],[136,0,136,1],[92,0,92,1],[93,0,93,1],[98,0,98,1],[99,0,99,1],[100,0,100,1],[101,0,101,1],[102,0,102,1],[103,0,103,1],[104,0,104,1],[83,0,83,1],[84,0,84,1],[85,0,85,1],[86,0,86,1],[87,0,87,1],[88,0,88,1],[89,0,89,1],[90,0,90,1],[91,0,91,1],[74,0,74,1],[75,0,75,1],[76,0,76,1],[77,0,77,1],[78,0,78,1],[79,0,79,1],[80,0,80,1],[81,0,81,1],[82,0,82,1],[36,0,36,1],[46,0,46,1],[65,0,65,3],[65,4,65,7],[67,0,67,3],[67,4,67,7],[71,0,71,1],[72,0,72,1],[73,0,73,1],[21,0,21,1],[22,0,22,1],[23,0,23,1],[24,0,24,1],[25,0,25,1],[26,0,26,1],[27,0,27,1],[28,0,28,1],[29,0,29,1],[12,0,12,1],[13,0,13,1],[14,0,14,1],[15,0,15,1],[16,0,16,1],[17,0,17,1],[18,0,18,1],[19,0,19,1],[20,0,20,1],[33,0,33,1],[34,0,34,1],[35,0,35,1],[54,0,54,1],[190,0,190,1],[110,0,110,1],[111,0,111,1],[112,0,112,1],[113,0,113,1],[114,0,114,1],[115,0,115,1],[116,0,116,1],[117,0,117,1],[118,0,118,1],[119,0,119,1],[120,0,120,1],[121,0,121,1],[122,0,122,1],[123,0,123,1],[124,0,124,1],[55,0,55,1],[56,0,56,1],[57,0,57,1],[63,0,63,3],[191,0,191,1],[144,0,144,1],[145,0,145,1],[146,0,146,1],[147,0,147,1],[168,0,168,3],[178,0,178,1],[179,0,179,1],[180,0,180,1],[175,0,175,1],[176,0,176,1],[177,0,177,1],[172,0,172,1],[173,0,173,1],[174,0,174,1],[192,0,192,1],[193,0,193,1],[194,0,194,1],[186,0,186,3],[186,4,186,7],[160,0,160,3],[160,4,160,7],[161,0,161,3],[161,4,161,7],[162,0,162,3],[162,4,162,7],[163,0,163,3],[163,4,163,7],[164,0,164,3],[164,4,164,7],[165,0,165,3],[165,4,165,7],[166,0,166,3],[166,4,166,7],[167,0,167,3],[181,0,181,1],[182,0,182,1],[189,0,189,1],[167,4,167,7],[0,0,0,3],[48,0,48,5],[94,0,94,1],[95,0,95,1],[96,0,96,1],[97,0,97,1],[125,0,125,1],[126,0,126,1],[127,0,127,1],[2,0,2,3],[5,0,5,3],[6,0,6,3],[7,0,7,3],[8,0,8,3],[37,0,37,1],[38,0,38,1],[39,0,39,1],[40,0,40,1],[41,0,41,1],[45,0,45,1],[47,0,47,1],[30,0,30,1],[31,0,31,1],[32,0,32,1]]}
["RESIDENTIAL Service Classification"]
[]
[]
["APPLICATION"]
[]
[]
[]
[]
[]
[]
["MONTHLY RATES AND CHARGES - Delivery Component"]
[]
[]
[]
[]
[]
[]
[]
[]
[]
[]
[]
[]
[]
[]
[]
[]
[]
[]
[]
[]
[]
[]
[]
[]
[]
[]
[]
[]
[]
[]
[]
[]
["MONTHLY RATES AND CHARGES - Regulatory Component"]
[]
["Wholesale Market Service Rate",null,"$/kWh",4.4000000000000003E-3]
["Rural Rate Protection Charge",null,"$/kWh",1.1000000000000001E-3]
["Standard Supply Service - Administrative Charge (if applicable)",null,"$",0.25]
[]
[]
[]
[]
["ALLOWANCES"]
[]
["Transformer Allowance for Ownership - per kW of billing demand/month"]
[]
[]
["Primary Metering Allowance for transformer losses – applied to measured demand and energy"]
[]
["SPECIFIC SERVICE CHARGES"]
[]
["APPLICATION"]
[]
["The application of these rates and charges shall be in accordance with the Licence of the Distributor and any Code or Order of the Board, and amendments thereto as approved by the Board, which may be applicable to the administration of this schedule."]
[]
["No charges to meet the costs of any work or service done or furnished for the purpose of the distribution of electricity shall be made except as permitted by this schedule, unless required by the Distributor’s Licence or a Code or Order of the Board, and amendments thereto as approved by the Board, or as specified herein."]
[]
["It should be noted that this schedule does not list any charges, assessments or credits that are required by law to be invoiced by a distributor and that are not subject to Board approval, such as the Debt Retirement Charge, the Global Adjustment, the Ontario Clean Energy Benefit and the HST."]
[]
["Customer Administration"]
[]
[]
[]
[]
[]
[]
[]
[]
[]
[]
[]
[]
[]
[]
[]
[]
[]
[]
[]
[]
[]
[]
[]
[]
[]
[]
[]
[]
[]
[]
[]
[]
[]
[]
[]
[]
[]
["Non-Payment of Account"]
[]
[]
[]
[]
[]
[]
[]
[]
[]
[]
[]
[]
[]
[]
[]
[]
[]
[]
[]
[]
[]
[]
[]
[]
[]
[]
[]
[]
[]
[]
[]
[]
[]
[]
[]
[]
[]
[]
[]
[]
[]
[]
[]
[]
[]
[]
[]
[]
[]
[]
["RETAIL SERVICE CHARGES (if applicable)"]
[]
["The application of these rates and charges shall be in accordance with the Licence of the Distributor and any Code or Order of the Board, and amendments thereto as approved by the Board, which may be applicable to the administration of this schedule."]
[]
["No rates and charges for the distribution of electricity and charges to meet the costs of any work or service done or furnished for the purpose of the distribution of electricity shall be made except as permitted by this schedule, unless required by the Distributor’s Licence or a Code or Order of the Board, and amendments thereto as approved by the Board, or as specified herein."]
[]
["Unless specifically noted, this schedule does not contain any charges for the electricity commodity, be it under the Regulated Price Plan, a contract with a retailer or the wholesale market price, as applicable."]
[]
["It should be noted that this schedule does not list any charges, assessments or credits that are required by law to be invoiced by a distributor and that are not subject to Board approval, such as the Debt Retirement Charge, the Global Adjustment, the Ontario Clean Energy Benefit and the HST."]
[]
["Retail Service Charges refer to services provided by a distributor to retailers or customers related to the supply of competitive electricity."]
[]
["One-time charge, per retailer, to establish the service agreement between the distributor and the retailer",null,"$",100]
["Monthly Fixed Charge, per retailer",null,"$",20]
["Monthly Variable Charge, per customer, per retailer",null,"$/cust.",0.5]
["Distributor-consolidated billing monthly charge, per customer, per retailer",null,"$/cust.",0.3]
["Retailer-consolidated billing monthly credit, per customer, per retailer",null,"$/cust.",-0.3]
["Service Transaction Requests (STR) "]
["Request fee, per request, applied to the requesting party",null,"$",0.25]
["Processing fee, per request, applied to the requesting party",null,"$",0.5]
["Request for customer information as outlined in Section 10.6.3 and Chapter 11 of the Retail"]
["Settlement Code directly to retailers and customers, if not delivered electronically through the"]
["Electronic Business Transaction (EBT) system, applied to the requesting party "]
["Up to twice a year",null,"$","no charge"]
["More than twice a year, per request (plus incremental delivery costs)",null,"$",2]
[]
["LOSS FACTORS"]
[]
["If the distributor is not capable of prorating changed loss factors jointly with distribution rates, the revised loss factors will be implemented upon the first subsequent billing for each billing cycle."]

{"sheet":"Sheet19","index":69,"n_rows":72,"n_cols":9,"rows_kept":72,"cut":false,"hidden":true,"merged":[]}
[null,"CGAAP","CGAAP","CGAAP","MIFRS","USGAAP","ASPE","ASPE","ASPE"]
[null,"N/A",2012,2013,null,null,"N/A",2012,2013]
["LDC Info","x","x","x","x","x","x","x","x"]
["Table of Contents","x","x","x","x","x","x","x","x"]
["COS Flowchart","x","x","x","x","x","x","x","x"]
["List of Key References","x","x","x","x","x","x","x","x"]
["App.2-AA_Capital Projects","x","x","x","x","x","x","x","x"]
["App.2-AB_Capital Expenditures","x","x","x","x","x","x","x","x"]
["App.2-BA1_Fix Asset Cont.CGAAP","x","x","x","n","x","x","x","x"]
["App.2-BA2_Fix Asset Cont.MIFRS","n","n","n","x","n","n","n","n"]
["Appendix 2-BB Service Life Comp","x","x","x","x","x","x","x","x"]
["Instruction for App. 2-C MIFRS","n","n","n","x","n","n","n","n"]
["App.2-CA_CGAAP_DepExp_2011","n","n","n","x","n","n","n","n"]
["App.2-CB_MIFRS_DepExp_2011","n","n","n","x","n","n","n","n"]
["App.2-CC_MIFRS_DepExp_2012","n","n","n","x","n","n","n","n"]
["App.2-CD_MIFRS_DepExp_2013","n","n","n","x","n","n","n","n"]
["App.2-CE_MIFRS_DepExp_2014","n","n","n","x","n","n","n","n"]
["App.2-CF_CGAAP_DepExp_2012","n","n","n","x","n","n","n","n"]
["App.2-CG_MIFRS_DepExp_2012","n","n","n","x","n","n","n","n"]
["App.2-CH_MIFRS_DepExp_2013","n","n","n","x","n","n","n","n"]
["App.2-CI_MIFRS_DepExp_2014","n","n","n","x","n","n","n","n"]
["App.2-CJ_CGAAP_DepExp_2012","n","n","n","x","n","n","n","n"]
["App.2-CK_CGAAP_DepExp_2013","n","n","n","x","n","n","n","n"]
["App.2-CL_MIFRS_DepExp_2013","n","n","n","x","n","n","n","n"]
["App.2-CM_MIFRS_DepExp_2014","n","n","n","x","n","n","n","n"]
["Instruction for App. 2-C CGAAP","x","x","x","n","n","x","x","x"]
["App.2-CN_OldCGAAP_DepExp_2012","x","x","n","n","n","x","x","n"]
["App.2-CO_NewCGAAP_DepExp_2012","x","x","n","n","n","x","x","n"]
["App.2-CP_NewCGAAP_DepExp_2013","x","x","n","n","n","x","x","n"]
["App.2-CQ NewCGAAP_DepExp_2014","x","x","n","n","n","x","x","n"]
["App.2-CR_OldCGAAP_DepExp_2012","x","n","x","n","n","x","n","x"]
["App.2-CS_OldCGAAP_DepExp_2013","x","n","x","n","n","x","n","x"]
["App.2-CT_NewCGAAP_DepExp_2013","x","n","x","n","n","x","n","x"]
["App.2-CU_NewCGAAP_DepExp_2014","x","n","x","n","n","x","n","x"]
["App.2-CV_USGAAP_DepExp","n","n","n","n","x","n","n","n"]
["App.2-DA_Overhead","n","n","n","x","n","n","n","n"]
["App.2-DB_Overhead","x","x","x","n","n","x","x","x"]
["App.2-EA_PP&E Deferral Account","n","n","n","x","x","n","n","n"]
["App.2-EB_PP&E Deferral Account","n","n","n","x","x","n","n","n"]
["App.2-EC_PP&E Deferral Account","n","n","n","x","x","n","n","n"]
["App.2-ED_Account 1576 (2012)","x","x","n","x","x","x","x","n"]
["App.2-EE_Account 1576 (2013)","x","n","x","x","x","x","n","x"]
["App.2-FA Proposed REG Invest.","o","o","o","o","o","o","o","o"]
["App.2-FB Calc of REG Improvemnt","o","o","o","o","o","o","o","o"]
["App.2-FC Calc of REG Expansion","o","o","o","o","o","o","o","o"]
["App.2-G SQI","x","x","x","x","x","x","x","x"]
["App.2-H_Other_Oper_Rev","x","x","x","x","x","x","x","x"]
["App.2-I LF_CDM_WF","x","x","x","x","x","x","x","x"]
["App.2-JA_OM&A_Summary_Analys","x","x","x","x","x","x","x","x"]
["App.2-JB_OM&A_Cost _Drivers","x","x","x","x","x","x","x","x"]
["App.2-JC_OMA Programs","x","x","x","x","x","x","x","x"]
["App.2-K_Employee Costs","x","x","x","x","x","x","x","x"]
["App.2-L_OM&A_per_Cust_FTEE","x","x","x","x","x","x","x","x"]
["App.2-M_Regulatory_Costs","x","x","x","x","x","x","x","x"]
["App.2-N_Corp_Cost_Allocation","x","x","x","x","x","x","x","x"]
["App.2-OA Capital Structure","x","x","x","x","x","x","x","x"]
["App.2-OB_Debt Instruments","x","x","x","x","x","x","x","x"]
["App.2-P_Cost_Allocation","x","x","x","x","x","x","x","x"]
["App.2-Q_Cost of Serv. Emb. Dx","e","e","e","e","e","e","e","e"]
["App.2-R_Loss Factors","x","x","x","x","x","x","x","x"]
["App.2-S_Stranded Meters","x","x","x","x","x","x","x","x"]
["App.2-TA_1592_Tax_Variance","x","x","x","x","x","x","x","x"]
["App.2-TB_1592_HST-OVAT","x","x","x","x","x","x","x","x"]
["App.2-U_IFRS Transition Costs","x","x","x","x","x","x","x","x"]
["App.2-V_Rev_Reconciliation","x","x","x","x","x","x","x","x"]
["App.2-W_Bill Impacts","x","x","x","x","x","x","x","x"]
["App.2-YA_MIFRS Summary Impacts","n","n","n","x","n","n","n","n"]
["App. 2-YB_CGAAP Summary Impacts","x","x","x","n","n","x","x","x"]
["App. 2-Z_Tariff","x","x","x","x","x","x","x","x"]
["lists","n","n","n","n","n","n","n","n"]
["lists2","n","n","n","n","n","n","n","n"]
["Sheet19","n","n","n","n","n","n","n","n"]