{"text_format":"1","workbook":"xlsx","n_sheets":64,"sheets":["LDC Info","Table of Contents","COS Flowchart","List of Key References","App.2-AA_Capital Projects ","App.2-AB_Capital Expenditures","App. 2-AC_Customer Engagement","App.2-B_Acct Instructions","App.2-BA_Fixed Asset Cont 2011","App.2-BA_FA_2012","App.2-BA_FA_2013 CGAAP","App.2-BA_FA_2013 RCGAAP","App.2-BA_FA_2014 MIFRS","App.2-BA_FA_2015_MIFRS","App.2-BA_FA_2016 MIFRS","Appendix 2-BB Service Life","App.2-CA_OldCGAAP_DepExp_2012","App.2-CB_NewCGAAP_DepExp_2012","App.2-CC_NewCGAAP_DepExp_2013","App.2-CD_MIFRS_DepExp_2014","App.2-CE_MIFRS_DepExp_2015","App.2-CF_OldCGAAP_DepExp_2013","App.2-CG_NewCGAAP_DepExp_2013","App.2-CH_MIFRS_DepExp_2014","App.2-CI MIFRS_DepExp_2015","App.2-D_Overhead","App.2-EA_1575 (2015)","App.2-EB_Account 1576 (2012)","App.2-EC_Account 1576 (2013)","App.2-FA Proposed REG Invest.","App.2-FB Calc of REG Improvemnt","App.2-FC Calc of REG Expansion","App.2-FA Proposed REG Inves (2","App.2-FB Calc of REG Improv (2","App.2-FC Calc of REG Expans (2","App.2-G SQI","App.2-H_Other_Oper_Rev","App.2-I LF_CDM_WF_OLD","App.2-I LF_CDM_WF","App.2-IA_Act_Frcst_Data","App.2-JA_OM&A_Sumary_Analy","App.2-JB_OM&A_Cost_Drivers","App.2-JC_OMA Programs","App.2-K_Employee Costs","App.2-L_OM&A_per_Cust_FTEE","App.2-M_Regulatory Costs","App.2-N_Corp_Cost Allocation","App.2-OA Capital Structure","App.2-OB_Debt Instruments","App.2-P_Cost_Allocation","App.2-Q_Cost of Serv. Emb. Dx","App.2-R_Loss Factors","App.2-S_Stranded Meters","App.2-TA_1592_Tax_Variance","App.2-TB_1592_HST-OVAT","App.2-U_IFRS Transition Costs","App.2-V_Rev_Reconciliation","App.2-W_Bill Impacts","App.2-Y_MIFRS Summary Impacts","App. 2-Z_Tariff","lists","lists2","Sheet19","Sheet1"],"not_rendered":{"charts":0,"images":4,"macros":1,"external_links":7,"defined_names":130,"comments":1,"pivot_tables":0},"unopened":[],"bounds":{"document_bytes":16777216,"sheet_cells":100000,"rows_first":2000,"rows_last":500,"rows_between":2000,"halvings":0,"cell_chars":16384,"cell_head_chars":4096},"cells_cut":0,"cells_raw":0,"read":"whole","date_system":"1900"}

{"sheet":"LDC Info","index":0,"n_rows":99,"n_cols":27,"rows_kept":99,"cut":false,"hidden":false,"merged":[[45,4,45,6],[45,0,45,3],[50,2,50,11],[54,2,54,12],[52,2,52,13],[27,4,27,6],[30,4,30,6],[29,0,30,3],[42,0,43,3],[38,0,39,3],[39,4,39,6],[32,0,33,3],[33,4,33,6],[35,0,36,3],[43,4,43,6],[17,4,17,10],[13,4,13,10],[15,4,15,8],[19,4,19,8],[25,4,25,6],[23,4,23,6]]}
[]
[]
[null,null,null,null,null,null,null,null,null,null,null,null,null,null,null,null,null,null,null,null,null,null,null,null,null,null,"Algoma Power Inc."]
[null,null,null,null,null,null,null,null,null,null,null,null,null,null,null,null,null,null,null,null,null,null,null,null,null,null,"Atikokan Hydro Inc."]
[null,null,null,null,null,null,null,null,null,null,null,null,null,null,null,null,null,null,null,null,null,null,null,null,null,null,"Attawapiskat Power Corporation"]
[null,null,null,null,null,null,null,null,null,null,null,null,null,null,null,null,null,null,null,null,null,null,null,null,null,null,"Bluewater Power Distribution Corp."]
[null,null,null,null,null,null,null,null,null,null,null,null,null,null,null,null,null,null,null,null,null,null,null,null,null,null,"Brant County Power"]
[null,null,null,null,null,null,null,null,null,null,null,null,null,null,null,null,null,null,null,null,null,null,null,null,null,null,"Brantford Power Inc."]
[null,null,null,null,null,null,null,null,null,null,null,null,null,null,null,null,null,null,null,null,null,null,null,null,null,null,"Burlington Hydro Inc."]
[null,null,null,null,null,null,null,null,null,null,null,null,null,null,null,null,null,null,null,null,null,null,null,null,null,null,"Cambridge and North Dumfries Hydro"]
[null,null,null,null,null,null,null,null,null,null,null,null,null,null,null,null,null,null,null,null,null,null,null,null,null,null,"Canadian Niagara Power Inc. – Eastern Ontario Power/Fort Erie/Port Colborne"]
[null,null,null,null,null,null,null,null,null,null,null,null,null,null,null,null,null,null,null,null,null,null,null,null,null,null,"Centre Wellington Hydro Ltd."]
[null,null,null,null,null,null,null,null,null,null,null,null,null,null,null,null,null,null,null,null,null,null,null,null,null,null,"Chapleau Public Utilities Corporation"]
[null,null,null,"Utility Name   ","Waterloo North Hydro Inc.",null,null,null,null,null,null,null,null,null,null,null,null,null,null,null,null,null,null,null,null,null,"COLLUS Power Corp."]
[null,null,null,null,null,null,null,null,null,null,null,null,null,null,null,null,null,null,null,null,null,null,null,null,null,null,"Cooperative Hydro Embrun Inc."]
[null,null,null,"Assigned EB Number","EB-2015-0108",null,null,null,null,null,null,null,null,null,null,null,null,null,null,null,null,null,null,null,null,null,"E.L.K. Energy Inc."]
[null,null,null,null,null,null,null,null,null,null,null,null,null,null,null,null,null,null,null,null,null,null,null,null,null,null,"Enersource Hydro Mississauga Inc."]
[null,null,null,"Name of Contact and Title","Albert P. Singh",null,null,null,null,null,null,null,null,null,null,null,null,null,null,null,null,null,null,null,null,null,"Entegrus Powerlines Inc."]
[null,null,null,null,null,null,null,null,null,null,null,null,null,null,null,null,null,null,null,null,null,null,null,null,null,null,"ENWIN Utilities Ltd."]
[null,null,null,"Phone Number   ","519-888-5542",null,null,null,null,null,null,null,null,null,null,null,null,null,null,null,null,null,null,null,null,null,"Erie Thames Powerlines Corp."]
[null,null,null,null,null,null,null,null,null,null,null,null,null,null,null,null,null,null,null,null,null,null,null,null,null,null,"Espanola Regional Hydro Distribution Corporation"]
[null,null,null,"Email Address   ","asingh@wnhydro.com",null,null,null,null,null,null,null,null,null,null,null,null,null,null,null,null,null,null,null,null,null,"Essex Powerlines Corporation"]
[null,null,null,null,null,null,null,null,null,null,null,null,null,null,null,null,null,null,null,null,null,null,null,null,null,null,"Festival Hydro Inc."]
[null,null,null,"Test Year",2016,null,null,null,null,null,null,null,null,null,null,null,null,null,null,null,null,null,null,null,null,null,"Fort Albany Power Corporation"]
[null,null,null,null,null,null,null,null,null,null,null,null,null,null,null,null,null,null,null,null,null,null,null,null,null,null,"Fort Frances Power Corporation"]
[null,null,null,"Bridge Year",{"$f":"IF(ISBLANK(E24), \"\", E24-1)","v":2015},null,null,null,null,null,null,null,null,null,null,null,null,null,null,null,null,null,null,null,null,null,"Greater Sudbury Hydro Inc."]
[null,null,null,null,null,null,null,null,null,null,null,null,null,null,null,null,null,null,null,null,null,null,null,null,null,null,"Grimsby Power Inc."]
[null,null,null,"Last Rebasing Year",2011,null,null,null,null,null,null,null,null,null,null,null,null,null,null,null,null,null,null,null,null,null,"Guelph Hydro Electric Systems Inc."]
[null,null,null,null,null,null,null,null,null,null,null,null,null,null,null,null,null,null,null,null,null,null,null,null,null,null,"Haldimand County Hydro Inc."]
["Identify the accounting standard used for the test year"]
[null,null,null,null,"MIFRS"]
[]
["Did you update your depreciation and capitalization policies?"]
[null,null,null,null,"Yes"]
[]
["When did you update your depreciation and capitalization policies?"]
[null,null,null,null,"2001-01-01",2013]
[]
["Identify the year that the applicant has adopted or is expected to adopt IFRS for financial reporting purposes"]
[null,null,null,null,"2015 or Later"]
[]
[]
["Are you applying for cost recovery for the test and/or future year(s) for Green Energy initiatives?"]
[null,null,null,null,"No"]
[]
[{"$f":"\"Is \" & E14 & \" an embedded distributor?\"","v":"Is Waterloo North Hydro Inc. an embedded distributor?"},null,null,null,"Yes"]
[]
[]
[null,"Notes",null,null,null,null,null,null,null,null,null,null,null,null,null,null,null,null,null,null,null,null,null,null,null,null,"Guelph Hydro Electric Systems Inc."]
[null,null,null,null,null,null,null,null,null,null,null,null,null,null,null,null,null,null,null,null,null,null,null,null,null,null,"Halton Hills Hydro Inc."]
[null,null,"Pale green cells represent input cells.",null,null,null,null,null,null,null,null,null,null,null,null,null,null,null,null,null,null,null,null,null,null,null,"Hearst Power Distribution Co. Ltd."]
[null,null,null,null,null,null,null,null,null,null,null,null,null,null,null,null,null,null,null,null,null,null,null,null,null,null,"Horizon Utilities Corporation"]
[null,null,"Pale blue cells represent drop-down lists.  The applicant should select the appropriate item from the drop-down list.",null,null,null,null,null,null,null,null,null,null,null,null,null,null,null,null,null,null,null,null,null,null,null,"Hydro 2000 Inc."]
[null,null,null,null,null,null,null,null,null,null,null,null,null,null,null,null,null,null,null,null,null,null,null,null,null,null,"Hydro Hawkesbury Inc."]
[null,null,"White cells contain fixed values, automatically generated values or formulae. ",null,null,null,null,null,null,null,null,null,null,null,null,null,null,null,null,null,null,null,null,null,null,null,"Hydro One Brampton Networks Inc."]
[null,null,null,null,null,null,null,null,null,null,null,null,null,null,null,null,null,null,null,null,null,null,null,null,null,null,"Hydro One Networks Inc."]
[null,null,null,null,null,null,null,null,null,null,null,null,null,null,null,null,null,null,null,null,null,null,null,null,null,null,"Hydro One Remote Communities Inc."]
[null,null,null,null,null,null,null,null,null,null,null,null,null,null,null,null,null,null,null,null,null,null,null,null,null,null,"Hydro Ottawa Limited"]
[null,null,null,null,null,null,null,null,null,null,null,null,null,null,null,null,null,null,null,null,null,null,null,null,null,null,"Innisfil Hydro Dist. Systems Limited"]
[null,null,null,null,null,null,null,null,null,null,null,null,null,null,null,null,null,null,null,null,null,null,null,null,null,null,"Kashechewan Power Corporation"]
[null,null,null,null,null,null,null,null,null,null,null,null,null,null,null,null,null,null,null,null,null,null,null,null,null,null,"Kenora Hydro Electric Corporation Ltd."]
[null,null,null,null,null,null,null,null,null,null,null,null,null,null,null,null,null,null,null,null,null,null,null,null,null,null,"Kingston Hydro Corporation"]
[null,null,null,null,null,null,null,null,null,null,null,null,null,null,null,null,null,null,null,null,null,null,null,null,null,null,"Kitchener-Wilmot Hydro Inc."]
[null,null,null,null,null,null,null,null,null,null,null,null,null,null,null,null,null,null,null,null,null,null,null,null,null,null,"Lakefront Utilities Inc."]
[null,null,null,null,null,null,null,null,null,null,null,null,null,null,null,null,null,null,null,null,null,null,null,null,null,null,"Lakeland Power Distribution Ltd."]
[null,null,null,null,null,null,null,null,null,null,null,null,null,null,null,null,null,null,null,null,null,null,null,null,null,null,"London Hydro Inc."]
[null,null,null,null,null,null,null,null,null,null,null,null,null,null,null,null,null,null,null,null,null,null,null,null,null,null,"Midland Power Utility Corporation"]
[null,null,null,null,null,null,null,null,null,null,null,null,null,null,null,null,null,null,null,null,null,null,null,null,null,null,"Milton Hydro Distribution Inc."]
[null,null,null,null,null,null,null,null,null,null,null,null,null,null,null,null,null,null,null,null,null,null,null,null,null,null,"Newmarket – Tay Power Distribution Ltd."]
[null,null,null,null,null,null,null,null,null,null,null,null,null,null,null,null,null,null,null,null,null,null,null,null,null,null,"Niagara Peninsula Energy Inc."]
[null,null,null,null,null,null,null,null,null,null,null,null,null,null,null,null,null,null,null,null,null,null,null,null,null,null,"Niagara-on-the-Lake Hydro Inc."]
[null,null,null,null,null,null,null,null,null,null,null,null,null,null,null,null,null,null,null,null,null,null,null,null,null,null,"Norfolk Power Distribution Ltd."]
[null,null,null,null,null,null,null,null,null,null,null,null,null,null,null,null,null,null,null,null,null,null,null,null,null,null,"North Bay Hydro Distribution Limited"]
[null,null,null,null,null,null,null,null,null,null,null,null,null,null,null,null,null,null,null,null,null,null,null,null,null,null,"Northern Ontario Wires Inc."]
[null,null,null,null,null,null,null,null,null,null,null,null,null,null,null,null,null,null,null,null,null,null,null,null,null,null,"Oakville Hydro Distribution Inc."]
[null,null,null,null,null,null,null,null,null,null,null,null,null,null,null,null,null,null,null,null,null,null,null,null,null,null,"Orangeville Hydro Limited"]
[null,null,null,null,null,null,null,null,null,null,null,null,null,null,null,null,null,null,null,null,null,null,null,null,null,null,"Orillia Power Distribution Corp."]
[null,null,null,null,null,null,null,null,null,null,null,null,null,null,null,null,null,null,null,null,null,null,null,null,null,null,"Oshawa PUC Networks Inc."]
[null,null,null,null,null,null,null,null,null,null,null,null,null,null,null,null,null,null,null,null,null,null,null,null,null,null,"Ottawa River Power Corporation"]
[null,null,null,null,null,null,null,null,null,null,null,null,null,null,null,null,null,null,null,null,null,null,null,null,null,null,"Parry Sound Power Corporation"]
[null,null,null,null,null,null,null,null,null,null,null,null,null,null,null,null,null,null,null,null,null,null,null,null,null,null,"Peterborough Distribution Inc."]
[null,null,null,null,null,null,null,null,null,null,null,null,null,null,null,null,null,null,null,null,null,null,null,null,null,null,"PowerStream Inc."]
[null,null,null,null,null,null,null,null,null,null,null,null,null,null,null,null,null,null,null,null,null,null,null,null,null,null,"PUC Distribution Inc."]
[null,null,null,null,null,null,null,null,null,null,null,null,null,null,null,null,null,null,null,null,null,null,null,null,null,null,"Renfrew Hydro Inc."]
[null,null,null,null,null,null,null,null,null,null,null,null,null,null,null,null,null,null,null,null,null,null,null,null,null,null,"Rideau St. Lawrence Distribution Inc."]
[null,null,null,null,null,null,null,null,null,null,null,null,null,null,null,null,null,null,null,null,null,null,null,null,null,null,"St. Thomas Energy Inc."]
[null,null,null,null,null,null,null,null,null,null,null,null,null,null,null,null,null,null,null,null,null,null,null,null,null,null,"Sioux Lookout Hydro Inc."]
[null,null,null,null,null,null,null,null,null,null,null,null,null,null,null,null,null,null,null,null,null,null,null,null,null,null,"Thunder Bay Hydro Electricity Distribution"]
[null,null,null,null,null,null,null,null,null,null,null,null,null,null,null,null,null,null,null,null,null,null,null,null,null,null,"Tillsonburg Hydro Inc."]
[null,null,null,null,null,null,null,null,null,null,null,null,null,null,null,null,null,null,null,null,null,null,null,null,null,null,"Toronto Hydro-Electric System Limited"]
[null,null,null,null,null,null,null,null,null,null,null,null,null,null,null,null,null,null,null,null,null,null,null,null,null,null,"Veridian Connections Inc."]
[null,null,null,null,null,null,null,null,null,null,null,null,null,null,null,null,null,null,null,null,null,null,null,null,null,null,"Wasaga Distribution Inc."]
[null,null,null,null,null,null,null,null,null,null,null,null,null,null,null,null,null,null,null,null,null,null,null,null,null,null,"Waterloo North Hydro Inc."]
[null,null,null,null,null,null,null,null,null,null,null,null,null,null,null,null,null,null,null,null,null,null,null,null,null,null,"Welland Hydro Electric System Corp."]
[null,null,null,null,null,null,null,null,null,null,null,null,null,null,null,null,null,null,null,null,null,null,null,null,null,null,"Wellington North Power Inc."]
[null,null,null,null,null,null,null,null,null,null,null,null,null,null,null,null,null,null,null,null,null,null,null,null,null,null,"West Coast Huron Energy Inc."]
[null,null,null,null,null,null,null,null,null,null,null,null,null,null,null,null,null,null,null,null,null,null,null,null,null,null,"Westario Power Inc."]
[null,null,null,null,null,null,null,null,null,null,null,null,null,null,null,null,null,null,null,null,null,null,null,null,null,null,"Whitby Hydro Electric Corporation"]
[null,null,null,null,null,null,null,null,null,null,null,null,null,null,null,null,null,null,null,null,null,null,null,null,null,null,"Woodstock Hydro Services Inc."]

{"sheet":"Table of Contents","index":1,"n_rows":39,"n_cols":6,"rows_kept":39,"cut":false,"hidden":false,"merged":[]}
[]
[]
[]
[]
[]
[]
[]
[]
[]
[]
[]
[]
[]
[]
[1,"LDC Information Sheet",null,null,26,"App.2-FC: Calculation of Renewable Generation Connection Direct Benefits/Provincial Amount: Renewable Expansion Investments"]
[2,"Index",null,null,27,"App.2-G: Service Reliability Indicators"]
[3,"Cost of Service Application Flowchart",null,null,28,"App.2-H: Other Operating Revenue"]
[4,"List of Key References",null,null,29,"App.2-I: Load Forecast CDM Adjustment Workform"]
[5,"App.2-AA: Capital Projects Table",null,null,30,"App.2-IA:  Actual and Forecast Load and Customer Data"]
[6,"App.2-AB: Capital Expenditures",null,null,31,"App.2-JA: OM&A Summary Analysis"]
[7,"App. 2-AC: Customer Engagement Worksheet",null,null,32,"App.2-JB: Recoverable OM&A Cost Driver Table"]
[8,"App.2-B: General Accounting Instructions",null,null,33,"App.2-JC: OMA Programs Table"]
[9,"App.2-BA: Fixed Asset Continuity Schedule",null,null,34,"App.2-K: Employee Costs"]
[10,"Appendix 2-BB: Service Life Comparison",null,null,35,"App.2-L: Recoverable OM&A Cost per Customer and per FTE"]
[11,"App.2-CA: 2012 Depreciation and Amortization Expense (Old CGAAP)",null,null,36,"App.2-M: Regulatory Costs Schedule"]
[12,"App.2-CB: 2012 Depreciation and Amortization Expense (New CGAAP)",null,null,37,"App.2-N: Shared Servcies and Corporate Cost Allocation"]
[13,"App.2-CC: 2013 Depreciation and Amortization Expense (New CGAAP)",null,null,38,"App.2-OA: Capital Structure and Cost of Capital"]
[14,"App.2-CD: 2014 Depreciation and Amortization Expense (MIFRS)",null,null,39,"App.2-OB: Debt Instruments"]
[15,"App.2-CE: 2015 Depreciation and Amortization Expense (MIFRS)",null,null,40,"App.2-P: Cost Allocation"]
[16,"App.2-CF: 2013 Depreciation and Amortization Expense (Old CGAAP)",null,null,41,"App.2-Q: Cost of Serving Embedded Distributor(s)"]
[17,"App.2-CG: 2013 Depreciation and Amortization Expense (New CGAAP)",null,null,42,"App.2-R: Loss Factors"]
[18,"App.2-CH: 2014 Depreciation and Amortization Expense (MIFRS)",null,null,43,"App.2-S: Stranded Meter Treatment"]
[19,"App.2-CI: 2015 Depreciation and Amortization Expense (MIFRS)",null,null,44,"App.2-TA: Account 1592, PILs and Tax Variances"]
[20,"App.2-D: Overhead Expenses",null,null,45,"App.2-TB: Account 1592, HST-OVAT Input Tax Credits"]
[21,"App.2-EA: Account 1575 PP&E Deferral Account (2015 IFRS Adopters)",null,null,46,"App.2-U: One-Time Incremental IFRS Transition Costs"]
[22,"App.2-EB: Account 1576 - Accounting Changes Under CGAAP (2012 Changes)",null,null,47,"App.2-V: Revenue Reconciliation"]
[23,"App.2-EC: Account 1576 - Accounting Changes Under CGAAP (2013 Changes)",null,null,48,"App.2-W: Bill Impacts"]
[24,"App.2-FA: Renewable Generation Connection Investment Summary",null,null,49,"App.2-Y: Transition to MIFRS Summary Impact"]
[25,"App.2-FB: Calculation of Renewable Generation Connection Direct Benefits/Provincial Amount: Renewable Enabling Improvement Investments",null,null,50,"App. 2-Z: Tariff Schedule"]

{"sheet":"COS Flowchart","index":2,"n_rows":6,"n_cols":2,"rows_kept":6,"cut":false,"hidden":false,"merged":[[5,1,5,6],[2,1,2,6],[3,1,3,6]]}
[]
[]
[]
[null,"Cost of Service Rate Application Schematic"]
[]
[null,"The Cost of Service Rate Application Schematic is a flowchart appended to Chapter 2 of the Filing Requirements as a guide for the components of an application and how demand and costs interrelate to derive the revenue requirement and then how the revenue requirement is allocated between classes and through fixed/variable splits to derive rates that will be compensatory for the annual revenue requirement, based on the the forecasted demand.  There is no form to be filled out; therefore, this Schedule is not required to be filed. "]

{"sheet":"List of Key References","index":3,"n_rows":5,"n_cols":2,"rows_kept":5,"cut":false,"hidden":false,"merged":[[2,1,2,11],[4,0,4,11]]}
[]
[]
[null,"List of Key References"]
[]
["A list of key references for understanding the Filing Requirements has been embedded in the document below. To access the list of references and associated hyperlinks doublt click the icon below."]

{"sheet":"App.2-AA_Capital Projects ","index":4,"n_rows":298,"n_cols":8,"rows_kept":298,"cut":false,"hidden":false,"merged":[[8,0,8,7],[9,0,9,7]]}
[null,null,null,null,null,null,"File Number:",{"$f":"EBNUMBER","v":"EB-2015-0108"}]
[null,null,null,null,null,null,"Exhibit:",2]
[null,null,null,null,null,null,"Tab:"]
[null,null,null,null,null,null,"Schedule:","Table 2-38"]
[null,null,null,null,null,null,"Page:",69]
[]
[null,null,null,null,null,null,"Date:","2015-05-01"]
[]
["Appendix 2-AA"]
["Capital Projects Table"]
["Projects","2011 Board Approved","2011 Actual","2012 Actual","2013 Actual","2014 Actual","2015 Bridge","2016 Test"]
["Reporting Basis","CGAAP","CGAAP","CGAAP","MIFRS","MIFRS","MIFRS","MIFRS"]
["System Access"]
["System Enhancements - Distribution Automation - 12"]
["Viper Recloser Installation                                                ",null,null,null,389560.73]
["Light Rail Transit Relocations - 21"]
["2015 - LRT - Caroline St, Allen St to Railway",null,null,null,null,null,215149]
["2015 - LRT - Erb St. FDB- Caroline St.",null,null,null,null,null,413010]
["2015 - LRT - Spur - Columbia St. ",null,null,null,null,null,760777]
["2015 - LRT - 27.6 kV King St.- Northfield Dr.",null,null,null,null,null,242336]
["2015 - LRT - 13.8 kV King St.- Northfield Dr. ",null,null,null,null,null,230400]
["2015 - LRT - 13.8 kV Northfield Dr. - Conestogo Rd. ",null,null,null,null,null,280221]
["2015 - LRT - Allen St - King St to Caroline St",null,null,null,null,null,261893]
["2014 - LRT - King St. - Union St to Allen St",null,null,null,null,null,336971]
["2014 - LRT - Spur - Erb St. ",null,null,null,null,null,214739]
["2014 - LRT - William St.- King St. to Caroline St.",null,null,null,null,null,471290]
["2016 - LRT - University Ave. Spur- Westmount Rd.",null,null,null,null,null,null,245642]
["2016 - LRT - 27.6 kV - King St.- Northfield Dr.",null,null,null,null,null,null,221444]
["2016 - LRT - 13.8 kV - King St.- Northfield Dr.",null,null,null,null,null,null,221444]
["2016 - LRT - 13.8 kV - King St.- Conestogo Rd. ",null,null,null,null,null,null,195059]
["2016 - LRT - 13.8 kV - Northfield Dr. - Conestogo Rd.",null,null,null,null,null,null,460277]
["2016 - LRT - Spur - Kumpf Dr.",null,null,null,null,null,null,222154]
["2016 - LRT - Spur - Quiet Pl.",null,null,null,null,null,null,202079]
["Municipal Relocations - 22"]
["Road Relocation Projects",293382.06962962961]
["Park Street - Union St to Allen St",267316.29629629629,258664.85]
["Barrel Yards - Father David Bauer Dr.",640438.68444444449]
["University Ave East, Regina St N to Conestoga Pkwy ",null,null,null,942943.85]
["Lexington Rd-Davenport Rd to Bridge St,Waterloo",null,null,null,412075.42]
["Erb St Duct Bank from Menno to FDB Dr.                                     ",null,null,null,247131.82]
["Father David Bauer Drive Duct Bank Erb to Rec Centre                       ",null,null,null,272510.71000000002]
["Erb St W, Caroline to Avondale Ave-Waterloo",null,null,null,null,261148.3]
["King Street N.- Weber St to X-Way",null,null,null,null,182460.79999999999]
["Weber St., Forwell Creek to Blythwood Rd",null,null,null,null,null,488324]
["King St., Printery Rd to Princess St., St Jacobs",null,null,null,null,null,209785]
[]
["Sawmill Rd., Northfield Dr to Golf Course Rd., Conestogo",null,null,null,null,null,342562]
["Shantz Station Rd., Kossuth to Menno",null,null,null,null,null,422354]
["Columbia St - Erbsville to F-H Rd.",null,null,null,null,null,348560]
["Woolwich St S, Woolwich St N to Dolman Breslau",null,null,null,null,null,222315]
["Erb St. HONI ROW to Wilmot Ln",null,null,null,null,null,337986]
["Caroline St - Allen St to John St.",null,null,null,null,null,345027]
["Bridgeport Rd/Caroline St, King St to Erb St",null,null,null,null,null,null,237956]
["Hutchinson Rd - Through Crosshill",null,null,null,null,null,null,179643]
["Erb St. - HONI to Costco",null,null,null,null,null,null,286095]
["Customer Connections - 23"]
["New Overhead Service Connections/Upgrades",864042.44888888893,654972.79,702431.68,439474.47,729068.1,724981,727131]
["New Underground Service Connections/Upgrades",870995.46666666667,638985.22,582981.80999999994,696554.55,454003.1,1413455,1429245]
["Expansions (Subdivisions) - 24"]
["Vista Hills - Wilmot Line",344309.0740740741]
["Galantai - Cook Homes - Woolwich St.",296094.34370370372]
["Greyerbiehl Ph 2 - Wilmot Line",344309.0740740741]
["Lunor Lands - Church St. - Elmira",344309.0740740741]
["Activa - Rural East ",256740.55555555556]
["Carriage Crossing Subd U/G Dist. (Millenium Blvd)                          ",null,311870.78999999998]
["Riverland 2D Subdivision                                                   ",null,199686.73]
["Vista Hills Subdivision, West End of Waterloo",null,null,228172.09]
["Clair Creek Meadows Subdivision, West End of Waterloo",null,null,268078.62]
["Clair Meadows Sub, Stg. 5                                                  ",null,null,241202.91]
["Townline Estates Subdivision, West End of Waterloo",null,null,234491.51]
["Woolwich Estates Sub - Wat ( Carriage Way, Pelham St & Preakness St )      ",null,null,271897.43]
["Country club Estates Sub-(Lunor Group) - Elmira                            ",null,null,null,382481.17]
["Greyerbiehl Subdivision, West End of Waterloo",null,null,null,267756.2]
["Carriage Crossing - Stg2 Ph1 - Activa Holdings Inc.                        ",null,null,null,null,181833.8]
["Galantai - Woolwich St. - 72 Lots",null,null,null,null,null,222531]
["Subdivisions - 200 lots",null,null,null,null,null,null,593795]
["Expansions (Lines) - 25"]
["Cober Rd - New line for Airport supply (design only) 1",204132.44444444444]
["Columbia St. Extension - Rhine Fall Dr. to Wilmot Line",316016.47259259259]
["Conestoga Rd Feeder Egress/rebuild 2 of 2",446307.97333333333]
["HAS (TS) New Feeder Cable Installation",334359.40740740742]
["Greenwood Hill Rd- Weimar Line to Ferris Dr,Wellesley",null,212502.85]
["Columbia St. W. - UG Feeder",null,177741.91]
["Gerber Rd - Greenwood Hill to Nafziger,Wellesley ",null,305680.87]
["Erb St W.-Erbsville to Wilmot Line - Duct Bank                             ",null,179882.98]
["Allen St.West-Park St to Dunbar Rd,Waterloo ",null,null,449674.5]
["Sawmill Road - Snyder Flats Rd to Bloomingdale DS.   ",null,null,367488.98]
["Albert Street, University Ave to Caroline St, Waterloo",null,null,598444.37]
["Sundew Drive 600A Feeder, West End of Waterloo",null,null,553056.38]
["Northfield Dr. - Conestogo town limits to University Ave",null,null,null,460328.28]
["West Side Subdivision Duct Bank Main Feeder   ",null,null,null,303726.77]
["Columbia St W under HONI - UG Feeders                                      ",null,null,null,210886.62]
["Gerber Rd, Nafzinger Rd to Hutchinson Rd",null,null,null,null,265981.59999999998]
["LTLT - 26"]
["Wilmot Line - Wideman Rd to Erb St",null,null,395448.86]
["Perth Ln, Wilmot Easthope Rd to Rd 116",null,null,null,null,430707.1]
["Line 86, Manser Rd to 7810 Line 86",null,null,null,null,null,420482]
["Retail Meters - 28"]
["Residential Meters (Retail)",null,null,null,null,null,220898,210467]
["C&I Meters >50kW (Retail)",315249.66074074071,null,null,178613.45,null,313457,306402]
[]
["Various Projects Less Than Materiality (OEB Miscellaneous)",839234.10074074101,2676468.568451704,2942477.60199642,3463840.5825412832,3120730.300827045,1625005,884025]
["Sub-Total",{"$f":"SUM(B14:B102)","v":6977237.1466666674},{"$f":"SUM(C14:C102)","v":5616457.5584517047},7835846.7419964205,8667884.6225412842,5625933.1008270448,11084508,6622858]
["System Renewal"]
["Overhead Line Renewal - 1"]
["44kV Ckt Rebuild, Bloomingdale to Zubers",413195.22740740742]
["Conestoga Rd Rebuild - 1 of 2 stage",431008.33333333331]
["Reid Woods Dr. - Rebuild, Elmira TS to Northfield 1 of 2",705296.34370370372]
["William Hastings Line (Reg.#5) - Manser Rd. to Hutchinson Rd.              ",null,304175.71999999997]
["Woolwich St. Reconductoring, Ebycrest to Menno                             ",null,249711.82]
["King St N - Bridge to Farmer's Market Road                                 ",null,319413.53000000003]
["Conestogo Road - Scheifele DS to Dotzert Ct,Waterloo",null,785251.77]
["Reid Woods Dr, E of Arthur St to Northfield Dr ",null,278148.56]
["Northfield Dr-Conestogo Rd to King St N,Waterloo",null,null,390067.7]
["Northfield Drive E., Reid Woods Dr to Line 86",null,null,null,667591.43999999994]
["Arthur St North, Elmira, Florapine Rd to Sandy Hills Dr",null,null,null,228968.12]
["Colby Drive",null,null,null,null,858440.2]
["William Hastings, Manser to Lichty",null,null,null,null,null,null,262223]
["Underground Line Renewal - 2"]
["Bluevale T.H. Phase 1 ",452207.40740740742]
["Heidelberg - Wellesley Side",446657.77777777775]
["Heidelberg - Woolwich Side",551674.07407407404]
["Underground Capital Operations Department ",326062.67111111112]
["Rebuild  Lee Ave and Colonial Drive                                        ",null,467821.64]
["Heidelberg (Woolwich)U/G cable and transformer replacement                 ",null,594150.34]
["Bluevale townhouses Phase 2 underground cable replacement                  ",null,330353.78000000003]
["Heidelberg I U/G cable and transformer replacement",null,235629.15]
["HSA Rehab - Replace Feeder Cables",null,239061.3]
["Mockingbird Dr, Elmira - Cable Replacement                                 ",null,null,236501.14]
["Tallman Drive Cable replacement                                            ",null,null,269906.3]
["Underground Cable replacement on Village Road in Wellesley                 ",null,null,195292.93]
["Birdland Phase 1, Elmira Cable Replacement                                 ",null,null,180825.79]
["St Jacobs - Twp of Wool ( Young St, Water St ) Cable Repl.                 ",null,null,null,228278.27]
["Birdland Phase 1 Cable Replacement, Elmira",null,null,null,204666.21]
["Sunset Pl, Elmira, Primary Cable and Transformer Replacement               ",null,null,null,null,301142.7]
["Elmira Birdlands Phase 3                                                   ",null,null,null,null,698160.2]
["UG Rebuild Westmount Phase 3, Stanley & Forsyth",null,null,null,null,292783.59999999998]
["2015 Fox Hunt Area -  Davenport Rd.",null,null,null,null,null,248863]
["2015 Green Warbler - Elmira",null,null,null,null,null,333833]
["2015 Aspen Drive  - Elmira",null,null,null,null,null,231692]
["2016 Lakeshore North Ph 8",null,null,null,null,null,null,250824]
["2016 Lakeshore North Ph 9",null,null,null,null,null,null,558293]
["Overhead Line Renewal - Failing Conductor - 3"]
["2011 City of Waterloo #6/4 Replacement",193815.19018641923]
["2011 Elmira #6 Conductor Replacement",399049.2536673799]
["Backlot Meadowlark Rd-Pole Line Rebuild (#6 primary)        ",null,214529.66]
["Ernst/Brubacher St, Elmira - #6 copper                                     ",null,null,204453.43]
["Stanley Dr. - 4kV Rebuild - #6 copper",null,null,360588.33]
["Park Ave., Elmira - Arthur St. to Centre St. ",null,null,null,197756.21]
["Noecker Street, Brighton St to Elgin Cs",null,null,null,null,221397]
["Shantz Station Rd, Menno St to Victoria St, Woolwich ",null,null,null,null,855375.9]
["Royal St., Waterloo - backlot pole line rebuild                            ",null,null,null,null,474064.2]
["Buehler Line/Rd. 116 Pole Line Rebuild                                     ",null,null,null,null,359252.5]
["Duke Street backlot rebuild, Elmira",null,null,null,null,313380.59999999998]
["#4/#6 Lichty Rd from Perth Line",null,null,null,null,null,187366]
["#6: Cardinal, Robin, Second, Bluebird, Backlot",null,null,null,null,null,549328]
["#6: Killdeer backlot from First St W. ",null,null,null,null,null,320347]
["#6: Sawmill Rd, Conestogo - side streets",null,null,null,null,null,null,330981]
["#6: Buehler Ln - Lavery Rd to Lichty Rd",null,null,null,null,null,null,578988]
["Overhead Line Renewal (8kV) - 4"]
["27.6kV to Wellesley-Weimar Line-Moser Young to Bamburg Limits",296478.0740740741]
["44 kV Circuit 1b. 27.6 Snyders Flats to Bloomingdale DS",280764.72740740742]
["Greenwood Hill Rd, Gerber Rd to 2.1 km N.  ",231603.22814814816]
["Greenwood Hill Rd, N of Weimar Line # 4 Rep. 2",291617.77777777775]
["Kossuth Pole Line Rebuild                                                  ",null,291146.63]
["Gerber Rd-Lawrence to Hutchison Rd, Wellesley",null,190589.29]
["Weimar Line - Moser-Young to Hutchison Rd,Wellesley",null,186648.9]
["Lobsinger Line - Rebuild, Town of Heidelberg ",null,177849.26]
["Lobsinger Line, Herrgott Rd to 1km West, St Clements",null,431522.06]
["Lobsinger Line PH3 - St. Clements limit to Hergott Rd.",null,350005.53]
["Sawmill Road 2cct Rebuild - St. Jacobs to Conestogo",null,null,754135.25]
["Northfield Dr, Reid Woods Dr to Sandy Hills Dr, line rebuild",null,null,1018471.79]
["Queen's Bush Rd-Greenwood to Molesworth,Wellesley",null,null,242471.33]
["Queen's Bush Rd-Greenwood Hill to Molesworth St,Wellesley",null,null,null,205939.9]
["Maplewood Rd, Paradise Lake, Phase 1                   ",null,null,null,228300.97]
["Kennedy Rd. & Elroy Rd., Breslau",null,null,null,185771.42]
["Weimar Line, Paradise Lake to Maplewood Road",null,null,null,182108.89]
["Sawmill Rd and Northfield Dr, Conestogo",null,null,null,null,634375.30000000005]
["Menno St-Lonsdale Rd to Shantz Station Rd, Woolwich",null,null,null,null,231114.1]
["Weimar Line Ph1, Maplewood to Kressler   ",null,null,null,null,342805.2]
["Kressler Rd - Hessen Strasse to Lobsinger Ln",null,null,null,null,null,282755]
["New Jerusalem Rd - Scotch Ln to Sawmill Rd",null,null,null,null,null,582682]
["Floradale Rd - from existing 27.6kV to Florapine Rd + 3ph Ruggles Rd",null,null,null,null,null,265168]
["Deborah Glaister Ln - Chalmers Forest to Rd 116",null,null,null,null,null,null,295897]
["Woolwich/Guelph Townline - Victoria St to Chilligo Rd",null,null,null,null,null,null,199335]
["Nafziger Rd - Gerber Rd to Queen's Bush Rd",null,null,null,null,null,null,268740]
["Chilligo Rd - Kossuth Rd to Woolwich/Guelph Townline",null,null,null,null,null,null,692257]
["Scotch Line, New Jerusalem Rd to Arthur St",null,null,null,null,null,null,385294]
["Overhead Line Renewal (4kV) - 5"]
["2011 Overhead 4kV Conversions",465919.48296296294]
["HS New 13.8 kV Feeder 3. - Parkside, Weber - Bearinger  ",330415.79407407407]
["HS New 13.8 kV Feeder 4 - Quiet Pl., Parkside to Albert",314625.30814814812]
["HS New 13.8 kV Feeder 5 - Albert, Quiet Pl to Columbia",261845.33333333334]
["Phillip Street, Albert St to Columbia St",null,413113.19]
["Bluevale Street North, Lincoln Rd to 291 Bluevale St",null,176916.48000000001]
["Quiet Place, Waterloo",null,202927.23]
["Albert Street - Quiet Pl to University Ave",null,701114.27]
["Keats Way - F-H Rd to University Ave                                       ",null,null,584623.56000000006]
["Barnswallow, Elmira                                                        ",null,null,292942.08000000002]
["Bluevale St. / Erb St. E. / Goldbeck St",null,null,271020.45]
["University Ave - Regina to Albert St                                       ",null,null,null,255841.66]
["Phillip Street, Columbia St to University Ave",null,null,null,180286.72]
["Lodge Street, Regina St to Weber St",null,null,null,280024.03999999998]
["Oriole - Arthur to Meadowlark, Bobolink & Goldfinch                        ",null,null,null,203616.5]
["University Avenue - Regina to Albert                                       ",null,null,null,null,197437.4]
["Wissler Rd Ph1, Northfield to Bridge",null,null,null,null,408355.8]
["Lincoln Road, Bluevale St N to Mayfield Ave",null,null,null,null,198660.3]
["Birdland 4kV Rebuild - Whippoorwill Rd",null,null,null,null,null,220914]
["Roslin Ave - Erb St to Norman St - Uptown West",null,null,null,null,null,340384]
["City 4kV - John St - King St to Moore Ave",null,null,null,null,null,null,184736]
["City 4kV - Allen St - Railway to Weber St and side streets",null,null,null,null,null,null,264024]
["City 4kV - Union St - King St to Weber St",null,null,null,null,null,null,431717]
["City 4kV - Weber St - Allen St to Hartwood Ave",null,null,null,null,null,null,271184]
["City 4kV - William St & Willow Sts - Regina St to Allen St",null,null,null,null,null,null,210022]
["Overhead Line Refurbishment (4kV)"]
["4kV OH Conversions",null,null,null,null,null,null,205390]
["Reactive Renewal (Storms and Damage) - 7"]
["2013 - Ice Storm Capital Repairs April 11 and 12                           ",null,null,null,341385.14]
["2013 - Wind and Rain Storm July 19 / 20, 2013                              ",null,null,null,183797.64]
["2013 - Ice Storm December 21, 2013                                         ",null,null,null,null,276422.40000000002]
["2015 Storm and Equipment Damage",null,null,null,null,null,190963]
["2016 Storm and Equipment Damage",null,null,null,null,null,null,228539]
["Proactive Renewal (Inspection and Testing Outcomes) - 8"]
["2011 - Depreciated Pole Replacement",447889.22074074077,371415.38,325910.53000000003]
["2011 - Underground Distribution Replacement",null,181505.26]
["2011 - Loadbreak Replacement",null,178308.33]
["2011 - Designated Danger Poles",null,278098.02]
["2012 - Re-Insulating OH Lines                                              ",null,null,193140.94,null,180063.7]
["2012 - PMH to Dielectric Switch",null,null,200471.13]
["2013 - Underground Transformer Replacement",null,null,null,null,228386.7]
["Station Breaker Renewal - 9"]
["HSB Breaker Refurbishment Option - 2 Buses",null,null,null,null,null,193460]
["HSB Breaker Refurbishment Option - 2 Buses, Phase 2 of 2",null,null,null,null,null,null,193611]
[]
["Envelope $400,000 Settlement Agreement Deduction to Move to WIP",-400000]
["Various Projects Less Than Materiality (OEB Miscellaneous)",1597983.3066962119,1582560.0115482714,3532720.9480035882,3794668.9121055459,2640119.2750180559,2517351,2368976]
["Sub-Total",{"$f":"SUM(B106:B236)","v":8038108.5320314933},{"$f":"SUM(C106:C236)","v":9731967.1115482729},9253543.6280035898,7569002.0421055462,9711737.0750180557,6465106,8181031]
["System Service"]
["System Enhancements - Localized Capacity Deficiency - 11"]
["Huntsberger Rd - Katherine St to Golf Course Rd",null,null,null,null,null,null,407011]
["Northfield Dr - Weber St to Westmount Rd",null,null,null,null,null,null,401821]
["System Enhancements - Distribution Automation - 12"]
["2011 Distribution Automation",630586.37037037034]
["2014 Tavrida's installation                                                ",null,null,null,null,-279168.62]
["2014 Viper Installations                                                   ",null,null,null,null,1263124]
["2015 Viper Reclosers",null,null,null,null,null,1107418]
["2016 Recloser Program",null,null,null,null,null,null,1035635]
["Stations Building Upgrades - 15"]
["HSTS Driveway Asphalt Paving                                               ",null,null,null,null,276772.7]
["Stations Equipment Upgrades - 16"]
["ERTS Rehab - Protection Upgrades",null,307371.78000000003]
["HSB Rehab - Feeder Protection Upgrades",null,377857.82]
["Rush Feeder Prot. Upgrade                                                  ",null,null,213004.34]
["HSA Transformer Bus Duct Retrofit                                          ",null,null,289241.68]
["HSA T1 Bus Duct Rebuild                                                    ",null,null,261617.26]
["HSB Bulk Protection Engineering                                            ",null,null,null,848345.38]
["DS29 Rehab                                                                 ",null,null,null,null,240172.5]
["SCADA Upgrades - 17"]
["SCADA Master Replacement",834355.5555555555,572058.25]
["Dark Fibre IRU",null,null,240879.1]
[]
["Various Projects Less Than Materiality (OEB Miscellaneous)",554274.45037037041,575511.62999999989,645052.03999999992,725522.2098736359,810775.40415490745,419130,561483]
["Sub-Total",{"$f":"SUM(B239:B262)","v":2019216.3762962963},{"$f":"SUM(C239:C262)","v":1832799.48},1649794.42,1573867.5898736359,2311675.9841549075,1526548,2405950]
["General Plant"]
["Land - New Service Centre & Administration Building                                            ",1483905,1489660.19]
["New Service Centre & Adminstration Building                                    ",23556990.290452015,18007516.489999998,635404.13]
["Roof -  New Building                                                       ",null,608000]
["Mechanical - New Building                                                  ",null,3639358.63]
["Parking Lot - New Building                                                 ",null,581259.26]
["Communications Tower - New Building                                        ",null,218009]
["Furniture - New Building *                                                ",1700000,536972.41]
["Corporate Server Upgrade for ERP/CIS/Billing Legacy Systems",225000,184917.71]
["2011 - R11 - 50' SIngle Bucket Material Handler Aerial Device              ",340560.18518518517,307928.5]
["Telephone System - New Building",null,199696.19]
["Generator - New Building                                                   ",null,267463.75]
["Security Equipment - New Building                                          ",null,341198]
["Equipment - New Building",null,676435.65]
["Capitalized Interest on Building",null,330976.33146424999]
["Operational Data Store System",null,215747]
["2012 - R12 Single Bucket                                                   ",null,null,296480.76]
["2013 - R20 Radial Boom Derrick                                             ",null,null,null,395692.25]
["2014 - R41 Single Bucket Service Truck                                     ",null,null,null,null,307291.7]
["2014 - R42 NEW 55 ft Model 400 Single Bucket MHAD                          ",null,null,null,null,391103.2]
["2014 - R43 New UG Workbody/Step Van                    ",null,null,null,null,207661.5]
["Outage Mgmt System",null,null,null,null,null,193000]
["R53 - 68' Single Elevator Large Vehicle",null,null,null,null,null,424349]
["R52 - 55' SB MHAD Large Vehicle",null,null,null,null,null,405071]
["Asset Management Software Implementation",null,null,null,null,null,null,277128]
["New Customer Information System Software",null,null,null,null,null,null,340779]
["R60 - RBD Large Vehicle",null,null,null,null,null,null,454513]
[]
["Various Projects Less Than Materiality (OEB Miscellaneous)",1300279,1967291.120000001,2448382.6199999996,1744869.9299999997,1138603.3399999999,1210030,796658]
["Sub-Total",{"$f":"SUM(B265:B292)","v":28606734.475637201},{"$f":"SUM(C265:C292)","v":29572430.231464252},3380267.51,2140562.1799999997,2044659.7399999998,2232450,1869078]
["Miscellaneous"]
["Total",{"$f":"+B103+B237+B263+B293","v":45641296.530631661},{"$f":"+C103+C237+C263+C293","v":46753654.381464228},22119452.300000012,19951316.434520464,19694005.900000006,21308612,19078917]
["Less Renewable Generation Facility Assets and Other Non Rate-Regulated Utility Assets (input as negative)"]
["Total",{"$f":"+B295+B296","v":45641296.530631661},{"$f":"+C295+C296","v":46753654.381464228},22119452.300000012,19951316.434520464,19694005.900000006,21308612,19078917]
[" * Furniture also included Equipment in 2011 Board Approved, 2011 Actual allocated to correct Capital Asset Account"]

{"sheet":"App.2-AB_Capital Expenditures","index":5,"n_rows":35,"n_cols":21,"rows_kept":35,"cut":false,"hidden":false,"merged":[[15,16,15,20],[8,0,8,7],[9,0,9,7],[35,0,36,13],[32,0,33,13],[29,0,30,13],[12,0,15,0],[12,1,12,15],[15,1,15,2],[15,4,15,5],[15,7,15,8],[15,10,15,11],[15,13,15,14],[12,16,12,20],[13,1,13,3],[13,4,13,6],[13,18,14,18],[13,19,14,19],[13,20,14,20],[13,7,13,9],[13,10,13,12],[13,13,13,15],[13,16,14,16],[13,17,14,17]]}
[null,null,null,null,null,null,null,null,null,null,null,null,null,null,null,null,null,null,"File Number:",null,{"$f":"EBNUMBER","v":"EB-2015-0108"}]
[null,null,null,null,null,null,null,null,null,null,null,null,null,null,null,null,null,null,"Exhibit:",null,2]
[null,null,null,null,null,null,null,null,null,null,null,null,null,null,null,null,null,null,"Tab:"]
[null,null,null,null,null,null,null,null,null,null,null,null,null,null,null,null,null,null,"Schedule:",null,"Table 2-31"]
[null,null,null,null,null,null,null,null,null,null,null,null,null,null,null,null,null,null,"Page:",null,59]
[]
[null,null,null,null,null,null,null,null,null,null,null,null,null,null,null,null,null,null,"Date:",null,"2015-05-01"]
[]
["Appendix 2-AB"]
["Table 2 - Capital Expenditure Summary from Chapter 5 Consolidated\nDistribution System Plan Filing Requirements"]
[]
["First year of Forecast Period:",{"$f":"TestYear","v":2016}]
["CATEGORY","Historical Period (previous plan1 & actual)",null,null,null,null,null,null,null,null,null,null,null,null,null,null,"Forecast Period (planned)"]
[null,{"$f":"E14-1","v":2011},null,null,{"$f":"H14-1","v":2012},null,null,{"$f":"K14-1","v":2013},null,null,{"$f":"N14-1","v":2014},null,null,{"$f":"Q14-1","v":2015},null,null,{"$f":"B12","v":2016},{"$f":"Q14+1","v":2017},{"$f":"R14+1","v":2018},2019,2020]
[null,"Plan","Actual","Var","Plan","Actual","Var","Plan","Actual","Var","Plan","Actual","Var","Plan","Actual2","Var"]
[null,"$ '000",null,"%","$ '000",null,"%","$ '000",null,"%","$ '000",null,"%","$ '000",null,"%","$ '000"]
["System Access",null,5616457.5584517047,{"$f":"IF(ISERROR((C17-B17)/B17),\"--\",(C17-B17)/B17)","v":"--"},null,7835846.7419964205,{"$f":"IF(ISERROR((F17-E17)/E17),\"--\",(F17-E17)/E17)","v":"--"},null,8667884.6225412842,{"$f":"IF(ISERROR((I17-H17)/H17),\"--\",(I17-H17)/H17)","v":"--"},null,5625933.1008270448,{"$f":"IF(ISERROR((L17-K17)/K17),\"--\",(L17-K17)/K17)","v":"--"},null,11084508,{"$f":"IF(ISERROR((O17-N17)/N17),\"--\",(O17-N17)/N17)","v":"--"},6622858,5892104.1200000001,6020046.2023999998,5946859.1264479998,6085795.868976959]
["System Renewal",null,9731967.1115482729,{"$f":"IF(ISERROR((C18-B18)/B18),\"--\",(C18-B18)/B18)","v":"--"},null,9253543.6280035898,{"$f":"IF(ISERROR((F18-E18)/E18),\"--\",(F18-E18)/E18)","v":"--"},null,7569002.0421055462,{"$f":"IF(ISERROR((I18-H18)/H18),\"--\",(I18-H18)/H18)","v":"--"},null,9711737.0750180557,{"$f":"IF(ISERROR((L18-K18)/K18),\"--\",(L18-K18)/K18)","v":"--"},null,6465106,{"$f":"IF(ISERROR((O18-N18)/N18),\"--\",(O18-N18)/N18)","v":"--"},8181031,8545000,9438200,8800764,8975779.2800000012]
["System Service",null,1832799.48,"--",null,1649794.42,"--",null,1573867.5898736359,"--",null,2311675.9841549075,"--",null,1526548,"--",2405950,1680000,1725200,1175404,1175612.08]
["General Plant",null,29572430.231464252,"--",null,3380267.51,"--",null,2140562.1799999997,"--",null,2044659.74,"--",null,2232450,"--",1869078,2813765.16,1661175.6232,1670309.1356639999,1649525.3183772801]
["TOTAL EXPENDITURE",{"$f":"SUM(B17:B20)","v":0},{"$f":"SUM(C17:C20)","v":46753654.381464228},"--",0,22119452.300000012,"--",0,19951316.434520464,"--",0,19694005.900000006,"--",0,21308612,"--",19078917,18930869.280000001,18844621.825599998,17593336.262111999,{"$f":"SUM(U17:U20)","v":17886712.54735424}]
["System O&M",null,4855570,"--",null,5730973,"--",null,7406564,"--",null,8092236,"--",null,7625441,"--",7547972]
["(1) This is Waterloo North Hydro's first Distribution System Plan and as such planned expenditures are not provided."]
["Notes to the Table:"]
["1.  Historical “previous plan” data is not required unless a plan has previously been filed"]
["2.  Indicate the number of months of 'actual' data included in the last year of the Historical Period (normally a 'bridge' year):"]
[]
["Explanatory Notes on Variances (complete only if applicable)"]
["Notes on shifts in forecast vs. historical budgets by category"]
[]
[]
["Notes on year over year Plan vs. Actual variances for Total Expenditures"]
[]
[]
["Notes on Plan vs. Actual variance trends for individual expenditure categories"]

{"sheet":"App. 2-AC_Customer Engagement","index":6,"n_rows":37,"n_cols":3,"rows_kept":37,"cut":false,"hidden":false,"merged":[[9,0,9,2],[8,0,8,2]]}
[null,"File Number:",{"$f":"EBNUMBER","v":"EB-2015-0108"}]
[null,"Exhibit:",1]
[null,"Tab:"]
[null,"Schedule:","Attachment 1-6"]
[null,"Page:",137]
[]
[null,"Date:","2015-05-01"]
[]
["Appendix 2-AC"]
["Customer Engagement Activities Summary"]
[]
["Provide a list of customer engagement activities","Provide a list of customer needs and preferences identified through each engagement activity","Actions taken to respond to identified needs and preferences.  If no action was taken, explain why."]
["Approximately 5,000-10,000 customer walk ins per year to office for service","Need to explain the bill, need to make payment arrangements, account balances, billing inquiries, services such as e-Billing, TOU rates, outages, conservation programs,  bill components\n","Maintain this service option including an ability to make payment in-person. Trained all front office staff to handle majority of issues"]
["42,782 Inbound phone calls to WNH in 2014","Need to explain the bill, need to make payment arrangements, account balances, billing inquiries, services such as e-Billing, TOU rates, outages, conservation programs,  bill components\n","Trained all front office staff to handle inquiries"]
["2,512 inbound written enquires were responded to by WNH in 2014","Need to explain the bill, need to make payment arrangements, account balances, billing inquiries, services such as e-Billing, TOU rates, outages, conservation programs,  bill components\n","Trained all front office staff to handle inquiries"]
["Annual vegetation control program ","Need to confirm scope of work on each property to safely establish right of way\n","Notices of Annual Tree Trimming to all customers in the area with an explanation as to why this work is necessary. If customers have further inquiries they are directed to call the operations department at WNH"]
["Approximately 100 Forestry Customer Calls in 2014","Requests to cut back trees interfering with power lines ","Customers required to sign off on work consent before work begins. WNH will continue to investigate all customer requests. "]
["Locating electrical infrastructure, approximately 10,000 requests per year","Need to build new infrastructure requires electrical plant to be safely located so construction can proceed\n","Locates are all now scheduled through On1Call as mandated by the Government of Ontario. On1Call then contacts WNH to set up appointment"]
["Approximately 5,000 power outaged routed calls and service calls to the control room in 2014","Customer request for information on power outages\n","Developing and utilizing Outage Management Software as well as increase usage of social media updates"]
["Electrical Safety Awareness training - 81 Elementary school presentations in 2014","Need for elementary students  to understand and respect electrical system hazards as well as need for future electricity consumers to understand Ontario's electrical system","Offer an in-classroom program for elementary school students in the Region of Waterloo"]
["Construction Projects Including: Line Rebuilds, Area Plan Development, and Line Relocations ","Need for coordinated, multi utility infrastructure development according to customer schedule and budgets","WNH solicits information about plans and requests input and/or concerns from customers. Depending on the project various notifications are done - see details in exhibit 1. Pre-Construction notices are sent describing timelines and details. "]
["High Consumption Energy Users","Need to control electricity consumption, need to understand the bill, need to reduce electricity costs","Business customer breakfast sessions, meetings through Chamber of Commerce, individual customer meetings, provide expert advise on metering, supply and power quality issues"]
["Municipal Government Consultations","Need for shared information on planning and development ","Plans need to be communicated in order to ensure appropriate design or construction decisions and system planning"]
["Customer Demand Work","Customer require new services, service upgrades, increased transformation, sevice new developments including subdivisions","Requets are managed through a customer que with appropriate prioritzation"]
["Trouble call response","Customer need for power restoration","24/7 coverage with ability to call in necessary resources to respond to most contingency situations"]
["Participation in conservation programs - Businesses","Since 2011 WNH has helped 350 business customers reduce consumption by replacing building systems and infrastructure resulting in savings of $3.8 Million to their bottom line, with incentives of $3.5 Million","Continue to promote CDM programs and encourage the use of incentive programs for local businesses"]
["Participation in conservation programs - Residents","Bill inserts, brochure handouts and traditional marketing channels were utilized about topics of interest and relevance to customers","Provide all OPA programs in demand with local resources"]
["Roving Energy Managers","Need for technical expertise to identify and implement complex industrial conservation projects","Continued utilization of roving energy manager and energy advisors to support retrofit projects"]
["UtilityPulse Customer Satisfaction Survey 2014","Customers want low price and high value, customer service, company leadership, the business to be a good corporate steward, operational effectiveness and power quality/reliability. Customers require various communication channels to be kept informed","Working on a communication plan as to how we can better inform our customers on information that is important to them. i.e. current usage, energy savings, and outage information"]
["Innovative Research - Customer Consultation Winter 2015","Customers want continued delivery of high quality services, reliability of service, affordable electricity costs, assistance to reduce consumption and thereby costs, as well as better information when outages occur.  ","Refer to Exhibit 1 - WNH's Response to Customer Preferences"]
["Conducts Open House meetings","Customers are informed of engineering design changes planned in their community and how they will be impacted.","WNH takes customer feedback into account when finalizing designs if practical. "]
["Chamber of Commerce events","WNH actively participates in its local Chamber of Commerce both on the Board of Directors and at events to interact with local business persons","WNH staff are able to hear their electricity concerns, provide industry education and assistance where needed. "]
["Sustainable Waterloo Region","WNH was a founding member of a local carbon reduction and energy conservation organization, Sustainable Waterloo Region. WNH is committed to conservation for its customers and organizations. ","WNH continues to demonstrate its role as a leader in environmental stewardship by committing to reduce its carbon footprint in the community. "]
["Doors Open Waterloo Event","WNH participated in a local annual event 'Doors Open' in which members of the public tour local area businesses. WNH received much interest and participation from the community, over 300 people toured WNH 's facilities.","Management was on hand to meet with WNH customers and discussed electricity concerns and electricity conservation practices"]
["Shareholder Meetings","WNH regulary meets with its shareholders to discuss WNH's plans, rates and the impact on customers.","WNH takes shareholder feedback and integrates into strategic planning"]
[]
["Note:  Use \"ALT-ENTER\" to go to the next line within a cell"]

{"sheet":"App.2-B_Acct Instructions","index":7,"n_rows":66,"n_cols":6,"rows_kept":66,"cut":false,"hidden":false,"merged":[[57,0,57,13],[59,0,59,13],[0,0,0,10],[1,0,1,10],[65,0,67,10],[5,0,5,10],[10,0,14,0],[9,4,9,5],[16,0,18,10],[19,0,21,10],[24,0,24,18],[33,0,35,10],[33,11,35,18],[41,0,43,10],[41,11,43,18],[27,0,29,10],[52,0,52,13],[55,0,55,18],[72,0,72,10],[72,11,72,18],[73,0,73,10],[73,11,73,18],[82,0,82,10],[82,11,82,18],[83,0,83,10],[83,11,83,18],[84,0,84,10],[74,11,74,18],[74,0,74,10],[75,11,75,18],[76,0,76,10],[76,11,76,18],[77,0,77,10],[77,11,77,18],[78,0,78,10],[78,11,78,18],[84,11,84,18],[79,0,79,10],[79,11,79,18],[80,0,80,10],[80,11,80,18],[81,0,81,10],[81,11,81,18],[89,0,89,10],[89,11,89,18],[87,0,87,10],[87,11,87,18],[85,0,85,10],[85,11,85,18],[86,0,86,10],[86,11,86,18],[92,11,92,18],[93,0,93,10],[93,11,93,18],[94,0,94,10],[94,11,94,18],[90,11,90,18],[91,0,91,10],[91,11,91,18],[88,0,88,10],[88,11,88,18],[90,0,90,10],[98,0,98,10],[98,11,98,18],[99,0,99,10],[99,11,99,18],[100,0,100,10],[100,11,100,18],[95,0,95,10],[95,11,95,18],[96,0,96,10],[96,11,96,18],[97,0,97,10],[97,11,97,18],[104,0,104,10],[104,11,104,18],[105,0,105,10],[105,11,105,18],[106,0,106,10],[106,11,106,18],[101,0,101,10],[101,11,101,18],[102,0,102,10],[102,11,102,18],[103,0,103,10],[103,11,103,18],[125,0,125,10],[125,11,125,18],[122,0,122,10],[122,11,122,18],[123,0,123,10],[123,11,123,18],[124,0,124,10],[124,11,124,18],[119,0,119,10],[119,11,119,18],[120,0,120,10],[120,11,120,18],[121,0,121,10],[121,11,121,18],[116,0,116,10],[116,11,116,18],[117,0,117,10],[117,11,117,18],[118,0,118,10],[118,11,118,18],[113,0,113,10],[113,11,113,18],[114,0,114,10],[114,11,114,18],[115,0,115,10],[115,11,115,18],[110,0,110,10],[110,11,110,18],[111,0,111,10],[111,11,111,18],[112,0,112,10],[112,11,112,18],[107,0,107,10],[107,11,107,18],[108,0,108,10],[108,11,108,18],[109,0,109,10],[109,11,109,18]]}
["General Instructions to MIFRS Appendices"]
["Types of Schedules to File"]
[]
["The purpose of this tab is to provide general instructions.  The specific instructions to each appendix are listed in footnotes of each appendix."]
[]
["The typical applicant is expected to have made capitalization and depreciation policy changes under CGAAP as permitted by the Board on January 1, 2012 or mandated by the Board by January 1, 2013, and adopts IFRS for reporting purposes on January 1, 2015 (transition date January 1, 2014).  In general, applicants under the two scenarios should provide the following information in the appendices:"]
[]
[]
[null,null,null,null,"Accounting Policy Changes in 2012 and Adopts IFRS in 2015","Accounting Policy Changes in 2013 and Adopts IFRS in 2015"]
[null,null,null,null,"(Date of Transition to IFRS 2014)"]
["Information to be filed in 2015 CoS Application",2015,"Test",null,"MIFRS","MIFRS"]
[null,2014,"Bridge",null," MIFRS and Revised CGAAP*"," MIFRS and Revised CGAAP*"]
[null,2013,"Historical",null,"Revised CGAAP","CGAAP and Revised CGAAP"]
[null,2012,"Historical",null,"CGAAP and Revised CGAAP","CGAAP"]
[null,"2011 and Prior","Historical",null,"CGAAP","CGAAP"]
[]
["1) For the year that the applicant implemented changes to its capitalization and depreciation policies (2012 or 2013), the applicant must file two appendices, one before and one after the policy changes."]
[]
[]
["2)  For the transition year (2014), the applicant may file two appendices, one under Revised CGAAP and one under MIFRS depending, on the materiality of impacts.  See the specific instructions under each appendix below for further details."]
[]
[]
[]
[]
["Appendix 2-BA - Fixed Asset Schedule "]
[]
["Applicants are to provide Appendix 2-BA in accordance with the years and corresponding accounting standards noted in the above table to provide a year over year continuity in fixed assets."]
["*For the transition year (2014), the applicant should file two appendices, one under Revised CGAAP and one under MIFRS if the change between Revised CGAAP and MIFRS is material.  If the change from the accounting standards is not material, the applicant may choose to only provide one appendix under MIFRS.  The applicant must also indicate the fixed asset net book value balance under Revised CGAAP, the total dollar value of the change and explain why it is not material."]
[]
[]
[]
["Regulatory Gross Assets of Property, Plant and Equipment"]
[]
["For an applicant that is adopting IFRS on January 1, 2015 for financial reporting purposes, the applicant must establish the continuity of historic cost by using the December 31, 2013 regulatory gross assets of property, plant and equipment as the opening January 1, 2014 regulatory gross assets.  The applicant must provide schedules (including Appendix 2-BA, Fixed Asset Continuity Schedule) which must identify the following details to substantiate the continuity of historic cost for regulatory purposes: "]
[]
[]
["·         December 31, 2013 regulatory gross assets of property, plant and equipment, by asset class; and"]
["·         January 1, 2014 regulatory gross assets of property, plant and equipment, by asset class."]
[]
["Accumulated Depreciation"]
[]
["For an applicant that is adopting IFRS on January 1, 2015 for financial reporting purposes, the applicant must establish the continuity of historic cost by using the December 31, 2013 regulatory accumulated depreciation as the opening January 1, 2014 regulatory accumulated depreciation.  The applicant must provide schedules (including Appendix 2-BA, Fixed Asset Continuity Schedule) which must identify the following details to substantiate the continuity of historic cost for regulatory purposes: "]
[]
[]
["·         December 31, 2013 regulatory accumulated depreciation, by asset class; and"]
["·         January 1, 2014 regulatory accumulated depreciation, by asset class."]
[]
["Appendix 2-C - Depreciation and Amortization "]
[]
["Applicants are to provide Appendix 2-C starting in the year capitalization and depreciation policy changes were implemented in accordance with the years and corresponding accounting standards listed in the above table.  "]
["If an applicant changed capitalization and depreciation policies effective January 1, 2012 and will adopt IFRS for reporting purposes effective January 1, 2015, the applicant must complete Appendix 2-CA to 2-CE (inclusive)."]
["If an applicant changed capitalization and depreciation policies effective January 1, 2013 and will adopt IFRS for reporting purposes effective January 1, 2015, the applicant must complete Appendix 2-CF to 2-CI (inclusive)."]
["*Depreciation accounting policy changes were mandated by the Board by January 1, 2013.  These accounting changes should be implemented consistent with the Board’s regulatory accounting policies as set out for MIFRS as contained in the Report of the Board, Transition to International Financial Reporting Standards (EB-2008-0408), the Depreciation Study for Use by Electricity Distributors (EB-2010-0178) and the Revised 2012 Accounting Procedures Handbook for Electricity Distributors.  In general, no further changes to an applicant's depreciation policy (i.e.  assets' service lives) are expected after the Board mandated changes by January 1, 2013.  The set of Appendix CA to CI assumes this to be the case.  If the applicant has made any changes to its depreciation policy subsequent to the Board mandated changes,  applicants must identify the change, explain the nature of the change, the reason for the change, quantify the impact of the change, and quantify the depreciation expense before and after the change."]
[]
[]
["Appendix 2-E - Account 1575, IFRS-CGAAP Transitional PP&E Amounts (2-EA), Account 1576, Accounting Changes Under CGAAP (2-EB, 2-EC)"]
[]
["If an applicant changed capitalization and depreciation policies effective January 1, 2012 and will adopt IFRS for reporting purposes effective January 1, 2015, the applicant must complete Appendix 2-EA and 2-EB.  If the applicant does not make any further PP&E accounting policy changes beyond the capitalization and depreciation policy changes as permitted by the Board on January 1, 2012 (i.e. no further changes made on transition to IFRS), the applicant must indicate this and does not need to complete Appendix 2-EA."]
[]
["If an applicant changed capitalization and depreciation policies effective January 1, 2013 and will adopt IFRS for reporting purposes effective January 1, 2015, the applicant must complete Appendix 2-EA  and 2-EC.   If the applicant does not make any further PP&E accounting policy changes beyond the capitalization and depreciation policy changes as mandated by the Board by January 1, 2013 (i.e. no further changes made on transition to IFRS), the applicant must indicate this and does not need to complete Appendix 2-EA."]
[]
["Please refer to section 2.12.4 and 2.12.5 of the Filing Requirements for further details."]
[]
["Appendix 2-YA - Summary of Impacts to Revenue Requirement from Transition to MIFRS"]
[]
["For  applicants adopting MIFRS, the applicants must provide a summary of the dollar impacts of  MIFRS to each component of the revenue requirement (e.g. rate base, operating costs, etc), including the overall impact on the proposed revenue requirement.  Accordingly, the applicants must identify financial differences and resulting revenue requirement impacts arising from the adoption of  MIFRS  as compared to CGAAP prior to capitalization and depreciation policy changes.  "]

{"sheet":"App.2-BA_Fixed Asset Cont 2011","index":8,"n_rows":85,"n_cols":13,"rows_kept":85,"cut":false,"hidden":false,"merged":[[84,1,85,12],[75,1,76,12],[78,1,78,12],[8,0,8,12],[9,0,9,12],[14,3,14,6],[60,2,60,8],[61,2,61,8],[72,1,73,12]]}
[null,null,null,null,null,null,null,null,null,null,null,"File Number:",{"$f":"EBNUMBER","v":"EB-2015-0108"}]
[null,null,null,null,null,null,null,null,null,null,null,"Exhibit:",2]
[null,null,null,null,null,null,null,null,null,null,null,"Tab:"]
[null,null,null,null,null,null,null,null,null,null,null,"Schedule:","Table 2-12"]
[null,null,null,null,null,null,null,null,null,null,null,"Page:",25]
[]
[null,null,null,null,null,null,null,null,null,null,null,"Date:","2015-05-01"]
[]
["Appendix 2-BA"]
["Fixed Asset Continuity Schedule "]
[]
[null,null,null,null,"Accounting Standard","CGAAP"]
[null,null,null,null,"Year ",2011]
[]
[null,null,null,"Cost",null,null,null,null,null,"Accumulated Depreciation"]
["CCA Class","OEB","Description","Opening Balance","Additions","Disposals","Closing Balance",null,"Opening Balance","Additions","Disposals","Closing Balance","Net Book Value"]
[12,1611,"Computer Software (Formally known as Account 1925)",3916790.79,658022.54,null,{"$f":"D17+E17+F17","v":4574813.33},null,-3223192.15,-508935.11,null,{"$f":"I17+J17+K17","v":-3732127.26},{"$f":"G17+L17","v":842686.0700000003}]
["CEC",1612,"Land Rights (Formally known as Account 1906)",394606.29,31950.14,null,{"$f":"D18+E18+F18","v":426556.43},null,0,0,null,{"$f":"I18+J18+K18","v":0},{"$f":"G18+L18","v":426556.43}]
["N/A",1805,"Land",1577530.41,1489660.19,null,{"$f":"D19+E19+F19","v":3067190.5999999996},null,0,0,null,{"$f":"I19+J19+K19","v":0},{"$f":"G19+L19","v":3067190.5999999996}]
[47,1808,"Buildings",8465549.7699999996,23882978.15146425,null,{"$f":"D20+E20+F20","v":32348527.921464249},null,-2555754.39,-198587.34,null,{"$f":"I20+J20+K20","v":-2754341.73},{"$f":"G20+L20","v":29594186.191464249}]
[13,1810,"Leasehold Improvements",null,null,null,0,null,0,0,null,0,0]
[47,1815,"Transformer Station Equipment >50 kV",29442100.540000003,888390.42,null,30330490.960000005,null,-8028692.46,-709960.76,null,-8738653.2200000007,21591837.740000002]
[47,1820,"Distribution Station Equipment <50 kV",4657396.22,2220.1,null,4659616.3199999994,null,-3116991.36,-79529.36,null,-3196520.7199999997,1463095.5999999996]
[47,1825,"Storage Battery Equipment",null,null,null,0,null,0,0,null,0,0]
[47,1830,"Poles, Towers & Fixtures",45116967.119999997,4930506.41,null,50047473.530000001,null,-19036299.050000001,-1852735.71,null,-20889034.760000002,29158438.77]
[47,1835,"Overhead Conductors & Devices",20981923.789999999,2714041.13,null,23695964.919999998,null,-7388990,-895887.31,null,-8284877.3100000005,15411087.609999998]
[47,1840,"Underground Conduit",13839928.32,917660.92,null,14757589.24,null,-6648605.8600000003,-541741.89,null,-7190347.75,7567241.4900000002]
[47,1845,"Underground Conductors & Devices",30650623.75,2187097.67,null,32837721.420000002,null,-15193535.439999999,-1199287.46,null,-16392822.899999999,16444898.520000003]
[47,1850,"Line Transformers",41330071.039999992,3155616.19,null,44485687.229999989,null,-17625971.379999999,-1700667.36,null,-19326638.739999998,25159048.489999991]
[47,1855,"Services (Overhead & Underground)",20424993.960000001,1139152.3800000001,null,21564146.34,null,-10227277.59,-768484.6,null,-10995762.189999999,10568384.15]
[47,1860,"Meters",9379724.2899999991,384911.85000000003,null,9764636.1399999987,null,-5696425.1699999999,-344018.59,null,-6040443.7599999998,3724192.379999999]
[47,1860,"Meters (Smart Meters)",null,null,null,0,null,0,0,null,0,0]
["N/A",1905,"Land",null,null,null,0,null,0,0,null,0,0]
[47,1908,"Buildings & Fixtures",null,null,null,0,null,0,0,null,0,0]
[13,1910,"Leasehold Improvements",null,null,null,0,null,0,0,null,0,0]
[8,1915,"Office Furniture & Equipment (10 years)",812409.48,674564.37,-16200,1470773.85,null,-640402.17000000004,-105172.52,12960,-732614.69000000006,738159.16]
[8,1915,"Office Furniture & Equipment (5 years)",null,null,null,0,null,0,0,null,0,0]
[10,1920,"Computer Equipment - Hardware",null,null,null,0,null,null,null,null,0,0]
[45,1920,"Computer Equip.-Hardware(Post Mar. 22/04)",null,null,null,0,null,0,0,null,0,0]
[45.1,1920,"Computer Equip.-Hardware(Post Mar. 19/07)",3035778.1,354468.77,null,3390246.87,null,-2792266.96,-171517.56,null,-2963784.52,426462.35000000009]
[10,1930,"Transportation Equipment",6874923.8099999996,851227.32000000007,-503885.31,7222265.8200000003,null,-5104875.43,-546481.34,514310.92,-5137045.8499999996,2085219.9700000007]
[8,1935,"Stores Equipment",180403.02,335734.59,null,516137.61,null,-105001.45,-44715.39,null,-149716.84,366420.77]
[8,1940,"Tools, Shop & Garage Equipment",831341.34,204266.05,null,1035607.3899999999,null,-550018.99,-74249.86,null,-624268.85,411338.53999999992]
[8,1945,"Measurement & Testing Equipment",685916.79,115101.38,null,801018.17,null,-584261.27,-29809.91,null,-614071.18000000005,186946.99]
[8,1950,"Power Operated Equipment",null,null,null,0,null,0,0,null,0,0]
[8,1955,"Communications Equipment",446090.95999999996,418651.64,null,864742.6,null,-163197.79999999999,-81335.399999999994,null,-244533.19999999998,620209.4]
[8,1955,"Communication Equipment (Smart Meters)",null,null,null,0,null,0,0,null,0,0]
[8,1960,"Miscellaneous Equipment ",678459.71299999999,679367.53,null,1357827.243,null,-510912.06,-94299.93,null,-605211.99,752615.25300000003]
[47,1970,"Load Management Controls Customer Premises",null,null,null,0,null,0,0,null,0,0]
[47,1975,"Load Management Controls Utility Premises",null,null,null,0,null,0,0,null,0,0]
[47,1980,"System Supervisor Equipment",2861400.95,738064.64,null,3599465.5900000003,null,-1986362.13,-159330.79,null,-2145692.92,1453772.6700000004]
[47,1985,"Miscellaneous Fixed Assets",null,null,null,0,null,0,0,null,0,0]
[47,1990,"Other Tangible Property",null,null,null,0,null,0,0,null,0,0]
[47,1995,"Contributions & Grants",-25788604.07,-1484110.08,null,-27272714.149999999,null,5928430.8300000001,1090908.57,null,7019339.4000000004,-20253374.75]
[47,2440,"Deferred Revenue5"]
[null,null,null,null,null,null,0,null,null,null,null,0,0]
[null,null,"Sub-Total",{"$f":"SUM(D17:D56)","v":220796326.38299999},{"$f":"SUM(E17:E56)","v":45269544.301464267},{"$f":"SUM(F17:F56)","v":-520085.31},{"$f":"SUM(G17:G56)","v":265545785.37446424},null,{"$f":"SUM(I17:I56)","v":-105250602.27999999},{"$f":"SUM(J17:J56)","v":-9015839.6199999992},{"$f":"SUM(K17:K56)","v":527270.91999999993},{"$f":"SUM(L17:L56)","v":-113739170.97999999},{"$f":"SUM(M17:M56)","v":151806614.39446422}]
[null,null,"Less Socialized Renewable Energy Generation Investments (input as negative)",null,null,null,{"$f":"D58+E58+F58","v":0},null,null,null,null,{"$f":"I58+J58+K58","v":0},{"$f":"G58+L58","v":0}]
[null,null,"Less Other Non Rate-Regulated Utility Assets (input as negative)",null,null,null,0,null,null,null,null,0,0]
[null,null,"Total PP&E",{"$f":"SUM(D57:D59)","v":220796326.38299999},{"$f":"SUM(E57:E59)","v":45269544.301464267},-520085.31,265545785.37446424,null,{"$f":"SUM(I57:I59)","v":-105250602.27999999},-9015839.6199999992,527270.91999999993,-113739170.97999999,151806614.39446422]
[null,null,"Depreciation Expense adj. from gain or loss on the retirement of assets (pool of like assets), if applicable6"]
[null,null,"Total",null,null,null,null,null,null,{"$f":"J60+J61","v":-9015839.6199999992}]
[]
[null,null,null,null,null,null,null,null,"Less: Fully Allocated Depreciation"]
[10,null,"Transportation",null,null,null,null,null,"Transportation",null,-546481.34]
[10,null,"Truck Tools",null,null,null,null,null,"Truck Tools",null,-74249.86]
[8,null,"Stores Equipment",null,null,null,null,null,"Stores Equipment",null,-44715.39]
[50,null,"Engineering",null,null,null,null,null,"Engineering",null,-140688.28]
[null,null,null,null,null,null,null,null,"Net Depreciation",null,{"$f":"J62-K65-K66-K67-K68","v":-8209704.75}]
[]
["Notes:"]
[]
[1,"Tables in the format outlined above covering all fixed asset accounts should be submitted for the Test Year, Bridge Year and all relevant historical years.  At a minimum , the applicant must provide data for the earlier of: 1) all historical years back to its last rebasing; or 2) at least three years of historical actuals, in addition to Bridge Year and Test Year forecasts."]
[]
[]
[2,"The \"CCA Class\" for fixed assets should agree with the CCA Class used for tax purposes in Tax Returns. Fixed Assets sub-components may be used where the underlying asset components are classified under multiple CCA Classes for tax purposes. If an applicant uses any different classes from those shown in the table, an explanation should be provided. (also see note 3 below)."]
[]
[]
[3,"The table may need to be customized for a utility's asset categories or for any new asset accounts announced or authorized by the Board."]
[]
[4,"The additions column (E) must not include construction work in progress (CWIP)."]
[]
[5,"Effective on the date of IFRS adoption, customer contributions will no longer be recorded in Account 1995 Contributions & Grants, but will be recorded in Account 2440, Deferred Revenues.  "]
[]
[6,"Where a distributor for general financial reporting purposes under IFRS has accounted for the amount of gain or loss on the retirement of assets in a pool of like assets as a charge or credit to income, for reporting and rate application filings the distributor shall reclassify such gains and losses as depreciation expense, and disclose the amount separately."]

{"sheet":"App.2-BA_FA_2012","index":9,"n_rows":83,"n_cols":13,"rows_kept":83,"cut":false,"hidden":false,"merged":[[73,1,74,12],[76,1,76,12],[82,1,83,12],[8,0,8,12],[9,0,9,12],[14,3,14,6],[60,2,60,8],[61,2,61,8],[70,1,71,12]]}
[null,null,null,null,null,null,null,null,null,null,null,"File Number:",{"$f":"EBNUMBER","v":"EB-2015-0108"}]
[null,null,null,null,null,null,null,null,null,null,null,"Exhibit:",2]
[null,null,null,null,null,null,null,null,null,null,null,"Tab:"]
[null,null,null,null,null,null,null,null,null,null,null,"Schedule:","Table 2-13"]
[null,null,null,null,null,null,null,null,null,null,null,"Page:",26]
[]
[null,null,null,null,null,null,null,null,null,null,null,"Date:","2015-05-01"]
[]
["Appendix 2-BA"]
["Fixed Asset Continuity Schedule "]
[]
[null,null,null,null,"Accounting Standard","CGAAP"]
[null,null,null,null,"Year ",2012]
[]
[null,null,null,"Cost",null,null,null,null,null,"Accumulated Depreciation"]
["CCA Class","OEB","Description","Opening Balance","Additions","Disposals","Closing Balance",null,"Opening Balance","Additions","Disposals","Closing Balance","Net Book Value"]
[12,1611,"Computer Software (Formally known as Account 1925)",4574813.33,832820.33,null,{"$f":"D17+E17+F17","v":5407633.6600000001},null,-3732127.26,-537545.93000000087,null,{"$f":"I17+J17+K17","v":-4269673.1900000004},{"$f":"G17+L17","v":1137960.4699999997}]
["CEC",1612,"Land Rights (Formally known as Account 1906)",426556.43,84139.75,null,{"$f":"D18+E18+F18","v":510696.18},null,0,0,null,{"$f":"I18+J18+K18","v":0},{"$f":"G18+L18","v":510696.18}]
["N/A",1805,"Land",3067190.5999999996,null,-743394.14,{"$f":"D19+E19+F19","v":2323796.4599999995},null,0,0,null,{"$f":"I19+J19+K19","v":0},{"$f":"G19+L19","v":2323796.4599999995}]
[47,1808,"Buildings",32348527.921464249,1257145.42,-4618011.57,{"$f":"D20+E20+F20","v":28987661.771464251},null,-2754341.73,-571560.14,1838324.34,{"$f":"I20+J20+K20","v":-1487577.53},{"$f":"G20+L20","v":27500084.24146425}]
[13,1810,"Leasehold Improvements",null,null,null,0,null,0,0,null,0,0]
[47,1815,"Transformer Station Equipment >50 kV",30330490.960000005,899867.91,null,31230358.870000005,null,-8738653.2200000007,-732197.76,null,-9470850.9800000004,21759507.890000004]
[47,1820,"Distribution Station Equipment <50 kV",4659616.3199999994,152180.3600000008,null,4811796.68,null,-3196520.7199999997,-79527.56,null,-3276048.28,1535748.4]
[47,1825,"Storage Battery Equipment",null,null,null,0,null,0,0,null,0,0]
[47,1830,"Poles, Towers & Fixtures",50047473.530000001,4974752.66,null,55022226.189999998,null,-20889034.760000002,-2024925.96,null,-22913960.720000003,32108265.469999995]
[47,1835,"Overhead Conductors & Devices",23695964.919999998,3376783.98,null,27072748.899999999,null,-8284877.3100000005,-1022109.52,null,-9306986.8300000001,17765762.07]
[47,1840,"Underground Conduit",14757589.24,753185,null,15510774.24,null,-7190347.75,-544325.68000000005,null,-7734673.4299999997,7776100.8100000005]
[47,1845,"Underground Conductors & Devices",32837721.420000002,2194333.4500000002,null,35032054.870000005,null,-16392822.899999999,-1251831.32,null,-17644654.219999999,17387400.650000006]
[47,1850,"Line Transformers",44485687.229999989,3566566.04,null,48052253.269999988,null,-19326638.739999998,-1790257.47,null,-21116896.209999997,26935357.059999991]
[47,1855,"Services (Overhead & Underground)",21564146.34,1265434.28,null,22829580.620000001,null,-10995762.189999999,-794482.36,null,-11790244.549999999,11039336.070000002]
[47,1860,"Meters",9764636.1399999987,2389389.9399999995,null,12154026.079999998,null,-6040443.7599999998,-1884064.86,null,-7924508.6200000001,4229517.4599999981]
[47,1860,"Meters (Smart Meters)",null,6265880,null,6265880,null,0,0,null,0,6265880]
["N/A",1905,"Land",null,null,null,0,null,0,0,null,0,0]
[47,1908,"Buildings & Fixtures",null,null,null,0,null,0,0,null,0,0]
[13,1910,"Leasehold Improvements",null,null,null,0,null,0,0,null,0,0]
[8,1915,"Office Furniture & Equipment (10 years)",1470773.85,286773.82,null,1757547.6700000002,null,-732614.69000000006,-131770.84,null,-864385.53,893162.14000000013]
[8,1915,"Office Furniture & Equipment (5 years)",null,null,null,0,null,0,0,null,0,0]
[10,1920,"Computer Equipment - Hardware",null,null,null,0,null,null,null,null,0,0]
[45,1920,"Computer Equip.-Hardware(Post Mar. 22/04)",null,null,null,0,null,0,0,null,0,0]
[45.1,1920,"Computer Equip.-Hardware(Post Mar. 19/07)",3390246.87,425135.4,null,3815382.27,null,-2963784.52,-378587.9200000001,null,-3342372.44,473009.83000000007]
[10,1930,"Transportation Equipment",7222265.8200000003,885870.54,-643001.78,7465134.5800000001,null,-5137045.8499999996,-608072.18000000005,523686.66,-5221431.3699999992,2243703.2100000009]
[8,1935,"Stores Equipment",516137.61,20398.93,-2611.87,533924.67000000004,null,-149716.84,-46083.6,1994.29,-193806.15,340118.52]
[8,1940,"Tools, Shop & Garage Equipment",1035607.3899999999,160115.93,-13581,1182142.3199999998,null,-624268.85,-78991.09,10864.8,-692395.1399999999,489747.17999999993]
[8,1945,"Measurement & Testing Equipment",801018.17,90262.9,null,891281.07000000007,null,-614071.18000000005,-36837.509999999995,null,-650908.69000000006,240372.38]
[8,1950,"Power Operated Equipment",null,null,null,0,null,0,0,null,0,0]
[8,1955,"Communications Equipment",864742.6,37715.549999999996,null,902458.15,null,-244533.19999999998,-85107.48,null,-329640.68,572817.47]
[8,1955,"Communication Equipment (Smart Meters)",null,null,null,0,null,0,0,null,0,0]
[8,1960,"Miscellaneous Equipment ",1357827.243,1205849.03,null,2563676.273,null,-605211.99,-403777.14,null,-1008989.13,1554687.1430000002]
[47,1970,"Load Management Controls Customer Premises",null,null,null,0,null,0,0,null,0,0]
[47,1975,"Load Management Controls Utility Premises",null,null,null,0,null,0,0,null,0,0]
[47,1980,"System Supervisor Equipment",3599465.5900000003,349668.99,null,3949134.58,null,-2145692.92,-165873.48000000001,null,-2311566.4,1637568.1800000002]
[47,1985,"Miscellaneous Fixed Assets",null,null,null,0,null,0,0,null,0,0]
[47,1990,"Other Tangible Property",null,null,null,0,null,0,0,null,0,0]
[47,1995,"Contributions & Grants",-27272714.149999999,-2886001.12,null,-30158715.27,null,7019339.4000000004,1206726.6099999999,null,8226066.0099999998,-21932649.259999998]
[47,2440,"Deferred Revenue5"]
[null,null,null,null,null,null,0,null,null,null,null,0,0]
[null,null,"Sub-Total",{"$f":"SUM(D17:D56)","v":265545785.37446424},{"$f":"SUM(E17:E56)","v":28588269.09},{"$f":"SUM(F17:F56)","v":-6020600.3600000003},{"$f":"SUM(G17:G56)","v":288113454.10446417},null,{"$f":"SUM(I17:I56)","v":-113739170.97999999},{"$f":"SUM(J17:J56)","v":-11961203.190000001},{"$f":"SUM(K17:K56)","v":2374870.09},{"$f":"SUM(L17:L56)","v":-123325504.08000001},{"$f":"SUM(M17:M56)","v":164787950.02446431}]
[null,null,"Less Socialized Renewable Energy Generation Investments (input as negative)",null,null,null,{"$f":"D58+E58+F58","v":0},null,null,null,null,{"$f":"I58+J58+K58","v":0},{"$f":"G58+L58","v":0}]
[null,null,"Less Other Non Rate-Regulated Utility Assets (input as negative)",null,null,null,0,null,null,null,null,0,0]
[null,null,"Total PP&E",{"$f":"SUM(D57:D59)","v":265545785.37446424},{"$f":"SUM(E57:E59)","v":28588269.09},-6020600.3600000003,288113454.10446417,null,{"$f":"SUM(I57:I59)","v":-113739170.97999999},-11961203.190000001,2374870.09,-123325504.08000001,164787950.02446431]
[null,null,"Depreciation Expense adj. from gain or loss on the retirement of assets (pool of like assets), if applicable6"]
[null,null,"Total",null,null,null,null,null,null,{"$f":"J60+J61","v":-11961203.190000001}]
[]
[null,null,null,null,null,null,null,null,"Less: Fully Allocated Depreciation"]
[10,null,"Transportation",null,null,null,null,null,"Transportation",null,-608072.18000000005]
[10,null,"Truck Tools",null,null,null,null,null,"Truck Tools",null,-78991.09]
[8,null,"Stores Equipment",null,null,null,null,null,"Stores Equipment",null,-46083.6]
[50,null,"Engineering",null,null,null,null,null,"Engineering",null,-126938.46]
[null,null,null,null,null,null,null,null,"Net Depreciation",null,{"$f":"J62-K65-K66-K67-K68","v":-11101117.860000001}]
[]
[1,"Tables in the format outlined above covering all fixed asset accounts should be submitted for the Test Year, Bridge Year and all relevant historical years.  At a minimum , the applicant must provide data for the earlier of: 1) all historical years back to its last rebasing; or 2) at least three years of historical actuals, in addition to Bridge Year and Test Year forecasts."]
[]
[]
[2,"The \"CCA Class\" for fixed assets should agree with the CCA Class used for tax purposes in Tax Returns. Fixed Assets sub-components may be used where the underlying asset components are classified under multiple CCA Classes for tax purposes. If an applicant uses any different classes from those shown in the table, an explanation should be provided. (also see note 3 below)."]
[]
[]
[3,"The table may need to be customized for a utility's asset categories or for any new asset accounts announced or authorized by the Board."]
[]
[4,"The additions column (E) must not include construction work in progress (CWIP)."]
[]
[5,"Effective on the date of IFRS adoption, customer contributions will no longer be recorded in Account 1995 Contributions & Grants, but will be recorded in Account 2440, Deferred Revenues.  "]
[]
[6,"Where a distributor for general financial reporting purposes under IFRS has accounted for the amount of gain or loss on the retirement of assets in a pool of like assets as a charge or credit to income, for reporting and rate application filings the distributor shall reclassify such gains and losses as depreciation expense, and disclose the amount separately."]

{"sheet":"App.2-BA_FA_2013 CGAAP","index":10,"n_rows":83,"n_cols":13,"rows_kept":83,"cut":false,"hidden":false,"merged":[[73,1,74,12],[76,1,76,12],[82,1,83,12],[8,0,8,12],[9,0,9,12],[14,3,14,6],[60,2,60,8],[61,2,61,8],[70,1,71,12]]}
[null,null,null,null,null,null,null,null,null,null,null,"File Number:",{"$f":"EBNUMBER","v":"EB-2015-0108"}]
[null,null,null,null,null,null,null,null,null,null,null,"Exhibit:",2]
[null,null,null,null,null,null,null,null,null,null,null,"Tab:"]
[null,null,null,null,null,null,null,null,null,null,null,"Schedule:","Table 2-14"]
[null,null,null,null,null,null,null,null,null,null,null,"Page:",27]
[]
[null,null,null,null,null,null,null,null,null,null,null,"Date:","2015-05-01"]
[]
["Appendix 2-BA"]
["Fixed Asset Continuity Schedule "]
[]
[null,null,null,null,"Accounting Standard","CGAAP","Comparative Purposes Only"]
[null,null,null,null,"Year ",2013]
[]
[null,null,null,"Cost",null,null,null,null,null,"Accumulated Depreciation"]
["CCA Class","OEB","Description","Opening Balance","Additions","Disposals","Closing Balance",null,"Opening Balance","Additions","Disposals","Closing Balance","Net Book Value"]
[12,1611,"Computer Software (Formally known as Account 1925)",5407633.6600000001,342714.16000000003,null,{"$f":"D17+E17+F17","v":5750347.8200000003},null,-4269673.1900000004,-524708.48016666668,null,{"$f":"I17+J17+K17","v":-4794381.6701666676},{"$f":"G17+L17","v":955966.14983333275}]
["CEC",1612,"Land Rights (Formally known as Account 1906)",510696.18,43422.53,null,{"$f":"D18+E18+F18","v":554118.71},null,0,0,null,{"$f":"I18+J18+K18","v":0},{"$f":"G18+L18","v":554118.71}]
["N/A",1805,"Land",2323796.4599999995,null,null,{"$f":"D19+E19+F19","v":2323796.4599999995},null,0,0,null,{"$f":"I19+J19+K19","v":0},{"$f":"G19+L19","v":2323796.4599999995}]
[47,1808,"Buildings",28987661.771464251,589010.58999999985,null,{"$f":"D20+E20+F20","v":29576672.361464251},null,-1487577.53,-594767.38211666117,null,{"$f":"I20+J20+K20","v":-2082344.9121166612},{"$f":"G20+L20","v":27494327.449347589}]
[13,1810,"Leasehold Improvements",0,null,null,0,null,0,0,null,0,0]
[47,1815,"Transformer Station Equipment >50 kV",31230358.870000005,531483.69999999972,null,31761842.570000004,null,-9470850.9800000004,-772625.52999224036,null,-10243476.50999224,21518366.060007766]
[47,1820,"Distribution Station Equipment <50 kV",4811796.68,425404,null,5237200.68,null,-3276048.28,-105317.66835131819,null,-3381365.948351318,1855834.7316486817]
[47,1825,"Storage Battery Equipment",null,null,null,0,null,0,0,null,0,0]
[47,1830,"Poles, Towers & Fixtures",55022226.189999998,5621082.7210603282,null,60643308.911060326,null,-22913960.720000003,-2110312.4518360905,null,-25024273.171836093,35619035.739224233]
[47,1835,"Overhead Conductors & Devices",27072748.899999999,3938300.4061232624,null,31011049.30612326,null,-9306986.8300000001,-1116443.7320841802,null,-10423430.562084179,20587618.744039081]
[47,1840,"Underground Conduit",15510774.24,1053089.197208195,null,16563863.437208194,null,-7734673.4299999997,-564995.16442611476,null,-8299668.5944261141,8264194.8427820802]
[47,1845,"Underground Conductors & Devices",35032054.870000005,2625458.4485854851,null,37657513.318585493,null,-17644654.219999999,-1323624.5650594453,null,-18968278.785059445,18689234.533526048]
[47,1850,"Line Transformers",48052253.269999988,3346545.5994221051,null,51398798.869422093,null,-21116896.209999997,-1793179.803309272,null,-22910076.01330927,28488722.856112823]
[47,1855,"Services (Overhead & Underground)",22829580.620000001,1453141.288605589,null,24282721.90860559,null,-11790244.549999999,-808932.97701942222,null,-12599177.527019421,11683544.38158617]
[47,1860,"Meters",12154026.079999998,809494,null,12963520.079999998,null,-7924508.6200000001,-535570.22,null,-8460078.8399999999,4503441.2399999984]
[47,1860,"Meters (Smart Meters)",6265880,null,null,6265880,null,0,-505136.98681685096,null,-505136.98681685096,5760743.0131831486]
["N/A",1905,"Land",null,null,null,0,null,0,0,null,0,0]
[47,1908,"Buildings & Fixtures",null,null,null,0,null,0,0,null,0,0]
[13,1910,"Leasehold Improvements",null,null,null,0,null,0,0,null,0,0]
[8,1915,"Office Furniture & Equipment (10 years)",1757547.6700000002,19536.919999999998,-231777.3,1545307.29,null,-864385.53,-106926.84,170499.57,-800812.8,744494.49]
[8,1915,"Office Furniture & Equipment (5 years)",null,null,null,0,null,0,2499.73993253968,null,2499.73993253968,2499.73993253968]
[10,1920,"Computer Equipment - Hardware",null,null,null,0,null,null,null,null,0,0]
[45,1920,"Computer Equip.-Hardware(Post Mar. 22/04)",null,null,null,0,null,0,0,null,0,0]
[45.1,1920,"Computer Equip.-Hardware(Post Mar. 19/07)",3815382.27,112736.19,null,3928118.46,null,-3342372.44,-229633.77333333335,null,-3572006.2133333334,356112.24666666659]
[10,1930,"Transportation Equipment",7465134.5800000001,911990.56,-107382.87,8269742.2700000005,null,-5221431.3699999992,-639163.99609748577,107382.87,-5753212.4960974846,2516529.7739025159]
[8,1935,"Stores Equipment",533924.67000000004,8581.15,null,542505.82000000007,null,-193806.15,-46941.72,null,-240747.87,301757.95000000007]
[8,1940,"Tools, Shop & Garage Equipment",1182142.3199999998,81737.159999999989,-36179.72,1227699.7599999998,null,-692395.1399999999,-145992.33445238095,19112.52,-819274.95445238077,408424.80554761901]
[8,1945,"Measurement & Testing Equipment",891281.07000000007,4725.99,null,896007.06,null,-650908.69000000006,-52996.855999999992,null,-703905.54600000009,192101.51399999997]
[8,1950,"Power Operated Equipment",null,null,null,0,null,0,0,null,0,0]
[8,1955,"Communications Equipment",902458.15,8031.179999999993,null,910489.33000000007,null,-329640.68,-85960.332396825397,null,-415601.01239682536,494888.31760317471]
[8,1955,"Communication Equipment (Smart Meters)",null,null,null,0,null,null,0,null,0,0]
[8,1960,"Miscellaneous Equipment ",2563676.273,17607.759999999998,-22107.82,2559176.213,null,-1008989.13,-211707.09373460227,16787.759999999998,-1203908.4637346023,1355267.7492653977]
[47,1970,"Load Management Controls Customer Premises",null,null,null,0,null,0,0,null,0,0]
[47,1975,"Load Management Controls Utility Premises",null,null,null,0,null,0,0,null,0,0]
[47,1980,"System Supervisor Equipment",3949134.58,465382.76,null,4414517.34,null,-2311566.4,-204791.41799347877,null,-2516357.8179934788,1898159.522006521]
[47,1985,"Miscellaneous Fixed Assets",null,null,null,0,null,0,0,null,0,0]
[47,1990,"Other Tangible Property",null,null,null,0,null,0,0,null,0,0]
[47,1995,"Contributions & Grants",-30158715.27,-1672704.93,null,-31831420.199999999,null,8226066.0099999998,1273634.8080000002,null,9499700.818,-22331719.381999999]
[47,2440,"Deferred Revenue5"]
[null,null,null,null,null,null,0,null,null,null,null,0,0]
[null,null,"Sub-Total",{"$f":"SUM(D17:D56)","v":288113454.10446417},{"$f":"SUM(E17:E56)","v":20736771.381004967},{"$f":"SUM(F17:F56)","v":-397447.71},{"$f":"SUM(G17:G56)","v":308452777.77546912},null,{"$f":"SUM(I17:I56)","v":-123325504.08000001},{"$f":"SUM(J17:J56)","v":-11203594.777253831},{"$f":"SUM(K17:K56)","v":313782.72000000003},{"$f":"SUM(L17:L56)","v":-134215316.13725384},{"$f":"SUM(M17:M56)","v":174237461.63821542}]
[null,null,"Less Socialized Renewable Energy Generation Investments (input as negative)",null,null,null,{"$f":"D58+E58+F58","v":0},null,null,null,null,{"$f":"I58+J58+K58","v":0},{"$f":"G58+L58","v":0}]
[null,null,"Less Other Non Rate-Regulated Utility Assets (input as negative)",null,null,null,0,null,null,null,null,0,0]
[null,null,"Total PP&E",{"$f":"SUM(D57:D59)","v":288113454.10446417},{"$f":"SUM(E57:E59)","v":20736771.381004967},-397447.71,308452777.77546912,null,{"$f":"SUM(I57:I59)","v":-123325504.08000001},-11203594.777253831,313782.72000000003,-134215316.13725384,174237461.63821542]
[null,null,"Depreciation Expense adj. from gain or loss on the retirement of assets (pool of like assets), if applicable6"]
[null,null,"Total",null,null,null,null,null,null,{"$f":"J60+J61","v":-11203594.777253831}]
[]
[null,null,null,null,null,null,null,null,"Less: Fully Allocated Depreciation"]
[10,null,"Transportation",null,null,null,null,null,"Transportation",null,-368940.72]
[10,null,"Truck Tools",null,null,null,null,null,"Truck Tools",null,-196252.01]
[8,null,"Stores Equipment",null,null,null,null,null,"Stores Equipment",null,-46941.72]
[50,null,"Engineering"]
[null,null,null,null,null,null,null,null,"Net Depreciation",null,{"$f":"J62-K65-K66-K67-K68","v":-10591460.32725383}]
[]
[1,"Tables in the format outlined above covering all fixed asset accounts should be submitted for the Test Year, Bridge Year and all relevant historical years.  At a minimum , the applicant must provide data for the earlier of: 1) all historical years back to its last rebasing; or 2) at least three years of historical actuals, in addition to Bridge Year and Test Year forecasts."]
[]
[]
[2,"The \"CCA Class\" for fixed assets should agree with the CCA Class used for tax purposes in Tax Returns. Fixed Assets sub-components may be used where the underlying asset components are classified under multiple CCA Classes for tax purposes. If an applicant uses any different classes from those shown in the table, an explanation should be provided. (also see note 3 below)."]
[]
[]
[3,"The table may need to be customized for a utility's asset categories or for any new asset accounts announced or authorized by the Board."]
[]
[4,"The additions column (E) must not include construction work in progress (CWIP)."]
[]
[5,"Effective on the date of IFRS adoption, customer contributions will no longer be recorded in Account 1995 Contributions & Grants, but will be recorded in Account 2440, Deferred Revenues.  "]
[]
[6,"Where a distributor for general financial reporting purposes under IFRS has accounted for the amount of gain or loss on the retirement of assets in a pool of like assets as a charge or credit to income, for reporting and rate application filings the distributor shall reclassify such gains and losses as depreciation expense, and disclose the amount separately."]

{"sheet":"App.2-BA_FA_2013 RCGAAP","index":11,"n_rows":83,"n_cols":13,"rows_kept":83,"cut":false,"hidden":false,"merged":[[73,1,74,12],[76,1,76,12],[82,1,83,12],[8,0,8,12],[9,0,9,12],[14,3,14,6],[60,2,60,8],[61,2,61,8],[70,1,71,12]]}
[null,null,null,null,null,null,null,null,null,null,null,"File Number:",{"$f":"EBNUMBER","v":"EB-2015-0108"}]
[null,null,null,null,null,null,null,null,null,null,null,"Exhibit:",2]
[null,null,null,null,null,null,null,null,null,null,null,"Tab:"]
[null,null,null,null,null,null,null,null,null,null,null,"Schedule:","Table 2-15"]
[null,null,null,null,null,null,null,null,null,null,null,"Page:",28]
[]
[null,null,null,null,null,null,null,null,null,null,null,"Date:","2015-05-01"]
[]
["Appendix 2-BA"]
["Fixed Asset Continuity Schedule "]
[]
[null,null,null,null,"Accounting Standard","CGAAP","Revised CGAAP - Accounting Policy Changes in Effect"]
[null,null,null,null,"Year ",2013]
[]
[null,null,null,"Cost",null,null,null,null,null,"Accumulated Depreciation"]
["CCA Class","OEB","Description","Opening Balance","Additions","Disposals","Closing Balance",null,"Opening Balance","Additions","Disposals","Closing Balance","Net Book Value"]
[12,1611,"Computer Software (Formally known as Account 1925)",5407633.6600000001,342714.16000000003,null,{"$f":"D17+E17+F17","v":5750347.8200000003},null,-4269673.1900000004,-535469.38,null,{"$f":"I17+J17+K17","v":-4805142.57},{"$f":"G17+L17","v":945205.25}]
["CEC",1612,"Land Rights (Formally known as Account 1906)",510696.18,43422.53,null,{"$f":"D18+E18+F18","v":554118.71},null,0,0,null,{"$f":"I18+J18+K18","v":0},{"$f":"G18+L18","v":554118.71}]
["N/A",1805,"Land",2323796.4599999995,null,null,{"$f":"D19+E19+F19","v":2323796.4599999995},null,0,0,null,{"$f":"I19+J19+K19","v":0},{"$f":"G19+L19","v":2323796.4599999995}]
[47,1808,"Buildings",28987661.771464251,589010.58999999985,null,{"$f":"D20+E20+F20","v":29576672.361464251},null,-1487577.53,-819730.2,null,{"$f":"I20+J20+K20","v":-2307307.73},{"$f":"G20+L20","v":27269364.63146425}]
[13,1810,"Leasehold Improvements",0,null,null,0,null,0,0,null,0,0]
[47,1815,"Transformer Station Equipment >50 kV",31230358.870000005,531483.69999999972,null,31761842.570000004,null,-9470850.9800000004,-1307487.6299999999,null,-10778338.609999999,20983503.960000005]
[47,1820,"Distribution Station Equipment <50 kV",4811796.68,425404,null,5237200.68,null,-3276048.28,-132756.64000000001,null,-3408804.92,1828395.7599999998]
[47,1825,"Storage Battery Equipment",null,null,null,0,null,0,0,null,0,0]
[47,1830,"Poles, Towers & Fixtures",55022226.189999998,4855043.642,null,59877269.831999995,null,-22913960.720000003,-946536,null,-23860496.720000003,36016773.111999989]
[47,1835,"Overhead Conductors & Devices",27072748.899999999,3401590.28,null,30474339.18,null,-9306986.8300000001,-579777.84,null,-9886764.6699999999,20587574.509999998]
[47,1840,"Underground Conduit",15510774.24,909574.58999999985,null,16420348.83,null,-7734673.4299999997,-205571.64,null,-7940245.0699999994,8480103.7600000016]
[47,1845,"Underground Conductors & Devices",35032054.870000005,2267661.94,null,37299716.810000002,null,-17644654.219999999,-798336.05,null,-18442990.27,18856726.540000003]
[47,1850,"Line Transformers",48052253.269999988,2890479.6,null,50942732.86999999,null,-21116896.209999997,-897219.86,null,-22014116.069999997,28928616.799999993]
[47,1855,"Services (Overhead & Underground)",22829580.620000001,1255107.73,null,24084688.350000001,null,-11790244.549999999,-304826.15999999997,null,-12095070.709999999,11989617.640000002]
[47,1860,"Meters",12154026.079999998,809494,null,12963520.079999998,null,-7924508.6200000001,-535570.22,null,-8460078.8399999999,4503441.2399999984]
[47,1860,"Meters (Smart Meters)",6265880,null,null,6265880,null,0,-541656.29322268302,null,-541656.29322268302,5724223.7067773174]
["N/A",1905,"Land",null,null,null,0,null,0,0,null,0,0]
[47,1908,"Buildings & Fixtures",null,null,null,0,null,0,0,null,0,0]
[13,1910,"Leasehold Improvements",null,null,null,0,null,0,0,null,0,0]
[8,1915,"Office Furniture & Equipment (10 years)",1757547.6700000002,19536.919999999998,-231777.3,1545307.29,null,-864385.53,-106926.84,170499.57,-800812.8,744494.49]
[8,1915,"Office Furniture & Equipment (5 years)",null,null,null,0,null,0,0,null,0,0]
[10,1920,"Computer Equipment - Hardware",null,null,null,0,null,null,null,null,0,0]
[45,1920,"Computer Equip.-Hardware(Post Mar. 22/04)",null,null,null,0,null,0,0,null,0,0]
[45.1,1920,"Computer Equip.-Hardware(Post Mar. 19/07)",3815382.27,112736.19,null,3928118.46,null,-3342372.44,-200839.38,null,-3543211.82,384906.64000000013]
[10,1930,"Transportation Equipment",7465134.5800000001,911990.56,-107382.87,8269742.2700000005,null,-5221431.3699999992,-368940.72,107382.87,-5482989.2199999988,2786753.0500000017]
[8,1935,"Stores Equipment",533924.67000000004,8581.15,null,542505.82000000007,null,-193806.15,-46941.72,null,-240747.87,301757.95000000007]
[8,1940,"Tools, Shop & Garage Equipment",1182142.3199999998,81737.159999999989,-36179.72,1227699.7599999998,null,-692395.1399999999,-196252.01,19112.52,-869534.62999999989,358165.12999999989]
[8,1945,"Measurement & Testing Equipment",891281.07000000007,4725.99,null,896007.06,null,-650908.69000000006,-68859.179999999993,null,-719767.87000000011,176239.18999999994]
[8,1950,"Power Operated Equipment",null,null,null,0,null,0,0,null,0,0]
[8,1955,"Communications Equipment",902458.15,8031.179999999993,null,910489.33000000007,null,-329640.68,-93971.5,null,-423612.18,486877.15000000008]
[8,1955,"Communication Equipment (Smart Meters)",null,null,null,0,null,null,null,null,0,0]
[8,1960,"Miscellaneous Equipment ",2563676.273,17607.759999999998,-22107.82,2559176.213,null,-1008989.13,-238202.09,16787.759999999998,-1230403.46,1328772.753]
[47,1970,"Load Management Controls Customer Premises",null,null,null,0,null,0,0,null,0,0]
[47,1975,"Load Management Controls Utility Premises",null,null,null,0,null,0,0,null,0,0]
[47,1980,"System Supervisor Equipment",3949134.58,465382.76,null,4414517.34,null,-2311566.4,-207899.17,null,-2519465.5699999998,1895051.77]
[47,1985,"Miscellaneous Fixed Assets",null,null,null,0,null,0,0,null,0,0]
[47,1990,"Other Tangible Property",null,null,null,0,null,0,0,null,0,0]
[47,1995,"Contributions & Grants",-30158715.27,-1672704.93,null,-31831420.199999999,null,8226066.0099999998,741216.28,null,8967282.2899999991,-22864137.91]
[47,2440,"Deferred Revenue5"]
[null,null,null,null,null,null,0,null,null,null,null,0,0]
[null,null,"Sub-Total",{"$f":"SUM(D17:D56)","v":288113454.10446417},{"$f":"SUM(E17:E56)","v":18278611.502},{"$f":"SUM(F17:F56)","v":-397447.71},{"$f":"SUM(G17:G56)","v":305994617.89646417},null,{"$f":"SUM(I17:I56)","v":-123325504.08000001},{"$f":"SUM(J17:J56)","v":-8392554.2432226837},{"$f":"SUM(K17:K56)","v":313782.72000000003},{"$f":"SUM(L17:L56)","v":-131404275.60322267},{"$f":"SUM(M17:M56)","v":174590342.29324156}]
[null,null,"Less Socialized Renewable Energy Generation Investments (input as negative)",null,null,null,{"$f":"D58+E58+F58","v":0},null,null,null,null,{"$f":"I58+J58+K58","v":0},{"$f":"G58+L58","v":0}]
[null,null,"Less Other Non Rate-Regulated Utility Assets (input as negative)",null,null,null,0,null,null,null,null,0,0]
[null,null,"Total PP&E",{"$f":"SUM(D57:D59)","v":288113454.10446417},{"$f":"SUM(E57:E59)","v":18278611.502},-397447.71,305994617.89646417,null,{"$f":"SUM(I57:I59)","v":-123325504.08000001},-8392554.2432226837,313782.72000000003,-131404275.60322267,174590342.29324156]
[null,null,"Depreciation Expense adj. from gain or loss on the retirement of assets (pool of like assets), if applicable6"]
[null,null,"Total",null,null,null,null,null,null,{"$f":"J60+J61","v":-8392554.2432226837}]
[]
[null,null,null,null,null,null,null,null,"Less: Fully Allocated Depreciation"]
[10,null,"Transportation",null,null,null,null,null,"Transportation",null,-368940.72]
[10,null,"Truck Tools",null,null,null,null,null,"Truck Tools",null,-196252.01]
[8,null,"Stores Equipment",null,null,null,null,null,"Stores Equipment",null,-46941.72]
[50,null,"Engineering"]
[null,null,null,null,null,null,null,null,"Net Depreciation",null,{"$f":"J62-K65-K66-K67-K68","v":-7780419.7932226844}]
[]
[1,"Tables in the format outlined above covering all fixed asset accounts should be submitted for the Test Year, Bridge Year and all relevant historical years.  At a minimum , the applicant must provide data for the earlier of: 1) all historical years back to its last rebasing; or 2) at least three years of historical actuals, in addition to Bridge Year and Test Year forecasts."]
[]
[]
[2,"The \"CCA Class\" for fixed assets should agree with the CCA Class used for tax purposes in Tax Returns. Fixed Assets sub-components may be used where the underlying asset components are classified under multiple CCA Classes for tax purposes. If an applicant uses any different classes from those shown in the table, an explanation should be provided. (also see note 3 below)."]
[]
[]
[3,"The table may need to be customized for a utility's asset categories or for any new asset accounts announced or authorized by the Board."]
[]
[4,"The additions column (E) must not include construction work in progress (CWIP)."]
[]
[5,"Effective on the date of IFRS adoption, customer contributions will no longer be recorded in Account 1995 Contributions & Grants, but will be recorded in Account 2440, Deferred Revenues.  "]
[]
[6,"Where a distributor for general financial reporting purposes under IFRS has accounted for the amount of gain or loss on the retirement of assets in a pool of like assets as a charge or credit to income, for reporting and rate application filings the distributor shall reclassify such gains and losses as depreciation expense, and disclose the amount separately."]

{"sheet":"App.2-BA_FA_2014 MIFRS","index":12,"n_rows":83,"n_cols":13,"rows_kept":83,"cut":false,"hidden":false,"merged":[[73,1,74,12],[76,1,76,12],[82,1,83,12],[8,0,8,12],[9,0,9,12],[14,3,14,6],[60,2,60,8],[61,2,61,8],[70,1,71,12]]}
[null,null,null,null,null,null,null,null,null,null,null,"File Number:",{"$f":"EBNUMBER","v":"EB-2015-0108"}]
[null,null,null,null,null,null,null,null,null,null,null,"Exhibit:",2]
[null,null,null,null,null,null,null,null,null,null,null,"Tab:"]
[null,null,null,null,null,null,null,null,null,null,null,"Schedule:","Table 2-13"]
[null,null,null,null,null,null,null,null,null,null,null,"Page:",29]
[]
[null,null,null,null,null,null,null,null,null,null,null,"Date:","2015-05-01"]
[]
["Appendix 2-BA"]
["Fixed Asset Continuity Schedule "]
[]
[null,null,null,null,"Accounting Standard","MIFRS"]
[null,null,null,null,"Year ",2014]
[]
[null,null,null,"Cost",null,null,null,null,null,"Accumulated Depreciation"]
["CCA Class","OEB","Description","Opening Balance","Additions","Disposals","Closing Balance",null,"Opening Balance","Additions","Disposals","Closing Balance","Net Book Value"]
[12,1611,"Computer Software (Formally known as Account 1925)",5750347.8200000003,362001.57,null,{"$f":"D17+E17+F17","v":6112349.3900000006},null,-4805142.57,-479831.35399999999,0,{"$f":"I17+J17+K17","v":-5284973.9240000006},{"$f":"G17+L17","v":827375.46600000001}]
["CEC",1612,"Land Rights (Formally known as Account 1906)",554118.71,99901.84,null,{"$f":"D18+E18+F18","v":654020.54999999993},null,0,0,0,{"$f":"I18+J18+K18","v":0},{"$f":"G18+L18","v":654020.54999999993}]
["N/A",1805,"Land",2323796.4599999995,null,null,{"$f":"D19+E19+F19","v":2323796.4599999995},null,0,0,0,{"$f":"I19+J19+K19","v":0},{"$f":"G19+L19","v":2323796.4599999995}]
[47,1808,"Buildings",29576671.99146425,726501.78,null,{"$f":"D20+E20+F20","v":30303173.771464251},null,-2307307.73,-834771.59710000013,0,{"$f":"I20+J20+K20","v":-3142079.3271000003},{"$f":"G20+L20","v":27161094.44436425}]
[13,1810,"Leasehold Improvements",0,null,null,0,null,0,0,0,0,0]
[47,1815,"Transformer Station Equipment >50 kV",31761842.570000004,194307.69,null,31956150.260000005,null,-10778338.609999999,-1298964.6956666666,0,-12077303.305666666,19878846.954333339]
[47,1820,"Distribution Station Equipment <50 kV",5237200.68,160849.64000000001,null,5398050.3199999994,null,-3408804.92,-165694.35999999999,0,-3574499.28,1823551.0399999996]
[47,1825,"Storage Battery Equipment",0,null,null,0,null,0,0,0,0,0]
[47,1830,"Poles, Towers & Fixtures",59877269.831999995,4965069.21,null,64842339.041999996,null,-23860496.720000003,-1056871.1113333299,0,-24917367.831333332,39924971.210666664]
[47,1835,"Overhead Conductors & Devices",30474339.18,4052486.39,null,34526825.57,null,-9886764.6699999999,-711784.36211111106,0,-10598549.03211111,23928276.537888892]
[47,1840,"Underground Conduit",16420348.83,949493.25,null,17369842.079999998,null,-7940245.0699999994,-224523.83499999996,0,-8164768.9049999993,9205073.1749999989]
[47,1845,"Underground Conductors & Devices",37299716.810000002,1715848.97,null,39015565.780000001,null,-18442990.27,-809521.93628571427,0,-19252512.206285715,19763053.573714286]
[47,1850,"Line Transformers",50942732.869999982,2960653.38,null,53903386.249999985,null,-22014116.069999997,-1005298.0838730158,0,-23019414.153873011,30883972.096126974]
[47,1855,"Services (Overhead & Underground)",24084688.350000001,1286256.44,null,25370944.790000003,null,-12095070.709999999,-331589.15957777773,0,-12426659.869577777,12944284.920422226]
[47,1860,"Meters",12963520.079999998,569727.61999999988,-6652976.7199999997,6880270.9799999977,null,-8460078.8399999999,-77384.070609622795,5287642,-3249820.9106096234,3630450.0693903742]
[47,1860,"Meters (Smart Meters)",6265880,null,null,6265880,null,-541656.29322268302,-541562.66205704398,0,-1083218.955279727,5182661.0447202735]
["N/A",1905,"Land",0,null,null,0,null,0,0,0,0,0]
[47,1908,"Buildings & Fixtures",0,null,null,0,null,0,0,0,0,0]
[13,1910,"Leasehold Improvements",0,null,null,0,null,0,0,0,0,0]
[8,1915,"Office Furniture & Equipment (10 years)",1545307.29,22322.39,null,1567629.68,null,-800812.8,-109159.709,0,-909972.50900000008,657657.17099999986]
[8,1915,"Office Furniture & Equipment (5 years)",0,null,null,0,null,0,0,0,0,0]
[10,1920,"Computer Equipment - Hardware",null,null,null,0,null,null,null,0,0,0]
[45,1920,"Computer Equip.-Hardware(Post Mar. 22/04)",0,null,null,0,null,0,0,0,0,0]
[45.1,1920,"Computer Equip.-Hardware(Post Mar. 19/07)",3928118.46,127190.92,null,4055309.38,null,-3543211.82,-178627.42399999997,0,-3721839.2439999999,333470.13599999994]
[10,1930,"Transportation Equipment",8269742.2700000005,1032897.3099999999,-446378.11,8856261.4700000007,null,-5482989.2199999988,-484213.24,439069,-5528133.459999999,3328128.0100000016]
[8,1935,"Stores Equipment",542505.82000000007,0,null,542505.82000000007,null,-240747.87,-46941.720000000016,0,-287689.59000000003,254816.23000000004]
[8,1940,"Tools, Shop & Garage Equipment",1227699.7599999998,116661.44,null,1344361.1999999997,null,-869534.62999999989,-143889.82675000001,0,-1013424.4567499999,330936.74324999982]
[8,1945,"Measurement & Testing Equipment",896007.06,36196.959999999999,null,932204.02,null,-719767.87000000011,-52571.174285714282,0,-772339.04428571439,159864.97571428563]
[8,1950,"Power Operated Equipment",0,null,null,0,null,0,0,0,0,0]
[8,1955,"Communications Equipment",910489.33000000007,19273.64,null,929762.97000000009,null,-423612.18,-91386.40399999998,0,-514998.58399999997,414764.38600000012]
[8,1955,"Communication Equipment (Smart Meters)",null,null,null,0,null,null,null,0,0,0]
[8,1960,"Miscellaneous Equipment ",2559176.213,35224.04,null,2594400.253,null,-1230403.46,-241511.39400000006,0,-1471914.8540000001,1122485.399]
[47,1970,"Load Management Controls Customer Premises",0,null,null,0,null,0,0,0,0,0]
[47,1975,"Load Management Controls Utility Premises",0,null,null,0,null,0,0,0,0,0]
[47,1980,"System Supervisor Equipment",4414517.34,261141.42,null,4675658.76,null,-2519465.5699999998,-192294.79800000001,0,-2711760.3679999998,1963898.392]
[47,1985,"Miscellaneous Fixed Assets",0,null,null,0,null,0,0,0,0,0]
[47,1990,"Other Tangible Property",0,null,null,0,null,0,0,0,0,0]
[47,1995,"Contributions & Grants",-31831420.199999999,-1593243.81,null,-33424664.009999998,null,8967282.2899999991,780539.37,0,9747821.6599999983,-23676842.350000001]
[47,2440,"Deferred Revenue5"]
[null,null,null,null,null,null,0,null,null,null,null,0,0]
[null,null,"Sub-Total",{"$f":"SUM(D17:D56)","v":305994617.52646422},{"$f":"SUM(E17:E56)","v":18100762.090000011},{"$f":"SUM(F17:F56)","v":-7099354.8300000001},{"$f":"SUM(G17:G56)","v":316996024.78646427},null,{"$f":"SUM(I17:I56)","v":-131404275.60322267},{"$f":"SUM(J17:J56)","v":-8297853.5476499936},{"$f":"SUM(K17:K56)","v":5726711},{"$f":"SUM(L17:L56)","v":-133975418.15087268},{"$f":"SUM(M17:M56)","v":183020606.63559154}]
[null,null,"Less Socialized Renewable Energy Generation Investments (input as negative)",null,null,null,{"$f":"D58+E58+F58","v":0},null,null,null,null,{"$f":"I58+J58+K58","v":0},{"$f":"G58+L58","v":0}]
[null,null,"Less Other Non Rate-Regulated Utility Assets (input as negative)",null,null,null,0,null,null,null,null,0,0]
[null,null,"Total PP&E",{"$f":"SUM(D57:D59)","v":305994617.52646422},{"$f":"SUM(E57:E59)","v":18100762.090000011},-7099354.8300000001,316996024.78646427,null,{"$f":"SUM(I57:I59)","v":-131404275.60322267},-8297853.5476499936,5726711,-133975418.15087268,183020606.63559154]
[null,null,"Depreciation Expense adj. from gain or loss on the retirement of assets (pool of like assets), if applicable6"]
[null,null,"Total",null,null,null,null,null,null,{"$f":"J60+J61","v":-8297853.5476499936}]
[]
[null,null,null,null,null,null,null,null,"Less: Fully Allocated Depreciation"]
[10,null,"Transportation",null,null,null,null,null,"Transportation",null,-484213.24]
[10,null,"Truck Tools",null,null,null,null,null,"Truck Tools",null,-143889.82675000001]
[8,null,"Stores Equipment",null,null,null,null,null,"Stores Equipment",null,-46941.72]
[50,null,"Engineering"]
[null,null,null,null,null,null,null,null,"Net Depreciation",null,{"$f":"J62-K65-K66-K67-K68","v":-7622808.7608999936}]
[]
[1,"Tables in the format outlined above covering all fixed asset accounts should be submitted for the Test Year, Bridge Year and all relevant historical years.  At a minimum , the applicant must provide data for the earlier of: 1) all historical years back to its last rebasing; or 2) at least three years of historical actuals, in addition to Bridge Year and Test Year forecasts."]
[]
[]
[2,"The \"CCA Class\" for fixed assets should agree with the CCA Class used for tax purposes in Tax Returns. Fixed Assets sub-components may be used where the underlying asset components are classified under multiple CCA Classes for tax purposes. If an applicant uses any different classes from those shown in the table, an explanation should be provided. (also see note 3 below)."]
[]
[]
[3,"The table may need to be customized for a utility's asset categories or for any new asset accounts announced or authorized by the Board."]
[]
[4,"The additions column (E) must not include construction work in progress (CWIP)."]
[]
[5,"Effective on the date of IFRS adoption, customer contributions will no longer be recorded in Account 1995 Contributions & Grants, but will be recorded in Account 2440, Deferred Revenues.  "]
[]
[6,"Where a distributor for general financial reporting purposes under IFRS has accounted for the amount of gain or loss on the retirement of assets in a pool of like assets as a charge or credit to income, for reporting and rate application filings the distributor shall reclassify such gains and losses as depreciation expense, and disclose the amount separately."]

{"sheet":"App.2-BA_FA_2015_MIFRS","index":13,"n_rows":83,"n_cols":13,"rows_kept":83,"cut":false,"hidden":false,"merged":[[73,1,74,12],[76,1,76,12],[82,1,83,12],[8,0,8,12],[9,0,9,12],[14,3,14,6],[60,2,60,8],[61,2,61,8],[70,1,71,12]]}
[null,null,null,null,null,null,null,null,null,null,null,"File Number:",{"$f":"EBNUMBER","v":"EB-2015-0108"}]
[null,null,null,null,null,null,null,null,null,null,null,"Exhibit:",2]
[null,null,null,null,null,null,null,null,null,null,null,"Tab:"]
[null,null,null,null,null,null,null,null,null,null,null,"Schedule:","Table 2-17"]
[null,null,null,null,null,null,null,null,null,null,null,"Page:",30]
[]
[null,null,null,null,null,null,null,null,null,null,null,"Date:","2015-05-01"]
[]
["Appendix 2-BA"]
["Fixed Asset Continuity Schedule "]
[]
[null,null,null,null,"Accounting Standard","MIFRS"]
[null,null,null,null,"Year ",2015]
[]
[null,null,null,"Cost",null,null,null,null,null,"Accumulated Depreciation"]
["CCA Class","OEB","Description","Opening Balance","Additions","Disposals","Closing Balance",null,"Opening Balance","Additions","Disposals","Closing Balance","Net Book Value"]
[12,1611,"Computer Software (Formally known as Account 1925)",6112349.3900000006,711366,null,{"$f":"D17+E17+F17","v":6823715.3900000006},null,-5284973.9240000006,-508875.14399999997,null,{"$f":"I17+J17+K17","v":-5793849.0680000009},{"$f":"G17+L17","v":1029866.3219999997}]
["CEC",1612,"Land Rights (Formally known as Account 1906)",654020.54999999993,43159,null,{"$f":"D18+E18+F18","v":697179.54999999993},null,0,0,null,{"$f":"I18+J18+K18","v":0},{"$f":"G18+L18","v":697179.54999999993}]
["N/A",1805,"Land",2323796.4599999995,null,null,{"$f":"D19+E19+F19","v":2323796.4599999995},null,0,0,null,{"$f":"I19+J19+K19","v":0},{"$f":"G19+L19","v":2323796.4599999995}]
[47,1808,"Buildings",30303173.771464251,154039,null,{"$f":"D20+E20+F20","v":30457212.771464251},null,-3142079.3271000003,-841279.75710000016,null,{"$f":"I20+J20+K20","v":-3983359.0842000004},{"$f":"G20+L20","v":26473853.687264249}]
[13,1810,"Leasehold Improvements",0,null,null,0,null,0,0,null,0,0]
[47,1815,"Transformer Station Equipment >50 kV",31956150.260000005,703597.56,null,32659747.820000004,null,-12077303.305666666,-1319242.9863333332,null,-13396546.291999999,19263201.528000005]
[47,1820,"Distribution Station Equipment <50 kV",5597083.3199999994,null,null,5597083.3199999994,null,-3574499.28,-135822.86633333337,null,-3710322.1463333331,1886761.1736666663]
[47,1825,"Storage Battery Equipment",0,null,null,0,null,0,0,null,0,0]
[47,1830,"Poles, Towers & Fixtures",64842339.041999996,3813057.338299986,null,68655396.380299985,null,-24917367.831333298,-1141605.47885111,null,-26058973.310184408,42596423.070115581]
[47,1835,"Overhead Conductors & Devices",34526825.57,3582646.3013999951,null,38109471.871399999,null,-10598549.032111101,-843465.91214222205,null,-11442014.944253324,26667456.927146673]
[47,1840,"Underground Conduit",17369842.079999998,1418703.254499994,null,18788545.334499992,null,-8164768.9050000003,-252897.90009000001,null,-8417666.8050900009,10370878.529409992]
[47,1845,"Underground Conductors & Devices",39015565.780000001,3989900.3580999831,null,43005466.138099983,null,-19252512.2062857,-913797.13937428501,null,-20166309.345659986,22839156.792439997]
[47,1850,"Line Transformers",53903386.249999993,3696020.6290999814,null,57599406.879099973,null,-23019414.153873,-1097078.1801857101,null,-24116492.334058709,33482914.545041263]
[47,1855,"Services (Overhead & Underground)",25370944.790000003,1038588.0486000001,null,26409532.838600002,null,-12426659.869577801,-353255.56899111101,null,-12779915.438568912,13629617.40003109]
[47,1860,"Meters",6681237.9799999977,662062,null,7343299.9799999977,null,-3249820.9106096234,-293458.83266666695,null,-3543279.7432762906,3800020.2367237071]
[47,1860,"Meters (Smart Meters)",6265880,null,null,6265880,null,-1083218.955279727,-541562.66205704398,null,-1624781.617336771,4641098.3826632295]
["N/A",1905,"Land",0,null,null,0,null,0,0,null,0,0]
[47,1908,"Buildings & Fixtures",0,null,null,0,null,0,0,null,0,0]
[13,1910,"Leasehold Improvements",0,null,null,0,null,0,0,null,0,0]
[8,1915,"Office Furniture & Equipment (10 years)",1567629.68,9500,null,1577129.68,null,-909972.50900000008,-106607.239,null,-1016579.7480000001,560549.9319999998]
[8,1915,"Office Furniture & Equipment (5 years)",0,null,null,0,null,0,0,null,0,0]
[10,1920,"Computer Equipment - Hardware",null,null,null,0,null,null,null,null,0,0]
[45,1920,"Computer Equip.-Hardware(Post Mar. 22/04)",0,null,null,0,null,0,0,null,0,0]
[45.1,1920,"Computer Equip.-Hardware(Post Mar. 19/07)",4055309.38,179480,null,4234789.38,null,-3721839.2439999999,-195521.89399999997,null,-3917361.1379999998,317428.24200000009]
[10,1930,"Transportation Equipment",8856261.4700000007,912044,-642135,9126170.4700000007,null,-5528133.459999999,-568908.96908333304,624772,-5472270.4290833324,3653900.0409166683]
[8,1935,"Stores Equipment",542505.82000000007,null,null,542505.82000000007,null,-287689.59000000003,-46941.720000000016,null,-334631.31000000006,207874.51]
[8,1940,"Tools, Shop & Garage Equipment",1344361.1999999997,103000,null,1447361.1999999997,null,-1013424.4567499999,-117946.70475,null,-1131371.1614999999,315990.03849999979]
[8,1945,"Measurement & Testing Equipment",932204.02,14000,null,946204.02,null,-772339.04428571439,-51054.814285714288,null,-823393.85857142869,122810.16142857133]
[8,1950,"Power Operated Equipment",0,null,null,0,null,0,0,null,0,0]
[8,1955,"Communications Equipment",929762.97000000009,14500,null,944262.97000000009,null,-514998.58399999997,-92836.524000000005,null,-607835.10800000001,336427.86200000008]
[8,1955,"Communication Equipment (Smart Meters)",0,null,null,0,null,0,0,null,0,0]
[8,1960,"Miscellaneous Equipment ",2594400.253,31500,null,2625900.253,null,-1471914.8540000001,-241909.60400000005,null,-1713824.4580000001,912075.79499999993]
[47,1970,"Load Management Controls Customer Premises",0,null,null,0,null,0,0,null,0,0]
[47,1975,"Load Management Controls Utility Premises",0,null,null,0,null,0,0,null,0,0]
[47,1980,"System Supervisor Equipment",4675658.76,231447.85,null,4907106.6099999994,null,-2711760.3679999998,-207645.63466666665,null,-2919406.0026666666,1987700.6073333328]
[47,1985,"Miscellaneous Fixed Assets",0,null,null,0,null,0,null,null,0,0]
[47,1990,"Other Tangible Property",0,null,null,0,null,0,null,null,0,0]
[47,1995,"Contributions & Grants",-33424664.009999998,null,null,-33424664.009999998,null,9747821.6599999983,779728.478316169,null,10527550.138316168,-22897113.871683829]
[47,2440,"Deferred Revenue5",null,-4914818,null,-4914818,null,null,125576.540626349,null,{"$f":"I55+J55+K55","v":125576.540626349},{"$f":"G55+L55","v":-4789241.4593736511}]
[null,null,null,null,null,null,0,null,null,null,null,0,0]
[null,null,"Sub-Total",{"$f":"SUM(D17:D56)","v":316996024.78646427},{"$f":"SUM(E17:E56)","v":16393793.33999994},{"$f":"SUM(F17:F56)","v":-642135},{"$f":"SUM(G17:G56)","v":332747683.12646425},null,{"$f":"SUM(I17:I56)","v":-133975418.15087262},{"$f":"SUM(J17:J56)","v":-8966410.5129680112},{"$f":"SUM(K17:K56)","v":624772},{"$f":"SUM(L17:L56)","v":-142317056.66384074},{"$f":"SUM(M17:M56)","v":190430626.46262357}]
[null,null,"Less Socialized Renewable Energy Generation Investments (input as negative)",null,null,null,{"$f":"D58+E58+F58","v":0},null,null,null,null,{"$f":"I58+J58+K58","v":0},{"$f":"G58+L58","v":0}]
[null,null,"Less Other Non Rate-Regulated Utility Assets (input as negative)",null,null,null,0,null,null,null,null,0,0]
[null,null,"Total PP&E",{"$f":"SUM(D57:D59)","v":316996024.78646427},{"$f":"SUM(E57:E59)","v":16393793.33999994},-642135,332747683.12646425,null,{"$f":"SUM(I57:I59)","v":-133975418.15087262},-8966410.5129680112,624772,-142317056.66384074,190430626.46262357]
[null,null,"Depreciation Expense adj. from gain or loss on the retirement of assets (pool of like assets), if applicable6"]
[null,null,"Total",null,null,null,null,null,null,{"$f":"J60+J61","v":-8966410.5129680112}]
[]
[null,null,null,null,null,null,null,null,"Less: Fully Allocated Depreciation"]
[10,null,"Transportation",null,null,null,null,null,"Transportation",null,-568908.96908333304]
[10,null,"Truck Tools",null,null,null,null,null,"Truck Tools",null,-117946.70475]
[8,null,"Stores Equipment",null,null,null,null,null,"Stores Equipment",null,-46941.72]
[50,null,"Engineering"]
[null,null,null,null,null,null,null,null,"Net Depreciation",null,{"$f":"J62-K65-K66-K67-K68","v":-8232613.1191346785}]
[]
[1,"Tables in the format outlined above covering all fixed asset accounts should be submitted for the Test Year, Bridge Year and all relevant historical years.  At a minimum , the applicant must provide data for the earlier of: 1) all historical years back to its last rebasing; or 2) at least three years of historical actuals, in addition to Bridge Year and Test Year forecasts."]
[]
[]
[2,"The \"CCA Class\" for fixed assets should agree with the CCA Class used for tax purposes in Tax Returns. Fixed Assets sub-components may be used where the underlying asset components are classified under multiple CCA Classes for tax purposes. If an applicant uses any different classes from those shown in the table, an explanation should be provided. (also see note 3 below)."]
[]
[]
[3,"The table may need to be customized for a utility's asset categories or for any new asset accounts announced or authorized by the Board."]
[]
[4,"The additions column (E) must not include construction work in progress (CWIP)."]
[]
[5,"Effective on the date of IFRS adoption, customer contributions will no longer be recorded in Account 1995 Contributions & Grants, but will be recorded in Account 2440, Deferred Revenues.  "]
[]
[6,"Where a distributor for general financial reporting purposes under IFRS has accounted for the amount of gain or loss on the retirement of assets in a pool of like assets as a charge or credit to income, for reporting and rate application filings the distributor shall reclassify such gains and losses as depreciation expense, and disclose the amount separately."]

{"sheet":"App.2-BA_FA_2016 MIFRS","index":14,"n_rows":83,"n_cols":13,"rows_kept":83,"cut":false,"hidden":false,"merged":[[73,1,74,12],[76,1,76,12],[82,1,83,12],[8,0,8,12],[9,0,9,12],[14,3,14,6],[60,2,60,8],[61,2,61,8],[70,1,71,12]]}
[null,null,null,null,null,null,null,null,null,null,null,"File Number:",{"$f":"EBNUMBER","v":"EB-2015-0108"}]
[null,null,null,null,null,null,null,null,null,null,null,"Exhibit:",2]
[null,null,null,null,null,null,null,null,null,null,null,"Tab:"]
[null,null,null,null,null,null,null,null,null,null,null,"Schedule:","Table 2-18"]
[null,null,null,null,null,null,null,null,null,null,null,"Page:",31]
[]
[null,null,null,null,null,null,null,null,null,null,null,"Date:","2015-05-01"]
[]
["Appendix 2-BA"]
["Fixed Asset Continuity Schedule "]
[]
[null,null,null,null,"Accounting Standard","MIFRS"]
[null,null,null,null,"Year ",2016]
[]
[null,null,null,"Cost",null,null,null,null,null,"Accumulated Depreciation"]
["CCA Class","OEB","Description","Opening Balance","Additions","Disposals","Closing Balance",null,"Opening Balance","Additions","Disposals","Closing Balance","Net Book Value"]
[12,1611,"Computer Software (Formally known as Account 1925)",6823715.3900000006,871760,null,{"$f":"D17+E17+F17","v":7695475.3900000006},null,-5793849.068,-476948.114,null,{"$f":"I17+J17+K17","v":-6270797.182},{"$f":"G17+L17","v":1424678.2080000006}]
["CEC",1612,"Land Rights (Formally known as Account 1906)",697179.54999999993,43259,null,{"$f":"D18+E18+F18","v":740438.54999999993},null,0,0,null,{"$f":"I18+J18+K18","v":0},{"$f":"G18+L18","v":740438.54999999993}]
["N/A",1805,"Land",2323796.4599999995,null,null,{"$f":"D19+E19+F19","v":2323796.4599999995},null,0,0,null,{"$f":"I19+J19+K19","v":0},{"$f":"G19+L19","v":2323796.4599999995}]
[47,1808,"Buildings",30457213.141464252,128050,null,{"$f":"D20+E20+F20","v":30585263.141464252},null,-3983359.0842000004,-844031.42376666679,null,{"$f":"I20+J20+K20","v":-4827390.5079666674},{"$f":"G20+L20","v":25757872.633497585}]
[13,1810,"Leasehold Improvements",null,null,null,0,null,0,0,null,0,0]
[47,1815,"Transformer Station Equipment >50 kV",32659747.820000004,516518,null,33176265.820000004,null,-13396546.291999999,-1138051.4029999999,null,-14534597.695,18641668.125000004]
[47,1820,"Distribution Station Equipment <50 kV",5597083.3199999994,94587,null,5691670.3199999994,null,-3710322.1463333331,-137509.84633333335,null,-3847831.9926666664,1843838.327333333]
[47,1825,"Storage Battery Equipment",null,null,null,0,null,0,0,null,0,0]
[47,1830,"Poles, Towers & Fixtures",68655396.380299985,3732213.05,null,72387609.430299982,null,-26058973.310184401,-1183074.5127399999,null,-27242047.822924402,45145561.607375577]
[47,1835,"Overhead Conductors & Devices",38109471.871399999,3640322.73,null,41749794.601399995,null,-11442014.944253299,-908507.68136444502,null,-12350522.625617744,29399271.975782253]
[47,1840,"Underground Conduit",18788545.334499992,905771.87999999407,null,19694317.214499988,null,-8417666.8050900009,-261955.61888999978,null,-8679622.4239800014,11014694.790519986]
[47,1845,"Underground Conductors & Devices",43005466.138099983,2460395.3299999828,null,45465861.468099967,null,-20166309.345660001,-942674.80408857064,null,-21108984.149748571,24356877.318351395]
[47,1850,"Line Transformers",57599406.879099973,3872424.9499999895,null,61471831.829099961,null,-24116492.334058698,-1145178.5702333299,null,-25261670.904292028,36210160.924807936]
[47,1855,"Services (Overhead & Underground)",26409532.838600002,1044553.46,null,27454086.298600003,null,-12779915.438568899,-364147.09604666702,null,-13144062.534615567,14310023.763984436]
[47,1860,"Meters",7343299.9799999977,644366.6,null,7987666.5799999973,null,-3543279.7432762906,-314831.71933333296,null,-3858111.4626096236,4129555.1173903737]
[47,1860,"Meters (Smart Meters)",6265880,null,null,6265880,null,-1624781.617336771,-541668.84,null,-2166450.4573367708,4099429.5426632292]
["N/A",1905,"Land",null,null,null,0,null,0,0,null,0,0]
[47,1908,"Buildings & Fixtures",null,null,null,0,null,0,0,null,0,0]
[13,1910,"Leasehold Improvements",null,null,null,0,null,0,0,null,0,0]
[8,1915,"Office Furniture & Equipment (10 years)",1577129.68,7000,null,1584129.68,null,-1016579.7480000001,-106956.679,null,-1123536.4270000001,460593.25299999979]
[8,1915,"Office Furniture & Equipment (5 years)",null,null,null,0,null,0,0,null,0,0]
[10,1920,"Computer Equipment - Hardware",null,null,null,0,null,null,null,null,0,0]
[45,1920,"Computer Equip.-Hardware(Post Mar. 22/04)",null,null,null,0,null,0,0,null,0,0]
[45.1,1920,"Computer Equip.-Hardware(Post Mar. 19/07)",4234789.38,108650,null,4343439.38,null,-3917361.1379999998,-132135.57399999996,null,-4049496.7119999998,293942.66800000006]
[10,1930,"Transportation Equipment",9126170.4700000007,619409,-316071,9429508.4700000007,null,-5472270.4290833296,-589153.52075000014,305084,-5756339.9498333298,3673168.5201666709]
[8,1935,"Stores Equipment",542505.82000000007,null,null,542505.82000000007,null,-334631.31000000006,-46941.720000000016,null,-381573.03000000009,160932.78999999998]
[8,1940,"Tools, Shop & Garage Equipment",1447361.1999999997,77000,null,1524361.1999999997,null,-1131371.1614999999,-117918.52674999999,null,-1249289.6882499999,275071.51174999983]
[8,1945,"Measurement & Testing Equipment",946204.02,15000,null,961204.02,null,-823393.85857142869,-45677.162857142859,null,-869071.02142857155,92132.99857142847]
[8,1950,"Power Operated Equipment",null,null,null,0,null,0,0,null,0,0]
[8,1955,"Communications Equipment",944262.97000000009,null,null,944262.97000000009,null,-607835.10800000001,-92367.823999999993,null,-700202.93200000003,244060.03800000006]
[8,1955,"Communication Equipment (Smart Meters)",null,null,null,0,null,0,0,null,0,0]
[8,1960,"Miscellaneous Equipment ",2625900.253,32000,null,2657900.253,null,-1713824.4580000001,-243392.50400000004,null,-1957216.9620000001,700683.29099999997]
[47,1970,"Load Management Controls Customer Premises",null,null,null,0,null,0,0,null,0,0]
[47,1975,"Load Management Controls Utility Premises",null,null,null,0,null,0,0,null,0,0]
[47,1980,"System Supervisor Equipment",4907106.6099999994,265636,null,5172742.6099999994,null,-2919406.0026666666,-206446.508,null,-3125852.5106666666,2046890.0993333329]
[47,1985,"Miscellaneous Fixed Assets",null,null,null,0,null,0,0,null,0,0]
[47,1990,"Other Tangible Property",null,null,null,0,null,0,0,null,0,0]
[47,1995,"Contributions & Grants",-33424664.009999998,null,null,-33424664.009999998,null,10527550.138316168,778853.06058825215,null,11306403.198904419,-22118260.81109558]
[47,2440,"Deferred Revenue5",-4914818,-2289738,null,-7204556,null,125576.540626349,155030.78320444399,null,{"$f":"I55+J55+K55","v":280607.32383079297},{"$f":"G55+L55","v":-6923948.6761692073}]
[null,null,null,null,null,null,0,null,null,null,null,0,0]
[null,null,"Sub-Total",{"$f":"SUM(D17:D56)","v":332747683.49646425},{"$f":"SUM(E17:E56)","v":16789178.999999966},{"$f":"SUM(F17:F56)","v":-316071},{"$f":"SUM(G17:G56)","v":349220791.49646419},null,{"$f":"SUM(I17:I56)","v":-142317056.66384065},{"$f":"SUM(J17:J56)","v":-8905685.8053607922},{"$f":"SUM(K17:K56)","v":305084},{"$f":"SUM(L17:L56)","v":-150917658.46920145},{"$f":"SUM(M17:M56)","v":198303133.02726275}]
[null,null,"Less Socialized Renewable Energy Generation Investments (input as negative)",null,null,null,{"$f":"D58+E58+F58","v":0},null,null,null,null,{"$f":"I58+J58+K58","v":0},{"$f":"G58+L58","v":0}]
[null,null,"Less Other Non Rate-Regulated Utility Assets (input as negative)",null,null,null,0,null,null,null,null,0,0]
[null,null,"Total PP&E",{"$f":"SUM(D57:D59)","v":332747683.49646425},{"$f":"SUM(E57:E59)","v":16789178.999999966},-316071,349220791.49646419,null,{"$f":"SUM(I57:I59)","v":-142317056.66384065},-8905685.8053607922,305084,-150917658.46920145,198303133.02726275]
[null,null,"Depreciation Expense adj. from gain or loss on the retirement of assets (pool of like assets), if applicable6"]
[null,null,"Total",null,null,null,null,null,null,{"$f":"J60+J61","v":-8905685.8053607922}]
[]
[null,null,null,null,null,null,null,null,"Less: Fully Allocated Depreciation"]
[10,null,"Transportation",null,null,null,null,null,"Transportation",null,-589153.52075000003]
[10,null,"Truck Tools",null,null,null,null,null,"Truck Tools",null,-117918.52675]
[8,null,"Stores Equipment",null,null,null,null,null,"Stores Equipment",null,-46941.72]
[50,null,"Engineering"]
[null,null,null,null,null,null,null,null,"Net Depreciation",null,{"$f":"J62-K65-K66-K67-K68","v":-8151672.0378607921}]
[]
[1,"Tables in the format outlined above covering all fixed asset accounts should be submitted for the Test Year, Bridge Year and all relevant historical years.  At a minimum , the applicant must provide data for the earlier of: 1) all historical years back to its last rebasing; or 2) at least three years of historical actuals, in addition to Bridge Year and Test Year forecasts."]
[]
[]
[2,"The \"CCA Class\" for fixed assets should agree with the CCA Class used for tax purposes in Tax Returns. Fixed Assets sub-components may be used where the underlying asset components are classified under multiple CCA Classes for tax purposes. If an applicant uses any different classes from those shown in the table, an explanation should be provided. (also see note 3 below)."]
[]
[]
[3,"The table may need to be customized for a utility's asset categories or for any new asset accounts announced or authorized by the Board."]
[]
[4,"The additions column (E) must not include construction work in progress (CWIP)."]
[]
[5,"Effective on the date of IFRS adoption, customer contributions will no longer be recorded in Account 1995 Contributions & Grants, but will be recorded in Account 2440, Deferred Revenues.  "]
[]
[6,"Where a distributor for general financial reporting purposes under IFRS has accounted for the amount of gain or loss on the retirement of assets in a pool of like assets as a charge or credit to income, for reporting and rate application filings the distributor shall reclassify such gains and losses as depreciation expense, and disclose the amount separately."]

{"sheet":"Appendix 2-BB Service Life","index":15,"n_rows":117,"n_cols":17,"rows_kept":117,"cut":false,"hidden":false,"merged":[[8,0,8,16],[9,0,9,16],[11,0,11,16],[12,2,12,4],[12,5,12,7],[12,9,13,9],[12,10,13,10],[12,11,12,12],[12,13,12,14],[12,15,12,16],[13,2,13,4],[21,3,22,3],[23,2,23,4],[24,2,24,4],[37,1,39,1],[37,2,39,2],[37,3,37,4],[38,3,38,4],[39,3,39,4],[25,2,25,4],[26,2,26,4],[27,2,27,4],[28,2,28,4],[29,2,29,4],[40,2,40,4],[30,15,30,16],[31,2,31,4],[32,0,49,0],[32,1,34,1],[32,2,34,2],[32,3,32,4],[33,3,33,4],[34,3,34,4],[35,2,35,4],[36,2,36,4],[30,5,30,7],[14,0,31,0],[14,1,16,1],[14,2,16,2],[14,3,14,4],[15,3,16,3],[17,1,19,1],[17,2,19,2],[17,3,17,4],[18,3,19,3],[20,1,22,1],[20,2,22,2],[20,3,20,4],[50,0,69,0],[50,2,50,4],[51,2,51,4],[52,2,52,4],[53,2,53,4],[55,2,55,4],[56,2,56,4],[41,1,42,1],[41,3,41,4],[42,3,42,4],[43,2,43,4],[44,2,44,4],[45,2,45,4],[57,2,57,4],[58,1,59,1],[58,2,59,2],[58,3,58,4],[59,3,59,4],[60,2,60,4],[47,2,47,4],[48,2,48,4],[49,2,49,4],[65,2,65,4],[66,2,66,4],[67,2,67,4],[68,2,68,4],[69,2,69,4],[70,2,70,4],[61,2,61,4],[62,2,62,4],[63,1,64,1],[63,2,64,2],[63,3,63,4],[64,3,64,4],[78,1,82,1],[78,2,82,2],[78,3,78,4],[78,6,78,7],[79,5,79,7],[73,0,73,16],[74,2,74,4],[74,5,75,7],[74,9,75,9],[74,10,75,10],[74,11,74,12],[74,13,74,14],[74,15,74,16],[75,2,75,4],[79,15,79,16],[80,6,80,7],[81,3,81,4],[81,6,81,7],[82,3,82,4],[82,6,82,7],[76,2,76,4],[76,6,76,7],[77,2,77,4],[77,6,77,7],[87,15,87,16],[88,2,88,4],[88,5,88,7],[89,1,93,1],[89,2,93,2],[89,3,89,4],[89,6,89,7],[90,6,90,7],[91,3,91,4],[91,6,91,7],[83,2,87,2],[83,3,83,4],[83,6,83,7],[84,6,84,7],[85,3,85,4],[85,6,85,7],[86,3,86,4],[86,6,86,7],[87,3,87,4],[87,5,87,7],[99,6,99,7],[100,3,100,4],[92,3,92,4],[92,6,92,7],[93,3,93,4],[93,6,93,7],[94,1,95,1],[94,2,95,2],[94,3,94,4],[94,6,94,7],[95,3,95,4],[95,6,95,7],[103,15,103,16],[104,2,104,4],[104,6,104,7],[105,2,105,4],[105,6,105,7],[106,2,106,4],[106,6,106,7],[100,6,100,7],[101,1,103,1],[101,2,103,2],[101,3,101,4],[101,6,101,7],[102,3,102,4],[102,6,102,7],[103,3,103,4],[103,5,103,7],[96,1,100,1],[96,2,100,2],[96,3,96,4],[96,6,96,7],[97,3,97,4],[97,6,97,7],[98,3,98,4],[98,6,98,7],[110,2,110,4],[110,6,110,7],[113,0,113,7],[107,2,107,4],[107,6,107,7],[108,2,108,4],[108,6,108,7],[109,2,109,4],[109,6,109,7]]}
[null,null,null,null,null,null,null,null,null,null,null,null,"File Number:",null,"EB-2015-0108"]
[null,null,null,null,null,null,null,null,null,null,null,null,"Exhibit:",null,4]
[null,null,null,null,null,null,null,null,null,null,null,null,"Tab:"]
[null,null,null,null,null,null,null,null,null,null,null,null,"Schedule:",null,"Table 4-46"]
[null,null,null,null,null,null,null,null,null,null,null,null,"Page:",null,"91/92"]
[]
[null,null,null,null,null,null,null,null,null,null,null,null,"Date:",null,"2015-05-01"]
[]
["Appendix 2-BB"]
["Service Life Comparison"]
[]
["Table F-1 from Kinetrics Report1"]
[null,null,"Asset Details",null,null,"Useful Life",null,null,null,"USoA Account Number","USoA Account Description","Current",null,"Proposed",null,"Outside Range of Min, Max TUL?"]
["Parent*","#","Category| Component | Type",null,null,"MIN UL","TUL","MAX UL",null,null,null,"Years","Rate","Years","Rate","Below Min TUL","Above Max TUL"]
["OH",1,"Fully Dressed Wood Poles","Overall",null,35,45,75,null,1830,"Poles, Towers and Fixtures",45,2.2222222222222223E-2,45,2.2222222222222223E-2,"No","No"]
[null,null,null,"Cross Arm","Wood",20,40,55,null,null,null,null,"",null,"","",""]
[null,null,null,null,"Steel",30,70,95,null,null,null,null,"",null,"","",""]
[null,2,"Fully Dressed Concrete Poles","Overall",null,50,60,80,null,null,null,null,"",null,"","",""]
[null,null,null,"Cross Arm","Wood",20,40,55,null,null,null,null,"",null,"","",""]
[null,null,null,null,"Steel",30,70,95,null,null,null,null,"",null,"","",""]
[null,3,"Fully Dressed Steel Poles","Overall",null,60,60,80,null,null,null,null,"",null,"","",""]
[null,null,null,"Cross Arm","Wood",20,40,55,null,null,null,null,"",null,"","",""]
[null,null,null,null,"Steel",30,70,95,null,null,null,null,"",null,"","",""]
[null,4,"OH Line Switch",null,null,30,45,55,null,1835,"OH Conductor & Devices",30,3.3333333333333333E-2,30,3.3333333333333333E-2,"No","No"]
[null,5,"OH Line Switch Motor",null,null,15,25,25,null,null,null,null,"",null,"","",""]
[null,6,"OH Line Switch RTU",null,null,15,20,20,null,1835,"OH Conductor & Devices",15,6.6666666666666666E-2,15,6.6666666666666666E-2,"No","No"]
[null,7,"OH Integral Switches",null,null,35,45,60,null,null,null,null,"",null,"","",""]
[null,8,"OH Conductors",null,null,50,60,75,null,1835,"OH Conductor & Devices",45,2.2222222222222223E-2,45,2.2222222222222223E-2,"Yes","No"]
[null,9,"OH Transformers & Voltage Regulators",null,null,30,40,60,null,1850,"Line Transformers",45,2.2222222222222223E-2,45,2.2222222222222223E-2,"No","No"]
[null,10,"OH Shunt Capacitor Banks",null,null,25,30,40,null,1830,"Poles, Towers and Fixtures",25,0.04,25,0.04,"No","No"]
[null,null,"OH Services",null,null,"no guideline",null,null,null,1855,"Services",45,2.2222222222222223E-2,45,2.2222222222222223E-2,"no guideline"]
[null,11,"Reclosers",null,null,25,40,55,null,null,null,null,"",null,"","",""]
["TS & MS",12,"Power Transformers","Overall",null,30,45,60,null,1815,"Transformer Station Equipment",50,0.02,50,0.02,"No","No"]
[null,null,null,"Bushing",null,10,20,30,null,null,null,null,"",null,"","",""]
[null,null,null,"Tap Changer",null,20,30,60,null,null,null,null,"",null,"","",""]
[null,13,"Station Service Transformer",null,null,30,45,55,null,null,null,null,"",null,"","",""]
[null,14,"Station Grounding Transformer",null,null,30,40,40,null,null,null,null,"",null,"","",""]
[null,15,"Station DC System","Overall",null,10,20,30,null,null,null,null,"",null,"","",""]
[null,null,null,"Battery Bank",null,10,15,15,null,null,null,null,"",null,"","",""]
[null,null,null,"Charger",null,20,20,30,null,null,null,null,"",null,"","",""]
[null,null,"MS / DS Equipment",null,null,30,40,60,null,1820,"Distribution Station Equipment",30,3.3333333333333333E-2,30,3.3333333333333333E-2,"No","No"]
[null,16,"Station Metal Clad Switchgear","Overall",null,30,40,60,null,null,null,null,"",null,"","",""]
[null,null,null,"Removable Breaker",null,25,40,60,null,null,null,null,"",null,"","",""]
[null,17,"Station Independent Breakers",null,null,35,45,65,null,null,null,null,"",null,"","",""]
[null,null,"Auxiliary Equipment ",null,null,30,50,60,null,1815,"Transformer Station Equipment",30,3.3333333333333333E-2,30,3.3333333333333333E-2,"No","No"]
[null,19,"Electromechanical Relays",null,null,25,35,50,null,null,null,null,"",null,"","",""]
[null,20,"Solid State Relays",null,null,10,30,45,null,null,null,null,"",null,"","",""]
[null,null,"P&C Equipment - Electronic",null,null,15,20,20,null,1815,"Transformer Station Equipment",15,6.6666666666666666E-2,15,6.6666666666666666E-2,"No","No"]
[null,22,"Rigid Busbars",null,null,30,55,60,null,null,null,null,"",null,"","",""]
[null,23,"Steel Structure",null,null,35,50,90,null,null,null,null,"",null,"","",""]
["UG",24,"Primary Paper Insulated Lead Covered (PILC) Cables",null,null,60,65,75,null,null,null,null,"",null,"","",""]
[null,25,"Primary Ethylene-Propylene Rubber (EPR) Cables",null,null,20,25,25,null,null,null,null,"",null,"","",""]
[null,26,"Primary Non-Tree Retardant (TR) Cross Linked \nPolyethylene (XLPE) Cables Direct Buried",null,null,20,25,30,null,null,null,null,"",null,"","",""]
[null,27,"Primary Non-TR XLPE Cables in Duct",null,null,20,25,30,null,null,null,null,"",null,"","",""]
[null,29,"Primary TR XLPE Cables in Duct",null,null,35,40,55,null,1845,"Underground Conductor & Devices",35,2.8571428571428571E-2,35,2.8571428571428571E-2,"No","No"]
[null,30,"Secondary PILC Cables",null,null,70,75,80,null,null,null,null,"",null,"","",""]
[null,31,"Secondary Cables Direct Buried",null,null,25,35,40,null,null,null,null,"",null,"","",""]
[null,32,"Secondary Cables in Duct",null,null,35,40,60,null,1855,"Services",50,0.02,50,0.02,"No","No"]
[null,33,"Network Tranformers","Overall",null,20,35,50,null,null,null,null,"",null,"","",""]
[null,null,null,"Protector",null,20,35,40,null,null,null,null,"",null,"","",""]
[null,34,"Pad-Mounted Transformers",null,null,25,40,45,null,1850,"Line Transformers",35,2.8571428571428571E-2,35,2.8571428571428571E-2,"No","No"]
[null,35,"Submersible/Vault Transformers",null,null,25,35,45,null,1850,"Line Transformers",35,2.8571428571428571E-2,35,2.8571428571428571E-2,"No","No"]
[null,36,"UG Foundation",null,null,35,55,70,null,null,null,null,"",null,"","",""]
[null,37,"UG Vaults","Overall",null,40,60,80,null,null,null,null,"",null,"","",""]
[null,null,null,"Roof",null,20,30,45,null,null,null,null,"",null,"","",""]
[null,38,"UG Vault Switches",null,null,20,35,50,null,null,null,null,"",null,"","",""]
[null,39,"Pad-Mounted Switchgear",null,null,20,30,45,null,null,null,null,"",null,"","",""]
[null,40,"Ducts",null,null,30,50,85,null,1840,"Underground Conduit",50,0.02,50,0.02,"No","No"]
[null,41,"Concrete Encased Duct Banks",null,null,35,55,80,null,null,null,null,"",null,"","",""]
[null,42,"Cable Chambers",null,null,50,60,80,null,null,null,null,"",null,"","",""]
["S",43,"Remote SCADA",null,null,15,20,30,null,1980,"System Supervisory Equipment",15,6.6666666666666666E-2,15,6.6666666666666666E-2,"No","No"]
[]
[]
["Table F-2 from Kinetrics Report1"]
[null,null,"Asset Details",null,null,"Useful Life Range",null,null,null,"USoA Account Number","USoA Account Description","Current",null,"Proposed",null,"Outside Range of Min, Max TUL?"]
[null,"#","Category| Component | Type",null,null,null,null,null,null,null,null,"Years","Rate","Years","Rate","Below Min Range","Above Max Range"]
[null,1,"Office Equipment",null,null,5,15,null,null,1915,"Office Furniture and Equipment",5,0.2,5,0.2,"No","No"]
[null,null,"Office Furniture",null,null,5,15,null,null,1915,"Office Furniture and Equipment",10,0.1,10,0.1,"No","No"]
[null,2,"Vehicles","Trucks & Buckets",null,5,15,null,null,1930,"Transportation Equipment",12,8.3333333333333329E-2,12,8.3333333333333329E-2,"No","No"]
[null,null,null,"Hybrid Battery Packs",null,"no guideline",null,null,null,1930,"Transportation Equipment",5,0.2,5,0.2,"no guideline"]
[null,null,null,"Cars",null,5,10,null,null,1930,"Transportation Equipment",5,0.2,5,0.2,"No","No"]
[null,null,null,"Trailers",null,5,20,null,null,1930,"Transportation Equipment",15,6.6666666666666666E-2,15,6.6666666666666666E-2,"No","No"]
[null,null,null,"Small Trucks / Vans",null,5,10,null,null,1930,"Transportation Equipment",8,0.125,8,0.125,"No","No"]
[null,3,"Administrative Buildings","Building",null,50,75,null,null,1808,"Buildings and Fixtures",50,0.02,50,0.02,"No","No"]
[null,null,null,"Fence",null,25,60,null,null,1808,"Buildings and Fixtures",25,0.04,25,0.04,"No","No"]
[null,null,null,"Parking",null,25,30,null,null,1808,"Buildings and Fixtures",25,0.04,25,0.04,"No","No"]
[null,null,null,"Roof",null,20,30,null,null,1808,"Buildings and Fixtures",20,0.05,20,0.05,"No","No"]
[null,null,null,"Controls and Automation / HVAC",null,"no guideline",null,null,null,1808,"Buildings and Fixtures",15,6.6666666666666666E-2,15,6.6666666666666666E-2,"no guideline"]
[null,4,"Leasehold Improvements",null,null,"Lease dependent",null,null,null,null,null,null,"",null,""]
[null,5,"Station Buildings","MS / DS Station Buildings",null,50,75,null,null,1808,"Buildings and Fixtures",50,0.02,50,0.02,"No","No"]
[null,null,null,"TS Station Buildings",null,50,75,null,null,1808,"Buildings and Fixtures",60,1.6666666666666666E-2,60,1.6666666666666666E-2,"No","No"]
[null,null,null,"Parking",null,25,30,null,null,null,null,null,"",null,"","",""]
[null,null,null,"Fence",null,25,60,null,null,null,null,null,"",null,"","",""]
[null,null,null,"Roof",null,20,30,null,null,null,null,null,"",null,"","",""]
[null,6,"Computer Equipment","Hardware",null,3,5,null,null,1920,"Computer Equipment - Hardware ",5,0.2,5,0.2,"No","No"]
[null,null,null,"Software",null,2,5,null,null,1925,"Computer Software",5,0.2,5,0.2,"No","No"]
[null,7,"Equipment","Miscellaneous Equipment",null,5,10,null,null,1960,"Miscellaneous Equipment",10,0.1,10,0.1,"No","No"]
[null,null,null,"Stores",null,5,10,null,null,1935,"Stores Equipment",10,0.1,10,0.1,"No","No"]
[null,null,null,"Tools, Shop, Garage Equipment",null,5,10,null,null,1940,"Tools, Shop and Garage Equipment",8,0.125,8,0.125,"No","No"]
[null,null,null,"Truck Tools",null,5,10,null,null,1940,"Tools, Shop and Garage Equipment",5,0.2,5,0.2,"No","No"]
[null,null,null,"Measurement & Testing Equipment",null,5,10,null,null,1945,"Measurement and Testing Equipment",7,0.14285714285714285,7,0.14285714285714285,"No","No"]
[null,8,"Communication","Towers",null,60,70,null,null,1955,"Communication Equipment",50,0.02,50,0.02,"Yes","No"]
[null,null,null,"Wireless",null,2,10,null,null,1955,"Communication Equipment",8,0.125,8,0.125,"No","No"]
[null,null,null,"Telephone System / Radio Station Equipment",null,"no guideline",null,null,null,1955,"Communication Equipment",10,0.1,10,0.1,"no guideline"]
[null,9,"Residential Energy Meters",null,null,25,35,null,null,1860,"Meters",25,0.04,25,0.04,"No","No"]
[null,10,"Industrial/Commercial Energy Meters",null,null,25,35,null,null,1860,"Meters",25,0.04,25,0.04,"No","No"]
[null,11,"Wholesale Energy Meters",null,null,15,30,null,null,1820,"Distribution Station Equipment ",15,6.6666666666666666E-2,15,6.6666666666666666E-2,"No","No"]
[null,12,"Current & Potential Transformer (CT & PT)",null,null,35,50,null,null,null,null,null,"",null,"","",""]
[null,13,"Smart Meters",null,null,5,15,null,null,1860,"Meters",15,6.6666666666666666E-2,15,6.6666666666666666E-2,"No","No"]
[null,14,"Repeaters - Smart Metering",null,null,10,15,null,null,null,null,null,"",null,"","",""]
[null,15,"Data Collectors - Smart Metering",null,null,15,20,null,null,null,null,null,"",null,"","",""]
[]
[]
["* TS & MS = Transformer and Municipal Stations UG = Underground Systems S = Monitoring and Control Systems"]
[]
["Note 1:","Tables F-1 and F-2 above are to be used as a reference in order to complete columns J, K, L and N."]
[null,"See pages 17-19 of Kinetrics Report"]

{"sheet":"App.2-CA_OldCGAAP_DepExp_2012","index":16,"n_rows":62,"n_cols":12,"rows_kept":62,"cut":false,"hidden":false,"merged":[[58,1,58,11],[59,1,60,9],[61,1,62,11],[8,0,8,11],[9,0,9,11],[14,0,15,0],[14,1,15,1],[14,10,15,10],[10,1,10,10]]}
[null,null,null,null,null,null,null,null,null,null,"File Number:",{"$f":"EBNUMBER","v":"EB-2015-0108"}]
[null,null,null,null,null,null,null,null,null,null,"Exhibit:"]
[null,null,null,null,null,null,null,null,null,null,"Tab:"]
[null,null,null,null,null,null,null,null,null,null,"Schedule:"]
[null,null,null,null,null,null,null,null,null,null,"Page:"]
[]
[null,null,null,null,null,null,null,null,null,null,"Date:"]
[]
["Appendix 2-CA"]
["Depreciation and Amortization Expense"]
[null,"Assumes the applicant made capitalization and depreciation expense accounting policy changes under CGAAP effective January 1, 2012 and will adopt IFRS for financial reporting purposes effective January 1, 2015."]
[null,"N/A"]
[null,null,"Year",2012,"Former CGAAP"]
[]
["Account","Description","Opening Regulatory Gross PP&E as at Jan 1, 2012","Less Fully Depreciated","Net for Depreciation","Additions","Total for Depreciation","Years","Depreciation Rate","Depreciation Expense","2012 Depreciation Expense per Appendix 2-BA Fixed Assets, Column J \n (l)","Variance 2"]
[null,null,"(a)","(b)","(c)","(d)","(e) = (c) + ½ x (d) 1","(f)","(g) = 1 / (f)","(h) = (e) / (f)",null,"(m) = (h) - (l)"]
[1611,"Computer Software (Formally known as Account 1925)",null,null,{"$f":"C17-D17","v":0},null,{"$f":"E17+0.5*F17","v":0},null,{"$f":"IF(H17=0,0,1/H17)","v":0},{"$f":"IF(H17=0,0,G17/H17)","v":0},null,{"$f":"IF(ISERROR(+J17-K17), 0, +J17-K17)","v":0}]
[1612,"Land Rights (Formally known as Account 1906)",null,null,{"$f":"C18-D18","v":0},null,{"$f":"E18+0.5*F18","v":0},null,0,0,null,0]
[1805,"Land",null,null,0,null,0,null,0,0,null,0]
[1808,"Buildings",null,null,0,null,0,null,0,0,null,0]
[1810,"Leasehold Improvements",null,null,0,null,0,null,0,0,null,0]
[1815,"Transformer Station Equipment >50 kV",null,null,0,null,0,null,0,0,null,0]
[1820,"Distribution Station Equipment <50 kV",null,null,0,null,0,null,0,0,null,0]
[1825,"Storage Battery Equipment",null,null,0,null,0,null,0,0,null,0]
[1830,"Poles, Towers & Fixtures",null,null,0,null,0,null,0,0,null,0]
[1835,"Overhead Conductors & Devices",null,null,0,null,0,null,0,0,null,0]
[1840,"Underground Conduit",null,null,0,null,0,null,0,0,null,0]
[1845,"Underground Conductors & Devices",null,null,0,null,0,null,0,0,null,0]
[1850,"Line Transformers",null,null,0,null,0,null,0,0,null,0]
[1855,"Services (Overhead & Underground)",null,null,0,null,0,null,0,0,null,0]
[1860,"Meters",null,null,0,null,0,null,0,0,null,0]
[1860,"Meters (Smart Meters)",null,null,0,null,0,null,0,0,null,0]
[1905,"Land",null,null,0,null,0,null,0,0,null,0]
[1908,"Buildings & Fixtures",null,null,0,null,0,null,0,0,null,0]
[1910,"Leasehold Improvements",null,null,0,null,0,null,0,0,null,0]
[1915,"Office Furniture & Equipment (10 years)",null,null,0,null,0,null,0,0,null,0]
[1915,"Office Furniture & Equipment (5 years)",null,null,0,null,0,null,0,0,null,0]
[1920,"Computer Equipment - Hardware",null,null,0,null,0,null,0,0,null,0]
[1920,"Computer Equip.-Hardware(Post Mar. 22/04)",null,null,0,null,0,null,0,0,null,0]
[1920,"Computer Equip.-Hardware(Post Mar. 19/07)",null,null,0,null,0,null,0,0,null,0]
[1930,"Transportation Equipment",null,null,0,null,0,null,0,0,null,0]
[1935,"Stores Equipment",null,null,0,null,0,null,0,0,null,0]
[1940,"Tools, Shop & Garage Equipment",null,null,0,null,0,null,0,0,null,0]
[1945,"Measurement & Testing Equipment",null,null,0,null,0,null,0,0,null,0]
[1950,"Power Operated Equipment",null,null,0,null,0,null,0,0,null,0]
[1955,"Communications Equipment",null,null,0,null,0,null,0,0,null,0]
[1955,"Communication Equipment (Smart Meters)",null,null,0,null,0,null,0,0,null,0]
[1960,"Miscellaneous Equipment ",null,null,0,null,0,null,0,0,null,0]
[1970,"Load Management Controls Customer Premises",null,null,0,null,0,null,0,0,null,0]
[1975,"Load Management Controls Utility Premises",null,null,0,null,0,null,0,0,null,0]
[1980,"System Supervisor Equipment",null,null,0,null,0,null,0,0,null,0]
[1985,"Miscellaneous Fixed Assets",null,null,0,null,0,null,0,0,null,0]
[1990,"Other Tangible Property",null,null,0,null,0,null,0,0,null,0]
[1995,"Contributions & Grants",null,null,0,null,0,null,0,0,null,0]
[null,"Total",{"$f":"SUM(C17:C54)","v":0},{"$f":"SUM(D17:D54)","v":0},{"$f":"SUM(E17:E54)","v":0},{"$f":"SUM(F17:F54)","v":0},{"$f":"SUM(G17:G54)","v":0},null,null,{"$f":"SUM(J17:J54)","v":0},{"$f":"SUM(K17:K54)","v":0},{"$f":"SUM(L17:L54)","v":0}]
[]
["Notes:"]
[]
[1,"Board policy of the \"half-year\" rule - the applicant must ensure that additions in the year attract a half-year depreciation expense in the first year.  Deviations from this standard practice must be supported in the application."]
[2,"The applicant must provide an explanation of material variances in evidence."]
[]
["General","Applicants must provide a breakdown of depreciation and amortization expense in the above format for all relevant accounts.  Asset Retirement Obligations (AROs), depreciation and accretion expense should be disclosed separately consistent with the Notes of historical Audited Financial Statements."]

{"sheet":"App.2-CB_NewCGAAP_DepExp_2012","index":17,"n_rows":66,"n_cols":15,"rows_kept":66,"cut":false,"hidden":false,"merged":[[8,0,8,14],[9,0,9,14],[10,0,10,14],[14,0,15,0],[14,1,15,1],[14,10,15,10],[14,13,15,13],[65,1,66,14],[58,1,58,14],[59,1,59,14],[60,1,60,14],[61,1,61,14],[62,1,62,14],[63,1,63,14]]}
[null,null,null,null,null,null,null,null,null,null,null,null,null,"File Number:",{"$f":"EBNUMBER","v":"EB-2015-0108"}]
[null,null,null,null,null,null,null,null,null,null,null,null,null,"Exhibit:"]
[null,null,null,null,null,null,null,null,null,null,null,null,null,"Tab:"]
[null,null,null,null,null,null,null,null,null,null,null,null,null,"Schedule:"]
[null,null,null,null,null,null,null,null,null,null,null,null,null,"Page:"]
[]
[null,null,null,null,null,null,null,null,null,null,null,null,null,"Date:"]
[]
["Appendix 2-CB"]
["Depreciation and Amortization Expense"]
["Assumes the applicant made capitalization and depreciation expense accounting policy changes under CGAAP effective January 1, 2012 and will adopt IFRS for financial reporting purposes effective January 1, 2015."]
[null,"N/A"]
[null,null,"Year",2012,"Revised CGAAP "]
[]
["Account","Description","Opening NBV as at Jan 1, 2012 5","Additions","Average Remaining Life of Opening NBV 4","Years (new additions only) 3","Depreciation Rate on New Additions","Depreciation Expense on Opening NBV","Depreciation Expense on Additions 1","2012 Depreciation Expense","2012 Depreciation Expense per Appendix 2-BA Fixed Assets, Column J \n (l)","Variance 2","Depreciation Expense on 2012 Full Year Additions","Less Depreciation Expense on Assets Fully Depreciated during the year\n(o)","2012 Full Year Depreciation 6"]
[null,null,"(a)","(d)","(i)","(f)","(g) = 1 / (f)","(j) = (a) / (i)","(h)=((d)*0.5)/(f) ","(k) = (j) + (h)",null,"(m) = (k) - (l)","(n) = (d)/(f) ",null,"(p) = (j) + (n) - (o)"]
[1611,"Computer Software (Formally known as Account 1925)",null,null,null,null,{"$f":"IF(F17=0,0,1/F17)","v":0},{"$f":"IF(E17=0,0,+C17/E17)","v":0},{"$f":"IF(F17=0,0,+(D17*0.5)/F17)","v":0},{"$f":"IF(ISERROR(+H17+I17), 0, +H17+I17)","v":0},null,{"$f":"IF(ISERROR(+J17-K17), 0, +J17-K17)","v":0},{"$f":"IF(F17=0,0,+(D17)/F17)","v":0},null,{"$f":"IF(ISERROR(+M17+H17-N17), 0, +M17+H17-N17)","v":0}]
[1612,"Land Rights (Formally known as Account 1906)",null,null,null,null,0,0,0,0,null,0,0,null,{"$f":"IF(ISERROR(+M18+H18-N18), 0, +M18+H18-N18)","v":0}]
[1805,"Land",null,null,null,null,0,0,0,0,null,0,0,null,0]
[1808,"Buildings",null,null,null,null,0,0,0,0,null,0,0,null,0]
[1810,"Leasehold Improvements",null,null,null,null,0,0,0,0,null,0,0,null,0]
[1815,"Transformer Station Equipment >50 kV",null,null,null,null,0,0,0,0,null,0,0,null,0]
[1820,"Distribution Station Equipment <50 kV",null,null,null,null,0,0,0,0,null,0,0,null,0]
[1825,"Storage Battery Equipment",null,null,null,null,0,0,0,0,null,0,0,null,0]
[1830,"Poles, Towers & Fixtures",null,null,null,null,0,0,0,0,null,0,0,null,0]
[1835,"Overhead Conductors & Devices",null,null,null,null,0,0,0,0,null,0,0,null,0]
[1840,"Underground Conduit",null,null,null,null,0,0,0,0,null,0,0,null,0]
[1845,"Underground Conductors & Devices",null,null,null,null,0,0,0,0,null,0,0,null,0]
[1850,"Line Transformers",null,null,null,null,0,0,0,0,null,0,0,null,0]
[1855,"Services (Overhead & Underground)",null,null,null,null,0,0,0,0,null,0,0,null,0]
[1860,"Meters",null,null,null,null,0,0,0,0,null,0,0,null,0]
[1860,"Meters (Smart Meters)",null,null,null,null,0,0,0,0,null,0,0,null,0]
[1905,"Land",null,null,null,null,0,0,0,0,null,0,0,null,0]
[1908,"Buildings & Fixtures",null,null,null,null,0,0,0,0,null,0,0,null,0]
[1910,"Leasehold Improvements",null,null,null,null,0,0,0,0,null,0,0,null,0]
[1915,"Office Furniture & Equipment (10 years)",null,null,null,null,0,0,0,0,null,0,0,null,0]
[1915,"Office Furniture & Equipment (5 years)",null,null,null,null,0,0,0,0,null,0,0,null,0]
[1920,"Computer Equipment - Hardware",null,null,null,null,0,0,0,0,null,0,0,null,0]
[1920,"Computer Equip.-Hardware(Post Mar. 22/04)",null,null,null,null,0,0,0,0,null,0,0,null,0]
[1920,"Computer Equip.-Hardware(Post Mar. 19/07)",null,null,null,null,0,0,0,0,null,0,0,null,0]
[1930,"Transportation Equipment",null,null,null,null,0,0,0,0,null,0,0,null,0]
[1935,"Stores Equipment",null,null,null,null,0,0,0,0,null,0,0,null,0]
[1940,"Tools, Shop & Garage Equipment",null,null,null,null,0,0,0,0,null,0,0,null,0]
[1945,"Measurement & Testing Equipment",null,null,null,null,0,0,0,0,null,0,0,null,0]
[1950,"Power Operated Equipment",null,null,null,null,0,0,0,0,null,0,0,null,0]
[1955,"Communications Equipment",null,null,null,null,0,0,0,0,null,0,0,null,0]
[1955,"Communication Equipment (Smart Meters)",null,null,null,null,0,0,0,0,null,0,0,null,0]
[1960,"Miscellaneous Equipment ",null,null,null,null,0,0,0,0,null,0,0,null,0]
[1970,"Load Management Controls Customer Premises",null,null,null,null,0,0,0,0,null,0,0,null,0]
[1975,"Load Management Controls Utility Premises",null,null,null,null,0,0,0,0,null,0,0,null,0]
[1980,"System Supervisor Equipment",null,null,null,null,0,0,0,0,null,0,0,null,0]
[1985,"Miscellaneous Fixed Assets",null,null,null,null,0,0,0,0,null,0,0,null,0]
[1990,"Other Tangible Property",null,null,null,null,0,0,0,0,null,0,0,null,0]
[1995,"Contributions & Grants",null,null,null,null,0,0,0,0,null,0,0,null,0]
[null,"Total",{"$f":"SUM(C17:C54)","v":0},{"$f":"SUM(D17:D54)","v":0},null,null,null,{"$f":"SUM(H17:H54)","v":0},0,0,0,0,0,0,0]
[]
["Notes:"]
[]
[1,"Board policy of the \"half-year\" rule - the applicant must ensure that additions in the year attract a half-year depreciation expense in the first year.  Deviations from this standard practice must be supported in the application."]
[2,"The applicant must provide an explanation of material variances in evidence."]
[3,"The applicant should ensure that the years for new additions of assets are the asset useful lives determined by management in accordance with the Board's regulatory accounting policies.   The capitalization and depreciation expense accounting changes should be implemented consistent with the Board’s regulatory accounting policies as set out for modified IFRS as contained in the Report of the Board, Transition to International Financial Reporting Standards, EB-2008-0408, the Kinectrics Report, and the Revised 2012 Accounting Procedures Handbook for Electricity Distributors (“APH”)."]
[4,"A recalculation should be performed to determine the average remaining life of opening balance of assets (i.e. excluding 2012 additions) under the change in policies under CGAAP.  For example, Asset A had a useful life of 20 years under CGAAP without the change in policies.  On January 1, 2012, the effective date of the changes in policies, Asset A was 3 years depreciated. As a result, Asset A would have a remaining service life of 17 years (20 years less 3 years) as of January 1, 2012.  Due to making the change in policies under CGAAP, management re-assessed the asset useful lives and concluded that the revised useful life of Asset A is now 30 years. Therefore, the average remaining useful life of the opening balance of Asset A is determined to be 27 years (30 years less 3 years) under the revised CGAAP as of January 1, 2012."]
[5," NBV must exclude assets still on the books but which have been fully amortized or depreciated."]
[6,"This column refers to the calculated full year depreciation but excludes the depreciation expense on assets fully depreciated during the year.  This column is used for the purpose of calculating depreciation expense in the following year on the next worksheet."]
[]
["General:","Applicants must provide a breakdown of depreciation and amortization expense in the above format for all relevant accounts.  Asset Retirement Obligations (AROs), depreciation and accretion expense should be disclosed separately consistent with the Notes of historical Audited Financial Statements."]

{"sheet":"App.2-CC_NewCGAAP_DepExp_2013","index":18,"n_rows":62,"n_cols":11,"rows_kept":62,"cut":false,"hidden":false,"merged":[[57,1,57,10],[58,1,58,10],[59,1,59,10],[61,1,62,10],[8,0,8,10],[9,0,9,10],[10,0,10,10],[14,0,15,0],[14,1,15,1],[14,6,15,6],[14,9,15,9]]}
[null,null,null,null,null,null,null,null,null,"File Number:",{"$f":"EBNUMBER","v":"EB-2015-0108"}]
[null,null,null,null,null,null,null,null,null,"Exhibit:"]
[null,null,null,null,null,null,null,null,null,"Tab:"]
[null,null,null,null,null,null,null,null,null,"Schedule:"]
[null,null,null,null,null,null,null,null,null,"Page:"]
[]
[null,null,null,null,null,null,null,null,null,"Date:"]
[]
["Appendix 2-CC"]
["Depreciation and Amortization Expense"]
["Assumes the applicant made capitalization and depreciation expense accounting policy changes under CGAAP effective January 1, 2012 and will adopt IFRS for financial reporting purposes effective January 1, 2015."]
[null,"N/A"]
[null,null,2013,"Revised CGAAP "]
[]
["Account","Description","Additions","Years (new additions only)","Depreciation Rate on New Additions","2013 Depreciation Expense 1","2013 Depreciation Expense per Apppendix 2-BA Fixed Assets, Column J\n (l)","Variance 2","Depreciation Expense on 2013 Full Year Additions","Less Depreciation Expense on Assets Fully Depreciated during the year\n(o)","2013 Full Year Depreciation 3"]
[null,null,"(d)","(f)","(g) = 1 / (f)","(h)=2012 Full Year Deprecation + ((d)*0.5)/(f) ",null,"(m) = (h) - (l)","(n)=((d))/(f) ",null,"(p) = 2012 Full Year Depreciation  + (n) - (o)"]
[1611,"Computer Software (Formally known as Account 1925)",null,null,{"$f":"IF(D17=0,0,1/D17)","v":0},{"$f":"IF(D17=0,+'App.2-CB_NewCGAAP_DepExp_2012'!O17,+'App.2-CB_NewCGAAP_DepExp_2012'!O17+((C17*0.5)/D17))","v":0},null,{"$f":"IF(ISERROR(+F17-G17), 0, +F17-G17)","v":0},{"$f":"IF(D17=0,0,+(C17)/D17)","v":0},null,{"$f":"IF(ISERROR(+I17+'App.2-CB_NewCGAAP_DepExp_2012'!O17-J17), 0, +I17+'App.2-CB_NewCGAAP_DepExp_2012'!O17-J17)","v":0}]
[1612,"Land Rights (Formally known as Account 1906)",null,null,0,{"$f":"IF(D18=0,+'App.2-CB_NewCGAAP_DepExp_2012'!O18,+'App.2-CB_NewCGAAP_DepExp_2012'!O18+((C18*0.5)/D18))","v":0},null,0,0,null,{"$f":"IF(ISERROR(+I18+'App.2-CB_NewCGAAP_DepExp_2012'!O18-J18), 0, +I18+'App.2-CB_NewCGAAP_DepExp_2012'!O18-J18)","v":0}]
[1805,"Land",null,null,0,{"$f":"IF(D19=0,+'App.2-CB_NewCGAAP_DepExp_2012'!O19,+'App.2-CB_NewCGAAP_DepExp_2012'!O19+((C19*0.5)/D19))","v":0},null,0,0,null,{"$f":"IF(ISERROR(+I19+'App.2-CB_NewCGAAP_DepExp_2012'!O19-J19), 0, +I19+'App.2-CB_NewCGAAP_DepExp_2012'!O19-J19)","v":0}]
[1808,"Buildings",null,null,0,{"$f":"IF(D20=0,+'App.2-CB_NewCGAAP_DepExp_2012'!O20,+'App.2-CB_NewCGAAP_DepExp_2012'!O20+((C20*0.5)/D20))","v":0},null,0,0,null,{"$f":"IF(ISERROR(+I20+'App.2-CB_NewCGAAP_DepExp_2012'!O20-J20), 0, +I20+'App.2-CB_NewCGAAP_DepExp_2012'!O20-J20)","v":0}]
[1810,"Leasehold Improvements",null,null,0,{"$f":"IF(D21=0,+'App.2-CB_NewCGAAP_DepExp_2012'!O21,+'App.2-CB_NewCGAAP_DepExp_2012'!O21+((C21*0.5)/D21))","v":0},null,0,0,null,{"$f":"IF(ISERROR(+I21+'App.2-CB_NewCGAAP_DepExp_2012'!O21-J21), 0, +I21+'App.2-CB_NewCGAAP_DepExp_2012'!O21-J21)","v":0}]
[1815,"Transformer Station Equipment >50 kV",null,null,0,{"$f":"IF(D22=0,+'App.2-CB_NewCGAAP_DepExp_2012'!O22,+'App.2-CB_NewCGAAP_DepExp_2012'!O22+((C22*0.5)/D22))","v":0},null,0,0,null,{"$f":"IF(ISERROR(+I22+'App.2-CB_NewCGAAP_DepExp_2012'!O22-J22), 0, +I22+'App.2-CB_NewCGAAP_DepExp_2012'!O22-J22)","v":0}]
[1820,"Distribution Station Equipment <50 kV",null,null,0,{"$f":"IF(D23=0,+'App.2-CB_NewCGAAP_DepExp_2012'!O23,+'App.2-CB_NewCGAAP_DepExp_2012'!O23+((C23*0.5)/D23))","v":0},null,0,0,null,{"$f":"IF(ISERROR(+I23+'App.2-CB_NewCGAAP_DepExp_2012'!O23-J23), 0, +I23+'App.2-CB_NewCGAAP_DepExp_2012'!O23-J23)","v":0}]
[1825,"Storage Battery Equipment",null,null,0,{"$f":"IF(D24=0,+'App.2-CB_NewCGAAP_DepExp_2012'!O24,+'App.2-CB_NewCGAAP_DepExp_2012'!O24+((C24*0.5)/D24))","v":0},null,0,0,null,{"$f":"IF(ISERROR(+I24+'App.2-CB_NewCGAAP_DepExp_2012'!O24-J24), 0, +I24+'App.2-CB_NewCGAAP_DepExp_2012'!O24-J24)","v":0}]
[1830,"Poles, Towers & Fixtures",null,null,0,{"$f":"IF(D25=0,+'App.2-CB_NewCGAAP_DepExp_2012'!O25,+'App.2-CB_NewCGAAP_DepExp_2012'!O25+((C25*0.5)/D25))","v":0},null,0,0,null,{"$f":"IF(ISERROR(+I25+'App.2-CB_NewCGAAP_DepExp_2012'!O25-J25), 0, +I25+'App.2-CB_NewCGAAP_DepExp_2012'!O25-J25)","v":0}]
[1835,"Overhead Conductors & Devices",null,null,0,{"$f":"IF(D26=0,+'App.2-CB_NewCGAAP_DepExp_2012'!O26,+'App.2-CB_NewCGAAP_DepExp_2012'!O26+((C26*0.5)/D26))","v":0},null,0,0,null,{"$f":"IF(ISERROR(+I26+'App.2-CB_NewCGAAP_DepExp_2012'!O26-J26), 0, +I26+'App.2-CB_NewCGAAP_DepExp_2012'!O26-J26)","v":0}]
[1840,"Underground Conduit",null,null,0,{"$f":"IF(D27=0,+'App.2-CB_NewCGAAP_DepExp_2012'!O27,+'App.2-CB_NewCGAAP_DepExp_2012'!O27+((C27*0.5)/D27))","v":0},null,0,0,null,{"$f":"IF(ISERROR(+I27+'App.2-CB_NewCGAAP_DepExp_2012'!O27-J27), 0, +I27+'App.2-CB_NewCGAAP_DepExp_2012'!O27-J27)","v":0}]
[1845,"Underground Conductors & Devices",null,null,0,{"$f":"IF(D28=0,+'App.2-CB_NewCGAAP_DepExp_2012'!O28,+'App.2-CB_NewCGAAP_DepExp_2012'!O28+((C28*0.5)/D28))","v":0},null,0,0,null,{"$f":"IF(ISERROR(+I28+'App.2-CB_NewCGAAP_DepExp_2012'!O28-J28), 0, +I28+'App.2-CB_NewCGAAP_DepExp_2012'!O28-J28)","v":0}]
[1850,"Line Transformers",null,null,0,{"$f":"IF(D29=0,+'App.2-CB_NewCGAAP_DepExp_2012'!O29,+'App.2-CB_NewCGAAP_DepExp_2012'!O29+((C29*0.5)/D29))","v":0},null,0,0,null,{"$f":"IF(ISERROR(+I29+'App.2-CB_NewCGAAP_DepExp_2012'!O29-J29), 0, +I29+'App.2-CB_NewCGAAP_DepExp_2012'!O29-J29)","v":0}]
[1855,"Services (Overhead & Underground)",null,null,0,{"$f":"IF(D30=0,+'App.2-CB_NewCGAAP_DepExp_2012'!O30,+'App.2-CB_NewCGAAP_DepExp_2012'!O30+((C30*0.5)/D30))","v":0},null,0,0,null,{"$f":"IF(ISERROR(+I30+'App.2-CB_NewCGAAP_DepExp_2012'!O30-J30), 0, +I30+'App.2-CB_NewCGAAP_DepExp_2012'!O30-J30)","v":0}]
[1860,"Meters",null,null,0,{"$f":"IF(D31=0,+'App.2-CB_NewCGAAP_DepExp_2012'!O31,+'App.2-CB_NewCGAAP_DepExp_2012'!O31+((C31*0.5)/D31))","v":0},null,0,0,null,{"$f":"IF(ISERROR(+I31+'App.2-CB_NewCGAAP_DepExp_2012'!O31-J31), 0, +I31+'App.2-CB_NewCGAAP_DepExp_2012'!O31-J31)","v":0}]
[1860,"Meters (Smart Meters)",null,null,0,{"$f":"IF(D32=0,+'App.2-CB_NewCGAAP_DepExp_2012'!O32,+'App.2-CB_NewCGAAP_DepExp_2012'!O32+((C32*0.5)/D32))","v":0},null,0,0,null,{"$f":"IF(ISERROR(+I32+'App.2-CB_NewCGAAP_DepExp_2012'!O32-J32), 0, +I32+'App.2-CB_NewCGAAP_DepExp_2012'!O32-J32)","v":0}]
[1905,"Land",null,null,0,{"$f":"IF(D33=0,+'App.2-CB_NewCGAAP_DepExp_2012'!O33,+'App.2-CB_NewCGAAP_DepExp_2012'!O33+((C33*0.5)/D33))","v":0},null,0,0,null,{"$f":"IF(ISERROR(+I33+'App.2-CB_NewCGAAP_DepExp_2012'!O33-J33), 0, +I33+'App.2-CB_NewCGAAP_DepExp_2012'!O33-J33)","v":0}]
[1908,"Buildings & Fixtures",null,null,0,{"$f":"IF(D34=0,+'App.2-CB_NewCGAAP_DepExp_2012'!O34,+'App.2-CB_NewCGAAP_DepExp_2012'!O34+((C34*0.5)/D34))","v":0},null,0,0,null,{"$f":"IF(ISERROR(+I34+'App.2-CB_NewCGAAP_DepExp_2012'!O34-J34), 0, +I34+'App.2-CB_NewCGAAP_DepExp_2012'!O34-J34)","v":0}]
[1910,"Leasehold Improvements",null,null,0,{"$f":"IF(D35=0,+'App.2-CB_NewCGAAP_DepExp_2012'!O35,+'App.2-CB_NewCGAAP_DepExp_2012'!O35+((C35*0.5)/D35))","v":0},null,0,0,null,{"$f":"IF(ISERROR(+I35+'App.2-CB_NewCGAAP_DepExp_2012'!O35-J35), 0, +I35+'App.2-CB_NewCGAAP_DepExp_2012'!O35-J35)","v":0}]
[1915,"Office Furniture & Equipment (10 years)",null,null,0,{"$f":"IF(D36=0,+'App.2-CB_NewCGAAP_DepExp_2012'!O36,+'App.2-CB_NewCGAAP_DepExp_2012'!O36+((C36*0.5)/D36))","v":0},null,0,0,null,{"$f":"IF(ISERROR(+I36+'App.2-CB_NewCGAAP_DepExp_2012'!O36-J36), 0, +I36+'App.2-CB_NewCGAAP_DepExp_2012'!O36-J36)","v":0}]
[1915,"Office Furniture & Equipment (5 years)",null,null,0,{"$f":"IF(D37=0,+'App.2-CB_NewCGAAP_DepExp_2012'!O37,+'App.2-CB_NewCGAAP_DepExp_2012'!O37+((C37*0.5)/D37))","v":0},null,0,0,null,{"$f":"IF(ISERROR(+I37+'App.2-CB_NewCGAAP_DepExp_2012'!O37-J37), 0, +I37+'App.2-CB_NewCGAAP_DepExp_2012'!O37-J37)","v":0}]
[1920,"Computer Equipment - Hardware",null,null,0,{"$f":"IF(D38=0,+'App.2-CB_NewCGAAP_DepExp_2012'!O38,+'App.2-CB_NewCGAAP_DepExp_2012'!O38+((C38*0.5)/D38))","v":0},null,0,0,null,{"$f":"IF(ISERROR(+I38+'App.2-CB_NewCGAAP_DepExp_2012'!O38-J38), 0, +I38+'App.2-CB_NewCGAAP_DepExp_2012'!O38-J38)","v":0}]
[1920,"Computer Equip.-Hardware(Post Mar. 22/04)",null,null,0,{"$f":"IF(D39=0,+'App.2-CB_NewCGAAP_DepExp_2012'!O39,+'App.2-CB_NewCGAAP_DepExp_2012'!O39+((C39*0.5)/D39))","v":0},null,0,0,null,{"$f":"IF(ISERROR(+I39+'App.2-CB_NewCGAAP_DepExp_2012'!O39-J39), 0, +I39+'App.2-CB_NewCGAAP_DepExp_2012'!O39-J39)","v":0}]
[1920,"Computer Equip.-Hardware(Post Mar. 19/07)",null,null,0,{"$f":"IF(D40=0,+'App.2-CB_NewCGAAP_DepExp_2012'!O40,+'App.2-CB_NewCGAAP_DepExp_2012'!O40+((C40*0.5)/D40))","v":0},null,0,0,null,{"$f":"IF(ISERROR(+I40+'App.2-CB_NewCGAAP_DepExp_2012'!O40-J40), 0, +I40+'App.2-CB_NewCGAAP_DepExp_2012'!O40-J40)","v":0}]
[1930,"Transportation Equipment",null,null,0,{"$f":"IF(D41=0,+'App.2-CB_NewCGAAP_DepExp_2012'!O41,+'App.2-CB_NewCGAAP_DepExp_2012'!O41+((C41*0.5)/D41))","v":0},null,0,0,null,{"$f":"IF(ISERROR(+I41+'App.2-CB_NewCGAAP_DepExp_2012'!O41-J41), 0, +I41+'App.2-CB_NewCGAAP_DepExp_2012'!O41-J41)","v":0}]
[1935,"Stores Equipment",null,null,0,{"$f":"IF(D42=0,+'App.2-CB_NewCGAAP_DepExp_2012'!O42,+'App.2-CB_NewCGAAP_DepExp_2012'!O42+((C42*0.5)/D42))","v":0},null,0,0,null,{"$f":"IF(ISERROR(+I42+'App.2-CB_NewCGAAP_DepExp_2012'!O42-J42), 0, +I42+'App.2-CB_NewCGAAP_DepExp_2012'!O42-J42)","v":0}]
[1940,"Tools, Shop & Garage Equipment",null,null,0,{"$f":"IF(D43=0,+'App.2-CB_NewCGAAP_DepExp_2012'!O43,+'App.2-CB_NewCGAAP_DepExp_2012'!O43+((C43*0.5)/D43))","v":0},null,0,0,null,{"$f":"IF(ISERROR(+I43+'App.2-CB_NewCGAAP_DepExp_2012'!O43-J43), 0, +I43+'App.2-CB_NewCGAAP_DepExp_2012'!O43-J43)","v":0}]
[1945,"Measurement & Testing Equipment",null,null,0,{"$f":"IF(D44=0,+'App.2-CB_NewCGAAP_DepExp_2012'!O44,+'App.2-CB_NewCGAAP_DepExp_2012'!O44+((C44*0.5)/D44))","v":0},null,0,0,null,{"$f":"IF(ISERROR(+I44+'App.2-CB_NewCGAAP_DepExp_2012'!O44-J44), 0, +I44+'App.2-CB_NewCGAAP_DepExp_2012'!O44-J44)","v":0}]
[1950,"Power Operated Equipment",null,null,0,{"$f":"IF(D45=0,+'App.2-CB_NewCGAAP_DepExp_2012'!O45,+'App.2-CB_NewCGAAP_DepExp_2012'!O45+((C45*0.5)/D45))","v":0},null,0,0,null,{"$f":"IF(ISERROR(+I45+'App.2-CB_NewCGAAP_DepExp_2012'!O45-J45), 0, +I45+'App.2-CB_NewCGAAP_DepExp_2012'!O45-J45)","v":0}]
[1955,"Communications Equipment",null,null,0,{"$f":"IF(D46=0,+'App.2-CB_NewCGAAP_DepExp_2012'!O46,+'App.2-CB_NewCGAAP_DepExp_2012'!O46+((C46*0.5)/D46))","v":0},null,0,0,null,{"$f":"IF(ISERROR(+I46+'App.2-CB_NewCGAAP_DepExp_2012'!O46-J46), 0, +I46+'App.2-CB_NewCGAAP_DepExp_2012'!O46-J46)","v":0}]
[1955,"Communication Equipment (Smart Meters)",null,null,0,{"$f":"IF(D47=0,+'App.2-CB_NewCGAAP_DepExp_2012'!O47,+'App.2-CB_NewCGAAP_DepExp_2012'!O47+((C47*0.5)/D47))","v":0},null,0,0,null,{"$f":"IF(ISERROR(+I47+'App.2-CB_NewCGAAP_DepExp_2012'!O47-J47), 0, +I47+'App.2-CB_NewCGAAP_DepExp_2012'!O47-J47)","v":0}]
[1960,"Miscellaneous Equipment ",null,null,0,{"$f":"IF(D48=0,+'App.2-CB_NewCGAAP_DepExp_2012'!O48,+'App.2-CB_NewCGAAP_DepExp_2012'!O48+((C48*0.5)/D48))","v":0},null,0,0,null,{"$f":"IF(ISERROR(+I48+'App.2-CB_NewCGAAP_DepExp_2012'!O48-J48), 0, +I48+'App.2-CB_NewCGAAP_DepExp_2012'!O48-J48)","v":0}]
[1970,"Load Management Controls Customer Premises",null,null,0,{"$f":"IF(D49=0,+'App.2-CB_NewCGAAP_DepExp_2012'!O49,+'App.2-CB_NewCGAAP_DepExp_2012'!O49+((C49*0.5)/D49))","v":0},null,0,0,null,{"$f":"IF(ISERROR(+I49+'App.2-CB_NewCGAAP_DepExp_2012'!O49-J49), 0, +I49+'App.2-CB_NewCGAAP_DepExp_2012'!O49-J49)","v":0}]
[1975,"Load Management Controls Utility Premises",null,null,0,{"$f":"IF(D50=0,+'App.2-CB_NewCGAAP_DepExp_2012'!O50,+'App.2-CB_NewCGAAP_DepExp_2012'!O50+((C50*0.5)/D50))","v":0},null,0,0,null,{"$f":"IF(ISERROR(+I50+'App.2-CB_NewCGAAP_DepExp_2012'!O50-J50), 0, +I50+'App.2-CB_NewCGAAP_DepExp_2012'!O50-J50)","v":0}]
[1980,"System Supervisor Equipment",null,null,0,{"$f":"IF(D51=0,+'App.2-CB_NewCGAAP_DepExp_2012'!O51,+'App.2-CB_NewCGAAP_DepExp_2012'!O51+((C51*0.5)/D51))","v":0},null,0,0,null,{"$f":"IF(ISERROR(+I51+'App.2-CB_NewCGAAP_DepExp_2012'!O51-J51), 0, +I51+'App.2-CB_NewCGAAP_DepExp_2012'!O51-J51)","v":0}]
[1985,"Miscellaneous Fixed Assets",null,null,0,{"$f":"IF(D52=0,+'App.2-CB_NewCGAAP_DepExp_2012'!O52,+'App.2-CB_NewCGAAP_DepExp_2012'!O52+((C52*0.5)/D52))","v":0},null,0,0,null,{"$f":"IF(ISERROR(+I52+'App.2-CB_NewCGAAP_DepExp_2012'!O52-J52), 0, +I52+'App.2-CB_NewCGAAP_DepExp_2012'!O52-J52)","v":0}]
[1990,"Other Tangible Property",null,null,0,{"$f":"IF(D53=0,+'App.2-CB_NewCGAAP_DepExp_2012'!O53,+'App.2-CB_NewCGAAP_DepExp_2012'!O53+((C53*0.5)/D53))","v":0},null,0,0,null,{"$f":"IF(ISERROR(+I53+'App.2-CB_NewCGAAP_DepExp_2012'!O53-J53), 0, +I53+'App.2-CB_NewCGAAP_DepExp_2012'!O53-J53)","v":0}]
[1995,"Contributions & Grants",null,null,0,{"$f":"IF(D54=0,+'App.2-CB_NewCGAAP_DepExp_2012'!O54,+'App.2-CB_NewCGAAP_DepExp_2012'!O54+((C54*0.5)/D54))","v":0},null,0,0,null,{"$f":"IF(ISERROR(+I54+'App.2-CB_NewCGAAP_DepExp_2012'!O54-J54), 0, +I54+'App.2-CB_NewCGAAP_DepExp_2012'!O54-J54)","v":0}]
[null,"Total",{"$f":"SUM(C17:C54)","v":0},null,null,{"$f":"SUM(F17:F54)","v":0},0,0,0,0,0]
[]
["Notes:"]
[1,"Board policy of the \"half-year\" rule - the applicant must ensure that additions in the year attract a half-year depreciation expense in the first year.  Deviations from this standard practice must be supported in the application."]
[2,"The applicant must provide an explanation of material variances in evidence."]
[3,"This column refers to the calculated full year depreciation but excludes the depreciation expense on assets fully depreciated during the year.  This column is used for the purpose of calculating depreciation expense in the following year on the next worksheet."]
[]
["General:","Applicants must provide a breakdown of depreciation and amortization expense in the above format for all relevant accounts.  Asset Retirement Obligations (AROs), depreciation and accretion expense should be disclosed separately consistent with the Notes of historical Audited Financial Statements."]

{"sheet":"App.2-CD_MIFRS_DepExp_2014","index":19,"n_rows":64,"n_cols":11,"rows_kept":64,"cut":false,"hidden":false,"merged":[[59,1,59,10],[60,1,60,10],[61,1,61,10],[63,1,64,10],[8,0,8,10],[9,0,9,10],[10,0,10,10],[14,0,15,0],[14,1,15,1],[14,6,15,6],[14,9,15,9]]}
[null,null,null,null,null,null,null,null,null,"File Number:",{"$f":"EBNUMBER","v":"EB-2015-0108"}]
[null,null,null,null,null,null,null,null,null,"Exhibit:"]
[null,null,null,null,null,null,null,null,null,"Tab:"]
[null,null,null,null,null,null,null,null,null,"Schedule:"]
[null,null,null,null,null,null,null,null,null,"Page:"]
[]
[null,null,null,null,null,null,null,null,null,"Date:"]
[]
["Appendix 2-CD"]
["Depreciation and Amortization Expense"]
["Assumes the applicant made capitalization and depreciation expense accounting policy changes under CGAAP effective January 1, 2012 and will adopt IFRS for financial reporting purposes effective January 1, 2015."]
[null,"N/A"]
[null,null,null,null,2014,"MIFRS"]
[]
["Account","Description","Additions","Years (new additions only)","Depreciation Rate on New Additions","2014 Depreciation Expense 1","2014 Depreciation Expense per Apppendix 2-BA Fixed Assets, Column J\n (l)","Variance 2","Depreciation Expense on 2014 Full Year Additions","Less Depreciation Expense on Assets Fully Depreciated during the year\n(o)","2014 Full Year Depreciation 3"]
[null,null,"(d)","(f)","(g) = 1 / (f)","(h)=2013 Full Year Deprecation + ((d)*0.5)/(f) ",null,"(m) = (h) - (l)","(n)=((d))/(f) ",null,"(p) = 2013 Full Year Depreciation  + (n) - (o)"]
[1611,"Computer Software (Formally known as Account 1925)",null,null,{"$f":"IF(D17=0,0,1/D17)","v":0},{"$f":"IF(D17=0,+'App.2-CC_NewCGAAP_DepExp_2013'!K17,+'App.2-CC_NewCGAAP_DepExp_2013'!K17+((C17*0.5)/D17))","v":0},null,{"$f":"IF(ISERROR(+F17-G17), 0, +F17-G17)","v":0},{"$f":"IF(D17=0,0,+(C17)/D17)","v":0},null,{"$f":"IF(ISERROR(+I17+'App.2-CC_NewCGAAP_DepExp_2013'!K17-J17), 0, +I17+'App.2-CC_NewCGAAP_DepExp_2013'!K17-J17)","v":0}]
[1612,"Land Rights (Formally known as Account 1906)",null,null,0,{"$f":"IF(D18=0,+'App.2-CC_NewCGAAP_DepExp_2013'!K18,+'App.2-CC_NewCGAAP_DepExp_2013'!K18+((C18*0.5)/D18))","v":0},null,0,0,null,{"$f":"IF(ISERROR(+I18+'App.2-CC_NewCGAAP_DepExp_2013'!K18-J18), 0, +I18+'App.2-CC_NewCGAAP_DepExp_2013'!K18-J18)","v":0}]
[1805,"Land",null,null,0,{"$f":"IF(D19=0,+'App.2-CC_NewCGAAP_DepExp_2013'!K19,+'App.2-CC_NewCGAAP_DepExp_2013'!K19+((C19*0.5)/D19))","v":0},null,0,0,null,{"$f":"IF(ISERROR(+I19+'App.2-CC_NewCGAAP_DepExp_2013'!K19-J19), 0, +I19+'App.2-CC_NewCGAAP_DepExp_2013'!K19-J19)","v":0}]
[1808,"Buildings",null,null,0,{"$f":"IF(D20=0,+'App.2-CC_NewCGAAP_DepExp_2013'!K20,+'App.2-CC_NewCGAAP_DepExp_2013'!K20+((C20*0.5)/D20))","v":0},null,0,0,null,{"$f":"IF(ISERROR(+I20+'App.2-CC_NewCGAAP_DepExp_2013'!K20-J20), 0, +I20+'App.2-CC_NewCGAAP_DepExp_2013'!K20-J20)","v":0}]
[1810,"Leasehold Improvements",null,null,0,{"$f":"IF(D21=0,+'App.2-CC_NewCGAAP_DepExp_2013'!K21,+'App.2-CC_NewCGAAP_DepExp_2013'!K21+((C21*0.5)/D21))","v":0},null,0,0,null,{"$f":"IF(ISERROR(+I21+'App.2-CC_NewCGAAP_DepExp_2013'!K21-J21), 0, +I21+'App.2-CC_NewCGAAP_DepExp_2013'!K21-J21)","v":0}]
[1815,"Transformer Station Equipment >50 kV",null,null,0,{"$f":"IF(D22=0,+'App.2-CC_NewCGAAP_DepExp_2013'!K22,+'App.2-CC_NewCGAAP_DepExp_2013'!K22+((C22*0.5)/D22))","v":0},null,0,0,null,{"$f":"IF(ISERROR(+I22+'App.2-CC_NewCGAAP_DepExp_2013'!K22-J22), 0, +I22+'App.2-CC_NewCGAAP_DepExp_2013'!K22-J22)","v":0}]
[1820,"Distribution Station Equipment <50 kV",null,null,0,{"$f":"IF(D23=0,+'App.2-CC_NewCGAAP_DepExp_2013'!K23,+'App.2-CC_NewCGAAP_DepExp_2013'!K23+((C23*0.5)/D23))","v":0},null,0,0,null,{"$f":"IF(ISERROR(+I23+'App.2-CC_NewCGAAP_DepExp_2013'!K23-J23), 0, +I23+'App.2-CC_NewCGAAP_DepExp_2013'!K23-J23)","v":0}]
[1825,"Storage Battery Equipment",null,null,0,{"$f":"IF(D24=0,+'App.2-CC_NewCGAAP_DepExp_2013'!K24,+'App.2-CC_NewCGAAP_DepExp_2013'!K24+((C24*0.5)/D24))","v":0},null,0,0,null,{"$f":"IF(ISERROR(+I24+'App.2-CC_NewCGAAP_DepExp_2013'!K24-J24), 0, +I24+'App.2-CC_NewCGAAP_DepExp_2013'!K24-J24)","v":0}]
[1830,"Poles, Towers & Fixtures",null,null,0,{"$f":"IF(D25=0,+'App.2-CC_NewCGAAP_DepExp_2013'!K25,+'App.2-CC_NewCGAAP_DepExp_2013'!K25+((C25*0.5)/D25))","v":0},null,0,0,null,{"$f":"IF(ISERROR(+I25+'App.2-CC_NewCGAAP_DepExp_2013'!K25-J25), 0, +I25+'App.2-CC_NewCGAAP_DepExp_2013'!K25-J25)","v":0}]
[1835,"Overhead Conductors & Devices",null,null,0,{"$f":"IF(D26=0,+'App.2-CC_NewCGAAP_DepExp_2013'!K26,+'App.2-CC_NewCGAAP_DepExp_2013'!K26+((C26*0.5)/D26))","v":0},null,0,0,null,{"$f":"IF(ISERROR(+I26+'App.2-CC_NewCGAAP_DepExp_2013'!K26-J26), 0, +I26+'App.2-CC_NewCGAAP_DepExp_2013'!K26-J26)","v":0}]
[1840,"Underground Conduit",null,null,0,{"$f":"IF(D27=0,+'App.2-CC_NewCGAAP_DepExp_2013'!K27,+'App.2-CC_NewCGAAP_DepExp_2013'!K27+((C27*0.5)/D27))","v":0},null,0,0,null,{"$f":"IF(ISERROR(+I27+'App.2-CC_NewCGAAP_DepExp_2013'!K27-J27), 0, +I27+'App.2-CC_NewCGAAP_DepExp_2013'!K27-J27)","v":0}]
[1845,"Underground Conductors & Devices",null,null,0,{"$f":"IF(D28=0,+'App.2-CC_NewCGAAP_DepExp_2013'!K28,+'App.2-CC_NewCGAAP_DepExp_2013'!K28+((C28*0.5)/D28))","v":0},null,0,0,null,{"$f":"IF(ISERROR(+I28+'App.2-CC_NewCGAAP_DepExp_2013'!K28-J28), 0, +I28+'App.2-CC_NewCGAAP_DepExp_2013'!K28-J28)","v":0}]
[1850,"Line Transformers",null,null,0,{"$f":"IF(D29=0,+'App.2-CC_NewCGAAP_DepExp_2013'!K29,+'App.2-CC_NewCGAAP_DepExp_2013'!K29+((C29*0.5)/D29))","v":0},null,0,0,null,{"$f":"IF(ISERROR(+I29+'App.2-CC_NewCGAAP_DepExp_2013'!K29-J29), 0, +I29+'App.2-CC_NewCGAAP_DepExp_2013'!K29-J29)","v":0}]
[1855,"Services (Overhead & Underground)",null,null,0,{"$f":"IF(D30=0,+'App.2-CC_NewCGAAP_DepExp_2013'!K30,+'App.2-CC_NewCGAAP_DepExp_2013'!K30+((C30*0.5)/D30))","v":0},null,0,0,null,{"$f":"IF(ISERROR(+I30+'App.2-CC_NewCGAAP_DepExp_2013'!K30-J30), 0, +I30+'App.2-CC_NewCGAAP_DepExp_2013'!K30-J30)","v":0}]
[1860,"Meters",null,null,0,{"$f":"IF(D31=0,+'App.2-CC_NewCGAAP_DepExp_2013'!K31,+'App.2-CC_NewCGAAP_DepExp_2013'!K31+((C31*0.5)/D31))","v":0},null,0,0,null,{"$f":"IF(ISERROR(+I31+'App.2-CC_NewCGAAP_DepExp_2013'!K31-J31), 0, +I31+'App.2-CC_NewCGAAP_DepExp_2013'!K31-J31)","v":0}]
[1860,"Meters (Smart Meters)",null,null,0,{"$f":"IF(D32=0,+'App.2-CC_NewCGAAP_DepExp_2013'!K32,+'App.2-CC_NewCGAAP_DepExp_2013'!K32+((C32*0.5)/D32))","v":0},null,0,0,null,{"$f":"IF(ISERROR(+I32+'App.2-CC_NewCGAAP_DepExp_2013'!K32-J32), 0, +I32+'App.2-CC_NewCGAAP_DepExp_2013'!K32-J32)","v":0}]
[1905,"Land",null,null,0,{"$f":"IF(D33=0,+'App.2-CC_NewCGAAP_DepExp_2013'!K33,+'App.2-CC_NewCGAAP_DepExp_2013'!K33+((C33*0.5)/D33))","v":0},null,0,0,null,{"$f":"IF(ISERROR(+I33+'App.2-CC_NewCGAAP_DepExp_2013'!K33-J33), 0, +I33+'App.2-CC_NewCGAAP_DepExp_2013'!K33-J33)","v":0}]
[1908,"Buildings & Fixtures",null,null,0,{"$f":"IF(D34=0,+'App.2-CC_NewCGAAP_DepExp_2013'!K34,+'App.2-CC_NewCGAAP_DepExp_2013'!K34+((C34*0.5)/D34))","v":0},null,0,0,null,{"$f":"IF(ISERROR(+I34+'App.2-CC_NewCGAAP_DepExp_2013'!K34-J34), 0, +I34+'App.2-CC_NewCGAAP_DepExp_2013'!K34-J34)","v":0}]
[1910,"Leasehold Improvements",null,null,0,{"$f":"IF(D35=0,+'App.2-CC_NewCGAAP_DepExp_2013'!K35,+'App.2-CC_NewCGAAP_DepExp_2013'!K35+((C35*0.5)/D35))","v":0},null,0,0,null,{"$f":"IF(ISERROR(+I35+'App.2-CC_NewCGAAP_DepExp_2013'!K35-J35), 0, +I35+'App.2-CC_NewCGAAP_DepExp_2013'!K35-J35)","v":0}]
[1915,"Office Furniture & Equipment (10 years)",null,null,0,{"$f":"IF(D36=0,+'App.2-CC_NewCGAAP_DepExp_2013'!K36,+'App.2-CC_NewCGAAP_DepExp_2013'!K36+((C36*0.5)/D36))","v":0},null,0,0,null,{"$f":"IF(ISERROR(+I36+'App.2-CC_NewCGAAP_DepExp_2013'!K36-J36), 0, +I36+'App.2-CC_NewCGAAP_DepExp_2013'!K36-J36)","v":0}]
[1915,"Office Furniture & Equipment (5 years)",null,null,0,{"$f":"IF(D37=0,+'App.2-CC_NewCGAAP_DepExp_2013'!K37,+'App.2-CC_NewCGAAP_DepExp_2013'!K37+((C37*0.5)/D37))","v":0},null,0,0,null,{"$f":"IF(ISERROR(+I37+'App.2-CC_NewCGAAP_DepExp_2013'!K37-J37), 0, +I37+'App.2-CC_NewCGAAP_DepExp_2013'!K37-J37)","v":0}]
[1920,"Computer Equipment - Hardware",null,null,0,{"$f":"IF(D38=0,+'App.2-CC_NewCGAAP_DepExp_2013'!K38,+'App.2-CC_NewCGAAP_DepExp_2013'!K38+((C38*0.5)/D38))","v":0},null,0,0,null,{"$f":"IF(ISERROR(+I38+'App.2-CC_NewCGAAP_DepExp_2013'!K38-J38), 0, +I38+'App.2-CC_NewCGAAP_DepExp_2013'!K38-J38)","v":0}]
[1920,"Computer Equip.-Hardware(Post Mar. 22/04)",null,null,0,{"$f":"IF(D39=0,+'App.2-CC_NewCGAAP_DepExp_2013'!K39,+'App.2-CC_NewCGAAP_DepExp_2013'!K39+((C39*0.5)/D39))","v":0},null,0,0,null,{"$f":"IF(ISERROR(+I39+'App.2-CC_NewCGAAP_DepExp_2013'!K39-J39), 0, +I39+'App.2-CC_NewCGAAP_DepExp_2013'!K39-J39)","v":0}]
[1920,"Computer Equip.-Hardware(Post Mar. 19/07)",null,null,0,{"$f":"IF(D40=0,+'App.2-CC_NewCGAAP_DepExp_2013'!K40,+'App.2-CC_NewCGAAP_DepExp_2013'!K40+((C40*0.5)/D40))","v":0},null,0,0,null,{"$f":"IF(ISERROR(+I40+'App.2-CC_NewCGAAP_DepExp_2013'!K40-J40), 0, +I40+'App.2-CC_NewCGAAP_DepExp_2013'!K40-J40)","v":0}]
[1930,"Transportation Equipment",null,null,0,{"$f":"IF(D41=0,+'App.2-CC_NewCGAAP_DepExp_2013'!K41,+'App.2-CC_NewCGAAP_DepExp_2013'!K41+((C41*0.5)/D41))","v":0},null,0,0,null,{"$f":"IF(ISERROR(+I41+'App.2-CC_NewCGAAP_DepExp_2013'!K41-J41), 0, +I41+'App.2-CC_NewCGAAP_DepExp_2013'!K41-J41)","v":0}]
[1935,"Stores Equipment",null,null,0,{"$f":"IF(D42=0,+'App.2-CC_NewCGAAP_DepExp_2013'!K42,+'App.2-CC_NewCGAAP_DepExp_2013'!K42+((C42*0.5)/D42))","v":0},null,0,0,null,{"$f":"IF(ISERROR(+I42+'App.2-CC_NewCGAAP_DepExp_2013'!K42-J42), 0, +I42+'App.2-CC_NewCGAAP_DepExp_2013'!K42-J42)","v":0}]
[1940,"Tools, Shop & Garage Equipment",null,null,0,{"$f":"IF(D43=0,+'App.2-CC_NewCGAAP_DepExp_2013'!K43,+'App.2-CC_NewCGAAP_DepExp_2013'!K43+((C43*0.5)/D43))","v":0},null,0,0,null,{"$f":"IF(ISERROR(+I43+'App.2-CC_NewCGAAP_DepExp_2013'!K43-J43), 0, +I43+'App.2-CC_NewCGAAP_DepExp_2013'!K43-J43)","v":0}]
[1945,"Measurement & Testing Equipment",null,null,0,{"$f":"IF(D44=0,+'App.2-CC_NewCGAAP_DepExp_2013'!K44,+'App.2-CC_NewCGAAP_DepExp_2013'!K44+((C44*0.5)/D44))","v":0},null,0,0,null,{"$f":"IF(ISERROR(+I44+'App.2-CC_NewCGAAP_DepExp_2013'!K44-J44), 0, +I44+'App.2-CC_NewCGAAP_DepExp_2013'!K44-J44)","v":0}]
[1950,"Power Operated Equipment",null,null,0,{"$f":"IF(D45=0,+'App.2-CC_NewCGAAP_DepExp_2013'!K45,+'App.2-CC_NewCGAAP_DepExp_2013'!K45+((C45*0.5)/D45))","v":0},null,0,0,null,{"$f":"IF(ISERROR(+I45+'App.2-CC_NewCGAAP_DepExp_2013'!K45-J45), 0, +I45+'App.2-CC_NewCGAAP_DepExp_2013'!K45-J45)","v":0}]
[1955,"Communications Equipment",null,null,0,{"$f":"IF(D46=0,+'App.2-CC_NewCGAAP_DepExp_2013'!K46,+'App.2-CC_NewCGAAP_DepExp_2013'!K46+((C46*0.5)/D46))","v":0},null,0,0,null,{"$f":"IF(ISERROR(+I46+'App.2-CC_NewCGAAP_DepExp_2013'!K46-J46), 0, +I46+'App.2-CC_NewCGAAP_DepExp_2013'!K46-J46)","v":0}]
[1955,"Communication Equipment (Smart Meters)",null,null,0,{"$f":"IF(D47=0,+'App.2-CC_NewCGAAP_DepExp_2013'!K47,+'App.2-CC_NewCGAAP_DepExp_2013'!K47+((C47*0.5)/D47))","v":0},null,0,0,null,{"$f":"IF(ISERROR(+I47+'App.2-CC_NewCGAAP_DepExp_2013'!K47-J47), 0, +I47+'App.2-CC_NewCGAAP_DepExp_2013'!K47-J47)","v":0}]
[1960,"Miscellaneous Equipment ",null,null,0,{"$f":"IF(D48=0,+'App.2-CC_NewCGAAP_DepExp_2013'!K48,+'App.2-CC_NewCGAAP_DepExp_2013'!K48+((C48*0.5)/D48))","v":0},null,0,0,null,{"$f":"IF(ISERROR(+I48+'App.2-CC_NewCGAAP_DepExp_2013'!K48-J48), 0, +I48+'App.2-CC_NewCGAAP_DepExp_2013'!K48-J48)","v":0}]
[1970,"Load Management Controls Customer Premises",null,null,0,{"$f":"IF(D49=0,+'App.2-CC_NewCGAAP_DepExp_2013'!K49,+'App.2-CC_NewCGAAP_DepExp_2013'!K49+((C49*0.5)/D49))","v":0},null,0,0,null,{"$f":"IF(ISERROR(+I49+'App.2-CC_NewCGAAP_DepExp_2013'!K49-J49), 0, +I49+'App.2-CC_NewCGAAP_DepExp_2013'!K49-J49)","v":0}]
[1975,"Load Management Controls Utility Premises",null,null,0,{"$f":"IF(D50=0,+'App.2-CC_NewCGAAP_DepExp_2013'!K50,+'App.2-CC_NewCGAAP_DepExp_2013'!K50+((C50*0.5)/D50))","v":0},null,0,0,null,{"$f":"IF(ISERROR(+I50+'App.2-CC_NewCGAAP_DepExp_2013'!K50-J50), 0, +I50+'App.2-CC_NewCGAAP_DepExp_2013'!K50-J50)","v":0}]
[1980,"System Supervisor Equipment",null,null,0,{"$f":"IF(D51=0,+'App.2-CC_NewCGAAP_DepExp_2013'!K51,+'App.2-CC_NewCGAAP_DepExp_2013'!K51+((C51*0.5)/D51))","v":0},null,0,0,null,{"$f":"IF(ISERROR(+I51+'App.2-CC_NewCGAAP_DepExp_2013'!K51-J51), 0, +I51+'App.2-CC_NewCGAAP_DepExp_2013'!K51-J51)","v":0}]
[1985,"Miscellaneous Fixed Assets",null,null,0,{"$f":"IF(D52=0,+'App.2-CC_NewCGAAP_DepExp_2013'!K52,+'App.2-CC_NewCGAAP_DepExp_2013'!K52+((C52*0.5)/D52))","v":0},null,0,0,null,{"$f":"IF(ISERROR(+I52+'App.2-CC_NewCGAAP_DepExp_2013'!K52-J52), 0, +I52+'App.2-CC_NewCGAAP_DepExp_2013'!K52-J52)","v":0}]
[1990,"Other Tangible Property",null,null,0,{"$f":"IF(D53=0,+'App.2-CC_NewCGAAP_DepExp_2013'!K53,+'App.2-CC_NewCGAAP_DepExp_2013'!K53+((C53*0.5)/D53))","v":0},null,0,0,null,{"$f":"IF(ISERROR(+I53+'App.2-CC_NewCGAAP_DepExp_2013'!K53-J53), 0, +I53+'App.2-CC_NewCGAAP_DepExp_2013'!K53-J53)","v":0}]
[null,null,null,null,0,{"$f":"IF(D54=0,+'App.2-CC_NewCGAAP_DepExp_2013'!K54,+'App.2-CC_NewCGAAP_DepExp_2013'!K54+((C54*0.5)/D54))","v":0},null,0,0,null,{"$f":"IF(ISERROR(+I54+'App.2-CC_NewCGAAP_DepExp_2013'!K54-J54), 0, +I54+'App.2-CC_NewCGAAP_DepExp_2013'!K54-J54)","v":0}]
[null,"Total",{"$f":"SUM(C17:C54)","v":0},null,null,{"$f":"SUM(F17:F54)","v":0},0,0,0,0,0]
[null,"Depreciation exp. adj. from gain or loss on the retirement of assets (pool of like assets)",null,null,null,0]
[null,"Total Depreciation Expense",null,null,null,{"$f":"+F56+F55","v":0}]
[]
["Notes:"]
[1,"Board policy of the \"half-year\" rule - the applicant must ensure that additions in the year attract a half-year depreciation expense in the first year.  Deviations from this standard practice must be supported in the application."]
[2,"The applicant must provide an explanation of material variances in evidence."]
[3,"This column refers to the calculated full year depreciation but excludes the depreciation expense on assets fully depreciated during the year.  This column is used for the purpose of calculating depreciation expense in the following year on the next worksheet."]
[]
["General:","Applicants must provide a breakdown of depreciation and amortization expense in the above format for all relevant accounts.  Asset Retirement Obligations (AROs), depreciation and accretion expense should be disclosed separately consistent with the Notes of historical Audited Financial Statements."]

{"sheet":"App.2-CE_MIFRS_DepExp_2015","index":20,"n_rows":63,"n_cols":8,"rows_kept":63,"cut":false,"hidden":false,"merged":[[64,1,65,7],[8,0,8,8],[9,0,9,8],[14,1,15,1],[14,6,15,6],[56,1,56,4],[58,1,58,7],[59,1,59,8],[61,1,61,8],[62,1,63,7],[10,0,10,7]]}
[null,null,null,null,null,null,"File Number:",{"$f":"EBNUMBER","v":"EB-2015-0108"}]
[null,null,null,null,null,null,"Exhibit:"]
[null,null,null,null,null,null,"Tab:"]
[null,null,null,null,null,null,"Schedule:"]
[null,null,null,null,null,null,"Page:"]
[]
[null,null,null,null,null,null,"Date:"]
[]
["Appendix 2-CE"]
["Depreciation and Amortization Expense"]
["Assumes the applicant made capitalization and depreciation expense accounting policy changes under CGAAP effective January 1, 2012 and will adopt IFRS for financial reporting purposes effective January 1, 2015."]
[null,"N/A"]
[null,null,2015,"MIFRS"]
[]
["Account","Description","Additions","Years (new additions only)","Depreciation Rate on New Additions","2015 Depreciation Expense 1","2015 Depreciation Expense per Appendix 2-BA Fixed Assets, Column J\n (l)","Variance 2"]
[null,null,"(d)","(f)","(g) = 1 / (f)","(h)=2014 Full Year Depreciation + ((d)*0.5)/(f) ",null,"(m) = (h) - (l)"]
[1611,"Computer Software (Formally known as Account 1925)",null,null,{"$f":"IF(D17=0,0,1/D17)","v":0},{"$f":"IF(D17=0,'App.2-CD_MIFRS_DepExp_2014'!K17,+'App.2-CD_MIFRS_DepExp_2014'!K17+((C17*0.5)/D17))","v":0},null,{"$f":"IF(ISERROR(+F17-G17), 0, +F17-G17)","v":0}]
[1612,"Land Rights (Formally known as Account 1906)",null,null,0,{"$f":"IF(D18=0,'App.2-CD_MIFRS_DepExp_2014'!K18,+'App.2-CD_MIFRS_DepExp_2014'!K18+((C18*0.5)/D18))","v":0},null,0]
[1805,"Land",null,null,0,{"$f":"IF(D19=0,'App.2-CD_MIFRS_DepExp_2014'!K19,+'App.2-CD_MIFRS_DepExp_2014'!K19+((C19*0.5)/D19))","v":0},null,0]
[1808,"Buildings",null,null,0,{"$f":"IF(D20=0,'App.2-CD_MIFRS_DepExp_2014'!K20,+'App.2-CD_MIFRS_DepExp_2014'!K20+((C20*0.5)/D20))","v":0},null,0]
[1810,"Leasehold Improvements",null,null,0,{"$f":"IF(D21=0,'App.2-CD_MIFRS_DepExp_2014'!K21,+'App.2-CD_MIFRS_DepExp_2014'!K21+((C21*0.5)/D21))","v":0},null,0]
[1815,"Transformer Station Equipment >50 kV",null,null,0,{"$f":"IF(D22=0,'App.2-CD_MIFRS_DepExp_2014'!K22,+'App.2-CD_MIFRS_DepExp_2014'!K22+((C22*0.5)/D22))","v":0},null,0]
[1820,"Distribution Station Equipment <50 kV",null,null,0,{"$f":"IF(D23=0,'App.2-CD_MIFRS_DepExp_2014'!K23,+'App.2-CD_MIFRS_DepExp_2014'!K23+((C23*0.5)/D23))","v":0},null,0]
[1825,"Storage Battery Equipment",null,null,0,{"$f":"IF(D24=0,'App.2-CD_MIFRS_DepExp_2014'!K24,+'App.2-CD_MIFRS_DepExp_2014'!K24+((C24*0.5)/D24))","v":0},null,0]
[1830,"Poles, Towers & Fixtures",null,null,0,{"$f":"IF(D25=0,'App.2-CD_MIFRS_DepExp_2014'!K25,+'App.2-CD_MIFRS_DepExp_2014'!K25+((C25*0.5)/D25))","v":0},null,0]
[1835,"Overhead Conductors & Devices",null,null,0,{"$f":"IF(D26=0,'App.2-CD_MIFRS_DepExp_2014'!K26,+'App.2-CD_MIFRS_DepExp_2014'!K26+((C26*0.5)/D26))","v":0},null,0]
[1840,"Underground Conduit",null,null,0,{"$f":"IF(D27=0,'App.2-CD_MIFRS_DepExp_2014'!K27,+'App.2-CD_MIFRS_DepExp_2014'!K27+((C27*0.5)/D27))","v":0},null,0]
[1845,"Underground Conductors & Devices",null,null,0,{"$f":"IF(D28=0,'App.2-CD_MIFRS_DepExp_2014'!K28,+'App.2-CD_MIFRS_DepExp_2014'!K28+((C28*0.5)/D28))","v":0},null,0]
[1850,"Line Transformers",null,null,0,{"$f":"IF(D29=0,'App.2-CD_MIFRS_DepExp_2014'!K29,+'App.2-CD_MIFRS_DepExp_2014'!K29+((C29*0.5)/D29))","v":0},null,0]
[1855,"Services (Overhead & Underground)",null,null,0,{"$f":"IF(D30=0,'App.2-CD_MIFRS_DepExp_2014'!K30,+'App.2-CD_MIFRS_DepExp_2014'!K30+((C30*0.5)/D30))","v":0},null,0]
[1860,"Meters",null,null,0,{"$f":"IF(D31=0,'App.2-CD_MIFRS_DepExp_2014'!K31,+'App.2-CD_MIFRS_DepExp_2014'!K31+((C31*0.5)/D31))","v":0},null,0]
[1860,"Meters (Smart Meters)",null,null,0,{"$f":"IF(D32=0,'App.2-CD_MIFRS_DepExp_2014'!K32,+'App.2-CD_MIFRS_DepExp_2014'!K32+((C32*0.5)/D32))","v":0},null,0]
[1905,"Land",null,null,0,{"$f":"IF(D33=0,'App.2-CD_MIFRS_DepExp_2014'!K33,+'App.2-CD_MIFRS_DepExp_2014'!K33+((C33*0.5)/D33))","v":0},null,0]
[1908,"Buildings & Fixtures",null,null,0,{"$f":"IF(D34=0,'App.2-CD_MIFRS_DepExp_2014'!K34,+'App.2-CD_MIFRS_DepExp_2014'!K34+((C34*0.5)/D34))","v":0},null,0]
[1910,"Leasehold Improvements",null,null,0,{"$f":"IF(D35=0,'App.2-CD_MIFRS_DepExp_2014'!K35,+'App.2-CD_MIFRS_DepExp_2014'!K35+((C35*0.5)/D35))","v":0},null,0]
[1915,"Office Furniture & Equipment (10 years)",null,null,0,{"$f":"IF(D36=0,'App.2-CD_MIFRS_DepExp_2014'!K36,+'App.2-CD_MIFRS_DepExp_2014'!K36+((C36*0.5)/D36))","v":0},null,0]
[1915,"Office Furniture & Equipment (5 years)",null,null,0,{"$f":"IF(D37=0,'App.2-CD_MIFRS_DepExp_2014'!K37,+'App.2-CD_MIFRS_DepExp_2014'!K37+((C37*0.5)/D37))","v":0},null,0]
[1920,"Computer Equipment - Hardware",null,null,0,{"$f":"IF(D38=0,'App.2-CD_MIFRS_DepExp_2014'!K38,+'App.2-CD_MIFRS_DepExp_2014'!K38+((C38*0.5)/D38))","v":0},null,0]
[1920,"Computer Equip.-Hardware(Post Mar. 22/04)",null,null,0,{"$f":"IF(D39=0,'App.2-CD_MIFRS_DepExp_2014'!K39,+'App.2-CD_MIFRS_DepExp_2014'!K39+((C39*0.5)/D39))","v":0},null,0]
[1920,"Computer Equip.-Hardware(Post Mar. 19/07)",null,null,0,{"$f":"IF(D40=0,'App.2-CD_MIFRS_DepExp_2014'!K40,+'App.2-CD_MIFRS_DepExp_2014'!K40+((C40*0.5)/D40))","v":0},null,0]
[1930,"Transportation Equipment",null,null,0,{"$f":"IF(D41=0,'App.2-CD_MIFRS_DepExp_2014'!K41,+'App.2-CD_MIFRS_DepExp_2014'!K41+((C41*0.5)/D41))","v":0},null,0]
[1935,"Stores Equipment",null,null,0,{"$f":"IF(D42=0,'App.2-CD_MIFRS_DepExp_2014'!K42,+'App.2-CD_MIFRS_DepExp_2014'!K42+((C42*0.5)/D42))","v":0},null,0]
[1940,"Tools, Shop & Garage Equipment",null,null,0,{"$f":"IF(D43=0,'App.2-CD_MIFRS_DepExp_2014'!K43,+'App.2-CD_MIFRS_DepExp_2014'!K43+((C43*0.5)/D43))","v":0},null,0]
[1945,"Measurement & Testing Equipment",null,null,0,{"$f":"IF(D44=0,'App.2-CD_MIFRS_DepExp_2014'!K44,+'App.2-CD_MIFRS_DepExp_2014'!K44+((C44*0.5)/D44))","v":0},null,0]
[1950,"Power Operated Equipment",null,null,0,{"$f":"IF(D45=0,'App.2-CD_MIFRS_DepExp_2014'!K45,+'App.2-CD_MIFRS_DepExp_2014'!K45+((C45*0.5)/D45))","v":0},null,0]
[1955,"Communications Equipment",null,null,0,{"$f":"IF(D46=0,'App.2-CD_MIFRS_DepExp_2014'!K46,+'App.2-CD_MIFRS_DepExp_2014'!K46+((C46*0.5)/D46))","v":0},null,0]
[1955,"Communication Equipment (Smart Meters)",null,null,0,{"$f":"IF(D47=0,'App.2-CD_MIFRS_DepExp_2014'!K47,+'App.2-CD_MIFRS_DepExp_2014'!K47+((C47*0.5)/D47))","v":0},null,0]
[1960,"Miscellaneous Equipment ",null,null,0,{"$f":"IF(D48=0,'App.2-CD_MIFRS_DepExp_2014'!K48,+'App.2-CD_MIFRS_DepExp_2014'!K48+((C48*0.5)/D48))","v":0},null,0]
[1970,"Load Management Controls Customer Premises",null,null,0,{"$f":"IF(D49=0,'App.2-CD_MIFRS_DepExp_2014'!K49,+'App.2-CD_MIFRS_DepExp_2014'!K49+((C49*0.5)/D49))","v":0},null,0]
[1975,"Load Management Controls Utility Premises",null,null,0,{"$f":"IF(D50=0,'App.2-CD_MIFRS_DepExp_2014'!K50,+'App.2-CD_MIFRS_DepExp_2014'!K50+((C50*0.5)/D50))","v":0},null,0]
[1980,"System Supervisor Equipment",null,null,0,{"$f":"IF(D51=0,'App.2-CD_MIFRS_DepExp_2014'!K51,+'App.2-CD_MIFRS_DepExp_2014'!K51+((C51*0.5)/D51))","v":0},null,0]
[1985,"Miscellaneous Fixed Assets",null,null,0,{"$f":"IF(D52=0,'App.2-CD_MIFRS_DepExp_2014'!K52,+'App.2-CD_MIFRS_DepExp_2014'!K52+((C52*0.5)/D52))","v":0},null,0]
[1990,"Other Tangible Property",null,null,0,{"$f":"IF(D53=0,'App.2-CD_MIFRS_DepExp_2014'!K53,+'App.2-CD_MIFRS_DepExp_2014'!K53+((C53*0.5)/D53))","v":0},null,0]
[null,null,null,null,0,{"$f":"IF(D54=0,'App.2-CD_MIFRS_DepExp_2014'!K54,+'App.2-CD_MIFRS_DepExp_2014'!K54+((C54*0.5)/D54))","v":0},null,0]
[null,"Total",{"$f":"SUM(C17:C54)","v":0},null,null,{"$f":"SUM(F17:F54)","v":0},{"$f":"SUM(G17:G54)","v":0},{"$f":"SUM(H17:H54)","v":0}]
[null,"Depreciation exp. adj. from gain or loss on the retirement of assets (pool of like assets)"]
[null,"Total Depreciation expense to be included in the test year revenue requirement",null,null,null,{"$f":"SUM(F55:F56)","v":0}]
["Notes:"]
[1,"Board policy of the \"half-year\" rule - the applicant must ensure that additions in the year attract a half-year depreciation expense in the first year.  Deviations from this standard practice must be supported in the application."]
[2,"The applicant must provide an explanation of material variances in evidence."]
[]
[]
["General:","Applicants must provide a breakdown of depreciation and amortization expense in the above format for all relevant accounts.  Asset Retirement Obligations (AROs), depreciation and accretion expense should be disclosed separately consistent with the Notes of historical Audited Financial Statements."]

{"sheet":"App.2-CF_OldCGAAP_DepExp_2013","index":21,"n_rows":62,"n_cols":12,"rows_kept":62,"cut":false,"hidden":false,"merged":[[58,1,58,11],[59,1,60,9],[61,1,62,11],[8,0,8,11],[9,0,9,11],[10,1,10,10],[14,0,15,0],[14,1,15,1],[14,10,15,10]]}
[null,null,null,null,null,null,null,null,null,null,"File Number:",{"$f":"EBNUMBER","v":"EB-2015-0108"}]
[null,null,null,null,null,null,null,null,null,null,"Exhibit:",4]
[null,null,null,null,null,null,null,null,null,null,"Tab:"]
[null,null,null,null,null,null,null,null,null,null,"Schedule:","Table 4-48"]
[null,null,null,null,null,null,null,null,null,null,"Page:",95]
[]
[null,null,null,null,null,null,null,null,null,null,"Date:","2015-05-01"]
[]
["Appendix 2-CF"]
["Depreciation and Amortization Expense"]
[null,"Assumes the applicant made capitalization and depreciation expense accounting policy changes under CGAAP effective January 1, 2013 and will adopt IFRS for financial reporting purposes effective January 1, 2015."]
[]
[null,null,"Year",2013,"Former CGAAP"]
[]
["Account","Description","Opening Regulatory Gross PP&E as at Jan 1, 2013","Less Fully Depreciated","Net for Depreciation","Additions","Total for Depreciation","Years","Depreciation Rate","Depreciation Expense","2013 Depreciation Expense per Appendix 2-BA Fixed Assets, Column J\n (l)","Variance 2"]
[null,null,"(a)","(b)","(c)","(d)","(e) = (c) + 1 x (d) 1","(f)","(g) = 1 / (f)","(h) = (e) / (f)",null,"(m) = (h) - (l)"]
[1611,"Computer Software (Formally known as Account 1925)",5407633.6600000001,3121139.3,{"$f":"C17-D17","v":2286494.3600000003},342714.16000000003,{"$f":"E17+1*F17","v":2629208.5200000005},5,{"$f":"IF(H17=0,0,1/H17)","v":0.2},{"$f":"IF(H17=0,0,G17/H17)","v":525841.70400000014},524708.48016666702,{"$f":"IF(ISERROR(+J17-K17), 0, +J17-K17)","v":1133.2238333331188}]
[1612,"Land Rights (Formally known as Account 1906)",510696.18,null,{"$f":"C18-D18","v":510696.18},43422.53,{"$f":"E18+1*F18","v":554118.71},null,0,0,0,0]
[1805,"Land",2323796.4599999995,null,2323796.4599999995,null,2323796.4599999995,null,0,0,0,0]
[1808,"Buildings",28987661.771464251,115138.66,28872523.111464251,589010.58999999985,29461533.701464251,50,0.02,589230.67402928497,594767.38211666106,-5536.708087376086]
[1810,"Leasehold Improvements",null,null,0,null,0,null,0,0,null,0]
[1815,"Transformer Station Equipment >50 kV",31230358.870000005,1126896.08,30103462.790000007,531483.69999999972,30634946.490000006,40,2.5000000000000001E-2,765873.66225000017,772625.52999224002,-6751.8677422398468]
[1820,"Distribution Station Equipment <50 kV",4811796.68,953767.65000000014,3858029.0299999993,425404,4283433.0299999993,30,3.3333333333333333E-2,142781.10099999997,105317.668351318,37463.432648681963]
[1825,"Storage Battery Equipment",null,null,0,null,0,null,0,0,null,0]
[1830,"Poles, Towers & Fixtures",55022226.189999998,5370025.8399999999,49652200.349999994,5621082.7210603282,55273283.071060322,25,0.04,2210931.3228424131,2110312.4518360901,100618.87100632302]
[1835,"Overhead Conductors & Devices",27072748.899999999,1856797.0799999998,25215951.82,3938300.4061232624,29154252.226123262,25,0.04,1166170.0890449304,1116443.73208418,49726.356960750418]
[1840,"Underground Conduit",15510774.24,1870813.74,13639960.5,1053089.197208195,14693049.697208196,25,0.04,587721.9878883278,564995.16442611499,22726.823462212807]
[1845,"Underground Conductors & Devices",35032054.870000005,4341337.68,30690717.190000005,2625458.4485854851,33316175.638585489,25,0.04,1332647.0255434196,1323624.56505945,9022.4604839696549]
[1850,"Line Transformers",48052253.269999988,4030435.83,44021817.43999999,3346545.5994221051,47368363.039422095,25,0.04,1894734.5215768837,1793179.8033092699,101554.71826761379]
[1855,"Services (Overhead & Underground)",22829580.620000001,2923012.2700000005,19906568.350000001,1453141.288605589,21359709.638605591,25,0.04,854388.38554422359,808932.97701942199,45455.408524801605]
[1860,"Meters",12154026.079999998,2256275.2200000002,9897750.8599999975,809494,10707244.859999998,25,0.04,428289.7943999999,535570.22,-107280.42560000008]
[1860,"Meters (Smart Meters)",6265880,null,6265880,null,6265880,15,6.6666666666666666E-2,417725.33333333331,505136.98681685101,-87411.653483517701]
[1905,"Land",null,null,0,null,0,null,0,0,null,0]
[1908,"Buildings & Fixtures",null,null,0,null,0,null,0,0,null,0]
[1910,"Leasehold Improvements",null,null,0,null,0,null,0,0,null,0]
[1915,"Office Furniture & Equipment (10 years)",1757547.6700000002,501032.95,1256514.7200000002,19536.919999999998,1276051.6400000001,10,0.1,127605.16400000002,106926.84,20678.324000000022]
[1915,"Office Furniture & Equipment (5 years)",null,null,0,null,0,5,0.2,0,-2499.73993253968,2499.73993253968]
[1920,"Computer Equipment - Hardware",null,null,0,null,0,null,0,0,null,0]
[1920,"Computer Equip.-Hardware(Post Mar. 22/04)",null,null,0,null,0,null,0,0,null,0]
[1920,"Computer Equip.-Hardware(Post Mar. 19/07)",3815382.27,2720706.55,1094675.7200000002,112736.19,1207411.9100000001,5,0.2,241482.38200000004,229633.773333333,11848.608666667045]
[1930,"Transportation Equipment",7465134.5800000001,3614495.9899999998,3850638.5900000003,911990.56,4762629.1500000004,7.3032504470057686,0.13692533307686117,652124.58268531819,639163.996097486,12960.586587832193]
[1935,"Stores Equipment",533924.67000000004,73089.420000000013,460835.25,8581.15,469416.4,10,0.1,46941.64,46941.72,-8.000000000174623E-2]
[1940,"Tools, Shop & Garage Equipment",1182142.3199999998,443704.41,738437.90999999992,81737.159999999989,820175.07,10,0.1,82017.506999999998,145992.33445238101,-63974.827452381011]
[1945,"Measurement & Testing Equipment",891281.07000000007,477496.04999999993,413785.02000000014,4725.99,418511.01000000013,10,0.1,41851.10100000001,52996.856,-11145.75499999999]
[1950,"Power Operated Equipment",null,null,0,null,0,null,0,0,null,0]
[1955,"Communications Equipment",902458.15,46552.71,855905.44000000006,8031.179999999993,863936.62000000011,10,0.1,86393.662000000011,85960.332396825397,433.32960317461402]
[1955,"Communication Equipment (Smart Meters)",null,null,0,null,0,null,0,0,null,0]
[1960,"Miscellaneous Equipment ",2563676.273,441528.61,2122147.6630000002,17607.759999999998,2139755.423,10,0.1,213975.5423,211707.09373460201,2268.4485653979937]
[1970,"Load Management Controls - Customer Premises",null,null,0,null,0,null,0,0,null,0]
[1975,"Load Management Controls Utility Premises",null,null,0,null,0,null,0,0,null,0]
[1980,"System Supervisor Equipment",3949134.58,1455832.62,2493301.96,465382.76,2958684.7199999997,15,6.6666666666666666E-2,197245.64799999999,204791.417993479,-7545.7699934790144]
[1985,"Miscellaneous Fixed Assets",null,null,0,null,0,null,0,0,null,0]
[1990,"Other Tangible Property",null,null,0,null,0,null,0,0,null,0]
[1995,"Contributions & Grants",-30158715.27,null,-30158715.27,-1672704.93,-31831420.199999999,25,0.04,-1273256.808,-1273634.808,378]
[null,"Total",{"$f":"SUM(C17:C54)","v":288113454.10446417},{"$f":"SUM(D17:D54)","v":37740078.659999989},{"$f":"SUM(E17:E54)","v":250373375.44446418},{"$f":"SUM(F17:F54)","v":20736771.381004967},{"$f":"SUM(G17:G54)","v":271110146.8254692},null,null,{"$f":"SUM(J17:J54)","v":11332716.022438135},{"$f":"SUM(K17:K54)","v":11203594.777253835},{"$f":"SUM(L17:L54)","v":129121.24518430416}]
[]
["Notes:"]
[]
[1,"Board policy of the \"half-year\" rule - the applicant must ensure that additions in the year attract a half-year depreciation expense in the first year.  Deviations from this standard practice must be supported in the application."]
[2,"The applicant must provide an explanation of material variances in evidence."]
[]
["General","Applicants must provide a breakdown of depreciation and amortization expense in the above format for all relevant accounts.  Asset Retirement Obligations (AROs), depreciation and accretion expense should be disclosed separately consistent with the Notes of historical Audited Financial Statements."]

{"sheet":"App.2-CG_NewCGAAP_DepExp_2013","index":22,"n_rows":91,"n_cols":16,"rows_kept":91,"cut":false,"hidden":false,"merged":[[8,0,8,14],[9,0,9,14],[14,0,15,0],[14,1,15,1],[14,10,15,10],[14,13,15,13],[10,0,10,14],[87,1,87,14],[88,1,88,14],[90,1,91,14],[14,15,15,15],[83,1,83,14],[84,1,84,14],[85,1,85,14],[86,1,86,14]]}
[null,null,null,null,null,null,null,null,null,null,null,null,null,"File Number:",{"$f":"EBNUMBER","v":"EB-2015-0108"}]
[null,null,null,null,null,null,null,null,null,null,null,null,null,"Exhibit:",4]
[null,null,null,null,null,null,null,null,null,null,null,null,null,"Tab:"]
[null,null,null,null,null,null,null,null,null,null,null,null,null,"Schedule:","Table 4-49"]
[null,null,null,null,null,null,null,null,null,null,null,null,null,"Page:",96]
[]
[null,null,null,null,null,null,null,null,null,null,null,null,null,"Date:","2015-05-01"]
[]
["Appendix 2-CO"]
["Depreciation and Amortization Expense"]
["Assumes the applicant made capitalization and depreciation expense accounting policy changes under CGAAP effective January 1, 2013 and will adopt IFRS for financial reporting purposes effective January 1, 2015."]
[]
[null,null,"Year",2013,"Revised CGAAP "]
[]
["Account","Description","Opening NBV as at Jan 1, 2013 5","Additions","Average Remaining Life of Opening NBV 4","Years (new additions only) 3","Depreciation Rate on New Additions","Depreciation Expense on Opening NBV","Depreciation Expense on Additions 1","2013 Depreciation Expense","2013 Depreciation Expense per Appendix 2-BA Fixed Assets, Column J\n (l)","Variance 2","Depreciation Expense on 2013 Full Year Additions","Less Depreciation Expense on Assets Fully Depreciated during the year\n(o)","2013 Full Year Depreciation 6","Balances in 2013 Opening NBV, should have been fully depreciated, thus, remove 2013"]
[null,null,"(a)","(d)","(i)","(f)","(g) = 1 / (f)","(j) = (a) / (i)","(h)=((d)*1)/(f) ","(k) = (j) + (h)",null,"(m) = (k) - (l)","(n) = (d)/(f) ",null,"(p) = (j) + (n) - (o)"]
[1611,"Computer Software (Formally known as Account 1925)",1137960.47,342714.16000000003,2.4369999999999998,5,{"$f":"IF(F17=0,0,1/F17)","v":0.2},{"$f":"IF(E17=0,0,+C17/E17)","v":466951.36233073456},{"$f":"IF(F17=0,0,+(D17*1)/F17)","v":68542.832000000009},{"$f":"IF(ISERROR(+H17+I17), 0, +H17+I17)","v":535494.19433073455},535469.38,{"$f":"IF(ISERROR(+J17-K17), 0, +J17-K17)","v":24.814330734545365},{"$f":"IF(F17=0,0,+(D17)/F17)","v":68542.832000000009},125500.88,{"$f":"IF(ISERROR(+M17+H17-N17), 0, +M17+H17-N17)","v":409993.31433073455}]
[1612,"Land Rights (Formally known as Account 1906)",510696.18,43422.53,0,0,0,0,{"$f":"IF(F18=0,0,+(D18*1)/F18)","v":0},0,0,0,0,null,{"$f":"IF(ISERROR(+M18+H18-N18), 0, +M18+H18-N18)","v":0}]
[1805,"Land",2323796.4599999995,null,null,null,0,0,0,0,0,0,0,null,0]
[1808,"Buildings - MS",158628.96,19349.3,24.36,50,0.02,6511.8620689655172,386.98599999999999,6898.8480689655171,6899.64,-0.79193103448324109,386.98599999999999,null,6898.8480689655171]
[1808,"Buildings - TS",3132108.26,-19817.290000000074,49.28,60,1.6666666666666666E-2,63557.391639610381,-330.28816666666791,63227.103472943716,60049.32,3177.7834729437163,-330.28816666666791,null,63227.103472943716]
[1808,"Buildings & Fixtures - Service Centre",19340595.091464248,286335.75999999978,49.8718,50,0.02,387806.23702100682,5726.7151999999951,393532.9522210068,393533.04,-8.7778993183746934E-2,5726.7151999999951,null,393532.9522210068]
[1808,"Service Centre - Parking Lot & Fence",690605.46,69216.22,23.05,25,0.04,29961.191323210409,2768.6487999999999,32729.840123210408,32724.6,5.2401232104093651,2768.6487999999999,null,32729.840123210408]
[1808,"Service Centre - HVAC",3577996.8,221804.05,13.004530000000001,15,6.6666666666666666E-2,275134.64923376695,14786.936666666666,289921.58590043359,289921.32,0.26590043358737603,14786.936666666666,null,289921.58590043359]
[1808,"Service Centre - Roof",594826.71,5985,18,20,0.05,33045.92833333333,299.25,33345.17833333333,33345.24,-6.1666666668315884E-2,299.25,null,33345.17833333333]
[1808,"Service Centre - Automation",0,6137.55,13.99,15,6.6666666666666666E-2,0,{"$f":"IF(F26=0,0,+(D26*1)/F26)","v":409.17},409.17,3107.04,-2697.87,409.17,null,409.17]
[1808,"Operation Centre - Workshop",5322.96,0,35.49,50,0.02,149.98478444632289,0,149.98478444632289,150,-1.5215553677109028E-2,0,null,149.98478444632289]
[1810,"Leasehold Improvements",null,null,null,null,0,0,0,0,null,0,0,null,0]
[1815,"Transformer Station Equipment >50 kV",8117510.3600000013,{"$f":"320766-211614","v":109152},10.4335,30,3.3333333333333333E-2,{"$f":"IF(E29=0,0,+C29/E29)","v":778023.70824747218},3638.4,{"$f":"IF(ISERROR(+H29+I29), 0, +H29+I29)","v":781662.10824747221},{"$f":"-74634.15+847685+8610.57","v":781661.41999999993},0.68824747228063643,3638.4,18603.63,763058.4782474722]
[1815,"TSE Auxiliary equipment",1260559.77,{"$f":"33223.74","v":33223.74},22.629000000000001,30,3.3333333333333333E-2,{"$f":"IF(E30=0,0,+C30/E30)","v":55705.500464006363},1107.4579999999999,{"$f":"IF(ISERROR(+H30+I30), 0, +H30+I30)","v":56812.958464006362},56811.48,1.4784640063589904,1107.4579999999999,null,56812.958464006362]
[1815,"TSE - P&C equipment",2208862.29,{"$f":"213289.89","v":213289.89},10.4621,15,6.6666666666666666E-2,211129.91560011855,14219.326000000001,225349.24160011855,225319.09,30.151600118551869,14219.326000000001,null,225349.24160011855]
[1815,"TSE - Power transformer",10172575.470000001,{"$f":"175818.1","v":175818.1},42.353999999999999,50,0.02,240179.80521320301,3516.3620000000001,243696.16721320301,243695.64,0.52721320299315266,3516.3620000000001,null,243696.16721320301]
[1820,"Distribution Station Equipment <50 kV",796679.3400000002,407723.51,6.6855000000000002,30,3.3333333333333333E-2,119165.25914292128,13590.783666666666,132756.04280958793,132756.64000000001,-0.59719041208154522,13590.783666666666,37383.03,95373.012809587934]
[1820,"Meters Wholesale",739069.06,17679.999999999884,13.550863427760842,15,6.6666666666666666E-2,54540.366666666683,1178.666666666659,55719.03333333334,55719.03333333334,0,1178.666666666659,null,55719.03333333334]
[1825,"Storage Battery Equipment",null,null,null,null,0,0,0,0,null,0,0,null,0]
[1830,"Poles, Towers & Fixtures",32108265.469999995,4855043.6399999997,38.286000000000001,45,2.2222222222222223E-2,838642.46643681743,107889.85866666665,946532.32510348409,946536,-3.6748965159058571,107889.85866666665,null,946532.32510348409]
[1835,"Overhead Conductors & Devices",17765762.07,2639429.06,36.802,45,2.2222222222222223E-2,482739.03782403131,58653.979111111112,541393.01693514246,541386.96,6.0569351424928755,58653.979111111112,null,541393.01693514246]
[1835,"OH Manual line switches",null,372600.49,0,30,3.3333333333333333E-2,0,12420.016333333333,12420.016333333333,12420.12,-0.10366666666777746,12420.016333333333,null,12420.016333333333]
[1835,"OH SCADA control equipment",null,389560.73,0,15,6.6666666666666666E-2,0,25970.715333333334,25970.715333333334,25970.76,-4.4666666664852528E-2,25970.715333333334,null,25970.715333333334]
[1840,"Underground Conduit",7776100.8100000005,909574.58999999985,41.475000000000001,50,0.02,187488.86823387584,18191.491799999996,205680.36003387583,205571.64,108.72003387581208,18191.491799999996,null,205680.36003387583]
[1845,"Underground Conductors & Devices",17387400.650000006,2267661.94,24.984999999999999,35,2.8571428571428571E-2,{"$f":"IF(E41=0,0,+C41/E41)-P41","v":733536.38414448686},64790.341142857142,798326.72528734396,798336.05,-9.3247126560891047,64790.341142857142,null,{"$f":"IF(ISERROR(+M41+H41-N41), 0, +M41+H41-N41)+P41","v":760703.91528734402},-37622.81]
[1850,"Line Transformers - Overhead",12702530.35,{"$f":"821438.01-170076.73","v":651361.28000000003},37.845999999999997,45,2.2222222222222223E-2,{"$f":"IF(E42=0,0,+C42/E42)-P42","v":300289.18891190615},14474.695111111112,314763.88402301725,314764.82,-0.93597698275698349,14474.695111111112,-35924.800000000003,{"$f":"IF(ISERROR(+M42+H42-N42), 0, +M42+H42-N42)","v":350688.68402301724},35348.14]
[1850,"Line Transformers - Underground",14232826.710000001,{"$f":"2279599.86-40481.54","v":2239118.3199999998},27.451000000000001,35,2.8571428571428571E-2,{"$f":"IF(E43=0,0,+C43/E43)","v":518481.17409201851},63974.809142857135,582455.9832348756,582455.04000000004,0.94323487556539476,63974.809142857135,null,{"$f":"IF(ISERROR(+M43+H43-N43), 0, +M43+H43-N43)","v":582455.9832348756}]
[1855,"Services - Overhead",4150228.8,272539.05,37.027900000000002,45,2.2222222222222223E-2,112083.82868053547,6056.4233333333332,118140.25201386881,118140.12,0.13201386881701183,6056.4233333333332,null,118140.25201386881]
[1855,"Services - Underground",6889107.25,982568.68,41.243000000000002,50,0.02,167037.00627985355,19651.373600000003,186688.37987985354,186686.04,2.3398798535345122,19651.373600000003,null,186688.37987985354]
[1860,"Meters - Bi'directional",33590.49,0,23.393000000000001,25,0.04,1435.9205745308425,0,1435.9205745308425,1435.92,5.7453084241387842E-4,0,null,1435.9205745308425]
[1860,"Meters - Commercial",1798459.54,1272.55,21.329000000000001,25,0.04,84319.918420929243,50.902000000000001,84370.820420929245,84368.760000000009,2.0604209292359883,50.902000000000001,null,84370.820420929245]
[1860,"Meters - Residential",2397467.429999996,0,10.9717,25,0.04,{"$f":"IF(E48=0,0,+C48/E48)-P48","v":338974.23085747845},0,338974.23085747845,338973.46666666662,0.76419081183848903,0,155199.07999999999,{"$f":"IF(ISERROR(+M48+H48-N48), 0, +M48+H48-N48)+P48","v":63314.680857478466},-120460.47]
[1860,"Meters C& I",0,808222.31000000017,0,15,6.6666666666666666E-2,0,53881.487333333345,53881.487333333345,55060.2,-1178.7126666666518,53881.487333333345,null,53881.487333333345]
[1860,"Meters (Smart Meters)",6265880,0,11.568,15,6.6666666666666666E-2,541656.29322268325,0,541656.29322268325,541668.84,-12.546777316718362,0,null,541656.29322268325]
[1905,"Land",null,null,null,null,0,0,0,0,null,0,0,null,0]
[1908,"Buildings & Fixtures",null,null,null,null,0,0,0,0,null,0,0,null,0]
[1910,"Leasehold Improvements",null,null,null,null,0,0,0,0,null,0,0,null,0]
[1915,"Office Furniture & Equipment (10 years)",886158.36,19536.919999999998,8.7330000000000005,10,0.1,101472.38749570593,1953.6919999999998,103426.07949570593,103425,1.0794957059260923,1953.6919999999998,null,103426.07949570593]
[1915,"Office Furniture & Equipment (5 years)",7003.71,null,2,5,0.2,3501.855,0,3501.855,3501.84,1.4999999999872671E-2,0,null,3501.855]
[1920,"Computer Equipment - Hardware",null,null,null,null,0,0,0,0,null,0,0,null,0]
[1920,"Computer Equip.-Hardware(Post Mar. 22/04)",null,null,null,null,0,0,0,0,null,0,0,null,0]
[1920,"Computer Equip.-Hardware(Post Mar. 19/07)",473009.83000000007,112736.19,3.03,5,0.2,{"$f":"IF(E58=0,0,+C58/E58)-+P58","v":178248.75478547858},22547.238000000001,200795.99278547859,200839.38,-43.387214521411806,22547.238000000001,30485.56,{"$f":"IF(ISERROR(+M58+H58-N58), 0, +M58+H58-N58)+P58","v":148170.5327854786},-22139.9]
[1930,"Transportation Equipment - car",29729.38,0,4,5,0.2,7432.3450000000003,0,7432.3450000000003,7432.32,2.5000000000545697E-2,0,null,7432.3450000000003]
[1930,"Transportation Equipment - Other - trailers etc",184654.58,305041.2,12.099,15,6.6666666666666666E-2,15261.970410777749,20336.080000000002,35598.050410777752,35597.879999999997,0.17041077775502345,20336.080000000002,null,35598.050410777752]
[1930,"Transportation Equipment - small trucks",629219.14,56996.95,6.2635930087457563,8,0.125,100456.58125,7124.6187499999996,107581.2,107581.2,0,7124.6187499999996,null,107581.2]
[1930,"Transportation Equipment - workplatform",1400100.08,408866.64,8.9730000000000008,12,8.3333333333333329E-2,156034.77989524128,34072.22,190106.99989524129,190112.16,-5.1601047587173525,34072.22,null,190106.99989524129]
[1930,"Transportation Equipmnet - Hybrid system",0,141085.76999999999,0,5,0.2,0,28217.153999999999,28217.153999999999,28217.16,-6.0000000012223609E-3,28217.153999999999,null,28217.153999999999]
[1935,"Stores Equipment",340118.52,8581.15,7.38,10,0.1,46086.520325203259,858.11500000000001,46944.635325203257,46941.72,2.9153252032556338,858.11500000000001,null,46944.635325203257]
[1940,"Tools, Shop & Garage Equipment",269625.01,10422.73,8.3650000000000002,8,0.125,{"$f":"IF(E65=0,0,+C65/E65)-P65","v":33437.227632994625},1302.8412499999999,34740.068882994623,34739.67,0.39888299462472787,1302.8412499999999,null,{"$f":"IF(ISERROR(+M65+H65-N65), 0, +M65+H65-N65)+P65","v":33535.358882994624},-1204.71]
[1940,"Truck tools",220122.17,71314.429999999993,2.4940000000000002,5,0.2,{"$f":"IF(E66=0,0,+C66/E66)-+P66","v":147256.8636647955},14262.885999999999,161519.7496647955,161512.34,7.4096647955011576,14262.885999999999,15250.25,{"$f":"IF(ISERROR(+M66+H66-N66), 0, +M66+H66-N66)+P66","v":87273.329664795499},-58996.17]
[1945,"Measurement & Testing Equipment",240372.34,4725.99,4.6162000000000001,7,0.14285714285714285,{"$f":"IF(E67=0,0,+C67/E67)-P67","v":68183.524372860789},675.14142857142849,68858.665801432217,68859.180000000008,-0.51419856779102702,675.14142857142849,5346.77,{"$f":"IF(ISERROR(+M67+H67-N67), 0, +M67+H67-N67)+P67","v":47399.84580143221},-16112.05]
[1950,"Power Operated Equipment",null,null,null,null,0,0,0,0,null,0,0,null,0]
[1955,"Communications Equipment - phones",341350.47,6024,6.7309999999999999,10,0.1,50713.188233546272,602.4,51315.588233546274,51312.94,2.6482335462715128,602.4,4512.46,46803.128233546275]
[1955,"Communications Equipment - Radio wireless",109455.15999999999,2007.18,4.4157000000000002,8,0.125,24787.725615417712,250.89750000000001,25038.623115417711,25038.6,2.3115417712688213E-2,250.89750000000001,null,25038.623115417711]
[1955,"Communications Equipment - Radio",122011.8,null,6.9249999999999998,10,0.1,17619.032490974729,0,17619.032490974729,17619.96,-0.92750902527041035,0,null,17619.032490974729]
[1955,"Communication Equipment (Smart Meters)",null,null,null,null,0,0,0,0,null,0,0,null,0]
[1960,"Miscellaneous Equipment ",1554687.1430000002,17607.759999999998,6.5750000000000002,10,0.1,236454.3183269962,1760.7759999999998,238215.09432699622,238202.09,13.004326996218879,1760.7759999999998,212.21,238002.88432699622]
[1970,"Load Management Controls - Customer Premises",null,null,null,null,0,0,0,0,null,0,0,null,0]
[1975,"Load Management Controls Utility Premises",null,null,null,null,0,0,0,0,null,0,0,null,0]
[1980,"System Supervisor Equipment",1637568.18,465382.76,11.225,15,6.6666666666666666E-2,{"$f":"IF(E76=0,0,+C76/E76)-P76","v":176968.93668151449},31025.517333333333,207994.45401484781,207899.17,95.284014847798971,31025.517333333333,1930.32,{"$f":"IF(ISERROR(+M76+H76-N76), 0, +M76+H76-N76)+P76","v":174981.0040148478},-31083.13]
[1985,"Miscellaneous Fixed Assets",null,null,null,null,0,0,0,0,null,0,0,null,0]
[1990,"Other Tangible Property",null,null,null,null,0,0,0,0,null,0,0,null,0]
[1995,"Contributions & Grants",-21932649.259999998,-1672705,null,null,0,-699607.38443553855,-41608.893706582749,-741216.27814212127,-741216.28,1.8578787567093968E-3,{"$f":"+I79","v":-41608.893706582749},null,-741216.27814212127]
[null,"Total",{"$f":"SUM(C17:C79)","v":164787949.82446435},{"$f":"SUM(D17:D79)","v":18278611.830000002},null,null,null,{"$f":"SUM(H17:H79)","v":7692856.1064945795},699228.02329659183,8392084.1297911685,8392553.9500000011,-469.8202088303367,699228.02329659183,358499.39,7745965.4997911705]
[]
["Notes:"]
[]
[1,"Board policy of the \"half-year\" rule - the applicant must ensure that additions in the year attract a half-year depreciation expense in the first year.  Deviations from this standard practice must be supported in the application."]
[2,"The applicant must provide an explanation of material variances in evidence."]
[3,"The applicant should ensure that the years for new additions of assets are the asset useful lives determined by management in accordance with the Board's regulatory accounting policies.   The capitalization and depreciation expense accounting changes should be implemented consistent with the Board’s regulatory accounting policies as set out for MIFRS as contained in the Report of the Board, Transition to International Financial Reporting Standards, EB-2008-0408, the Kinectrics Report, and the Revised 2012 Accounting Procedures Handbook for Electricity Distributors."]
[4,"A recalculation should be performed to determine the average remaining life of opening balance of assets (i.e. excluding 2013 additions) under the change in policies under CGAAP.  For example, Asset A had a useful life of 20 years under CGAAP without the change in policies.  On January 1, 2013, the effective date of the changes in policies, Asset A was 3 years depreciated. As a result, Asset A would have a remaining service life of 17 years (20 years less 3 years) as of January 1, 2013.  Due to making the change in policies under CGAAP, management re-assessed the asset useful lives and concluded that the revised useful life of Asset A is now 30 years. Therefore, the average remaining useful life of the opening balance of Asset A is determined to be 27 years (30 years less 3 years) under the revised CGAAP as of January 1, 2013."]
[5," NBV must exclude assets still on the books but which have been fully amortized or depreciated."]
[6,"This column refers to the calculated full year depreciation but excludes the depreciation expense on assets fully depreciated during the year.  This column is used for the purpose of calculating depreciation expense in the following year on the next worksheet."]
[]
["General:","Applicants must provide a breakdown of depreciation and amortization expense in the above format for all relevant accounts.  Asset Retirement Obligations (AROs), depreciation and accretion expense should be disclosed separately consistent with the Notes of historical Audited Financial Statements."]

{"sheet":"App.2-CH_MIFRS_DepExp_2014","index":23,"n_rows":64,"n_cols":11,"rows_kept":64,"cut":false,"hidden":false,"merged":[[59,1,59,10],[60,1,60,10],[61,1,61,10],[63,1,64,10],[8,0,8,10],[9,0,9,10],[14,0,15,0],[14,1,15,1],[14,6,15,6],[14,9,15,9],[10,0,10,10],[56,1,56,4]]}
[null,null,null,null,null,null,null,null,null,"File Number:",{"$f":"EBNUMBER","v":"EB-2015-0108"}]
[null,null,null,null,null,null,null,null,null,"Exhibit:"]
[null,null,null,null,null,null,null,null,null,"Tab:"]
[null,null,null,null,null,null,null,null,null,"Schedule:"]
[null,null,null,null,null,null,null,null,null,"Page:"]
[]
[null,null,null,null,null,null,null,null,null,"Date:"]
[]
["Appendix 2-CP"]
["Depreciation and Amortization Expense"]
["Assumes the applicant made capitalization and depreciation expense accounting policy changes under CGAAP effective January 1, 2013 and will adopt IFRS for financial reporting purposes effective January 1, 2015."]
[null,"PLEASE SEE CHAPTER 2 APPENDICES FILE # 2 OF 4"]
[null,null,null,null,2014,"MIFRS"]
[]
["Account","Description","Additions","Years (new additions only)","Depreciation Rate on New Additions","2014 Depreciation Expense 1","2014 Depreciation Expense per Apppendix 2-BA Fixed Assets, Column J\n (l)","Variance 2","Depreciation Expense on 2014 Full Year Additions","Less Depreciation Expense on Assets Fully Depreciated during the year\n(o)","2014 Full Year Depreciation 3"]
[null,null,"(d)","(f)","(g) = 1 / (f)","(h)=2013 Full Year Deprecation + ((d)*0.5)/(f) ",null,"(m) = (h) - (l)","(n)=((d))/(f) ",null,"(p) = 2013 Full Year Depreciation  + (n) - (o)"]
[1611,"Computer Software (Formally known as Account 1925)",null,null,{"$f":"IF(D17=0,0,1/D17)","v":0},{"$f":"IF(D17=0,+'App.2-CG_NewCGAAP_DepExp_2013'!O17,+'App.2-CG_NewCGAAP_DepExp_2013'!O17+((C17*0.5)/D17))","v":409993.31433073455},null,{"$f":"IF(ISERROR(+F17-G17), 0, +F17-G17)","v":409993.31433073455},{"$f":"IF(D17=0,0,+(C17)/D17)","v":0},null,{"$f":"IF(ISERROR(+I17+'App.2-CG_NewCGAAP_DepExp_2013'!O17-J17), 0, +I17+'App.2-CG_NewCGAAP_DepExp_2013'!O17-J17)","v":409993.31433073455}]
[1612,"Land Rights (Formally known as Account 1906)",null,null,0,{"$f":"IF(D18=0,+'App.2-CG_NewCGAAP_DepExp_2013'!O18,+'App.2-CG_NewCGAAP_DepExp_2013'!O18+((C18*0.5)/D18))","v":0},null,0,0,null,{"$f":"IF(ISERROR(+I18+'App.2-CG_NewCGAAP_DepExp_2013'!O18-J18), 0, +I18+'App.2-CG_NewCGAAP_DepExp_2013'!O18-J18)","v":0}]
[1805,"Land",null,null,0,{"$f":"IF(D19=0,+'App.2-CG_NewCGAAP_DepExp_2013'!O19,+'App.2-CG_NewCGAAP_DepExp_2013'!O19+((C19*0.5)/D19))","v":0},null,0,0,null,{"$f":"IF(ISERROR(+I19+'App.2-CG_NewCGAAP_DepExp_2013'!O19-J19), 0, +I19+'App.2-CG_NewCGAAP_DepExp_2013'!O19-J19)","v":0}]
[1808,"Buildings",null,null,0,{"$f":"IF(D20=0,+'App.2-CG_NewCGAAP_DepExp_2013'!O20,+'App.2-CG_NewCGAAP_DepExp_2013'!O20+((C20*0.5)/D20))","v":6898.8480689655171},null,6898.8480689655171,0,null,{"$f":"IF(ISERROR(+I20+'App.2-CG_NewCGAAP_DepExp_2013'!O20-J20), 0, +I20+'App.2-CG_NewCGAAP_DepExp_2013'!O20-J20)","v":6898.8480689655171}]
[1810,"Leasehold Improvements",null,null,0,{"$f":"IF(D21=0,+'App.2-CG_NewCGAAP_DepExp_2013'!O21,+'App.2-CG_NewCGAAP_DepExp_2013'!O21+((C21*0.5)/D21))","v":63227.103472943716},null,63227.103472943716,0,null,{"$f":"IF(ISERROR(+I21+'App.2-CG_NewCGAAP_DepExp_2013'!O21-J21), 0, +I21+'App.2-CG_NewCGAAP_DepExp_2013'!O21-J21)","v":63227.103472943716}]
[1815,"Transformer Station Equipment >50 kV",null,null,0,{"$f":"IF(D22=0,+'App.2-CG_NewCGAAP_DepExp_2013'!O22,+'App.2-CG_NewCGAAP_DepExp_2013'!O22+((C22*0.5)/D22))","v":393532.9522210068},null,393532.9522210068,0,null,{"$f":"IF(ISERROR(+I22+'App.2-CG_NewCGAAP_DepExp_2013'!O22-J22), 0, +I22+'App.2-CG_NewCGAAP_DepExp_2013'!O22-J22)","v":393532.9522210068}]
[1820,"Distribution Station Equipment <50 kV",null,null,0,{"$f":"IF(D23=0,+'App.2-CG_NewCGAAP_DepExp_2013'!O23,+'App.2-CG_NewCGAAP_DepExp_2013'!O23+((C23*0.5)/D23))","v":32729.840123210408},null,32729.840123210408,0,null,{"$f":"IF(ISERROR(+I23+'App.2-CG_NewCGAAP_DepExp_2013'!O23-J23), 0, +I23+'App.2-CG_NewCGAAP_DepExp_2013'!O23-J23)","v":32729.840123210408}]
[1825,"Storage Battery Equipment",null,null,0,{"$f":"IF(D24=0,+'App.2-CG_NewCGAAP_DepExp_2013'!O24,+'App.2-CG_NewCGAAP_DepExp_2013'!O24+((C24*0.5)/D24))","v":289921.58590043359},null,289921.58590043359,0,null,{"$f":"IF(ISERROR(+I24+'App.2-CG_NewCGAAP_DepExp_2013'!O24-J24), 0, +I24+'App.2-CG_NewCGAAP_DepExp_2013'!O24-J24)","v":289921.58590043359}]
[1830,"Poles, Towers & Fixtures",null,null,0,{"$f":"IF(D25=0,+'App.2-CG_NewCGAAP_DepExp_2013'!O25,+'App.2-CG_NewCGAAP_DepExp_2013'!O25+((C25*0.5)/D25))","v":33345.17833333333},null,33345.17833333333,0,null,{"$f":"IF(ISERROR(+I25+'App.2-CG_NewCGAAP_DepExp_2013'!O25-J25), 0, +I25+'App.2-CG_NewCGAAP_DepExp_2013'!O25-J25)","v":33345.17833333333}]
[1835,"Overhead Conductors & Devices",null,null,0,{"$f":"IF(D26=0,+'App.2-CG_NewCGAAP_DepExp_2013'!O26,+'App.2-CG_NewCGAAP_DepExp_2013'!O26+((C26*0.5)/D26))","v":409.17},null,409.17,0,null,{"$f":"IF(ISERROR(+I26+'App.2-CG_NewCGAAP_DepExp_2013'!O26-J26), 0, +I26+'App.2-CG_NewCGAAP_DepExp_2013'!O26-J26)","v":409.17}]
[1840,"Underground Conduit",null,null,0,{"$f":"IF(D27=0,+'App.2-CG_NewCGAAP_DepExp_2013'!O27,+'App.2-CG_NewCGAAP_DepExp_2013'!O27+((C27*0.5)/D27))","v":149.98478444632289},null,149.98478444632289,0,null,{"$f":"IF(ISERROR(+I27+'App.2-CG_NewCGAAP_DepExp_2013'!O27-J27), 0, +I27+'App.2-CG_NewCGAAP_DepExp_2013'!O27-J27)","v":149.98478444632289}]
[1845,"Underground Conductors & Devices",null,null,0,{"$f":"IF(D28=0,+'App.2-CG_NewCGAAP_DepExp_2013'!O28,+'App.2-CG_NewCGAAP_DepExp_2013'!O28+((C28*0.5)/D28))","v":0},null,0,0,null,{"$f":"IF(ISERROR(+I28+'App.2-CG_NewCGAAP_DepExp_2013'!O28-J28), 0, +I28+'App.2-CG_NewCGAAP_DepExp_2013'!O28-J28)","v":0}]
[1850,"Line Transformers",null,null,0,{"$f":"IF(D29=0,+'App.2-CG_NewCGAAP_DepExp_2013'!O29,+'App.2-CG_NewCGAAP_DepExp_2013'!O29+((C29*0.5)/D29))","v":763058.4782474722},null,763058.4782474722,0,null,{"$f":"IF(ISERROR(+I29+'App.2-CG_NewCGAAP_DepExp_2013'!O29-J29), 0, +I29+'App.2-CG_NewCGAAP_DepExp_2013'!O29-J29)","v":763058.4782474722}]
[1855,"Services (Overhead & Underground)",null,null,0,{"$f":"IF(D30=0,+'App.2-CG_NewCGAAP_DepExp_2013'!O30,+'App.2-CG_NewCGAAP_DepExp_2013'!O30+((C30*0.5)/D30))","v":56812.958464006362},null,56812.958464006362,0,null,{"$f":"IF(ISERROR(+I30+'App.2-CG_NewCGAAP_DepExp_2013'!O30-J30), 0, +I30+'App.2-CG_NewCGAAP_DepExp_2013'!O30-J30)","v":56812.958464006362}]
[1860,"Meters",null,null,0,{"$f":"IF(D31=0,+'App.2-CG_NewCGAAP_DepExp_2013'!O31,+'App.2-CG_NewCGAAP_DepExp_2013'!O31+((C31*0.5)/D31))","v":225349.24160011855},null,225349.24160011855,0,null,{"$f":"IF(ISERROR(+I31+'App.2-CG_NewCGAAP_DepExp_2013'!O31-J31), 0, +I31+'App.2-CG_NewCGAAP_DepExp_2013'!O31-J31)","v":225349.24160011855}]
[1860,"Meters (Smart Meters)",null,null,0,{"$f":"IF(D32=0,+'App.2-CG_NewCGAAP_DepExp_2013'!O32,+'App.2-CG_NewCGAAP_DepExp_2013'!O32+((C32*0.5)/D32))","v":243696.16721320301},null,243696.16721320301,0,null,{"$f":"IF(ISERROR(+I32+'App.2-CG_NewCGAAP_DepExp_2013'!O32-J32), 0, +I32+'App.2-CG_NewCGAAP_DepExp_2013'!O32-J32)","v":243696.16721320301}]
[1905,"Land",null,null,0,{"$f":"IF(D33=0,+'App.2-CG_NewCGAAP_DepExp_2013'!O33,+'App.2-CG_NewCGAAP_DepExp_2013'!O33+((C33*0.5)/D33))","v":95373.012809587934},null,95373.012809587934,0,null,{"$f":"IF(ISERROR(+I33+'App.2-CG_NewCGAAP_DepExp_2013'!O33-J33), 0, +I33+'App.2-CG_NewCGAAP_DepExp_2013'!O33-J33)","v":95373.012809587934}]
[1908,"Buildings & Fixtures",null,null,0,{"$f":"IF(D34=0,+'App.2-CG_NewCGAAP_DepExp_2013'!O34,+'App.2-CG_NewCGAAP_DepExp_2013'!O34+((C34*0.5)/D34))","v":55719.03333333334},null,55719.03333333334,0,null,{"$f":"IF(ISERROR(+I34+'App.2-CG_NewCGAAP_DepExp_2013'!O34-J34), 0, +I34+'App.2-CG_NewCGAAP_DepExp_2013'!O34-J34)","v":55719.03333333334}]
[1910,"Leasehold Improvements",null,null,0,{"$f":"IF(D35=0,+'App.2-CG_NewCGAAP_DepExp_2013'!O35,+'App.2-CG_NewCGAAP_DepExp_2013'!O35+((C35*0.5)/D35))","v":0},null,0,0,null,{"$f":"IF(ISERROR(+I35+'App.2-CG_NewCGAAP_DepExp_2013'!O35-J35), 0, +I35+'App.2-CG_NewCGAAP_DepExp_2013'!O35-J35)","v":0}]
[1915,"Office Furniture & Equipment (10 years)",null,null,0,{"$f":"IF(D36=0,+'App.2-CG_NewCGAAP_DepExp_2013'!O36,+'App.2-CG_NewCGAAP_DepExp_2013'!O36+((C36*0.5)/D36))","v":946532.32510348409},null,946532.32510348409,0,null,{"$f":"IF(ISERROR(+I36+'App.2-CG_NewCGAAP_DepExp_2013'!O36-J36), 0, +I36+'App.2-CG_NewCGAAP_DepExp_2013'!O36-J36)","v":946532.32510348409}]
[1915,"Office Furniture & Equipment (5 years)",null,null,0,{"$f":"IF(D37=0,+'App.2-CG_NewCGAAP_DepExp_2013'!O37,+'App.2-CG_NewCGAAP_DepExp_2013'!O37+((C37*0.5)/D37))","v":541393.01693514246},null,541393.01693514246,0,null,{"$f":"IF(ISERROR(+I37+'App.2-CG_NewCGAAP_DepExp_2013'!O37-J37), 0, +I37+'App.2-CG_NewCGAAP_DepExp_2013'!O37-J37)","v":541393.01693514246}]
[1920,"Computer Equipment - Hardware",null,null,0,{"$f":"IF(D38=0,+'App.2-CG_NewCGAAP_DepExp_2013'!O38,+'App.2-CG_NewCGAAP_DepExp_2013'!O38+((C38*0.5)/D38))","v":12420.016333333333},null,12420.016333333333,0,null,{"$f":"IF(ISERROR(+I38+'App.2-CG_NewCGAAP_DepExp_2013'!O38-J38), 0, +I38+'App.2-CG_NewCGAAP_DepExp_2013'!O38-J38)","v":12420.016333333333}]
[1920,"Computer Equip.-Hardware(Post Mar. 22/04)",null,null,0,{"$f":"IF(D39=0,+'App.2-CG_NewCGAAP_DepExp_2013'!O39,+'App.2-CG_NewCGAAP_DepExp_2013'!O39+((C39*0.5)/D39))","v":25970.715333333334},null,25970.715333333334,0,null,{"$f":"IF(ISERROR(+I39+'App.2-CG_NewCGAAP_DepExp_2013'!O39-J39), 0, +I39+'App.2-CG_NewCGAAP_DepExp_2013'!O39-J39)","v":25970.715333333334}]
[1920,"Computer Equip.-Hardware(Post Mar. 19/07)",null,null,0,{"$f":"IF(D40=0,+'App.2-CG_NewCGAAP_DepExp_2013'!O40,+'App.2-CG_NewCGAAP_DepExp_2013'!O40+((C40*0.5)/D40))","v":205680.36003387583},null,205680.36003387583,0,null,{"$f":"IF(ISERROR(+I40+'App.2-CG_NewCGAAP_DepExp_2013'!O40-J40), 0, +I40+'App.2-CG_NewCGAAP_DepExp_2013'!O40-J40)","v":205680.36003387583}]
[1930,"Transportation Equipment",null,null,0,{"$f":"IF(D41=0,+'App.2-CG_NewCGAAP_DepExp_2013'!O41,+'App.2-CG_NewCGAAP_DepExp_2013'!O41+((C41*0.5)/D41))","v":760703.91528734402},null,760703.91528734402,0,null,{"$f":"IF(ISERROR(+I41+'App.2-CG_NewCGAAP_DepExp_2013'!O41-J41), 0, +I41+'App.2-CG_NewCGAAP_DepExp_2013'!O41-J41)","v":760703.91528734402}]
[1935,"Stores Equipment",null,null,0,{"$f":"IF(D42=0,+'App.2-CG_NewCGAAP_DepExp_2013'!O42,+'App.2-CG_NewCGAAP_DepExp_2013'!O42+((C42*0.5)/D42))","v":350688.68402301724},null,350688.68402301724,0,null,{"$f":"IF(ISERROR(+I42+'App.2-CG_NewCGAAP_DepExp_2013'!O42-J42), 0, +I42+'App.2-CG_NewCGAAP_DepExp_2013'!O42-J42)","v":350688.68402301724}]
[1940,"Tools, Shop & Garage Equipment",null,null,0,{"$f":"IF(D43=0,+'App.2-CG_NewCGAAP_DepExp_2013'!O43,+'App.2-CG_NewCGAAP_DepExp_2013'!O43+((C43*0.5)/D43))","v":582455.9832348756},null,582455.9832348756,0,null,{"$f":"IF(ISERROR(+I43+'App.2-CG_NewCGAAP_DepExp_2013'!O43-J43), 0, +I43+'App.2-CG_NewCGAAP_DepExp_2013'!O43-J43)","v":582455.9832348756}]
[1945,"Measurement & Testing Equipment",null,null,0,{"$f":"IF(D44=0,+'App.2-CG_NewCGAAP_DepExp_2013'!O44,+'App.2-CG_NewCGAAP_DepExp_2013'!O44+((C44*0.5)/D44))","v":118140.25201386881},null,118140.25201386881,0,null,{"$f":"IF(ISERROR(+I44+'App.2-CG_NewCGAAP_DepExp_2013'!O44-J44), 0, +I44+'App.2-CG_NewCGAAP_DepExp_2013'!O44-J44)","v":118140.25201386881}]
[1950,"Power Operated Equipment",null,null,0,{"$f":"IF(D45=0,+'App.2-CG_NewCGAAP_DepExp_2013'!O45,+'App.2-CG_NewCGAAP_DepExp_2013'!O45+((C45*0.5)/D45))","v":186688.37987985354},null,186688.37987985354,0,null,{"$f":"IF(ISERROR(+I45+'App.2-CG_NewCGAAP_DepExp_2013'!O45-J45), 0, +I45+'App.2-CG_NewCGAAP_DepExp_2013'!O45-J45)","v":186688.37987985354}]
[1955,"Communications Equipment",null,null,0,{"$f":"IF(D46=0,+'App.2-CG_NewCGAAP_DepExp_2013'!O46,+'App.2-CG_NewCGAAP_DepExp_2013'!O46+((C46*0.5)/D46))","v":1435.9205745308425},null,1435.9205745308425,0,null,{"$f":"IF(ISERROR(+I46+'App.2-CG_NewCGAAP_DepExp_2013'!O46-J46), 0, +I46+'App.2-CG_NewCGAAP_DepExp_2013'!O46-J46)","v":1435.9205745308425}]
[1955,"Communication Equipment (Smart Meters)",null,null,0,{"$f":"IF(D47=0,+'App.2-CG_NewCGAAP_DepExp_2013'!O47,+'App.2-CG_NewCGAAP_DepExp_2013'!O47+((C47*0.5)/D47))","v":84370.820420929245},null,84370.820420929245,0,null,{"$f":"IF(ISERROR(+I47+'App.2-CG_NewCGAAP_DepExp_2013'!O47-J47), 0, +I47+'App.2-CG_NewCGAAP_DepExp_2013'!O47-J47)","v":84370.820420929245}]
[1960,"Miscellaneous Equipment ",null,null,0,{"$f":"IF(D48=0,+'App.2-CG_NewCGAAP_DepExp_2013'!O48,+'App.2-CG_NewCGAAP_DepExp_2013'!O48+((C48*0.5)/D48))","v":63314.680857478466},null,63314.680857478466,0,null,{"$f":"IF(ISERROR(+I48+'App.2-CG_NewCGAAP_DepExp_2013'!O48-J48), 0, +I48+'App.2-CG_NewCGAAP_DepExp_2013'!O48-J48)","v":63314.680857478466}]
[1970,"Load Management Controls - Customer Premises",null,null,0,{"$f":"IF(D49=0,+'App.2-CG_NewCGAAP_DepExp_2013'!O49,+'App.2-CG_NewCGAAP_DepExp_2013'!O49+((C49*0.5)/D49))","v":53881.487333333345},null,53881.487333333345,0,null,{"$f":"IF(ISERROR(+I49+'App.2-CG_NewCGAAP_DepExp_2013'!O49-J49), 0, +I49+'App.2-CG_NewCGAAP_DepExp_2013'!O49-J49)","v":53881.487333333345}]
[1975,"Load Management Controls Utility Premises",null,null,0,{"$f":"IF(D50=0,+'App.2-CG_NewCGAAP_DepExp_2013'!O50,+'App.2-CG_NewCGAAP_DepExp_2013'!O50+((C50*0.5)/D50))","v":541656.29322268325},null,541656.29322268325,0,null,{"$f":"IF(ISERROR(+I50+'App.2-CG_NewCGAAP_DepExp_2013'!O50-J50), 0, +I50+'App.2-CG_NewCGAAP_DepExp_2013'!O50-J50)","v":541656.29322268325}]
[1980,"System Supervisor Equipment",null,null,0,{"$f":"IF(D51=0,+'App.2-CG_NewCGAAP_DepExp_2013'!O51,+'App.2-CG_NewCGAAP_DepExp_2013'!O51+((C51*0.5)/D51))","v":0},null,0,0,null,{"$f":"IF(ISERROR(+I51+'App.2-CG_NewCGAAP_DepExp_2013'!O51-J51), 0, +I51+'App.2-CG_NewCGAAP_DepExp_2013'!O51-J51)","v":0}]
[1985,"Miscellaneous Fixed Assets",null,null,0,{"$f":"IF(D52=0,+'App.2-CG_NewCGAAP_DepExp_2013'!O52,+'App.2-CG_NewCGAAP_DepExp_2013'!O52+((C52*0.5)/D52))","v":0},null,0,0,null,{"$f":"IF(ISERROR(+I52+'App.2-CG_NewCGAAP_DepExp_2013'!O52-J52), 0, +I52+'App.2-CG_NewCGAAP_DepExp_2013'!O52-J52)","v":0}]
[1990,"Other Tangible Property",null,null,0,{"$f":"IF(D53=0,+'App.2-CG_NewCGAAP_DepExp_2013'!O53,+'App.2-CG_NewCGAAP_DepExp_2013'!O53+((C53*0.5)/D53))","v":0},null,0,0,null,{"$f":"IF(ISERROR(+I53+'App.2-CG_NewCGAAP_DepExp_2013'!O53-J53), 0, +I53+'App.2-CG_NewCGAAP_DepExp_2013'!O53-J53)","v":0}]
[null,null,null,null,0,{"$f":"IF(D54=0,+'App.2-CG_NewCGAAP_DepExp_2013'!O54,+'App.2-CG_NewCGAAP_DepExp_2013'!O54+((C54*0.5)/D54))","v":103426.07949570593},null,103426.07949570593,0,null,{"$f":"IF(ISERROR(+I54+'App.2-CG_NewCGAAP_DepExp_2013'!O54-J54), 0, +I54+'App.2-CG_NewCGAAP_DepExp_2013'!O54-J54)","v":103426.07949570593}]
[null,"Total",{"$f":"SUM(C17:C54)","v":0},null,null,{"$f":"SUM(F17:F54)","v":7248975.7989855856},0,7248975.7989855856,0,0,7248975.7989855856]
[null,"Depreciation exp. adj. from gain or loss on the retirement of assets (pool of like assets)"]
[null,"Total Depreciation Expense",null,null,null,{"$f":"SUM(F55:F56)","v":7248975.7989855856}]
[]
["Notes:"]
[1,"Board policy of the \"half-year\" rule - the applicant must ensure that additions in the year attract a half-year depreciation expense in the first year.  Deviations from this standard practice must be supported in the application."]
[2,"The applicant must provide an explanation of material variances in evidence."]
[3,"This column refers to the calculated full year depreciation but excludes the depreciation expense on assets fully depreciated during the year.  This column is used for the purpose of calculating depreciation expense in the following year on the next worksheet."]
[]
["General:","Applicants must provide a breakdown of depreciation and amortization expense in the above format for all relevant accounts.  Asset Retirement Obligations (AROs), depreciation and accretion expense should be disclosed separately consistent with the Notes of historical Audited Financial Statements."]

{"sheet":"App.2-CI MIFRS_DepExp_2015","index":24,"n_rows":62,"n_cols":8,"rows_kept":62,"cut":false,"hidden":false,"merged":[[60,1,60,8],[61,1,62,7],[58,1,58,7],[59,1,59,8],[56,1,56,4],[10,0,10,7],[9,0,9,8],[14,1,15,1],[14,6,15,6],[8,0,8,7]]}
[null,null,null,null,null,null,"File Number:",{"$f":"EBNUMBER","v":"EB-2015-0108"}]
[null,null,null,null,null,null,"Exhibit:"]
[null,null,null,null,null,null,"Tab:"]
[null,null,null,null,null,null,"Schedule:"]
[null,null,null,null,null,null,"Page:"]
[]
[null,null,null,null,null,null,"Date:"]
[]
["Appendix 2-CQ"]
["Depreciation and Amortization Expense"]
["Assumes the applicant made capitalization and depreciation expense accounting policy changes under CGAAP effective January 1, 2013 and will adopt IFRS for financial reporting purposes effective January 1, 2015."]
[null,"PLEASE SEE CHAPTER 2 APPENDICES FILE # 2 OF 4"]
[null,null,null,2015,"MIFRS","AND 2016","MIFRS"]
[]
["Account","Description","Additions","Years (new additions only)","Depreciation Rate on New Additions","2015 Depreciation Expense 1","2015 Depreciation Expense per Appendix 2-BA Fixed Assets, Column J\n (l)","Variance 2"]
[null,null,"(d)","(f)","(g) = 1 / (f)","(h)=2014 Full Year Depreciation + ((d)*0.5)/(f) ",null,"(m) = (h) - (l)"]
[1611,"Computer Software (Formally known as Account 1925)",null,null,{"$f":"IF(D17=0,0,1/D17)","v":0},{"$f":"IF(D17=0,'App.2-CH_MIFRS_DepExp_2014'!K17,+'App.2-CH_MIFRS_DepExp_2014'!K17+((C17*0.5)/D17))","v":409993.31433073455},null,{"$f":"IF(ISERROR(+F17-G17), 0, +F17-G17)","v":409993.31433073455}]
[1612,"Land Rights (Formally known as Account 1906)",null,null,0,{"$f":"IF(D18=0,'App.2-CH_MIFRS_DepExp_2014'!K18,+'App.2-CH_MIFRS_DepExp_2014'!K18+((C18*0.5)/D18))","v":0},null,0]
[1805,"Land",null,null,0,{"$f":"IF(D19=0,'App.2-CH_MIFRS_DepExp_2014'!K19,+'App.2-CH_MIFRS_DepExp_2014'!K19+((C19*0.5)/D19))","v":0},null,0]
[1808,"Buildings",null,null,0,{"$f":"IF(D20=0,'App.2-CH_MIFRS_DepExp_2014'!K20,+'App.2-CH_MIFRS_DepExp_2014'!K20+((C20*0.5)/D20))","v":6898.8480689655171},null,6898.8480689655171]
[1810,"Leasehold Improvements",null,null,0,{"$f":"IF(D21=0,'App.2-CH_MIFRS_DepExp_2014'!K21,+'App.2-CH_MIFRS_DepExp_2014'!K21+((C21*0.5)/D21))","v":63227.103472943716},null,63227.103472943716]
[1815,"Transformer Station Equipment >50 kV",null,null,0,{"$f":"IF(D22=0,'App.2-CH_MIFRS_DepExp_2014'!K22,+'App.2-CH_MIFRS_DepExp_2014'!K22+((C22*0.5)/D22))","v":393532.9522210068},null,393532.9522210068]
[1820,"Distribution Station Equipment <50 kV",null,null,0,{"$f":"IF(D23=0,'App.2-CH_MIFRS_DepExp_2014'!K23,+'App.2-CH_MIFRS_DepExp_2014'!K23+((C23*0.5)/D23))","v":32729.840123210408},null,32729.840123210408]
[1825,"Storage Battery Equipment",null,null,0,{"$f":"IF(D24=0,'App.2-CH_MIFRS_DepExp_2014'!K24,+'App.2-CH_MIFRS_DepExp_2014'!K24+((C24*0.5)/D24))","v":289921.58590043359},null,289921.58590043359]
[1830,"Poles, Towers & Fixtures",null,null,0,{"$f":"IF(D25=0,'App.2-CH_MIFRS_DepExp_2014'!K25,+'App.2-CH_MIFRS_DepExp_2014'!K25+((C25*0.5)/D25))","v":33345.17833333333},null,33345.17833333333]
[1835,"Overhead Conductors & Devices",null,null,0,{"$f":"IF(D26=0,'App.2-CH_MIFRS_DepExp_2014'!K26,+'App.2-CH_MIFRS_DepExp_2014'!K26+((C26*0.5)/D26))","v":409.17},null,409.17]
[1840,"Underground Conduit",null,null,0,{"$f":"IF(D27=0,'App.2-CH_MIFRS_DepExp_2014'!K27,+'App.2-CH_MIFRS_DepExp_2014'!K27+((C27*0.5)/D27))","v":149.98478444632289},null,149.98478444632289]
[1845,"Underground Conductors & Devices",null,null,0,{"$f":"IF(D28=0,'App.2-CH_MIFRS_DepExp_2014'!K28,+'App.2-CH_MIFRS_DepExp_2014'!K28+((C28*0.5)/D28))","v":0},null,0]
[1850,"Line Transformers",null,null,0,{"$f":"IF(D29=0,'App.2-CH_MIFRS_DepExp_2014'!K29,+'App.2-CH_MIFRS_DepExp_2014'!K29+((C29*0.5)/D29))","v":763058.4782474722},null,763058.4782474722]
[1855,"Services (Overhead & Underground)",null,null,0,{"$f":"IF(D30=0,'App.2-CH_MIFRS_DepExp_2014'!K30,+'App.2-CH_MIFRS_DepExp_2014'!K30+((C30*0.5)/D30))","v":56812.958464006362},null,56812.958464006362]
[1860,"Meters",null,null,0,{"$f":"IF(D31=0,'App.2-CH_MIFRS_DepExp_2014'!K31,+'App.2-CH_MIFRS_DepExp_2014'!K31+((C31*0.5)/D31))","v":225349.24160011855},null,225349.24160011855]
[1860,"Meters (Smart Meters)",null,null,0,{"$f":"IF(D32=0,'App.2-CH_MIFRS_DepExp_2014'!K32,+'App.2-CH_MIFRS_DepExp_2014'!K32+((C32*0.5)/D32))","v":243696.16721320301},null,243696.16721320301]
[1905,"Land",null,null,0,{"$f":"IF(D33=0,'App.2-CH_MIFRS_DepExp_2014'!K33,+'App.2-CH_MIFRS_DepExp_2014'!K33+((C33*0.5)/D33))","v":95373.012809587934},null,95373.012809587934]
[1908,"Buildings & Fixtures",null,null,0,{"$f":"IF(D34=0,'App.2-CH_MIFRS_DepExp_2014'!K34,+'App.2-CH_MIFRS_DepExp_2014'!K34+((C34*0.5)/D34))","v":55719.03333333334},null,55719.03333333334]
[1910,"Leasehold Improvements",null,null,0,{"$f":"IF(D35=0,'App.2-CH_MIFRS_DepExp_2014'!K35,+'App.2-CH_MIFRS_DepExp_2014'!K35+((C35*0.5)/D35))","v":0},null,0]
[1915,"Office Furniture & Equipment (10 years)",null,null,0,{"$f":"IF(D36=0,'App.2-CH_MIFRS_DepExp_2014'!K36,+'App.2-CH_MIFRS_DepExp_2014'!K36+((C36*0.5)/D36))","v":946532.32510348409},null,946532.32510348409]
[1915,"Office Furniture & Equipment (5 years)",null,null,0,{"$f":"IF(D37=0,'App.2-CH_MIFRS_DepExp_2014'!K37,+'App.2-CH_MIFRS_DepExp_2014'!K37+((C37*0.5)/D37))","v":541393.01693514246},null,541393.01693514246]
[1920,"Computer Equipment - Hardware",null,null,0,{"$f":"IF(D38=0,'App.2-CH_MIFRS_DepExp_2014'!K38,+'App.2-CH_MIFRS_DepExp_2014'!K38+((C38*0.5)/D38))","v":12420.016333333333},null,12420.016333333333]
[1920,"Computer Equip.-Hardware(Post Mar. 22/04)",null,null,0,{"$f":"IF(D39=0,'App.2-CH_MIFRS_DepExp_2014'!K39,+'App.2-CH_MIFRS_DepExp_2014'!K39+((C39*0.5)/D39))","v":25970.715333333334},null,25970.715333333334]
[1920,"Computer Equip.-Hardware(Post Mar. 19/07)",null,null,0,{"$f":"IF(D40=0,'App.2-CH_MIFRS_DepExp_2014'!K40,+'App.2-CH_MIFRS_DepExp_2014'!K40+((C40*0.5)/D40))","v":205680.36003387583},null,205680.36003387583]
[1930,"Transportation Equipment",null,null,0,{"$f":"IF(D41=0,'App.2-CH_MIFRS_DepExp_2014'!K41,+'App.2-CH_MIFRS_DepExp_2014'!K41+((C41*0.5)/D41))","v":760703.91528734402},null,760703.91528734402]
[1935,"Stores Equipment",null,null,0,{"$f":"IF(D42=0,'App.2-CH_MIFRS_DepExp_2014'!K42,+'App.2-CH_MIFRS_DepExp_2014'!K42+((C42*0.5)/D42))","v":350688.68402301724},null,350688.68402301724]
[1940,"Tools, Shop & Garage Equipment",null,null,0,{"$f":"IF(D43=0,'App.2-CH_MIFRS_DepExp_2014'!K43,+'App.2-CH_MIFRS_DepExp_2014'!K43+((C43*0.5)/D43))","v":582455.9832348756},null,582455.9832348756]
[1945,"Measurement & Testing Equipment",null,null,0,{"$f":"IF(D44=0,'App.2-CH_MIFRS_DepExp_2014'!K44,+'App.2-CH_MIFRS_DepExp_2014'!K44+((C44*0.5)/D44))","v":118140.25201386881},null,118140.25201386881]
[1950,"Power Operated Equipment",null,null,0,{"$f":"IF(D45=0,'App.2-CH_MIFRS_DepExp_2014'!K45,+'App.2-CH_MIFRS_DepExp_2014'!K45+((C45*0.5)/D45))","v":186688.37987985354},null,186688.37987985354]
[1955,"Communications Equipment",null,null,0,{"$f":"IF(D46=0,'App.2-CH_MIFRS_DepExp_2014'!K46,+'App.2-CH_MIFRS_DepExp_2014'!K46+((C46*0.5)/D46))","v":1435.9205745308425},null,1435.9205745308425]
[1955,"Communication Equipment (Smart Meters)",null,null,0,{"$f":"IF(D47=0,'App.2-CH_MIFRS_DepExp_2014'!K47,+'App.2-CH_MIFRS_DepExp_2014'!K47+((C47*0.5)/D47))","v":84370.820420929245},null,84370.820420929245]
[1960,"Miscellaneous Equipment ",null,null,0,{"$f":"IF(D48=0,'App.2-CH_MIFRS_DepExp_2014'!K48,+'App.2-CH_MIFRS_DepExp_2014'!K48+((C48*0.5)/D48))","v":63314.680857478466},null,63314.680857478466]
[1970,"Load Management Controls - Customer Premises",null,null,0,{"$f":"IF(D49=0,'App.2-CH_MIFRS_DepExp_2014'!K49,+'App.2-CH_MIFRS_DepExp_2014'!K49+((C49*0.5)/D49))","v":53881.487333333345},null,53881.487333333345]
[1975,"Load Management Controls Utility Premises",null,null,0,{"$f":"IF(D50=0,'App.2-CH_MIFRS_DepExp_2014'!K50,+'App.2-CH_MIFRS_DepExp_2014'!K50+((C50*0.5)/D50))","v":541656.29322268325},null,541656.29322268325]
[1980,"System Supervisor Equipment",null,null,0,{"$f":"IF(D51=0,'App.2-CH_MIFRS_DepExp_2014'!K51,+'App.2-CH_MIFRS_DepExp_2014'!K51+((C51*0.5)/D51))","v":0},null,0]
[1985,"Miscellaneous Fixed Assets",null,null,0,{"$f":"IF(D52=0,'App.2-CH_MIFRS_DepExp_2014'!K52,+'App.2-CH_MIFRS_DepExp_2014'!K52+((C52*0.5)/D52))","v":0},null,0]
[1990,"Other Tangible Property",null,null,0,{"$f":"IF(D53=0,'App.2-CH_MIFRS_DepExp_2014'!K53,+'App.2-CH_MIFRS_DepExp_2014'!K53+((C53*0.5)/D53))","v":0},null,0]
[1995,"Contributions & Grants",null,null,0,{"$f":"IF(D54=0,'App.2-CH_MIFRS_DepExp_2014'!K54,+'App.2-CH_MIFRS_DepExp_2014'!K54+((C54*0.5)/D54))","v":103426.07949570593},null,103426.07949570593]
[null,"Total",{"$f":"SUM(C17:C54)","v":0},null,null,{"$f":"SUM(F17:F54)","v":7248975.7989855856},{"$f":"SUM(G17:G54)","v":0},{"$f":"SUM(H17:H54)","v":7248975.7989855856}]
[null,"Depreciation exp. adj. from gain or loss on the retirement of assets (pool of like assets)"]
[null,"Total Depreciation expense to be included in the test year revenue requirement",null,null,null,{"$f":"SUM(F55:F56)","v":7248975.7989855856}]
["Notes:"]
[1,"Board policy of the \"half-year\" rule - the applicant must ensure that additions in the year attract a half-year depreciation expense in the first year.  Deviations from this standard practice must be supported in the application."]
[2,"The applicant must provide an explanation of material variances in evidence."]
[]
["General:","Applicants must provide a breakdown of depreciation and amortization expense in the above format for all relevant accounts.  Asset Retirement Obligations (AROs), depreciation and accretion expense should be disclosed separately consistent with the Notes of historical Audited Financial Statements."]

{"sheet":"App.2-D_Overhead","index":25,"n_rows":63,"n_cols":9,"rows_kept":63,"cut":false,"hidden":false,"merged":[[8,0,8,8],[9,0,9,8],[11,0,11,6],[13,0,15,0],[13,1,14,1],[13,2,14,2],[13,3,14,3],[13,4,14,4],[13,5,14,5],[13,6,14,6],[28,0,28,6],[30,0,32,0],[30,8,32,8],[31,1,32,1],[31,2,32,2],[31,3,32,3],[31,4,32,4],[31,5,32,5],[31,6,32,6],[55,4,56,4],[55,5,56,5],[55,6,56,6],[63,0,64,0],[53,0,54,0],[53,1,54,1],[55,0,57,0],[55,1,56,1],[55,2,56,2],[55,3,56,3]]}
[null,null,null,null,null,null,"File Number:",{"$f":"EBNUMBER","v":"EB-2015-0108"}]
[null,null,null,null,null,null,"Exhibit:",2]
[null,null,null,null,null,null,"Tab:"]
[null,null,null,null,null,null,"Schedule:","Table 2-34"]
[null,null,null,null,null,null,"Page:",88]
[]
[null,null,null,null,null,null,"Date:","2015-05-01"]
[]
["Appendix 2-D"]
["Overhead Expense"]
[]
["Applicants are to provide a breakdown of OM&A before capitalization in the below table.  OM&A before capitalization may be broken down by cost center, program, drivers or another format best suited to focus on capitalized vs. uncapitalized OM&A."]
[]
[" OM&A Before Capitalization - ",2011,2012,2013,2014,2015,2016]
[]
[null,"Historical Year","Historical Year","Historical Year","Historical Year","Bridge Year","Test Year"]
["Distribution Expenses",{"$f":"+B59","v":4855570},{"$f":"+C59","v":5730973},7406564,8092236.0000000009,7483386,7412521]
["Billing and Collecting",{"$f":"+B60","v":2208871},2940036,2632182,2615113.61,2702873,2902731]
["Community Relations",164146,202478,193918,163853.69,147200,142200]
["Administrative and General Expenses",2421553.61,2125787.61,2682238.4900000002,2795054.89,3042602,3221881.5700000003]
["Engineering",{"$f":"+B34","v":1169878.6599999999},{"$f":"+C34","v":1111188.23},0,0,0,0]
["Operations Administration",{"$f":"+B35","v":235633.32324000003},228691.57,0,0,0,0]
["Stores",451032.48921600002,425165.6,117010.3,132862.43,136549,137154]
["Fleet",1269966.57,1115759.28,1363865.57,1147057.76,1140141,1193728]
["Loss Prevention",94979.028900000005,101378.12,0,0,0,0]
["Total OM&A Before Capitalization (B)",{"$f":"SUM(B17:B25)","v":12871630.681356},13981457.409999998,14395778.360000001,14946178.380000001,14652751,15010215.57]
["Please note that any overhead costs expensed are included in their functional OM&A area above"]
[]
["Applicants are to provide a breakdown of capitalized OM&A in the below table.  Capitalized OM&A may be broken down using the categories listed in the table below if possible.  Otherwise, applicants are to provide its own break down of capitalized OM&A."]
[]
["Capitalized OM&A",2011,2012,2013,2014,2015,2016,"Directly","Explanation for Change in Overhead Capitalized"]
[null,"Historical Year","Historical Year","Historical Year","Historical Year","Bridge Year","Test Year","Attributable?"]
[null,null,null,null,null,null,null,"(Y/N)"]
["Engineering",1169878.6599999999,1111188.23,0,0,0,0,"Y","MIFRS no longer allowed to capitalize these costs"]
["Operations Administration",235633.32324000003,228691.57,0,0,0,0,"Y","MIFRS no longer allowed to capitalize these costs"]
["Stores",451032.48921600002,425165.6,117010.3,132862.43,136549,137154,"Y","MIFRS restricted some of the costs able to capitalize"]
["Fleet",1269966.57,1115759.28,1363865.57,1147057.76,1140141,1193728,"Y","MIFRS restricted some of the costs able to capitalize"]
["Loss Prevention",94979.028900000005,101378.12,0,0,0,0,"Y","MIFRS no longer allowed to capitalize these costs"]
["Employee Benefits",627280.36245000002,562804.65,675543.38015999994,649970.31330000004,539426.7675999999,577615.16350000002,"Y","MIFRS no longer allows Employee Future Benefits to be capitalized"]
[]
["costs of site preparation"]
["initial delivery and handling costs"]
["costs of testing whether the asset is functioning properly"]
["professional fees"]
["costs of opening a new facility"]
["costs of introducing a new product or service (including costs of advertising and promotional activities)"]
["costs of conducting business in a new location or with a new class of customer (including costs of staff training)"]
["administration and other general overhead costs"]
[]
["Insert description of additional item(s) and new rows if needed"]
["Total Capitalized OM&A (A)",{"$f":"SUM(B34:B50)","v":3848770.4338059998},{"$f":"SUM(C34:C50)","v":3544987.4499999997},2156419.2501600003,1929890.5033,1816116.7675999999,1908497.1635]
[]
["% of Capitalized OM&A (=A/B)",{"$f":"IF(ISERROR(B51/B26),\"0%\",B51/B26)","v":0.29901187573543242},0.25354920778605727,0.14979525220753678,0.12912267298257682,0.12394374050306321,0.1271465525994441]
[]
[]
[" OM&A After Capitalization - ",2011,2012,2013,2014,2015,2016]
[]
[null,"Historical Year","Historical Year","Historical Year","Historical Year","Bridge Year","Test Year"]
["Distribution Expenses",4855570,5730973,7406564,8092236.0000000009,7483386,7412521]
["Billing and Collecting",2208871,2940036,2632182,2615113.61,2702873,2902731]
["Community Relations",164146,202478,193918,163853.69,147200,142200]
["Administrative and General Expenses",2421553.61,2125787.61,2682238.4900000002,2795054.89,3042602,3221881.5700000003]
["Total OM&A After Capitalization (C) = A - B",{"$f":"SUM(B59:B62)","v":9650140.6099999994},10999274.609999999,12914902.49,13666258.190000001,13376061,13679333.57]

{"sheet":"App.2-EA_1575 (2015)","index":26,"n_rows":47,"n_cols":10,"rows_kept":47,"cut":false,"hidden":false,"merged":[[8,0,8,9],[9,0,9,9],[10,0,10,9],[12,0,12,9],[14,0,14,9],[20,1,20,6],[33,1,33,10],[37,7,38,8],[37,9,38,9],[45,0,45,8],[25,1,26,6]]}
[null,null,null,null,null,null,null,null,"File Number:",{"$f":"EBNUMBER","v":"EB-2015-0108"}]
[null,null,null,null,null,null,null,null,"Exhibit:"]
[null,null,null,null,null,null,null,null,"Tab:"]
[null,null,null,null,null,null,null,null,"Schedule:"]
[null,null,null,null,null,null,null,null,"Page:"]
[]
[null,null,null,null,null,null,null,null,"Date:"]
[]
["Appendix 2-EA"]
["Account 1575 - IFRS-CGAAP Transitional PP&E Amounts"]
["2015 Adopters of IFRS for Financial Reporting Purposes"]
[]
["For applicants that will adopt IFRS on January 1, 2015 for financial reporting purposes"]
[]
[]
["N/A"]
[null,{"$f":"RebaseYear &\" Rebasing Year\"","v":"2011 Rebasing Year"},2011,2012,2013,2014,"2015 Rebasing Year"]
["Reporting Basis","CGAAP","IRM","IRM","IRM","IRM","MIFRS"]
[null,"Forecast","Actual","Actual","Actual","Forecast","Forecast"]
[null,null,null,null,null,"$","$"]
["PP&E Values under CGAAP"]
["            Opening net PP&E - Note 1"]
["            Net Additions - Note 4"]
["            Net Depreciation (amounts should be negative) - Note 4"]
["            Closing net PP&E (1)",null,null,null,null,{"$f":"SUM(F22:F24)","v":0}]
[]
["PP&E Values under MIFRS (Starts from 2014, the transition year)"]
["            Opening net PP&E  - Note 1"]
["            Net Additions - Note 4"]
["            Net Depreciation (amounts should be negative) - Note 4"]
["            Closing net PP&E (2)",null,null,null,null,{"$f":"SUM(F28:F30)","v":0}]
[]
["Difference in Closing net PP&E, CGAAP vs. MIFRS",null,null,null,null,{"$f":"F25-F31","v":0}]
[]
[]
["Effect on Deferral and Variance Account Rate Riders"]
["Closing balance in deferral account",null,null,null,null,null,{"$f":"IF(ISERROR(F33), 0, F33)","v":0},null,"WACC"]
["Return on Rate Base Associated with deferred PP&E balance at WACC  - Note 2",null,null,null,null,null,{"$f":"F33*J37*J38","v":0},"# of years of rate rider disposition period"]
["     Amount included in Deferral and Variance Account Rate Rider Calculation",null,null,null,null,null,{"$f":"G37+G38","v":0}]
[]
["Notes:"]
["1  For an applicant that adopts IFRS on January 1, 2015, the PP&E values as of January 1, 2014 under both CGAAP and MIFRS should be the same. "]
["2 Return on rate base associated with deferred balance is calculated as:"]
["     the deferral account opening balance as of 2015 rebasing year x WACC X # of years of rate rider disposition period"]
["     * Please note that the calculation should be adjusted once WACC is updated and finalized in the rate application."]
["3  The  PP&E deferral account is cleared by including the total balance in the deferral and variance account rate rider calculation."]
["4  Net additions are additions net of disposals; Net depreciation is additions to depreciation net of disposals."]

{"sheet":"App.2-EB_Account 1576 (2012)","index":27,"n_rows":47,"n_cols":10,"rows_kept":47,"cut":false,"hidden":false,"merged":[[19,1,19,2],[8,0,8,9],[9,0,9,9],[10,0,10,9],[14,0,14,9],[12,0,12,9],[45,0,45,8],[41,0,41,10],[31,1,31,6],[25,1,26,6],[20,1,20,6],[37,7,38,8],[37,9,38,9]]}
[null,null,null,null,null,null,null,null,"File Number:",{"$f":"EBNUMBER","v":"EB-2015-0108"}]
[null,null,null,null,null,null,null,null,"Exhibit:"]
[null,null,null,null,null,null,null,null,"Tab:"]
[null,null,null,null,null,null,null,null,"Schedule:"]
[null,null,null,null,null,null,null,null,"Page:"]
[]
[null,null,null,null,null,null,null,null,"Date:"]
[]
["Appendix 2-EB"]
["Account 1576 - Accounting Changes under CGAAP"]
["2012 Changes in Accounting Policies under CGAAP"]
[]
["For applicants that made capitalization and depreciation expense accounting policy changes under CGAAP effective January 1, 2012"]
[]
[]
["N/A"]
[null,{"$f":"RebaseYear &\" Rebasing Year\"","v":"2011 Rebasing Year"},2011,2012,2013,2014,"2015 Rebasing Year"]
["Reporting Basis","CGAAP","IRM","IRM","IRM","IRM","MIFRS"]
[null,"Forecast","Actual","Actual","Actual","Forecast","Forecast"]
[null,null,null,"$",null,"$","$"]
["PP&E Values under former CGAAP"]
["            Opening net PP&E - Note 1",null,null,null,{"$f":"+D25","v":0},{"$f":"+E25","v":0}]
["            Net Additions - Note 4"]
["            Net Depreciation (amounts should be negative) - Note 4"]
["            Closing net PP&E (1)",null,null,{"$f":"D22+D23+D24","v":0},{"$f":"E22+E23+E24","v":0},{"$f":"F22+F23+F24","v":0}]
[]
["PP&E Values under revised CGAAP (Starts from 2012)"]
["            Opening net PP&E  - Note 1",null,null,null,{"$f":"+D31","v":0},{"$f":"+E31","v":0}]
["            Net Additions - Note 4"]
["            Net Depreciation (amounts should be negative) - Note 4"]
["            Closing net PP&E (2)",null,null,{"$f":"SUM(D28:D30)","v":0},{"$f":"SUM(E28:E30)","v":0},{"$f":"SUM(F28:F30)","v":0}]
[]
["Difference in Closing net PP&E, former CGAAP vs. revised CGAAP ",null,null,{"$f":"D25-D31","v":0},{"$f":"E25-E31","v":0},{"$f":"F25-F31","v":0}]
[]
[]
["Effect on Deferral and Variance Account Rate Riders"]
["Closing balance in Account 1576",null,null,null,null,null,{"$f":"IF(ISERROR(F33), 0, F33)","v":0},null,"WACC"]
["Return on Rate Base Associated with Account 1576 balance at WACC  - Note 2",null,null,null,null,null,{"$f":"F33*J37*J38","v":0},"# of years of rate rider disposition period"]
["     Amount included in Deferral and Variance Account Rate Rider Calculation",null,null,null,null,null,{"$f":"G37+G38","v":0}]
[]
["Notes:"]
["1  For an applicant that made the capitalization and depreciation expense accounting policy changes on January 1, 2012, the PP&E values as of January 1, 2012 under both former CGAAP and revised CGAAP should be the same. "]
["2 Return on rate base associated with Account 1576 balance is calculated as:"]
["     the variance account opening balance as of 2015 rebasing year x WACC X # of years of rate rider disposition period"]
["     * Please note that the calculation should be adjusted once WACC is updated and finalized in the rate application."]
["3  Account 1576 is cleared by including the total balance in the deferral and variance account rate rider calculation."]
["4  Net additions are additions net of disposals; Net depreciation is additions to depreciation net of disposals."]

{"sheet":"App.2-EC_Account 1576 (2013)","index":28,"n_rows":47,"n_cols":11,"rows_kept":47,"cut":false,"hidden":false,"merged":[[20,1,20,7],[52,0,53,10],[8,0,8,10],[9,0,9,10],[10,0,10,10],[14,0,14,10],[47,0,47,11],[37,8,38,9],[37,10,38,10],[41,0,41,11],[45,0,45,9],[31,1,31,7],[25,1,26,7],[12,0,12,10]]}
[null,null,null,null,null,null,null,null,null,"File Number:",{"$f":"EBNUMBER","v":"EB-2015-0108"}]
[null,null,null,null,null,null,null,null,null,"Exhibit:",9]
[null,null,null,null,null,null,null,null,null,"Tab:"]
[null,null,null,null,null,null,null,null,null,"Schedule:","Table 9-15"]
[null,null,null,null,null,null,null,null,null,"Page:",23]
[]
[null,null,null,null,null,null,null,null,null,"Date:","2015-05-01"]
[]
["Appendix 2-EC"]
["Account 1576 - Accounting Changes under CGAAP"]
["2013 Changes in Accounting Policies under CGAAP"]
[]
["For applicants that made capitalization and depreciation expense accounting policy changes under CGAAP effective January 1, 2013"]
[]
[]
[]
[null,{"$f":"RebaseYear &\" Rebasing Year\"","v":"2011 Rebasing Year"},2011,2012,2013,2014,2015,"2015 Rebasing Year"]
["Reporting Basis","CGAAP","IRM","IRM","IRM","IRM","IRM","MIFRS"]
[null,"Forecast","Actual","Actual","Actual","Actual","Forecast","Forecast"]
[null,null,null,null,null,"$",null,"$"]
["PP&E Values under former CGAAP"]
["            Opening net PP&E - Note 1",null,null,null,164787949.82446429,{"$f":"+E25","v":174237461.70629925},{"$f":"+F25","v":182269723.22617805}]
["            Net Additions - Note 4",null,null,null,20339323.671004966,13206058.51987882,18066595.160174429]
["            Net Depreciation (amounts should be negative) - Note 4",null,null,null,-10889811.789170031,-5173797,-10709504.244982371]
["            Closing net PP&E (1)",null,null,null,{"$f":"E22+E23+E24","v":174237461.70629925},{"$f":"SUM(F22:F24)","v":182269723.22617805},{"$f":"SUM(G22:G24)","v":189626814.14137012}]
[]
["PP&E Values under revised CGAAP (Starts from 2013)"]
["            Opening net PP&E  - Note 1",null,null,null,164787949.82446429,{"$f":"+E31","v":174590342.3864643},{"$f":"+F31","v":183020607.64646432}]
["            Net Additions - Note 4",null,null,null,17881163.791999999,11001407.260000007,15751658.33999994]
["            Net Depreciation (amounts should be negative) - Note 4",null,null,null,-8078771.2300000004,-2571142,-8341638.85091097]
["            Closing net PP&E (2)",null,null,null,{"$f":"SUM(E28:E30)","v":174590342.3864643},{"$f":"SUM(F28:F30)","v":183020607.64646432},{"$f":"SUM(G28:G30)","v":190430627.1355533}]
[]
["Difference in Closing net PP&E, former CGAAP vs. revised CGAAP ",null,null,null,{"$f":"E25-E31","v":-352880.68016505241},{"$f":"F25-F31","v":-750884.420286268},{"$f":"G25-G31","v":-803812.99418318272}]
[]
[]
["Effect on Deferral and Variance Account Rate Riders"]
["Closing balance in Account 1576",null,null,null,null,null,null,{"$f":"IF(ISERROR(G33), 0, G33)","v":-803812.99418318272},null,"WACC",6.1744869789421383E-2]
["Return on Rate Base Associated with Account 1576 balance at WACC  - Note 2",null,null,null,null,null,null,{"$f":"G33*K37*K38","v":-49631.328660885541},"# of years of rate rider disposition period",null,1]
["     Amount included in Deferral and Variance Account Rate Rider Calculation",null,null,null,null,null,null,{"$f":"H37+H38","v":-853444.32284406829}]
[]
["Notes:"]
["1  For an applicant that made the capitalization and depreciation expense accounting policy changes on January 1, 2013, the PP&E values as of January 1, 2013 under both former CGAAP and revised CGAAP should be the same. "]
["2 Return on rate base associated with Account 1576 balance is calculated as:"]
["     the variance account opening balance as of 2015 rebasing year x WACC X # of years of rate rider disposition period"]
["     * Please note that the calculation should be adjusted once WACC is updated and finalized in the rate application."]
["3  Account 1576 is cleared by including the total balance in the deferral and variance account rate rider calculation."]
["4  Net additions are additions net of disposals; Net depreciation is additions to depreciation net of disposals."]

{"sheet":"App.2-FA Proposed REG Invest.","index":29,"n_rows":101,"n_cols":11,"rows_kept":101,"cut":false,"hidden":false,"merged":[[8,0,8,10],[17,0,17,8],[16,0,16,9],[12,0,12,6],[13,0,13,5],[14,0,14,5],[11,0,11,6],[9,0,9,10]]}
[null,null,null,null,null,null,null,null,null,"File Number:",{"$f":"EBNUMBER","v":"EB-2015-0108"}]
[null,null,null,null,null,null,null,null,null,"Exhibit:",2]
[null,null,null,null,null,null,null,null,null,"Tab:"]
[null,null,null,null,null,null,null,null,null,"Schedule:","Attachment 2-2"]
[null,null,null,null,null,null,null,null,null,"Page:"]
[]
[null,null,null,null,null,null,null,null,null,"Date:","2015-05-01"]
[]
["Appendix 2-FA"]
["Renewable Generation Connection Investment Summary (past investments or over the future rate setting period)"]
[]
["Enter the details of the Renewable Generation Connection projects as described in the appropriate section of the Filing Requirements."]
["All costs entered on this page will be transferred to the appropriate cells in the appendices that follow."]
["For Part A, Renewable Enabling Improvements (REI), these amounts will be transferred to Appendix 2 - FB"]
["For Part B, Expansions, these amounts will be transferred to Appendix 2 - FC"]
[]
["If there are more than five projects proposed to be in-service in a certain year, please amend the tables below and ensure that the formulae for the Total Amounts in any given rate year are updated."]
["Based on the current methodology and allocation, amounts allocated represent 6% for REI Connection Investments and 17% for Expansion Investments. (pg 15, EB-2009-0349)"]
[]
["There are two scenarios described below.  Separate sets of spreadsheets (2-FA, 2-FB, 2-FC) should be submited for each scenario as required."]
["Scenario 1:  Past Investments with No Recovery.  The distributor has made investments in the past (during the IRM Years), but has not received approval for these projects and therefore did not receive"]
["revenue from the IESO under Regulation 330/09 and did not receive ratepayer revenue for the direct benefit portion of the investment."]
["The WCA percentage, debt percentages, interest rates, kWh, tax rates, amortization period, CCA Class and percentage should correspond to the distributor's last Cost of Service approval. "]
["The Direct Benefit portion of the calculated Revenue Requirement for each year should be summed and can be applied for recovery from the distributor's ratepayers through a rate rider."]
["The Provincial Recovery portion of the calculated Revenue Requirement for each year should be summed and can be applied for recovery from the IESO through a separate order."]
[]
["Scenario 2:  Investments in the Test Year and Beyond.  Distributor plans to make investments in 2015 and/or beyond.  These investments should be added to 2-FA in the appropriate year."]
["The WCA percentage, debt percentages, interest rates, kWh, tax rates, amortization period, CCA Class and percentage should correspond to the distributor's current application. "]
[]
["Part A"]
["REI Investments (Direct Benefit at 6%)",null,2011,2012,2013,2014,2015,{"$f":"G31+1","v":2016},{"$f":"H31+1","v":2017},2018,2019]
["Project 1"]
["Name: REI Connection Project"]
["Capital Costs",null,0,0,0,0,0,0,0,0,0]
["OM&A (Start-Up)",null,0,0,0,0,0,0,0,0,0]
["OM&A (Ongoing)",null,0,0,0,0,0,0,0,0,0]
[]
["Project 2"]
["Name: REI Connection Project"]
["Capital Costs",null,0,0,0,0,0,0,0,0,0]
["OM&A (Start-Up)",null,0,0,0,0,0,0,0,0,0]
["OM&A (Ongoing)",null,0,0,0,0,0,0,0,0,0]
[]
["Project 3"]
["Name: REI Connection Project"]
["Capital Costs",null,0,0,0,0,0,0,0,0,0]
["OM&A (Start-Up)",null,0,0,0,0,0,0,0,0,0]
["OM&A (Ongoing)",null,0,0,0,0,0,0,0,0,0]
[]
["Project 4"]
["Name: REI Connection Project"]
["Capital Costs",null,0,0,0,0,0,0,0,0,0]
["OM&A (Start-Up)",null,0,0,0,0,0,0,0,0,0]
["OM&A (Ongoing)",null,0,0,0,0,0,0,0,0,0]
[]
["Project 5"]
["Name: REI Connection Project"]
["Capital Costs",null,0,0,0,0,0,0,0,0,0]
["OM&A (Start-Up)",null,0,0,0,0,0,0,0,0,0]
["OM&A (Ongoing)",null,0,0,0,0,0,0,0,0,0]
[]
["Total Capital Costs",null,{"$f":"SUM(C58,C52,C46,C40,C34)","v":0},0,0,0,{"$f":"SUM(G58,G52,G46,G40,G34)","v":0},{"$f":"SUM(H58,H52,H46,H40,H34)","v":0},0,0,0]
["Total OM&A (Start-Up)",null,0,0,0,0,{"$f":"SUM(G59,G53,G47,G41,G35)","v":0},0,0,0,0]
["Total OM&A (Ongoing)",null,0,0,0,0,{"$f":"SUM(G60,G54,G48,G42,G36)","v":0},0,0,0,0]
[]
[]
["Part B"]
["Expansion Investments (Direct Benefit at 17%)",null,2011,2012,2013,2014,2015,{"$f":"G68+1","v":2016},{"$f":"H68+1","v":2017},2018,2019]
["Project 1"]
["Name: Expansion Connection Project"]
["Capital Costs",null,0,0,117320.21,0,0,0,0,0,0]
["OM&A (Start-Up)",null,0,0,0,0,0,0,0,0,0]
["OM&A (Ongoing)",null,0,0,0,0,0,0,0,0,0]
[]
["Project 2"]
["Name: Expansion Connection Project"]
["Capital Costs",null,0,0,0,0,0,0,0,0,0]
["OM&A (Start-Up)",null,0,0,0,0,0,0,0,0,0]
["OM&A (Ongoing)",null,0,0,0,0,0,0,0,0,0]
[]
["Project 3"]
["Name: Expansion Connection Project"]
["Capital Costs",null,0,0,0,0,0,0,0,0,0]
["OM&A (Start-Up)",null,0,0,0,0,0,0,0,0,0]
["OM&A (Ongoing)",null,0,0,0,0,0,0,0,0,0]
[]
["Project 4"]
["Name: Expansion Connection Project"]
["Capital Costs",null,0,0,0,0,0,0,0,0,0]
["OM&A (Start-Up)",null,0,0,0,0,0,0,0,0,0]
["OM&A (Ongoing)",null,0,0,0,0,0,0,0,0,0]
[]
["Project 5"]
["Name: Expansion Connection Project"]
["Capital Costs",null,0,0,0,0,0,0,0,0,0]
["OM&A (Start-Up)",null,0,0,0,0,0,0,0,0,0]
["OM&A (Ongoing)",null,0,0,0,0,0,0,0,0,0]
[]
["Total Capital Costs",null,{"$f":"SUM(C95,C89,C83,C77,C71)","v":0},0,117320.21,0,{"$f":"SUM(G95,G89,G83,G77,G71)","v":0},{"$f":"SUM(H95,H89,H83,H77,H71)","v":0},0,0,0]
["Total OM&A (Start-Up)",null,0,0,0,0,{"$f":"SUM(G96,G90,G84,G78,G72)","v":0},0,0,0,0]
["Total OM&A (Ongoing)",null,0,0,0,0,{"$f":"SUM(G97,G91,G85,G79,G73)","v":0},0,0,0,0]

{"sheet":"App.2-FB Calc of REG Improvemnt","index":30,"n_rows":95,"n_cols":29,"rows_kept":95,"cut":false,"hidden":false,"merged":[[51,24,51,25],[51,27,51,28],[48,0,48,22],[49,0,49,1],[51,15,51,16],[51,18,51,19],[51,21,51,22],[51,12,51,13],[51,9,51,10],[51,6,51,7],[51,3,51,4],[46,0,46,22],[16,14,16,16],[16,17,16,19],[16,20,16,22],[16,23,16,25],[16,11,16,13],[16,8,16,10],[16,5,16,7],[16,2,16,4],[16,26,16,28],[8,0,8,17],[9,0,9,17],[11,0,11,17],[12,0,12,17],[14,0,14,17]]}
[null,null,null,null,null,null,null,null,null,null,null,null,null,"File Number:",{"$f":"EBNUMBER","v":"EB-2015-0108"}]
[null,null,null,null,null,null,null,null,null,null,null,null,null,"Exhibit:"]
[null,null,null,null,null,null,null,null,null,null,null,null,null,"Tab:"]
[null,null,null,null,null,null,null,null,null,null,null,null,null,"Schedule:"]
[null,null,null,null,null,null,null,null,null,null,null,null,null,"Page:"]
[]
[null,null,null,null,null,null,null,null,null,null,null,null,null,"Date:"]
[]
["Appendix 2-FB"]
["Calculation of Renewable Generation Connection Direct Benefits/Provincial Amount: Renewable Enabling Improvement Investments"]
["N/A"]
["This table will calculate the distributor/provincial shares of the investments entered in Part A of Appendix 2-FA."]
["Enter values in green shaded cells: WCA percentage, debt percentages, interest rates, kWh, tax rates, amortization period, CCA Class and percentage."]
["For historical investments, enter these variables for your last cost of service test year.  For 2015 and beyond, enter variables as in the application."]
["Rate Riders are not calculated for Test Year as these assets and costs are already in the distributor's rate base/revenue requirement."]
[]
[null,null,2011,null,null,2012,null,null,2013,null,null,2014,null,null,"2015 Test Year",null,null,2016,null,null,2017,2016,null,2018,null,null,2019]
[null,null,null,"Direct Benefit","Provincial",null,"Direct Benefit","Provincial",null,"Direct Benefit","Provincial",null,"Direct Benefit","Provincial",null,"Direct Benefit","Provincial",null,"Direct Benefit","Provincial",null,"Direct Benefit","Provincial",null,"Direct Benefit","Provincial",null,"Direct Benefit","Provincial"]
[null,null,"Total",0.06,0.94,"Total",0.06,0.94,"Total",0.06,0.94,"Total",0.06,0.94,"Total",0.06,0.94,"Total",0.06,0.94,"Total",0.06,0.94,"Total",0.06,0.94,"Total",0.06,0.94]
["Net Fixed Assets (average)",null,{"$f":"D82","v":0},{"$f":"C20*D19","v":0},{"$f":"C20*E19","v":0},{"$f":"E82","v":0},{"$f":"F20*G19","v":0},{"$f":"F20*H19","v":0},{"$f":"F82","v":0},{"$f":"I20*J19","v":0},{"$f":"I20*K19","v":0},{"$f":"G82","v":0},{"$f":"L20*M19","v":0},{"$f":"L20*N19","v":0},{"$f":"H82","v":0},{"$f":"O20*P19","v":0},{"$f":"O20*Q19","v":0},{"$f":"I82","v":0},{"$f":"R20*S19","v":0},{"$f":"R20*T19","v":0},{"$f":"J82","v":0},{"$f":"U20*V19","v":0},{"$f":"U20*W19","v":0},{"$f":"K82","v":0},{"$f":"X20*Y19","v":0},{"$f":"X20*Z19","v":0},{"$f":"L82","v":0},{"$f":"AA20*AB19","v":0},{"$f":"AA20*AC19","v":0}]
["Incremental OM&A (on-going, N/A for Provincial Recovery)",null,{"$f":"'App.2-FA Proposed REG Invest.'!C64","v":0},{"$f":"C21","v":0},null,{"$f":"'App.2-FA Proposed REG Invest.'!D64","v":0},{"$f":"F21","v":0},null,{"$f":"'App.2-FA Proposed REG Invest.'!E64","v":0},{"$f":"I21","v":0},null,{"$f":"'App.2-FA Proposed REG Invest.'!F64","v":0},{"$f":"L21","v":0},null,{"$f":"'App.2-FA Proposed REG Invest.'!G64","v":0},{"$f":"O21","v":0},null,{"$f":"'App.2-FA Proposed REG Invest.'!H64","v":0},{"$f":"R21","v":0},null,{"$f":"'App.2-FA Proposed REG Invest.'!I64","v":0},{"$f":"U21","v":0},null,{"$f":"'App.2-FA Proposed REG Invest.'!J64","v":0},{"$f":"X21","v":0},null,{"$f":"'App.2-FA Proposed REG Invest.'!K64","v":0},{"$f":"AA21","v":0}]
["Incremental OM&A (start-up, applicable for Provincial Recovery)",null,{"$f":"'App.2-FA Proposed REG Invest.'!C63","v":0},{"$f":"C22*D19","v":0},{"$f":"C22*E19","v":0},{"$f":"'App.2-FA Proposed REG Invest.'!D63","v":0},{"$f":"F22*G19","v":0},{"$f":"F22*H19","v":0},{"$f":"'App.2-FA Proposed REG Invest.'!E63","v":0},{"$f":"I22*J19","v":0},{"$f":"I22*K19","v":0},{"$f":"'App.2-FA Proposed REG Invest.'!F63","v":0},{"$f":"L22*M19","v":0},{"$f":"L22*N19","v":0},{"$f":"'App.2-FA Proposed REG Invest.'!G63","v":0},{"$f":"O22*P19","v":0},{"$f":"O22*Q19","v":0},{"$f":"'App.2-FA Proposed REG Invest.'!H63","v":0},{"$f":"R22*S19","v":0},{"$f":"R22*T19","v":0},{"$f":"'App.2-FA Proposed REG Invest.'!I63","v":0},{"$f":"U22*V19","v":0},{"$f":"U22*W19","v":0},{"$f":"'App.2-FA Proposed REG Invest.'!J63","v":0},{"$f":"X22*Y19","v":0},{"$f":"X22*Z19","v":0},{"$f":"'App.2-FA Proposed REG Invest.'!K63","v":0},{"$f":"AA22*AB19","v":0},{"$f":"AA22*AC19","v":0}]
["WCA",0.13,null,{"$f":"(D21+D22)*$B$23","v":0},{"$f":"E22*$B$23","v":0},null,{"$f":"(G21+G22)*$B$23","v":0},{"$f":"H22*$B$23","v":0},null,{"$f":"(J21+J22)*$B$23","v":0},{"$f":"K22*$B$23","v":0},null,{"$f":"(M21+M22)*$B$23","v":0},{"$f":"N22*$B$23","v":0},null,{"$f":"(P21+P22)*$B$23","v":0},{"$f":"Q22*$B$23","v":0},null,{"$f":"(S21+S22)*$B$23","v":0},{"$f":"T22*$B$23","v":0},null,{"$f":"(V21+V22)*$B$23","v":0},{"$f":"W22*$B$23","v":0},null,{"$f":"(Y21+Y22)*$B$23","v":0},{"$f":"Z22*$B$23","v":0},null,{"$f":"(AB21+AB22)*$B$23","v":0},{"$f":"AC22*$B$23","v":0}]
["Rate Base",null,null,{"$f":"SUM(D20+D23)","v":0},{"$f":"SUM(E20+E23)","v":0},null,{"$f":"SUM(G20+G23)","v":0},{"$f":"SUM(H20+H23)","v":0},null,{"$f":"SUM(J20+J23)","v":0},{"$f":"SUM(K20+K23)","v":0},null,{"$f":"SUM(M20+M23)","v":0},{"$f":"SUM(N20+N23)","v":0},null,{"$f":"SUM(P20+P23)","v":0},{"$f":"SUM(Q20+Q23)","v":0},null,{"$f":"SUM(S20+S23)","v":0},{"$f":"SUM(T20+T23)","v":0},null,{"$f":"SUM(V20+V23)","v":0},{"$f":"SUM(W20+W23)","v":0},null,{"$f":"SUM(Y20+Y23)","v":0},{"$f":"SUM(Z20+Z23)","v":0},null,{"$f":"SUM(AB20+AB23)","v":0},{"$f":"SUM(AC20+AC23)","v":0}]
[]
[]
["Deemed ST Debt",null,null,{"$f":"D24*$B$27","v":0},{"$f":"E24*$B$27","v":0},null,{"$f":"G24*$B$27","v":0},{"$f":"H24*$B$27","v":0},null,{"$f":"J24*$B$27","v":0},{"$f":"K24*$B$27","v":0},null,{"$f":"M24*$B$27","v":0},{"$f":"N24*$B$27","v":0},null,{"$f":"P24*$B$27","v":0},{"$f":"Q24*$B$27","v":0},null,{"$f":"S24*$B$27","v":0},{"$f":"T24*$B$27","v":0},null,{"$f":"V24*$B$27","v":0},{"$f":"W24*$B$27","v":0},null,{"$f":"Y24*$B$27","v":0},{"$f":"Z24*$B$27","v":0},null,{"$f":"AB24*$B$27","v":0},{"$f":"AC24*$B$27","v":0}]
["Deemed LT Debt",null,null,{"$f":"D24*$B$28","v":0},{"$f":"E24*$B$28","v":0},null,{"$f":"G24*$B$28","v":0},{"$f":"H24*$B$28","v":0},null,{"$f":"J24*$B$28","v":0},{"$f":"K24*$B$28","v":0},null,{"$f":"M24*$B$28","v":0},{"$f":"N24*$B$28","v":0},null,{"$f":"P24*$B$28","v":0},{"$f":"Q24*$B$28","v":0},null,{"$f":"S24*$B$28","v":0},{"$f":"T24*$B$28","v":0},null,{"$f":"V24*$B$28","v":0},{"$f":"W24*$B$28","v":0},null,{"$f":"Y24*$B$28","v":0},{"$f":"Z24*$B$28","v":0},null,{"$f":"AB24*$B$28","v":0},{"$f":"AC24*$B$28","v":0}]
["Deemed Equity",null,null,{"$f":"D24*$B$29","v":0},{"$f":"E24*$B$29","v":0},null,{"$f":"G24*$B$29","v":0},{"$f":"H24*$B$29","v":0},null,{"$f":"J24*$B$29","v":0},{"$f":"K24*$B$29","v":0},null,{"$f":"M24*$B$29","v":0},{"$f":"N24*$B$29","v":0},null,{"$f":"P24*$B$29","v":0},{"$f":"Q24*$B$29","v":0},null,{"$f":"S24*$B$29","v":0},{"$f":"T24*$B$29","v":0},null,{"$f":"V24*$B$29","v":0},{"$f":"W24*$B$29","v":0},null,{"$f":"Y24*$B$29","v":0},{"$f":"Z24*$B$29","v":0},null,{"$f":"AB24*$B$29","v":0},{"$f":"AC24*$B$29","v":0}]
[]
["ST Interest",null,null,{"$f":"D27*$B31","v":0},{"$f":"E27*$B31","v":0},null,{"$f":"G27*$B31","v":0},{"$f":"H27*$B31","v":0},null,{"$f":"J27*$B31","v":0},{"$f":"K27*$B31","v":0},null,{"$f":"M27*$B31","v":0},{"$f":"N27*$B31","v":0},null,{"$f":"P27*$B31","v":0},{"$f":"Q27*$B31","v":0},null,{"$f":"S27*$B31","v":0},{"$f":"T27*$B31","v":0},null,{"$f":"V27*$B31","v":0},{"$f":"W27*$B31","v":0},null,{"$f":"Y27*$B31","v":0},{"$f":"Z27*$B31","v":0},null,{"$f":"AB27*$B31","v":0},{"$f":"AC27*$B31","v":0}]
["LT Interest",null,null,{"$f":"D28*$B32","v":0},0,null,{"$f":"G28*$B32","v":0},0,null,{"$f":"J28*$B32","v":0},0,null,{"$f":"M28*$B32","v":0},0,null,{"$f":"P28*$B32","v":0},0,null,{"$f":"S28*$B32","v":0},0,null,{"$f":"V28*$B32","v":0},0,null,{"$f":"Y28*$B32","v":0},0,null,{"$f":"AB28*$B32","v":0},0]
["ROE",null,null,0,0,null,0,0,null,0,0,null,0,0,null,0,0,null,0,0,null,0,0,null,0,0,null,0,0]
["Cost of Capital Total",null,null,{"$f":"SUM(D31:D33)","v":0},{"$f":"SUM(E31:E33)","v":0},null,{"$f":"SUM(G31:G33)","v":0},{"$f":"SUM(H31:H33)","v":0},null,{"$f":"SUM(J31:J33)","v":0},{"$f":"SUM(K31:K33)","v":0},null,{"$f":"SUM(M31:M33)","v":0},{"$f":"SUM(N31:N33)","v":0},null,{"$f":"SUM(P31:P33)","v":0},{"$f":"SUM(Q31:Q33)","v":0},null,{"$f":"SUM(S31:S33)","v":0},{"$f":"SUM(T31:T33)","v":0},null,{"$f":"SUM(V31:V33)","v":0},{"$f":"SUM(W31:W33)","v":0},null,{"$f":"SUM(Y31:Y33)","v":0},{"$f":"SUM(Z31:Z33)","v":0},null,{"$f":"SUM(AB31:AB33)","v":0},{"$f":"SUM(AC31:AC33)","v":0}]
[]
["OM&A",null,null,{"$f":"D21+D22","v":0},{"$f":"E22","v":0},null,{"$f":"G21+G22","v":0},{"$f":"H22","v":0},null,{"$f":"J21+J22","v":0},{"$f":"K22","v":0},null,{"$f":"M21+M22","v":0},{"$f":"N22","v":0},null,{"$f":"P21+P22","v":0},{"$f":"Q22","v":0},null,{"$f":"S21+S22","v":0},{"$f":"T22","v":0},null,{"$f":"V21+V22","v":0},{"$f":"W22","v":0},null,{"$f":"Y21+Y22","v":0},{"$f":"Z22","v":0},null,{"$f":"AB21+AB22","v":0},{"$f":"AC22","v":0}]
["Amortization",null,{"$f":"D77","v":0},{"$f":"C37*D$19","v":0},{"$f":"C37*E$19","v":0},{"$f":"E77","v":0},{"$f":"F37*G$19","v":0},{"$f":"F37*H$19","v":0},{"$f":"F77","v":0},{"$f":"I37*J$19","v":0},{"$f":"I37*K$19","v":0},{"$f":"G77","v":0},{"$f":"L37*M$19","v":0},{"$f":"L37*N$19","v":0},{"$f":"H77","v":0},{"$f":"O37*P$19","v":0},{"$f":"O37*Q$19","v":0},{"$f":"I76+I77","v":0},{"$f":"R37*S$19","v":0},{"$f":"R37*T$19","v":0},{"$f":"J76+J77","v":0},{"$f":"U37*V$19","v":0},{"$f":"U37*W$19","v":0},{"$f":"K76+K77","v":0},{"$f":"X37*Y$19","v":0},{"$f":"X37*Z$19","v":0},{"$f":"L76+L77","v":0},{"$f":"AA37*AB$19","v":0},{"$f":"AA37*AC$19","v":0}]
["Grossed-up PILs",null,null,{"$f":"D65","v":0},{"$f":"E65","v":0},null,{"$f":"G65","v":0},{"$f":"H65","v":0},null,{"$f":"J65","v":0},{"$f":"K65","v":0},null,{"$f":"M65","v":0},{"$f":"N65","v":0},null,{"$f":"P65","v":0},{"$f":"Q65","v":0},null,{"$f":"S65","v":0},{"$f":"T65","v":0},null,{"$f":"V65","v":0},{"$f":"W65","v":0},null,{"$f":"Y65","v":0},{"$f":"Z65","v":0},null,{"$f":"AB65","v":0},{"$f":"AC65","v":0}]
[]
["Revenue Requirement",null,null,{"$f":"SUM(D34:D38)","v":0},{"$f":"SUM(E34:E38)","v":0},null,{"$f":"SUM(G34:G38)","v":0},{"$f":"SUM(H34:H38)","v":0},null,{"$f":"SUM(J34:J38)","v":0},{"$f":"SUM(K34:K38)","v":0},null,{"$f":"SUM(M34:M38)","v":0},{"$f":"SUM(N34:N38)","v":0},null,{"$f":"SUM(P34:P38)","v":0},{"$f":"SUM(Q34:Q38)","v":0},null,{"$f":"SUM(S34:S38)","v":0},{"$f":"SUM(T34:T38)","v":0},null,{"$f":"SUM(V34:V38)","v":0},{"$f":"SUM(W34:W38)","v":0},null,{"$f":"SUM(Y34:Y38)","v":0},{"$f":"SUM(Z34:Z38)","v":0},null,{"$f":"SUM(AB34:AB38)","v":0},{"$f":"SUM(AC34:AC38)","v":0}]
[]
[]
["Provincial Rate Protection",null,null,null,{"$f":"E40","v":0},null,null,{"$f":"H40","v":0},null,null,{"$f":"K40","v":0},null,null,{"$f":"N40","v":0},null,null,{"$f":"Q40","v":0},null,null,{"$f":"T40","v":0},null,null,{"$f":"W40","v":0},null,null,{"$f":"Z40","v":0},null,null,{"$f":"AC40","v":0}]
[]
["Monthly Amount Paid by IESO",null,null,null,{"$f":"E43/12","v":0},null,null,{"$f":"H43/12","v":0},null,null,{"$f":"K43/12","v":0},null,null,{"$f":"N43/12","v":0},null,null,{"$f":"Q43/12","v":0},null,null,{"$f":"T43/12","v":0},null,null,{"$f":"W43/12","v":0},null,null,{"$f":"Z43/12","v":0},null,null,{"$f":"AC43/12","v":0}]
[]
["Note 1: The difference between the actual costs of approved eligible investments and revenue received from the IESO should be recorded in a variance account.  The Board may provide "]
["regulatory accounting guidance regarding a variance account either in an individual proceeding or on a generic basis."]
["Note 2: For the 2015 Test Year, Costs and Revenues of the Direct Benefit are to be included in the test year applicant Rate Base and Revenues.  "]
[]
["PILs Calculation"]
[null,null,null,2011,null,null,2012,null,null,2013,null,null,2014,null,null,2015,null,null,{"$f":"P52+1","v":2016},null,null,{"$f":"S52+1","v":2017},null,null,{"$f":"V52+1","v":2018},null,null,{"$f":"Y52+1","v":2019}]
["Income Tax",null,null,"Direct Benefit","Provincial",null,"Direct Benefit","Provincial",null,"Direct Benefit","Provincial",null,"Direct Benefit","Provincial",null,"Direct Benefit","Provincial",null,"Direct Benefit","Provincial",null,"Direct Benefit","Provincial",null,"Direct Benefit","Provincial",null,"Direct Benefit","Provincial"]
[null,null,null,null,null,null,null,null,null,null,null,null,null,null,null,null,null,null,null,null,null,null,null,"Total",null,null,"Total"]
["Net Income - ROE on Rate Base",null,null,{"$f":"D33","v":0},{"$f":"E33","v":0},null,{"$f":"G33","v":0},{"$f":"H33","v":0},null,{"$f":"J33","v":0},{"$f":"K33","v":0},null,{"$f":"M33","v":0},{"$f":"N33","v":0},null,{"$f":"P33","v":0},{"$f":"Q33","v":0},null,{"$f":"S33","v":0},{"$f":"T33","v":0},null,{"$f":"V33","v":0},{"$f":"W33","v":0},null,{"$f":"Y33","v":0},{"$f":"Z33","v":0},null,{"$f":"AB33","v":0},{"$f":"AC33","v":0}]
["Amortization (6% DB and 94% P)",null,null,{"$f":"D37","v":0},{"$f":"E37","v":0},null,{"$f":"G37","v":0},{"$f":"H37","v":0},null,{"$f":"J37","v":0},{"$f":"K37","v":0},null,{"$f":"M37","v":0},{"$f":"N37","v":0},null,{"$f":"P37","v":0},{"$f":"Q37","v":0},null,{"$f":"S37","v":0},{"$f":"T37","v":0},null,{"$f":"V37","v":0},{"$f":"W37","v":0},null,{"$f":"Y37","v":0},{"$f":"Z37","v":0},null,{"$f":"AB37","v":0},{"$f":"AC37","v":0}]
["CCA (6% DB and 94% P)",null,null,{"$f":"-D94*D$19","v":0},{"$f":"-D94*E$19","v":0},null,{"$f":"-E94*G19","v":0},{"$f":"-E94*H$19","v":0},null,{"$f":"-F94*J$19","v":0},{"$f":"-F94*K$19","v":0},null,{"$f":"-G94*M$19","v":0},{"$f":"-G94*N$19","v":0},null,{"$f":"-H94*P$19","v":0},{"$f":"-H94*Q$19","v":0},null,{"$f":"-I94*S$19","v":0},{"$f":"-I94*T$19","v":0},null,{"$f":"-J94*V$19","v":0},{"$f":"-J94*W$19","v":0},null,{"$f":"-K94*Y$19","v":0},{"$f":"-K94*Z$19","v":0},null,{"$f":"-L94*AB$19","v":0},{"$f":"-L94*AC$19","v":0}]
["Taxable income",null,null,{"$f":"SUM(D55:D57)","v":0},{"$f":"SUM(E55:E57)","v":0},null,{"$f":"SUM(G55:G57)","v":0},{"$f":"SUM(H55:H57)","v":0},null,{"$f":"SUM(J55:J57)","v":0},{"$f":"SUM(K55:K57)","v":0},null,{"$f":"SUM(M55:M57)","v":0},{"$f":"SUM(N55:N57)","v":0},null,{"$f":"SUM(P55:P57)","v":0},{"$f":"SUM(Q55:Q57)","v":0},null,{"$f":"SUM(S55:S57)","v":0},{"$f":"SUM(T55:T57)","v":0},null,{"$f":"SUM(V55:V57)","v":0},{"$f":"SUM(W55:W57)","v":0},null,{"$f":"SUM(Y55:Y57)","v":0},{"$f":"SUM(Z55:Z57)","v":0},null,{"$f":"SUM(AB55:AB57)","v":0},{"$f":"SUM(AC55:AC57)","v":0}]
[]
["Tax Rate  (to be entered)"]
[]
["Income Taxes Payable",null,null,{"$f":"D58*D60","v":0},{"$f":"E58*E60","v":0},null,{"$f":"G58*G60","v":0},{"$f":"H58*H60","v":0},null,{"$f":"J58*J60","v":0},{"$f":"K58*K60","v":0},null,{"$f":"M58*M60","v":0},{"$f":"N58*N60","v":0},null,{"$f":"P58*P60","v":0},{"$f":"Q58*Q60","v":0},null,{"$f":"S58*S60","v":0},{"$f":"T58*T60","v":0},null,{"$f":"V58*V60","v":0},{"$f":"W58*W60","v":0},null,{"$f":"Y58*Y60","v":0},{"$f":"Z58*Z60","v":0},null,{"$f":"AB58*AB60","v":0},{"$f":"AC58*AC60","v":0}]
["Gross Up"]
["Income Taxes Payable",null,null,{"$f":"D62/(1-D60)","v":0},{"$f":"E62/(1-E60)","v":0},null,{"$f":"G62/(1-G60)","v":0},{"$f":"H62/(1-H60)","v":0},null,{"$f":"J62/(1-J60)","v":0},{"$f":"K62/(1-K60)","v":0},null,{"$f":"M62/(1-M60)","v":0},{"$f":"N62/(1-N60)","v":0},null,{"$f":"P62/(1-P60)","v":0},{"$f":"Q62/(1-Q60)","v":0},null,{"$f":"S62/(1-S60)","v":0},{"$f":"T62/(1-T60)","v":0},null,{"$f":"V62/(1-V60)","v":0},{"$f":"W62/(1-W60)","v":0},null,{"$f":"Y62/(1-Y60)","v":0},{"$f":"Z62/(1-Z60)","v":0},null,{"$f":"AB62/(1-AB60)","v":0},{"$f":"AC62/(1-AC60)","v":0}]
["Grossed Up PILs",null,null,{"$f":"SUM(D64:D64)","v":0},{"$f":"SUM(E64:E64)","v":0},null,{"$f":"SUM(G64:G64)","v":0},{"$f":"SUM(H64:H64)","v":0},null,{"$f":"SUM(J64:J64)","v":0},{"$f":"SUM(K64:K64)","v":0},null,{"$f":"SUM(M64:M64)","v":0},{"$f":"SUM(N64:N64)","v":0},null,{"$f":"SUM(P64:P64)","v":0},{"$f":"SUM(Q64:Q64)","v":0},null,{"$f":"SUM(S64:S64)","v":0},{"$f":"SUM(T64:T64)","v":0},null,{"$f":"SUM(V64:V64)","v":0},{"$f":"SUM(W64:W64)","v":0},null,{"$f":"SUM(Y64:Y64)","v":0},{"$f":"SUM(Z64:Z64)","v":0},null,{"$f":"SUM(AB64:AB64)","v":0},{"$f":"SUM(AC64:AC64)","v":0}]
[]
[]
[null,null,null,2011,2012,2013,2014,2015,{"$f":"H68+1","v":2016},{"$f":"I68+1","v":2017},2018,2019]
["Net Fixed Assets"]
[null,"Enter applicable amortization in years:",45]
["Opening Gross Fixed Assets",null,null,null,{"$f":"D73","v":0},0,0,0,{"$f":"H73","v":0},{"$f":"I73","v":0},{"$f":"J73","v":0},{"$f":"K73","v":0}]
["Gross Capital Additions",null,null,{"$f":"'App.2-FA Proposed REG Invest.'!C62","v":0},{"$f":"'App.2-FA Proposed REG Invest.'!D62","v":0},{"$f":"'App.2-FA Proposed REG Invest.'!E62","v":0},{"$f":"'App.2-FA Proposed REG Invest.'!F62","v":0},{"$f":"'App.2-FA Proposed REG Invest.'!G62","v":0},{"$f":"'App.2-FA Proposed REG Invest.'!H62","v":0},{"$f":"'App.2-FA Proposed REG Invest.'!I62","v":0},{"$f":"'App.2-FA Proposed REG Invest.'!J62","v":0},{"$f":"'App.2-FA Proposed REG Invest.'!K62","v":0}]
["Closing Gross Fixed Assets",null,null,{"$f":"SUM(D71:D72)","v":0},0,0,0,{"$f":"SUM(H71:H72)","v":0},{"$f":"SUM(I71:I72)","v":0},0,0,0]
[]
["Opening Accumulated Amortization",null,null,null,{"$f":"+D78","v":0},{"$f":"E78","v":0},0,0,0,0,0,0]
["Current Year Amortization (before additions)",null,null,{"$f":"IF(ISERROR(D71/$C$70), 0, D71/$C$70)","v":0},0,0,0,0,{"$f":"IF(ISERROR(I71/$C$70), 0, I71/$C$70)","v":0},{"$f":"IF(ISERROR(J71/$C$70), 0, J71/$C$70)","v":0},{"$f":"IF(ISERROR(K71/$C$70), 0, K71/$C$70)","v":0},{"$f":"IF(ISERROR(L71/$C$70), 0, L71/$C$70)","v":0}]
["Additions (half year)",null,null,{"$f":"D72/$C$70/2","v":0},{"$f":"E72/$C$70/2","v":0},{"$f":"F72/$C$70/2","v":0},0,{"$f":"H72/$C$70/2","v":0},{"$f":"I72/C70/2","v":0},{"$f":"J72/C70/2","v":0},{"$f":"K72/C70/2","v":0},{"$f":"L72/C70/2","v":0}]
["Closing Accumulated Amortization",null,null,{"$f":"SUM(D75+D76+D77)","v":0},{"$f":"SUM(E75+E76+E77)","v":0},{"$f":"SUM(F75+F76+F77)","v":0},{"$f":"SUM(G75+G76+G77)","v":0},{"$f":"SUM(H75+H76+H77)","v":0},{"$f":"SUM(I75:I77)","v":0},{"$f":"SUM(J75:J77)","v":0},{"$f":"SUM(K75:K77)","v":0},{"$f":"SUM(L75:L77)","v":0}]
[]
["Opening Net Fixed Assets",null,null,{"$f":"D71-D75","v":0},0,{"$f":"F71-F75","v":0},0,{"$f":"H71-H75","v":0},{"$f":"H81","v":0},{"$f":"I81","v":0},{"$f":"J81","v":0},{"$f":"K81","v":0}]
["Closing Net Fixed Assets",null,null,{"$f":"D73-D78","v":0},{"$f":"E73-E78","v":0},0,0,{"$f":"H73-H78","v":0},{"$f":"I73-I78","v":0},{"$f":"J73-J78","v":0},{"$f":"K73-K78","v":0},{"$f":"L73-L78","v":0}]
["Average Net Fixed Assets",null,null,{"$f":"SUM(D80:D81)/2","v":0},0,0,0,{"$f":"SUM(H80:H81)/2","v":0},{"$f":"SUM(I80:I81)/2","v":0},{"$f":"SUM(J80:J81)/2","v":0},{"$f":"SUM(K80:K81)/2","v":0},{"$f":"SUM(L80:L81)/2","v":0}]
[]
["UCC for PILs Calculation"]
[null,null,null,2011,2012,2013,2014,2015,{"$f":"H85+1","v":2016},{"$f":"I85+1","v":2017},2018,2019]
[]
["Opening UCC",null,null,null,{"$f":"D95","v":0},0,0,0,0,0,0,0]
["Capital Additions (from Appendix 2-FA)",null,null,{"$f":"D72","v":0},0,0,0,{"$f":"H72","v":0},{"$f":"'App.2-FA Proposed REG Invest.'!H40","v":0},{"$f":"'App.2-FA Proposed REG Invest.'!I40","v":0},{"$f":"'App.2-FA Proposed REG Invest.'!J40","v":0},{"$f":"'App.2-FA Proposed REG Invest.'!K40","v":0}]
["UCC Before Half Year Rule",null,null,{"$f":"SUM(D87:D88)","v":0},0,0,0,{"$f":"SUM(H87:H88)","v":0},{"$f":"SUM(I87:I88)","v":0},{"$f":"SUM(J87:J88)","v":0},{"$f":"SUM(K87:K88)","v":0},{"$f":"SUM(L87:L88)","v":0}]
["Half Year Rule (1/2 Additions - Disposals)",null,null,{"$f":"D88/2","v":0},0,0,0,{"$f":"H88/2","v":0},{"$f":"I88/2","v":0},{"$f":"J88/2","v":0},{"$f":"K88/2","v":0},{"$f":"L88/2","v":0}]
["Reduced UCC",null,null,{"$f":"D89-D90","v":0},0,0,0,{"$f":"H89-H90","v":0},{"$f":"I89-I90","v":0},{"$f":"J89-J90","v":0},{"$f":"K89-K90","v":0},{"$f":"L89-L90","v":0}]
["CCA Rate Class (to be entered)",null,47,{"$f":"C92","v":47},{"$f":"D92","v":47},47,47,47,47,47,47,47]
["CCA Rate  (to be entered)",null,0.08,{"$f":"C93","v":0.08},0.08,0.08,0.08,0.08,0.08,0.08,0.08,0.08]
["CCA",null,null,{"$f":"D91*D93","v":0},0,0,0,{"$f":"H91*H93","v":0},{"$f":"I91*I93","v":0},0,0,{"$f":"L91*L93","v":0}]
["Closing UCC",null,null,{"$f":"D89-D94","v":0},0,0,0,{"$f":"H89-H94","v":0},{"$f":"I89-I94","v":0},{"$f":"J89-J94","v":0},{"$f":"K89-K94","v":0},{"$f":"L89-L94","v":0}]

{"sheet":"App.2-FC Calc of REG Expansion","index":31,"n_rows":95,"n_cols":30,"rows_kept":95,"cut":false,"hidden":false,"merged":[[17,18,17,20],[17,21,17,23],[17,24,17,26],[17,27,17,29],[52,22,52,23],[52,25,52,26],[52,28,52,29],[47,0,47,20],[49,0,49,21],[50,0,50,1],[52,4,52,5],[52,7,52,8],[52,10,52,11],[52,13,52,14],[52,16,52,17],[52,19,52,20],[17,3,17,5],[17,6,17,8],[17,9,17,11],[17,12,17,14],[17,15,17,17],[8,0,8,14],[9,0,9,14],[11,0,11,14],[12,0,12,14],[14,0,14,14]]}
[null,null,null,null,null,null,null,null,null,null,null,null,null,"File Number:",{"$f":"EBNUMBER","v":"EB-2015-0108"}]
[null,null,null,null,null,null,null,null,null,null,null,null,null,"Exhibit:",2]
[null,null,null,null,null,null,null,null,null,null,null,null,null,"Tab:"]
[null,null,null,null,null,null,null,null,null,null,null,null,null,"Schedule:","Attachment 2-2"]
[null,null,null,null,null,null,null,null,null,null,null,null,null,"Page:"]
[]
[null,null,null,null,null,null,null,null,null,null,null,null,null,"Date:","2015-05-01"]
[]
["Appendix 2-FC"]
["Calculation of Renewable Generation Connection Direct Benefits/Provincial Amount: Renewable Expansion Investments"]
[]
["This table will calculate the distributor/provincial shares of the investments entered in Part B of Appendix 2-FA."]
["Enter values in green shaded cells: WCA percentage, debt percentages, interest rates, kWh, tax rates, amortization period, CCA Class and percentage."]
["For historical investments, enter these variables for your last cost of service test year.  For 2015 and beyond, enter vaiables as in the application."]
["Rate Riders are not calculated for Test Year as these assets and costs are already in the distributors rate base."]
[]
[]
[null,null,null,2011,null,null,2012,null,null,2013,null,null,2014,null,null,"2015 BRIDGE YEAR",null,null,"2016 TEST YEAR",null,null,2017,null,null,2018,null,null,2019]
[null,null,null,null,"Direct Benefit","Provincial",null,"Direct Benefit","Provincial",null,"Direct Benefit","Provincial",null,"Direct Benefit","Provincial",null,"Direct Benefit","Provincial",null,"Direct Benefit","Provincial",null,"Direct Benefit","Provincial",null,"Direct Benefit","Provincial",null,"Direct Benefit","Provincial"]
[null,null,null,"Total",0.17,0.83,"Total",0.17,0.83,"Total",0.17,0.83,"Total",0.17,0.83,"Total",0.17,0.83,"Total",0.17,0.83,"Total",0.17,0.83,"Total",0.17,0.83,"Total",0.17,0.83]
["Net Fixed Assets (average)",null,null,{"$f":"D82","v":0},{"$f":"D21*E20","v":0},{"$f":"D21*F20","v":0},{"$f":"E82","v":0},{"$f":"G21*H20","v":0},{"$f":"G21*I20","v":0},{"$f":"F82","v":58008.326055555561},{"$f":"J21*K20","v":9861.4154294444452},{"$f":"J21*L20","v":48146.910626111116},{"$f":"G82","v":114713.09422222222},{"$f":"M21*N20","v":19501.226017777779},{"$f":"M21*O20","v":95211.868204444443},{"$f":"H82","v":112105.97844444445},{"$f":"P21*Q20","v":19058.01633555556},{"$f":"P21*R20","v":93047.962108888896},{"$f":"I82","v":109498.86266666668},{"$f":"S21*T20","v":18614.806653333337},{"$f":"S21*U20","v":90884.056013333335},{"$f":"J82","v":106891.7468888889},{"$f":"V21*W20","v":18171.596971111114},{"$f":"V21*X20","v":88720.149917777788},{"$f":"K82","v":104284.63111111111},{"$f":"Y21*Z20","v":17728.387288888891},{"$f":"Y21*AA20","v":86556.243822222226},{"$f":"L82","v":101677.51533333334},{"$f":"AB21*AC20","v":17285.177606666668},{"$f":"AB21*AD20","v":84392.337726666665}]
["Incremental OM&A (on-going, N/A for Provincial Recovery)",null,null,{"$f":"'App.2-FA Proposed REG Invest.'!C101","v":0},{"$f":"D22","v":0},null,{"$f":"'App.2-FA Proposed REG Invest.'!D$101","v":0},{"$f":"G22","v":0},null,{"$f":"'App.2-FA Proposed REG Invest.'!E$101","v":0},{"$f":"J22","v":0},null,{"$f":"'App.2-FA Proposed REG Invest.'!F$101","v":0},{"$f":"M22","v":0},null,{"$f":"'App.2-FA Proposed REG Invest.'!G$101","v":0},{"$f":"P22","v":0},null,{"$f":"'App.2-FA Proposed REG Invest.'!H$101","v":0},{"$f":"S22","v":0},null,{"$f":"'App.2-FA Proposed REG Invest.'!I$101","v":0},{"$f":"V22","v":0},null,{"$f":"'App.2-FA Proposed REG Invest.'!J$101","v":0},{"$f":"Y22","v":0},null,{"$f":"'App.2-FA Proposed REG Invest.'!K$101","v":0},{"$f":"AB22","v":0}]
["Incremental OM&A (start-up, applicable for Provincial Recovery)",null,null,{"$f":"'App.2-FA Proposed REG Invest.'!C100","v":0},{"$f":"D23*E20","v":0},{"$f":"D23*F20","v":0},{"$f":"'App.2-FA Proposed REG Invest.'!D$100","v":0},{"$f":"G23*H20","v":0},{"$f":"G23*I20","v":0},{"$f":"'App.2-FA Proposed REG Invest.'!E$100","v":0},{"$f":"J23*K20","v":0},{"$f":"J23*L20","v":0},{"$f":"'App.2-FA Proposed REG Invest.'!F$100","v":0},{"$f":"M23*N20","v":0},{"$f":"M23*O20","v":0},{"$f":"'App.2-FA Proposed REG Invest.'!G$100","v":0},{"$f":"P23*Q20","v":0},{"$f":"P23*R20","v":0},{"$f":"'App.2-FA Proposed REG Invest.'!H$100","v":0},{"$f":"S23*T20","v":0},{"$f":"S23*U20","v":0},{"$f":"'App.2-FA Proposed REG Invest.'!I$100","v":0},{"$f":"V23*W20","v":0},{"$f":"V23*X20","v":0},{"$f":"'App.2-FA Proposed REG Invest.'!J$100","v":0},{"$f":"Y23*Z20","v":0},{"$f":"Y23*AA20","v":0},{"$f":"'App.2-FA Proposed REG Invest.'!K$100","v":0},{"$f":"AB23*AC20","v":0},{"$f":"AB23*AD20","v":0}]
["WCA",0.13,null,null,{"$f":"(E22+E23)*$B$24","v":0},{"$f":"F23*$B$24","v":0},null,{"$f":"(H22+H23)*$B$24","v":0},{"$f":"I23*$B$24","v":0},null,{"$f":"(K22+K23)*$B$24","v":0},{"$f":"L23*$B$24","v":0},null,{"$f":"(N22+N23)*$B$24","v":0},{"$f":"O23*$B$24","v":0},null,{"$f":"(Q22+Q23)*$B$24","v":0},{"$f":"R23*$B$24","v":0},null,{"$f":"(T22+T23)*$B$24","v":0},{"$f":"U23*$B$24","v":0},null,{"$f":"(W22+W23)*$B$24","v":0},{"$f":"X23*$B$24","v":0},null,{"$f":"(Z22+Z23)*$B$24","v":0},{"$f":"AA23*$B$24","v":0},null,{"$f":"(AC22+AC23)*$B$24","v":0},{"$f":"AD23*$B$24","v":0}]
["Rate Base",null,null,null,{"$f":"SUM(E21+E24)","v":0},{"$f":"SUM(F21+F24)","v":0},null,{"$f":"SUM(H21+H24)","v":0},{"$f":"SUM(I21+I24)","v":0},null,{"$f":"SUM(K21+K24)","v":9861.4154294444452},{"$f":"SUM(L21+L24)","v":48146.910626111116},null,{"$f":"SUM(N21+N24)","v":19501.226017777779},{"$f":"SUM(O21+O24)","v":95211.868204444443},null,{"$f":"SUM(Q21+Q24)","v":19058.01633555556},{"$f":"SUM(R21+R24)","v":93047.962108888896},null,{"$f":"SUM(T21+T24)","v":18614.806653333337},{"$f":"SUM(U21+U24)","v":90884.056013333335},null,{"$f":"SUM(W21+W24)","v":18171.596971111114},{"$f":"SUM(X21+X24)","v":88720.149917777788},null,{"$f":"SUM(Z21+Z24)","v":17728.387288888891},{"$f":"SUM(AA21+AA24)","v":86556.243822222226},null,{"$f":"SUM(AC21+AC24)","v":17285.177606666668},{"$f":"SUM(AD21+AD24)","v":84392.337726666665}]
[]
[null,"Historial/Bridge","Test"]
["Deemed ST Debt",0.04,null,null,{"$f":"E25*$B$28","v":0},{"$f":"F25*$B$28","v":0},null,{"$f":"H25*$B$28","v":0},{"$f":"I25*$B$28","v":0},null,{"$f":"K25*$B$28","v":394.45661717777784},{"$f":"L25*$B$28","v":1925.8764250444447},null,{"$f":"N25*$B$28","v":780.04904071111116},{"$f":"O25*$B$28","v":3808.4747281777777},null,{"$f":"Q25*$B$28","v":762.32065342222245},{"$f":"R25*$B$28","v":3721.9184843555558},null,{"$f":"T25*$B$28","v":744.59226613333351},{"$f":"U25*$B$28","v":3635.3622405333335},null,{"$f":"W25*$B$28","v":726.86387884444457},{"$f":"X25*$B$28","v":3548.8059967111117},null,{"$f":"Z25*$B$28","v":709.13549155555563},{"$f":"AA25*$B$28","v":3462.2497528888889},null,{"$f":"AC25*$B$28","v":691.40710426666669},{"$f":"AD25*$B$28","v":3375.6935090666666}]
["Deemed LT Debt",0.56000000000000005,null,null,{"$f":"E25*$B$29","v":0},{"$f":"F25*$B$29","v":0},null,{"$f":"H25*$B$29","v":0},{"$f":"I25*$B$29","v":0},null,{"$f":"K25*$B$29","v":5522.3926404888898},{"$f":"L25*$B$29","v":26962.269950622227},null,{"$f":"N25*$B$29","v":10920.686569955556},{"$f":"O25*$B$29","v":53318.646194488894},null,{"$f":"Q25*$B$29","v":10672.489147911114},{"$f":"R25*$B$29","v":52106.858780977789},null,{"$f":"T25*$B$29","v":10424.291725866669},{"$f":"U25*$B$29","v":50895.071367466669},null,{"$f":"W25*$B$29","v":10176.094303822225},{"$f":"X25*$B$29","v":49683.283953955564},null,{"$f":"Z25*$B$29","v":9927.8968817777804},{"$f":"AA25*$B$29","v":48471.496540444452},null,{"$f":"AC25*$B$29","v":9679.6994597333342},{"$f":"AD25*$B$29","v":47259.70912693334}]
["Deemed Equity",0.4,null,null,{"$f":"E25*$B$30","v":0},{"$f":"F25*$B$30","v":0},null,{"$f":"H25*$B$30","v":0},{"$f":"I25*$B$30","v":0},null,{"$f":"K25*$B$30","v":3944.5661717777784},{"$f":"L25*$B$30","v":19258.764250444448},null,{"$f":"N25*$B$30","v":7800.4904071111123},{"$f":"O25*$B$30","v":38084.747281777782},null,{"$f":"Q25*$B$30","v":7623.206534222224},{"$f":"R25*$B$30","v":37219.184843555558},null,{"$f":"T25*$B$30","v":7445.9226613333349},{"$f":"U25*$B$30","v":36353.622405333335},null,{"$f":"W25*$B$30","v":7268.6387884444457},{"$f":"X25*$B$30","v":35488.059967111119},null,{"$f":"Z25*$B$30","v":7091.3549155555565},{"$f":"AA25*$B$30","v":34622.497528888889},null,{"$f":"AC25*$B$30","v":6914.0710426666674},{"$f":"AD25*$B$30","v":33756.935090666666}]
[]
["ST Interest",2.46E-2,2.1610000000000001E-2,null,{"$f":"E28*$B$32","v":0},{"$f":"F28*$B$32","v":0},null,{"$f":"H28*$B$32","v":0},{"$f":"I28*$B$32","v":0},null,{"$f":"K28*$B$32","v":9.7036327825733348},{"$f":"L28*$B$32","v":47.376560056093339},null,{"$f":"N28*$B$32","v":19.189206401493333},{"$f":"O28*$B$32","v":93.688478313173334},null,{"$f":"Q28*$B$32","v":18.753088074186671},{"$f":"R28*$B$32","v":91.559194715146674},null,{"$f":"T28*$C$32","v":16.090638871141337},{"$f":"U28*$C$32","v":78.560178017925338},null,{"$f":"W28*$C$32","v":15.707528421828448},{"$f":"X28*$C$32","v":76.689697588927132},null,{"$f":"Z28*$C$32","v":15.324417972515558},{"$f":"AA28*$C$32","v":74.819217159928897},null,{"$f":"AC28*$C$32","v":14.941307523202667},{"$f":"AD28*$C$32","v":72.948736730930662}]
["LT Interest",5.215731564636647E-2,4.2287267481109593E-2,null,{"$f":"E29*$B$33","v":0},{"$f":"F29*$B$33","v":0},null,{"$f":"H29*$B$33","v":0},{"$f":"I29*$B$33","v":0},null,{"$f":"K29*$B$33","v":288.03317607315023},{"$f":"L29*$B$33","v":1406.2796243571452},null,{"$f":"N29*$B$33","v":569.59369650420717},{"$f":"O29*$B$33","v":2780.9574594028936},null,{"$f":"Q29*$B$33","v":556.64838522002071},{"$f":"R29*$B$33","v":2717.7538807801011},null,{"$f":"T29*$C$33","v":440.8148125128414},{"$f":"U29*$C$33","v":2152.2134963862254},null,{"$f":"W29*$C$33","v":430.31922173872613},{"$f":"X29*$C$33","v":2100.9703179008393},null,{"$f":"Z29*$C$33","v":419.82363096461086},{"$f":"AA29*$C$33","v":2049.7271394154527},null,{"$f":"AC29*$C$33","v":409.32804019049553},{"$f":"AD29*$C$33","v":1998.4839609300664}]
["ROE",9.5799999999999996E-2,9.2999999999999999E-2,null,{"$f":"E30*$B$34","v":0},{"$f":"F30*$B$34","v":0},null,{"$f":"H30*$B$34","v":0},{"$f":"I30*$B$34","v":0},null,{"$f":"K30*$B$34","v":377.88943925631116},{"$f":"L30*$B$34","v":1844.9896151925782},null,{"$f":"N30*$B$34","v":747.2869810012445},{"$f":"O30*$B$34","v":3648.5187895943113},null,{"$f":"Q30*$B$34","v":730.30318597848907},{"$f":"R30*$B$34","v":3565.5979080126222},null,{"$f":"T30*$C$34","v":692.47080750400016},{"$f":"U30*$C$34","v":3380.886883696},null,{"$f":"W30*$C$34","v":675.98340732533347},{"$f":"X30*$C$34","v":3300.3895769413339},null,{"$f":"Z30*$C$34","v":659.49600714666678},{"$f":"AA30*$C$34","v":3219.8922701866668},null,{"$f":"AC30*$C$34","v":643.00860696800009},{"$f":"AD30*$C$34","v":3139.3949634319997}]
["Cost of Capital Total",null,null,null,{"$f":"SUM(E32:E34)","v":0},{"$f":"SUM(F32:F34)","v":0},null,{"$f":"SUM(H32:H34)","v":0},{"$f":"SUM(I32:I34)","v":0},null,{"$f":"SUM(K32:K34)","v":675.62624811203477},{"$f":"SUM(L32:L34)","v":3298.6457996058166},null,{"$f":"SUM(N32:N34)","v":1336.0698839069451},{"$f":"SUM(O32:O34)","v":6523.1647273103781},null,{"$f":"SUM(Q32:Q34)","v":1305.7046592726965},{"$f":"SUM(R32:R34)","v":6374.9109835078698},null,{"$f":"SUM(T32:T34)","v":1149.3762588879829},{"$f":"SUM(U32:U34)","v":5611.6605581001513},null,{"$f":"SUM(W32:W34)","v":1122.0101574858882},{"$f":"SUM(X32:X34)","v":5478.0495924310999},null,{"$f":"SUM(Z32:Z34)","v":1094.6440560837932},{"$f":"SUM(AA32:AA34)","v":5344.4386267620484},null,{"$f":"SUM(AC32:AC34)","v":1067.2779546816982},{"$f":"SUM(AD32:AD34)","v":5210.827661092997}]
[]
["OM&A",null,null,null,{"$f":"E22+E23","v":0},{"$f":"F23","v":0},null,{"$f":"H22+H23","v":0},{"$f":"I23","v":0},null,{"$f":"K22+K23","v":0},{"$f":"L23","v":0},null,{"$f":"N22+N23","v":0},{"$f":"O23","v":0},null,{"$f":"Q22+Q23","v":0},{"$f":"R23","v":0},null,{"$f":"T22+T23","v":0},{"$f":"U23","v":0},null,{"$f":"W22+W23","v":0},{"$f":"X23","v":0},null,{"$f":"Z22+Z23","v":0},{"$f":"AA23","v":0},null,{"$f":"AC22+AC23","v":0},{"$f":"AD23","v":0}]
["Amortization",null,null,{"$f":"D78","v":0},{"$f":"D38*E$20","v":0},{"$f":"D38*F$20","v":0},{"$f":"E78","v":0},{"$f":"G38*H$20","v":0},{"$f":"G38*I$20","v":0},{"$f":"F78","v":1303.557888888889},{"$f":"J38*K$20","v":221.60484111111114},{"$f":"J38*L$20","v":1081.9530477777778},{"$f":"G78","v":3910.673666666667},{"$f":"M38*N$20","v":664.81452333333345},{"$f":"M38*O$20","v":3245.8591433333336},{"$f":"H76+H77","v":2607.115777777778},{"$f":"P38*Q$20","v":443.20968222222228},{"$f":"P38*R$20","v":2163.9060955555556},{"$f":"I76+I77","v":2607.115777777778},{"$f":"S38*T$20","v":443.20968222222228},{"$f":"S38*U$20","v":2163.9060955555556},{"$f":"J76+J77","v":2607.115777777778},{"$f":"V38*W$20","v":443.20968222222228},{"$f":"V38*X$20","v":2163.9060955555556},{"$f":"K76+K77","v":2607.115777777778},{"$f":"Y38*Z$20","v":443.20968222222228},{"$f":"Y38*AA$20","v":2163.9060955555556},{"$f":"L76+L77","v":2607.115777777778},{"$f":"AB38*AC$20","v":443.20968222222228},{"$f":"AB38*AD$20","v":2163.9060955555556}]
["Grossed-up PILs",null,null,null,{"$f":"E66","v":0},{"$f":"F66","v":0},null,{"$f":"H66","v":0},{"$f":"I66","v":0},null,{"$f":"K66","v":0},{"$f":"L66","v":0},null,{"$f":"N66","v":0},{"$f":"O66","v":0},null,{"$f":"Q66","v":0},{"$f":"R66","v":0},null,{"$f":"T66","v":0},{"$f":"U66","v":0},null,{"$f":"W66","v":0},{"$f":"X66","v":0},null,{"$f":"Z66","v":0},{"$f":"AA66","v":0},null,{"$f":"AC66","v":0},{"$f":"AD66","v":0}]
[]
["Revenue Requirement",null,null,null,{"$f":"SUM(E35:E39)","v":0},{"$f":"SUM(F35:F39)","v":0},null,{"$f":"SUM(H35:H39)","v":0},{"$f":"SUM(I35:I39)","v":0},null,{"$f":"SUM(K35:K39)","v":897.23108922314589},{"$f":"SUM(L35:L39)","v":4380.5988473835941},null,{"$f":"SUM(N35:N39)","v":2000.8844072402785},{"$f":"SUM(O35:O39)","v":9769.0238706437121},null,{"$f":"SUM(Q35:Q39)","v":1748.9143414949187},{"$f":"SUM(R35:R39)","v":8538.8170790634249},null,{"$f":"SUM(T35:T39)","v":1592.5859411102051},{"$f":"SUM(U35:U39)","v":7775.5666536557073},null,{"$f":"SUM(W35:W39)","v":1565.2198397081104},{"$f":"SUM(X35:X39)","v":7641.9556879866559},null,{"$f":"SUM(Z35:Z39)","v":1537.8537383060154},{"$f":"SUM(AA35:AA39)","v":7508.3447223176045},null,{"$f":"SUM(AC35:AC39)","v":1510.4876369039205},{"$f":"SUM(AD35:AD39)","v":7374.733756648553}]
[]
[]
["Provincial Rate Protection",null,null,null,null,{"$f":"F41","v":0},null,null,{"$f":"I41","v":0},null,null,{"$f":"L41","v":4380.5988473835941},null,null,{"$f":"O41","v":9769.0238706437121},null,null,{"$f":"R41","v":8538.8170790634249},null,null,{"$f":"U41","v":7775.5666536557073},null,null,{"$f":"X41","v":7641.9556879866559},null,null,{"$f":"AA41","v":7508.3447223176045},null,null,{"$f":"AD41","v":7374.733756648553}]
[]
["Monthly Amount Paid by IESO",null,null,null,null,{"$f":"F44/12","v":0},null,null,{"$f":"I44/12","v":0},null,null,{"$f":"L44/12","v":365.04990394863285},null,null,{"$f":"O44/12","v":814.08532255364264},null,null,{"$f":"R44/12","v":711.56808992195204},null,null,{"$f":"U44/12","v":647.96388780464224},null,null,{"$f":"X44/12","v":636.82964066555462},null,null,{"$f":"AA44/12","v":625.695393526467},null,null,{"$f":"AD44/12","v":614.56114638737938}]
[]
["Note 1: The difference between the actual costs of approved eligible investments and revenue received from the IESO should be recorded in a variance account.  The Board may provide "]
["regulatory accounting guidance regarding a variance account either in an individual proceeding or on a generic basis."]
["Note 2: For the 2015 Test Year, Costs and Revenues of the Direct Benefit are to be included in the test year applicant Rate Base and Revenues."]
[]
["PILs Calculation"]
[null,null,null,null,2011,null,null,2012,null,null,2013,null,null,2014,null,null,"2015 TEST YEAR",null,null,2016,null,null,2017,null,null,2018,null,null,2019]
["Income Tax",null,null,null,"Direct Benefit","Provincial",null,"Direct Benefit","Provincial",null,"Direct Benefit","Provincial",null,"Direct Benefit","Provincial",null,"Direct Benefit","Provincial",null,"Direct Benefit","Provincial",null,"Direct Benefit","Provincial",null,"Direct Benefit","Provincial",null,"Direct Benefit","Provincial"]
[null,null,null,null,null,null,null,null,null,null,null,null,null,null,null,null,null,null,null,null,null,"Total",null,null,"Total",null,null,"Total"]
["Net Income - ROE on Rate Base",null,null,null,{"$f":"E34","v":0},{"$f":"F34","v":0},null,{"$f":"H34","v":0},{"$f":"I34","v":0},null,{"$f":"K34","v":377.88943925631116},{"$f":"L34","v":1844.9896151925782},null,{"$f":"N34","v":747.2869810012445},{"$f":"O34","v":3648.5187895943113},null,{"$f":"Q34","v":730.30318597848907},{"$f":"R34","v":3565.5979080126222},null,{"$f":"T34","v":692.47080750400016},{"$f":"U34","v":3380.886883696},null,{"$f":"W34","v":675.98340732533347},{"$f":"X34","v":3300.3895769413339},null,{"$f":"Z34","v":659.49600714666678},{"$f":"AA34","v":3219.8922701866668},null,{"$f":"AC34","v":643.00860696800009},{"$f":"AD34","v":3139.3949634319997}]
["Amortization (17% DB and 83% P)",null,null,null,{"$f":"E38","v":0},{"$f":"F38","v":0},null,{"$f":"H38","v":0},{"$f":"I38","v":0},null,{"$f":"K38","v":221.60484111111114},{"$f":"L38","v":1081.9530477777778},null,{"$f":"N38","v":664.81452333333345},{"$f":"O38","v":3245.8591433333336},null,{"$f":"Q38","v":443.20968222222228},{"$f":"R38","v":2163.9060955555556},null,{"$f":"T38","v":443.20968222222228},{"$f":"U38","v":2163.9060955555556},null,{"$f":"W38","v":443.20968222222228},{"$f":"X38","v":2163.9060955555556},null,{"$f":"Z38","v":443.20968222222228},{"$f":"AA38","v":2163.9060955555556},null,{"$f":"AC38","v":443.20968222222228},{"$f":"AD38","v":2163.9060955555556}]
["CCA (17% DB and 83% P)",null,null,null,{"$f":"-D94*E$20","v":0},{"$f":"-D94*F$20","v":0},null,{"$f":"-E94*H$20","v":0},{"$f":"-E94*I$20","v":0},null,{"$f":"-F94*K$20","v":-797.77742800000021},{"$f":"-F94*L$20","v":-3895.0309720000005},null,{"$f":"-G94*N$20","v":-1531.7326617600002},{"$f":"-G94*O$20","v":-7478.4594662400004},null,{"$f":"-H94*Q$20","v":-1409.1940488192004},{"$f":"-H94*R$20","v":-6880.1827089408007},null,{"$f":"-I94*T$20","v":-1296.4585249136642},{"$f":"-I94*U$20","v":-6329.7680922255367},null,{"$f":"-J94*W$20","v":-1192.7418429205711},{"$f":"-J94*X$20","v":-5823.3866448474937},null,{"$f":"-K94*Z$20","v":-1097.3224954869256},{"$f":"-K94*AA$20","v":-5357.5157132596951},null,{"$f":"-L94*AC$20","v":-1009.5366958479716},{"$f":"-L94*AD$20","v":-4928.9144561989197}]
["Taxable income",null,null,null,{"$f":"SUM(E56:E58)","v":0},{"$f":"SUM(F56:F58)","v":0},null,{"$f":"SUM(H56:H58)","v":0},{"$f":"SUM(I56:I58)","v":0},null,{"$f":"SUM(K56:K58)","v":-198.28314763257788},{"$f":"SUM(L56:L58)","v":-968.08830902964473},null,{"$f":"SUM(N56:N58)","v":-119.63115742542232},{"$f":"SUM(O56:O58)","v":-584.08153331235553},null,{"$f":"SUM(Q56:Q58)","v":-235.68118061848895},{"$f":"SUM(R56:R58)","v":-1150.678705372623},null,{"$f":"SUM(T56:T58)","v":-160.77803518744167},{"$f":"SUM(U56:U58)","v":-784.9751129739816},null,{"$f":"SUM(W56:W58)","v":-73.548753373015415},{"$f":"SUM(X56:X58)","v":-359.09097235060381},null,{"$f":"SUM(Z56:Z58)","v":5.383193881963507},{"$f":"SUM(AA56:AA58)","v":26.282652482527737},null,{"$f":"SUM(AC56:AC58)","v":76.681593342250721},{"$f":"SUM(AD56:AD58)","v":374.38660278863608}]
[]
["Tax Rate  (to be entered)"]
[]
["Income Taxes Payable",null,null,null,{"$f":"E59*E61","v":0},{"$f":"F59*F61","v":0},null,{"$f":"H59*H61","v":0},{"$f":"I59*I61","v":0},null,{"$f":"K59*K61","v":0},{"$f":"L59*L61","v":0},null,{"$f":"N59*N61","v":0},{"$f":"O59*O61","v":0},null,{"$f":"Q59*Q61","v":0},{"$f":"R59*R61","v":0},null,{"$f":"T59*T61","v":0},{"$f":"U59*U61","v":0},null,{"$f":"W59*W61","v":0},{"$f":"X59*X61","v":0},null,{"$f":"Z59*Z61","v":0},{"$f":"AA59*AA61","v":0},null,{"$f":"AC59*AC61","v":0},{"$f":"AD59*AD61","v":0}]
["Gross Up"]
["Income Taxes Payable",null,null,null,{"$f":"E63/(1-E61)","v":0},{"$f":"F63/(1-F61)","v":0},null,{"$f":"H63/(1-H61)","v":0},{"$f":"I63/(1-I61)","v":0},null,{"$f":"K63/(1-K61)","v":0},{"$f":"L63/(1-L61)","v":0},null,{"$f":"N63/(1-N61)","v":0},{"$f":"O63/(1-O61)","v":0},null,{"$f":"Q63/(1-Q61)","v":0},{"$f":"R63/(1-R61)","v":0},null,{"$f":"T63/(1-T61)","v":0},{"$f":"U63/(1-U61)","v":0},null,{"$f":"W63/(1-W61)","v":0},{"$f":"X63/(1-X61)","v":0},null,{"$f":"Z63/(1-Z61)","v":0},{"$f":"AA63/(1-AA61)","v":0},null,{"$f":"AC63/(1-AC61)","v":0},{"$f":"AD63/(1-AD61)","v":0}]
["Grossed Up PILs",null,null,null,{"$f":"SUM(E65:E65)","v":0},{"$f":"SUM(F65:F65)","v":0},null,{"$f":"SUM(H65:H65)","v":0},{"$f":"SUM(I65:I65)","v":0},null,{"$f":"SUM(K65:K65)","v":0},{"$f":"SUM(L65:L65)","v":0},null,{"$f":"SUM(N65:N65)","v":0},{"$f":"SUM(O65:O65)","v":0},null,{"$f":"SUM(Q65:Q65)","v":0},{"$f":"SUM(R65:R65)","v":0},null,{"$f":"SUM(T65:T65)","v":0},{"$f":"SUM(U65:U65)","v":0},null,{"$f":"SUM(W65:W65)","v":0},{"$f":"SUM(X65:X65)","v":0},null,{"$f":"SUM(Z65:Z65)","v":0},{"$f":"SUM(AA65:AA65)","v":0},null,{"$f":"SUM(AC65:AC65)","v":0},{"$f":"SUM(AD65:AD65)","v":0}]
[]
[]
["Net Fixed Assets",null,null,2011,2012,2013,2014,2015,2016,2017,2018,2019]
[null,"Enter applicable amortization in years:",45]
["Opening Gross Fixed Assets",null,null,null,{"$f":"D73","v":0},0,117320.21,117320.21,117320.21,117320.21,117320.21,117320.21]
["Gross Capital Additions",null,null,{"$f":"'App.2-FA Proposed REG Invest.'!C99","v":0},{"$f":"'App.2-FA Proposed REG Invest.'!D99","v":0},{"$f":"'App.2-FA Proposed REG Invest.'!E99","v":117320.21},{"$f":"'App.2-FA Proposed REG Invest.'!F99","v":0},{"$f":"'App.2-FA Proposed REG Invest.'!G99","v":0},{"$f":"'App.2-FA Proposed REG Invest.'!H99","v":0},{"$f":"'App.2-FA Proposed REG Invest.'!I99","v":0},{"$f":"'App.2-FA Proposed REG Invest.'!J99","v":0},{"$f":"'App.2-FA Proposed REG Invest.'!K99","v":0}]
["Closing Gross Fixed Assets",null,null,{"$f":"SUM(D71:D72)","v":0},0,117320.21,117320.21,117320.21,117320.21,117320.21,117320.21,117320.21]
[]
["Opening Accumulated Amortization",null,null,null,{"$f":"+D78","v":0},{"$f":"E78","v":0},1303.557888888889,{"$f":"G78","v":3910.673666666667},{"$f":"H78","v":6517.7894444444446},{"$f":"I78","v":9124.9052222222235},{"$f":"J78","v":11732.021000000001},{"$f":"K78","v":14339.136777777778}]
["Current Year Amortization (before additions)",null,null,null,{"$f":"IF(ISERROR(E71/$C$70), 0, E71/$C$70)","v":0},0,2607.115777777778,{"$f":"H71/$C$70","v":2607.115777777778},{"$f":"I71/$C$70","v":2607.115777777778},{"$f":"J71/$C$70","v":2607.115777777778},{"$f":"K71/$C$70","v":2607.115777777778},{"$f":"L71/$C$70","v":2607.115777777778}]
["Additions (half year)",null,null,{"$f":"D72/C70/2","v":0},{"$f":"E72/C70/2","v":0},{"$f":"F72/C70/2","v":1303.557888888889},{"$f":"G72/C70/2","v":0},{"$f":"H72/C70/2","v":0},{"$f":"I72/C70/2","v":0},{"$f":"J72/C70/2","v":0},{"$f":"K72/C70/2","v":0},{"$f":"L72/C70/2","v":0}]
["Closing Accumulated Amortization",null,null,{"$f":"SUM(D75+D77)","v":0},{"$f":"SUM(E75:E77)","v":0},1303.557888888889,3910.673666666667,6517.7894444444446,9124.9052222222235,11732.021000000001,14339.136777777778,16946.252555555555]
[]
["Opening Net Fixed Assets",null,null,{"$f":"D71-D75","v":0},{"$f":"E71-E75","v":0},{"$f":"F71-F75","v":0},{"$f":"G71-G75","v":116016.65211111112},{"$f":"G81","v":113409.53633333334},{"$f":"H81","v":110802.42055555557},{"$f":"I81","v":108195.30477777778},{"$f":"J81","v":105588.18900000001},{"$f":"K81","v":102981.07322222223}]
["Closing Net Fixed Assets",null,null,{"$f":"D73-D78","v":0},0,116016.65211111112,113409.53633333334,110802.42055555557,108195.30477777778,105588.18900000001,102981.07322222223,100373.95744444444]
["Average Net Fixed Assets",null,null,{"$f":"SUM(D80:D81)/2","v":0},0,58008.326055555561,114713.09422222222,112105.97844444445,109498.86266666668,106891.7468888889,104284.63111111111,101677.51533333334]
[]
["UCC for PILs Calculation"]
[null,null,null,2014,2014,2014,2014,2015,2016,2017,2018,2019]
[]
["Opening UCC",null,null,null,{"$f":"D95","v":0},0,112627.40160000001,103617.20947200002,95327.832714240008,87701.606097100812,80685.477609332753,74230.639400586137]
["Capital Additions (from Appendix 2-FA)",null,null,{"$f":"D72","v":0},0,117320.21,0,0,0,0,0,0]
["UCC Before Half Year Rule",null,null,{"$f":"SUM(D87:D88)","v":0},0,117320.21,112627.40160000001,103617.20947200002,95327.832714240008,87701.606097100812,80685.477609332753,74230.639400586137]
["Half Year Rule (1/2 Additions - Disposals)",null,null,{"$f":"D88/2","v":0},0,58660.105000000003,0,0,0,0,0,0]
["Reduced UCC",null,null,{"$f":"D89-D90","v":0},0,58660.105000000003,112627.40160000001,103617.20947200002,95327.832714240008,87701.606097100812,80685.477609332753,74230.639400586137]
["CCA Rate Class (to be entered)",null,47,{"$f":"$C$92","v":47},{"$f":"$C$92","v":47},47,47,47,47,47,47,47]
["CCA Rate  (to be entered)",null,0.08,{"$f":"$C$93","v":0.08},{"$f":"$C$93","v":0.08},0.08,0.08,0.08,0.08,0.08,0.08,0.08]
["CCA",null,null,{"$f":"D91*D$93","v":0},{"$f":"E91*E$93","v":0},{"$f":"F91*F$93","v":4692.8084000000008},{"$f":"G91*G$93","v":9010.1921280000006},{"$f":"H91*H$93","v":8289.3767577600011},7626.2266171392012,7016.1284877680655,6454.8382087466207,5938.4511520468914]
["Closing UCC",null,null,{"$f":"D89-D94","v":0},0,112627.40160000001,103617.20947200002,95327.832714240008,87701.606097100812,80685.477609332753,74230.639400586137,68292.188248539242]

{"sheet":"App.2-FA Proposed REG Inves (2","index":32,"n_rows":92,"n_cols":7,"rows_kept":92,"cut":false,"hidden":true,"merged":[[16,0,16,6],[17,0,17,6],[8,0,8,6],[9,0,9,6],[11,0,11,6],[12,0,12,6],[13,0,13,5],[14,0,14,5]]}
[null,null,null,null,null,"File Number:",{"$f":"EBNUMBER","v":"EB-2015-0108"}]
[null,null,null,null,null,"Exhibit:"]
[null,null,null,null,null,"Tab:"]
[null,null,null,null,null,"Schedule:"]
[null,null,null,null,null,"Page:"]
[]
[null,null,null,null,null,"Date:"]
[]
["Appendix 2-FA"]
["Renewable Generation Connection Investment Summary (over the rate setting period)"]
[]
["Enter the details of the Renewable Generation Connection projects as described in Section 2.5.2.5 of the Filing Requirements."]
["All costs entered on this page will be transferred to the appropriate cells in the appendices that follow."]
["For Part A, Renewable Enabling Improvements (REI), these amounts will be transferred to Appendix 2 - FB"]
["For Part B, Expansions, these amounts will be transferred to Appendix 2 - FC"]
[]
["If there are more than five projects proposed to be in-service in a certain year, please amend the tables below and ensure that the formulae for the Total Amounts in any given rate year are updated."]
["Based on the current methodology and allocation, amounts allocated represent 6% for REI Connection Investments and 17% for Expansion Investments. (pg 15, EB-2009-0349)"]
[]
[]
["Part A"]
["REI Investments (Direct Benefit at 6%)",null,2015,{"$f":"C22+1","v":2016},{"$f":"D22+1","v":2017},2018,2019]
["Project 1"]
["Name: REI Connection Project"]
["Capital Costs",null,1000,0,1000,0,0]
["OM&A (Start-Up)",null,0,0,0,0,0]
["OM&A (Ongoing)",null,0,0,0,0,0]
[]
["Project 2"]
["Name: REI Connection Project"]
["Capital Costs",null,0,0,0,0,0]
["OM&A (Start-Up)",null,0,0,0,0,0]
["OM&A (Ongoing)",null,0,0,0,0,0]
[]
["Project 3"]
["Name: REI Connection Project"]
["Capital Costs",null,0,0,0,0,0]
["OM&A (Start-Up)",null,0,0,0,0,0]
["OM&A (Ongoing)",null,0,0,0,0,0]
[]
["Project 4"]
["Name: REI Connection Project"]
["Capital Costs",null,0,0,0,0,0]
["OM&A (Start-Up)",null,0,0,0,0,0]
["OM&A (Ongoing)",null,0,0,0,0,0]
[]
["Project 5"]
["Name: REI Connection Project"]
["Capital Costs",null,0,0,0,0,0]
["OM&A (Start-Up)",null,0,0,0,0,0]
["OM&A (Ongoing)",null,0,0,0,0,0]
[]
["Total Capital Costs",null,{"$f":"SUM(C49,C43,C37,C31,C25)","v":1000},{"$f":"SUM(D49,D43,D37,D31,D25)","v":0},1000,0,0]
["Total OM&A (Start-Up)",null,{"$f":"SUM(C50,C44,C38,C32,C26)","v":0},0,0,0,0]
["Total OM&A (Ongoing)",null,{"$f":"SUM(C51,C45,C39,C33,C27)","v":0},0,0,0,0]
[]
[]
["Part B"]
["Expansion Investments (Direct Benefit at 17%)",null,2015,{"$f":"C59+1","v":2016},{"$f":"D59+1","v":2017},2018,2019]
["Project 1"]
["Name: Expansion Connection Project"]
["Capital Costs",null,0,0,0,0,0]
["OM&A (Start-Up)",null,0,0,0,0,0]
["OM&A (Ongoing)",null,0,0,0,0,0]
[]
["Project 2"]
["Name: Expansion Connection Project"]
["Capital Costs",null,0,0,0,0,0]
["OM&A (Start-Up)",null,0,0,0,0,0]
["OM&A (Ongoing)",null,0,0,0,0,0]
[]
["Project 3"]
["Name: Expansion Connection Project"]
["Capital Costs",null,0,0,0,0,0]
["OM&A (Start-Up)",null,0,0,0,0,0]
["OM&A (Ongoing)",null,0,0,0,0,0]
[]
["Project 4"]
["Name: Expansion Connection Project"]
["Capital Costs",null,0,0,0,0,0]
["OM&A (Start-Up)",null,0,0,0,0,0]
["OM&A (Ongoing)",null,0,0,0,0,0]
[]
["Project 5"]
["Name: Expansion Connection Project"]
["Capital Costs",null,0,0,0,0,0]
["OM&A (Start-Up)",null,0,0,0,0,0]
["OM&A (Ongoing)",null,0,0,0,0,0]
[]
["Total Capital Costs",null,{"$f":"SUM(C86,C80,C74,C68,C62)","v":0},{"$f":"SUM(D86,D80,D74,D68,D62)","v":0},0,0,0]
["Total OM&A (Start-Up)",null,{"$f":"SUM(C87,C81,C75,C69,C63)","v":0},0,0,0,0]
["Total OM&A (Ongoing)",null,{"$f":"SUM(C88,C82,C76,C70,C64)","v":0},0,0,0,0]

{"sheet":"App.2-FB Calc of REG Improv (2","index":33,"n_rows":95,"n_cols":18,"rows_kept":95,"cut":false,"hidden":true,"merged":[[51,4,51,5],[51,7,51,8],[51,10,51,11],[51,13,51,14],[51,16,51,17],[16,9,16,11],[16,12,16,14],[16,15,16,17],[46,0,46,11],[48,0,48,11],[49,0,49,1],[8,0,8,6],[9,0,9,6],[11,0,11,6],[12,0,12,6],[13,0,13,6],[16,3,16,5],[16,6,16,8]]}
[null,null,null,null,null,"File Number:",{"$f":"EBNUMBER","v":"EB-2015-0108"}]
[null,null,null,null,null,"Exhibit:"]
[null,null,null,null,null,"Tab:"]
[null,null,null,null,null,"Schedule:"]
[null,null,null,null,null,"Page:"]
[]
[null,null,null,null,null,"Date:"]
[]
["Appendix 2-FB"]
["Calculation of Renewable Generation Connection Direct Benefits/Provincial Amount: Renewable Enabling Improvement Investments"]
[]
["This table will calculate the distributor/provincial shares of the investments entered in Part A of Appendix 2-FA."]
["Enter values in green shaded cells: WCA percentage, debt percentages, interest rates, kWh, tax rates, amortization period, CCA Class and percentage."]
["Rate Riders are not calculated for Test Year as these assets and costs are already in the distributor's rate base/revenue requirement."]
[]
[]
[null,null,null,"2015 Test Year",null,null,2016,null,null,2017,2016,null,2018,null,null,2019]
[null,null,null,null,"Direct Benefit","Provincial",null,"Direct Benefit","Provincial",null,"Direct Benefit","Provincial",null,"Direct Benefit","Provincial",null,"Direct Benefit","Provincial"]
[null,null,null,"Total",0.06,0.94,"Total",0.06,0.94,"Total",0.06,0.94,"Total",0.06,0.94,"Total",0.06,0.94]
["Net Fixed Assets (average)",null,null,{"$f":"D82","v":490},{"$f":"D20*E19","v":29.4},{"$f":"D20*F19","v":460.59999999999997},{"$f":"E82","v":960},{"$f":"G20*H19","v":57.599999999999994},{"$f":"G20*I19","v":902.4},{"$f":"F82","v":1410},{"$f":"J20*K19","v":84.6},{"$f":"J20*L19","v":1325.3999999999999},{"$f":"G82","v":1840},{"$f":"M20*N19","v":110.39999999999999},{"$f":"M20*O19","v":1729.6},{"$f":"H82","v":1760},{"$f":"P20*Q19","v":105.6},{"$f":"P20*R19","v":1654.3999999999999}]
["Incremental OM&A (on-going, N/A for Provincial Recovery)",null,null,{"$f":"'App.2-FA Proposed REG Inves (2'!C55","v":0},{"$f":"D21","v":0},null,{"$f":"'App.2-FA Proposed REG Inves (2'!D55","v":0},{"$f":"G21","v":0},null,{"$f":"'App.2-FA Proposed REG Inves (2'!E55","v":0},{"$f":"J21","v":0},null,{"$f":"'App.2-FA Proposed REG Inves (2'!F55","v":0},{"$f":"M21","v":0},null,{"$f":"'App.2-FA Proposed REG Inves (2'!G55","v":0},{"$f":"P21","v":0}]
["Incremental OM&A (start-up, applicable for Provincial Recovery)",null,null,{"$f":"'App.2-FA Proposed REG Inves (2'!C54","v":0},{"$f":"D22*E19","v":0},{"$f":"D22*F19","v":0},{"$f":"'App.2-FA Proposed REG Inves (2'!D54","v":0},{"$f":"G22*H19","v":0},{"$f":"G22*I19","v":0},{"$f":"'App.2-FA Proposed REG Inves (2'!E54","v":0},{"$f":"J22*K19","v":0},{"$f":"J22*L19","v":0},{"$f":"'App.2-FA Proposed REG Inves (2'!F54","v":0},{"$f":"M22*N19","v":0},{"$f":"M22*O19","v":0},{"$f":"'App.2-FA Proposed REG Inves (2'!G54","v":0},{"$f":"P22*Q19","v":0},{"$f":"P22*R19","v":0}]
["WCA",0.13,null,null,{"$f":"(E21+E22)*$B$23","v":0},{"$f":"F22*$B$23","v":0},null,{"$f":"(H21+H22)*$B$23","v":0},{"$f":"I22*$B$23","v":0},null,{"$f":"(K21+K22)*$B$23","v":0},{"$f":"L22*$B$23","v":0},null,{"$f":"(N21+N22)*$B$23","v":0},{"$f":"O22*$B$23","v":0},null,{"$f":"(Q21+Q22)*$B$23","v":0},{"$f":"R22*$B$23","v":0}]
["Rate Base",null,null,null,{"$f":"SUM(E20+E23)","v":29.4},{"$f":"SUM(F20+F23)","v":460.59999999999997},null,{"$f":"SUM(H20+H23)","v":57.599999999999994},{"$f":"SUM(I20+I23)","v":902.4},null,{"$f":"SUM(K20+K23)","v":84.6},{"$f":"SUM(L20+L23)","v":1325.3999999999999},null,{"$f":"SUM(N20+N23)","v":110.39999999999999},{"$f":"SUM(O20+O23)","v":1729.6},null,{"$f":"SUM(Q20+Q23)","v":105.6},{"$f":"SUM(R20+R23)","v":1654.3999999999999}]
[]
[]
["Deemed ST Debt",0.04,null,null,{"$f":"E24*$B$27","v":1.1759999999999999},{"$f":"F24*$B$27","v":18.423999999999999},null,{"$f":"H24*$B$27","v":2.3039999999999998},{"$f":"I24*$B$27","v":36.095999999999997},null,{"$f":"K24*$B$27","v":3.3839999999999999},{"$f":"L24*$B$27","v":53.015999999999998},null,{"$f":"N24*$B$27","v":4.4159999999999995},{"$f":"O24*$B$27","v":69.183999999999997},null,{"$f":"Q24*$B$27","v":4.2240000000000002},{"$f":"R24*$B$27","v":66.176000000000002}]
["Deemed LT Debt",0.56000000000000005,null,null,{"$f":"E24*$B$28","v":16.464000000000002},{"$f":"F24*$B$28","v":257.93599999999998},null,{"$f":"H24*$B$28","v":32.256},{"$f":"I24*$B$28","v":505.34400000000005},null,{"$f":"K24*$B$28","v":47.376000000000005},{"$f":"L24*$B$28","v":742.22400000000005},null,{"$f":"N24*$B$28","v":61.823999999999998},{"$f":"O24*$B$28","v":968.57600000000002},null,{"$f":"Q24*$B$28","v":59.136000000000003},{"$f":"R24*$B$28","v":926.46400000000006}]
["Deemed Equity",0.4,null,null,{"$f":"E24*$B$29","v":11.76},{"$f":"F24*$B$29","v":184.24},null,{"$f":"H24*$B$29","v":23.04},{"$f":"I24*$B$29","v":360.96000000000004},null,{"$f":"K24*$B$29","v":33.839999999999996},{"$f":"L24*$B$29","v":530.16},null,{"$f":"N24*$B$29","v":44.16},{"$f":"O24*$B$29","v":691.84},null,{"$f":"Q24*$B$29","v":42.24},{"$f":"R24*$B$29","v":661.76}]
[]
["ST Interest",2.4E-2,null,null,{"$f":"E27*$B31","v":2.8223999999999999E-2},{"$f":"F27*$B31","v":0.44217600000000001},null,{"$f":"H27*$B31","v":5.5295999999999998E-2},{"$f":"I27*$B31","v":0.86630399999999996},null,{"$f":"K27*$B31","v":8.1215999999999997E-2},{"$f":"L27*$B31","v":1.272384},null,{"$f":"N27*$B31","v":0.10598399999999999},{"$f":"O27*$B31","v":1.6604159999999999},null,{"$f":"Q27*$B31","v":0.10137600000000001},{"$f":"R27*$B31","v":1.5882240000000001}]
["LT Interest",5.6000000000000001E-2,null,null,{"$f":"E28*$B32","v":0.92198400000000014},14.444415999999999,null,{"$f":"H28*$B32","v":1.8063359999999999},28.299264000000004,null,{"$f":"K28*$B32","v":2.6530560000000003},41.564544000000005,null,{"$f":"N28*$B32","v":3.4621439999999999},54.240256000000002,null,{"$f":"Q28*$B32","v":3.3116160000000003},51.881984000000003]
["ROE",8.5000000000000006E-2,null,null,0.99960000000000004,15.660400000000003,null,1.9584000000000001,30.681600000000007,null,2.8763999999999998,45.063600000000001,null,3.7536,58.806400000000004,null,3.5904000000000003,56.249600000000001]
["Cost of Capital Total",null,null,null,{"$f":"SUM(E31:E33)","v":1.9498080000000002},{"$f":"SUM(F31:F33)","v":30.546992000000003},null,{"$f":"SUM(H31:H33)","v":3.8200320000000003},{"$f":"SUM(I31:I33)","v":59.847168000000011},null,{"$f":"SUM(K31:K33)","v":5.6106720000000001},{"$f":"SUM(L31:L33)","v":87.900528000000008},null,{"$f":"SUM(N31:N33)","v":7.3217280000000002},{"$f":"SUM(O31:O33)","v":114.70707200000001},null,{"$f":"SUM(Q31:Q33)","v":7.0033920000000007},{"$f":"SUM(R31:R33)","v":109.719808}]
[]
["OM&A",null,null,null,{"$f":"E21+E22","v":0},{"$f":"F22","v":0},null,{"$f":"H21+H22","v":0},{"$f":"I22","v":0},null,{"$f":"K21+K22","v":0},{"$f":"L22","v":0},null,{"$f":"N21+N22","v":0},{"$f":"O22","v":0},null,{"$f":"Q21+Q22","v":0},{"$f":"R22","v":0}]
["Amortization",null,null,{"$f":"D77","v":20},{"$f":"D37*E$19","v":1.2},{"$f":"D37*F$19","v":18.799999999999997},{"$f":"E76+E77","v":40},{"$f":"G37*H$19","v":2.4},{"$f":"G37*I$19","v":37.599999999999994},{"$f":"F76+F77","v":60},{"$f":"J37*K$19","v":3.5999999999999996},{"$f":"J37*L$19","v":56.4},{"$f":"G76+G77","v":80},{"$f":"M37*N$19","v":4.8},{"$f":"M37*O$19","v":75.199999999999989},{"$f":"H76+H77","v":80},{"$f":"P37*Q$19","v":4.8},{"$f":"P37*R$19","v":75.199999999999989}]
["Grossed-up PILs",null,null,null,{"$f":"E65","v":0},{"$f":"F65","v":0},null,{"$f":"H65","v":0},{"$f":"I65","v":0},null,{"$f":"K65","v":0},{"$f":"L65","v":0},null,{"$f":"N65","v":0},{"$f":"O65","v":0},null,{"$f":"Q65","v":0},{"$f":"R65","v":0}]
[]
["Revenue Requirement",null,null,null,{"$f":"SUM(E34:E38)","v":3.1498080000000002},{"$f":"SUM(F34:F38)","v":49.346992},null,{"$f":"SUM(H34:H38)","v":6.2200319999999998},{"$f":"SUM(I34:I38)","v":97.447168000000005},null,{"$f":"SUM(K34:K38)","v":9.2106719999999989},{"$f":"SUM(L34:L38)","v":144.30052800000001},null,{"$f":"SUM(N34:N38)","v":12.121728000000001},{"$f":"SUM(O34:O38)","v":189.907072},null,{"$f":"SUM(Q34:Q38)","v":11.803392000000001},{"$f":"SUM(R34:R38)","v":184.91980799999999}]
[]
[]
["Provincial Rate Protection",null,null,null,null,{"$f":"F40","v":49.346992},null,null,{"$f":"I40","v":97.447168000000005},null,null,{"$f":"L40","v":144.30052800000001},null,null,{"$f":"O40","v":189.907072},null,null,{"$f":"R40","v":184.91980799999999}]
[]
["Monthly Amount Paid by IESO",null,null,null,null,{"$f":"F43/12","v":4.1122493333333336},null,null,{"$f":"I43/12","v":8.1205973333333343},null,null,{"$f":"L43/12","v":12.025044000000001},null,null,{"$f":"O43/12","v":15.825589333333333},null,null,{"$f":"R43/12","v":15.409984}]
[]
["Note 1: The difference between the actual costs of approved eligible investments and revenue received from the IESO should be recorded in a variance account.  The Board may provide "]
["regulatory accounting guidance regarding a variance account either in an individual proceeding or on a generic basis."]
["Note 2: For the 2014 Test Year, Costs and Revenues of the Direct Benefit are to be included in the test year applicant Rate Base and Revenues.  "]
[]
["PILs Calculation"]
[null,null,null,null,2015,null,null,{"$f":"E52+1","v":2016},null,null,{"$f":"H52+1","v":2017},null,null,{"$f":"K52+1","v":2018},null,null,{"$f":"N52+1","v":2019}]
["Income Tax",null,null,null,"Direct Benefit","Provincial",null,"Direct Benefit","Provincial",null,"Direct Benefit","Provincial",null,"Direct Benefit","Provincial",null,"Direct Benefit","Provincial"]
[null,null,null,null,null,null,null,null,null,null,null,null,"Total",null,null,"Total"]
["Net Income - ROE on Rate Base",null,null,null,{"$f":"E33","v":0.99960000000000004},{"$f":"F33","v":15.660400000000003},null,{"$f":"H33","v":1.9584000000000001},{"$f":"I33","v":30.681600000000007},null,{"$f":"K33","v":2.8763999999999998},{"$f":"L33","v":45.063600000000001},null,{"$f":"N33","v":3.7536},{"$f":"O33","v":58.806400000000004},null,{"$f":"Q33","v":3.5904000000000003},{"$f":"R33","v":56.249600000000001}]
["Amortization (6% DB and 94% P)",null,null,null,{"$f":"E37","v":1.2},{"$f":"F37","v":18.799999999999997},null,{"$f":"H37","v":2.4},{"$f":"I37","v":37.599999999999994},null,{"$f":"K37","v":3.5999999999999996},{"$f":"L37","v":56.4},null,{"$f":"N37","v":4.8},{"$f":"O37","v":75.199999999999989},null,{"$f":"Q37","v":4.8},{"$f":"R37","v":75.199999999999989}]
["CCA (6% DB and 94% P)",null,null,null,{"$f":"-D94*E$19","v":-2.4},{"$f":"-D94*F$19","v":-37.599999999999994},null,{"$f":"-E94*H$19","v":-4.6079999999999997},{"$f":"-E94*I$19","v":-72.191999999999993},null,{"$f":"-F94*K$19","v":-4.2393600000000005},{"$f":"-F94*L$19","v":-66.416640000000001},null,{"$f":"-G94*N$19","v":-3.9002112000000002},{"$f":"-G94*O$19","v":-61.103308800000008},null,{"$f":"-H94*Q$19","v":-3.5881943040000004},{"$f":"-H94*R$19","v":-56.215044096000007}]
["Taxable income",null,null,null,{"$f":"SUM(E55:E57)","v":-0.20039999999999969},{"$f":"SUM(F55:F57)","v":-3.1395999999999944},null,{"$f":"SUM(H55:H57)","v":-0.24960000000000004},{"$f":"SUM(I55:I57)","v":-3.9103999999999957},null,{"$f":"SUM(K55:K57)","v":2.2370399999999995},{"$f":"SUM(L55:L57)","v":35.046959999999999},null,{"$f":"SUM(N55:N57)","v":4.6533887999999992},{"$f":"SUM(O55:O57)","v":72.903091199999977},null,{"$f":"SUM(Q55:Q57)","v":4.8022056959999997},{"$f":"SUM(R55:R57)","v":75.234555903999961}]
[]
["Tax Rate  (to be entered)"]
[]
["Income Taxes Payable",null,null,null,{"$f":"E58*E60","v":0},{"$f":"F58*F60","v":0},null,{"$f":"H58*H60","v":0},{"$f":"I58*I60","v":0},null,{"$f":"K58*K60","v":0},{"$f":"L58*L60","v":0},null,{"$f":"N58*N60","v":0},{"$f":"O58*O60","v":0},null,{"$f":"Q58*Q60","v":0},{"$f":"R58*R60","v":0}]
["Gross Up"]
["Income Taxes Payable",null,null,null,{"$f":"E62/(1-E60)","v":0},{"$f":"F62/(1-F60)","v":0},null,{"$f":"H62/(1-H60)","v":0},{"$f":"I62/(1-I60)","v":0},null,{"$f":"K62/(1-K60)","v":0},{"$f":"L62/(1-L60)","v":0},null,{"$f":"N62/(1-N60)","v":0},{"$f":"O62/(1-O60)","v":0},null,{"$f":"Q62/(1-Q60)","v":0},{"$f":"R62/(1-R60)","v":0}]
["Grossed Up PILs",null,null,null,{"$f":"SUM(E64:E64)","v":0},{"$f":"SUM(F64:F64)","v":0},null,{"$f":"SUM(H64:H64)","v":0},{"$f":"SUM(I64:I64)","v":0},null,{"$f":"SUM(K64:K64)","v":0},{"$f":"SUM(L64:L64)","v":0},null,{"$f":"SUM(N64:N64)","v":0},{"$f":"SUM(O64:O64)","v":0},null,{"$f":"SUM(Q64:Q64)","v":0},{"$f":"SUM(R64:R64)","v":0}]
[]
[]
[null,null,null,2015,{"$f":"D68+1","v":2016},{"$f":"E68+1","v":2017},2018,2019]
["Net Fixed Assets"]
[null,"Enter applicable amortization in years:",25]
["Opening Gross Fixed Assets",null,null,null,{"$f":"D73","v":1000},{"$f":"E73","v":1000},{"$f":"F73","v":2000},{"$f":"G73","v":2000}]
["Gross Capital Additions",null,null,{"$f":"'App.2-FA Proposed REG Inves (2'!C53","v":1000},{"$f":"'App.2-FA Proposed REG Inves (2'!D53","v":0},{"$f":"'App.2-FA Proposed REG Inves (2'!E53","v":1000},{"$f":"'App.2-FA Proposed REG Inves (2'!F53","v":0},{"$f":"'App.2-FA Proposed REG Inves (2'!G53","v":0}]
["Closing Gross Fixed Assets",null,null,{"$f":"SUM(D71:D72)","v":1000},{"$f":"SUM(E71:E72)","v":1000},2000,2000,2000]
[]
["Opening Accumulated Amortization",null,null,null,{"$f":"D78","v":20},{"$f":"E78","v":60},{"$f":"F78","v":120},{"$f":"G78","v":200}]
["Current Year Amortization (before additions)",null,null,null,{"$f":"IF(ISERROR(E71/$C$70), 0, E71/$C$70)","v":40},{"$f":"IF(ISERROR(F71/$C$70), 0, F71/$C$70)","v":40},{"$f":"IF(ISERROR(G71/$C$70), 0, G71/$C$70)","v":80},{"$f":"IF(ISERROR(H71/$C$70), 0, H71/$C$70)","v":80}]
["Additions (half year)",null,null,{"$f":"D72/C70/2","v":20},{"$f":"E72/C70/2","v":0},{"$f":"F72/C70/2","v":20},{"$f":"G72/C70/2","v":0},{"$f":"H72/C70/2","v":0}]
["Closing Accumulated Amortization",null,null,{"$f":"SUM(D75+D77)","v":20},{"$f":"SUM(E75:E77)","v":60},{"$f":"SUM(F75:F77)","v":120},{"$f":"SUM(G75:G77)","v":200},{"$f":"SUM(H75:H77)","v":280}]
[]
["Opening Net Fixed Assets",null,null,{"$f":"D71-D75","v":0},{"$f":"D81","v":980},{"$f":"E81","v":940},{"$f":"F81","v":1880},{"$f":"G81","v":1800}]
["Closing Net Fixed Assets",null,null,{"$f":"D73-D78","v":980},{"$f":"E73-E78","v":940},{"$f":"F73-F78","v":1880},{"$f":"G73-G78","v":1800},{"$f":"H73-H78","v":1720}]
["Average Net Fixed Assets",null,null,{"$f":"SUM(D80:D81)/2","v":490},{"$f":"SUM(E80:E81)/2","v":960},{"$f":"SUM(F80:F81)/2","v":1410},{"$f":"SUM(G80:G81)/2","v":1840},{"$f":"SUM(H80:H81)/2","v":1760}]
[]
["UCC for PILs Calculation"]
[null,null,null,2015,{"$f":"D85+1","v":2016},{"$f":"E85+1","v":2017},2018,2019]
[]
["Opening UCC",null,null,null,{"$f":"D95","v":960},{"$f":"E95","v":883.2},{"$f":"F95","v":812.5440000000001},{"$f":"G95","v":747.54048000000012}]
["Capital Additions (from Appendix 2-FA)",null,null,{"$f":"D72","v":1000},{"$f":"'App.2-FA Proposed REG Inves (2'!D31","v":0},{"$f":"'App.2-FA Proposed REG Inves (2'!E31","v":0},{"$f":"'App.2-FA Proposed REG Inves (2'!F31","v":0},{"$f":"'App.2-FA Proposed REG Inves (2'!G31","v":0}]
["UCC Before Half Year Rule",null,null,{"$f":"SUM(D87:D88)","v":1000},{"$f":"SUM(E87:E88)","v":960},{"$f":"SUM(F87:F88)","v":883.2},{"$f":"SUM(G87:G88)","v":812.5440000000001},{"$f":"SUM(H87:H88)","v":747.54048000000012}]
["Half Year Rule (1/2 Additions - Disposals)",null,null,{"$f":"D88/2","v":500},{"$f":"E88/2","v":0},{"$f":"F88/2","v":0},{"$f":"G88/2","v":0},{"$f":"H88/2","v":0}]
["Reduced UCC",null,null,{"$f":"D89-D90","v":500},{"$f":"E89-E90","v":960},{"$f":"F89-F90","v":883.2},{"$f":"G89-G90","v":812.5440000000001},{"$f":"H89-H90","v":747.54048000000012}]
["CCA Rate Class (to be entered)",null,47,{"$f":"C92","v":47},{"$f":"C92","v":47},{"$f":"C92","v":47},{"$f":"C92","v":47},{"$f":"C92","v":47}]
["CCA Rate  (to be entered)",null,0.08,{"$f":"C93","v":0.08},{"$f":"C93","v":0.08},{"$f":"C93","v":0.08},{"$f":"C93","v":0.08},{"$f":"C93","v":0.08}]
["CCA",null,null,{"$f":"D91*D93","v":40},{"$f":"E91*E93","v":76.8},70.656000000000006,65.003520000000009,{"$f":"H91*H93","v":59.803238400000012}]
["Closing UCC",null,null,{"$f":"D89-D94","v":960},{"$f":"E89-E94","v":883.2},{"$f":"F89-F94","v":812.5440000000001},{"$f":"G89-G94","v":747.54048000000012},{"$f":"H89-H94","v":687.73724160000006}]

{"sheet":"App.2-FC Calc of REG Expans (2","index":34,"n_rows":94,"n_cols":18,"rows_kept":94,"cut":false,"hidden":true,"merged":[[51,16,51,17],[16,6,16,8],[16,9,16,11],[16,12,16,14],[16,15,16,17],[46,0,46,11],[48,0,48,12],[16,3,16,5],[49,0,49,1],[51,4,51,5],[51,7,51,8],[51,10,51,11],[51,13,51,14],[8,0,8,5],[9,0,9,5],[11,0,11,5],[12,0,12,5],[13,0,13,5]]}
[null,null,null,null,"File Number:",{"$f":"EBNUMBER","v":"EB-2015-0108"}]
[null,null,null,null,"Exhibit:"]
[null,null,null,null,"Tab:"]
[null,null,null,null,"Schedule:"]
[null,null,null,null,"Page:"]
[]
[null,null,null,null,"Date:"]
[]
["Appendix 2-FC"]
["Calculation of Renewable Generation Connection Direct Benefits/Provincial Amount: Renewable Expansion Investments"]
[]
["This table will calculate the distributor/provincial shares of the investments entered in Part B of Appendix 2-FA."]
["Enter values in green shaded cells: WCA percentage, debt percentages, interest rates, kWh, tax rates, amortization period, CCA Class and percentage."]
["Rate Riders are not calculated for Test Year as these assets and costs are already in the distributors rate base."]
[]
[]
[null,null,null,"2014 Test Year",null,null,2015,null,null,2016,2016,null,2017,null,null,2018]
[null,null,null,null,"Direct Benefit","Provincial",null,"Direct Benefit","Provincial",null,"Direct Benefit","Provincial",null,"Direct Benefit","Provincial",null,"Direct Benefit","Provincial"]
[null,null,null,"Total",0.17,0.83,"Total",0.17,0.83,"Total",0.17,0.83,"Total",0.17,0.83,"Total",0.17,0.83]
["Net Fixed Assets (average)",null,null,{"$f":"D81","v":0},{"$f":"D20*E19","v":0},{"$f":"D20*F19","v":0},{"$f":"E81","v":0},{"$f":"G20*H19","v":0},{"$f":"G20*I19","v":0},{"$f":"F81","v":0},{"$f":"J20*K19","v":0},{"$f":"J20*L19","v":0},{"$f":"G81","v":0},{"$f":"M20*N19","v":0},{"$f":"M20*O19","v":0},{"$f":"H81","v":0},{"$f":"P20*Q19","v":0},{"$f":"P20*R19","v":0}]
["Incremental OM&A (on-going, N/A for Provincial Recovery)",null,null,{"$f":"'App.2-FA Proposed REG Inves (2'!C$92","v":0},{"$f":"D21","v":0},null,{"$f":"'App.2-FA Proposed REG Inves (2'!D$92","v":0},{"$f":"G21","v":0},null,{"$f":"'App.2-FA Proposed REG Inves (2'!E$92","v":0},{"$f":"J21","v":0},null,{"$f":"'App.2-FA Proposed REG Inves (2'!F$92","v":0},{"$f":"M21","v":0},null,{"$f":"'App.2-FA Proposed REG Inves (2'!G$92","v":0},{"$f":"P21","v":0}]
["Incremental OM&A (start-up, applicable for Provincial Recovery)",null,null,{"$f":"'App.2-FA Proposed REG Inves (2'!C$91","v":0},{"$f":"D22*E19","v":0},{"$f":"D22*F19","v":0},{"$f":"'App.2-FA Proposed REG Inves (2'!D$91","v":0},{"$f":"G22*H19","v":0},{"$f":"G22*I19","v":0},{"$f":"'App.2-FA Proposed REG Inves (2'!E$91","v":0},{"$f":"J22*K19","v":0},{"$f":"J22*L19","v":0},{"$f":"'App.2-FA Proposed REG Inves (2'!F$91","v":0},{"$f":"M22*N19","v":0},{"$f":"M22*O19","v":0},{"$f":"'App.2-FA Proposed REG Inves (2'!G$91","v":0},{"$f":"P22*Q19","v":0},{"$f":"P22*R19","v":0}]
["WCA",null,null,null,{"$f":"(E21+E22)*$B$23","v":0},{"$f":"F22*$B$23","v":0},null,{"$f":"(H21+H22)*$B$23","v":0},{"$f":"I22*$B$23","v":0},null,{"$f":"(K21+K22)*$B$23","v":0},{"$f":"L22*$B$23","v":0},null,{"$f":"(N21+N22)*$B$23","v":0},{"$f":"O22*$B$23","v":0},null,{"$f":"(Q21+Q22)*$B$23","v":0},{"$f":"R22*$B$23","v":0}]
["Rate Base",null,null,null,{"$f":"SUM(E20+E23)","v":0},{"$f":"SUM(F20+F23)","v":0},null,{"$f":"SUM(H20+H23)","v":0},{"$f":"SUM(I20+I23)","v":0},null,{"$f":"SUM(K20+K23)","v":0},{"$f":"SUM(L20+L23)","v":0},null,{"$f":"SUM(N20+N23)","v":0},{"$f":"SUM(O20+O23)","v":0},null,{"$f":"SUM(Q20+Q23)","v":0},{"$f":"SUM(R20+R23)","v":0}]
[]
[]
["Deemed ST Debt",null,null,null,{"$f":"E24*$B$27","v":0},{"$f":"F24*$B$27","v":0},null,{"$f":"H24*$B$27","v":0},{"$f":"I24*$B$27","v":0},null,{"$f":"K24*$B$27","v":0},{"$f":"L24*$B$27","v":0},null,{"$f":"N24*$B$27","v":0},{"$f":"O24*$B$27","v":0},null,{"$f":"Q24*$B$27","v":0},{"$f":"R24*$B$27","v":0}]
["Deemed LT Debt",null,null,null,{"$f":"E24*$B$28","v":0},{"$f":"F24*$B$28","v":0},null,{"$f":"H24*$B$28","v":0},{"$f":"I24*$B$28","v":0},null,{"$f":"K24*$B$28","v":0},{"$f":"L24*$B$28","v":0},null,{"$f":"N24*$B$28","v":0},{"$f":"O24*$B$28","v":0},null,{"$f":"Q24*$B$28","v":0},{"$f":"R24*$B$28","v":0}]
["Deemed Equity",null,null,null,{"$f":"E24*$B$29","v":0},{"$f":"F24*$B$29","v":0},null,{"$f":"H24*$B$29","v":0},{"$f":"I24*$B$29","v":0},null,{"$f":"K24*$B$29","v":0},{"$f":"L24*$B$29","v":0},null,{"$f":"N24*$B$29","v":0},{"$f":"O24*$B$29","v":0},null,{"$f":"Q24*$B$29","v":0},{"$f":"R24*$B$29","v":0}]
[]
["ST Interest",null,null,null,{"$f":"E27*$B$31","v":0},{"$f":"F27*$B$31","v":0},null,{"$f":"H27*$B$31","v":0},{"$f":"I27*$B$31","v":0},null,{"$f":"K27*$B$31","v":0},{"$f":"L27*$B$31","v":0},null,{"$f":"N27*$B$31","v":0},{"$f":"O27*$B$31","v":0},null,{"$f":"Q27*$B$31","v":0},{"$f":"R27*$B$31","v":0}]
["LT Interest",null,null,null,{"$f":"E28*$B$32","v":0},{"$f":"F28*$B$32","v":0},null,{"$f":"H28*$B$32","v":0},{"$f":"I28*$B$32","v":0},null,{"$f":"K28*$B$32","v":0},{"$f":"L28*$B$32","v":0},null,{"$f":"N28*$B$32","v":0},{"$f":"O28*$B$32","v":0},null,{"$f":"Q28*$B$32","v":0},{"$f":"R28*$B$32","v":0}]
["ROE",null,null,null,{"$f":"E29*$B$33","v":0},{"$f":"F29*$B$33","v":0},null,{"$f":"H29*$B$33","v":0},{"$f":"I29*$B$33","v":0},null,{"$f":"K29*$B$33","v":0},{"$f":"L29*$B$33","v":0},null,{"$f":"N29*$B$33","v":0},{"$f":"O29*$B$33","v":0},null,{"$f":"Q29*$B$33","v":0},{"$f":"R29*$B$33","v":0}]
["Cost of Capital Total",null,null,null,{"$f":"SUM(E31:E33)","v":0},{"$f":"SUM(F31:F33)","v":0},null,{"$f":"SUM(H31:H33)","v":0},{"$f":"SUM(I31:I33)","v":0},null,{"$f":"SUM(K31:K33)","v":0},{"$f":"SUM(L31:L33)","v":0},null,{"$f":"SUM(N31:N33)","v":0},{"$f":"SUM(O31:O33)","v":0},null,{"$f":"SUM(Q31:Q33)","v":0},{"$f":"SUM(R31:R33)","v":0}]
[]
["OM&A",null,null,null,{"$f":"E21+E22","v":0},{"$f":"F22","v":0},null,{"$f":"H21+H22","v":0},{"$f":"I22","v":0},null,{"$f":"K21+K22","v":0},{"$f":"L22","v":0},null,{"$f":"N21+N22","v":0},{"$f":"O22","v":0},null,{"$f":"Q21+Q22","v":0},{"$f":"R22","v":0}]
["Amortization",null,null,{"$f":"D77","v":0},{"$f":"D37*E$19","v":0},{"$f":"D37*F$19","v":0},{"$f":"E75+E76","v":0},{"$f":"G37*H$19","v":0},{"$f":"G37*I$19","v":0},{"$f":"F75+F76","v":0},{"$f":"J37*K$19","v":0},{"$f":"J37*L$19","v":0},{"$f":"G75+G76","v":0},{"$f":"M37*N$19","v":0},{"$f":"M37*O$19","v":0},{"$f":"H75+H76","v":0},{"$f":"P37*Q$19","v":0},{"$f":"P37*R$19","v":0}]
["Grossed-up PILs",null,null,null,{"$f":"E65","v":0},{"$f":"F65","v":0},null,{"$f":"H65","v":0},{"$f":"I65","v":0},null,{"$f":"K65","v":0},{"$f":"L65","v":0},null,{"$f":"N65","v":0},{"$f":"O65","v":0},null,{"$f":"Q65","v":0},{"$f":"R65","v":0}]
[]
["Revenue Requirement",null,null,null,{"$f":"SUM(E34:E38)","v":0},{"$f":"SUM(F34:F38)","v":0},null,{"$f":"SUM(H34:H38)","v":0},{"$f":"SUM(I34:I38)","v":0},null,{"$f":"SUM(K34:K38)","v":0},{"$f":"SUM(L34:L38)","v":0},null,{"$f":"SUM(N34:N38)","v":0},{"$f":"SUM(O34:O38)","v":0},null,{"$f":"SUM(Q34:Q38)","v":0},{"$f":"SUM(R34:R38)","v":0}]
[]
[]
["Provincial Rate Protection",null,null,null,null,{"$f":"F40","v":0},null,null,{"$f":"I40","v":0},null,null,{"$f":"L40","v":0},null,null,{"$f":"O40","v":0},null,null,{"$f":"R40","v":0}]
[]
["Monthly Amount Paid by IESO",null,null,null,null,{"$f":"F43/12","v":0},null,null,{"$f":"I43/12","v":0},null,null,{"$f":"L43/12","v":0},null,null,{"$f":"O43/12","v":0},null,null,{"$f":"R43/12","v":0}]
[]
["Note 1: The difference between the actual costs of approved eligible investments and revenue received from the IESO should be recorded in a variance account.  The Board may provide "]
["regulatory accounting guidance regarding a variance account either in an individual proceeding or on a generic basis."]
["Note 2: For the 2014 Test Year, Costs and Revenues of the Direct Benefit are to be included in the test year applicant Rate Base and Revenues."]
[]
["PILs Calculation"]
[null,null,null,null,2014,null,null,2015,null,null,2016,null,null,2017,null,null,2018]
["Income Tax",null,null,null,"Direct Benefit","Provincial",null,"Direct Benefit","Provincial",null,"Direct Benefit","Provincial",null,"Direct Benefit","Provincial",null,"Direct Benefit","Provincial"]
[null,null,null,null,null,null,null,null,null,null,null,null,"Total",null,null,"Total"]
["Net Income - ROE on Rate Base",null,null,null,{"$f":"E33","v":0},{"$f":"F33","v":0},null,{"$f":"H33","v":0},{"$f":"I33","v":0},null,{"$f":"K33","v":0},{"$f":"L33","v":0},null,{"$f":"N33","v":0},{"$f":"O33","v":0},null,{"$f":"Q33","v":0},{"$f":"R33","v":0}]
["Amortization (17% DB and 83% P)",null,null,null,{"$f":"E37","v":0},{"$f":"F37","v":0},null,{"$f":"H37","v":0},{"$f":"I37","v":0},null,{"$f":"K37","v":0},{"$f":"L37","v":0},null,{"$f":"N37","v":0},{"$f":"O37","v":0},null,{"$f":"Q37","v":0},{"$f":"R37","v":0}]
["CCA (17% DB and 83% P)",null,null,null,{"$f":"-D93*E$19","v":0},{"$f":"-D93*F$19","v":0},null,{"$f":"-E93*H$19","v":0},{"$f":"-E93*I$19","v":0},null,{"$f":"-F93*K$19","v":0},{"$f":"-F93*L$19","v":0},null,{"$f":"-G93*N$19","v":0},{"$f":"-G93*O$19","v":0},null,{"$f":"-H93*Q$19","v":0},{"$f":"-H93*R$19","v":0}]
["Taxable income",null,null,null,{"$f":"SUM(E55:E57)","v":0},{"$f":"SUM(F55:F57)","v":0},null,{"$f":"SUM(H55:H57)","v":0},{"$f":"SUM(I55:I57)","v":0},null,{"$f":"SUM(K55:K57)","v":0},{"$f":"SUM(L55:L57)","v":0},null,{"$f":"SUM(N55:N57)","v":0},{"$f":"SUM(O55:O57)","v":0},null,{"$f":"SUM(Q55:Q57)","v":0},{"$f":"SUM(R55:R57)","v":0}]
[]
["Tax Rate  (to be entered)"]
[]
["Income Taxes Payable",null,null,null,{"$f":"E58*E60","v":0},{"$f":"F58*F60","v":0},null,{"$f":"H58*H60","v":0},{"$f":"I58*I60","v":0},null,{"$f":"K58*K60","v":0},{"$f":"L58*L60","v":0},null,{"$f":"N58*N60","v":0},{"$f":"O58*O60","v":0},null,{"$f":"Q58*Q60","v":0},{"$f":"R58*R60","v":0}]
["Gross Up"]
["Income Taxes Payable",null,null,null,{"$f":"E62/(1-E60)","v":0},{"$f":"F62/(1-F60)","v":0},null,{"$f":"H62/(1-H60)","v":0},{"$f":"I62/(1-I60)","v":0},null,{"$f":"K62/(1-K60)","v":0},{"$f":"L62/(1-L60)","v":0},null,{"$f":"N62/(1-N60)","v":0},{"$f":"O62/(1-O60)","v":0},null,{"$f":"Q62/(1-Q60)","v":0},{"$f":"R62/(1-R60)","v":0}]
["Grossed Up PILs",null,null,null,{"$f":"SUM(E64:E64)","v":0},{"$f":"SUM(F64:F64)","v":0},null,{"$f":"SUM(H64:H64)","v":0},{"$f":"SUM(I64:I64)","v":0},null,{"$f":"SUM(K64:K64)","v":0},{"$f":"SUM(L64:L64)","v":0},null,{"$f":"SUM(N64:N64)","v":0},{"$f":"SUM(O64:O64)","v":0},null,{"$f":"SUM(Q64:Q64)","v":0},{"$f":"SUM(R64:R64)","v":0}]
[]
[]
["Net Fixed Assets",null,null,2014,2015,2016,2017,2018]
[null,"Enter applicable amortization in years:",25]
["Opening Gross Fixed Assets",null,null,null,{"$f":"D72","v":0},{"$f":"E72","v":0},{"$f":"F72","v":0},{"$f":"G72","v":0}]
["Gross Capital Additions",null,null,{"$f":"'App.2-FA Proposed REG Inves (2'!C90","v":0},{"$f":"'App.2-FA Proposed REG Inves (2'!D90","v":0},{"$f":"'App.2-FA Proposed REG Inves (2'!E90","v":0},{"$f":"'App.2-FA Proposed REG Inves (2'!F90","v":0},{"$f":"'App.2-FA Proposed REG Inves (2'!G90","v":0}]
["Closing Gross Fixed Assets",null,null,{"$f":"SUM(D70:D71)","v":0},{"$f":"SUM(E70:E71)","v":0},{"$f":"SUM(F70:F71)","v":0},{"$f":"SUM(G70:G71)","v":0},{"$f":"SUM(H70:H71)","v":0}]
[]
["Opening Accumulated Amortization",null,null,null,{"$f":"D77","v":0},{"$f":"E77","v":0},{"$f":"F77","v":0},{"$f":"G77","v":0}]
["Current Year Amortization (before additions)",null,null,null,{"$f":"E70/$C$69","v":0},{"$f":"F70/$C$69","v":0},{"$f":"G70/$C$69","v":0},{"$f":"H70/$C$69","v":0}]
["Additions (half year)",null,null,{"$f":"D71/C69/2","v":0},{"$f":"E71/C69/2","v":0},{"$f":"F71/C69/2","v":0},{"$f":"G71/C69/2","v":0},{"$f":"H71/C69/2","v":0}]
["Closing Accumulated Amortization",null,null,{"$f":"SUM(D74+D76)","v":0},{"$f":"SUM(E74:E76)","v":0},{"$f":"SUM(F74:F76)","v":0},{"$f":"SUM(G74:G76)","v":0},{"$f":"SUM(H74:H76)","v":0}]
[]
["Opening Net Fixed Assets",null,null,{"$f":"D70-D74","v":0},{"$f":"D80","v":0},{"$f":"E80","v":0},{"$f":"F80","v":0},{"$f":"G80","v":0}]
["Closing Net Fixed Assets",null,null,{"$f":"D72-D77","v":0},{"$f":"E72-E77","v":0},{"$f":"F72-F77","v":0},{"$f":"G72-G77","v":0},{"$f":"H72-H77","v":0}]
["Average Net Fixed Assets",null,null,{"$f":"SUM(D79:D80)/2","v":0},{"$f":"SUM(E79:E80)/2","v":0},{"$f":"SUM(F79:F80)/2","v":0},{"$f":"SUM(G79:G80)/2","v":0},{"$f":"SUM(H79:H80)/2","v":0}]
[]
["UCC for PILs Calculation"]
[null,null,null,2014,2015,2016,2017,2018]
[]
["Opening UCC",null,null,null,{"$f":"D94","v":0},{"$f":"E94","v":0},{"$f":"F94","v":0},{"$f":"G94","v":0}]
["Capital Additions (from Appendix 2-FA)",null,null,{"$f":"D71","v":0},{"$f":"E71","v":0},{"$f":"F71","v":0},{"$f":"G71","v":0},{"$f":"H71","v":0}]
["UCC Before Half Year Rule",null,null,{"$f":"SUM(D86:D87)","v":0},{"$f":"SUM(E86:E87)","v":0},{"$f":"SUM(F86:F87)","v":0},{"$f":"SUM(G86:G87)","v":0},{"$f":"SUM(H86:H87)","v":0}]
["Half Year Rule (1/2 Additions - Disposals)",null,null,{"$f":"D87/2","v":0},{"$f":"E87/2","v":0},{"$f":"F87/2","v":0},{"$f":"G87/2","v":0},{"$f":"H87/2","v":0}]
["Reduced UCC",null,null,{"$f":"D88-D89","v":0},{"$f":"E88-E89","v":0},{"$f":"F88-F89","v":0},{"$f":"G88-G89","v":0},{"$f":"H88-H89","v":0}]
["CCA Rate Class (to be entered)",null,47,{"$f":"C91","v":47},{"$f":"C91","v":47},{"$f":"C91","v":47},{"$f":"C91","v":47},{"$f":"C91","v":47}]
["CCA Rate  (to be entered)",null,0.08,{"$f":"C92","v":0.08},{"$f":"C92","v":0.08},{"$f":"C92","v":0.08},{"$f":"C92","v":0.08},{"$f":"C92","v":0.08}]
["CCA",null,null,{"$f":"D90*D$92","v":0},{"$f":"E90*E$92","v":0},0,0,0]
["Closing UCC",null,null,{"$f":"D88-D93","v":0},{"$f":"E88-E93","v":0},{"$f":"F88-F93","v":0},{"$f":"G88-G93","v":0},{"$f":"H88-H93","v":0}]

{"sheet":"App.2-G SQI","index":35,"n_rows":37,"n_cols":11,"rows_kept":37,"cut":false,"hidden":false,"merged":[[35,0,35,1],[36,0,36,1],[28,0,28,1],[29,0,29,1],[30,0,30,1],[31,0,31,1],[32,0,32,1],[25,0,25,1],[26,0,26,1],[27,0,27,1],[33,0,33,1],[34,0,34,1],[8,0,8,10],[9,0,9,10],[10,0,10,10],[12,0,13,0],[12,1,12,5],[12,6,12,10],[18,1,18,4],[18,6,18,9],[21,0,21,10],[22,0,22,10],[17,0,17,10],[19,1,19,4],[19,6,19,9]]}
[null,null,null,null,null,null,null,null,"File Number:",null,{"$f":"EBNUMBER","v":"EB-2015-0108"}]
[null,null,null,null,null,null,null,null,"Exhibit:",null,2]
[null,null,null,null,null,null,null,null,"Tab:"]
[null,null,null,null,null,null,null,null,"Schedule:",null,"Table 2-36"]
[null,null,null,null,null,null,null,null,"Page:",null,94]
[]
[null,null,null,null,null,null,null,null,"Date:",null,"2015-05-01"]
[]
["Appendix 2-G"]
["Service Reliability Indicators"]
["2009 - 2013"]
[]
["Index","Includes outages caused by loss of supply",null,null,null,null,"Excludes outages caused by loss of supply"]
[null,2010,2011,2012,2013,2014,2010,2011,2012,2013,2014]
["SAIDI ",0.79,1.04,3.37,9.08,0.9657,0.76,0.75,1.66,5.17,0.81130000000000002]
["SAIFI",0.91,0.94,2.1,3.95,1.7112000000000001,0.85,0.85,1.39,3.14,1.2110000000000001]
[]
["5 Year Historical Average"]
["SAIDI ",null,null,null,null,{"$f":"IF(ISERROR(AVERAGE(B15:F15)), \"\", AVERAGE(B15:F15))","v":3.0491400000000004},null,null,null,null,{"$f":"IF(ISERROR(AVERAGE(G15:K15)), \"\", AVERAGE(G15:K15))","v":1.8302599999999998}]
["SAIFI",null,null,null,null,{"$f":"IF(ISERROR(AVERAGE(B16:F16)), \"\", AVERAGE(B16:F16))","v":1.9222399999999999},null,null,null,null,{"$f":"IF(ISERROR(AVERAGE(G16:K16)), \"\", AVERAGE(G16:K16))","v":1.4882000000000002}]
[]
["SAIDI = System Average Interruption Duration Index"]
["SAIFI = System Average Interruption Frequency Index "]
[]
[]
["Indicator",null,"OEB Minimum Standard",2010,2011,2012,2013,2014]
["Low Voltage Connections",null,0.9,1,1,1,1,1]
["High Voltage Connections",null,0.9,1,1,1,1,1]
["Telephone Accessibility",null,0.65,0.88700000000000001,0.91500000000000004,0.876,0.95099999999999996,0.88800000000000001]
["Appointments Met",null,0.9,0.96899999999999997,0.997,1,0.999,0.996]
["Written Response to Enquires",null,0.8,1,0.998,1,0.999,0.99960000000000004]
["Emergency Urban Response",null,0.8,0.89500000000000002,0.97,0.98599999999999999,0.98,0.93]
["Emergency Rural Response",null,0.8,1,1,1,0.96899999999999997,1]
["Telephone Call Abandon Rate",null,0.1,3.4000000000000002E-2,3.7999999999999999E-2,4.1000000000000002E-2,9.7000000000000003E-2,4.5999999999999999E-2]
["Appointment Scheduling",null,0.9,1,0.997,1,1,1]
["Rescheduling a Missed Appointment",null,1,0.93899999999999995,1,1,1,1]
["Reconnection Performance Standard",null,0.85,null,1,1,1,1]

{"sheet":"App.2-H_Other_Oper_Rev","index":36,"n_rows":66,"n_cols":8,"rows_kept":66,"cut":false,"hidden":false,"merged":[[45,0,45,7],[32,0,32,1],[33,0,33,1],[8,0,8,7],[9,0,9,7],[30,0,30,7],[31,0,31,1],[40,2,40,7],[41,2,42,7],[34,0,34,1],[35,0,35,1],[38,0,38,1],[39,0,39,1],[40,0,40,1],[41,0,41,1],[71,1,71,7],[69,1,69,7],[70,1,70,7],[55,0,55,1],[48,0,49,7],[54,0,54,1],[60,0,60,1],[56,0,56,1],[57,0,57,1],[58,0,58,1],[59,0,59,1],[65,1,65,7]]}
[null,null,null,null,null,null,"File Number:",{"$f":"EBNUMBER","v":"EB-2015-0108"}]
[null,null,null,null,null,null,"Exhibit:",3]
[null,null,null,null,null,null,"Tab:"]
[null,null,null,null,null,null,"Schedule:","Table 3-37"]
[null,null,null,null,null,null,"Page:",39]
[]
[null,null,null,null,null,null,"Date:","2015-05-01"]
[]
["Appendix 2-H"]
["Other Operating Revenue"]
[]
["USoA #","USoA Description","2011 Actual","2012 Actual","2013 Actual","2014 Actual","2015 Bridge","2016 Test"]
[null,null,null,null,null,null,{"$f":"BridgeYear","v":2015},{"$f":"TestYear","v":2016}]
[null,"Reporting Basis","CGAAP","CGAAP","CGAAP","MIFRS","MIFRS","MIFRS"]
[4235,"Specific Service Charges",439354,281155,291961,304027,305900,315500]
[4225,"Late Payment Charges",167150,209156,216221,233180,238000,242900]
[4086,"SSS Administration Charge Revenue",138917,148562,151303,154071,155658,156000]
[4082,"Retail Services Revenue",25192,23514,37451,34644,29000,29000]
[4210,"Rent from Electric Property",251349,253499,251214,254994,251083,256383]
[4220,"Other Electric Revenues",2877,3116,3350,1574,4100,4300]
[4305,"Regulatory Debits",0,0,-5421,-745463,-30611,0]
[4310,"Regulatory Credits",0,0,0,0,0,7776]
[4335,"Profits and Losses from Financial Instrument Hedges",0,0,0,-3459331,0,0]
[4355,"Gain on Disposition of Utility and Other Property",68727,48658,481230,175,0,0]
[4360,"Loss on Disposition of Utility and Other Property",-40,-17218,-61105,0,-24201,-10987]
[4375,"Revenues for Non-Utility Operations",1858312,2303549,2513260,2448091,2823309,3058784]
[4380,"Expenses for Non-Utility Operations",-1823912,-2117429,-2423085,-2388745,-2778398,-3010050]
[4390,"Miscellaneous Non-Operating Income",137599,118298,140971,158307,120000,125000]
[4405,"Interest and Dividend Income",195279,-80241,27410,125089,68621,7000]
[null,null,{"$f":"SUM(C15:C29)","v":1460804},{"$f":"SUM(D15:D29)","v":1174619},1624760,-2879387,1162461,1181606]
[]
["Specific Service Charges",null,{"$f":"C15","v":439354},281155,291961,304027,305900,315500]
["Late Payment Charges",null,167150,209156,216221,233180,238000,242900]
["Other Distribution Revenues:",null,{"$f":"+C17+C18+C19+C20","v":418335},{"$f":"+D17+D18+D19+D20","v":428691},443318,445283,439841,445683]
["Other Income or Deductions",null,{"$f":"+C21+C22+C23+C24+C25+C26+C27+C28+C29","v":435965},{"$f":"+D21+D22+D23+D24+D25+D26+D27+D28+D29","v":255617},673260,-3861877,178720,177523]
["Total",null,{"$f":"SUM(C32:C35)","v":1460804},1174619,1624760,-2879387,1162461,1181606]
[]
["Description",null,"Account(s)"]
["Specific Service Charges:",null,4235]
["Late Payment Charges:",null,4225]
["Other Distribution Revenues:",null,"4080, 4082, 4084, 4090, 4205, 4210, 4215, 4220, 4240, 4245"]
["Other Income and Expenses:",null,"4305, 4310, 4315, 4320, 4325, 4330, 4335, 4340, 4345, 4350, 4355, 4360, 4365, 4370, 4375, 4380, 4385, 4390, 4395, 4398, 4405, 4415"]
[]
[]
["Note: Add all applicable accounts listed above to the table and include all relevant information."]
[]
["Account Breakdown Details"]
[]
["For each \"Other Operating Revenue\" and \"Other Income or Deductions\" Account, a detailed breakdown of the account components is required.  See the example below for Account 4405, Interest and Dividend Income."]
[]
[]
["Account 4405 - Interest and Dividend Income"]
[null,null,{"$f":"C12","v":"2011 Actual"},"2012 Actual","2013 Actual","2014 Actual","2015 Bridge","2016 Test"]
[null,null,null,null,null,{"$f":"F13","v":0},{"$f":"G13","v":2015},{"$f":"H13","v":2016}]
["Reporting Basis",null,{"$f":"IF(C14=0, \"\", C14)","v":"CGAAP"},"CGAAP","CGAAP","MIFRS","MIFRS","MIFRS"]
["Short-term Investment Interest",null,0,0,0,0,0,0]
["Bank Deposit Interest",null,6645.59,6576.71,13938.69,12881.76,7000,7000]
["Miscellaneous Interest Revenue",null,1521.68,252.16,0,807.94,100,0]
["Regulatory Interest Income",null,187111.8,-87070.262782103149,13471.75,111399.528145,61520.748246221337,0]
[]
["Total",null,{"$f":"SUM(C56:C60)","v":195279.06999999998},-80241.392782103154,27410.440000000002,125089.228145,68620.748246221337,7000]
[]
[]
["Notes:"]
[1,"List and specify any other interest revenue."]
[2,"In the transition year to IFRS, the applicant is to present information in both MIFRS and CGAAP.  For the typical applicant that is adopting IFRS on January 1, 2015, 2014 must be presented in both a CGAAP and MIFRS basis."]

{"sheet":"App.2-I LF_CDM_WF_OLD","index":37,"n_rows":77,"n_cols":12,"rows_kept":77,"cut":false,"hidden":true,"merged":[[69,1,69,5],[76,0,76,5],[13,0,13,5],[38,0,38,5],[43,0,43,1],[47,0,47,1],[19,0,19,5],[20,0,20,5],[27,0,27,5],[62,0,62,5],[64,0,64,5],[66,0,66,5],[35,0,35,5],[52,0,52,5],[49,0,49,5],[50,0,50,5],[9,0,9,5],[8,0,8,5],[15,0,15,5],[17,0,17,5],[58,0,58,5],[36,0,36,5],[40,0,40,4]]}
[null,null,null,null,"File Number:",{"$f":"EBNUMBER","v":"EB-2015-0108"},null,{"$f":"'LDC Info'!$E$16","v":"EB-2015-0108"}]
[null,null,null,null,"Exhibit:"]
[null,null,null,null,"Tab:"]
[null,null,null,null,"Schedule:"]
[null,null,null,null,"Page:"]
[]
[null,null,null,null,"Date:"]
[]
["Appendix 2-I"]
["Load Forecast CDM Adjustment Work Form (2015)"]
[]
["Input the 2011-2014 CDM target in Cell B21."]
[]
["Input the measured results for 2011 CDM programs for each of the years 2011 and persistence into 2012, 2013 and 2014 into cells B29 to E29.  These results are taken from the final 2011 CDM Report issued by the OPA for that distributor in the fall of 2012."]
[]
["Measured results for 2012 CDM programs for each of the years 2012 and persistence into 2013 and 2014 are input into cells C30 to E30.  These results are taken from the final 2012 CDM Report issued by the OPA for that distributor in the fall of 2013.  Until that report is issued, the distributor should use the results from the preliminary 2012 CDM Report issued in the spring of 2013."]
[]
["\tBased on these inputs, the residual kWh to achieve the 4 year CDM target is allocated so that there is an equal incremental increase in each of the years 2012, 2013 and 2014.\r\n"]
[]
["4 Year (2011-2014) kWh Target:"]
[100000]
[null,2011,2012,2013,2014,"Total",null,null,{"$f":"B22","v":2011},{"$f":"C22","v":2012},{"$f":"D22","v":2013},{"$f":"E22","v":2014}]
["2011 CDM Programs",{"$f":"B29/$F$33","v":0.1},{"$f":"C29/$F$33","v":0.1},0.1,9.5000000000000001E-2,{"$f":"SUM(B23:E23)","v":0.39500000000000002},null,{"$f":"A23","v":"2011 CDM Programs"},{"$f":"50%","v":0.5},1,1,1]
["2012 CDM Programs",null,0.12,0.1195,0.11,{"$f":"SUM(B24:E24)","v":0.34949999999999998},null,{"$f":"A24","v":"2012 CDM Programs"},null,0.5,1,1]
["2013 CDM Programs",null,null,8.5166666666666654E-2,8.5166666666666654E-2,0.17033333333333331,null,{"$f":"A25","v":"2013 CDM Programs"},null,null,0.5,1]
["2014 CDM Programs",null,null,null,8.5166666666666654E-2,8.5166666666666654E-2,null,{"$f":"A26","v":"2014 CDM Programs"},null,null,null,0.5]
["Total in Year",{"$f":"SUM(B23:B26)","v":0.1},{"$f":"SUM(C23:C26)","v":0.22},0.30466666666666664,0.37533333333333335,{"$f":"SUM(B27:E27)","v":1}]
["kWh"]
["2011 CDM Programs",10000,10000,10000,9500,{"$f":"SUM(B29:E29)","v":39500}]
["2012 CDM Programs",null,12000,11950,11000,{"$f":"SUM(B30:E30)","v":34950}]
["2013 CDM Programs",null,null,{"$f":"(A21-SUM(F29:F30))/3","v":8516.6666666666661},{"$f":"D31","v":8516.6666666666661},17033.333333333332]
["2014 CDM Programs",null,null,null,{"$f":"D31","v":8516.6666666666661},8516.6666666666661]
["Total in Year",{"$f":"SUM(B29:B32)","v":10000},{"$f":"SUM(C29:C32)","v":22000},30466.666666666664,37533.333333333328,{"$f":"A21","v":100000}]
[]
[null,null,null,null,"Check",{"$f":"SUM(F29:F32)","v":100000}]
["From each of the 2006-2010 CDM Final Report, 2011 CDM Final Report, and the 2012 CDM Final Report, issued by the OPA for the distributor, the distributor should input the \"gross\" and \"net\" results of the cumulative CDM savings for 2014 into cells D31 to E33.  The model will calculate the cumulative savings for all programs from 2006 to 2012 and determine the \"net\" to \"gross\" factor \"g\"."]
["The Board has determined that the \"net\" number should be used in its Decision and Order with respect to Centre Wellington Hydro Ltd.'s 2013 Cost of Service rates (EB-2012-0113).  This approach has also been used in Settlement Agreements accepted by the Board in other 2013 applications.  The distributor should select whether the adjustment is done on a \"net\" or \"gross\" basis, but must support a proposal for the adjustment being done on a \"gross\" basis."]
[]
["Net-to-Gross Conversion"]
[]
["Is CDM adjustment being done on a \"net\" or \"gross\" basis?",null,null,null,null,"net"]
[]
[null,null,"\"Gross\"","\"Net\"","Difference","\"Net-to-Gross\" Conversion Factor"]
["Persistence of Historical CDM programs to 2014",null,"kWh","kWh","kWh","('g')"]
["2006-2010 CDM programs"]
["2011 CDM program"]
["2012 CDM program"]
["2006 to 2011 OPA CDM programs:  Persistence to 2014",null,{"$f":"SUM(C45:C47)","v":0},{"$f":"SUM(D45:D47)","v":0},{"$f":"C48-D48","v":0},{"$f":"IF(D48=0,0,IF(F41=\"net\",0,E48/D48))","v":0}]
[]
["The default values represent the factor that each year's CDM program is factored into the manual CDM adjustment.  Distributors can choose alternative weights of \"0\", \"0.5\" or \"1\" from the drop-down menu for each cell, but must support its alternatives."]
["These factors do not mean that CDM programs are excluded, but also reflect the assumption that impacts of 2011 and 2012 programs are already implicitly reflected in the actual data for those years that are the basis for the load forecast prior to any manual CDM adjustment."]
[]
["Weight Factor for Inclusion in CDM Adjustment to 2014 Load Forecast"]
[null,2011,2012,2013,2014]
["Weight Factor for each year's CDM program impact on 2014 load forecast",0,0,1,0.5,"Utility can select \"0\", \"0.5\", or \"1\" from drop-down list"]
["Default Value selection rationale.  ","Persistence of 2011 CDM programs for the full year of 2012 means that all of 2011 CDM impact is assumed to be in the base forecast before the CDM Adjustment","50% of 2012 CDM impact is assumed reflected in base forecast based on 1/2 year rule.","Full year impact of 2013 CDM programs on adjustment for 2014 load forecast","Only 50% of 2014 CDM impact is used based on a half year rule"]
[]
[]
["The Amount used for the CDM threshold of the LRAMVA is the kWh that will be used to determine the base amount for the LRAMVA balance for 2014, for assessing performance against the four-year target.  The base amount for 2011-2013 is 0 (zero) for 2014 Cost of Service applications, as the utility rebased prior to the 2011-2014 CDM programs, and there was no adjustment to reflect the impacts of the 2011-2014 programs on the load forecast used to determine their last cost of service-based rates."]
[]
["The proposed loss factor should correspond with the loss factor calculated in Appendix 2-R "]
[]
["The Manual Adjustment for the 2014 Load Forecast is the amount manually subtracted from the load forecast derived from the base forecast from historical data, and is intended to reflect the further CDM savings that the distributor needs to achieve assuming that they meet 100% of the 2011-2014 CDM target that is a condition of their target. "]
[]
["If the distributor has developed their load forecast on a system purchased basis, then the manual adjustment should be on system purchased basis, including the adjustment for losses.  If the load forecast has been developed on a billed basis, either on a system basis or on a class-specific basis, the manual adjustment should be on a billed basis, excluding losses."]
[]
["The distributor should determine the allocation of the savings to all customer classes in a reasonable manner, for both the LRAMVA and for the load forecast adjustment."]
[]
[null,2011,2012,2013,2014,"Total for 2014"]
[null,"kWh"]
["Amount used for CDM threshold for LRAMVA (2014)",{"$f":"E29","v":9500},{"$f":"E30","v":11000},{"$f":"E31","v":8516.6666666666661},{"$f":"E32","v":8516.6666666666661},{"$f":"SUM(B71:E71)","v":37533.333333333328}]
[]
["Manual Adjustment for 2014 Load Forecast (billed basis)",{"$f":"B71*(1+F48)*B55","v":0},{"$f":"C71*(1+F48)*C55","v":0},{"$f":"D71*(1+F48)*D55","v":8516.6666666666661},{"$f":"E71*(1+F48)*E55","v":4258.333333333333},{"$f":"SUM(B73:E73)","v":12775}]
[]
["Proposed Loss Factor (TLF)",4.7899999999999998E-2," Format: X.XX%"]
["Manual Adjustment for 2014 Load Forecast (system purchased basis)",{"$f":"B73*(1+$B75)","v":0},{"$f":"C73*(1+$B75)","v":0},8924.6149999999998,4462.3074999999999,{"$f":"SUM(B76:E76)","v":13386.922500000001}]
["Manual adjustment uses \"gross\" versus \"net\" (i.e. numbers multiplied by (1 + g).  The Weight factor is also used calculate the impact of each year's program on the CDM adjustment to the 2014 load forecast."]

{"sheet":"App.2-I LF_CDM_WF","index":38,"n_rows":125,"n_cols":15,"rows_kept":125,"cut":false,"hidden":false,"merged":[[17,0,17,8],[8,0,8,8],[9,0,9,8],[11,0,11,8],[13,0,13,8],[15,0,15,8],[50,0,50,7],[19,0,19,8],[21,0,21,8],[23,0,23,8],[25,0,25,8],[27,0,27,8],[29,0,29,8],[31,0,31,7],[32,0,32,7],[39,0,39,5],[46,0,46,5],[48,0,48,8],[90,0,90,8],[51,0,51,7],[53,0,53,7],[61,0,61,7],[70,0,70,8],[72,0,72,8],[74,0,74,8],[76,0,76,5],[78,0,78,4],[81,0,81,1],[86,0,86,1],[88,0,88,8],[107,0,107,8],[109,0,109,8],[111,7,112,7],[124,0,124,8],[92,0,92,5],[97,0,97,8],[99,0,99,8],[101,0,101,8],[103,0,103,8],[105,0,105,8]]}
[null,null,null,null,null,null,null,"File Number:",{"$f":"EBNUMBER","v":"EB-2015-0108"}]
[null,null,null,null,null,null,null,"Exhibit:",3]
[null,null,null,null,null,null,null,"Tab:"]
[null,null,null,null,null,null,null,"Schedule:","Excel Model"]
[null,null,null,null,null,null,null,"Page:","Tab CDM Activity"]
[]
[null,null,null,null,null,null,null,"Date:","2015-05-01"]
[]
["Appendix 2-I"]
["Load Forecast CDM Adjustment Work Form (2015)"]
[]
["The 2014 bridge year is the last year of the current four year (2011-2014) CDM program, and 2015 is the first year of a new six year (2015-2020) CDM program, per the Ministirial directives of March 31, 2014.  Thus, with 2015, there is a need to recognize the final year of the current 2011-2014 CDM program, as well as to estimate reasonable impacts each year for the new 2015-2020 CDM program.  These are combined to estimate the adjustment for CDM program impacts on the 2015 load forecast.  "]
[]
["Appendix 2-I was developed to help determine what would be the amount of CDM savings needed in each year to cumulatively achieve the four year 2011-2014 CDM target.  This then determined the amount of kWh (and with translation, kW of demand) savings that were converted in dollars balances for the LRAMVA, and also to determine the related adjustment to the load forecast to account for OPA-reported savings.  Beginning for the 2015 year, it has been adjusted because of the persistence of 2011-2014 CDM programs will be an adjustment to the load forecast in addition to the estimated savings for the first year (2015) for the new 2015-2020 CDM plan."]
[]
["It is assumed that the new six year (2015-2020) CDM program will work similar to the existing 2011-2014 CDM program, meaning that distributors will offer programs each year that, cumulatively over the six years (from January 1, 2015 to December 31, 2020) will cumulatively achieve the new six year CDM target.  This is the approach contemplated in the Ministerial directive letters of March 31, 2014 to the Board and to the OPA.  Thus, distributors will be able to offer programs on a basis so that cumulatively over the period, the impacts, including persistence, of the CDM programs will accumulate towards achieving each distributor's 2015-2020 CDM target."]
[]
["With this approach, it is necessary to account for estimated savings for the last year of the current program, particularly the estimated savings for new CDM programs offered in 2014, as well as the estimated savings for new CDM programs that the distributor will offer in 2015 towards achievement of the new six year (2015-2020) CDM program.   This necessitates expansion of this Appendix 2-I to deal with both the 2011-2014 and 2015-2020 CDM plans.  It is expected that this approach will be updated each year. "]
[]
["2011-2014 CDM Program - 2014, last year of the current CDM plan"]
[]
["Input the 2011-2014 CDM target in Cell B21."]
[]
["Input the measured results for 2011 CDM programs for each of the years 2011 and persistence into 2012, 2013 and 2014 into cells B31 to E31.  These results are taken from the final 2011 CDM Report issued by the OPA for that distributor in the fall of 2012."]
[]
["Measured results for 2012 CDM programs for each of the years 2012 and persistence into 2013 and 2014 are input into cells C32 to E32.  These results are taken from the final 2012 CDM Report issued by the OPA for that distributor in the fall of 2013."]
[]
["Measured results for 2013 CDM programs for each of the years 2013 and persistence into 2014 are input into cells C33 to E33.  These results are taken from the final 2013 CDM Report issued by the OPA for that distributor in the fall of 2014.  Until that report is issued, the distributor should use the results from the preliminary 2013 CDM Report issued in the spring of 2014."]
[]
["\tBased on these inputs, the residual kWh to achieve the 4 year CDM target icalculated for 2014 CDM under the assumption that the distributor will at least  achieve the 2011-2014 CDM target that is currently a condition of the utility's Distribution Licence.   If the distributor has met its cumulative kWh savings target by the end of 2013, the incremental savings for 2014 are assumed to be zero.  Any further savings for 2014 CDM savings and any further compensation for meeting or exceeding the four-year (2011-2014) targets will be dealt with through the disposition of the 2011-2014 LRAMVA balance, which will occur in the next cost of service application filed after the final 2014 CDM Reports issued by the OPA in the fall of 2015.\r\n"]
[]
["4 Year (2011-2014) kWh Target:"]
[66490000]
[null,2011,2012,2013,2014,"Total",2015,2016,null,null,null,{"$f":"B34","v":2011},{"$f":"C34","v":2012},{"$f":"D34","v":2013},{"$f":"E34","v":2014}]
["2011 CDM Programs",{"$f":"B41/$F$45","v":9.690908439655771E-2},{"$f":"C41/$F$45","v":0.10613846704618732},0.10582643998849313,0.10298535151580392,{"$f":"SUM(B35:E35)","v":0.41185934294704207},null,null,null,null,{"$f":"A35","v":"2011 CDM Programs"},{"$f":"50%","v":0.5},1,1,1]
["2012 CDM Programs",null,0.10586123921666439,8.8714219245474846E-2,8.8270812374014671E-2,{"$f":"SUM(B36:E36)","v":0.28284627083615393},null,null,null,null,{"$f":"A36","v":"2012 CDM Programs"},null,0.5,1,1]
["2013 CDM Programs",null,null,9.804273000097799E-2,0.10379005287512051,0.20183278287609852,null,null,null,null,{"$f":"A37","v":"2013 CDM Programs"},null,null,0.5,1]
["2014 CDM Programs",null,null,null,0.10346160334070557,0.10346160334070557,null,null,null,null,{"$f":"A38","v":"2014 CDM Programs"},null,null,null,0.5]
["Total in Year",{"$f":"SUM(B35:B38)","v":9.690908439655771E-2},{"$f":"SUM(C35:C38)","v":0.21199970626285169},0.29258338923494598,0.39850782010564467,{"$f":"SUM(B39:E39)","v":1}]
["kWh"]
["2011 CDM Programs",5901003,6463000,6444000,6271000,{"$f":"SUM(B41:E41)","v":25079003},6221000,6171000]
["2012 CDM Programs",null,6446119,5402000,5375000,{"$f":"SUM(B42:E42)","v":17223119},5325000,5275000]
["2013 CDM Programs",null,null,5970033.1239999998,6320000,12290033.124,6270000,6220000]
["2014 CDM Programs",null,null,null,6300000,6300000,6250000,6200000]
["Total in Year",{"$f":"SUM(B41:B44)","v":5901003},{"$f":"SUM(C41:C44)","v":12909119},17816033.123999998,24266000,{"$f":"SUM(F41:F44)","v":60892155.123999998},{"$f":"SUM(G41:G44)","v":24066000},23866000]
[]
["2015-2020 CDM Program - 2015, first year of the current CDM plan"]
[]
["For the first year of the new 2015-2020 CDM plan, it is assumed that each year's program will achieve an equal amount of new CDM savings.  The new targets for 2015-2020 do not take into account persistence beyond the first year, but the OPA will encourage distributors to promote and implement  CDM plans that will have longer term persistence of savings.  This results in each year's program being about 1/6 (18.67%) of the cumulative 2015-2020 CDM target for kWh savings.  A distributor may propose an alternative approach but would be expected to document in its application why it believes that its proposal is more reasonable.  In its proposal, the distributor should ensure that the sum of the results for each year's CDM program from 2015 to 2020 add up to its 2015-2020 CDM target as established by the OPA."]
[]
["6 Year (2015-2020) kWh Target:"]
[82380000]
[null,2015,2016,2017,2018,2019,2020,"Total"]
["%"]
["2015 CDM Programs",{"$f":"B63/$H$69","v":8.4972080602087885E-2},null,null,null,null,null,{"$f":"SUM(B55:G55)","v":8.4972080602087885E-2}]
["2016 CDM Programs",null,{"$f":"C64/$H$69","v":9.7110949259529011E-2},null,null,null,null,{"$f":"SUM(B56:G56)","v":9.7110949259529011E-2}]
["2017 CDM Programs",null,null,{"$f":"D65/$H$69","v":0.13011289147851421},null,null,null,{"$f":"SUM(B57:G57)","v":0.13011289147851421}]
["2018 CDM Programs",null,null,null,{"$f":"E66/$H$69","v":0.23590798737557658},null,null,{"$f":"SUM(E58:G58)","v":0.23590798737557658}]
["2019 CDM Programs",null,null,null,null,{"$f":"F67/$H$69","v":0.23289390628793397},null,{"$f":"SUM(F59:G59)","v":0.23289390628793397}]
["2020 CDM Programs",null,null,null,null,null,{"$f":"G68/$H$69","v":0.23282228696285506},{"$f":"SUM(B60:G60)","v":0.23282228696285506}]
["Total in Year",{"$f":"SUM(B55:B60)","v":8.4972080602087885E-2},{"$f":"SUM(C55:C60)","v":9.7110949259529011E-2},{"$f":"SUM(D55:D60)","v":0.13011289147851421},{"$f":"SUM(E55:E58)","v":0.23590798737557658},{"$f":"SUM(F55:F59)","v":0.23289390628793397},{"$f":"SUM(G55:G60)","v":0.23282228696285506},{"$f":"SUM(B61:G61)","v":1.0138201019664967}]
["kWh"]
[{"$f":"A55","v":"2015 CDM Programs"},7000000,6950000,null,null,null,null,{"$f":"B63","v":7000000}]
["2016 CDM Programs",null,8000000,null,null,null,null,{"$f":"C64","v":8000000}]
["2017 CDM Programs",null,null,10718700,null,null,null,{"$f":"D65","v":10718700}]
["2018 CDM Programs",null,null,null,19434100,null,null,{"$f":"E66","v":19434100}]
["2019 CDM Programs",null,null,null,null,19185800,null,{"$f":"F67","v":19185800}]
["2020 CDM Programs",null,null,null,null,null,19179900,{"$f":"G68","v":19179900}]
["Total in Year",{"$f":"SUM(B63:B68)","v":7000000},{"$f":"SUM(C63:C68)","v":14950000},10718700,{"$f":"SUM(E63:E66)","v":19434100},{"$f":"SUM(F63:F67)","v":19185800},{"$f":"SUM(G63:G68)","v":19179900},{"$f":"A52","v":82380000}]
[]
["Determination of 2015 Load Forecast Adjustment"]
[]
["The Board has determined that the \"net\" number should be used in its Decision and Order with respect to Centre Wellington Hydro Ltd.'s 2013 Cost of Service rates (EB-2012-0113).  This approach has also been used in Settlement Agreements accepted by the Board in other 2013 and 2-14 applications.  The distributor should select whether the adjustment is done on a \"net\" or \"gross\" basis, but must support a proposal for the adjustment being done on a \"gross\" basis.  Sheet 2-I defaults to the adjustment being done on a \"net\" basis consistent with Board policy and practice."]
[]
["From each of the 2006-2010 CDM Final Report,  and the 2011, 2012 and 2013 CDM Final Reports, issued by the OPA for the distributor, the distributor should input the \"gross\" and \"net\" results of the cumulative CDM savings for 2014 into cells D31 to E33.  The model will calculate the cumulative savings for all programs from 2006 to 2012 and determine the \"net\" to \"gross\" factor \"g\"."]
[]
["Net-to-Gross Conversion"]
[]
["Is CDM adjustment being done on a \"net\" or \"gross\" basis?",null,null,null,null,"net"]
[]
[null,null,"\"Gross\"","\"Net\"","Difference","\"Net-to-Gross\" Conversion Factor"]
["Persistence of Historical CDM programs to 2014",null,"kWh","kWh","kWh","('g')"]
["2006-2010 CDM programs"]
["2011 CDM program"]
["2012 CDM program"]
["2013 CDM program"]
["2006 to 2013 OPA CDM programs:  Persistence to 2015",null,{"$f":"SUM(C83:C86)","v":0},{"$f":"SUM(D83:D86)","v":0},{"$f":"C87-D87","v":0},{"$f":"IF(D87=0,0,IF(F79=\"net\",0,E87/D87))","v":0}]
[]
["The default values represent the factor that each year's CDM program is factored into the manual CDM adjustment.  Distributors can choose alternative weights of \"0\", \"0.5\" or \"1\" from the drop-down menu for each cell, but must support its alternatives."]
[]
["These factors do not mean that CDM programs are excluded, but also reflect the assumption that impacts of 2011 and 2012 programs are already implicitly reflected in the actual data for those years that are the basis for the load forecast prior to any manual CDM adjustment."]
[]
["Weight Factor for Inclusion in CDM Adjustment to 2014 Load Forecast"]
[null,2011,2012,2013,2014,2015,2016]
["Weight Factor for each year's CDM program impact on 2014 load forecast",0,0,0,0.5,1,0.5,"Distributor can select \"0\", \"0.5\", or \"1\" from drop-down list"]
["Default Value selection rationale.  "]
[]
["2011-2014 and 2015-2020 LRAMVA and 2015 CDM adjustment to Load Forecast"]
[]
["One manual adjustment for CDM impacts to the 2015 load forecast is made.  However, the distributor will have two associated annualized CDM impacts, one for the 2011-2014 CDM program and the second for the 2015-2020 CDM plan.  In addition, the distributor needs to reflect the CDM adjustment that was explicitly factored into its 2011 load forecast in its 2011 cost of service application (assuming that it rebased in that year).  this amount, and equal persistence for 2012, 2013 and 2014 is used as an offset to determine what the net balance of the 2011-2014 LRAMVA balance should be for disposition."]
[]
["The Amount used for the CDM threshold of the LRAMVA is the kWh that will be used to determine the base amount for the LRAMVA balance for 2014, for assessing performance against the four-year target.  The base amount for 2011-2013 is 0 (zero) for 2014 Cost of Service applications, as the utility rebased prior to the 2011-2014 CDM programs, and there was no adjustment to reflect the impacts of the 2011-2014 programs on the load forecast used to determine their last cost of service-based rates."]
[]
["The proposed loss factor should correspond with the loss factor calculated in Appendix 2-R "]
[]
["The Manual Adjustment for the 2015 Load Forecast is the amount manually subtracted from the load forecast derived from the base forecast from historical data, and is intended to reflect the further CDM savings that the distributor needs to achieve assuming that they meet 100% of the 2011-2014 CDM target that is a condition of their target. "]
[]
["If the distributor has developed their load forecast on a system purchased basis, then the manual adjustment should be on system purchased basis, including the adjustment for losses.  If the load forecast has been developed on a billed basis, either on a system basis or on a class-specific basis, the manual adjustment should be on a billed basis, excluding losses."]
[]
["The distributor should determine the allocation of the savings to all customer classes in a reasonable manner (e.g. taking into account what programs and what OPA-measured impacts were directed at specific customer classes), for both the LRAMVA and for the load forecast adjustment."]
[]
[null,2011,2012,2013,2014,2015,2016,"Total for 2016"]
[null,"kWh"]
["Amount used for CDM threshold for LRAMVA (2015)",null,null,null,null,{"$f":"-F116","v":6649000}]
[]
["2011 CDM adjustment (per Board Decision in 2011 Cost of Service Application) (enter as negative)",-6649000,{"$f":"B116","v":-6649000},{"$f":"B116","v":-6649000},{"$f":"B116","v":-6649000},{"$f":"C116","v":-6649000}]
[]
["Amount used for CDM threshold for LRAMVA (2016)",null,null,null,{"$f":"H44","v":6200000},{"$f":"C63","v":6950000},{"$f":"C64","v":8000000},{"$f":"SUM(E118:G118)","v":21150000}]
[]
["Manual Adjustment for 2016 Load Forecast (billed basis)",{"$f":"B114*(1+F87)*B95","v":0},{"$f":"C114*(1+F87)*C95","v":0},{"$f":"D114*(1+F87)*D95","v":0},{"$f":"E118*E95","v":3100000},{"$f":"F118*F95","v":6950000},{"$f":"G118*G95","v":4000000},{"$f":"SUM(E120:G120)","v":14050000}]
[]
["Proposed Loss Factor (TLF)",3.6200000000000003E-2," Format: X.XX%"]
["Manual Adjustment for 2016 Load Forecast (system purchased basis)",{"$f":"B120*(1+$B122)","v":0},{"$f":"C120*(1+$B122)","v":0},0,3212220,7201590,4144800,{"$f":"SUM(E123:G123)","v":14558610}]
[]
["Manual adjustment uses \"gross\" versus \"net\" (i.e. numbers multiplied by (1 + g).  The Weight factor is also used calculate the impact of each year's program on the CDM adjustment to the 2014 load forecast."]

{"sheet":"App.2-IA_Act_Frcst_Data","index":39,"n_rows":114,"n_cols":7,"rows_kept":114,"cut":false,"hidden":false,"merged":[[8,0,8,6],[9,0,9,6]]}
[null,null,null,null,null,"File Number:",{"$f":"EBNUMBER","v":"EB-2015-0108"}]
[null,null,null,null,null,"Exhibit:",3]
[null,null,null,null,null,"Tab:"]
[null,null,null,null,null,"Schedule:","Table 3-27"]
[null,null,null,null,null,"Page:",27]
[]
[null,null,null,null,null,"Date:","2015-05-01"]
[]
["Appendix 2-IA"]
["Summary and Variances of Actual and Forecast Data"]
[]
["Replace \"Rate Class #\" with the appropriate rate classification."]
[]
[null,{"$f":"RebaseYear & \" Board Approved\"","v":"2011 Board Approved"},{"$f":"RebaseYear","v":2011},{"$f":"RebaseYear+1","v":2012},{"$f":"RebaseYear+2","v":2013},{"$f":"RebaseYear+3&\" Bridge\"","v":"2014 Bridge"},{"$f":"RebaseYear+4 &\" Test\"","v":"2015 Test"}]
["Residential"]
["# of Customers",46613,46194,46876.5,47602,48190.5,48705]
["kWh",393848053.66683358,408768579.48301852,409922519.07816052,409442944.51723653,410104641.97000003,404568389.63494986]
["kW"]
["Variance Analysis"]
["# of Customers",null,-8.9889086735460057E-3,5.6529294402848989E-3,2.1217256988393794E-2,3.3842490292407698E-2,4.4880183639757147E-2]
["kWh",null,3.7883964836872348E-2,4.081387545696686E-2,3.9596211547093439E-2,4.1276294631427388E-2,2.7219471743752471E-2]
["kW",null,0,0,0,0,0]
[]
["GS < 50 kW"]
["# of Customers",5470.25951420206,5401.5,5453.5,5503,5546.5,5595.5]
["kWh",179687810.22845057,187070265.18729451,190189481.93352211,194737948.70414755,197096101.55000001,194995025.18158332]
["kW"]
["Variance Analysis"]
["# of Customers",null,-1.2569698754427355E-2,-3.0637512093436223E-3,5.9851796268418529E-3,1.3937270361671514E-2,2.2894797856077339E-2]
["kWh",null,4.1084895794868216E-2,5.8443985107949042E-2,8.3757147780712637E-2,9.6880758352038354E-2,8.5187831793773552E-2]
["kW",null,0,0,0,0,0]
[]
["GS > 50 kW"]
["# of Customers",668,666,668,670,683,694]
["kWh",705732689,725123828.05401099,716491036.71370065,705737127.583372,699842687.66858912,711599630.24831927]
["kW",1581207,1775934.1105933774,1801338.9912232563,1766194.5720479451,1726654.3667194992,1749824.0134108856]
["Variance Analysis"]
["# of Customers",null,-2.9940119760479044E-3,0,2.9940119760479044E-3,2.2455089820359281E-2,3.8922155688622756E-2]
["kWh",null,2.7476606024141512E-2,1.5244224734644042E-2,6.2893265979874141E-6,-8.3459380913144653E-3,8.3132627123061725E-3]
["kW",null,0.12315092874834059,0.13921769333379902,0.11699136928178608,9.1985025818567226E-2,0.10663816528189263]
[]
["Large User"]
["# of Customers",1,1,1,1,1,1]
["kWh",79638262.482273534,84249636.77408801,86740766.777832463,90202678.814972758,91205251.099502489,93142619.573401704]
["kW",153851.807669359,160630.4092067632,165061.06945578445,168360.64399864853,166648.90999999997,170072.65435918243]
["Variance Analysis"]
["# of Customers",null,0,0,0,0,0]
["kWh",null,5.7904004282375063E-2,8.9184571262335824E-2,0.13265503293785105,0.14524411076652533,0.16957121702817246]
["kW",null,4.4059290820761834E-2,7.2857524108622382E-2,9.4303970483533714E-2,8.3178108366091283E-2,0.10543162888721758]
[]
["Unmetered Scattered Load"]
["# of Customers",551.40973581281651,499,471.5,496,519,541]
["kWh",1648665.9189081476,2043853.1914563591,2250008.2896429896,2352595.6525390111,2544974,2829382.1646586121]
["kW"]
["Variance Analysis"]
["# of Customers",null,-9.5046808949720285E-2,-0.1449189787971806,-0.10048740929671596,-5.8776139969749154E-2,-1.8878404091780911E-2]
["kWh",null,0.23970124451285429,0.36474483025226212,0.4269693001824475,0.54365658367308589,0.71616464694824933]
["kW",null,0,0,0,0,0]
[]
["Street Lighting"]
["# of Customers",13373.919353601019,13677.5,13735.5,13840.5,13852.5,13808]
["kWh",7792005.6676361058,7939684.2810265999,8173988.9118281398,8074318.6435817797,7720856.5263360236,7639657.8944030702]
["kW",21835.28338443664,22236.633999999998,22349.085999999999,22476.001,21568.221999999994,21239.71699462146]
["Variance Analysis"]
["# of Customers",null,2.2699452447142204E-2,2.7036251441251817E-2,3.4887353068519221E-2,3.5784621825921209E-2,3.2457250183888835E-2]
["kWh",null,1.8952580335493522E-2,4.9022454613783399E-2,3.6231105056590697E-2,-9.1310433198987934E-3,-1.9551804725426229E-2]
["kW",null,1.8380829252228805E-2,2.3530842559596855E-2,2.9343224188243866E-2,-1.2230726743257956E-2,-2.7275413802949625E-2]
[]
["Embedded Distributor"]
["# of Customers",1,1,1,1,1,1]
["kWh",28618000,22030344.017499771,32083012.562475972,30731900.412149169,31728984.630911194,31553438.348883525]
["kW",71600,39512.080000000002,71506.52,71173.789999999994,72406.850000000006,71802.963370070749]
["Variance Analysis"]
["# of Customers",null,0,0,0,0,0]
["kWh",null,-0.23019274521281113,0.12107808241232693,7.3866112661582523E-2,0.10870726923304193,0.10257314797971642]
["kW",null,-0.4481553072625698,-1.3055865921787141E-3,-5.9526536312850056E-3,1.1268854748603433E-2,2.8346839395356018E-3]
[]
["Direct Market Participant"]
["# of Customers",null,0,2,2,2,2]
["kWh",null,0,3552539.1999999997,7094070.2614379087,7002713.4100000001,6912533.0445563188]
["kW",null,0,5848.1500000000005,13337.56,12738.060000000001,12785.136115664116]
["Variance Analysis"]
["# of Customers",null,0,0,0,0,0]
["kWh",null,0,0,0,0,0]
["kW",null,0,0,0,0,0]
[]
["Rate Class 9"]
["# of Customers"]
["kWh"]
["kW"]
["Variance Analysis"]
["# of Customers",null,0,0,0,0,0]
["kWh",null,0,0,0,0,0]
["kW",null,0,0,0,0,0]
[]
["Rate Class 10"]
["# of Customers"]
["kWh"]
["kW"]
["Variance Analysis"]
["# of Customers",null,0,0,0,0,0]
["kWh",null,0,0,0,0,0]
["kW",null,0,0,0,0,0]
[]
[]
["Totals"]
["Customers / Connections",66678.588603615892,66440,67209,68115.5,68795.5,69347.5]
["kWh",1396965486.964102,1437226190.9883945,1449403353.4671628,1448373584.589437,1447246210.8553388,1453240676.0907557]
["kW from applicable classes",1828494.0910537958,1998313.2338001407,2066103.8166790407,2041542.5670465936,2000016.4087194994,2025724.4842504244]
[]
["Totals - Variance"]
["Customers / Connections",null,-3.5781891700532101E-3,7.9547484056275413E-3,2.1549817212330534E-2,3.1747993482113254E-2,4.002651304228981E-2]
["kWh",null,2.8820113596211595E-2,3.7536980685914628E-2,3.6799833714614899E-2,3.5992817546629093E-2,4.0283879345474324E-2]
["kW from applicable classes",null,9.2873771688523704E-2,0.12994831472947552,0.1165158132231174,9.3805234867809742E-2,0.10786493331403715]

{"sheet":"App.2-JA_OM&A_Sumary_Analy","index":40,"n_rows":61,"n_cols":15,"rows_kept":61,"cut":false,"hidden":false,"merged":[[8,0,8,7],[9,0,9,7],[12,10,12,11],[58,0,59,14],[63,1,64,6]]}
[null,null,null,null,null,null,null,null,null,null,null,null,null,"File Number:",{"$f":"EBNUMBER","v":"EB-2015-0108"}]
[null,null,null,null,null,null,null,null,null,null,null,null,null,"Exhibit:",4]
[null,null,null,null,null,null,null,null,null,null,null,null,null,"Tab:"]
[null,null,null,null,null,null,null,null,null,null,null,null,null,"Schedule:","Table 4-6"]
[null,null,null,null,null,null,null,null,null,null,null,null,null,"Page:",17]
[]
[null,null,null,null,null,null,null,null,null,null,null,null,null,"Date:","2015-05-01"]
[]
["Appendix 2-JA"]
["Summary of Recoverable OM&A Expenses"]
[]
[]
[null,"2011 Board Approved","2011 Actual","2012 Actual","2013 Actual","2014 Actual","2015 Bridge","2016 Test"]
["Reporting Basis","CGAAP","CGAAP","CGAAP","CGAAP","MIFRS","MIFRS","MIFRS"]
["Operations",3877534.148923941,3567713,4464684,6122581,6246577.2200000007,5876324,5799381]
["Maintenance",1559180.4370784094,1287857,1266289,1283983,1845658.78,1607062,1613140]
["SubTotal",{"$f":"SUM(B15:B16)","v":5436714.5860023499},{"$f":"SUM(C15:C16)","v":4855570},5730973,7406564,8092236.0000000009,7483386,7412521]
["%Change (year over year)",null,null,{"$f":"IF(ISERROR((D17-C17)/C17), \"\", (D17-C17)/C17)","v":0.18028841104134016},{"$f":"IF(ISERROR((E17-D17)/D17), \"\", (E17-D17)/D17)","v":0.29237461073363979},9.2576260733047186E-2,-7.5238784434858402E-2,-9.4696438216604097E-3]
["%Change (Test Year vs \nLast Rebasing Year - Actual)",null,null,null,null,null,null,{"$f":"IF(ISERROR((H17-C17)/C17), \"\", (H17-C17)/C17)","v":0.52660161422860752}]
["Billing and Collecting",2075188.9703703704,2208871,2940036,2632182,2615113.61,2702873,2902731]
["Community Relations",236777,164146,202478,193918,163853.69,147200,142200]
["Administrative and General",2255656.9131035609,2421553.61,2125787.61,2682238.4900000002,2795054.89,3042602,3221881.5700000003]
["SubTotal",{"$f":"SUM(B20:B22)","v":4567622.8834739309},{"$f":"SUM(C20:C22)","v":4794570.6099999994},5268301.6099999994,5508338.4900000002,5574022.1899999995,5892675,6266812.5700000003]
["%Change (year over year)",null,null,{"$f":"IF(ISERROR((D23-C23)/C23), \"\", (D23-C23)/C23)","v":9.8805719747237189E-2},{"$f":"IF(ISERROR((E23-D23)/D23), \"\", (E23-D23)/D23)","v":4.5562478720727773E-2},1.1924412437478811E-2,5.7167481423320378E-2,6.3491974357995362E-2]
["%Change (Test Year vs \nLast Rebasing Year - Actual)",null,null,null,null,null,null,{"$f":"IF(ISERROR((H23-C23)/C23), \"\", (H23-C23)/C23)","v":0.30706440258265405}]
["Total",{"$f":"SUM(B23,B17)","v":10004337.469476281},{"$f":"SUM(C23,C17)","v":9650140.6099999994},10999274.609999999,12914902.49,13666258.190000001,13376061,13679333.57]
["%Change (year over year)",null,null,{"$f":"IF(ISERROR((D26-C26)/C26), \"\", (D26-C26)/C26)","v":0.13980459503377124},{"$f":"IF(ISERROR((E26-D26)/D26), \"\", (E26-D26)/D26)","v":0.17415947395825596},5.8177419502917292E-2,-2.1234575402091192E-2,2.2672786106462905E-2]
[]
[]
[null,{"$f":"B13","v":"2011 Board Approved"},{"$f":"C13","v":"2011 Actual"},"2012 Actual","2013 Actual","2014 Actual","2015 Bridge","2016 Test"]
["Operations",{"$f":"B15","v":3877534.148923941},{"$f":"C15","v":3567713},4464684,6122581,6246577.2200000007,5876324,5799381]
["Maintenance",{"$f":"B16","v":1559180.4370784094},1287857,1266289,1283983,1845658.78,1607062,1613140]
["Billing and Collecting",{"$f":"B20","v":2075188.9703703704},{"$f":"C20","v":2208871},2940036,2632182,2615113.61,2702873,2902731]
["Community Relations",{"$f":"B21","v":236777},164146,202478,193918,163853.69,147200,142200]
["Administrative and General",{"$f":"B22","v":2255656.9131035609},2421553.61,2125787.61,2682238.4900000002,2795054.89,3042602,3221881.5700000003]
["Total",{"$f":"SUM(B31:B35)","v":10004337.469476283},{"$f":"SUM(C31:C35)","v":9650140.6099999994},10999274.609999999,12914902.49,13666258.190000001,13376061,13679333.57]
["%Change (year over year)",null,null,{"$f":"IF(ISERROR((D36-C36)/C36), \"\", (D36-C36)/C36)","v":0.13980459503377124},{"$f":"IF(ISERROR((E36-D36)/D36), \"\", (E36-D36)/D36)","v":0.17415947395825596},5.8177419502917292E-2,-2.1234575402091192E-2,2.2672786106462905E-2]
[]
[]
["Expense",{"$f":"B13","v":"2011 Board Approved"},{"$f":"C13","v":"2011 Actual"},"2011 Actual vs Approved",{"$f":"D13","v":"2012 Actual"},"2012 Actual vs 2011 Actual",{"$f":"E13","v":"2013 Actual"},"2013 Actual vs 2012 Actual","2014 Actual","2014 Actual vs 2013 Actual",{"$f":"G13","v":"2015 Bridge"},"2015 Bridge vs 2014 Actual",{"$f":"H13","v":"2016 Test"},"2016 Test vs 2015 Bridge"]
["Operations",{"$f":"B15","v":3877534.148923941},3567713,{"$f":"B41-C41","v":309821.14892394096},{"$f":"D15","v":4464684},{"$f":"E41-C41","v":896971},{"$f":"E15","v":6122581},{"$f":"G41-E41","v":1657897},{"$f":"+F31","v":6246577.2200000007},{"$f":"I41-G41","v":123996.22000000067},{"$f":"G15","v":5876324},{"$f":"K41-G41","v":-246257},{"$f":"H15","v":5799381},{"$f":"M41-K41","v":-76943}]
["Maintenance ",1559180.4370784094,1287857,{"$f":"B42-C42","v":271323.43707840936},{"$f":"D16","v":1266289},{"$f":"E42-C42","v":-21568},{"$f":"E16","v":1283983},{"$f":"G42-E42","v":17694},{"$f":"+F32","v":1845658.78},{"$f":"I42-G42","v":561675.78},{"$f":"G16","v":1607062},{"$f":"K42-G42","v":323079},{"$f":"H16","v":1613140},{"$f":"M42-K42","v":6078}]
["Billing and Collecting ",{"$f":"B20","v":2075188.9703703704},2208871,-133682.02962962957,{"$f":"D20","v":2940036},{"$f":"E43-C43","v":731165},{"$f":"E20","v":2632182},{"$f":"G43-E43","v":-307854},2615113.61,{"$f":"I43-G43","v":-17068.39000000013},{"$f":"G20","v":2702873},{"$f":"K43-G43","v":70691},{"$f":"H20","v":2902731},199858]
["Community Relations ",236777,164146,72631,{"$f":"D21","v":202478},{"$f":"E44-C44","v":38332},{"$f":"E21","v":193918},{"$f":"G44-E44","v":-8560},163853.69,{"$f":"I44-G44","v":-30064.309999999998},{"$f":"G21","v":147200},{"$f":"K44-G44","v":-46718},{"$f":"H21","v":142200},-5000]
["Administrative and General ",2255656.9131035609,2421553.61,-165896.69689643895,2125787.61,{"$f":"E45-C45","v":-295766},{"$f":"E22","v":2682238.4900000002},{"$f":"G45-E45","v":556450.88000000035},2795054.89,{"$f":"I45-G45","v":112816.39999999991},{"$f":"G22","v":3042602},{"$f":"K45-G45","v":360363.50999999978},{"$f":"H22","v":3221881.5700000003},179279.5700000003]
["Total OM&A Expenses ",{"$f":"SUM(B41:B45)","v":10004337.469476283},{"$f":"SUM(C41:C45)","v":9650140.6099999994},354196.8594762818,10999274.609999999,1349134,12914902.49,1915627.8800000004,13666258.190000001,751355.70000000042,13376061,461158.50999999978,13679333.57,303272.5700000003]
["Adjustments for Total non-recoverable items (from Appendices 2-JA and 2-JB)"]
["Total Recoverable OM&A Expenses ",{"$f":"B46-B47","v":10004337.469476283},{"$f":"C46-C47","v":9650140.6099999994},354196.8594762818,10999274.609999999,1349134,12914902.49,1915627.8800000004,13666258.190000001,751355.70000000042,13376061,461158.50999999978,13679333.57,303272.5700000003]
["Variance from previous year ",null,null,null,{"$f":"E48-C48","v":1349134},null,{"$f":"G48-E48","v":1915627.8800000008},null,{"$f":"I48-G48","v":751355.70000000112},null,{"$f":"K48-G48","v":461158.50999999978},null,{"$f":"M48-K48","v":303272.5700000003}]
["Percent change (year over year) ",null,null,null,{"$f":"IF(ISERROR(E49/C48), \"\", E49/C48)","v":0.13980459503377124},null,{"$f":"IF(ISERROR(G49/E48), \"\", G49/E48)","v":0.17415947395825596},null,{"$f":"IF(ISERROR(I49/G48), \"\", I49/G48)","v":5.8177419502917292E-2},null,{"$f":"IF(ISERROR(K49/I48), \"\", K49/I48)","v":3.3744314177924936E-2},null,{"$f":"IF(ISERROR(M49/K48), \"\", M49/K48)","v":2.2672786106462905E-2}]
["Percent Change:                                                    Test year vs. Most Current Actual ",null,null,null,null,null,null,null,{"$f":"IF(ISERROR((M48-I48)/I48), \"\", (M48-I48)/I48)","v":9.5676371821853858E-4}]
["Simple average of % variance for all years",null,null,null,null,null,{"$f":"IF(ISERROR((M46-C46)/C46), \"\", (M46-C46)/C46)","v":0.41752686544533169},null,null,null,null,null,null,{"$f":"IF(ISERROR(AVERAGE(E50,G50,K50,M50,I50)), \"\", AVERAGE(E50,G50,K50,M50,I50))","v":8.5711717755866473E-2}]
["Compound Annual Growth Rate for all years",null,null,null,null,null,{"$f":"IF(ISERROR((M49-C49)/C49), \"\", (M49-C49)/C49)","v":""},null,null,null,null,null,null,{"$f":"IF((M48-C48)=0, \"\", (M48/C48)^(1/5)-1)","v":7.2275195396249048E-2}]
["Compound Growth Rate                                                            (2014 Actual vs. 2011 Actuals)",null,null,null,null,null,{"$f":"IF(ISERROR((I48/C48)^(1/(4)) - 1), \"\", (I48/C48)^(1/(4)) - 1)","v":9.0885062500600355E-2}]
[]
["Note:"]
[]
["1     \"BA\" = Board-Approved"]
["2     If it has been more than three years since the applicant last filed a cost of service application, additional years of historical actuals should be incorporated into the table, as necessary, to go back to the last cost of service application.  If the applicant last filed a cost of service application less than three years ago, a minimum of three years of actual information is required."]
[]
["3     Recoverable OM&A that is included on these tables should be identical to the recoverable OM&A that is shown for the corresponding periods on Appendix 2-JB."]

{"sheet":"App.2-JB_OM&A_Cost_Drivers","index":41,"n_rows":60,"n_cols":7,"rows_kept":60,"cut":false,"hidden":false,"merged":[[9,0,9,6],[10,0,10,6],[55,1,55,6],[56,1,58,6],[59,1,60,6]]}
[null,null,null,null,null,"File Number:",{"$f":"EBNUMBER","v":"EB-2015-0108"}]
[null,null,null,null,null,"Exhibit:",4]
[null,null,null,null,null,"Tab:"]
[null,null,null,null,null,"Schedule:","Table 4-11A/B"]
[null,null,null,null,null,"Page:",37]
[]
[null,null,null,null,null,"Date:","2015-05-01"]
[]
[]
["Appendix 2-JB"]
["Recoverable OM&A Cost Driver Table"]
[]
["OM&A","2011 Actual","2012 Actual","2013 Actual","2014 Actual","2015 Bridge","2016 Test"]
["Reporting Basis","CGAAP","CGAAP","CGAAP","MIFRS","MIFRS","MIFRS"]
["Opening Balance",10039281.61762443,{"$f":"B49","v":9650140.9713061862},{"$f":"C49","v":10999274.19614012},{"$f":"D49","v":12914901.928484239},{"$f":"E49","v":13666257.80446732},13376061.409962399]
["Impact of Overhead Capitalization Policy Change on OM&A ",null,null,2458159.8790049651,-253508.61912615364,110285.56029567588,-11610.538764849771]
["Remove Salary Costs in MIFRS Impact as included in Change in Operating Portion of Salary/Wages",null,null,-1359023.6761,-165589.11449999901,-86764.6961136342,-29414.861987505101]
["Change in Operating Portion of Salary/Wages",-668112.19605330843,359478.84800667595,1179768.596296954,198869.32280600816,129203.85564980377,-16786.847248642705]
["Change in Operating Portion of Benefits",-79977.539898523828,130018.54655762948,332728.04638725147,27646.101838793838,30780.303088666871,13919.573638958856]
["Increase in Overhead Distribution Lines and Feeders - Contractors",97666.559999999998]
["Increase in General Administrative Expenses",105044.85763718002]
["Change in Administrative Expense Transferred-Credit",79711.609999999986,-322275,335126.88,61388.320000000007,-302232.81,133022]
["Moved Property Taxes from Departments to Taxes Other than Income",-223280.56177700599]
["Inflation on Non-Labour Items",62910.579699343652,116578.61026962595,105036.63675494952,120993.69496443175,130628.42257457065,137222.71951954349]
["Prudential Expense in Recoverable in 2011-16, in Interest in 2011 COS",111212]
["Other Changes",98101,150133,{"$f":"129357-94502","v":34855},{"$f":"155359+94502","v":249861},-107962,-84229]
["Increase in Personal Protective Equipment",27583.044074074074]
["Smart Meter Disposition Costs Recorded in 2012",null,277681.21999999997,{"$f":"-C28","v":-277681.21999999997}]
["Change in Transformer Station Equipment - Operation Supplies and Expenses",null,59224,-75073]
["Change in Distribution Station Equipment - Operation Supplies and Expenses",null,75616,-18025,null,-17274.84,-85038]
["Change in Bad Debts",null,428969,-496657,-43302.44,17678.440000000002,-8000]
["Personal Protective Equipment Moved to Payroll Burden",null,null,-60851.24]
["Change in Overhead Distribution Lines and Feeders - Operation Supplies and Expenses",null,73709,{"$f":"-66012-296396","v":-362408},322891.27]
["Change in Maintenance of Poles, Towers and Fixtures - Non Labour",null,null,-39708.799999999974,118872.96999999999,-33274.959999999999]
["Change in Forestry Lines & Feeders Maintenance - Tree Trimming - Non-Labour",null,null,48516.799999999988,126079.31,-142531.38]
["Change in Underground Maintence Contracted Services - Non-Labour",null,null,-29237.239999999998,59068.00999999998]
["Increase in Meter Reading Costs  - Smart Meter Fees",null,null,140101.06999999998]
["Decrease in Outside Services Purchased",null,null,null,-71913.95]
["Decrease in Maintenance of Structures - Non-Labour",null,null,null,null,-37597.4]
["IT Expenses Charged to CDM",null,null,null,null,-59548]
["Decrease in MS/DS Building Costs - Non-Labour",null,null,null,null,-38673.599999999999]
["Decrease in TS Building Costs - Non-Labour",null,null,null,null,-49368.09]
["Post Employment Benefits All Expensed in 2015/Previous Years' in Payroll Burden to Cap/OM&A/Recvb",null,null,null,null,166454.79999999999]
["Increase in Billing for Monthly Billing Costs",null,null,null,null,null,264286]
["Increase in Collections for Monthly Billing Costs",null,null,null,null,null,74118]
["Increase in Collection Revenue for Monthly Billing",null,null,null,null,null,-15760]
["Increase in Regulatory Costs for Annualized Rebasing Costs",null,null,null,null,null,85000]
["Decrease in Billing & Administration Software Maintenance",null,null,null,null,null,{"$f":"-62853-27750-62853","v":-153456}]
["Closing Balance",{"$f":"SUM(B15:B48)","v":9650140.9713061862},10999274.19614012,12914901.928484239,13666257.80446732,13376061.409962399,13679334.455119906]
[]
[]
[]
["Notes:"]
[]
[1,"For each year, a detailed explanation for each cost driver and associated amount is requied in Exhibit 4."]
[2,"For purposes of assessing incremental cost drivers, the closing balance for each year becomes the opening balance for the next year."]
[3,"If it has been more than three years since the applicant last filed a cost of service application, additional years of historical actuals should be incorporated into the table, as necessary, to go back to the last cost of service application.  If the applicant last filed a cost of service application less than three years ago, a minimum of three years of actual information is required."]
[]
[]
[4,"Opening Balance for \"Last Rebasing Year\" (cell B15) should be equal to the Board-Approved amount."]

{"sheet":"App.2-JC_OMA Programs","index":42,"n_rows":49,"n_cols":11,"rows_kept":49,"cut":false,"hidden":false,"merged":[[28,0,28,1],[8,0,8,9],[9,0,9,9],[11,0,11,9],[14,0,14,1],[21,0,21,1],[35,0,35,1],[47,0,47,10],[48,0,48,10],[49,0,49,9],[51,0,52,10]]}
[null,null,null,null,null,null,null,null,null,"File Number:",{"$f":"EBNUMBER","v":"EB-2015-0108"}]
[null,null,null,null,null,null,null,null,null,"Exhibit:"]
[null,null,null,null,null,null,null,null,null,"Tab:"]
[null,null,null,null,null,null,null,null,null,"Schedule:","Table 4-13"]
[null,null,null,null,null,null,null,null,null,"Page:",39]
[]
[null,null,null,null,null,null,null,null,null,"Date:","2015-05-01"]
[]
["Appendix 2-JC"]
["OM&A Programs Table"]
[]
[]
["Programs","Programs (Strategic Imperatives) #","2011 Board Approved","2011 Actual","2012 Actual","2013 Actual","2014 Actual","2015 Bridge","2016 Test","2016 Test vs 2014 Actual","2016 Test vs 2011 Board Approved"]
["Reporting Basis",null,"CGAAP","CGAAP","CGAAP","RCGAAP","RCGAAP","MIFRS","MIFRS"]
["Operations"]
["Control Room","1, 2, 3, 5, 6, 7",{"$f":"+[7]BU!D30","v":1252455.5259259257},{"$f":"+[7]BU!E30","v":1282296},{"$f":"+[7]BU!F30","v":1423426},{"$f":"+[7]BU!G30","v":1109305},{"$f":"+[7]BU!H30","v":1213240.57},{"$f":"+[7]BU!I30","v":899134},{"$f":"+[7]BU!J30","v":898928},{"$f":"I16-G16","v":-314312.57000000007},{"$f":"I16-C16","v":-353527.5259259257}]
["Structure/Station","1, 3, 7",{"$f":"+[7]BU!D5+[7]BU!D6+[7]BU!D7+[7]BU!D8+[7]BU!D9","v":840206.76148148149},{"$f":"+[7]BU!E5+[7]BU!E6+[7]BU!E7+[7]BU!E8+[7]BU!E9","v":479423},{"$f":"+[7]BU!F5+[7]BU!F6+[7]BU!F7+[7]BU!F8+[7]BU!F9","v":855470},{"$f":"+[7]BU!G5+[7]BU!G6+[7]BU!G7+[7]BU!G8+[7]BU!G9","v":797266},{"$f":"+[7]BU!H5+[7]BU!H6+[7]BU!H7+[7]BU!H8+[7]BU!H9","v":1018843.02},{"$f":"+[7]BU!I5+[7]BU!I6+[7]BU!I7+[7]BU!I8+[7]BU!I9","v":977776},{"$f":"+[7]BU!J5+[7]BU!J6+[7]BU!J7+[7]BU!J8+[7]BU!J9","v":841771},{"$f":"I17-G17","v":-177072.02000000002},{"$f":"I17-C17","v":1564.2385185185121}]
["Supervision/Miscellaneous/Overhead Change Impact","All",{"$f":"+[7]BU!$D$18+[7]BU!$D$21","v":306733.03703703702},{"$f":"+[7]BU!E18+[7]BU!E21","v":290369},{"$f":"+[7]BU!F18+[7]BU!F21","v":347901},{"$f":"+[7]BU!G18+[7]BU!G21","v":2978061},{"$f":"+[7]BU!H18+[7]BU!H21","v":2569784.02},{"$f":"+[7]BU!I18+[7]BU!I21","v":2665572},{"$f":"+[7]BU!J18+[7]BU!J21","v":2650249},80464.979999999981,2343515.9629629632]
["Overhead/Underground/Meters","1, 5, 6, 7, 9",{"$f":"+[7]BU!D56","v":1478138.8244794973},{"$f":"+[7]BU!E56","v":1515625},{"$f":"+[7]BU!F56","v":1837887},{"$f":"+[7]BU!G56","v":1237949},{"$f":"+[7]BU!H56","v":1444709.61},{"$f":"+[7]BU!I56","v":1333842},{"$f":"+[7]BU!J56","v":1408433},-36276.610000000102,-69705.824479497271]
[null,null,null,null,null,null,null,null,null,0,0]
["Sub-Total",null,{"$f":"SUM(C16:C20)","v":3877534.148923941},{"$f":"SUM(D16:D20)","v":3567713},4464684,6122581,6246577.2199999997,5876324,5799381,-447196.2200000002,1921846.8510760588]
["Maintenance"]
["Structure/Station Expenses","1,3, 7",{"$f":"+[7]BU!D10+[7]BU!D11+[7]BU!D12","v":169202.8488888889},{"$f":"+[7]BU!E10+[7]BU!E11+[7]BU!E12","v":119538},{"$f":"+[7]BU!F10+[7]BU!F11+[7]BU!F12","v":161743},{"$f":"+[7]BU!G10+[7]BU!G11+[7]BU!G12","v":56232},{"$f":"+[7]BU!H10+[7]BU!H11+[7]BU!H12","v":153656.12},{"$f":"+[7]BU!I10+[7]BU!I11+[7]BU!I12","v":74779},{"$f":"+[7]BU!J10+[7]BU!J11+[7]BU!J12","v":52648},{"$f":"I23-G23","v":-101008.12},{"$f":"I23-C23","v":-116554.8488888889}]
["Miscellaneous/Overhead Change Impact","All",{"$f":"+[7]BU!D25","v":0},{"$f":"+[7]BU!E25","v":76600},{"$f":"+[7]BU!F25","v":0},{"$f":"+[7]BU!G25","v":414992},{"$f":"+[7]BU!H25","v":480473.37},{"$f":"+[7]BU!I25","v":565019},{"$f":"+[7]BU!J25","v":576135},95661.63,{"$f":"I24-C24","v":576135}]
["Overhead/Underground/Meters","1, 5, 6, 7, 9",{"$f":"+[7]BU!D74-[7]BU!D64","v":944261.83115248359},{"$f":"+[7]BU!E74-[7]BU!E64","v":731184},{"$f":"+[7]BU!F74-[7]BU!F64","v":841701},{"$f":"+[7]BU!G74-[7]BU!G64","v":515273},{"$f":"+[7]BU!H74-[7]BU!H64","v":779909.18},{"$f":"+[7]BU!I74-[7]BU!I64","v":676571},{"$f":"+[7]BU!J74-[7]BU!J64","v":689337},-90572.180000000051,-254924.83115248359]
["Vegetation Management","1, 2, 3, 5, 6, 7, 9",{"$f":"+[7]BU!D64","v":445715.75703703711},{"$f":"+[7]BU!E64","v":360535},{"$f":"+[7]BU!F64","v":262845},{"$f":"+[7]BU!G64","v":297486},{"$f":"+[7]BU!H64","v":431620.11},{"$f":"+[7]BU!I64","v":290693},{"$f":"+[7]BU!J64","v":295020},-136600.10999999999,-150695.75703703711]
[null,null,null,null,null,null,null,null,null,0,0]
["Sub-Total",null,{"$f":"SUM(C23:C27)","v":1559180.4370784096},1287857,1266289,1283983,1845658.7799999998,1607062,1613140,{"$f":"I28-F28","v":329157},53959.562921590405]
["Customer Service"]
["Billing/Supervision","1, 4, 5, 6",{"$f":"+[7]BU!D79+[7]BU!D89","v":1324934.3703703706},{"$f":"+[7]BU!E79+[7]BU!E89","v":1399462},{"$f":"+[7]BU!F79+[7]BU!F89","v":1583125},{"$f":"+[7]BU!G79+[7]BU!G89","v":1702731},{"$f":"+[7]BU!H79+[7]BU!H89","v":1516555.13},{"$f":"+[7]BU!I79+[7]BU!I89","v":1620636},{"$f":"+[7]BU!J79+[7]BU!J89","v":1791175},{"$f":"I30-G30","v":274619.87000000011},{"$f":"I30-C30","v":466240.62962962943}]
["Meter Reading","3, 5, 6, 7",{"$f":"+[7]BU!D90","v":146568.07407407399},{"$f":"+[7]BU!E90","v":167960},{"$f":"+[7]BU!F90","v":265115},{"$f":"+[7]BU!G90","v":255545},{"$f":"+[7]BU!H90","v":353658.13},{"$f":"+[7]BU!I90","v":344611},{"$f":"+[7]BU!J90","v":347805},-5853.1300000000047,{"$f":"I31-C31","v":201236.92592592601}]
["Collections","3, 5, 6, 7",{"$f":"+[7]BU!D93+[7]BU!D96+[7]BU!D97","v":503686.52592592605},{"$f":"+[7]BU!E93+[7]BU!E96+[7]BU!E97","v":545412},{"$f":"+[7]BU!F93+[7]BU!F96+[7]BU!F97","v":566790},{"$f":"+[7]BU!G93+[7]BU!G96+[7]BU!G97","v":548282},{"$f":"+[7]BU!H93+[7]BU!H96+[7]BU!H97","v":662578.79},{"$f":"+[7]BU!I93+[7]BU!I96+[7]BU!I97","v":637626},{"$f":"+[7]BU!J93+[7]BU!J96+[7]BU!J97","v":671751},9172.2099999999627,168064.47407407395]
["Bad Debts","3, 5, 6, 7",{"$f":"+[7]BU!D98","v":100000},{"$f":"+[7]BU!E98","v":96037},{"$f":"+[7]BU!F98","v":525006},{"$f":"+[7]BU!G98","v":125624},{"$f":"+[7]BU!H98","v":82321.56},{"$f":"+[7]BU!I98","v":100000},{"$f":"+[7]BU!J98","v":92000},9678.4400000000023,-8000]
["Community Relations","3, 5, 6, 7, 8",{"$f":"+[7]BU!D99+[7]BU!D100+[7]BU!D101","v":236777.14814814791},{"$f":"+[7]BU!E99+[7]BU!E100+[7]BU!E101","v":164146},{"$f":"+[7]BU!F99+[7]BU!F100+[7]BU!F101","v":202478},{"$f":"+[7]BU!G99+[7]BU!G100+[7]BU!G101","v":193918},{"$f":"+[7]BU!H99+[7]BU!H100+[7]BU!H101","v":163853.69},{"$f":"+[7]BU!I99+[7]BU!I100+[7]BU!I101","v":147200},{"$f":"+[7]BU!J99+[7]BU!J100+[7]BU!J101","v":142200},-21653.690000000002,-94577.148148147913]
["Sub-Total",null,{"$f":"SUM(C30:C34)","v":2311966.1185185183},2373017,3142514,2826100,2778967.3,2850073,3044931,218831,732964.88148148172]
["Administration"]
["Finance/Executive/IT/General/Administration Credit Transferred","All",{"$f":"+[7]BU!D116","v":1236026.2171776348},{"$f":"+[7]BU!E116","v":1519921.6099999999},{"$f":"+[7]BU!F116","v":1191927.6099999999},{"$f":"+[7]BU!G116","v":1602395.49},{"$f":"+[7]BU!H116","v":1671027.2200000002},{"$f":"+[7]BU!I116","v":1477928},{"$f":"+[7]BU!J116","v":1617044.5700000003},{"$f":"I37-G37","v":-53982.649999999907},{"$f":"I37-C37","v":381018.35282236547}]
["Regulatory","3, 5, 6, 7",{"$f":"+[7]BU!D125","v":471686.14814814815},{"$f":"+[7]BU!E125","v":407174},{"$f":"+[7]BU!F125","v":340959},{"$f":"+[7]BU!G125","v":388409},{"$f":"+[7]BU!H125","v":486810.29},{"$f":"+[7]BU!I125","v":487824},{"$f":"+[7]BU!J125","v":564066},77255.710000000021,{"$f":"I38-C38","v":92379.851851851854}]
["Other Services Purchased","4, 5, 6, 7",{"$f":"+[7]BU!D133-[7]BU!D125","v":547944.54777777777},{"$f":"+[7]BU!E133-[7]BU!E125","v":494458},{"$f":"+[7]BU!F133-[7]BU!F125","v":592901},{"$f":"+[7]BU!G133-[7]BU!G125","v":691434},{"$f":"+[7]BU!H133-[7]BU!H125","v":637217.37999999989},{"$f":"+[7]BU!I133-[7]BU!I125","v":1076850},{"$f":"+[7]BU!J133-[7]BU!J125","v":1040771},403553.62000000011,492826.45222222223]
["Sub-Total",null,{"$f":"SUM(C37:C39)","v":2255656.9131035609},2421553.61,2125787.61,2682238.4900000002,2795054.89,3042602,3221881.5700000003,539643.08000000007,966224.65689643938]
["Total",null,{"$f":"+C21+C28+C35+C40","v":10004337.61762443},{"$f":"+D21+D28+D35+D40","v":9650140.6099999994},10999274.609999999,12914902.49,13666258.190000001,13376061,13679333.57,640434.85999999987,3674995.9523755703]
[]
[]
[]
["Notes:"]
[]
[]
["1   Please provide a breakdown of the major components of each OM&A Program undertaken in each year.  Please ensure that all Programs below the materiality threshold are included in the miscellaneous line.  Add more Programs as required."]
["2   The applicant should group projects appropriately and avoid presentations that result in classification of significant components of the OM&A budget in the miscellaneous category"]

{"sheet":"App.2-K_Employee Costs","index":43,"n_rows":32,"n_cols":8,"rows_kept":32,"cut":false,"hidden":false,"merged":[[24,0,24,7],[8,0,8,7],[9,0,9,7],[12,0,12,7],[16,0,16,7],[20,0,20,7]]}
[null,null,null,null,null,null,"File Number:",{"$f":"EBNUMBER","v":"EB-2015-0108"}]
[null,null,null,null,null,null,"Exhibit:",4]
[null,null,null,null,null,null,"Tab:"]
[null,null,null,null,null,null,"Schedule:","Table 4-14A"]
[null,null,null,null,null,null,"Page:",47]
[]
[null,null,null,null,null,null,"Date:","2015-05-01"]
[]
["Appendix 2-K"]
["Employee Costs - All Staff"]
[]
[null,"2011 Board Approved","2011 Actual","2012 Actual","2013 Actual","2014 Actual","2015 Bridge","2016 Test"]
["Average Number of Employees (FTEs including Part-Time) **"]
["Management (including executive)",21.835000000000001,20.875,20.041666666666668,20.25,20.083333333333336,20,20]
["Non-Management (union and non-union)",98.639375000000001,103.56562500000001,105.83125000000001,109.94236111111113,111.72944444444443,112.11624999999998,112.61626602564101]
["Total",{"$f":"SUM(B14:B15)","v":120.47437500000001},124.44062500000001,125.87291666666668,130.19236111111113,131.81277777777777,132.11624999999998,132.61626602564101]
["Total Salary and Wages including overtime and incentive pay"]
["Management (including executive)",2163047.4503299999,2166756.4483333332,2421207.2000000002,2296358.0358333336,2422684.4775,2355211.89145,2410224.8741249996]
["Non-Management (union and non-union)",6414419.0857007857,7128300.7016666569,7360114.670000012,8216672.8141666614,8361667.2424999923,8689108.6413275152,8843441.6566315126]
["Total",{"$f":"SUM(B18:B19)","v":8577466.5360307861},9295057.1499999911,9781321.8700000122,10513030.849999994,10784351.719999991,11044320.532777514,11253666.530756513]
["Total Benefits (Current + Accrued)"]
["Management (including executive)",449060.2798835336,432848.76406474895,485446.16272727272,561497.40333333344,623915.29999999993,548639,545873.28466017055]
["Non-Management (union and non-union)",1361001.0287561989,1646521.2783703231,1796539.7472727238,1986371.0066666699,1955867.600000011,2093122,2176261.5030016531]
["Total",{"$f":"SUM(B22:B23)","v":1810061.3086397327},{"$f":"SUM(C22:C23)","v":2079370.0424350721},2281985.9099999964,2547868.4100000034,2579782.9000000111,2641761,2722134.7876618234]
["Total Compensation (Salary, Wages, & Benefits)"]
["Management (including executive)",{"$f":"B18+B22","v":2612107.7302135336},2599605.212398082,2906653.3627272728,2857855.4391666669,3046599.7774999999,2903850.89145,2956098.1587851699]
["Non-Management (union and non-union)",7775420.1144569851,8774821.9800369795,9156654.4172727354,10203043.820833331,10317534.842500003,10782230.641327515,11019703.159633165]
["Total",10387527.844670519,11374427.192435063,12063307.780000009,13060899.259999998,13364134.620000003,13686081.532777514,13975801.318418335]
["** Includes Contract & Students as per Board's RRR April 2, 2015 Filing Guide"]
[]
["Note:"]
["1 If an applicant wishes to use headcount, it must also file the same schedule on an FTE basis."]

{"sheet":"App.2-L_OM&A_per_Cust_FTEE","index":44,"n_rows":29,"n_cols":9,"rows_kept":29,"cut":false,"hidden":false,"merged":[[8,0,8,8],[9,0,9,8],[28,1,29,7],[22,1,25,7],[26,1,26,7],[27,1,27,7],[15,0,15,1],[16,0,16,1],[17,0,17,1],[18,0,18,1],[13,0,13,1],[14,0,14,1],[12,0,12,1]]}
[null,null,null,null,null,null,null,"File Number:",{"$f":"EBNUMBER","v":"EB-2015-0108"}]
[null,null,null,null,null,null,null,"Exhibit:",4]
[null,null,null,null,null,null,null,"Tab:"]
[null,null,null,null,null,null,null,"Schedule:","Table 4-11  A/B"]
[null,null,null,null,null,null,null,"Page:",37]
[]
[null,null,null,null,null,null,null,"Date:","2015-05-01"]
[]
["Appendix 2-L"]
["Recoverable OM&A Cost per Customer and per FTE"]
[]
[null,null," 2011- Board Approved"," 2011 Actual","2012 Actual",{"$f":"BridgeYear -2 & \" Actuals\"","v":"2013 Actuals"},{"$f":"BridgeYear -1 & \" Actuals\"","v":"2014 Actuals"},{"$f":"BridgeYear & \" Bridge Year\"","v":"2015 Bridge Year"},{"$f":"TestYear & \" Test Year\"","v":"2016 Test Year"}]
["Reporting Basis",null,"CGAAP","CGAAP","CGAAP","CGAAP","MIFRS","MIFRS","MIFRS"]
["Number of Customers",null,51933.922649688691,52283.5,53022,53799,54444,55018.5,55654]
["Total Recoverable OM&A from Appendix 2-JB",null,10039281.61762443,9650140.6099999994,10999274.609999999,12914902.49,13666258.190000001,13376061,13679333.57]
["OM&A cost per customer",null,{"$f":"IF(C14=0,\"\",C15/C14)","v":193.30874899134176},184.57334742318321,207.4473729772547,240.05841168051452,251.01495463228272,243.11933258812945,245.79246002084307]
["Number of FTEs",null,122.70875000000001,124.44062500000001,125.87291666666667,130.19236111111113,131.81277777777777,132.11624999999998,132.61626602564101]
["Customers/FTEs",null,{"$f":"IF(C17=0,\"\",C14/C17)","v":423.22917191878076},420.14816302955722,421.23437991360333,413.22700917979267,413.04038134896723,416.44006698646086,419.66194395218037]
["OM&A Cost per FTE",null,{"$f":"IF(C17=0,\"\",C15/C17)","v":81813.901760261026},77548.15286406668,87383.965520779879,99198.619487190415,103679.31258561177,101244.63114870428,103149.74158113557]
[]
["Notes:"]
[]
[1,"If it has been more than three years since the applicant last filed a cost of service application, additional years of historical actuals should be incorporated into the table, as necessary, to go back to the last cost of service application.  If the applicant last filed a cost of service application less than three years ago, a minimum of three years of actual information is required."]
[]
[]
[]
[2,"The method of calculating the number of customers must be identified."]
[3,"The method of calculating the number of FTEs must be identified.  See also Appendix 2-K"]
[4,"The number of customers and the number of FTEs should correspond to mid-year or average of January 1 and December 31 figures."]

{"sheet":"App.2-M_Regulatory Costs","index":45,"n_rows":51,"n_cols":11,"rows_kept":51,"cut":false,"hidden":false,"merged":[[8,0,8,10],[9,0,9,10],[12,0,12,1],[13,0,13,1],[41,0,41,1]]}
[null,null,null,null,null,null,null,null,null,"File Number:",{"$f":"EBNUMBER","v":"EB-2015-0108"}]
[null,null,null,null,null,null,null,null,null,"Exhibit:",4]
[null,null,null,null,null,null,null,null,null,"Tab:"]
[null,null,null,null,null,null,null,null,null,"Schedule:","Table 4-37"]
[null,null,null,null,null,null,null,null,null,"Page:",78]
[]
[null,null,null,null,null,null,null,null,null,"Date:","2015-05-01"]
[]
["Appendix 2-M"]
["Regulatory Cost Schedule"]
[]
[]
["Regulatory Cost Category",null,"USoA Account","USoA Account Balance","Ongoing or One-time Cost? 2","2011 Board Approved","Most Current Actuals 2014","2015 Bridge","Annual % Change","2016 Test","Annual % Change"]
["(A)",null,"(B)","(C )","(D)","(E)","(F)","(G)","(H) = [(G)-(F)]/(F)","(I)","(J) = [(I)-(G)]/(G)"]
[1,"OEB Annual Assessment",5655,null,"Ongoing",180000,188933.00000000003,197000,{"$f":"IF(G15=0,\"\",(H15-G15)/G15)","v":4.269767589568773E-2},200000,{"$f":"IF(H15=0,\"\",(J15-H15)/H15)","v":1.5228426395939087E-2}]
[2,"OEB Section 30 Costs (Applicant-originated)",5655,null,"Ongoing",40000,null,null,{"$f":"IF(G16=0,\"\",(H16-G16)/G16)","v":""},null,{"$f":"IF(H16=0,\"\",(J16-H16)/H16)","v":""}]
[3,"OEB Section 30 Costs (OEB-initiated)",5655,null,"Ongoing",10000,6453.95,6500,7.1351652863750389E-3,7000,7.6923076923076927E-2]
[4,"Expert Witness costs for regulatory matters",null,null,null,null,null,null,"",null,""]
[4,"Legal costs for regulatory matters",null,null,"Ongoing",5000,0,null,"",null,""]
[5,"Consultants' costs for regulatory matters",5655,null,"Ongoing",143000,141580,162000,0.14422941093374769,0,-1]
[6,"Operating expenses associated with staff resources allocated to regulatory matters",5655,null,"Ongoing",83686,109843.34,122324,0.11362236436000583,272066,1.2241424413851738]
[8,"Operating expenses associated with other resources allocated to regulatory matters 1",5655,null,"Ongoing",null,null,null,"",null,""]
[9,"Other regulatory agency fees or assessments",null,null,null,null,null,null,"",null,""]
[10,"Any other costs for regulatory matters (please define)",null,null,null,null,null,null,"",null,""]
[7,"Intervenor costs",5655,null,"Ongoing",10000,0,0]
[8,"Sub-Total Ongoing Costs",null,null,null,{"$f":"SUM(F15:F25)","v":471686},{"$f":"SUM(G15:G25)","v":446810.29000000004},487824,9.1792223496016526E-2,479066,-1.7953196234707598E-2]
[9,"Consultants'/Legal costs for regulatory matters",null,null,"One-time",{"$f":"35000+70000","v":105000},null,null,null,305000,""]
[10,"Incremental operating expenses associated with other resources allocated to this application. 1",null,null,"One-time",null,null,null,null,10000,""]
[11,"OEB/Intervenor costs",null,null,"One-time",55000,null,null,"",110000,""]
[12,"Sub-Total One-Time Costs",null,null,null,{"$f":"SUM(F27:F29)","v":160000},{"$f":"SUM(G27:G29)","v":0},0,null,425000]
[13,"2011 COS Expensed Over 4 Years",5655,null,null,{"$f":"+F30/4","v":40000},40000,0]
[14,"2016 COS Expensed Over 5 Years",5655,null,null,null,null,null,null,{"$f":"+J30/5","v":85000}]
[15,"Total One-Time During the Year",null,null,null,{"$f":"SUM(F31:F32)","v":40000},{"$f":"SUM(G31:G32)","v":40000},0,null,85000]
[]
[11,"Sub-total - Ongoing Costs 3",null,{"$f":"SUMIF($E15:$E29,$E11,D15:D29)","v":0},null,{"$f":"SUM(F15:F25)","v":471686},{"$f":"SUM(G15:G25)","v":446810.29000000004},487824,9.1792223496016526E-2,{"$f":"SUM(J15:J25)","v":479066},-1.7953196234707598E-2]
[12,"Sub-total - One-time Costs 4",null,{"$f":"SUMIF($E15:$E29,$E12,D15:D29)","v":0},null,{"$f":"+F33","v":40000},{"$f":"+G33","v":40000},0,-1,{"$f":"+J33","v":85000},""]
[13,"Total",null,{"$f":"D35+D36","v":0},null,{"$f":"F35+F36","v":511686},{"$f":"G35+G36","v":486810.29000000004},487824,2.0823512173499099E-3,564066,{"$f":"IF(H37=0,\"\",(J37-H37)/H37)","v":0.15628997343304143}]
[]
[]
["Please fill out the following table for all one-time costs related to this cost of service application to be amortized over the test year plus the IRM period."]
[]
["Item",null,"2014 Actual","2015 Bridge","2016 Test","Total COS","Amortized Over 5 Years"]
[6,"Consultants'/Legal costs",8176,{"$f":"55000+110000+100000+40000-C43","v":296824},null,{"$f":"SUM(C43:E43)","v":305000},{"$f":"+F43/5","v":61000}]
[8,"Incremental operating expenses associated with other resources allocated to this application. 1",null,10000,null,{"$f":"SUM(C44:E44)","v":10000},{"$f":"+F44/5","v":2000}]
[11,"OEB/Intervenor costs",null,null,{"$f":"85000+25000","v":110000},110000,22000]
["Total",null,{"$f":"SUM(C43:C45)","v":8176},{"$f":"SUM(D43:D45)","v":306824},110000,425000,85000]
[]
["1","Please identify the resources involved."]
["2","Where a category's costs include both one-time and ongoing costs, the applicant should prove a separate breakdown between one-time and ongoing costs."]
["3","Sum of all ongoing costs identified in rows 1 to 11 inclusive."]
["4","Sum of all one-time costs identified in rows 1 to 11 inclusive."]

{"sheet":"App.2-N_Corp_Cost Allocation","index":46,"n_rows":190,"n_cols":7,"rows_kept":190,"cut":false,"hidden":false,"merged":[[8,0,8,5],[9,0,9,5],[13,0,13,5],[15,0,15,1],[15,2,17,2],[15,3,17,3],[15,4,16,4],[15,5,16,5],[15,6,16,6],[16,0,17,0],[16,1,17,1],[24,0,24,5],[26,0,26,1],[26,2,28,2],[26,3,28,3],[26,4,27,4],[26,5,27,5],[27,0,28,0],[46,0,46,5],[48,0,48,1],[48,2,50,2],[48,3,50,3],[48,4,49,4],[48,5,49,5],[49,0,50,0],[49,1,50,1],[27,1,28,1],[35,0,35,5],[37,0,37,1],[37,2,39,2],[37,3,39,3],[37,4,38,4],[37,5,38,5],[38,0,39,0],[38,1,39,1],[68,0,68,5],[70,0,70,1],[70,2,72,2],[70,3,72,3],[70,4,71,4],[70,5,71,5],[71,0,72,0],[71,1,72,1],[57,0,57,5],[59,0,59,1],[59,2,61,2],[59,3,61,3],[59,4,60,4],[59,5,60,5],[60,0,61,0],[60,1,61,1],[179,1,180,5],[183,0,183,5],[186,0,186,5],[189,0,189,5],[79,0,79,5],[81,0,81,1],[81,2,83,2],[81,3,83,3],[81,4,82,4],[81,5,82,5],[169,0,169,5],[171,0,171,1],[171,2,173,2],[171,3,173,3],[171,4,172,4],[171,5,172,5],[172,0,173,0],[172,1,173,1],[82,0,83,0],[82,1,83,1],[94,0,94,5],[96,0,96,1],[96,2,98,2],[96,3,98,3],[96,4,97,4],[96,5,97,5],[97,0,98,0],[97,1,98,1],[124,0,124,5],[126,0,126,1],[126,2,128,2],[126,3,128,3],[126,4,127,4],[126,5,127,5],[127,0,128,0],[127,1,128,1],[109,0,109,5],[111,0,111,1],[111,2,113,2],[111,3,113,3],[111,4,112,4],[111,5,112,5],[112,0,113,0],[112,1,113,1],[154,0,154,5],[156,0,156,1],[156,2,158,2],[156,3,158,3],[156,4,157,4],[156,5,157,5],[157,0,158,0],[157,1,158,1],[139,0,139,5],[141,0,141,1],[141,2,143,2],[141,3,143,3],[141,4,142,4],[141,5,142,5],[142,0,143,0],[142,1,143,1]]}
[null,null,null,null,null,"File Number:",{"$f":"EBNUMBER","v":"EB-2015-0108"}]
[null,null,null,null,null,"Exhibit:",4]
[null,null,null,null,null,"Tab:"]
[null,null,null,null,null,"Schedule:","Table 4-28/29"]
[null,null,null,null,null,"Page:","66/68"]
[]
[null,null,null,null,null,"Date:","2015-05-01"]
[]
["Appendix 2-N"]
["Shared Services and Corporate Cost Allocation"]
[]
[null,"Year:","2011 Actual"]
[]
["Shared Services"]
[]
["Name of Company",null,"Service Offered","Pricing Methodology","Price for the Service","Cost for the Service"]
["From","To"]
[null,null,null,null,"$","$"]
["WNH","WNHHC","Corporate Administration & Finance","Fully-Allocated Cost",70956.95,467892.54000000004]
["WNH","WNHHC","Audit, Legal & Consulting","Fully-Allocated Cost",5400,27000]
["WNH","WNHHC","Directors' Fees, Insurance, Meeting & Admin Fees","Fully-Allocated Cost",71999.680000000008,78459.61]
[]
[null,"Year:","2012 Actual"]
[]
["Shared Services"]
[]
["Name of Company",null,"Service Offered","Pricing Methodology","Price for the Service","Cost for the Service"]
["From","To"]
[null,null,null,null,"$","$"]
["WNH","WNHHC","Corporate Administration & Finance","Fully-Allocated Cost",73639.51999999999,484011.47333333333]
["WNH","WNHHC","Audit, Legal & Consulting","Fully-Allocated Cost",5300,26500]
["WNH","WNHHC","Directors' Fees, Insurance, Meeting & Admin Fees","Fully-Allocated Cost",64117.710000000006,66872.160000000003]
[]
[null,"Year:","2013 Actual"]
[]
["Shared Services"]
[]
["Name of Company",null,"Service Offered","Pricing Methodology","Price for the Service","Cost for the Service"]
["From","To"]
[null,null,null,null,"$","$"]
["WNH","WNHHC","Corporate Administration & Finance","Fully-Allocated Cost",71946.63,475405.46666666667]
["WNH","WNHHC","Audit, Legal & Consulting","Fully-Allocated Cost",1500,1500]
["WNH","WNHHC","Directors' Fees, Insurance, Meeting & Admin Fees","Fully-Allocated Cost",62364.040000000008,63554.9]
[]
[null,"Year:","2014 Actual"]
[]
["Shared Services"]
[]
["Name of Company",null,"Service Offered","Pricing Methodology","Price for the Service","Cost for the Service"]
["From","To"]
[null,null,null,null,"$","$"]
["WNH","WNHHC","Corporate Administration & Finance","Fully-Allocated Cost",77113.87999999999,499474.34666666668]
["WNH","WNHHC","Audit, Legal & Consulting","Fully-Allocated Cost",7794.4,37500]
["WNH","WNHHC","Directors' Fees, Insurance, Meeting & Admin Fees","Fully-Allocated Cost",64242.95,64712.51]
[]
[null,"Year:","2015 Bridge"]
[]
["Shared Services"]
[]
["Name of Company",null,"Service Offered","Pricing Methodology","Price for the Service","Cost for the Service"]
["From","To"]
[null,null,null,null,"$","$"]
["WNH","WNHHC","Corporate Administration & Finance","Fully-Allocated Cost",91221,576140]
["WNH","WNHHC","Audit, Legal & Consulting","Fully-Allocated Cost",9000,30000]
["WNH","WNHHC","Directors' Fees, Insurance, Meeting & Admin Fees","Fully-Allocated Cost",78820,80306.666666666657]
[]
[null,"Year:","2016 Test"]
[]
["Shared Services"]
[]
["Name of Company",null,"Service Offered","Pricing Methodology","Price for the Service","Cost for the Service"]
["From","To"]
[null,null,null,null,"$","$"]
["WNH","WNHHC","Corporate Administration & Finance","Fully-Allocated Cost",93203,589353.33333333337]
["WNH","WNHHC","Audit, Legal & Consulting","Fully-Allocated Cost",8000,30000]
["WNH","WNHHC","Directors' Fees, Insurance, Meeting & Admin Fees","Fully-Allocated Cost",78840,80346.666666666657]
[]
[null,"Year:","2011 Actual"]
[]
["Shared Services"]
[]
["Name of Company",null,"Service Offered","Pricing Methodology","Price for the Service","Cost for the Service"]
["From","To"]
[null,null,null,null,"$","$"]
["WNH","COW","Street Light Maintenance Costs *","Fully-Allocated Cost",187684,187684]
["WNH","COW","Street Light Construction Costs *","Fully-Allocated Cost",197244.47,197244.47]
["WNH","WELL","Street Light Maintenance Costs *","Fully-Allocated Cost",14803.202499999999,14803.202499999999]
["WNH","WELL","Street Light Construction Costs *","Fully-Allocated Cost",0,0]
["WNH","WOOL","Street Light Maintenance Costs *","Fully-Allocated Cost",64578.847999999998,64578.847999999998]
["WNH","WOOL","Street Light Construction Costs *","Fully-Allocated Cost",86663,86663]
["WNH*","COW/WELL/WOOL","15% Administration Fee on St Lt Mtce & Construction","Fully-Allocated Cost",{"$f":"(+E85+E86+E87+E88+E89+E90)*0.15","v":82646.028074999995},{"$f":"+E91","v":82646.028074999995}]
[]
[null,"Year:","2012 Actual"]
[]
["Shared Services"]
[]
["Name of Company",null,"Service Offered","Pricing Methodology","Price for the Service","Cost for the Service"]
["From","To"]
[null,null,null,null,"$","$"]
["WNH","COW","Street Light Maintenance Costs *","Fully-Allocated Cost",253740,253740]
["WNH","COW","Street Light Construction Costs *","Fully-Allocated Cost",202653.18,202653.18]
["WNH","WELL","Street Light Maintenance Costs *","Fully-Allocated Cost",17256.920000000002,17256.920000000002]
["WNH","WELL","Street Light Construction Costs *","Fully-Allocated Cost",18100.7,18100.7]
["WNH","WOOL","Street Light Maintenance Costs *","Fully-Allocated Cost",35169.21,35169.21]
["WNH","WOOL","Street Light Construction Costs *","Fully-Allocated Cost",152197.95000000001,152197.95000000001]
["WNH*","COW/WELL/WOOL","15% Administration Fee on St Lt Mtce & Construction","Fully-Allocated Cost",{"$f":"(+E100+E101+E102+E103+E104+E105)*0.15","v":101867.69399999999},{"$f":"+E106","v":101867.69399999999}]
[]
[null,"Year:","2013 Actual"]
[]
["Shared Services"]
[]
["Name of Company",null,"Service Offered","Pricing Methodology","Price for the Service","Cost for the Service"]
["From","To"]
[null,null,null,null,"$","$"]
["WNH","COW","Street Light Maintenance Costs *","Fully-Allocated Cost",195038,195038]
["WNH","COW","Street Light Construction Costs *","Fully-Allocated Cost",58871.68,58871.68]
["WNH","WELL","Street Light Maintenance Costs *","Fully-Allocated Cost",15359.51,15359.51]
["WNH","WELL","Street Light Construction Costs *","Fully-Allocated Cost",38460.269999999997,38460.269999999997]
["WNH","WOOL","Street Light Maintenance Costs *","Fully-Allocated Cost",46936.86,46936.86]
["WNH","WOOL","Street Light Construction Costs *","Fully-Allocated Cost",92966.76,92966.76]
["WNH*","COW/WELL/WOOL","15% Administration Fee on St Lt Mtce & Construction","Fully-Allocated Cost",{"$f":"(+E115+E116+E117+E118+E119+E120)*0.15","v":67144.962},{"$f":"+E121","v":67144.962}]
[]
[null,"Year:","2014 Actual"]
[]
["Shared Services"]
[]
["Name of Company",null,"Service Offered","Pricing Methodology","Price for the Service","Cost for the Service"]
["From","To"]
[null,null,null,null,"$","$"]
["WNH","COW","Street Light Maintenance Costs *","Fully-Allocated Cost",203276,203276]
["WNH","COW","Street Light Construction Costs *","Fully-Allocated Cost",78504.88,78504.88]
["WNH","WELL","Street Light Maintenance Costs *","Fully-Allocated Cost",16463,16463]
["WNH","WELL","Street Light Construction Costs *","Fully-Allocated Cost",41313.68,41313.68]
["WNH","WOOL","Street Light Maintenance Costs *","Fully-Allocated Cost",51734,51734]
["WNH","WOOL","Street Light Construction Costs *","Fully-Allocated Cost",95613.119999999995,95613.119999999995]
["WNH*","COW/WELL/WOOL","15% Administration Fee on St Lt Mtce & Construction","Fully-Allocated Cost",{"$f":"(+E130+E131+E132+E133+E134+E135)*0.15","v":73035.70199999999},{"$f":"+E136","v":73035.70199999999}]
[]
[null,"Year:","2015 Bridge"]
[]
["Shared Services"]
[]
["Name of Company",null,"Service Offered","Pricing Methodology","Price for the Service","Cost for the Service"]
["From","To"]
[null,null,null,null,"$","$"]
["WNH","COW","Street Light Maintenance Costs *","Fully-Allocated Cost",157000,157000]
["WNH","COW","Street Light Construction Costs *","Fully-Allocated Cost",124918.46832613299,124918.46832613299]
["WNH","WELL","Street Light Maintenance Costs *","Fully-Allocated Cost",40000,40000]
["WNH","WELL","Street Light Construction Costs *","Fully-Allocated Cost",34232.464877834522,34232.464877834522]
["WNH","WOOL","Street Light Maintenance Costs *","Fully-Allocated Cost",12000,12000]
["WNH","WOOL","Street Light Construction Costs *","Fully-Allocated Cost",363039.29382649687,363039.29382649687]
["WNH*","COW/WELL/WOOL","15% Administration Fee on St Lt Mtce & Construction","Fully-Allocated Cost",{"$f":"(+E145+E146+E147+E148+E149+E150)*0.15","v":109678.53405456967},{"$f":"(+F145+F146+F147+F148+F149+F150)*0.15","v":109678.53405456967}]
[]
[null,"Year:","2016 Test"]
[]
["Shared Services"]
[]
["Name of Company",null,"Service Offered","Pricing Methodology","Price for the Service","Cost for the Service"]
["From","To"]
[null,null,null,null,"$","$"]
["WNH","COW","Street Light Maintenance Costs *","Fully-Allocated Cost",157000,157000]
["WNH","COW","Street Light Construction Costs *","Fully-Allocated Cost",568502.30779543601,568502.30779543601]
["WNH","WELL","Street Light Maintenance Costs *","Fully-Allocated Cost",40000,40000]
["WNH","WELL","Street Light Construction Costs *","Fully-Allocated Cost",92187.427346449113,92187.427346449113]
["WNH","WOOL","Street Light Maintenance Costs *","Fully-Allocated Cost",12000,12000]
["WNH","WOOL","Street Light Construction Costs *","Fully-Allocated Cost",134827.8660539272,134827.8660539272]
["WNH*","COW/WELL/WOOL","15% Administration Fee on St Lt Mtce & Construction","Fully-Allocated Cost",{"$f":"(+E160+E161+E162+E163+E164+E165)*0.15","v":150677.64017937184},{"$f":"(+F160+F161+F162+F163+F164+F165)*0.15","v":150677.64017937184}]
[]
[" * WNH Charges a 15% Administration Fee which covers Administrative Costs, Return & PILs, the recovery is recorded in USoA 5625 Administrative Expense Transferred - Credit"]
[]
["Corporate Cost Allocation"]
[]
["Name of Company",null,"Service Offered","Pricing Methodology","% of Corporate Costs Allocated","Amount Allocated"]
["From","To"]
[null,null,null,null,"%","$"]
[]
[]
[]
[]
["Note: "]
[1,"This appendix must be completed in relation to each service provided or received for the Historical (actuals), Bridge and Test years. The required information includes:"]
[]
[]
["·         Type of Service:"]
["Services such as billing, accounting, payroll, etc.  The applicant must identify any costs related to the Board of Directors of the parent company that are allocated to the applicant."]
[]
["·         Pricing Methodology:"]
["Pricing Methodology includes approaches such as cost-base, market-base, tendering, etc.  The applicant must provide evidence demonstrating the pricing methodology used.  The applicant must also provide a description of why that pricing methodology was chosen, whether or not it is in conformity with ARC, and why it is appropriate."]
[]
["·         % Allocation:"]
["The applicant must provide the percentage of the costs allocated to the entity for the service being offered.  The Applicant must also provide a description of the allocator and why it is an appropriate allocator."]

{"sheet":"App.2-OA Capital Structure","index":47,"n_rows":71,"n_cols":15,"rows_kept":71,"cut":false,"hidden":false,"merged":[[9,2,9,14],[10,2,10,14],[12,0,12,14],[14,7,14,9],[16,0,17,0],[17,4,17,8],[48,0,49,0],[49,4,49,8],[33,0,33,14],[34,2,34,14],[35,2,35,14],[36,2,36,14],[37,2,37,14],[38,2,38,14],[39,2,39,14],[40,2,40,14],[41,2,41,14],[42,2,42,14],[46,7,46,9],[71,2,71,14],[72,2,72,14],[65,0,65,14],[66,2,66,14],[67,2,67,14],[68,2,68,14],[69,2,69,14],[70,0,70,14]]}
[null,null,null,null,null,null,null,null,null,null,"File Number:",null,null,null,{"$f":"EBNUMBER","v":"EB-2015-0108"}]
[null,null,null,null,null,null,null,null,null,null,"Exhibit:",null,null,null,5]
[null,null,null,null,null,null,null,null,null,null,"Tab:"]
[null,null,null,null,null,null,null,null,null,null,"Schedule:",null,null,null,"Table 5-2"]
[null,null,null,null,null,null,null,null,null,null,"Page:",null,null,null,6]
[]
[null,null,null,null,null,null,null,null,null,null,"Date:",null,null,null,"2015-05-01"]
[]
[]
[null,null,"Appendix 2-OA"]
[null,null,"Capital Structure and Cost of Capital"]
[]
[]
[]
[null,null,null,null,null,null,"Year:","2011 Board Approved"]
[]
["Line No."]
[null,null,"Particulars",null,"Capitalization Ratio",null,null,null,null,null,"Cost Rate",null,null,null,"Return"]
[]
[null,null,null,null,"(%)",null,null,null,"($)",null,"(%)",null,null,null,"($)"]
[null,null,"Debt"]
[1,null,"  Long-term Debt",null,0.56000000000000005,null,null,null,{"$f":"$I$31*E22","v":84557875.121228024},null,5.215731564636647E-2,null,null,null,{"$f":"K22*I22","v":4410311.7830839287}]
[2,null,"  Short-term Debt",null,0.04,null,"(1)",null,{"$f":"$I$31*E23","v":6039848.2229448585},null,2.46E-2,null,null,null,{"$f":"K23*I23","v":148580.26628444353}]
[3,null,"Total Debt",null,{"$f":"SUM(E22:E23)","v":0.60000000000000009},null,null,null,{"$f":"SUM(I22:I23)","v":90597723.34417288},null,{"$f":"IF(E24=0,0,SUMPRODUCT(E22:E23,K22:K23)/E24)","v":5.0320161269942036E-2},null,null,null,{"$f":"SUM(O22:O23)","v":4558892.0493683722}]
[]
[null,null,"Equity"]
[4,null,"  Common Equity",null,0.4,null,null,null,{"$f":"$I$31*E27","v":60398482.229448587},null,9.5799999999999996E-2,null,null,null,{"$f":"K27*I27","v":5786174.5975811742}]
[5,null,"  Preferred Shares",null,null,null,null,null,{"$f":"$I$31*E28","v":0},null,null,null,null,null,{"$f":"K28*I28","v":0}]
[6,null,"Total Equity",null,{"$f":"SUM(E27:E28)","v":0.4},null,null,null,{"$f":"SUM(I27:I28)","v":60398482.229448587},null,{"$f":"IF(E29=0,0,SUMPRODUCT(E27:E28,K27:K28)/E29)","v":9.5799999999999996E-2},null,null,null,{"$f":"SUM(O27:O28)","v":5786174.5975811742}]
[]
[7,null,"Total",null,1,null,null,null,150996205.57362145,null,{"$f":"(K24*E24)+(K29*E29)","v":6.8512096761965222E-2},null,null,null,{"$f":"O24+O29","v":10345066.646949546}]
[]
[]
["Notes"]
["(1)",null,"4.0% unless an applicant has proposed or been approved for a different amount."]
[]
[]
[]
[]
[]
[]
[null,null,"Appendix 2-OA"]
[null,null,"Capital Structure and Cost of Capital"]
[]
[]
[]
[null,null,null,null,null,null,"Year:","2016 Test Year"]
[]
["Line No."]
[null,null,"Particulars",null,"Capitalization Ratio",null,null,null,null,null,"Cost Rate",null,null,null,"Return"]
[]
[null,null,null,null,"(%)",null,null,null,"($)",null,"(%)",null,null,null,"($)"]
[null,null,"Debt"]
[1,null,"  Long-term Debt",null,0.56000000000000005,null,null,null,{"$f":"$I$63*E54","v":121788095.04415064},null,4.228169870677112E-2,null,null,null,{"$f":"K54*I54","v":5149407.5407283818}]
[2,null,"  Short-term Debt",null,0.04,null,"(1)",null,{"$f":"$I$63*E55","v":8699149.6460107584},null,2.1600000000000001E-2,null,null,null,{"$f":"K55*I55","v":187901.63235383239}]
[3,null,"Total Debt",null,{"$f":"SUM(E54:E55)","v":0.60000000000000009},null,null,null,{"$f":"SUM(I54:I55)","v":130487244.69016139},null,{"$f":"IF(E56=0,0,SUMPRODUCT(E54:E55,K54:K55)/E56)","v":4.0902918792986381E-2},null,null,null,{"$f":"SUM(O54:O55)","v":5337309.1730822138}]
[]
[null,null,"Equity"]
[4,null,"  Common Equity",null,0.4,null,null,null,{"$f":"$I$63*E59","v":86991496.460107595},null,9.2999999999999999E-2,null,null,null,{"$f":"K59*I59","v":8090209.1707900064}]
[5,null,"  Preferred Shares",null,null,null,null,null,{"$f":"$I$31*E60","v":0},null,null,null,null,null,{"$f":"K60*I60","v":0}]
[6,null,"Total Equity",null,{"$f":"SUM(E59:E60)","v":0.4},null,null,null,{"$f":"SUM(I59:I60)","v":86991496.460107595},null,{"$f":"IF(E61=0,0,SUMPRODUCT(E59:E60,K59:K60)/E61)","v":9.2999999999999999E-2},null,null,null,{"$f":"SUM(O59:O60)","v":8090209.1707900064}]
[]
[7,null,"Total",null,1,null,null,null,217478741.15026897,null,{"$f":"(K56*E56)+(K61*E61)","v":6.1741751275791831E-2},null,null,null,{"$f":"O56+O61","v":13427518.343872219}]
[]
[]
["Notes"]
["(1)",null,"4.0% unless an applicant has proposed or been approved for a different amount."]
[]
[]
[]
["This table must be completed for the last Board approved year and the test year."]

{"sheet":"App.2-OB_Debt Instruments","index":48,"n_rows":88,"n_cols":15,"rows_kept":88,"cut":false,"hidden":false,"merged":[[9,0,9,10],[10,0,10,10],[10,11,10,14],[12,0,12,10],[85,1,85,10]]}
[null,null,null,null,null,null,null,null,null,"File Number:",{"$f":"EBNUMBER","v":"EB-2015-0108"}]
[null,null,null,null,null,null,null,null,null,"Exhibit:",5]
[null,null,null,null,null,null,null,null,null,"Tab:"]
[null,null,null,null,null,null,null,null,null,"Schedule:","Table 5-3"]
[null,null,null,null,null,null,null,null,null,"Page:",7]
[]
[null,null,null,null,null,null,null,null,null,"Date:","2015-05-01"]
[]
[]
["Appendix 2-OB"]
["Debt Instruments"]
[]
["This table must be completed for all required historical years, the bridge year and the test year."]
[null,null,null,"Year"]
[null,null,null,"Year",2011]
[]
["Row","Description","Lender","Affiliated or Third-Party Debt?","Fixed or Variable-Rate?","Start Date","Term              (years)","Average Principal                         ($)","Rate (%)                     (Note 2)","Interest ($)       (Note 1)","Additional Comments, if any"]
[1,"Shareholder - Sr Debt","Waterloo North Hydro Holding Company","Affiliated","Fixed","2009-07-01","On Demand",17266271,0.06,{"$f":"H18*I18","v":1035976.26}]
[2,"Shareholder - Jr Debt 4","Waterloo North Hydro Holding Company","Affiliated","Fixed","2000-05-01","On Demand",16246940,6.4449999999999993E-2,1150205]
[3,"Loans (3) - CIBC - replaced in 2012","CIBC","Third-Party","Fixed","2010-2011",10,21010266.666666664,2.7E-2,{"$f":"H20*I20","v":567277.19999999995}]
[]
["Total",null,null,null,null,null,null,{"$f":"SUM(H18:H20)","v":54523477.666666664},{"$f":"IF(H22=0,\"\",J22/H22)","v":5.0500418862374719E-2},{"$f":"SUM(J18:J20)","v":2753458.46}]
["1 Rate changed on May 1, 2011 to 6.445% from 8.38%"]
[null,null,null,"Year",2012]
[]
["Row","Description","Lender","Affiliated or Third-Party Debt?","Fixed or Variable-Rate?","Start Date","Term              (years)","Average Principal                         ($)","Rate (%)                     (Note 2)","Interest ($)       (Note 1)","Additional Comments, if any"]
[1,"Shareholder - Sr Debt","Waterloo North Hydro Holding Company","Affiliated","Fixed","2009-07-01","On Demand",17266271,0.06,{"$f":"H27*I27","v":1035976.26}]
[2,"Shareholder - Jr Debt","Waterloo North Hydro Holding Company","Affiliated","Fixed","2000-05-01","On Demand",16246940,6.4449999999999993E-2,{"$f":"H28*I28","v":1047115.2829999999}]
[3,"Loans (3) - CIBC - replaced in 2012","CIBC","Third-Party","Fixed","2010-2011",10,19479395.555555556,2.7E-2,525943.68000000005]
[4,"Banker's Acceptance - Mortgage","CIBC Part Year 3","Third-Party","Fixed","2012-04-12",25,18527947.088607594,3.95E-2,731853.91]
[]
["Total",null,null,null,null,null,null,{"$f":"SUM(H27:H31)","v":71520553.644163147},{"$f":"IF(H32=0,\"\",J32/H32)","v":4.6712294057760742E-2},{"$f":"SUM(J27:J31)","v":3340889.1330000004}]
[]
[null,null,null,"Year",2013]
[]
["Row","Description","Lender","Affiliated or Third-Party Debt?","Fixed or Variable-Rate?","Start Date","Term              (years)","Average Principal                         ($)","Rate (%)                     (Note 2)","Interest ($)       (Note 1)","Additional Comments, if any"]
[1,"Shareholder - Sr Debt","Waterloo North Hydro Holding Company","Affiliated","Fixed","2009-07-01","On Demand",17266271,0.06,{"$f":"+H37*I37","v":1035976.26}]
[2,"Shareholder - Jr Debt","Waterloo North Hydro Holding Company","Affiliated","Fixed","2000-05-01","On Demand",16246940,6.4449999999999993E-2,{"$f":"+H38*I38","v":1047115.2829999999}]
[4,"Banker's Acceptance - Mortgage","CIBC","Third-Party","Fixed","2012-04-12",25,25535817.46835443,3.95E-2,1008664.79]
[5,"Banker's Acceptance - Smart Meters","CIBC Part Year 3","Third-Party","Fixed","2013-04-01",8,11590900,2.98E-2,345408.82]
[6,"Banker's Acceptance - Term Loan 2013","CIBC Part Year 3","Third-Party","Fixed","2013-07-04",20,7400513.7573297257,4.4339999999999997E-2,328138.78000000003]
[]
["Total",null,null,null,null,null,null,{"$f":"SUM(H37:H42)","v":78040442.225684166},{"$f":"IF(H43=0,\"\",J43/H43)","v":4.8248111179472378E-2},{"$f":"SUM(J37:J42)","v":3765303.9330000002}]
[]
[null,null,null,"Year",2014]
[]
["Row","Description","Lender","Affiliated or Third-Party Debt?","Fixed or Variable-Rate?","Start Date","Term              (years)","Average Principal                         ($)","Rate (%)                     (Note 2)","Interest ($)       (Note 1)","Additional Comments, if any"]
[1,"Shareholder - Sr Debt","Waterloo North Hydro Holding Company","Affiliated","Fixed","2009-07-01","On Demand",17266271,0.06,{"$f":"H48*I48","v":1035976.26}]
[2,"Shareholder - Jr Debt","Waterloo North Hydro Holding Company","Affiliated","Fixed","2000-05-01","On Demand",16246940,6.4449999999999993E-2,{"$f":"H49*I49","v":1047115.2829999999}]
[4,"Banker's Acceptance - Mortgage","CIBC","Third-Party","Fixed","2012-04-12",25,24247538.987341773,3.95E-2,957777.79]
[5,"Banker's Acceptance - Smart Meters","CIBC","Third-Party","Fixed","2013-04-01",8,10264681.208053691,2.98E-2,305887.5]
[6,"Banker's Acceptance - Term Loan 2013","CIBC","Third-Party","Fixed","2013-07-04",20,14279281.461434372,4.4339999999999997E-2,633143.34]
[7,"Banker's Acceptance - Term Loan 2014","CIBC Part Year 3","Third-Party","Fixed","2014-06-04",20,8725000.247831475,4.0349999999999997E-2,352053.76000000001]
[]
["Total",null,null,null,null,null,null,{"$f":"SUM(H48:H54)","v":91029712.904661313},{"$f":"IF(H55=0,\"\",J55/H55)","v":4.758835104244491E-2},{"$f":"SUM(J48:J54)","v":4331953.9330000002}]
[]
[null,null,null,"Year",2015]
[]
["Row","Description","Lender","Affiliated or Third-Party Debt?","Fixed or Variable-Rate?","Start Date","Term              (years)","Average Principal                         ($)","Rate (%)                     (Note 2)","Interest ($)       (Note 1)","Additional Comments, if any"]
[1,"Shareholder - Sr Debt","Waterloo North Hydro Holding Company","Affiliated","Fixed","2009-07-01","On Demand",17266271,0.06,{"$f":"H60*I60","v":1035976.26}]
[2,"Shareholder - Jr Debt","Waterloo North Hydro Holding Company","Affiliated","Fixed","2000-05-01","On Demand",16246940,6.4449999999999993E-2,{"$f":"H61*I61","v":1047115.2829999999}]
[4,"Banker's Acceptance - Mortgage","CIBC","Third-Party","Fixed","2012-04-12",25,23244987.34177215,3.95E-2,918177]
[5,"Banker's Acceptance - Smart Meters","CIBC","Third-Party","Fixed","2013-04-01",8,8735570.469798658,2.98E-2,260320]
[6,"Banker's Acceptance - Term Loan 2013","CIBC","Third-Party","Fixed","2013-07-04",20,13564884.979702301,4.4339999999999997E-2,601467]
[7,"Banker's Acceptance - Term Loan 2014","CIBC","Third-Party","Fixed","2014-06-04",20,14219479.553903347,4.0349999999999997E-2,573756]
[8,"Banker's Acceptance - Term Loan 2015","CIBC Part Year 3","Third-Party","Fixed","2015-06-01",20,5702812.5,0.04,228112.5]
[]
["Total",null,null,null,null,null,null,{"$f":"SUM(H60:H67)","v":98980945.845176458},{"$f":"IF(H68=0,\"\",J68/H68)","v":4.7129515718073237E-2},{"$f":"SUM(J60:J67)","v":4664924.0429999996}]
[]
[null,null,null,"Year",2016]
[]
["Row","Description","Lender","Affiliated or Third-Party Debt?","Fixed or Variable-Rate?","Start Date","Term              (years)","Average Principal                         ($)","Rate (%)                     (Note 2)","Interest ($)       (Note 1)","Additional Comments, if any"]
[1,"Shareholder - Sr Debt","Waterloo North Hydro Holding Company","Affiliated","Fixed","2009-07-01","On Demand",17266271,4.7699999999999999E-2,{"$f":"H73*I73","v":823601.12670000002},null,null,null,null,823601.12670000002]
[2,"Shareholder - Jr Debt","Waterloo North Hydro Holding Company","Affiliated","Fixed","2000-05-01","On Demand",16246940,4.7699999999999999E-2,{"$f":"H74*I74","v":774979.03799999994},null,null,null,null,774979.03799999994]
[4,"Banker's Acceptance - Mortgage","CIBC","Third-Party","Fixed","2012-04-12",25,22116126.582278483,3.95E-2,873587,null,null,null,null,873832.16001749644]
[5,"Banker's Acceptance - Smart Meters","CIBC","Third-Party","Fixed","2013-04-01",8,7159731.5436241608,2.98E-2,213360,null,null,null,null,213628.7561090001]
[6,"Banker's Acceptance - Term Loan 2013","CIBC","Third-Party","Fixed","2013-07-04",20,12776883.175462337,4.4339999999999997E-2,566527,null,null,null,null,566720.625]
[7,"Banker's Acceptance - Term Loan 2014","CIBC","Third-Party","Fixed","2014-06-04",20,13542453.531598514,4.0349999999999997E-2,546438,null,null,null,null,532015.625]
[8,"Banker's Acceptance - Term Loan 2015","CIBC","Third-Party","Fixed","2015-06-01",20,9384375,0.04,375375,null,null,null,null,375375]
[9,"Banker's Acceptance - Term Loan 2016","CIBC Part Year 3","Third-Party","Fixed","2016-06-01",20,4130729.75,0.04,165229.19,null,null,null,null,165229.19]
[]
["Total",null,null,null,null,null,null,{"$f":"SUM(H73:H81)","v":102623510.5829635},{"$f":"IF(H82=0,\"\",J82/H82)","v":4.228169870677112E-2},{"$f":"SUM(J73:J81)","v":4339096.3547}]
[]
["Notes"]
[1,"If financing is in place only part of the year, calculate the pro-rated interest and input in the cell."]
[2,"Input actual or deemed long-term debt rate in accordance with the guidelines in The Report of the Board on the Cost of Capital for Ontario's Regulated Utilities, issued December 11, 2009, or with any subsequent update issued by the Board."]
[3,"Loan Commenced during the Year, Principal shown as Part Year to reflect correct Interest"]
[4,"Rate changed on May 1, 2011 to 6.445% from 8.38%"]

{"sheet":"App.2-P_Cost_Allocation","index":49,"n_rows":105,"n_cols":6,"rows_kept":105,"cut":false,"hidden":false,"merged":[[27,0,28,4],[30,0,32,4],[34,0,35,4],[8,0,8,5],[9,0,9,5],[48,0,48,1],[49,0,49,1],[41,0,42,1],[41,2,42,2],[44,0,44,1],[45,0,45,1],[46,0,46,1],[47,0,47,1],[43,0,43,1],[38,1,38,5],[40,0,40,1],[41,3,42,3],[41,4,42,4],[41,5,42,5],[54,0,55,5],[50,0,50,1],[75,0,75,1],[57,0,57,5],[71,0,71,1],[72,0,72,1],[73,0,73,1],[74,0,74,1],[59,0,60,5],[62,0,63,5],[81,0,82,5],[84,0,84,5],[76,0,76,1],[77,0,77,1],[67,0,69,1],[67,5,69,5],[68,3,69,3],[68,4,69,4],[70,0,70,1],[93,0,93,1],[88,0,90,1],[88,2,88,4],[88,5,89,5],[91,0,91,1],[92,0,92,1],[101,0,101,1],[109,0,111,5],[94,0,94,1],[95,0,95,1],[96,0,96,1],[97,0,97,1],[98,0,98,1],[99,0,99,1],[104,0,107,5],[100,0,100,1]]}
[null,null,null,null,"File Number:",{"$f":"EBNUMBER","v":"EB-2015-0108"}]
[null,null,null,null,"Exhibit:",7]
[null,null,null,null,"Tab:"]
[null,null,null,null,"Schedule:","Table 7-6 to 7-8"]
[null,null,null,null,"Page:","11/13"]
[]
[null,null,null,null,"Date:","2015-05-01"]
[]
["Appendix 2-P"]
["Cost Allocation"]
[]
["Please complete the following four tables."]
[]
["A)  Allocated Costs"]
[]
["Classes","Costs Allocated from Previous Study","%","Costs Allocated in Test Year Study                    (Column 7A)","%"]
["Residential",14755783.392809687,0.506278001403492,18790233.10095828,0.5134774922478107]
["GS < 50 kW",4854060.1747692535,0.16654513139383534,5407449.9060184285,0.14776846046983838]
["GS > 50 kW",8504825.679498896,0.29180464585838006,10935844.714270325,0.29884196163636884]
["Large User",641537.84680369031,2.2011471045498086E-2,1000220.4066784901,2.7332852304539208E-2]
["Unmetered Scattered Load",112274.78607518309,3.8522017292451478E-3,102102.38185760718,2.7901343590090301E-3]
["Street Lighting",276249.31109338865,9.478246283935279E-3,356764.31442885537,9.7492375167552107E-3]
["Embedded Distributor",883.17873102893248,3.0302285614011051E-5,1458.6934055681691,3.9861465678750074E-5]
["Total",{"$f":"SUM(B17:B23)","v":29145614.369781129},{"$f":"SUM(C17:C23)","v":0.99999999999999978},{"$f":"SUM(D17:D23)","v":36594073.517617553},{"$f":"SUM(E17:E23)","v":1}]
[]
["Notes"]
[]
["1     Customer Classification - If proposed rate classes differ from those in place in the previous Cost Allocation study, modify the rate classes to match the current application as closely as possible."]
[]
[]
["2     Host Distributors -  Provide information on embedded distributor(s) as a separate class, if applicable.   If embedded distributor(s) are billed as customers in a General Service class, include the allocated cost and revenue of the embedded distributor(s) in the applicable class.  Also complete Appendix 2-Q."]
[]
[]
["  "]
["3     Class Revenue Requirements - If using the Board-issued model, in column 7A enter the results from Worksheet O-1, Revenue Requirement (row 40 in the 2013 model).  This excludes costs in deferral and variance accounts.  Note to Embedded Distributor(s), it also does not include Account 4750 - Low Voltage (LV) Costs. "]
[]
[]
[]
["B)  Calculated Class Revenues"]
[]
[null,null,"Column 7B","Column 7C","Column 7D","Column 7E"]
["Classes (same as previous table)",null,"Load Forecast (LF) X current approved rates","L.F. X current approved rates X (1 + d)","LF X proposed rates","Miscellaneous Revenue"]
[]
[{"$f":"A17","v":"Residential"},null,16660584.338676769,18874954.651427552,18865237.272035081,794253.32274078263]
["GS < 50 kW",null,4832528.5040329043,5474823.362203666,5474823.3592032325,161119.24433323508]
["GS > 50 kW",null,8692348.0060943328,9847654.2655578889,9847654.2601609603,195814.53502398392]
["Large User",null,663034.57263112685,751158.97716076882,834682.36491593823,15504.980760778291]
["Unmetered Scattered Load",null,170454.28270144697,193109.48468131293,118886.65493542954,3636.203293699074]
["Street Lighting",null,238101.28839048004,269747.50281620212,269747.50266836915,11255.16332970873]
["Embedded Distributor",null,899.71182798404675,1019.2931776785825,1436.142887754974,22.55051781319494]
["Total",null,{"$f":"SUM(C44:C50)","v":31257950.704355046},{"$f":"SUM(D44:D50)","v":35412467.537025072},{"$f":"SUM(E44:E50)","v":35412467.556806758},{"$f":"SUM(F44:F50)","v":1181606.0000000009}]
[]
["Notes:"]
[]
["1     Columns 7B to 7D - LF means Load Forecast of Annual Billing Quantities (i.e. customers or connections X 12, (kWh or kW, as applicable).  Revenue Quantities should be net of Transfomrer Ownership Allowance.  Exclude revenue from rate adders and rate riders.  "]
[]
[]
["2     Columns 7C and 7D - Column total in each column should equal the Base Revenue Requirement"]
[]
["3     Columns 7C - The Board cost allocation model calculates \"1+d\" in worksheet O-1, cell C21. \"d\" is defined as Revenue Deficiency/ Revenue at Current Rates."]
[]
[]
["4     Columns 7E - If using the Board-issued Cost Allocation model, enter Miscellaneous Revenue as it appears in Worksheet O-1, row 19."]
[]
[]
["C)  Rebalancing Revenue-to-Cost (R/C) Ratios"]
[]
["Class",null,"Previously Approved Ratios","Status Quo Ratios","Proposed Ratios","Policy Range"]
[null,null,"Most Recent Year:","(7C + 7E) / (7A)","(7D + 7E) / (7A)"]
[null,null,2011]
[null,null,"%","%","%","%"]
[{"$f":"A44","v":"Residential"},null,1.0771961354734538,{"$f":"IF(D17=0,\"\",(D44+F44)/D17*100)","v":104.67782846805251},{"$f":"IF(D17=0,\"\",(E44+F44)/D17*100)","v":104.62611341300099},"85 - 115"]
["GS < 50 kW",null,0.93777346135975337,104.22551673135543,104.22551667586842,"80 - 120"]
["GS > 50 kW",null,0.91038446146397989,91.839899550475693,91.839899501124876,"80 - 120"]
["Large User",null,0.90772866053479806,76.649501730070469,85,"80 - 120"]
["Unmetered Scattered Load",null,1.2,192.6945134829422,120,"85 - 115"]
["Street Lighting",null,0.86196175788563589,78.764230272236873,78.764230230799726,"70 - 120"]
["Embedded Distributor",null,1,71.423075713842252,100,"80 - 120"]
[]
["Notes"]
[]
["1     Previously Approved Revenue-to-Cost Ratios - For most applicants, Most Recent Year would be the third year of the IRM 3 period,  e.g. if the applicant rebased in 2009 with further adjustments over 2 years, the Most recent year is 2011.  For applicants whose most recent rebasing year is 2006, the applicant should enter the ratios from their Informational Filing."]
[]
[]
["2     Status Quo Ratios - The Board's updated Cost Allocation Model yields the Status Quo Ratios in Worksheet O-1.  Status Quo means \"Before Rebalancing\"."]
[]
["D)  Proposed Revenue-to-Cost Ratios"]
[]
["Class",null,"Proposed Revenue-to-Cost Ratios",null,null,"Policy Range"]
[null,null,{"$f":"TestYear","v":2016},{"$f":"C90+1","v":2017},{"$f":"D90+1","v":2018}]
[null,null,"%","%","%","%"]
[{"$f":"A72","v":"Residential"},null,{"$f":"E72","v":104.62611341300099},null,null,{"$f":"F72","v":"85 - 115"}]
["GS < 50 kW",null,104.22551667586842,null,null,"80 - 120"]
["GS > 50 kW",null,91.839899501124876,null,null,"80 - 120"]
["Large User",null,85,null,null,"80 - 120"]
["Unmetered Scattered Load",null,120,null,null,"85 - 115"]
["Street Lighting",null,78.764230230799726,null,null,"70 - 120"]
["Embedded Distributor",null,100,null,null,"80 - 120"]
[{"$f":"#REF!","v":{"$error":"#REF!"}},null,{"$f":"#REF!","v":{"$error":"#REF!"}},null,null,{"$f":"#REF!","v":{"$error":"#REF!"}}]
[{"$f":"#REF!","v":{"$error":"#REF!"}},null,{"$f":"#REF!","v":{"$error":"#REF!"}},null,null,{"$f":"#REF!","v":{"$error":"#REF!"}}]
[null,null,{"$f":"#REF!","v":{"$error":"#REF!"}},null,null,{"$f":"#REF!","v":{"$error":"#REF!"}}]
[{"$f":"#REF!","v":{"$error":"#REF!"}},null,{"$f":"#REF!","v":{"$error":"#REF!"}}]
[]
["Note"]
["1     The applicant should complete Table D if it is applying for approval of a revenue to cost ratio in 2014 that is outside the Board’s policy range for any customer class. Table (d) will show the information that the distributor would likely enter in the IRM model) in 2014.  In 2015 Table (d), enter the planned ratios for the classes that will be ‘Change’ and ‘No Change’ in 2014 (in the current Revenue Cost Ratio Adjustment Workform, Worksheet C1.1 ‘Decision – Cost Revenue Adjustment’, column d), and enter TBD for class(es) that will be entered as ‘Rebalance’. "]

{"sheet":"App.2-Q_Cost of Serv. Emb. Dx","index":50,"n_rows":61,"n_cols":7,"rows_kept":61,"cut":false,"hidden":false,"merged":[[59,3,60,3],[59,4,60,4],[54,4,55,4],[8,0,8,6],[9,0,9,6],[16,0,16,1],[16,2,16,3],[54,3,55,3],[9,7,9,11],[12,0,12,6],[11,0,11,6],[14,0,14,1],[14,2,14,3]]}
[null,null,null,null,null,"File Number:",{"$f":"EBNUMBER","v":"EB-2015-0108"}]
[null,null,null,null,null,"Exhibit:"]
[null,null,null,null,null,"Tab:"]
[null,null,null,null,null,"Schedule:"]
[null,null,null,null,null,"Page:"]
[]
[null,null,null,null,null,"Date:"]
[]
["Appendix 2-Q"]
["Cost of Serving Embedded Distributor(s) "]
[]
["To be completed by Host Distributors ONLY*"]
["(Not required if Host Distributor has an Embedded Distributor rate class, i.e. a separate row in Appendix 2-P.)"]
["N/A"]
[]
[]
["Proposed Rate Class for Billing Embedded Distributor(s)"]
[]
["Host's Distribution Facilities used by Embedded Distributor(s)"]
[]
["(1)","(2)","(3)","(4)","(5)","(6) = '(3) + (4)"]
["Asset Class","Total OM&A costs asociated with asset class ","Original cost of asset class ","Accumulated amortization of asset class","Annual amortization of asset class","Net Book Value of asset class"]
["Totals for Host Distributor:","($)","($)","($)","($)"]
["Distribution Stations",null,null,null,null,{"$f":"C24+D24","v":0}]
["Low Voltage Line",null,null,null,null,0]
["LV Line category # 2 (if applcable)",null,null,null,null,0]
["TS (owned by host)",null,null,null,null,0]
["add rows if necessary... ",null,null,null,null,0]
[null,null,null,null,null,0]
[null,null,null,null,null,0]
[]
["(1)","(7)","(8)","(9)","(10)","(11)"]
[{"$f":"A22","v":"Asset Class"},"Total line length or station capacity in asset class","Line length or capacity required to provide LV service to Embedded Distributor(s)","Annual total demand on station/line providing LV services (sum of 12 monthly peaks)","Annual billed Embedded Distributor demand on station/line providing LV services","Embedded Distributor(s)' Responsibility Share "]
["Embedded Distributor's share:","kW or kVa; km","kW or kVA; km","kW or kVA","kW or kVA","percent"]
["Distribution Stations",null,null,null,null,{"$f":"IF(D35=0,0,(C35/B35)*(E35/D35))","v":0}]
["Low Voltage Line",null,null,null,null,{"$f":"IF(D36=0,0,(C36/B36)*(E36/D36))","v":0}]
["LV Line # 2 (if applicable) ",null,null,null,null,{"$f":"IF(D37=0,0,(C37/B37)*(E37/D37))","v":0}]
["TS (owned by host)",null,null,null,null,{"$f":"IF(D38=0,0,(C38/B38)*(E38/D38))","v":0}]
["add rows if necessary ",null,null,null,null,{"$f":"IF(D39=0,0,(C39/B39)*(E39/D39))","v":0}]
[]
["(1)","(12)","(12a)","(13)","(14)","(15)","(16)"]
[{"$f":"A33","v":"Asset Class"},"Return on Assets used to Provide LV services","Taxes/PILs","Annual amortization on assets used to provide LV services","OM&A costs with burden associated with assets used to provide LV services","Total annual cost associated with assets used to provide LV services","Monthly cost associated with the delivery of LV services"]
[null,"($)","($)","($)","($)","($)","$/kW or $/kVA"]
["Distribution Stations",{"$f":"E$55*(F24+B24*E$60)*F35","v":0},{"$f":"(B44-(B$55*C$55*F35*(F24+B24*E58)+B$56*C$56*F35*(F24+B24*E$58)))*E$58/(1-E$58)","v":0},{"$f":"E24*F35","v":0},{"$f":"B24*F35","v":0},{"$f":"SUM(B44:E44)","v":0},{"$f":"IF(E35=0,0,(D44/E35))","v":0}]
["Low Voltage Line",{"$f":"E$55*(F25+B25*E$60)*F36","v":0},{"$f":"(B45-(B$55*C$55*F36*(F25+B25*E59)+B$56*C$56*F36*(F25+B25*E59)))*E$58/(1-E$58)","v":0},{"$f":"E25*F36","v":0},{"$f":"B25*F36","v":0},{"$f":"SUM(B45:E45)","v":0},{"$f":"IF(E36=0,0,(D45/E36))","v":0}]
["LV Line # 2 (if applicable) ",{"$f":"E$55*(F26+B26*E$60)*F37","v":0},{"$f":"(B46-(B$55*C$55*F37*(F26+B26*E60)+B$56*C$56*F37*(F26+B26*E$60)))*E$58/(1-E$58)","v":0},{"$f":"E26*F37","v":0},{"$f":"B26*F37","v":0},{"$f":"SUM(B46:E46)","v":0},{"$f":"IF(E37=0,0,(D46/E37))","v":0}]
["TS (owned by host)",{"$f":"E$55*(F27+B27*E$60)*F38","v":0},{"$f":"(B47-(B$55*C$55*F38*(F27+B27*E61)+B$56*C$56*F38*(F27+B27*E61)))*E$58/(1-E$58)","v":0},{"$f":"E27*F38","v":0},{"$f":"B27*F38","v":0},{"$f":"SUM(B47:E47)","v":0},{"$f":"IF(E38=0,0,(D47/E38))","v":0}]
["add rows if necessary ",{"$f":"E$55*(F28+B28*E$60)*F39","v":0},{"$f":"(B48-(B$55*C$55*F39*(F28+B28*I62)+B$56*C$56*F39*(F28+B28*I62)))*E$58/(1-E$58)","v":0},{"$f":"E28*F39","v":0},{"$f":"B28*F39","v":0},{"$f":"SUM(B48:E48)","v":0},{"$f":"IF(E39=0,0,(D48/E39))","v":0}]
[]
["Total",null,null,null,null,{"$f":"SUM(F44:F48)","v":0},{"$f":"SUM(G44:G48)","v":0}]
[]
["(17)","(18)","(19)","(20)","(21)"]
[null,"Capital Structure","Cost Rate"]
[null,"(%)","(%)",null,"(%)"]
["Long-Term Debt",null,null,"Weighted Average Cost of Capital",{"$f":"IF(B61=0%,0,SUMPRODUCT(B55:B59,C55:C59)/B61)","v":0}]
["Short-term Debt"]
[]
["Common Equity",null,null,"Tax/PILs Rate"]
["Preferred Shares"]
[null,null,null,"Working Capital Allowance Factor"]
["Total",{"$f":"SUM(B55:B59)","v":0}]

{"sheet":"App.2-R_Loss Factors","index":51,"n_rows":73,"n_cols":8,"rows_kept":73,"cut":false,"hidden":false,"merged":[[8,0,8,7],[9,0,9,7],[11,0,11,7],[13,0,14,1],[13,2,13,6],[13,7,14,7],[15,1,15,7],[24,1,24,7],[26,1,26,7],[54,1,55,7],[36,1,39,7],[43,1,45,7],[47,1,50,7],[57,1,58,7],[60,1,61,7],[32,1,34,7],[71,1,71,7],[63,1,63,7],[65,1,65,7],[67,1,69,6],[52,1,52,7]]}
[null,null,null,null,null,null,"File Number:",{"$f":"EBNUMBER","v":"EB-2015-0108"}]
[null,null,null,null,null,null,"Exhibit:"]
[null,null,null,null,null,null,"Tab:"]
[null,null,null,null,null,null,"Schedule:"]
[null,null,null,null,null,null,"Page:"]
[]
[null,null,null,null,null,null,"Date:","2015-05-01"]
[]
["Appendix 2-R"]
["Loss Factors"]
[]
[]
[]
[null,null,"Historical Years",null,null,null,null,"5-Year Average"]
[null,null,{"$f":"IF(ISBLANK('LDC Info'!E26-5), \"Year 5\", 'LDC Info'!E26-5)","v":2010},{"$f":"IF(ISBLANK('LDC Info'!E26-4), \"Year 5\", 'LDC Info'!E26-4)","v":2011},{"$f":"IF(ISBLANK('LDC Info'!E26-3), \"Year 5\", 'LDC Info'!E26-3)","v":2012},{"$f":"IF(ISBLANK('LDC Info'!E26-2), \"Year 5\", 'LDC Info'!E26-2)","v":2013},{"$f":"IF(ISBLANK('LDC Info'!E26-1), \"Year 5\", 'LDC Info'!E26-1)","v":2014}]
[null,"Losses Within Distributor's System"]
["A(1)","\"Wholesale\" kWh delivered to distributor (higher value)",1479671736.8792028,1490430124.3857436,1499023492.960295,1500424487.4024482,1498052422.4610744,{"$f":"IF(SUM(C17:G17)=0,0,AVERAGE(C17:G17))","v":1493520452.8177528}]
["A(2)","\"Wholesale\" kWh delivered to distributor (lower value)",1472242553.3002782,1482849015.2557371,1491913516.2847064,1490719390.2855864,1482221186.9375091,{"$f":"IF(SUM(C18:G18)=0,0,AVERAGE(C18:G18))","v":1483989132.4127631}]
["B","Portion of \"Wholesale\" kWh delivered to distributor for its Large Use Customer(s)",83005974.200752184,84670884.957958445,90870532.395401627,108434559.04904762,130834529.94082972,{"$f":"IF(SUM(C19:G19)=0,0,AVERAGE(C19:G19))","v":99563296.108797938}]
["C","Net \"Wholesale\" kWh delivered to distributor  = A(2) - B",{"$f":"C18-C19","v":1389236579.0995259},1398178130.2977786,1401042983.8893046,1382284831.2365386,1351386656.9966793,1384425836.3039651]
["D","\"Retail\" kWh delivered by distributor",1425236249.1905799,1436848190.98839,1449025353.46716,1447995584.589438,1447246210.8553388,{"$f":"IF(SUM(C21:G21)=0,0,AVERAGE(C21:G21))","v":1441270317.8181813}]
["E","Portion of \"Retail\" kWh delivered by distributor to its Large Use Customer(s)",82593009.154977307,84249636.77408801,90293305.977832466,107645202.94705744,129936949.14041367,{"$f":"IF(SUM(C22:G22)=0,0,AVERAGE(C22:G22))","v":98943620.798873782}]
["F","Net \"Retail\" kWh delivered by distributor = D - E",{"$f":"C21-C22","v":1342643240.0356026},1352598554.2143021,1358732047.4893274,1340350381.6423805,1317309261.7149251,1342326697.0193076]
["G","Loss Factor in Distributor's system = C / F",{"$f":"IF(C23=0,\"\",C20/C23)","v":1.0347026951572689},1.0336977856005123,1.0311400150442904,1.0312861846935681,1.0258689407811428,1.0313628115853914]
[null,"Losses Upstream of Distributor's System"]
["H","Supply Facilities Loss Factor",1.0049999999999999,1.0051000000000001,1.0047999999999999,1.0046999999999999,1.0040292844202134,{"$f":"IF(SUM(C26:G26)=0,0,AVERAGE(C26:G26))","v":1.0047258568840427}]
[null,"Total Losses"]
["I","Total Loss Factor = G x H",{"$f":"IF(C24=\"\",\"\",C24*C26)","v":1.0398762086330551},1.0389696443070751,1.0360894871165029,1.0361332297616279,1.0300024585214131,1.036236884628468]
[]
["Notes"]
[]
[]
["A(1)","If directly connected to the IESO-controlled grid, kWh pertains to the virtual meter on the primary or high voltage side of the transformer at the interface with the transmission grid.  This corresponds to the \"With Losses\" kWh value provided by the IESO's MV-WEB.  It is the higher of the two values provided by MV-WEB."]
[]
[]
[]
[null,"If fully embedded within a host distributor, kWh pertains to the virtual meter on the primary or high voltage side of the transformer, at the interface between the host distributor and the transmission grid.  For example, if the host distributor is Hydro One Networks Inc., kWh from the Hydro One Networks' invoice corresponding to \"Total kWh w Losses\" should be reported.  This corresponds to the higher of the two kWh values provided in Hydro One Networks' invoice."]
[]
[]
[]
[]
[null,"If partially embedded, kWh pertains to the sum of the above."]
[]
["A(2)","If directly connected to the IESO-controlled grid, kWh pertains to a metering installation on the secondary or low voltage side of the transformer at the interface with the transmission grid.  This corresponds to the \"Without Losses\" kWh value provided by the IESO's MV-WEB.  It is the lower of the two kWh values provided by MV-WEB."]
[]
[]
[]
[null,"If fully embedded with the host distributor, kWh pertains to a metering installation on the secondary or low voltage side of the transformer at the interface between the embedded distributor and the host distributor.  For example, if the host distributor is Hydro One Networks Inc., kWh from the Hydro One Networks' invoice corresponding to \"Total kWh\" should be reported.  This corresponds to the lower of the two kWh values provided in Hydro One Networks' invoice."]
[]
[]
[]
[]
[null,"If partially embedded, kWh pertains to the sum of the above."]
[]
[null,"Additionally, kWh pertaining to distributed generation directly connected to the distributor's own distribution network should be included in A(2)."]
[]
[]
["B","If a Large Use Customer is metered on the secondary or low voltage side of the transformer, the default loss is 1%                         (i.e., B = 1.01 X E)."]
[]
[]
["D","kWh corresponding to D should equal metered or estimated kWh at the customer’s delivery point."]
[]
[]
["G and I","These loss factors pertain to secondary-metered customers with demand less than 5,000 kW."]
[]
["H","If directly connected to the IESO-controlled grid, SFLF = 1.0045."]
[]
[null,"If fully embedded within a host distributor, SFLF = loss factor re losses in transformer at grid interface X loss factor re losses in host distributor's system.  If the host distributor is Hydro One Networks Inc., SFLF = 1.0060 X 1.0278 = 1.0340. If partially embedded, SFLF should be calculated as the weighted average of above."]
[]
[]
[]
[null,"Distributors that wish to propose a different SFLF should provide appropriate justification for any such proposal including supporting"]
[null,"calculations and any other relevant material."]

{"sheet":"App.2-S_Stranded Meters","index":52,"n_rows":91,"n_cols":8,"rows_kept":91,"cut":false,"hidden":false,"merged":[[90,0,93,7],[83,1,85,7],[87,1,88,7],[68,1,69,7],[75,1,77,7],[79,1,81,7],[71,1,73,7],[61,2,63,7],[65,0,66,7],[36,1,37,7],[39,1,41,7],[43,1,46,7],[48,1,51,7],[56,2,59,7],[8,0,8,7],[9,0,9,7],[28,0,31,7],[33,0,34,7],[53,2,54,7]]}
[null,null,null,null,null,null,"File Number:",{"$f":"EBNUMBER","v":"EB-2015-0108"}]
[null,null,null,null,null,null,"Exhibit:",2]
[null,null,null,null,null,null,"Tab:"]
[null,null,null,null,null,null,"Schedule:"]
[null,null,null,null,null,null,"Page:"]
[]
[null,null,null,null,null,null,"Date:","2015-05-01"]
[]
["Appendix 2-S"]
["Stranded Meter Treatment"]
[]
["Year","Notes","Gross Asset Value","Accumulated Amortization","Contributed Capital (Net of Amortization)","Net Asset","Proceeds on Disposition","Residual Net Book Value"]
[null,null,"(A)","(B)","(C)","(D ) = (A) - (B) - (C)","(E)","(F) = (D) - (E)"]
[2006,null,null,null,null,{"$f":"C14-D14-E14","v":0},null,{"$f":"F14-G14","v":0}]
[2007,null,null,null,null,0,null,0]
[2008,null,null,null,null,0,null,0]
[2009,null,null,null,null,0,null,0]
[2010,null,null,null,null,0,null,0]
[2011,null,null,null,null,0,null,0]
[2012,null,null,null,null,0,null,0]
[2013,null,null,null,null,{"$f":"C21-D21-E21","v":0},null,{"$f":"F21-G21","v":0}]
[2014,null,6652929.0245189406,5288663.2666158574,null,{"$f":"C22-D22-E22","v":1364265.7579030832},269,{"$f":"F22-G22","v":1363996.7579030832}]
[2015,"(1)",6652929.0245189406,5351066.767782798,null,1301862.2567361426,269,1301593.2567361426]
[null,"Forecast"]
["Notes:"]
[]
["(1)","For 2014, please indicate whether the amounts provided are on a forecast or actual basis."]
[]
["Some distributors have transferred the cost of stranded meters from Account 1860 - Meters to \"Sub-account Stranded Meter Costs of Account 1555\", while in some cases distributors have left these costs in Account 1860.  Depending on which treatment the applicant has chosen. please provide the information under either of the two scenarios (A and B below), as applicable."]
[]
[]
[]
[]
["Scenario A:  If the stranded meter costs were transferred to \"Sub-account Stranded Meter Costs\" of Account 1555, the above table should be completed and the following information should be provided in Exhibit 9."]
[]
[]
[1,"A description of the accounting treatment followed by the applicant on stranded meter costs for financial accounting and reporting purposes."]
[]
[]
[2,"The amount of the pooled residual net book value of the removed from service stranded meters, less any contributed capital (net of accumulated amortization), and less any net proceeds from sales, which were transferred to this sub-account as of December 31, 2010."]
[]
[]
[]
[3,"A statement as to whether or not, since transferring the removed stranded meter costs to the sub-account, the recording of depreciation expenses was continued in order to reduce the net book value through accumulated depreciation.  If so, the total depreciation expense amount for the period from the time the costs for the stranded meters were transferred to the sub-account to December 31, 2010 should be provided."]
[]
[]
[]
[]
[null,"If no depreciation expenses were recorded to reduce the net book value of stranded meter costs through accumulated depreciation, the total depreciation expense amount that would have been applicable from the time that the stranded meter costs were transferred to the sub-account of Account 1555 to December 31, 2010 should be provided.  In addition, the following information should be provided:"]
[]
[]
[]
[]
[null,"a)","Whether or not carrying charges were recorded for the stranded meter cost balances in the sub-account, and if so, the total carrying charges recorded to December 31, 2010."]
[]
[]
[null,"b)","The estimated amount of the pooled residual net book value of the removed from service meters, less any net proceeds from sales and contributed capital, at the time when the smart meters will have been fully deployed (e.g., as of December 31, 2010).  If the smart meters have been fully deployed, the actual amount should be provided."]
[]
[]
[]
[]
[null,"c)","A description as to how the applicant intends to recover in rates the remaining costs for stranded meters, including the proposed accounting treatment, the proposed disposition period, and the associated bill impacts."]
[]
[]
[]
["Scenario B:  If the stranded meter costs remained recorded in Account 1860, the above table should be completed and the following information should be provided in Exhibit 9:"]
[]
[]
[1,"A description of the accounting treatment followed by the applicant on stranded meter costs for financial accounting and reporting purposes."]
[]
[]
[2,"The amount of the pooled residual net book value of the removed from service stranded meters, less any contributed capital (net of accumulated amortization), and less any net proceeds from sales, as of December 31, 2010."]
[]
[]
[]
[3,"A statement as to whether or not the recording of depreciation expenses continued in order to reduce the net book value through accumulated depreciation.  If so, provision of the total (cumulative) depreciation expense for the period from the time that the meters became stranded to December 31, 2010."]
[]
[]
[]
[4,"If no depreciation expenses were recorded to reduce the net book value of stranded meters through accumulated depreciation, the total (cumulative) depreciation expense amount that would have been applicable for the period from the time that the meters became stranded to December 31, 2010."]
[]
[]
[]
[5,"The estimated amount of the pooled residual net book value of the removed from service meters, less any net proceeds from sales and contributed capital, at the time when smart meters will have been fully deployed.  If the smart meters have been fully deployed, please provide the actual amount."]
[]
[]
[]
[6,"A description as to how the applicant intends to recover in rates the costs for stranded meters, including the proposed accounting treatment, the proposed disposition period and the associated bill impacts."]
[]
[]
["Distributors should also provide the Net Book Value per class of meter as of December 31, 2010 as well as the number of meters that were removed / stranded.  In preparing this information, distributors should review the Board's letter of January 16, 2007 Stranded Meter Costs Related to the Installation of Smart Meters   which stated that records were to be kept of the type and number of each meter to support the stranded meter costs."]

{"sheet":"App.2-TA_1592_Tax_Variance","index":53,"n_rows":56,"n_cols":5,"rows_kept":56,"cut":false,"hidden":false,"merged":[[55,0,56,0],[55,1,56,4],[44,0,45,0],[44,1,45,4],[47,0,48,0],[47,1,48,4],[50,0,53,0],[50,1,53,4],[34,0,34,2],[35,0,35,2],[39,0,40,0],[39,1,40,4],[42,0,43,0],[42,1,42,4],[33,0,33,2],[18,0,18,2],[19,0,19,2],[20,0,20,2],[21,0,21,2],[25,0,25,2],[26,0,26,2],[27,0,27,2],[28,0,28,2],[29,0,29,2],[30,0,30,2],[31,0,31,2],[22,0,22,2],[23,0,23,2],[24,0,24,2],[32,0,32,2],[17,0,17,2],[8,0,8,4],[9,0,9,4],[11,0,11,4],[13,0,15,2],[16,0,16,2]]}
[null,null,"File Number:",null,{"$f":"EBNUMBER","v":"EB-2015-0108"}]
[null,null,"Exhibit:",null,9]
[null,null,"Tab:"]
[null,null,"Schedule:",null,"Table 9-4"]
[null,null,"Page:",null,10]
[]
[null,null,"Date:",null,"2015-05-01"]
[]
["Appendix 2-TA"]
["Account 1592, PILs and Tax Variances for 2006 and Subsequent Years\nand Subsequent Years"]
[]
["The following table should be completed based on the information requested below, in accordance with the notes following the table. An explanation should be provided for any blank entries."]
[]
["Tax Item",null,null,null,"Principal as of"]
[null,null,null,null,"December 31,"]
[null,null,null,null,"20XX"]
["Large Corporation Tax grossed-up proxy from 2006 EDR application PILs model for the period from May 1, 2006 to April 30, 2007"]
["Large Corporation Tax grossed-up proxy from 2006 EDR application PILs model for the period from January 1, 2006 to April 30, 2006 (4/12ths of the approved grossed-up proxy), if not recorded in PILs account 1562"]
["Ontario Capital Tax rate decrease and increase in capital deduction for 2007"]
["Ontario Capital Tax rate decrease and increase in capital deduction for 2008"]
["Ontario Capital Tax rate decrease and increase in capital deduction for 2009"]
["Ontario Capital Tax rate decrease and increase in capital deduction for 2010"]
["Ontario Capital Tax rate decrease and increase in capital deduction for 2011"]
["Ontario Capital Tax rate decrease and increase in capital deduction for 2012"]
["Ontario Capital Tax rate decrease and increase in capital deduction for 2013"]
["Capital Cost Allowance class changes from 2006 EDR application for 2006"]
["Capital Cost Allowance class changes from 2006 EDR application for 2007"]
["Capital Cost Allowance class changes from 2006 EDR application for 2008"]
["Capital Cost Allowance class changes from 2006 EDR application for 2009"]
["Capital Cost Allowance class changes from 2006 EDR application for 2010",null,null,null,-39415.856529407218]
["Capital Cost Allowance class changes from 2006 EDR application for 2011",null,null,null,-13178.034699665142]
["Capital Cost Allowance class changes from 2006 EDR application for 2012"]
["Capital Cost Allowance class changes from 2006 EDR application for 2013"]
["Capital Cost Allowance class changes from any prior application not recorded above.  Please provide details and explanation separately."]
["Insert description of additional item(s) and new rows if needed."]
["Total",null,null,null,{"$f":"SUM(E17:E35)","v":-52593.89122907236}]
[]
["Notes:"]
[]
[1,"Revise the deferral and variance account continuity schedule to include account 1592 as a group 2 account and enter all relevant information for transactions, adjustments, etc., for all relevant years."]
[]
[]
[2,"Describe each type of tax item that has been recorded in account 1592."]
[]
[3,"Provide the calculations that show how each item was determined and provide any pertinent supporting evidence and documentation."]
[]
[]
[4,"Please state whether or not the applicant followed the guidance provided in the FAQ of July 2007.  If not, please provide an explanation."]
[]
[]
[5,"Identify the account balance as of December 31, 2012 as per the 2012 Audited Financial Statements.  Identify the account balance as of December 31, 2012 as per the April 2013 2.1.7 RRR filing to the Board.  Provide a reconciliation if the balances provided are not identical to each other and to the total shown on the continuity schedule."]
[]
[]
[]
[]
[6,"Complete the above table based on the answers to the previous.  Add rows as required to complete the analysis in an informative manner.  Please provide the completed table as a working Excel spreadsheet."]

{"sheet":"App.2-TB_1592_HST-OVAT","index":54,"n_rows":30,"n_cols":12,"rows_kept":30,"cut":false,"hidden":false,"merged":[[8,0,8,10],[9,0,9,10],[10,0,10,10],[29,0,30,10],[13,0,14,10],[16,0,16,10],[12,0,12,10]]}
[null,null,null,null,null,null,null,null,"File Number:",null,{"$f":"EBNUMBER","v":"EB-2015-0108"}]
[null,null,null,null,null,null,null,null,"Exhibit:",null,9]
[null,null,null,null,null,null,null,null,"Tab:"]
[null,null,null,null,null,null,null,null,"Schedule:",null,"Table 9-6"]
[null,null,null,null,null,null,null,null,"Page:",null,12]
[]
[null,null,null,null,null,null,null,null,"Date:",null,"2015-05-01"]
[]
["Appendix 2-TB"]
["Account 1592, PILs and Tax Variances for 2006 and Subsequent Years,\nand Subsequent Years"]
["Sub-account HST/OVAT Input Tax Credits (ITCs)"]
[]
["The following table should be completed based on the information requested below.  An explanation should be provided for any blank entries."]
["100% of the balance in Account 1592,  PILs and Tax Variances for 2006 and Subsequent Years, Sub-account HST/OVAT Input Tax Credits (ITCs), should be recorded in this table."]
[]
[]
["Summary of PST Savings from 2009 Historic Year Analysis"]
[]
[null,null,null,null,"Principal \n2010","Principal \n2011","Principal \n2012","Principal \n2013","Principal \n2014","Principal \nJan-April 2015 1","Carrying Charges to December 31, 2015","Total Account 1592, sub-account HST/OVAT Balance"]
[null,null,null,null,"July-Dec/10",null,null,null,null,null,"Calculated after 50% "]
[null,null,null,null,null,null,null,null,null,null,"shared with Customers"]
[]
["OM&A Expenses PST Savings",null,null,null,-46346.168615080802,null,null,null,null,null,-2246.4956615497085,{"$f":"SUM(E23:K23)","v":-48592.664276630509}]
["Capital Items PST Savings",null,null,null,-15120.609003318999,null,null,null,null,null,null,{"$f":"SUM(E24:K24)","v":-15120.609003318999}]
["Total Annual PST Savings 2",null,null,null,{"$f":"SUM(E23:E24)","v":-61466.777618399799},0,0,0,null,0,-2246.4956615497085,-63713.273279949506]
[]
["1 Include January to April 30, 2015 PST savings if the rate year begins May 1, 2015.  If the rate year begins Jan 1, 2015, include PST savings to December 31, 2014."]
["2 Derived PST savings proxy for each year per 2009 historic year analysis"]
[]
["Note: Assumes level OM&A and Capital Spending year over year.  An alternative detailed transactional analysis may also be performed using actual expenditures from 2010 to the start of the rate year."]

{"sheet":"App.2-U_IFRS Transition Costs","index":55,"n_rows":34,"n_cols":16,"rows_kept":34,"cut":false,"hidden":false,"merged":[[32,1,32,15],[40,0,43,0],[40,1,43,4],[45,0,46,0],[45,1,46,4],[33,1,33,4],[34,0,35,0],[34,1,35,4],[37,0,38,0],[37,1,38,4],[28,0,28,2],[17,0,17,2],[18,0,18,2],[19,0,19,2],[20,0,20,2],[21,0,21,2],[22,0,22,2],[23,0,23,2],[24,0,24,2],[25,0,25,2],[26,0,26,2],[27,0,27,2],[16,0,16,2],[8,0,8,17],[9,0,9,17],[13,0,15,2],[13,15,15,15],[13,10,14,10],[13,11,14,11],[13,12,15,12],[13,13,15,13],[13,14,15,14],[11,0,11,15]]}
[]
[null,null,null,null,null,null,null,null,null,null,null,null,null,null,"File Number:",{"$f":"EBNUMBER","v":"EB-2015-0108"}]
[null,null,null,null,null,null,null,null,null,null,null,null,null,null,"Exhibit:",9]
[null,null,null,null,null,null,null,null,null,null,null,null,null,null,"Tab:"]
[null,null,null,null,null,null,null,null,null,null,null,null,null,null,"Schedule:","Table 9-22"]
[null,null,null,null,null,null,null,null,null,null,null,null,null,null,"Page:",32]
[]
[null,null,null,null,null,null,null,null,null,null,null,null,null,null,"Date:","2015-05-01"]
["Appendix 2-U"]
["One-Time Incremental IFRS Transition Costs"]
[]
["The following table should be completed based on the information requested below. An explanation should be provided for any blank entries.  The entries should include one-time incremental IFRS transition costs that are currently included in Account 1508, Other Regulatory Assets, sub-account Deferred IFRS Transition Costs Account, or Account 1508, Other Regulatory Assets, sub-account IFRS Transition Costs Variance Account."]
[]
["Nature of One-Time Incremental IFRS Transition Costs 1",null,null,null,"Audited Actual","Audited Actual","Audited Actual","Audited Actual","Audited Actual","Audited Carrying","Forecasted Costs ","Forecasted Costs ","Total Costs Excluding Carrying Charges","Carrying Charges January 1, 2015 to Dec 31, 2015","Total Costs and Carrying Charges","Reasons why the costs recorded meet the criteria of one-time IFRS administrative incremental costs"]
[null,null,null,null,"Costs Incurred","Costs Incurred","Costs Incurred","Costs Incurred","Costs Incurred","Charges"]
[null,null,null,null,2009,2010,2011,2012,2013,"to Dec 31, 2014",2014,2015]
["professional accounting fees",null,null,null,39069.5,null,3000,6685,null,null,null,null,{"$f":"SUM(E17:I17,K17,L17)","v":48754.5},null,{"$f":"SUM(M17,N17)","v":48754.5},"Consultant Fees related to IFRS Conversion"]
["professional legal fees",null,null,null,null,null,null,null,null,null,null,null,0,null,0,"No incremental legal fees were incurred"]
["salaries, wages and benefits of staff added to support the transition to IFRS",null,null,null,null,null,null,null,null,null,null,null,0,null,0,"No incremental salaries were incurred"]
["associated staff training and development costs",null,null,null,null,null,null,null,null,null,null,null,0,null,0,"No incremental training was incurred"]
["costs related to system upgrades, or replacements or changes where IFRS was the major reason for conversion",null,null,null,5100,47281.79,null,null,null,null,null,null,52381.79,null,52381.79,"IT Consulting Work related to IFRS Conversion"]
[null,null,null,null,null,null,null,null,null,null,null,null,0,null,0]
[null,null,null,null,null,null,null,null,null,null,null,null,0,null,0]
[null,null,null,null,null,null,null,null,null,null,null,null,0,null,0]
[null,null,null,null,null,null,null,null,null,null,null,null,0,null,0]
["Amounts, if any, included in previous Board approved rates (amounts should be negative) 3",null,null,null,null,null,null,null,null,null,null,null,0,null,0]
["Carrying Charges",null,null,null,null,null,null,null,null,6473.5275118333338,null,null,0,1206.0502582500001,{"$f":"SUM(J27:N27)","v":7679.5777700833341}]
["Insert description of additional item(s) and new rows if needed.",null,null,null,null,null,null,null,null,null,null,null,0,null,0]
["Total",null,null,null,{"$f":"SUM(E17:E28)","v":44169.5},{"$f":"SUM(F17:F28)","v":47281.79},3000,6685,0,{"$f":"SUM(J17:J28)","v":6473.5275118333338},0,0,{"$f":"SUM(M17:M28)","v":101136.29000000001},{"$f":"SUM(N17:N28)","v":1206.0502582500001},{"$f":"SUM(O17:O28)","v":108815.86777008334}]
[]
[]
["Note:"]
[1,"The Deferred IFRS Transition Costs Account and the IFRS Transition Costs Variance Account are exclusively for necessary, incremental transition costs and shall not include ongoing IFRS compliance costs or impacts arising from adopting accounting policy changes that reflect changes in the timing of the recognition of income. The incremental costs in these accounts shall not include costs related to system upgrades, or replacements or changes where IFRS was not the major reason for conversion. In addition, incremental IFRS costs shall not include capital assets or expenditures."]
[2,"If there were any amounts approved in previous Board approved rates, please state the EB #:"]

{"sheet":"App.2-V_Rev_Reconciliation","index":56,"n_rows":36,"n_cols":16,"rows_kept":36,"cut":false,"hidden":false,"merged":[[35,0,36,13],[33,0,34,13],[8,0,8,15],[11,10,12,10],[9,0,9,15],[11,5,11,6],[11,2,11,4],[11,12,12,12],[11,13,12,13],[11,14,12,14],[11,15,12,15],[11,1,12,1],[12,8,12,9],[11,7,11,9]]}
[null,null,null,null,null,null,null,null,null,null,null,null,null,null,"File Number:",{"$f":"EBNUMBER","v":"EB-2015-0108"}]
[null,null,null,null,null,null,null,null,null,null,null,null,null,null,"Exhibit:"]
[null,null,null,null,null,null,null,null,null,null,null,null,null,null,"Tab:"]
[null,null,null,null,null,null,null,null,null,null,null,null,null,null,"Schedule:","Table 8-13"]
[null,null,null,null,null,null,null,null,null,null,null,null,null,null,"Page:",17]
[]
[null,null,null,null,null,null,null,null,null,null,null,null,null,null,"Date:","2015-05-01"]
[]
["Appendix 2-V"]
["Revenue Reconciliation"]
[]
["Rate Class","Customers/ Connections","Number of Customers/Connections",null,null,"Test Year Consumption",null,"Proposed Rates",null,null,"Revenues at Proposed Rates",null,"Class Specific Revenue Requirement","Transformer Allowance Credit","Total","Difference"]
[null,null,"Start of Test Year","End of Test Year","Average","kWh","kW","Monthly Service Charge","Volumetric"]
[null,null,null,null,null,null,null,null,"kWh","kW"]
[]
["Residential","Customers",49005,49605,49305,399341267.63941514,null,17.21,2.1700000000000001E-2,null,{"$f":"H16*E16*12+I16*F16+J16*G16","v":18848174.107775308},null,18865237.272035081,null,{"$f":"SUM(M16:N16)","v":18865237.272035081},{"$f":"O16-K16","v":17063.164259772748}]
["GS < 50 kW","Customers",5615,5649,5632,192108794.68761566,null,36.21,1.61E-2,null,5540168.2344706124,null,5474823.3592032325,74611.899999999994,5549435.2592032328,9267.0247326204553]
["GS > 50 kW","Customers",695,695,695,null,1759406.8235676105,135.25,null,5.3209,10489612.767520899,null,9847654.2601609603,641989.83420435502,10489644.094365316,31.326844416558743]
["Large User","Customers",1,1,1,null,173580.8037846073,8781.61,null,4.2015000000000002,834679.06710102758,null,834682.36491593823,null,834682.36491593823,3.297814910649322]
["Unmetered Scattered Load","Connections",552,574,563,3140371.9950475856,null,11.15,1.3879642070119514E-2,null,118916.63925828761,null,118886.65493542954,null,118886.65493542954,-29.984322858072119]
["Streetlighting","Connections",13818,13838,13828,null,21114.613090851304,0.37,null,9.8373000000000008,269107.10335863155,null,269747.50266836915,null,269747.50266836915,640.39930973760784]
["Embedded Distributor Class","Customers",1,1,1,null,71405.700633654502,0,null,2.01E-2,1435.2545827364554,null,1436.142887754974,null,1436.142887754974,0.88830501851862209]
[null,null,null,null,{"$f":"IF(SUM(C23:D23)=0,0,AVERAGE(C23:D23))","v":0},null,null,null,null,null,0,null,null,null,0,0]
[null,null,null,null,0,null,null,null,null,null,0,null,null,null,0,0]
[null,null,null,null,0,null,null,null,null,null,0,null,null,null,0,0]
[null,null,null,null,0,null,null,null,null,null,0,null,null,null,0,0]
[null,null,null,null,0,null,null,null,null,null,0,null,null,null,0,0]
[null,null,null,null,0,null,null,null,null,null,0,null,null,null,0,0]
[]
["Total",null,null,null,null,null,null,null,null,null,{"$f":"SUM(K16:K28)","v":36102093.174067497},null,{"$f":"SUM(M16:M28)","v":35412467.556806758},{"$f":"SUM(N16:N28)","v":716601.73420435505},{"$f":"M30+N30","v":36129069.29101111},{"$f":"O30-K30","v":26976.116943612695}]
[]
["Note"]
[]
["1       The class specific revenue requirements in column N must be the amounts used in the final rate design process.  The total of column N should equate to the proposed base revenue requirement."]
[]
["2       Rates should be entered with the number of decimal places that will show on the Tariff of Rates and Charges."]

{"sheet":"App.2-W_Bill Impacts","index":57,"n_rows":90,"n_cols":20,"rows_kept":90,"cut":false,"hidden":false,"merged":[[69,1,69,3],[70,1,70,3],[2,0,2,10],[19,5,19,7],[19,9,19,11],[64,1,64,3],[16,1,16,4],[19,13,19,14],[13,3,13,14],[9,1,9,14],[10,1,10,14],[63,1,63,3],[20,3,21,3],[20,13,21,13],[20,14,21,14]]}
[null,null,null,null,null,null,null,null,null,null,null,null,null,"File Number:",{"$f":"EBNUMBER","v":"EB-2015-0108"},null,null,null,null,1]
[null,null,null,null,null,null,null,null,null,null,null,null,null,"Exhibit:"]
[null,null,null,null,null,null,null,null,null,null,null,null,null,"Tab:"]
[null,null,null,null,null,null,null,null,null,null,null,null,null,"Schedule:"]
[null,null,null,null,null,null,null,null,null,null,null,null,null,"Page:"]
[]
[null,null,null,null,null,null,null,null,null,null,null,null,null,"Date:"]
[]
[]
[null,"Appendix 2-W"]
[null,"Bill Impacts"]
[]
[]
[null,"Customer Class:"]
[]
[null,"TOU / non-TOU:",null,"TOU"]
[null,"Please see Chapter 2 Appendices File # 3 of 4"]
[null,null,null,"Consumption",null,800," kWh"]
[]
[null,null,null,null,null,"Current Board-Approved",null,null,null,"Proposed",null,null,null,"Impact"]
[null,null,null,"Charge Unit",null,"Rate","Volume","Charge",null,"Rate","Volume","Charge",null,"$ Change","% Change"]
[null,null,null,null,null,"($)",null,"($)",null,"($)",null,"($)"]
[null,"Monthly Service Charge",null,null,null,null,1,{"$f":"G23*F23","v":0},null,null,1,{"$f":"K23*J23","v":0},null,{"$f":"L23-H23","v":0},{"$f":"IF((H23)=0,\"\",(N23/H23))","v":""}]
[null,"Smart Meter Rate Adder",null,null,null,null,1,{"$f":"G24*F24","v":0},null,null,1,{"$f":"K24*J24","v":0},null,{"$f":"L24-H24","v":0},{"$f":"IF((H24)=0,\"\",(N24/H24))","v":""}]
[null,null,null,null,null,null,1,0,null,null,1,{"$f":"K25*J25","v":0},null,{"$f":"L25-H25","v":0},{"$f":"IF((H25)=0,\"\",(N25/H25))","v":""}]
[null,null,null,null,null,null,1,0,null,null,1,0,null,0,""]
[null,null,null,null,null,null,1,0,null,null,1,0,null,0,""]
[null,null,null,null,null,null,1,0,null,null,1,0,null,0,""]
[null,"Distribution Volumetric Rate",null,null,null,null,{"$f":"$F$18","v":800},0,null,null,{"$f":"$F$18","v":800},0,null,0,""]
[null,"Smart Meter Disposition Rider",null,null,null,null,{"$f":"$F$18","v":800},0,null,null,{"$f":"$F$18","v":800},0,null,0,""]
[null,"LRAM & SSM Rate Rider",null,null,null,null,{"$f":"$F$18","v":800},0,null,null,800,0,null,0,""]
[null,null,null,null,null,null,{"$f":"$F$18","v":800},{"$f":"G32*F32","v":0},null,null,800,{"$f":"K32*J32","v":0},null,{"$f":"L32-H32","v":0},{"$f":"IF((H32)=0,\"\",(N32/H32))","v":""}]
[null,null,null,null,null,null,800,0,null,null,800,0,null,0,""]
[null,null,null,null,null,null,800,0,null,null,800,0,null,0,""]
[null,null,null,null,null,null,{"$f":"$F$18","v":800},0,null,null,800,0,null,0,""]
[null,null,null,null,null,null,800,0,null,null,800,0,null,0,""]
[null,null,null,null,null,null,800,0,null,null,800,0,null,0,""]
[null,null,null,null,null,null,800,0,null,null,800,0,null,0,""]
[null,"Sub-Total A (excluding pass through)",null,null,null,null,null,{"$f":"SUM(H23:H38)","v":0},null,null,null,{"$f":"SUM(L23:L38)","v":0},null,0,""]
[null,"Deferral/Variance Account Disposition Rate Rider",null,null,null,null,{"$f":"$F$18","v":800},{"$f":"G40*F40","v":0},null,null,{"$f":"$F$18","v":800},{"$f":"K40*J40","v":0},null,{"$f":"L40-H40","v":0},{"$f":"IF((H40)=0,\"\",(N40/H40))","v":""}]
[null,null,null,null,null,null,{"$f":"$F$18","v":800},{"$f":"G41*F41","v":0},null,null,{"$f":"$F$18","v":800},{"$f":"K41*J41","v":0},null,{"$f":"L41-H41","v":0},{"$f":"IF((H41)=0,\"\",(N41/H41))","v":""}]
[null,null,null,null,null,null,800,0,null,null,800,0,null,0,""]
[null,null,null,null,null,null,800,0,null,null,800,0,null,0,""]
[null,"Low Voltage Service Charge",null,null,null,null,800,{"$f":"G44*F44","v":0},null,null,800,{"$f":"K44*J44","v":0},null,{"$f":"L44-H44","v":0},{"$f":"IF((H44)=0,\"\",(N44/H44))","v":""}]
[null,"Line Losses on Cost of Power",null,null,null,{"$f":"IF(ISBLANK(D16)=TRUE, 0, IF(D16=\"TOU\", 0.64*$F$55+0.18*$F$56+0.18*$F$57, IF(AND(D16=\"non-TOU\", G59>0), F59,F58)))","v":9.2460000000000001E-2},{"$f":"$F$18*(1+$F$74)-$F$18","v":8},0.73968,null,{"$f":"0.64*$F$55+0.18*$F$56+0.18*$F$57","v":9.2460000000000001E-2},{"$f":"$F$18*(1+$J$74)-$F$18","v":8},0.73968,null,0,0]
[null,"Smart Meter Entity Charge",null,null,null,0.79,1,{"$f":"G46*F46","v":0.79},null,0.79,1,{"$f":"K46*J46","v":0.79},null,{"$f":"L46-H46","v":0}]
[null,"Sub-Total B - Distribution (includes Sub-Total A)",null,null,null,null,null,{"$f":"SUM(H40:H46)+H39","v":1.5296799999999999},null,null,null,{"$f":"SUM(L40:L46)+L39","v":1.5296799999999999},null,{"$f":"L47-H47","v":0},{"$f":"IF((H47)=0,\"\",(N47/H47))","v":0}]
[null,"RTSR - Network",null,null,null,null,{"$f":"F18*(1+F74)","v":808},{"$f":"G48*F48","v":0},null,null,{"$f":"F18*(1+J74)","v":808},{"$f":"K48*J48","v":0},null,0,""]
[null,"RTSR - Line and Transformation Connection",null,null,null,null,{"$f":"G48","v":808},{"$f":"G49*F49","v":0},null,null,{"$f":"K48","v":808},{"$f":"K49*J49","v":0},null,0,""]
[null,"Sub-Total C - Delivery (including Sub-Total B)",null,null,null,null,null,{"$f":"SUM(H47:H49)","v":1.5296799999999999},null,null,null,{"$f":"SUM(L47:L49)","v":1.5296799999999999},null,0,0]
[null,"Wholesale Market Service Charge (WMSC)",null,null,null,null,{"$f":"G49","v":808},{"$f":"G51*F51","v":0},null,null,{"$f":"K49","v":808},{"$f":"K51*J51","v":0},null,0,""]
[null,"Rural and Remote Rate Protection (RRRP)",null,null,null,null,{"$f":"G49","v":808},0,null,null,{"$f":"K49","v":808},0,null,0,""]
[null,"Standard Supply Service Charge",null,null,null,null,1,0,null,null,1,0,null,0,""]
[null,"Debt Retirement Charge (DRC)",null,null,null,null,{"$f":"F18","v":800},0,null,null,{"$f":"F18","v":800},0,null,0,""]
[null,"TOU - Off Peak",null,null,null,7.4999999999999997E-2,{"$f":"0.64*$F$18","v":512},38.4,null,7.4999999999999997E-2,{"$f":"G55","v":512},38.4,null,0,0]
[null,"TOU - Mid Peak",null,null,null,0.112,{"$f":"0.18*$F$18","v":144},16.128,null,0.112,{"$f":"G56","v":144},16.128,null,0,0]
[null,"TOU - On Peak",null,null,null,0.13500000000000001,{"$f":"0.18*$F$18","v":144},19.440000000000001,null,0.13500000000000001,{"$f":"G57","v":144},19.440000000000001,null,0,0]
[null,"Energy - RPP - Tier 1",null,null,null,8.5999999999999993E-2,{"$f":"IF(AND($T$1=1, F18>=600), 600, IF(AND($T$1=1, AND(F18<600, F18>=0)), F18, IF(AND($T$1=2, F18>=1000), 1000, IF(AND($T$1=2, AND(F18<1000, F18>=0)), F18))))","v":600},{"$f":"G58*F58","v":51.599999999999994},null,8.5999999999999993E-2,{"$f":"G58","v":600},{"$f":"K58*J58","v":51.599999999999994},null,0,0]
[null,"Energy - RPP - Tier 2",null,null,null,0.10100000000000001,{"$f":"IF(AND($T$1=1, F18>=600), F18-600, IF(AND($T$1=1, AND(F18<600, F18>=0)), 0, IF(AND($T$1=2, F18>=1000), F18-1000, IF(AND($T$1=2, AND(F18<1000, F18>=0)), 0))))","v":200},{"$f":"G59*F59","v":20.200000000000003},null,0.10100000000000001,{"$f":"G59","v":200},{"$f":"K59*J59","v":20.200000000000003},null,0,0]
[]
[null,"Total Bill on TOU (before Taxes)",null,null,null,null,null,{"$f":"SUM(H51:H57,H50)","v":75.497680000000003},null,null,null,{"$f":"SUM(L51:L57,L50)","v":75.497680000000003},null,{"$f":"L61-H61","v":0},{"$f":"IF((H61)=0,\"\",(N61/H61))","v":0}]
[null,"HST",null,null,null,0.13,null,{"$f":"H61*F62","v":9.814698400000001},null,0.13,null,{"$f":"L61*J62","v":9.814698400000001},null,0,0]
[null,"Total Bill (including HST)",null,null,null,null,null,{"$f":"H61+H62","v":85.3123784},null,null,null,{"$f":"L61+L62","v":85.3123784},null,0,0]
[null,"Ontario Clean Energy Benefit 1",null,null,null,null,null,{"$f":"ROUND(-H63*10%,2)","v":-8.5299999999999994},null,null,null,{"$f":"ROUND(-L63*10%,2)","v":-8.5299999999999994},null,0,0]
[null,"Total Bill on TOU (including OCEB)",null,null,null,null,null,{"$f":"H63+H64","v":76.782378399999999},null,null,null,{"$f":"L63+L64","v":76.782378399999999},null,0,0]
[]
[null,"Total Bill on RPP (before Taxes)",null,null,null,null,null,{"$f":"SUM(H59:H60,H51,H52:H55)","v":58.6},null,null,null,{"$f":"SUM(L59:L60,L51,L52:L55)","v":58.6},null,{"$f":"L67-H67","v":0},{"$f":"IF((H67)=0,\"\",(N67/H67))","v":0}]
[null,"HST",null,null,null,0.13,null,{"$f":"H67*F68","v":7.6180000000000003},null,0.13,null,{"$f":"L67*J68","v":7.6180000000000003},null,0,0]
[null,"Total Bill (including HST)",null,null,null,null,null,{"$f":"H67+H68","v":66.218000000000004},null,null,null,{"$f":"L67+L68","v":66.218000000000004},null,0,0]
[null,"Ontario Clean Energy Benefit 1",null,null,null,null,null,{"$f":"ROUND(-H69*10%,2)","v":-6.62},null,null,null,{"$f":"ROUND(-L69*10%,2)","v":-6.62},null,0,0]
[null,"Total Bill on RPP (including OCEB)",null,null,null,null,null,{"$f":"SUM(H69:H70)","v":59.598000000000006},null,null,null,{"$f":"SUM(L69:L70)","v":59.598000000000006},null,0,0]
[]
[]
[null,"Loss Factor (%)",null,null,null,0.01,null,null,null,0.01]
[]
["1 Applicable to eligible customers only.  Refer to the Ontario Clean Energy Benefit Act, 2010."]
[]
["Note that the \"Charge $\" columns provide breakdowns of the amounts that each bill component contributes to the total monthly bill at the referenced "]
["consumption level at existing and proposed rates."]
[]
["Applicants must provide bill impacts for residential at 800 kWh and GS<50kW at 2000 kWh. In addition, their filing must cover the range that is relevant"]
["to their service territory, class by class. A general guideline of consumption levels follows:"]
[]
["Residential (kWh) - 100, 250, 500, 800, 1000, 1500, 2000"]
["GS<50kW (kWh) - 1000, 2000, 5000, 10000, 15000"]
["GS>50kW (kW) - 60, 100, 500, 1000"]
["Large User - range appropriate for utility"]
["Lighting Classes and USL - 150 kWh and 1 kW, range appropriate for utility."]
[]
[null,"Note that cells with the highlighted color shown to the left indicate quantities that are loss adjusted."]

{"sheet":"App.2-Y_MIFRS Summary Impacts","index":58,"n_rows":38,"n_cols":9,"rows_kept":38,"cut":false,"hidden":false,"merged":[[37,0,41,8],[32,0,32,2],[32,6,32,8],[33,0,33,2],[33,6,33,8],[34,0,34,2],[34,6,34,8],[29,0,29,2],[29,6,29,8],[30,0,30,2],[30,6,30,8],[31,0,31,2],[31,6,31,8],[26,0,26,2],[26,6,26,8],[27,0,27,2],[27,6,27,8],[28,0,28,2],[28,6,28,8],[23,0,23,2],[23,6,23,8],[24,0,24,2],[24,6,24,8],[25,0,25,2],[25,6,25,8],[20,0,20,2],[20,6,20,8],[21,0,21,2],[21,6,21,8],[22,0,22,2],[22,3,22,5],[22,6,22,8],[17,0,17,2],[17,6,17,8],[18,0,18,2],[18,6,18,8],[19,0,19,2],[19,6,19,8],[8,0,8,8],[9,0,9,8],[10,0,10,8],[14,0,16,2],[14,6,14,8],[15,6,15,8],[15,4,16,4]]}
[null,null,null,null,null,null,null,"File Number:",{"$f":"EBNUMBER","v":"EB-2015-0108"}]
[null,null,null,null,null,null,null,"Exhibit:",1]
[null,null,null,null,null,null,null,"Tab:"]
[null,null,null,null,null,null,null,"Schedule:","Table 1-16"]
[null,null,null,null,null,null,null,"Page:",110]
[]
[null,null,null,null,null,null,null,"Date:","2015-05-01"]
[]
["Appendix 2-Y"]
["Summary of Impacts to Revenue Requirement"]
["from Transition to MIFRS"]
[]
[]
[]
["Revenue Requirement Component",null,null,2015,2015,"Difference","Reasons why the revenue requirement "]
[null,null,null,"MIFRS","CGAAP without policy changes",null,"component is different under"]
[]
["Closing NBV 2014",null,null,183020607.8724809,182269723.70123684,{"$f":"+D18-E18","v":750884.17124405503},"Depreciation Decreased in 'New' - Componentization/Useful Life Changes; Overhead in OM&A in 'New', in Capital in 'Old'"]
["Closing NBV 2015",null,null,190430627.36156988,189626814.64156783,803812.72000205517,"Depreciation Decreased in 'New' - Componentization/Useful Life Changes; Overhead in OM&A in 'New', in Capital in 'Old' - Agrees to Balance in 1576 at 2015"]
["Average NBV",null,null,{"$f":"(D18+D19)/2","v":186725617.61702538},{"$f":"(E18+E19)/2","v":185948269.17140234},{"$f":"(F18+F19)/2","v":777348.4456230551}]
["Working Capital",null,null,26797220.94780631,26449980.424780134,347240.5230261758,"Overhead Capitalization Difference in OM&A 'New', Capital in 'Old'"]
["Rate Base",null,null,{"$f":"SUM(D20:D21)","v":213522838.56483167},{"$f":"SUM(E20:E21)","v":212398249.59618247},{"$f":"SUM(F20:F21)","v":1124588.9686492309}]
[null,null,null,null,null,{"$f":"+D23-E23","v":0}]
["Return on Rate Base",null,null,14027708.971810214,14551849.428405693,-524140.45659547858,"Impact of Depreciation and Overhead Changes on Rate Base/Return"]
[null,null,null,null,null,0]
["OM&A",null,null,14211067.57,11896130.749825511,2314936.8201744892,"Overhead Capitalization Difference in OM&A in 'New', Capital in 'Old'"]
["Depreciation",null,null,8151672.1978607923,10398374.076268001,-2246701.8784072082,"Depreciation Change $2,317,937 - Added to 'Old', offset by Change in Fully Allocation Difference in 'Old' of (202,105), Net $2,246,702 Difference"]
["PILs or Income Taxes",null,null,26590.576534842578,590972.17329338356,-564381.59675854095,"Old' requires adding back Overhead Capitalization Difference to Taxable Income, Calculating CCA on Overhead now Capitalized and applying Tax Rate & Tax Credits"]
[null,null,null,null,null,0]
["Less: Revenue Offsets",null,null,-1181606,-1181606,0]
[null,null,null,null,null,0]
[null,null,null,null,null,0]
[null,null,null,null,null,0]
["Insert description of additional item(s) and new rows if needed.",null,null,null,null,0]
["Total Base Revenue Requirement",null,null,{"$f":"SUM(D24:D34)","v":35235433.316205852},{"$f":"SUM(E24:E34)","v":36255720.427792586},{"$f":"SUM(F24:F34)","v":-1020287.1115867386}]
[]
[]
["Applicants must provide a summary of the dollar impacts of MIFRS to each component of the revenue requirement (e.g. rate base, operating costs, etc.), including the overall impact on the proposed revenue requirement.  Accordingly, the applicants must identify financial differences and resulting revenue requirement impacts arising from the adoption of  MIFRS as compared to CGAAP prior to capitalization and depreciation policy changes.  Applicants should explain the financial differences and may separate the differences arising from changes in capitalization and depreciation policy versus the adoption of IFRS.    "]

{"sheet":"App. 2-Z_Tariff","index":59,"n_rows":276,"n_cols":4,"rows_kept":276,"cut":false,"hidden":false,"merged":[[97,0,97,3],[98,0,98,3],[124,0,124,1],[125,0,125,1],[212,0,212,1],[213,0,213,1],[214,0,214,1],[215,0,215,1],[126,0,126,1],[127,0,127,1],[160,0,160,1],[161,0,161,1],[162,0,162,1],[163,0,163,1],[164,0,164,1],[165,0,165,1],[128,0,128,1],[129,0,129,1],[130,0,130,1],[131,0,131,1],[132,0,132,1],[133,0,133,1],[166,0,166,1],[211,0,211,1],[1,2,1,3],[3,2,3,3],[52,0,52,3],[56,0,56,1],[193,0,193,1],[194,0,194,1],[19,0,19,3],[36,0,36,3],[37,0,37,3],[38,0,38,3],[40,0,40,3],[41,0,41,3],[42,0,42,3],[83,0,83,1],[84,0,84,1],[85,0,85,1],[90,0,90,1],[91,0,91,1],[112,0,112,1],[113,0,113,1],[114,0,114,1],[123,0,123,1],[92,0,92,3],[94,0,94,3],[63,0,63,1],[71,0,71,1],[72,0,72,1],[73,0,73,1],[137,0,137,1],[138,0,138,1],[139,0,139,1],[0,2,0,3],[9,0,9,3],[10,0,10,3],[12,0,12,1],[14,0,14,3],[18,0,18,3],[17,0,17,3],[6,2,6,3],[4,2,4,3],[78,0,78,1],[79,0,79,1],[80,0,80,1],[7,0,7,3],[44,0,44,3],[46,0,46,3],[49,0,49,3],[2,2,2,3],[50,0,50,3],[51,0,51,3],[99,0,99,3],[115,0,115,1],[116,0,116,1],[117,0,117,1],[118,0,118,1],[119,0,119,1],[120,0,120,1],[111,0,111,1],[89,0,89,1],[81,0,81,1],[82,0,82,1],[74,0,74,1],[75,0,75,1],[57,0,57,1],[58,0,58,1],[59,0,59,1],[76,0,76,1],[77,0,77,1],[64,0,64,1],[60,0,60,1],[61,0,61,1],[62,0,62,1],[121,0,121,1],[122,0,122,1],[146,0,146,1],[152,0,152,3],[154,0,154,3],[191,0,191,1],[192,0,192,1],[65,0,65,1],[66,0,66,1],[67,0,67,1],[68,0,68,1],[69,0,69,1],[70,0,70,1],[143,0,143,1],[144,0,144,1],[145,0,145,1],[100,0,100,3],[104,0,104,1],[105,0,105,1],[106,0,106,1],[107,0,107,1],[108,0,108,1],[109,0,109,1],[110,0,110,1],[281,0,281,1],[282,0,282,1],[283,0,283,1],[278,0,278,1],[279,0,279,1],[280,0,280,1],[233,0,233,1],[234,0,234,1],[235,0,235,1],[236,0,236,1],[237,0,237,1],[238,0,238,1],[239,0,239,1],[240,0,240,1],[241,0,241,1],[242,0,242,1],[243,0,243,1],[244,0,244,1],[245,0,245,1],[249,0,249,3],[260,0,260,1],[261,0,261,1],[262,0,262,1],[263,0,263,1],[217,0,217,1],[218,0,218,1],[219,0,219,1],[220,0,220,1],[221,0,221,1],[222,0,222,1],[216,0,216,1],[176,0,176,1],[200,0,200,1],[201,0,201,1],[186,0,186,1],[187,0,187,1],[206,0,206,1],[207,0,207,1],[208,0,208,1],[209,0,209,1],[210,0,210,1],[202,0,202,1],[205,0,205,1],[198,0,198,1],[199,0,199,1],[203,0,203,1],[204,0,204,1],[177,0,177,1],[249,4,249,7],[230,0,230,1],[231,0,231,1],[232,0,232,1],[225,0,225,1],[226,0,226,1],[227,0,227,1],[228,0,228,1],[229,0,229,1],[264,0,264,1],[250,0,250,3],[250,4,250,7],[251,0,251,3],[251,4,251,7],[252,0,252,3],[252,4,252,7],[253,0,253,3],[253,4,253,7],[254,4,254,7],[254,0,254,3],[255,0,255,3],[255,4,255,7],[256,0,256,3],[256,4,256,7],[257,0,257,3],[257,4,257,7],[259,4,259,5],[259,0,259,1],[275,0,275,3],[275,4,275,7],[265,0,265,1],[266,0,266,1],[267,0,267,1],[268,0,268,1],[269,0,269,1],[270,0,270,1],[271,0,271,1],[154,4,154,7],[156,0,156,3],[156,4,156,7],[182,0,182,1],[183,0,183,1],[184,0,184,1],[188,0,188,1],[189,0,189,1],[190,0,190,1],[167,0,167,1],[168,0,168,1],[170,0,170,1],[171,0,171,1],[172,0,172,1],[173,0,173,1],[174,0,174,1],[175,0,175,1],[185,0,185,1],[180,0,180,1],[169,0,169,1],[178,0,178,1],[179,0,179,1],[181,0,181,1]]}
[null,"File Number:",{"$f":"EBNUMBER","v":"EB-2015-0108"}]
[null,"Exhibit:"]
[null,"Tab:"]
[null,"Schedule:"]
[null,"Page:"]
[]
[null,"Date:"]
["Appendix 2-Z\nProposed Tariff of Rates and Charges"]
[]
["For each class, Applicants are required to copy and paste the class descriptions (located directly under the class name) and the description of the applicability of those rates (description is found under the class name and directly under the word \"APPLICATION\").  By using the drop-down lists located under the column labeled \"Rate Description\", please select the descriptions of the rates and charges that BEST MATCHES the descriptions on your most recent Board-Approved Tariff of Rates and Charges.  If the description is not found in the drop-down list, please enter the description in the green shaded cells under the correct class exactly as it appears on the tariff.   Please do not enter more than one \"Service Charge\" for each class for which a base monthly fixed charge applies.  All rate rider descriptions should begin with \"Rate Rider for...\"."]
["Select the appropriate rate classes as they appear on your most recent Board-Approved Tariff of Rates and Charges, including the MicroFit Class."]
[]
["How many classes are listed on your most recent Board-Approved Tariff of Rates and Charges?",null,2]
[]
["Select Your Rate Classes from the Blue Cells below.  \nPlease ensure that a rate class is assigned to each shaded cell."]
[]
["PLEASE SEE FILE # 4 OF 4 OF CHAPTER 2 APPENDICES"]
["Rate Class Classification"]
["RESIDENTIAL"]
["GENERAL SERVICE LESS THAN 50 KW"]
[]
[]
[]
[]
[]
[]
[]
[]
[]
[]
[]
[]
[]
[]
["Once all blue shaded cells above are filled out, press the following button to create your tariff template"]
[]
[{"$f":"'LDC Info'!E14","v":"Waterloo North Hydro Inc."}]
["TARIFF OF RATES AND CHARGES"]
[{"$f":"\"Effective and Implementation Date May 1, 2014\"","v":"Effective and Implementation Date May 1, 2014"}]
[]
["This schedule supersedes and replaces all previously"]
["approved schedules of Rates, Charges and Loss Factors"]
[{"$f":"EBNUMBER","v":"EB-2015-0108"}]
[]
["RESIDENTIAL SERVICE CLASSIFICATION"]
[]
[]
["APPLICATION"]
[]
[]
[]
[]
[]
[]
["MONTHLY RATES AND CHARGES - Delivery Component"]
[]
[]
[]
[]
[]
[]
[]
[]
[]
[]
[]
[]
[]
[]
[]
[]
[]
[]
[]
[]
[]
[]
[]
[]
[]
[]
[]
[]
[]
[]
[]
[]
["MONTHLY RATES AND CHARGES - Regulatory Component"]
[]
["Wholesale Market Service Rate",null,"$/kWh",4.4000000000000003E-3]
["Rural or Remote Electricity Rate Protection Charge (RRRP)",null,"$/kWh",1.2999999999999999E-3]
["Standard Supply Service - Administrative Charge (if applicable)",null,"$",0.25]
["GENERAL SERVICE LESS THAN 50 KW SERVICE CLASSIFICATION"]
[]
[]
["APPLICATION"]
[]
[]
[]
[]
[]
[]
["MONTHLY RATES AND CHARGES - Delivery Component"]
[]
[]
[]
[]
[]
[]
[]
[]
[]
[]
[]
[]
[]
[]
[]
[]
[]
[]
[]
[]
[]
[]
[]
[]
[]
[]
[]
[]
[]
[]
[]
[]
["MONTHLY RATES AND CHARGES - Regulatory Component"]
[]
["Wholesale Market Service Rate",null,"$/kWh",4.4000000000000003E-3]
["Rural or Remote Electricity Rate Protection Charge (RRRP)",null,"$/kWh",1.2999999999999999E-3]
["Standard Supply Service - Administrative Charge (if applicable)",null,"$",0.25]
[]
["ALLOWANCES"]
[]
["Transformer Allowance for Ownership - per kW of billing demand/month"]
[]
[]
["Primary Metering Allowance for transformer losses – applied to measured demand and energy"]
[]
["SPECIFIC SERVICE CHARGES"]
[]
["APPLICATION"]
[]
["The application of these rates and charges shall be in accordance with the Licence of the Distributor and any Code or Order of the Board, and amendments thereto as approved by the Board, which may be applicable to the administration of this schedule."]
[]
["No charges to meet the costs of any work or service done or furnished for the purpose of the distribution of electricity shall be made except as permitted by this schedule, unless required by the Distributor’s Licence or a Code or Order of the Board, and amendments thereto as approved by the Board, or as specified herein."]
[]
["It should be noted that this schedule does not list any charges, assessments or credits that are required by law to be invoiced by a distributor and that are not subject to Board approval, such as the Debt Retirement Charge, the Global Adjustment, the Ontario Clean Energy Benefit and the HST."]
[]
["Customer Administration"]
[]
[]
[]
[]
[]
[]
[]
[]
[]
[]
[]
[]
[]
[]
[]
[]
[]
[]
[]
[]
[]
[]
[]
[]
[]
[]
[]
[]
[]
[]
[]
[]
[]
[]
[]
[]
[]
["Non-Payment of Account"]
[]
[]
[]
[]
[]
[]
[]
[]
[]
[]
[]
[]
[]
[]
[]
[]
[]
[]
[]
[]
[]
[]
[]
[]
[]
[]
[]
[]
[]
[]
[]
[]
[]
[]
[]
[]
[]
[]
[]
[]
[]
[]
[]
[]
[]
[]
[]
[]
[]
[]
["RETAIL SERVICE CHARGES (if applicable)"]
[]
["The application of these rates and charges shall be in accordance with the Licence of the Distributor and any Code or Order of the Board, and amendments thereto as approved by the Board, which may be applicable to the administration of this schedule."]
[]
["No rates and charges for the distribution of electricity and charges to meet the costs of any work or service done or furnished for the purpose of the distribution of electricity shall be made except as permitted by this schedule, unless required by the Distributor’s Licence or a Code or Order of the Board, and amendments thereto as approved by the Board, or as specified herein."]
[]
["Unless specifically noted, this schedule does not contain any charges for the electricity commodity, be it under the Regulated Price Plan, a contract with a retailer or the wholesale market price, as applicable."]
[]
["It should be noted that this schedule does not list any charges, assessments or credits that are required by law to be invoiced by a distributor and that are not subject to Board approval, such as the Debt Retirement Charge, the Global Adjustment, the Ontario Clean Energy Benefit and the HST."]
[]
["Retail Service Charges refer to services provided by a distributor to retailers or customers related to the supply of competitive electricity."]
[]
["One-time charge, per retailer, to establish the service agreement between the distributor and the retailer",null,"$",100]
["Monthly Fixed Charge, per retailer",null,"$",20]
["Monthly Variable Charge, per customer, per retailer",null,"$/cust.",0.5]
["Distributor-consolidated billing monthly charge, per customer, per retailer",null,"$/cust.",0.3]
["Retailer-consolidated billing monthly credit, per customer, per retailer",null,"$/cust.",-0.3]
["Service Transaction Requests (STR) "]
["Request fee, per request, applied to the requesting party",null,"$",0.25]
["Processing fee, per request, applied to the requesting party",null,"$",0.5]
["Request for customer information as outlined in Section 10.6.3 and Chapter 11 of the Retail"]
["Settlement Code directly to retailers and customers, if not delivered electronically through the"]
["Electronic Business Transaction (EBT) system, applied to the requesting party "]
["Up to twice a year",null,"$","no charge"]
["More than twice a year, per request (plus incremental delivery costs)",null,"$",2]
[]
["LOSS FACTORS"]
[]
["If the distributor is not capable of prorating changed loss factors jointly with distribution rates, the revised loss factors will be implemented upon the first subsequent billing for each billing cycle."]

{"sheet":"lists","index":60,"n_rows":212,"n_cols":55,"rows_kept":212,"cut":false,"hidden":true,"merged":[[13,51,13,52],[14,51,14,52],[15,51,15,52],[16,51,16,52],[17,51,17,52],[12,51,12,52],[11,51,11,52],[0,51,0,52],[1,51,1,52],[2,51,2,52],[3,51,3,52],[4,51,4,52],[5,51,5,52],[6,51,6,52],[7,51,7,52],[8,51,8,52],[9,51,9,52],[10,51,10,52]]}
["DISTRIBUTED GENERATION [DGEN]","Embedded Distributor",{"$f":"COUNTA(B1:B17)","v":4},null,null,null,null,null,"A Standby Service Charge will be applied for a month where standby power is not provided. The applicable rate is the approved Distribution Volumetric Rate of the applicable service class and is applied to gross metered demand or contracted amount, whichever is greater. A monthly administration charge of $200, for simple metering arrangements, or $500, for complex metering arrangements, will also be applied.",null,null,"Loss Factors",null,"Units","Units1","Units2",null,null,null,null,null,null,null,null,null,"Account History","Account set up charge/change of occupancy charge (plus credit agency costs if applicable)","Total Loss Factor – Embedded Distributor – Hydro One Networks Inc.",null,null,null,null,null,null,null,null,null,"Algoma Power Inc.","Algoma Power Inc.",null,"DISTRIBUTED GENERATION [DGEN]","kW",null,null,null,"Sub-Total:  Delivery (Distribution and Retail Transmission)"]
["EMBEDDED DISTRIBUTOR","General Service 3,000 to 4,999 kW",null,null,null,null,null,null,"Distribution Volumetric Rate",null,null,"Total Loss Factor – Primary Metered Customer",null,"$","$/kWh","$",null,null,null,null,null,null,null,null,null,"Account set up charge/change of occupancy charge","Administrative Billing Charge","Total Loss Factor – Primary Metered Customer",null,null,null,null,null,null,null,null,null,"Atikokan Hydro Inc.","Atikokan Hydro Inc.",null,"EMBEDDED DISTRIBUTOR","kW",null,null,null,"Wholesale Market Service Rate ",null,null,{"$f":"AU2*AV2","v":0},{"$f":"AU2","v":0},0,{"$f":"AX2*AY2","v":0},null,{"$f":"AZ2-AW2","v":0},{"$f":"BB2/AW2","v":{"$error":"#DIV/0!"}}]
["EMBEDDED DISTRIBUTOR","General Service 1,000 to 4,999 kW",null,null,null,null,null,null,"Distribution Volumetric Rate - $/kW of contracted amount",null,null,"Total Loss Factor – Primary Metered Customer < 5,000 kW",null,"$/kWh","$/kW","%",null,null,null,null,null,null,"MSC",null,null,"Account set up charge/change of occupancy charge (plus credit agency costs if applicable – Residential)","Bell Canada Pole Rentals","Total Loss Factor – Primary Metered Customer < 5,000 kW",null,null,null,null,null,null,null,null,null,"Attawapiskat Power Corp. ","Attawapiskat Power Corp. ",null,"EMBEDDED DISTRIBUTOR","kW",null,null,null,"Rural Rate Protection Charge",null,null,{"$f":"AU3*AV3","v":0},0,0,{"$f":"AX3*AY3","v":0},null,{"$f":"AZ3-AW3","v":0},{"$f":"BB3/AW3","v":{"$error":"#DIV/0!"}}]
["FARMS - SINGLE PHASE ENERGY-BILLED [F1]","General Service Equal To Or Greater Than 1,500 kW - Interval Metered",null,null,null,null,null,null,"Distribution Wheeling Service Rate",null,null,"Total Loss Factor – Primary Metered Customer > 5,000 kW",null,"$/kW","$/kVA",null,null,null,null,null,null,null,"SM_Rate_Adder",null,null,"Account set up charge/change of occupancy charge (plus credit agency costs if applicable)","Clearance Pole Attachment charge $/pole/year","Total Loss Factor – Primary Metered Customer > 5,000 kW",null,null,null,null,null,null,null,null,null,"Bluewater Power Distribution Corporation","Bluewater Power Distribution Corporation",null,"FARMS - SINGLE PHASE ENERGY-BILLED [F1]","kWh",null,null,null,"Standard Supply Service – Administration Charge (if applicable)",null,null,{"$f":"AU4*AV4","v":0},0,0,{"$f":"AX4*AY4","v":0},null,{"$f":"AZ4-AW4","v":0},{"$f":"BB4/AW4","v":{"$error":"#DIV/0!"}}]
["FARMS - THREE PHASE ENERGY-BILLED [F3]",null,null,null,null,null,null,null,"Electricity Rate",null,null,"Total Loss Factor – Secondary Metered Customer",null,"$/kVA",null,null,null,null,null,null,null,null,"MSC_Rate_Rider_",null,null,"Arrears certificate","Collection of account charge – no disconnection","Total Loss Factor – Secondary Metered Customer",null,null,null,null,null,null,null,null,null,"Brant County Power Inc.","Brant County Power Inc.",null,"FARMS - THREE PHASE ENERGY-BILLED [F3]","kWh",null,null,null,"Sub-Total:  Regulatory",null,null,{"$f":"SUM(AW2:AW4)","v":0},null,null,{"$f":"SUM(AZ2:BA4)","v":0},null,{"$f":"AZ5-AW5","v":0},{"$f":"BB5/AW5","v":{"$error":"#DIV/0!"}}]
["GENERAL SERVICE - COMMERCIAL",null,null,null,null,null,null,null,"Electricity Rate - All Additional kWh",null,null,"Total Loss Factor – Secondary Metered Customer < 5,000 kW",null,null,null,null,null,null,null,null,null,null,"VC",null,null,"Arrears certificate (credit reference)","Collection of account charge – no disconnection – after regular hours","Total Loss Factor – Secondary Metered Customer < 5,000 kW",null,null,null,null,null,null,null,null,null,"Brantford Power Inc.","Brantford Power Inc.",null,"GENERAL SERVICE - COMMERCIAL","kW",null,null,null,"Debt Retirement Charge (DRC)",null,null,{"$f":"AU6*AV6","v":0},{"$f":"AU6","v":0},{"$f":"AV6","v":0},{"$f":"AX6*AY6","v":0},null,{"$f":"AZ6-AW6","v":0},{"$f":"BB6/AW6","v":{"$error":"#DIV/0!"}}]
["GENERAL SERVICE - INSTITUTIONAL",null,null,null,null,null,null,null,"Electricity Rate - First 250 kWh",null,null,null,null,null,null,null,null,null,null,null,null,null,null,null,null,null,null,null,null,null,null,null,null,null,null,null,null,"Burlington Hydro Inc.","Burlington Hydro Inc.",null,"GENERAL SERVICE - INSTITUTIONAL","kW"]
["GENERAL SERVICE 1,000 TO 2,999 KW",null,null,null,null,null,null,null,"Electricity Rate -All Additional kWh",null,null,"Total Loss Factor – Secondary Metered Customer > 5,000 kW",null,null,null,null,null,null,null,null,null,null,"VC_Rate_Rider_",null,null,"Charge to certify cheque","Collection of account charge – no disconnection - during regular business hours","Total Loss Factor – Secondary Metered Customer > 5,000 kW",null,null,null,null,null,null,null,null,null,"Cambridge and North Dumfries Hydro Inc.","Cambridge and North Dumfries Hydro Inc.",null,"GENERAL SERVICE 1,000 TO 2,999 KW","kW",null,null,null,"Total Bill on RPP (before taxes)",null,null,null,null,null,null,null,{"$f":"AZ8-AW8","v":0}]
["GENERAL SERVICE 1,000 TO 4,999 KW",null,null,null,null,null,null,null,"Electricity Rate First 1,000 kWh",null,null,"Distribution Loss Factor - Secondary Metered Customer < 5,000 kW",null,null,null,null,null,null,null,null,null,null,"VC_GA_Rate_Rider_kW_",null,null,"Collection of Account Charge – No Disconnection","Collection of account charge – no disconnection – during regular hours",null,null,null,null,null,null,null,null,null,null,"Canadian Niagara Power Inc.","Canadian Niagara Power Inc. - Eastern Ontario Power",null,"GENERAL SERVICE 1,000 TO 4,999 KW - INTERVAL METERS","kW",null,null,null,"HST",null,null,{"$f":"AV9*AW8","v":0},null,{"$f":"AV9","v":0},{"$f":"AY9*AZ8","v":0},null,{"$f":"AZ9-AW9","v":0},{"$f":"BB9/AW9","v":{"$error":"#DIV/0!"}}]
["GENERAL SERVICE 1,000 TO 4,999 KW - INTERVAL METERS",null,null,null,null,null,null,null,"Electricity Rate First 25,000 kWh",null,null,"Distribution Loss Factor - Secondary Metered Customer > 5,000 kW",null,null,null,null,null,null,null,null,null,null,"VC_LV_Rate",null,null,"Credit Card Convenience Charge","Collection/Disconnection/Load Limiter/Reconnection – if in Community",null,null,null,null,null,null,null,null,null,null,"Centre Wellington Hydro Ltd.","Canadian Niagara Power Inc. - Fort Erie",null,"GENERAL SERVICE 1,000 TO 4,999 KW (CO-GENERATION)","kW",null,null,null,"Total Bill (including HST)",null,null,{"$f":"AW9+AW8","v":0},null,null,{"$f":"AZ9+AZ8","v":0},null,{"$f":"AZ10-AW10","v":0},{"$f":"BB10/AW10","v":{"$error":"#DIV/0!"}}]
["GENERAL SERVICE 1,000 TO 4,999 KW (CO-GENERATION)",null,null,null,null,null,null,null,"Electricity Rate First 6,000 kWh",null,null,"Distribution Loss Factor - Primary Metered Customer < 5,000 kW",null,null,null,null,null,null,null,null,null,null,"RTSR_Network",null,null,"Credit check (plus credit agency costs)","Credit Card Convenience Charge",null,null,null,null,null,null,null,null,null,null,"Chapleau Public Utilities Corporation","Canadian Niagara Power Inc. - Port Colborne Hydro Inc.",null,"GENERAL SERVICE 1,000 TO 4,999 KW","kW",null,null,null,"Ontario Clean Energy Benefit (OCEB)",null,null,{"$f":"-0.1*AW10","v":0},null,{"$f":"AV11","v":0},{"$f":"-0.1*AZ10","v":0},null,{"$f":"AZ11-AW11","v":0},{"$f":"BB11/AW11","v":{"$error":"#DIV/0!"}}]
["GENERAL SERVICE 1,500 TO 4,999 KW",null,null,null,null,null,null,null,"Electricity Rate Next 1,500 kWh",null,null,"Distribution Loss Factor - Primary Metered Customer > 5,000 kW",null,null,null,null,null,null,null,null,null,null,"RTSR_Connection",null,null,"Credit reference Letter","Disconnect/Reconnect at meter – after regular hours",null,null,null,null,null,null,null,null,null,null,"Clinton Power Corporation","Centre Wellington Hydro Ltd.",null,"GENERAL SERVICE 1,500 TO 4,999 KW","kW",null,null,null,"Total Bill on RPP (including OCEB)",null,null,{"$f":"AW10+AW11","v":0},null,null,{"$f":"AZ10+AZ11","v":0},null,{"$f":"AZ12-AW12","v":0},{"$f":"BB12/AW12","v":{"$error":"#DIV/0!"}}]
["GENERAL SERVICE 2,500 TO 4,999 KW",null,null,null,null,null,null,null,"General Service 1,500 to 4,999 kW customer",null,null,null,null,null,null,null,null,null,null,null,null,null,null,null,null,null,null,null,null,null,null,null,null,null,null,null,null,"COLLUS Power Corporation","Chapleau Public Utilities Corporation",null,"GENERAL SERVICE 2,500 TO 4,999 KW","kW"]
["GENERAL SERVICE 3,000 TO 4,999 KW",null,null,null,null,null,null,null,"General Service 50 to 1,499 kW customer",null,null,"Total Loss Factor - Embedded Distributor",null,null,null,null,null,null,null,null,null,null,"RTSR_Network_Interval",null,null,"Credit reference/credit check (plus credit agency costs – General Service)","Disconnect/Reconnect at meter – during regular hours",null,null,null,null,null,null,null,null,null,null,"Cooperative Hydro Embrun Inc.","Clinton Power Corporation",null,"GENERAL SERVICE 3,000 TO 4,999 KW - INTERMEDIATE USE","kW",null,null,null,"Total Bill on TOU (before taxes)",null,null,null,null,null,null,null,{"$f":"AZ14-AW14","v":0}]
["GENERAL SERVICE 3,000 TO 4,999 KW - INTERMEDIATE USE",null,null,null,null,null,null,null,"General Service Large Use customer",null,null,"Total Loss Factor – Embedded Distributor – Hydro One Networks Inc.",null,null,null,null,null,null,null,null,null,null,"RTSR_Connection_Interval",null,null,"Credit Reference/credit check (plus credit agency costs)","Disconnect/Reconnect at pole – after regular hours",null,null,null,null,null,null,null,null,null,null,"E.L.K. Energy Inc.","COLLUS Power Corporation",null,"GENERAL SERVICE 3,000 TO 4,999 KW - INTERVAL METERED","kW",null,null,null,"HST",null,null,{"$f":"AV15*AW14","v":0},null,{"$f":"AV15","v":0},{"$f":"AY15*AZ14","v":0},null,{"$f":"AZ15-AW15","v":0},{"$f":"BB15/AW15","v":{"$error":"#DIV/0!"}}]
["GENERAL SERVICE 3,000 TO 4,999 KW - INTERVAL METERED",null,null,null,null,null,null,null,"Green Energy Act Initiatives Funding Adder - effective until the date of the next cost of service-based rate order",null,null,null,null,null,null,null,null,null,null,null,null,null,"RTSR_Network_Interval_GR1000kW",null,null,"Dispute Test – Commercial self contained -- MC","Disconnect/Reconnect at pole – during regular hours",null,null,null,null,null,null,null,null,null,null,"Enersource Hydro Mississauga Inc.","Cooperative Hydro Embrun Inc.",null,"GENERAL SERVICE 3,000 TO 4,999 KW - TIME OF USE","kW",null,null,null,"Total Bill (including HST)",null,null,{"$f":"AW15+AW14","v":0},null,null,{"$f":"AZ15+AZ14","v":0},null,{"$f":"AZ16-AW16","v":0},{"$f":"BB16/AW16","v":{"$error":"#DIV/0!"}}]
["GENERAL SERVICE 3,000 TO 4,999 KW - TIME OF USE",null,null,null,null,null,null,null,"Green Energy Act Plan Funding Adder",null,null,null,null,null,null,null,null,null,null,null,null,null,"RTSR_Connection_Interval_GR1000kW",null,null,"Dispute Test – Commercial TT -- MC","Disconnect/Reconnect Charge – At Meter – After Hours",null,null,null,null,null,null,null,null,null,null,"Entegrus Powerlines Inc.","E.L.K. Energy Inc.",null,"GENERAL SERVICE 3,000 TO 4,999 KW","kW",null,null,null,"Ontario Clean Energy Benefit (OCEB)",null,null,{"$f":"-0.1*AW16","v":0},null,{"$f":"AV17","v":0},{"$f":"-0.1*AZ16","v":0},null,{"$f":"AZ17-AW17","v":0},{"$f":"BB17/AW17","v":{"$error":"#DIV/0!"}}]
["GENERAL SERVICE 50 TO 1,000 KW",null,null,null,null,null,null,null,"Green Energy Act Plan Funding Adder - effective April 1, 2013 until March 31, 2014",null,null,null,null,null,null,null,null,null,null,null,null,null,"RTSR_Line_Connection",null,null,"Dispute Test – Residential","Disconnect/Reconnect Charge – At Meter – During Regular Hours",null,null,null,null,null,null,null,null,null,null,"ENWIN Utilities Ltd.","Enersource Hydro Mississauga Inc.",null,"GENERAL SERVICE 50 TO 1,000 KW - INTERVAL METERS","kW",null,null,null,"Total Bill on TOU (including OCEB)",null,null,{"$f":"AW16+AW17","v":0},null,null,{"$f":"AZ16+AZ17","v":0},null,{"$f":"AZ18-AW18","v":0},{"$f":"BB18/AW18","v":{"$error":"#DIV/0!"}}]
["GENERAL SERVICE 50 TO 1,000 KW - INTERVAL METERS",null,null,null,null,null,null,null,"Green Energy Act Plan Funding Adder - effective April 1, 2014 until March 31, 2015",null,null,null,null,null,null,null,null,null,null,null,null,null,"RTSR_Transformer_Connection",null,null,"Duplicate Invoices for previous billing","Disconnect/Reconnect Charge – At Pole – After Hours",null,null,null,null,null,null,null,null,null,null,"Erie Thames Powerlines Corporation","Entegrus Powerlines Inc. - Chatham-Kent",null,"GENERAL SERVICE 50 TO 1,000 KW - NON INTERVAL METERS","kW"]
["GENERAL SERVICE 50 TO 1,000 KW - NON INTERVAL METERS",null,null,null,null,null,null,null,"ICM Rate Rider (2014) - in effect until the effective date of the next cost of service rates",null,null,null,null,null,null,null,null,null,null,null,null,null,"WMSR",null,null,"Easement Letter","Disconnect/Reconnect Charge – At Pole – During Regular Hours",null,null,null,null,null,null,null,null,null,null,"Espanola Regional Hydro Distribution Corporation","Entegrus Powerlines Inc. - Dutton",null,"GENERAL SERVICE 50 TO 1,000 KW","kW"]
["GENERAL SERVICE 50 TO 1,499 KW",null,null,null,null,null,null,null,"Low Voltage Service Charge",null,null,null,null,null,null,null,null,null,null,null,null,null,"RRRP",null,null,"Income Tax Letter","Disconnect/Reconnect Charges for non payment of account - At Meter After Hours",null,null,null,null,null,null,null,null,null,null,"Essex Powerlines Corporation","Entegrus Powerlines Inc. - Newbury",null,"GENERAL SERVICE 50 TO 1,499 KW - INTERVAL METERED","kW"]
["GENERAL SERVICE 50 TO 1,499 KW - INTERVAL METERED",null,null,null,null,null,null,null,"Low Voltage Service Rate",null,null,null,null,null,null,null,null,null,null,null,null,null,"SPC",null,null,"Interval Meter Interrogation","Disconnect/Reconnect charges for non payment of account – at meter after regular hours",null,null,null,null,null,null,null,null,null,null,"Festival Hydro Inc.","Entegrus Powerlines Inc. - Strathroy, Mounth Brydges & Parkhill",null,"GENERAL SERVICE 50 TO 1,499 KW","kW"]
["GENERAL SERVICE 50 TO 2,499 KW",null,null,null,null,null,null,null,"Low Voltage Volumetric Rate",null,null,null,null,null,null,null,null,null,null,null,null,null,"DRC",null,null,"Interval meter request change","Disconnect/Reconnect Charges for non payment of account - At Meter During Regular Hours",null,null,null,null,null,null,null,null,null,null,"Fort Albany Power Corporation","ENWIN Utilities Ltd.",null,"GENERAL SERVICE 50 TO 2,499 KW","kW"]
["GENERAL SERVICE 50 TO 2,999 KW",null,null,null,null,null,null,null,"LRAM Rate Rider - Effective Until April 30, 2015",null,null,null,null,null,null,null,null,null,null,null,null,null,"SSS",null,null,"Legal letter","Disconnect/Reconnect charges for non payment of account – at meter during regular hours",null,null,null,null,null,null,null,null,null,null,"Fort Frances Power Corporation","Erie Thames Powerlines Corporation",null,"GENERAL SERVICE 50 TO 2,999 KW - INTERVAL METERED","kW"]
["GENERAL SERVICE 50 TO 2,999 KW - INTERVAL METERED",null,null,null,null,null,null,null,"Minimum Distribution Charge - per KW of maximum billing demand in the previous 11 months",null,null,null,null,null,null,null,null,null,null,null,null,null,"SFLF",null,null,"Legal letter charge","Disconnect/Reconnect charges for non payment of account – at pole after regular hours",null,null,null,null,null,null,null,null,null,null,"Greater Sudbury Hydro Inc.","Espanola Regional Hydro Distribution Corporation",null,"GENERAL SERVICE 50 TO 2,999 KW - TIME OF USE","kW"]
["GENERAL SERVICE 50 TO 2,999 KW - TIME OF USE","January",null,null,null,null,null,null,"Monthly Distribution Wheeling Service Rate - Dedicated LV Line",null,null,null,null,null,null,null,null,null,null,null,null,null,"DLF_Secondary_LT_5000kW",null,null,"Meter dispute charge plus Measurement Canada fees (if meter found correct)","Disconnect/Reconnect charges for non payment of account – at pole during regular hours",null,null,null,null,null,null,null,null,null,null,"Grimsby Power Inc.","Essex Powerlines Corporation",null,"GENERAL SERVICE 50 TO 2,999 KW","kW"]
["GENERAL SERVICE 50 TO 4,999 KW","February",null,null,null,null,null,null,"Monthly Distribution Wheeling Service Rate - Hydro One Networks",null,null,null,null,null,null,null,null,null,null,null,null,null,"DLF_Secondary_GT_5000kW",null,null,"Notification charge","Disconnect/Reconnection for >300 volts - after regular hours",null,null,null,null,null,null,null,null,null,null,"Guelph Hydro Electric Systems Inc.","Festival Hydro Inc.",null,"GENERAL SERVICE 50 TO 4,999 KW - INTERVAL METERED","kW"]
["GENERAL SERVICE 50 TO 4,999 KW - INTERVAL METERED","March",null,null,null,null,null,null,"Monthly Distribution Wheeling Service Rate - Shared LV Line",null,null,null,null,null,null,null,null,null,null,null,null,null,"DLF_Primary_LT_5000kW",null,null,"Pulling Post Dated Cheques","Disconnect/Reconnection for >300 volts - during regular hours",null,null,null,null,null,null,null,null,null,null,"Haldimand County Hydro Inc.","Festival Hydro Inc. - Hensall",null,"GENERAL SERVICE 50 TO 4,999 KW - TIME OF USE","kW"]
["GENERAL SERVICE 50 TO 4,999 KW - TIME OF USE","April",null,null,null,null,null,null,"Monthly Distribution Wheeling Service Rate - Waterloo North Hydro",null,null,null,null,null,null,null,null,null,null,null,null,null,"DLF_Primary_GT_5000kW",null,null,"Request for other billing information","Disposal of Concrete Poles",null,null,null,null,null,null,null,null,null,null,"Halton Hills Hydro Inc.","Fort Albany Power Corporation",null,"GENERAL SERVICE 50 TO 4,999 KW (COGENERATION)","kW"]
["GENERAL SERVICE 50 TO 4,999 KW (COGENERATION)","May",null,null,null,null,null,null,"Rate Rider for Application of Tax Change - effective until April 30, 2015",null,null,null,null,null,null,null,null,null,null,null,null,null,"TLF_Secondary_LT_5000kW",null,null,"Returned cheque (plus bank charges)","Dispute Test – Commercial TT -- MC",null,null,null,null,null,null,null,null,null,null,"Hearst Power Distribution Company Limited","Fort Frances Power Corporation",null,"GENERAL SERVICE 50 TO 4,999 KW (FORMERLY TIME OF USE)","kW"]
["GENERAL SERVICE 50 TO 4,999 KW (FORMERLY TIME OF USE)","June",null,null,null,null,null,null,"Rate Rider for Application of Tax Change - effective until December 31, 2014",null,null,null,null,null,null,null,null,null,null,null,null,null,"TLF_Secondary_GT_5000kW",null,null,"Returned cheque charge (plus bank charges)","Install/Remove load control device – after regular hours",null,null,null,null,null,null,null,null,null,null,"Horizon Utilities Corporation","Greater Sudbury Hydro Inc.",null,"GENERAL SERVICE 50 TO 4,999 KW","kW"]
["GENERAL SERVICE 50 TO 499 KW","July",null,null,null,null,null,null,"Rate Rider for Application of Tax Change (2014) - effective until April 30, 2015",null,null,null,null,null,null,null,null,null,null,null,null,null,"TLF_Primary_LT_5000kW",null,null,"Special Billing Service (aggregation)","Install/Remove load control device – during regular hours",null,null,null,null,null,null,null,null,null,null,"Hydro 2000 Inc.","Grimsby Power Inc.",null,"GENERAL SERVICE 50 TO 499 KW","kW"]
["GENERAL SERVICE 50 TO 699 KW","August",null,null,null,null,null,null,"Rate Rider for Application of Tax Change (per connection) - effective until April 30, 2015",null,null,null,null,null,null,null,null,null,null,null,null,null,"TLF_Primary_GT_5000kW",null,null,"Special Billing Service (sub-metering charge per meter)","Interval Meter Interrogation",null,null,null,null,null,null,null,null,null,null,"Hydro Hawkesbury Inc.","Guelph Hydro Electric Systems Inc.",null,"GENERAL SERVICE 50 TO 699 KW","kW"]
["GENERAL SERVICE 50 TO 999 KW","September",null,null,null,null,null,null,"Rate Rider for CGAAP Accounting Changes (2013) - effective until April 30, 2017",null,null,null,null,null,null,null,null,null,null,null,null,null,"TLF_EmbeddedDistributor",null,null,"Special meter reads","Interval Meter Load Management Tool Charge $/month",null,null,null,null,null,null,null,null,null,null,"Hydro One Brampton Networks Inc.","Haldimand County Hydro Inc.",null,"GENERAL SERVICE 50 TO 999 KW - INTERVAL METERED","kW"]
["GENERAL SERVICE 50 TO 999 KW - INTERVAL METERED","October",null,null,null,null,null,null,"Rate Rider for Deferral/Variance Account (2012) - effective unitl April 30, 2016",null,null,null,null,null,null,null,null,null,null,null,null,null,null,null,null,"Statement of Account","Interval meter request change",null,null,null,null,null,null,null,null,null,null,"Hydro One Networks Inc.","Halton Hills Hydro Inc.",null,"GENERAL SERVICE 50 TO 999 KW","kW"]
["GENERAL SERVICE 500 TO 4,999 KW","November",null,null,null,null,null,null,"Rate Rider for Deferral/Variance Account Disposition – effective until April 30, 2015",null,null,null,null,null,null,null,null,null,null,null,null,null,null,null,null,"Unprocessed Payment Charge (plus bank charges)","Late Payment – per annum",null,null,null,null,null,null,null,null,null,null,"Hydro Ottawa Limited","Hearst Power Distribution Company Limited",null,"GENERAL SERVICE 500 TO 4,999 KW","kW"]
["GENERAL SERVICE 700 TO 4,999 KW","December",null,null,null,null,null,null,"Rate Rider for Deferral/Variance Account Disposition (2012) - effective until April 30, 2016",null,null,null,null,null,null,null,null,null,null,null,null,null,null,null,null,null,"Late Payment – per month",null,null,null,null,null,null,null,null,null,null,"Innisfil Hydro Distribution Systems Limited","Horizon Utilities Corporation",null,"GENERAL SERVICE 700 TO 4,999 KW","kW"]
["GENERAL SERVICE DEMAND BILLED (50 KW AND ABOVE) [GSD]",null,null,null,null,null,null,null,"Rate Rider for Deferral/Variance Account Disposition (2013) - effective until April 30, 2014",null,null,null,null,null,null,null,null,null,null,null,null,null,null,null,null,null,"Layout fees",null,null,null,null,null,null,null,null,null,null,"Kashechewan Power Corporation","Hydro 2000 Inc.",null,"GENERAL SERVICE DEMAND BILLED (50 KW AND ABOVE) [GSD]","kW"]
["GENERAL SERVICE ENERGY BILLED (LESS THAN 50 KW) [GSE-METERED]",null,null,null,null,null,null,null,"Rate Rider for Deferral/Variance Account Disposition (2014) - effective until April 28, 2016",null,null,null,null,null,null,null,null,null,null,null,null,null,null,null,null,null,"Meter dispute charge plus Measurement Canada fees (if meter found correct)",null,null,null,null,null,null,null,null,null,null,"Kenora Hydro Electric Corporation Ltd.","Hydro Hawkesbury Inc.",null,"GENERAL SERVICE ENERGY BILLED (LESS THAN 50 KW) [GSE-METERED]","kWh"]
["GENERAL SERVICE ENERGY BILLED (LESS THAN TO 50 KW) [GSE-UNMETERED]",null,null,null,null,null,null,null,"Rate Rider for Deferral/Variance Account Disposition (2014) - effective until April 30, 2015",null,null,null,null,null,null,null,null,null,null,null,null,null,null,null,null,null,"Meter Interrogation Charge",null,null,null,null,null,null,null,null,null,null,"Kingston Hydro Corporation","Hydro One Brampton Networks Inc.",null,"GENERAL SERVICE ENERGY BILLED (LESS THAN TO 50 KW) [GSE-UNMETERED]","kWh"]
["GENERAL SERVICE EQUAL TO OR GREATER THAN 1,500 KW",null,null,null,null,null,null,null,"Rate Rider for Deferral/Variance Account Disposition (2014) - effective until Decembeer 31, 2015",null,null,null,null,null,null,null,null,null,null,null,null,null,null,null,null,null,"Missed Service Appointment",null,null,null,null,null,null,null,null,null,null,"Kitchener-Wilmot Hydro Inc.","Hydro One Networks Inc.",null,"GENERAL SERVICE EQUAL TO OR GREATER THAN 1,500 KW - INTERVAL METERED","kW"]
["GENERAL SERVICE EQUAL TO OR GREATER THAN 1,500 KW - INTERVAL METERED",null,null,null,null,null,null,null,"Rate Rider for Deferral/Variance Account Disposition (2014) - effective until December 30, 2015",null,null,null,null,null,null,null,null,null,null,null,null,null,null,null,null,null,"Norfolk Pole Rentals – Billed",null,null,null,null,null,null,null,null,null,null,"Lakefront Utilities Inc.","Hydro Ottawa Limited",null,"GENERAL SERVICE EQUAL TO OR GREATER THAN 1,500 KW","kW"]
["GENERAL SERVICE GREATER THAN 1,000 KW",null,null,null,null,null,null,null,"Rate Rider for Deferral/Variance Account Disposition (2014) - effective until December 31, 2014",null,null,null,null,null,null,null,null,null,null,null,null,null,null,null,null,null,"Optional Interval/TOU Meter charge $/month",null,null,null,null,null,null,null,null,null,null,"Lakeland Power Distribution Ltd.","Innisfil Hydro Distribution Systems Limited",null,"GENERAL SERVICE GREATER THAN 1,000 KW","kW"]
["GENERAL SERVICE GREATER THAN 50 kW - WMP",null,null,null,null,null,null,null,"Rate Rider for Deferral/Variance Account Disposition (2014) - effective until December 31, 2015",null,null,null,null,null,null,null,null,null,null,null,null,null,null,null,null,null,"Overtime Locate",null,null,null,null,null,null,null,null,null,null,"London Hydro Inc.","Kashechewan Power Corporation",null,"GENERAL SERVICE INTERMEDIATE 1,000 TO 4,999 KW","kW"]
["GENERAL SERVICE INTERMEDIATE 1,000 TO 4,999 KW",null,null,null,null,null,null,null,"Rate Rider for Deferral/Variance Account Dispositon (2012) - effective until April 30, 2016",null,null,null,null,null,null,null,null,null,null,null,null,null,null,null,null,null,"Owner Requested Disconnection/Reconnection – after regular hours",null,null,null,null,null,null,null,null,null,null,"Midland Power Utility Corporation","Kenora Hydro Electric Corporation Ltd.",null,"GENERAL SERVICE INTERMEDIATE RATE CLASS 1,000 TO 4,999 KW (FORMERLY GENERAL SERVICE > 50 KW CUSTOMERS)","kW"]
["GENERAL SERVICE INTERMEDIATE RATE CLASS 1,000 TO 4,999 KW (FORMERLY GENERAL SERVICE > 50 KW CUSTOMERS)",null,null,null,null,null,null,null,"Rate Rider for Disposition of Accounting Changes Under CGAAP Account 1576 - effective until April 30, 2016",null,null,null,null,null,null,null,null,null,null,null,null,null,null,null,null,null,"Owner Requested Disconnection/Reconnection – during regular hours",null,null,null,null,null,null,null,null,null,null,"Milton Hydro Distribution inc.","Kingston Hydro Corporation",null,"GENERAL SERVICE INTERMEDIATE RATE CLASS 1,000 TO 4,999 KW (FORMERLY LARGE USE CUSTOMERS)","kW"]
["GENERAL SERVICE INTERMEDIATE RATE CLASS 1,000 TO 4,999 KW (FORMERLY LARGE USE CUSTOMERS)",null,null,null,null,null,null,null,"Rate Rider for Disposition of Deferral/Variance Accounts (2010) - effective until December 31, 2014",null,null,null,null,null,null,null,null,null,null,null,null,null,null,null,null,null,"Returned cheque (plus bank charges)",null,null,null,null,null,null,null,null,null,null,"Newmarket - Tay Power Distribution Ltd.","Kitchener-Wilmot Hydro Inc.",null,"GENERAL SERVICE LESS THAN 50 KW - SINGLE PHASE ENERGY-BILLED [G1]","kWh"]
["GENERAL SERVICE LESS THAN 50 KW",null,null,null,null,null,null,null,"Rate Rider for Disposition of Deferral/Variance Accounts (2011) - effective until April 30, 2015",null,null,null,null,null,null,null,null,null,null,null,null,null,null,null,null,null,"Rural system expansion / line connection fee",null,null,null,null,null,null,null,null,null,null,"Niagara Peninsula Energy Inc.","Lakefront Utilities Inc.",null,"GENERAL SERVICE LESS THAN 50 KW - THREE PHASE ENERGY-BILLED [G3]","kWh"]
["GENERAL SERVICE LESS THAN 50 KW - SINGLE PHASE ENERGY-BILLED [G1]",null,null,null,null,null,null,null,"Rate Rider for Disposition of Deferral/Variance Accounts (2011) - effective until April 30, 2016",null,null,null,null,null,null,null,null,null,null,null,null,null,null,null,null,null,"Same Day Open Trench",null,null,null,null,null,null,null,null,null,null,"Niagara-on-the-Lake Hydro Inc.","Lakeland Power Distribution Ltd.",null,"GENERAL SERVICE LESS THAN 50 KW - TRANSMISSION CLASS ENERGY-BILLED [T]","kWh"]
["GENERAL SERVICE LESS THAN 50 KW - THREE PHASE ENERGY-BILLED [G3]",null,null,null,null,null,null,null,"Rate Rider for Disposition of Deferral/Variance Accounts (2012) - effective until April 30, 2014",null,null,null,null,null,null,null,null,null,null,null,null,null,null,null,null,null,"Scheduled Day Open Trench",null,null,null,null,null,null,null,null,null,null,"Norfolk Power Distribution Inc.","London Hydro Inc.",null,"GENERAL SERVICE LESS THAN 50 KW - URBAN ENERGY-BILLED [UG]","kWh"]
["GENERAL SERVICE LESS THAN 50 KW - TRANSMISSION CLASS ENERGY-BILLED [T]",null,null,null,null,null,null,null,"Rate Rider for Disposition of Deferral/Variance Accounts (2012) - effective until April 30, 2015",null,null,null,null,null,null,null,null,null,null,null,null,null,null,null,null,null,"Service call – after regular hours",null,null,null,null,null,null,null,null,null,null,"North Bay Hydro Distribution Limited","Midland Power Utility Corporation",null,"GENERAL SERVICE LESS THAN 50 KW","kWh"]
["GENERAL SERVICE LESS THAN 50 KW - URBAN ENERGY-BILLED [UG]",null,null,null,null,null,null,null,"Rate Rider for Disposition of Deferral/Variance Accounts (2012) - effective until April 30, 2016",null,null,null,null,null,null,null,null,null,null,null,null,null,null,null,null,null,"Service call – customer owned equipment",null,null,null,null,null,null,null,null,null,null,"Northern Ontario Wires Inc.","Milton Hydro Distribution inc.",null,"GENERAL SERVICE SINGLE PHASE - G1","kW"]
["GENERAL SERVICE SINGLE PHASE - G1",null,null,null,null,null,null,null,"Rate Rider for Disposition of Deferral/Variance Accounts (2012) - effective until August 31, 2014",null,null,null,null,null,null,null,null,null,null,null,null,null,null,null,null,null,"Service Call – Customer-owned Equipment – After Regular Hours",null,null,null,null,null,null,null,null,null,null,"Oakville Hydro Electricity Distribution Inc.","Newmarket - Tay Power Distribution Ltd. - Newmarket",null,"GENERAL SERVICE THREE PHASE - G3","kW"]
["GENERAL SERVICE THREE PHASE - G3",null,null,null,null,null,null,null,"Rate Rider for Disposition of Deferral/Variance Accounts (2012) - effective until December 31, 2015",null,null,null,null,null,null,null,null,null,null,null,null,null,null,null,null,null,"Service Call – Customer-owned Equipment – During Regular Hours",null,null,null,null,null,null,null,null,null,null,"Orangeville Hydro Limited","Newmarket - Tay Power Distribution Ltd. - Tay",null,"INTERMEDIATE USERS","kW"]
["INTERMEDIATE USERS",null,null,null,null,null,null,null,"Rate Rider for Disposition of Deferral/Variance Accounts (2012) - effective until December 31, 2016 Applicable only in the former service area of Clinton Power",null,null,null,null,null,null,null,null,null,null,null,null,null,null,null,null,null,"Service Charge for onsite interrogation of interval meter due to customer phone line failure - required weekly until line repaired $ 6",null,null,null,null,null,null,null,null,null,null,"Orillia Power Distribution Corporation","Niagara Peninsula Energy Inc. - Niagara Falls",null,"INTERMEDIATE WITH SELF GENERATION","kW"]
["INTERMEDIATE WITH SELF GENERATION",null,null,null,null,null,null,null,"Rate Rider for Disposition of Deferral/Variance Accounts (2012) – effective until December 31, 2016 Applicable only in the former service area of Clinton Power",null,null,null,null,null,null,null,null,null,null,null,null,null,null,null,null,null,"Service Layout - Commercial",null,null,null,null,null,null,null,null,null,null,"Oshawa PUC Networks Inc.","Niagara Peninsula Energy Inc. - Peninsula West",null,"LARGE USE - 3TS","kW"]
["LARGE USE",null,null,null,null,null,null,null,"Rate Rider for Disposition of Deferral/Variance Accounts (2012) - effective until January 31, 2014",null,null,null,null,null,null,null,null,null,null,null,null,null,null,null,null,null,"Service Layout - ResidentiaI",null,null,null,null,null,null,null,null,null,null,"Ottawa River Power Corporation","Niagara-on-the-Lake Hydro Inc.",null,"LARGE USE - FORD ANNEX","kW"]
["LARGE USE - 3TS",null,null,null,null,null,null,null,"Rate Rider for Disposition of Deferral/Variance Accounts (2012) - effective until June 30, 2014",null,null,null,null,null,null,null,null,null,null,null,null,null,null,null,null,null,"Special Billing Service (sub-metering charge per meter)",null,null,null,null,null,null,null,null,null,null,"Parry Sound Power Corporation","Norfolk Power Distribution Inc.",null,"LARGE USE - REGULAR","kW"]
["LARGE USE - FORD ANNEX",null,null,null,null,null,null,null,"Rate Rider for Disposition of Deferral/Variance Accounts (2013) - Applicable only to Wholesale Market Participants - effective until April 30, 2015",null,null,null,null,null,null,null,null,null,null,null,null,null,null,null,null,null,"Special meter reads",null,null,null,null,null,null,null,null,null,null,"Peterborough Distribution Incorporated","North Bay Hydro Distribution Limited",null,"LARGE USE > 5000 KW","kW"]
["LARGE USE - REGULAR",null,null,null,null,null,null,null,"Rate Rider for Disposition of Deferral/Variance Accounts (2013) - effective until April 30, 2014",null,null,null,null,null,null,null,null,null,null,null,null,null,null,null,null,null,"Specific Charge for Access to the Power Poles - $/pole/year",null,null,null,null,null,null,null,null,null,null,"PowerStream Inc.","Northern Ontario Wires Inc.",null,"LARGE USE","kW"]
["LARGE USE > 5000 KW",null,null,null,null,null,null,null,"Rate Rider for Disposition of Deferral/Variance Accounts (2013) - effective until April 30, 2015",null,null,null,null,null,null,null,null,null,null,null,null,null,null,null,null,null,"Specific Charge for Bell Canada Access to the Power Poles – per pole/year",null,null,null,null,null,null,null,null,null,null,"PUC Distribution Inc.","Oakville Hydro Electricity Distribution Inc.",null,"microFIT","$"]
["microFIT",null,null,null,null,null,null,null,"Rate Rider for Disposition of Deferral/Variance Accounts (2013) - effective until April 30, 2015, not applicable to Wholesale Market Participants",null,null,null,null,null,null,null,null,null,null,null,null,null,null,null,null,null,"Switching for company maintenance – Charge based on Time and Materials",null,null,null,null,null,null,null,null,null,null,"Renfrew Hydro Inc.","Orangeville Hydro Limited",null,"RESIDENTIAL - HENSALL","kWh"]
["RESIDENTIAL",null,null,null,null,null,null,null,"Rate Rider for Disposition of Deferral/Variance Accounts (2013) - effective until April 30, 2017",null,null,null,null,null,null,null,null,null,null,null,null,null,null,null,null,null,"Temporary Service – Install & remove – overhead – no transformer",null,null,null,null,null,null,null,null,null,null,"Rideau St. Lawrence Distribution Inc.","Orillia Power Distribution Corporation",null,"RESIDENTIAL - HIGH DENSITY [R1]","kWh"]
["RESIDENTIAL - HENSALL",null,null,null,null,null,null,null,"Rate Rider for Disposition of Deferral/Variance Accounts (2013) - effective until August 31, 2014",null,null,null,null,null,null,null,null,null,null,null,null,null,null,null,null,null,"Temporary Service – Install & remove – overhead – with transformer",null,null,null,null,null,null,null,null,null,null,"Sioux Lookout Hydro Inc.","Oshawa PUC Networks Inc.",null,"RESIDENTIAL - LOW DENSITY [R2]","kWh"]
["RESIDENTIAL - HIGH DENSITY [R1]",null,null,null,null,null,null,null,"Rate Rider for Disposition of Deferral/Variance Accounts (2013) - effective until December 31, 2014",null,null,null,null,null,null,null,null,null,null,null,null,null,null,null,null,null,"Temporary Service – Install & remove – underground – no transformer",null,null,null,null,null,null,null,null,null,null,"St. Thomas Energy Inc.","Ottawa River Power Corporation",null,"RESIDENTIAL - MEDIUM DENSITY [R1]","kWh"]
["RESIDENTIAL - LOW DENSITY [R2]",null,null,null,null,null,null,null,"Rate Rider for Disposition of Deferral/Variance Accounts (2013) - effective until May 31, 2014",null,null,null,null,null,null,null,null,null,null,null,null,null,null,null,null,null,"Temporary service install & remove – overhead – no transformer",null,null,null,null,null,null,null,null,null,null,"Thunder Bay Hydro Electricity Distribution Inc.","Parry Sound Power Corporation",null,"RESIDENTIAL - NORMAL DENSITY [R2]","kWh"]
["RESIDENTIAL - MEDIUM DENSITY [R1]",null,null,null,null,null,null,null,"Rate Rider for Disposition of Deferred PILs Variance Account 1562 - effective until March 31, 2016",null,null,null,null,null,null,null,null,null,null,null,null,null,null,null,null,null,"Temporary Service Install & Remove – Overhead – With Transformer",null,null,null,null,null,null,null,null,null,null,"Tillsonburg Hydro Inc.","Peterborough Distribution Incorporated",null,"RESIDENTIAL - TIME OF USE","kWh"]
["RESIDENTIAL - NORMAL DENSITY [R2]",null,null,null,null,null,null,null,"Rate Rider for Disposition of Deferred PILs Variance Account 1562 (2012) - effective until April 30, 2015",null,null,null,null,null,null,null,null,null,null,null,null,null,null,null,null,null,"Temporary Service Install & Remove – Underground – No Transformer",null,null,null,null,null,null,null,null,null,null,"Toronto Hydro-Electric System Limited","PowerStream Inc. - Barrie",null,"RESIDENTIAL - URBAN [UR]","kWh"]
["RESIDENTIAL - TIME OF USE",null,null,null,null,null,null,null,"Rate Rider for Disposition of Deferred PILs Variance Account 1562 (2012) - effective until April 30, 2016",null,null,null,null,null,null,null,null,null,null,null,null,null,null,null,null,null,"Temporary service installation and removal – overhead – no transformer",null,null,null,null,null,null,null,null,null,null,"Veridian Connections Inc.","PowerStream Inc. - South",null,"RESIDENTIAL REGULAR","kWh"]
["RESIDENTIAL - URBAN [UR]",null,null,null,null,null,null,null,"Rate Rider for Disposition of Deferred PILs Variance Account 1562 (2nd Installment - 2012) - effective until April 30, 2016",null,null,null,null,null,null,null,null,null,null,null,null,null,null,null,null,null,"Temporary service installation and removal – overhead – with transformer",null,null,null,null,null,null,null,null,null,null,"Wasaga Distribution Inc.","PUC Distribution Inc.",null,"RESIDENTIAL","kWh"]
["RESIDENTIAL REGULAR",null,null,null,null,null,null,null,"Rate Rider for Disposition of Deferred PILs Variance Account 1562 (per connection) (2012) - effective until April 30, 2015",null,null,null,null,null,null,null,null,null,null,null,null,null,null,null,null,null,"Temporary service installation and removal – underground – no transformer",null,null,null,null,null,null,null,null,null,null,"Waterloo North Hydro Inc.","Renfrew Hydro Inc.",null,"RESIDENTIAL SUBURBAN SEASONAL","kWh"]
["RESIDENTIAL SUBURBAN",null,null,null,null,null,null,null,"Rate Rider for Disposition of Deferred PILs Variance Account 1562 (per connection) (2012) - effective until April 30, 2016",null,null,null,null,null,null,null,null,null,null,null,null,null,null,null,null,null,null,null,null,null,null,null,null,null,null,null,null,"Welland Hydro-Electric System Corp.","Rideau St. Lawrence Distribution Inc.",null,"RESIDENTIAL SUBURBAN","kWh"]
["RESIDENTIAL SUBURBAN SEASONAL",null,null,null,null,null,null,null,"Rate Rider for Disposition of Global Adjustment Sub-Account (2011) - effective until April 30, 2015 Applicable only for Non-RPP Customers",null,null,null,null,null,null,null,null,null,null,null,null,null,null,null,null,null,null,null,null,null,null,null,null,null,null,null,null,"Wellington North Power Inc.","Sioux Lookout Hydro Inc.",null,"RESIDENTIAL SUBURBAN YEAR ROUND","kWh"]
["RESIDENTIAL SUBURBAN YEAR ROUND",null,null,null,null,null,null,null,"Rate Rider for Disposition of Global Adjustment Sub-Account (2011) - effective until April 30, 2016 Applicable only for Non-RPP Customers",null,null,null,null,null,null,null,null,null,null,null,null,null,null,null,null,null,null,null,null,null,null,null,null,null,null,null,null,"West Coast Huron Energy Inc.","St. Thomas Energy Inc.",null,"RESIDENTIAL URBAN","kWh"]
["RESIDENTIAL URBAN",null,null,null,null,null,null,null,"Rate Rider for Disposition of Global Adjustment Sub-Account (2012) - effective until April 30, 2014 Applicable only for Non-RPP Customers",null,null,null,null,null,null,null,null,null,null,null,null,null,null,null,null,null,null,null,null,null,null,null,null,null,null,null,null,"West Perth Power Inc.","Thunder Bay Hydro Electricity Distribution Inc.",null,"RESIDENTIAL URBAN YEAR-ROUND","kWh"]
["RESIDENTIAL URBAN YEAR-ROUND",null,null,null,null,null,null,null,"Rate Rider for Disposition of Global Adjustment Sub-Account (2012) - effective until April 30, 2015 Applicable only for Non-RPP Customers",null,null,null,null,null,null,null,null,null,null,null,null,null,null,null,null,null,null,null,null,null,null,null,null,null,null,null,null,"Westario Power Inc.","Tillsonburg Hydro Inc.",null,"SEASONAL RESIDENTIAL - HIGH DENSITY [R3]","kWh"]
["SEASONAL RESIDENTIAL",null,null,null,null,null,null,null,"Rate Rider for Disposition of Global Adjustment Sub-Account (2012) - effective until April 30, 2015 Applicatble only for Non-RPP Customers",null,null,null,null,null,null,null,null,null,null,null,null,null,null,null,null,null,null,null,null,null,null,null,null,null,null,null,null,"Whitby Hydro Electric Corporation","Toronto Hydro-Electric System Limited",null,"SEASONAL RESIDENTIAL - NORMAL DENSITY [R4]","kWh"]
["SEASONAL RESIDENTIAL - HIGH DENSITY [R3]",null,null,null,null,null,null,null,"Rate Rider for Disposition of Global Adjustment Sub-Account (2012) - effective until April 30, 2016 Applicable only for Non-RPP Customers",null,null,null,null,null,null,null,null,null,null,null,null,null,null,null,null,null,null,null,null,null,null,null,null,null,null,null,null,"Woodstock Hydro Services Inc.","Veridian Connections Inc.",null,"SEASONAL RESIDENTIAL","kWh"]
["SEASONAL RESIDENTIAL - NORMAL DENSITY [R4]",null,null,null,null,null,null,null,"Rate Rider for Disposition of Global Adjustment Sub-Account (2012) - effective until January 31, 2014. Applicable only for Non-RPP Customers",null,null,null,null,null,null,null,null,null,null,null,null,null,null,null,null,null,null,null,null,null,null,null,null,null,null,null,null,null,"Veridian Connections Inc. - Gravenhurst",null,"SENTINEL LIGHTING","kW"]
["SENTINEL LIGHTING",null,null,null,null,null,null,null,"Rate Rider for Disposition of Global Adjustment Sub-Account (2012) - effective until June 30, 2014 Applicable only for Non-RPP Customers",null,null,null,null,null,null,null,null,null,null,null,null,null,null,null,null,null,null,null,null,null,null,null,null,null,null,null,null,null,"Wasaga Distribution Inc.",null,"SMALL COMMERCIAL AND USL - PER CONNECTION","kW"]
["SMALL COMMERCIAL AND USL - PER CONNECTION",null,null,null,null,null,null,null,"Rate Rider for Disposition of Global Adjustment Sub-Account (2012) Applicable only for Non-RPP Customers - effective until August 31, 2014",null,null,null,null,null,null,null,null,null,null,null,null,null,null,null,null,null,null,null,null,null,null,null,null,null,null,null,null,null,"Waterloo North Hydro Inc.",null,"SMALL COMMERCIAL AND USL - PER METER","kW"]
["SMALL COMMERCIAL AND USL - PER METER",null,null,null,null,null,null,null,"Rate Rider for Disposition of Global Adjustment Sub-Account (2012) Applicable only to Non-RPP Customers - effective until August 31, 2014",null,null,null,null,null,null,null,null,null,null,null,null,null,null,null,null,null,null,null,null,null,null,null,null,null,null,null,null,null,"Welland Hydro-Electric System Corp.",null,"STANDARD A GENERAL SERVICE AIR ACCESS","kW"]
["STANDARD A GENERAL SERVICE AIR ACCESS",null,null,null,null,null,null,null,"Rate Rider for Disposition of Global Adjustment Sub-Account (2013) - effective until April 30, 2014 Applicable only for Non-RPP Customers",null,null,null,null,null,null,null,null,null,null,null,null,null,null,null,null,null,null,null,null,null,null,null,null,null,null,null,null,null,"Wellington North Power Inc.",null,"STANDARD A GENERAL SERVICE ROAD/RAIL","kW"]
["STANDARD A GENERAL SERVICE ROAD/RAIL",null,null,null,null,null,null,null,"Rate Rider for Disposition of Global Adjustment Sub-Account (2013) - effective until April 30, 2015 Applicable only for Non-RPP Customers",null,null,null,null,null,null,null,null,null,null,null,null,null,null,null,null,null,null,null,null,null,null,null,null,null,null,null,null,null,"West Coast Huron Energy Inc.",null,"STANDARD A RESIDENTIAL AIR ACCESS","kW"]
["STANDARD A GRID CONNECTED",null,null,null,null,null,null,null,"Rate Rider for Disposition of Global Adjustment Sub-Account (2013) - effective until April 30, 2015 Applicable only for Non-RPP Customers and excluding Wholesale Market Participants",null,null,null,null,null,null,null,null,null,null,null,null,null,null,null,null,null,null,null,null,null,null,null,null,null,null,null,null,null,"West Perth Power Inc.",null,"STANDARD A RESIDENTIAL ROAD/RAIL","kW"]
["STANDARD A RESIDENTIAL AIR ACCESS",null,null,null,null,null,null,null,"Rate Rider for Disposition of Global Adjustment Sub-Account (2013) - effective until April 30, 2017 Applicable only for Non-RPP Customers",null,null,null,null,null,null,null,null,null,null,null,null,null,null,null,null,null,null,null,null,null,null,null,null,null,null,null,null,null,"Westario Power Inc.",null,"STANDBY - GENERAL SERVICE 1,000 - 5,000 KW","kW"]
["STANDARD A RESIDENTIAL ROAD/RAIL",null,null,null,null,null,null,null,"Rate Rider For Disposition of Global Adjustment Sub-Account (2013) - effective until August 31, 2014 Applicable only for Non-RPP Customers",null,null,null,null,null,null,null,null,null,null,null,null,null,null,null,null,null,null,null,null,null,null,null,null,null,null,null,null,null,"Whitby Hydro Electric Corporation",null,"STANDBY - GENERAL SERVICE 50 - 1,000 KW","kW"]
["STANDBY - GENERAL SERVICE 1,000 - 5,000 KW",null,null,null,null,null,null,null,"Rate Rider for Disposition of Global Adjustment Sub-Account (2013) - effective until December 31, 2014 Applicable only for Non-RPP Customers",null,null,null,null,null,null,null,null,null,null,null,null,null,null,null,null,null,null,null,null,null,null,null,null,null,null,null,null,null,"Woodstock Hydro Services Inc.",null,"STANDBY - LARGE USE","kW"]
["STANDBY - GENERAL SERVICE 50 - 1,000 KW",null,null,null,null,null,null,null,"Rate Rider for Disposition of Global Adjustment Sub-Account (2013) - effective until May 31, 2014 Applicable only for Non-RPP Customers",null,null,null,null,null,null,null,null,null,null,null,null,null,null,null,null,null,null,null,null,null,null,null,null,null,null,null,null,null,null,null,"STANDBY DISTRIBUTION SERVICE","kW"]
["STANDBY - LARGE USE",null,null,null,null,null,null,null,"Rate Rider for Disposition of Global Adjustment Sub-Account (2014) - effective until December 31, 2014. Applicable only for Non-RPP - Class B Customers",null,null,null,null,null,null,null,null,null,null,null,null,null,null,null,null,null,null,null,null,null,null,null,null,null,null,null,null,null,null,null,"STANDBY POWER - APPROVED ON AN INTERIM BASIS","kW"]
["STANDBY DISTRIBUTION SERVICE",null,null,null,null,null,null,null,"Rate Rider for Disposition of Global Adjustment Sub-Account (2014) - effective until December 31, 2014. Applicable only for Non-RPP Customers",null,null,null,null,null,null,null,null,null,null,null,null,null,null,null,null,null,null,null,null,null,null,null,null,null,null,null,null,null,null,null,"STANDBY POWER GENERAL SERVICE 1,500 TO 4,999 KW","kW"]
["STANDBY POWER",null,null,null,null,null,null,null,"Rate Rider for Disposition of Global Adjustment Sub-Account (2014) - effective until December 31, 2014. Applicable only for Non-RPP Customers - Class A Customers",null,null,null,null,null,null,null,null,null,null,null,null,null,null,null,null,null,null,null,null,null,null,null,null,null,null,null,null,null,null,null,"STANDBY POWER GENERAL SERVICE 50 TO 1,499 KW","kW"]
["STANDBY POWER - APPROVED ON AN INTERIM BASIS",null,null,null,null,null,null,null,"Rate Rider for Disposition of Global Adjustment Sub-Account (2014) - effective until December 31, 2014. Applicable only for Non-RPP Customers - Interval Metered",null,null,null,null,null,null,null,null,null,null,null,null,null,null,null,null,null,null,null,null,null,null,null,null,null,null,null,null,null,null,null,"STANDBY POWER GENERAL SERVICE LARGE USE","kW"]
["STANDBY POWER GENERAL SERVICE 1,500 TO 4,999 KW",null,null,null,null,null,null,null,"Rate Rider for Disposition of Global Adjustment Sub-Account (2014) - effective until December 31, 2014. Applicable only for Non-RPP Customers - Non Interval Metered",null,null,null,null,null,null,null,null,null,null,null,null,null,null,null,null,null,null,null,null,null,null,null,null,null,null,null,null,null,null,null,"STANDBY POWER","kW"]
["STANDBY POWER GENERAL SERVICE 50 TO 1,499 KW",null,null,null,null,null,null,null,"Rate Rider for Disposition of Post Retirement Actuarial Gain - effective until March 31, 2025",null,null,null,null,null,null,null,null,null,null,null,null,null,null,null,null,null,null,null,null,null,null,null,null,null,null,null,null,null,null,null,"STREET LIGHTING","kWh"]
["STANDBY POWER GENERAL SERVICE LARGE USE",null,null,null,null,null,null,null,"Rate Rider for Disposition of Residual Hisotrical Smart Meter Costs - effective until April 30, 2015",null,null,null,null,null,null,null,null,null,null,null,null,null,null,null,null,null,null,null,null,null,null,null,null,null,null,null,null,null,null,null,"SUB TRANSMISSION [ST]","kW"]
["STREET LIGHTING",null,null,null,null,null,null,null,"Rate Rider for Disposition of Residual Hisotrical Smart Meter Costs - effective until April 30, 2017",null,null,null,null,null,null,null,null,null,null,null,null,null,null,null,null,null,null,null,null,null,null,null,null,null,null,null,null,null,null,null,"UNMETERED SCATTERED LOAD","kWh"]
["SUB TRANSMISSION [ST]",null,null,null,null,null,null,null,"Rate Rider for Disposition of Residual Historical Smart Meter Costs - effective until April 30, 2014",null,null,null,null,null,null,null,null,null,null,null,null,null,null,null,null,null,null,null,null,null,null,null,null,null,null,null,null,null,null,null,"URBAN GENERAL SERVICE DEMAND BILLED (50 KW AND ABOVE) [UGD]","kW"]
["UNMETERED SCATTERED LOAD",null,null,null,null,null,null,null,"Rate Rider for Disposition of Residual Historical Smart Meter Costs - effective until April 30, 2016",null,null,null,null,null,null,null,null,null,null,null,null,null,null,null,null,null,null,null,null,null,null,null,null,null,null,null,null,null,null,null,"URBAN GENERAL SERVICE ENERGY BILLED (LESS THAN 50 KW) [UGE]","kWh"]
["URBAN GENERAL SERVICE DEMAND BILLED (50 KW AND ABOVE) [UGD]",null,null,null,null,null,null,null,"Rate Rider for Disposition of Residual Historical Smart Meter Costs - effective until August 31, 2014",null,null,null,null,null,null,null,null,null,null,null,null,null,null,null,null,null,null,null,null,null,null,null,null,null,null,null,null,null,null,null,"WESTPORT SEWAGE TREATMENT PLANT","kW"]
["URBAN GENERAL SERVICE ENERGY BILLED (LESS THAN 50 KW) [UGE]",null,null,null,null,null,null,null,"Rate Rider for Disposition of Residual Historical Smart Meter Costs - effective until August 31, 2015",null,null,null,null,null,null,null,null,null,null,null,null,null,null,null,null,null,null,null,null,null,null,null,null,null,null,null,null,null,null,null,"YEAR-ROUND RESIDENTIAL - R2","kWh"]
["WESTPORT SEWAGE TREATMENT PLANT",null,null,null,null,null,null,null,"Rate Rider for Disposition of Residual Historical Smart Meter Costs - effective until December 31, 2014"]
["YEAR-ROUND RESIDENTIAL - R2",null,null,null,null,null,null,null,"Rate Rider for Disposition of Residual Historical Smart Meter Costs – effective until December 31, 2014"]
[null,null,null,null,null,null,null,null,"Rate Rider for Disposition of Residual Historical Smart Meter Costs - effective until December 31, 2015"]
[null,null,null,null,null,null,null,null,"Rate Rider for Disposition of Residual Historical Smart Meter Costs - effective until December 31, 2016"]
[null,null,null,null,null,null,null,null,"Rate Rider for Disposition of Residual Historical Smart Meter Costs - effective until October 31, 2014"]
[null,null,null,null,null,null,null,null,"Rate Rider for Disposition of Residual Historical Smart Meter Costs - effective until September 30, 2014"]
[null,null,null,null,null,null,null,null,"Rate Rider for Disposition of Residual Historical Smart Meter Costs - Non-Interval Metered \n - effective until April 30, 2014"]
[null,null,null,null,null,null,null,null,"Rate Rider for Disposition of Residual Historical Smart Meter Costs 2 - in effect until the effective \n date of the next cost of service-based rate order"]
[null,null,null,null,null,null,null,null,"Rate Rider for Disposition of Residual Historical Smart Meter Costs 3 - in effect until the effective \n date of the next cost of service-based rate order"]
[null,null,null,null,null,null,null,null,"Rate Rider for Disposition of Residual Incremental Historical Smart Meter Costs - \n effective until August 31, 2015"]
[null,null,null,null,null,null,null,null,"Rate Rider for Disposition of Stranded Meter costs - effective until April 30, 2015"]
[null,null,null,null,null,null,null,null,"Rate Rider for Disposition of Stranded Meter Costs - effective until April 30, 2016"]
[null,null,null,null,null,null,null,null,"Rate Rider for Disposition of Stranded Meter Costs - effective until April 30, 2017"]
[null,null,null,null,null,null,null,null,"Rate Rider for Global Adjustment Sub Account Disposition - effective until April 30, 2016 Applicable only for Non RPP Customers"]
[null,null,null,null,null,null,null,null,"Rate Rider for Global Adjustment Sub-Account Disposition \n Applicable only for Non-RPP Customers – effective until April 30, 2015"]
[null,null,null,null,null,null,null,null,"Rate Rider for Global Adjustment Sub-Account Disposition (2014) - effective until April 28, 2016 Applicable only for Non-RPP Customers"]
[null,null,null,null,null,null,null,null,"Rate Rider for Global Adjustment Sub-Account Disposition (2014) - effective until April 30, 2015 Applicable only for Non-RPP Customers"]
[null,null,null,null,null,null,null,null,"Rate Rider for Global Adjustment Sub-Account Disposition (2014) - effective until December 30, 2015 Applicable only for Non-RPP Customers"]
[null,null,null,null,null,null,null,null,"Rate Rider for Global Adjustment Sub-Account Disposition (2014) - effective until December 31, 2014 Applicable only for Non-RPP Customers"]
[null,null,null,null,null,null,null,null,"Rate Rider for Global Adjustment Sub-Account Disposition (2014) - effective until December 31, 2015 Applicable only for Non-RPP Customers"]
[null,null,null,null,null,null,null,null,"Rate Rider for Global Adjustment Sub-Account Disposition (2014) - effective until December, 2015 Applicable only for Non-RPP Customers"]
[null,null,null,null,null,null,null,null,"Rate Rider for Incremental Capital - Distribution Volumetric - effective until April 30, 2016"]
[null,null,null,null,null,null,null,null,"Rate Rider for Incremental Capital - Service Charge - effective until April 30, 2016"]
[null,null,null,null,null,null,null,null,"Rate Rider for Incremental Capital (2012) - effective until April 30, 2015"]
[null,null,null,null,null,null,null,null,"Rate Rider for Lost Revenue Adjustment Mechanism Variance Account (LRAMVA) Recovery \n (2012 CDM Activities) - effective until April 30, 2015"]
[null,null,null,null,null,null,null,null,"Rate Rider for Recover of Residual Historical Smart meter Costs - effective until June 30, 2014"]
[null,null,null,null,null,null,null,null,"Rate Rider for Recovery of CGAAP/CWIP Differential - in effect until December 31, 2016"]
[null,null,null,null,null,null,null,null,"Rate Rider for Recovery of Foregone Revenue - effective until April 30, 2015"]
[null,null,null,null,null,null,null,null,"Rate Rider for Recovery of Forgone Revenue - effective until April 30, 2015"]
[null,null,null,null,null,null,null,null,"Rate Rider for Recovery of Forgone Revenue - effective until December 31, 2014"]
[null,null,null,null,null,null,null,null,"Rate Rider for Recovery of Green Energy Act related costs - effective until December 31, 2014"]
[null,null,null,null,null,null,null,null,"Rate Rider for Recovery of Incremental Capital (2013) - in effect until the effective date of the next cost of service-based rate order"]
[null,null,null,null,null,null,null,null,"Rate Rider for Recovery of Incremental Capital (2013) - in effect until the effective date of the\n next cost of service-based rate order"]
[null,null,null,null,null,null,null,null,"Rate Rider for Recovery of Incremental Capital (2013) (per connection) - in effect until the effective date of \n the next cost of service-based rate order"]
[null,null,null,null,null,null,null,null,"Rate Rider for Recovery of Incremental Capital (2013) (per connection)- in effect until the effective date of the next cost of service-based rate order"]
[null,null,null,null,null,null,null,null,"Rate Rider for Recovery of Incremental Capital Costs"]
[null,null,null,null,null,null,null,null,"Rate Rider for Recovery of Incremental Capital Costs - effective until April 30, 2015"]
[null,null,null,null,null,null,null,null,"Rate Rider for Recovery of Lost Revenue Adjustment Mechanism ( LRAM)/Shared Savings Mechanism (SSM) (2012) - effective until August 31, 2014"]
[null,null,null,null,null,null,null,null,"Rate Rider for Recovery of Lost Revenue Adjustment Mechanism (2013) - effective until December 31, 2014"]
[null,null,null,null,null,null,null,null,"Rate Rider for Recovery of Lost Revenue Adjustment Mechanism (LRAM) - effective until April 30, 2016"]
[null,null,null,null,null,null,null,null,"Rate Rider for Recovery of Lost Revenue Adjustment Mechanism (LRAM) (pre-2011 CDM Activities) - effective until April 30, 2015"]
[null,null,null,null,null,null,null,null,"Rate Rider for Recovery of Lost Revenue Adjustment Mechanism (LRAM) (pre-2011 CDM Activities) (2013) - effective until April 30, 2015"]
[null,null,null,null,null,null,null,null,"Rate Rider for Recovery of Lost Revenue Adjustment Mechanism (LRAM)/Shared Savings"]
[null,null,null,null,null,null,null,null,"Rate Rider for Recovery of Lost Revenue Adjustment Mechanism (LRAM)/Shared Savings Mechanism (SSM) - effective until December 31, 2014 and applicable in the service area excluding the former service area of Clinton Power"]
[null,null,null,null,null,null,null,null,"Rate Rider for Recovery of Lost Revenue Adjustment Mechanism (LRAM)/Shared Savings Mechanism (SSM) - effective until December 31, 2014 and applicable in the service area excluding the former service areas of Clinton Power and West Perth Power"]
[null,null,null,null,null,null,null,null,"Rate Rider for Recovery of Lost Revenue Adjustment Mechanism (LRAM)/Shared Savings Mechanism (SSM) - effective until December 31, 2014 and applicable only in the former service area of Clinton Power"]
[null,null,null,null,null,null,null,null,"Rate Rider for Recovery of Lost Revenue Adjustment Mechanism (LRAM)/Shared Savings Mechanism (SSM) - effective until December 31, 2014 and applicable only in the former service area of West Perth Power"]
[null,null,null,null,null,null,null,null,"Rate Rider for Recovery of Lost Revenue Adjustment Mechanism (LRAM)/Shared Savings Mechanism (SSM) - effective until March 31, 2016"]
[null,null,null,null,null,null,null,null,"Rate Rider for Recovery of Lost Revenue Adjustment Mechanism (LRAM)/Shared Savings Mechanism (SSM) (2012) - effective until August 31, 2014"]
[null,null,null,null,null,null,null,null,"Rate Rider for Recovery of Lost Revenue Adjustment Mechanism (LRAM)/Shared Savings Mechanism (SSM) Recovery - effective until April 30, 2015"]
[null,null,null,null,null,null,null,null,"Rate Rider for Recovery of Lost Revenue Adjustment Mechanism Variance Account (LRAMVA) (2014) - effective until April 30, 2015"]
[null,null,null,null,null,null,null,null,"Rate Rider for Recovery of Residual Historical Smart Meter Costs - effective July 1, 2012 - April 30, 2016"]
[null,null,null,null,null,null,null,null,"Rate Rider for Recovery of Smart Meter Incremental Revenue Requirement - effective until the date of the next cost of service-based rate order"]
[null,null,null,null,null,null,null,null,"Rate Rider for Recovery of Smart Meter Incremental Revenue Requirement - effective until the effective date of the next cost of service-based rate order, or October 31, 2017, whichever occurs earlier"]
[null,null,null,null,null,null,null,null,"Rate Rider for Recovery of Smart Meter Incremental Revenue Requirement - in effect until the effective date of the next cost of service-based rate order"]
[null,null,null,null,null,null,null,null,"Rate Rider for Recovery of Smart Meter Incremental Revenue Requirement - Non-Interval Metered - in effect until the effective date of the next cost of service-based rate order"]
[null,null,null,null,null,null,null,null,"Rate Rider for Recovery of Smart Meter Incremental Revenue Requirements - in effect until the effective date of the next cost of service application"]
[null,null,null,null,null,null,null,null,"Rate Rider for Recovery of Smart Meter Stranded Assets - effective until April 30, 2016"]
[null,null,null,null,null,null,null,null,"Rate Rider for Recovery of Storm Damage Costs - effective until August 31, 2017"]
[null,null,null,null,null,null,null,null,"Rate Rider for Recovery of Stranded Assets - effective until April 30, 2016"]
[null,null,null,null,null,null,null,null,"Rate Rider for Recovery of Stranded Meter Assets - effective July 1, 2012 - April 30, 2016"]
[null,null,null,null,null,null,null,null,"Rate Rider for Recovery of Stranded Meter Assets – effective until April 30, 2015"]
[null,null,null,null,null,null,null,null,"Rate Rider for Recovery of Stranded Meter Assets - effective until April 30, 2016"]
[null,null,null,null,null,null,null,null,"Rate Rider for Recovery of Stranded Meter Assets - effective until April 30, 2017"]
[null,null,null,null,null,null,null,null,"Rate Rider for Recovery of Stranded Meter Assets - effective until August 31, 2015"]
[null,null,null,null,null,null,null,null,"Rate Rider for Recovery of Stranded Meter Assets - effective until August 31, 2017"]
[null,null,null,null,null,null,null,null,"Rate Rider for Recovery of Stranded Meter Assets - effective until December 31, 2014"]
[null,null,null,null,null,null,null,null,"Rate Rider for Recovery of Stranded Meter Assets - effective until December 31, 2015"]
[null,null,null,null,null,null,null,null,"Rate Rider for Recovery of Stranded Meter Assets - effective until June 30, 2016"]
[null,null,null,null,null,null,null,null,"Rate Rider for Recovery of Stranded Meter Assets - effective until March 31, 2016"]
[null,null,null,null,null,null,null,null,"Rate Rider for Recovery of Stranded Meter Assets - effective until May 31, 2014"]
[null,null,null,null,null,null,null,null,"Rate Rider for Reversal of Deferral/Variance Account Disposition (2011) - effective until April 30, 2015"]
[null,null,null,null,null,null,null,null,"Rate Rider for Smart Meter Disposition - effective until April 30, 2016"]
[null,null,null,null,null,null,null,null,"Rate Rider for Smart Meter Incremental Revenue Requirement - in effect until the effective date of the next cost of service-based rate order"]
[null,null,null,null,null,null,null,null,"Rate Rider for Smart Metering Entity Charge - effective until October 31, 2018"]
[null,null,null,null,null,null,null,null,"Rate Rider for Stranded Meter Cost Recovery - effective until April 30, 2017"]
[null,null,null,null,null,null,null,null,"Rate Rider for Tax Change"]
[null,null,null,null,null,null,null,null,"Rate Rider for Tax Change - effective until April 30, 2015"]
[null,null,null,null,null,null,null,null,"Rate Rider for Tax Change (2014) - effective until April 30, 2015"]
[null,null,null,null,null,null,null,null,"Retail Transmission Rate - Line and Transformation Connection Service Rate"]
[null,null,null,null,null,null,null,null,"Retail Transmission Rate - Line and Transformation Connection Service Rate - (less than 1,000 kW)"]
[null,null,null,null,null,null,null,null,"Retail Transmission Rate - Line and Transformation Connection Service Rate - Interval Metered"]
[null,null,null,null,null,null,null,null,"Retail Transmission Rate - Line and Transformation Connection Service Rate - Interval Metered (1,000 to 4,999 kW)"]
[null,null,null,null,null,null,null,null,"Retail Transmission Rate - Line and Transformation Connection Service Rate - Interval Metered (less than 1,000 kW)"]
[null,null,null,null,null,null,null,null,"Retail Transmission Rate - Line and Transformation Connection Service Rate - Interval Metered < 1,000 kW"]
[null,null,null,null,null,null,null,null,"Retail Transmission Rate - Line and Transformation Connection Service Rate - Interval Metered > 1,000 kW"]
[null,null,null,null,null,null,null,null,"Retail Transmission Rate - Line and Transformation Connection Service Rate FOR ALL SERVICE AREAS EXCEPT HENSALL"]
[null,null,null,null,null,null,null,null,"Retail Transmission Rate - Line Connection Service Rate"]
[null,null,null,null,null,null,null,null,"Retail Transmission Rate - Network Service Rate"]
[null,null,null,null,null,null,null,null,"Retail Transmission Rate - Network Service Rate - (less than 1,000 kW)"]
[null,null,null,null,null,null,null,null,"Retail Transmission Rate - Network Service Rate - Interval Metered"]
[null,null,null,null,null,null,null,null,"Retail Transmission Rate - Network Service Rate - Interval Metered (1,000 to 4,999 kW)"]
[null,null,null,null,null,null,null,null,"Retail Transmission Rate - Network Service Rate - Interval Metered (less than 1,000 kW)"]
[null,null,null,null,null,null,null,null,"Retail Transmission Rate - Network Service Rate - Interval Metered > 1,000 kW"]
[null,null,null,null,null,null,null,null,"Retail Transmission Rate - Transformation Connection Service Rate"]
[null,null,null,null,null,null,null,null,"Rider for Global Adjustment Sub-Account Disposition (2012) - effective until April 30, 2016 Applicable only for Non-RPP Customers"]
[null,null,null,null,null,null,null,null,"Rural or Remote Electricity Rate Protection Charge (RRRP)"]
[null,null,null,null,null,null,null,null,"Sentinel lights (dusk-to-dawn) connected to unmetered wires will have a flat rate monthly energy charge added to the regular customer bill. Further servicing details are available in the distributor’s Conditions of Service."]
[null,null,null,null,null,null,null,null,"Service Charge"]
[null,null,null,null,null,null,null,null,"Service Charge (per connection)"]
[null,null,null,null,null,null,null,null,"Service Charge (per customer)"]
[null,null,null,null,null,null,null,null,"Service Charge (per light)"]
[null,null,null,null,null,null,null,null,"Smart Grid Funding Adder (2014) - in effect until December 31, 2014"]
[null,null,null,null,null,null,null,null,"Smart Meter Disposition Rider"]
[null,null,null,null,null,null,null,null,"Smart Meter Entity Charge"]
[null,null,null,null,null,null,null,null,"Smart Meter Incremental Revenue Requirement Rate Rider"]
[null,null,null,null,null,null,null,null,"Standard Supply Service - Administrative Charge (if applicable)"]
[null,null,null,null,null,null,null,null,"Standby Charge - for a month where standby power is not provided, the charge is based on the applicable General Service 50 to 4,999 kW or Large Use Distribution Volumetric Charge applied to the contracted amount (e.g. Nameplate rating of generating facility)."]
[null,null,null,null,null,null,null,null,"Standby Charge - for a month where standby power is not provided. The charge is applied to the amount of reserved load transfer capacity contracted or the amount of monthly peak load displaced by a generating facility"]
[null,null,null,null,null,null,null,null,"Standby Charge - for a month where standby power is not provided. The charge is applied to the contracted amount (e.g. nameplate rating of the generation facility)."]
[null,null,null,null,null,null,null,null,"Wholesale Market Service Rate"]

{"sheet":"lists2","index":61,"n_rows":187,"n_cols":4,"rows_kept":187,"cut":false,"hidden":true,"merged":[[168,4,168,7],[170,0,170,1],[170,4,170,5],[171,0,171,1],[148,0,148,1],[149,0,149,1],[150,0,150,1],[151,0,151,1],[153,0,153,1],[154,0,154,1],[155,0,155,1],[156,0,156,1],[152,0,152,1],[105,0,105,1],[109,0,109,1],[137,0,137,1],[138,0,138,1],[139,0,139,1],[140,0,140,1],[141,0,141,1],[142,0,142,1],[143,0,143,1],[129,0,129,1],[130,0,130,1],[132,0,132,1],[133,0,133,1],[131,0,131,1],[128,0,128,1],[136,0,136,1],[92,0,92,1],[93,0,93,1],[98,0,98,1],[99,0,99,1],[100,0,100,1],[101,0,101,1],[102,0,102,1],[103,0,103,1],[104,0,104,1],[83,0,83,1],[84,0,84,1],[85,0,85,1],[86,0,86,1],[87,0,87,1],[88,0,88,1],[89,0,89,1],[90,0,90,1],[91,0,91,1],[74,0,74,1],[75,0,75,1],[76,0,76,1],[77,0,77,1],[78,0,78,1],[79,0,79,1],[80,0,80,1],[81,0,81,1],[82,0,82,1],[36,0,36,1],[46,0,46,1],[65,0,65,3],[65,4,65,7],[67,0,67,3],[67,4,67,7],[71,0,71,1],[72,0,72,1],[73,0,73,1],[21,0,21,1],[22,0,22,1],[23,0,23,1],[24,0,24,1],[25,0,25,1],[26,0,26,1],[27,0,27,1],[28,0,28,1],[29,0,29,1],[12,0,12,1],[13,0,13,1],[14,0,14,1],[15,0,15,1],[16,0,16,1],[17,0,17,1],[18,0,18,1],[19,0,19,1],[20,0,20,1],[33,0,33,1],[34,0,34,1],[35,0,35,1],[54,0,54,1],[190,0,190,1],[110,0,110,1],[111,0,111,1],[112,0,112,1],[113,0,113,1],[114,0,114,1],[115,0,115,1],[116,0,116,1],[117,0,117,1],[118,0,118,1],[119,0,119,1],[120,0,120,1],[121,0,121,1],[122,0,122,1],[123,0,123,1],[124,0,124,1],[55,0,55,1],[56,0,56,1],[57,0,57,1],[63,0,63,3],[191,0,191,1],[144,0,144,1],[145,0,145,1],[146,0,146,1],[147,0,147,1],[168,0,168,3],[178,0,178,1],[179,0,179,1],[180,0,180,1],[175,0,175,1],[176,0,176,1],[177,0,177,1],[172,0,172,1],[173,0,173,1],[174,0,174,1],[192,0,192,1],[193,0,193,1],[194,0,194,1],[186,0,186,3],[186,4,186,7],[160,0,160,3],[160,4,160,7],[161,0,161,3],[161,4,161,7],[162,0,162,3],[162,4,162,7],[163,0,163,3],[163,4,163,7],[164,0,164,3],[164,4,164,7],[165,0,165,3],[165,4,165,7],[166,0,166,3],[166,4,166,7],[167,0,167,3],[181,0,181,1],[182,0,182,1],[189,0,189,1],[167,4,167,7],[0,0,0,3],[48,0,48,5],[94,0,94,1],[95,0,95,1],[96,0,96,1],[97,0,97,1],[125,0,125,1],[126,0,126,1],[127,0,127,1],[2,0,2,3],[5,0,5,3],[6,0,6,3],[7,0,7,3],[8,0,8,3],[37,0,37,1],[38,0,38,1],[39,0,39,1],[40,0,40,1],[41,0,41,1],[45,0,45,1],[47,0,47,1],[30,0,30,1],[31,0,31,1],[32,0,32,1]]}
["RESIDENTIAL Service Classification"]
[]
[]
["APPLICATION"]
[]
[]
[]
[]
[]
[]
["MONTHLY RATES AND CHARGES - Delivery Component"]
[]
[]
[]
[]
[]
[]
[]
[]
[]
[]
[]
[]
[]
[]
[]
[]
[]
[]
[]
[]
[]
[]
[]
[]
[]
[]
[]
[]
[]
[]
[]
[]
["MONTHLY RATES AND CHARGES - Regulatory Component"]
[]
["Wholesale Market Service Rate",null,"$/kWh",4.4000000000000003E-3]
["Rural Rate Protection Charge",null,"$/kWh",1.1000000000000001E-3]
["Standard Supply Service - Administrative Charge (if applicable)",null,"$",0.25]
[]
[]
[]
[]
["ALLOWANCES"]
[]
["Transformer Allowance for Ownership - per kW of billing demand/month"]
[]
[]
["Primary Metering Allowance for transformer losses – applied to measured demand and energy"]
[]
["SPECIFIC SERVICE CHARGES"]
[]
["APPLICATION"]
[]
["The application of these rates and charges shall be in accordance with the Licence of the Distributor and any Code or Order of the Board, and amendments thereto as approved by the Board, which may be applicable to the administration of this schedule."]
[]
["No charges to meet the costs of any work or service done or furnished for the purpose of the distribution of electricity shall be made except as permitted by this schedule, unless required by the Distributor’s Licence or a Code or Order of the Board, and amendments thereto as approved by the Board, or as specified herein."]
[]
["It should be noted that this schedule does not list any charges, assessments or credits that are required by law to be invoiced by a distributor and that are not subject to Board approval, such as the Debt Retirement Charge, the Global Adjustment, the Ontario Clean Energy Benefit and the HST."]
[]
["Customer Administration"]
[]
[]
[]
[]
[]
[]
[]
[]
[]
[]
[]
[]
[]
[]
[]
[]
[]
[]
[]
[]
[]
[]
[]
[]
[]
[]
[]
[]
[]
[]
[]
[]
[]
[]
[]
[]
[]
["Non-Payment of Account"]
[]
[]
[]
[]
[]
[]
[]
[]
[]
[]
[]
[]
[]
[]
[]
[]
[]
[]
[]
[]
[]
[]
[]
[]
[]
[]
[]
[]
[]
[]
[]
[]
[]
[]
[]
[]
[]
[]
[]
[]
[]
[]
[]
[]
[]
[]
[]
[]
[]
[]
["RETAIL SERVICE CHARGES (if applicable)"]
[]
["The application of these rates and charges shall be in accordance with the Licence of the Distributor and any Code or Order of the Board, and amendments thereto as approved by the Board, which may be applicable to the administration of this schedule."]
[]
["No rates and charges for the distribution of electricity and charges to meet the costs of any work or service done or furnished for the purpose of the distribution of electricity shall be made except as permitted by this schedule, unless required by the Distributor’s Licence or a Code or Order of the Board, and amendments thereto as approved by the Board, or as specified herein."]
[]
["Unless specifically noted, this schedule does not contain any charges for the electricity commodity, be it under the Regulated Price Plan, a contract with a retailer or the wholesale market price, as applicable."]
[]
["It should be noted that this schedule does not list any charges, assessments or credits that are required by law to be invoiced by a distributor and that are not subject to Board approval, such as the Debt Retirement Charge, the Global Adjustment, the Ontario Clean Energy Benefit and the HST."]
[]
["Retail Service Charges refer to services provided by a distributor to retailers or customers related to the supply of competitive electricity."]
[]
["One-time charge, per retailer, to establish the service agreement between the distributor and the retailer",null,"$",100]
["Monthly Fixed Charge, per retailer",null,"$",20]
["Monthly Variable Charge, per customer, per retailer",null,"$/cust.",0.5]
["Distributor-consolidated billing monthly charge, per customer, per retailer",null,"$/cust.",0.3]
["Retailer-consolidated billing monthly credit, per customer, per retailer",null,"$/cust.",-0.3]
["Service Transaction Requests (STR) "]
["Request fee, per request, applied to the requesting party",null,"$",0.25]
["Processing fee, per request, applied to the requesting party",null,"$",0.5]
["Request for customer information as outlined in Section 10.6.3 and Chapter 11 of the Retail"]
["Settlement Code directly to retailers and customers, if not delivered electronically through the"]
["Electronic Business Transaction (EBT) system, applied to the requesting party "]
["Up to twice a year",null,"$","no charge"]
["More than twice a year, per request (plus incremental delivery costs)",null,"$",2]
[]
["LOSS FACTORS"]
[]
["If the distributor is not capable of prorating changed loss factors jointly with distribution rates, the revised loss factors will be implemented upon the first subsequent billing for each billing cycle."]

{"sheet":"Sheet19","index":62,"n_rows":72,"n_cols":9,"rows_kept":72,"cut":false,"hidden":true,"merged":[]}
[null,"CGAAP","CGAAP","CGAAP","MIFRS","USGAAP","ASPE","ASPE","ASPE"]
[null,"N/A",2012,2013,null,null,"N/A",2012,2013]
["LDC Info","x","x","x","x","x","x","x","x"]
["Table of Contents","x","x","x","x","x","x","x","x"]
["COS Flowchart","x","x","x","x","x","x","x","x"]
["List of Key References","x","x","x","x","x","x","x","x"]
["App.2-AA_Capital Projects","x","x","x","x","x","x","x","x"]
["App.2-AB_Capital Expenditures","x","x","x","x","x","x","x","x"]
["App.2-BA1_Fix Asset Cont.CGAAP","x","x","x","n","x","x","x","x"]
["App.2-BA2_Fix Asset Cont.MIFRS","n","n","n","x","n","n","n","n"]
["Appendix 2-BB Service Life Comp","x","x","x","x","x","x","x","x"]
["Instruction for App. 2-C MIFRS","n","n","n","x","n","n","n","n"]
["App.2-CA_CGAAP_DepExp_2011","n","n","n","x","n","n","n","n"]
["App.2-CB_MIFRS_DepExp_2011","n","n","n","x","n","n","n","n"]
["App.2-CC_MIFRS_DepExp_2012","n","n","n","x","n","n","n","n"]
["App.2-CD_MIFRS_DepExp_2013","n","n","n","x","n","n","n","n"]
["App.2-CE_MIFRS_DepExp_2014","n","n","n","x","n","n","n","n"]
["App.2-CF_CGAAP_DepExp_2012","n","n","n","x","n","n","n","n"]
["App.2-CG_MIFRS_DepExp_2012","n","n","n","x","n","n","n","n"]
["App.2-CH_MIFRS_DepExp_2013","n","n","n","x","n","n","n","n"]
["App.2-CI_MIFRS_DepExp_2014","n","n","n","x","n","n","n","n"]
["App.2-CJ_CGAAP_DepExp_2012","n","n","n","x","n","n","n","n"]
["App.2-CK_CGAAP_DepExp_2013","n","n","n","x","n","n","n","n"]
["App.2-CL_MIFRS_DepExp_2013","n","n","n","x","n","n","n","n"]
["App.2-CM_MIFRS_DepExp_2014","n","n","n","x","n","n","n","n"]
["Instruction for App. 2-C CGAAP","x","x","x","n","n","x","x","x"]
["App.2-CN_OldCGAAP_DepExp_2012","x","x","n","n","n","x","x","n"]
["App.2-CO_NewCGAAP_DepExp_2012","x","x","n","n","n","x","x","n"]
["App.2-CP_NewCGAAP_DepExp_2013","x","x","n","n","n","x","x","n"]
["App.2-CQ NewCGAAP_DepExp_2014","x","x","n","n","n","x","x","n"]
["App.2-CR_OldCGAAP_DepExp_2012","x","n","x","n","n","x","n","x"]
["App.2-CS_OldCGAAP_DepExp_2013","x","n","x","n","n","x","n","x"]
["App.2-CT_NewCGAAP_DepExp_2013","x","n","x","n","n","x","n","x"]
["App.2-CU_NewCGAAP_DepExp_2014","x","n","x","n","n","x","n","x"]
["App.2-CV_USGAAP_DepExp","n","n","n","n","x","n","n","n"]
["App.2-DA_Overhead","n","n","n","x","n","n","n","n"]
["App.2-DB_Overhead","x","x","x","n","n","x","x","x"]
["App.2-EA_PP&E Deferral Account","n","n","n","x","x","n","n","n"]
["App.2-EB_PP&E Deferral Account","n","n","n","x","x","n","n","n"]
["App.2-EC_PP&E Deferral Account","n","n","n","x","x","n","n","n"]
["App.2-ED_Account 1576 (2012)","x","x","n","x","x","x","x","n"]
["App.2-EE_Account 1576 (2013)","x","n","x","x","x","x","n","x"]
["App.2-FA Proposed REG Invest.","o","o","o","o","o","o","o","o"]
["App.2-FB Calc of REG Improvemnt","o","o","o","o","o","o","o","o"]
["App.2-FC Calc of REG Expansion","o","o","o","o","o","o","o","o"]
["App.2-G SQI","x","x","x","x","x","x","x","x"]
["App.2-H_Other_Oper_Rev","x","x","x","x","x","x","x","x"]
["App.2-I LF_CDM_WF","x","x","x","x","x","x","x","x"]
["App.2-JA_OM&A_Summary_Analys","x","x","x","x","x","x","x","x"]
["App.2-JB_OM&A_Cost _Drivers","x","x","x","x","x","x","x","x"]
["App.2-JC_OMA Programs","x","x","x","x","x","x","x","x"]
["App.2-K_Employee Costs","x","x","x","x","x","x","x","x"]
["App.2-L_OM&A_per_Cust_FTEE","x","x","x","x","x","x","x","x"]
["App.2-M_Regulatory_Costs","x","x","x","x","x","x","x","x"]
["App.2-N_Corp_Cost_Allocation","x","x","x","x","x","x","x","x"]
["App.2-OA Capital Structure","x","x","x","x","x","x","x","x"]
["App.2-OB_Debt Instruments","x","x","x","x","x","x","x","x"]
["App.2-P_Cost_Allocation","x","x","x","x","x","x","x","x"]
["App.2-Q_Cost of Serv. Emb. Dx","e","e","e","e","e","e","e","e"]
["App.2-R_Loss Factors","x","x","x","x","x","x","x","x"]
["App.2-S_Stranded Meters","x","x","x","x","x","x","x","x"]
["App.2-TA_1592_Tax_Variance","x","x","x","x","x","x","x","x"]
["App.2-TB_1592_HST-OVAT","x","x","x","x","x","x","x","x"]
["App.2-U_IFRS Transition Costs","x","x","x","x","x","x","x","x"]
["App.2-V_Rev_Reconciliation","x","x","x","x","x","x","x","x"]
["App.2-W_Bill Impacts","x","x","x","x","x","x","x","x"]
["App.2-YA_MIFRS Summary Impacts","n","n","n","x","n","n","n","n"]
["App. 2-YB_CGAAP Summary Impacts","x","x","x","n","n","x","x","x"]
["App. 2-Z_Tariff","x","x","x","x","x","x","x","x"]
["lists","n","n","n","n","n","n","n","n"]
["lists2","n","n","n","n","n","n","n","n"]
["Sheet19","n","n","n","n","n","n","n","n"]

{"sheet":"Sheet1","index":63,"n_rows":0,"n_cols":0,"rows_kept":0,"cut":false,"hidden":true,"merged":[]}