{"text_format":"1","workbook":"xlsx","n_sheets":63,"sheets":["LDC Info","Index","COS Flowchart","List of Key References","App.2-AA_Capital Projects 2010","App.2-AA_Capital Projects 2011","App.2-AA_Capital Projects 2012","App.2-AA_Capital Projects 2013","App.2-AA_Capital Projects 2014","App.2-AA_Capital Projects 2015","App.2-AA_Capital Projects 2016","App.2-AB_Capital Expenditures","App. 2-AC_Customer Engagement","App.2-B_Acct Instructions","App.2-BA_Fixed Asset Cont","Appendix 2-BB Service Life  ","App.2-CA_OldCGAAP_DepExp_2012","App.2-CB_NewCGAAP_DepExp_2012","App.2-CC_NewCGAAP_DepExp_2013","App.2-CD_MIFRS_DepExp_2014","App.2-CE_MIFRS_DepExp_2015","App.2-CF_MIFRS_DepExp_2016","App.2-CG_OldCGAAP_DepExp_2013","App.2-CH_NewCGAAP_DepExp_2013","App.2-CI_MIFRS_DepExp_2014","App.2-CJ MIFRS_DepExp_2015","App.2-CK MIFRS_DepExp_2016","App.2-D_Overhead","App.2-EA_Account 1575 (2015)","App.2-EB_Account 1576 (2012)","App.2-EC_Account 1576 (2013)","App.2-FA Proposed REG Invest.","App.2-FB Calc of REG Improvemnt","App.2-FC Calc of REG Expansion","App.2-G SQI","App.2-H_Other_Oper_Rev","App_2-I LF_CDM","App.2-IA_Act_Frcst_Data","App.2-JA_OM&A_Summary_Analys","App.2-JB_OM&A_Cost _Drivers","App.2-JC_OMA Programs","App.2-K_Employee Costs","App.2-L_OM&A_per_Cust_FTEE","App.2-M_Regulatory_Costs","App.2-N_Corp_Cost_Allocation","App.2-OA Capital Structure","App.2-OB_Debt Instruments","App.2-P_Cost_Allocation","App.2-PA_Res_Rate_Design","App.2-Q_Cost of Serv. Emb. Dx","App.2-R_Loss Factors","App.2-S_Stranded Meters","App.2-TA_1592_Tax_Variance","App.2-TB_1592_HST-OVAT","App.2-U_IFRS Transition Costs","App.2-V_Rev_Reconciliation","App.2-W_Bill Impacts","App.2-W_Bill Impacts_hidden","App.2-Y_MIFRS Summary Impacts","App. 2-Z_Tariff","lists","lists2","Sheet19"],"not_rendered":{"charts":0,"images":4,"macros":1,"external_links":13,"defined_names":728,"comments":6,"pivot_tables":0},"unopened":[],"bounds":{"document_bytes":16777216,"sheet_cells":100000,"rows_first":2000,"rows_last":500,"rows_between":2000,"halvings":0,"cell_chars":16384,"cell_head_chars":4096},"cells_cut":0,"cells_raw":0,"read":"whole","date_system":"1900"}

{"sheet":"LDC Info","index":0,"n_rows":78,"n_cols":27,"rows_kept":78,"cut":false,"hidden":false,"merged":[[17,4,17,10],[13,4,13,10],[15,4,15,8],[19,4,19,8],[25,4,25,6],[23,4,23,6],[27,4,27,6],[30,4,30,6],[29,0,30,3],[42,0,43,3],[38,0,39,3],[39,4,39,6],[32,0,33,3],[33,4,33,6],[35,0,36,3],[45,4,45,6],[45,0,45,3],[50,2,50,11],[54,2,54,12],[52,2,52,13]]}
[]
[]
[null,null,null,null,null,null,null,null,null,null,null,null,null,null,null,null,null,null,null,null,null,null,null,null,null,null,"Algoma Power Inc."]
[null,null,null,null,null,null,null,null,null,null,null,null,null,null,null,null,null,null,null,null,null,null,null,null,null,null,"Atikokan Hydro Inc."]
[null,null,null,null,null,null,null,null,null,null,null,null,null,null,null,null,null,null,null,null,null,null,null,null,null,null,"Attawapiskat Power Corporation"]
[null,null,null,null,null,null,null,null,null,null,null,null,null,null,null,null,null,null,null,null,null,null,null,null,null,null,"Bluewater Power Distribution Corporation"]
[null,null,null,null,null,null,null,null,null,null,null,null,null,null,null,null,null,null,null,null,null,null,null,null,null,null,"Brant County Power Inc."]
[null,null,null,null,null,null,null,null,null,null,null,null,null,null,null,null,null,null,null,null,null,null,null,null,null,null,"Brantford Power Inc."]
[null,null,null,null,null,null,null,null,null,null,null,null,null,null,null,null,null,null,null,null,null,null,null,null,null,null,"Burlington Hydro Inc."]
[null,null,null,null,null,null,null,null,null,null,null,null,null,null,null,null,null,null,null,null,null,null,null,null,null,null,"Cambridge and North Dumfries Hydro Inc."]
[null,null,null,null,null,null,null,null,null,null,null,null,null,null,null,null,null,null,null,null,null,null,null,null,null,null,"Canadian Niagara Power Inc."]
[null,null,null,null,null,null,null,null,null,null,null,null,null,null,null,null,null,null,null,null,null,null,null,null,null,null,"Centre Wellington Hydro Ltd."]
[null,null,null,null,null,null,null,null,null,null,null,null,null,null,null,null,null,null,null,null,null,null,null,null,null,null,"Chapleau Public Utilities Corporation"]
[null,null,null,"Utility Name   ","Ottawa River Power Corporation",null,null,null,null,null,null,null,null,null,null,null,null,null,null,null,null,null,null,null,null,null,"COLLUS PowerStream Corp."]
[null,null,null,null,null,null,null,null,null,null,null,null,null,null,null,null,null,null,null,null,null,null,null,null,null,null,"Cooperative Hydro Embrun Inc."]
[null,null,null,"Assigned EB Number","EB-2014-0105",null,null,null,null,null,null,null,null,null,null,null,null,null,null,null,null,null,null,null,null,null,"E.L.K. Energy Inc."]
[null,null,null,null,null,null,null,null,null,null,null,null,null,null,null,null,null,null,null,null,null,null,null,null,null,null,"Enersource Hydro Mississauga Inc."]
[null,null,null,"Name of Contact and Title","Jane Donnelly",null,null,null,null,null,null,null,null,null,null,null,null,null,null,null,null,null,null,null,null,null,"Entegrus Powerlines Inc."]
[null,null,null,null,null,null,null,null,null,null,null,null,null,null,null,null,null,null,null,null,null,null,null,null,null,null,"EnWin Utilities Ltd."]
[null,null,null,"Phone Number   ","613-732-3687",null,null,null,null,null,null,null,null,null,null,null,null,null,null,null,null,null,null,null,null,null,"Erie Thames Powerlines Corporation"]
[null,null,null,null,null,null,null,null,null,null,null,null,null,null,null,null,null,null,null,null,null,null,null,null,null,null,"Espanola Regional Hydro Distribution Corporation"]
[null,null,null,"Email Address   ","jdonnelly@orpowercorp.com",null,null,null,null,null,null,null,null,null,null,null,null,null,null,null,null,null,null,null,null,null,"Essex Powerlines Corporation"]
[null,null,null,null,null,null,null,null,null,null,null,null,null,null,null,null,null,null,null,null,null,null,null,null,null,null,"Festival Hydro Inc."]
[null,null,null,"Test Year",2016,null,null,null,null,null,null,null,null,null,null,null,null,null,null,null,null,null,null,null,null,null,"Fort Albany Power Corporation"]
[null,null,null,null,null,null,null,null,null,null,null,null,null,null,null,null,null,null,null,null,null,null,null,null,null,null,"Fort Frances Power Corporation"]
[null,null,null,"Bridge Year",{"$f":"IF(ISBLANK(E24), \"\", E24-1)","v":2015},null,null,null,null,null,null,null,null,null,null,null,null,null,null,null,null,null,null,null,null,null,"Greater Sudbury Hydro Inc."]
[null,null,null,null,null,null,null,null,null,null,null,null,null,null,null,null,null,null,null,null,null,null,null,null,null,null,"Grimsby Power Inc."]
[null,null,null,"Last Rebasing Year",2010,null,null,null,null,null,null,null,null,null,null,null,null,null,null,null,null,null,null,null,null,null,"Guelph Hydro Electric Systems Inc."]
[null,null,null,null,null,null,null,null,null,null,null,null,null,null,null,null,null,null,null,null,null,null,null,null,null,null,"Haldimand County Hydro Inc."]
["Identify the accounting standard used for the test year",null,null,null,null,null,null,null,null,null,null,null,null,null,null,null,null,null,null,null,null,null,null,null,null,null,"Halton Hills Hydro Inc."]
[null,null,null,null,"MIFRS",null,null,null,null,null,null,null,null,null,null,null,null,null,null,null,null,null,null,null,null,null,"Hearst Power Distribution Company Limited"]
[null,null,null,null,null,null,null,null,null,null,null,null,null,null,null,null,null,null,null,null,null,null,null,null,null,null,"Horizon Utilities Corporation"]
["Did you update your depreciation and capitalization policies?",null,null,null,null,null,null,null,null,null,null,null,null,null,null,null,null,null,null,null,null,null,null,null,null,null,"Hydro 2000 Inc."]
[null,null,null,null,"Yes",null,null,null,null,null,null,null,null,null,null,null,null,null,null,null,null,null,null,null,null,null,"Hydro Hawkesbury Inc."]
[null,null,null,null,null,null,null,null,null,null,null,null,null,null,null,null,null,null,null,null,null,null,null,null,null,null,"Hydro One Brampton Networks Inc."]
["When did you update your depreciation and capitalization policies?",null,null,null,null,null,null,null,null,null,null,null,null,null,null,null,null,null,null,null,null,null,null,null,null,null,"Hydro One Networks Inc."]
[null,null,null,null,"2001-01-01",2013,null,null,null,null,null,null,null,null,null,null,null,null,null,null,null,null,null,null,null,null,"Hydro One Remote Communities Inc."]
[null,null,null,null,null,null,null,null,null,null,null,null,null,null,null,null,null,null,null,null,null,null,null,null,null,null,"Hydro Ottawa Limited"]
["Identify the year that the applicant has adopted or is expected to adopt IFRS for financial reporting purposes",null,null,null,null,null,null,null,null,null,null,null,null,null,null,null,null,null,null,null,null,null,null,null,null,null,"Innpower Corporation"]
[null,null,null,null,"2015 or Later",null,null,null,null,null,null,null,null,null,null,null,null,null,null,null,null,null,null,null,null,null,"Kashechewan Power Corporation"]
[null,null,null,null,null,null,null,null,null,null,null,null,null,null,null,null,null,null,null,null,null,null,null,null,null,null,"Kenora Hydro Electric Corporation Ltd."]
[null,null,null,null,null,null,null,null,null,null,null,null,null,null,null,null,null,null,null,null,null,null,null,null,null,null,"Kingston Hydro Corporation"]
["Are you applying for cost recovery for the test and/or future year(s) for Green Energy initiatives?",null,null,null,null,null,null,null,null,null,null,null,null,null,null,null,null,null,null,null,null,null,null,null,null,null,"Kitchener-Wilmot Hydro Inc."]
[null,null,null,null,"No",null,null,null,null,null,null,null,null,null,null,null,null,null,null,null,null,null,null,null,null,null,"Lakefront Utilities Inc."]
[null,null,null,null,null,null,null,null,null,null,null,null,null,null,null,null,null,null,null,null,null,null,null,null,null,null,"Lakeland Power Distribution Ltd."]
[{"$f":"\"Is \" & E14 & \" an embedded distributor?\"","v":"Is Ottawa River Power Corporation an embedded distributor?"},null,null,null,"Yes",null,null,null,null,null,null,null,null,null,null,null,null,null,null,null,null,null,null,null,null,null,"London Hydro Inc."]
[null,null,null,null,null,null,null,null,null,null,null,null,null,null,null,null,null,null,null,null,null,null,null,null,null,null,"Midland Power Utility Corporation"]
[null,null,null,null,null,null,null,null,null,null,null,null,null,null,null,null,null,null,null,null,null,null,null,null,null,null,"Milton Hydro Distribution Inc."]
[null,"Notes",null,null,null,null,null,null,null,null,null,null,null,null,null,null,null,null,null,null,null,null,null,null,null,null,"Newmarket-Tay Power Distribution Ltd."]
[null,null,null,null,null,null,null,null,null,null,null,null,null,null,null,null,null,null,null,null,null,null,null,null,null,null,"Niagara Peninsula Energy Inc."]
[null,null,"Pale green cells represent input cells.",null,null,null,null,null,null,null,null,null,null,null,null,null,null,null,null,null,null,null,null,null,null,null,"Niagara-on-the-Lake Hydro Inc."]
[null,null,null,null,null,null,null,null,null,null,null,null,null,null,null,null,null,null,null,null,null,null,null,null,null,null,"Norfolk Power Distribution Inc."]
[null,null,"Pale blue cells represent drop-down lists.  The applicant should select the appropriate item from the drop-down list.",null,null,null,null,null,null,null,null,null,null,null,null,null,null,null,null,null,null,null,null,null,null,null,"North Bay Hydro Distribution Limited"]
[null,null,null,null,null,null,null,null,null,null,null,null,null,null,null,null,null,null,null,null,null,null,null,null,null,null,"Northern Ontario Wires Inc."]
[null,null,"White cells contain fixed values, automatically generated values or formulae. ",null,null,null,null,null,null,null,null,null,null,null,null,null,null,null,null,null,null,null,null,null,null,null,"Oakville Hydro Electricity Distribution Inc."]
[null,null,null,null,null,null,null,null,null,null,null,null,null,null,null,null,null,null,null,null,null,null,null,null,null,null,"Orangeville Hydro Limited"]
[null,null,null,null,null,null,null,null,null,null,null,null,null,null,null,null,null,null,null,null,null,null,null,null,null,null,"Orillia Power Distribution Corporation"]
[null,null,null,null,null,null,null,null,null,null,null,null,null,null,null,null,null,null,null,null,null,null,null,null,null,null,"Oshawa PUC Networks Inc."]
[null,null,null,null,null,null,null,null,null,null,null,null,null,null,null,null,null,null,null,null,null,null,null,null,null,null,"Ottawa River Power Corporation"]
[null,null,null,null,null,null,null,null,null,null,null,null,null,null,null,null,null,null,null,null,null,null,null,null,null,null,"Peterborough Distribution Incorporated"]
[null,null,null,null,null,null,null,null,null,null,null,null,null,null,null,null,null,null,null,null,null,null,null,null,null,null,"PowerStream Inc."]
[null,null,null,null,null,null,null,null,null,null,null,null,null,null,null,null,null,null,null,null,null,null,null,null,null,null,"PUC Distribution Inc."]
[null,null,null,null,null,null,null,null,null,null,null,null,null,null,null,null,null,null,null,null,null,null,null,null,null,null,"Renfrew Hydro Inc."]
[null,null,null,null,null,null,null,null,null,null,null,null,null,null,null,null,null,null,null,null,null,null,null,null,null,null,"Rideau St. Lawrence Distribution Inc."]
[null,null,null,null,null,null,null,null,null,null,null,null,null,null,null,null,null,null,null,null,null,null,null,null,null,null,"Sioux Lookout Hydro Inc."]
[null,null,null,null,null,null,null,null,null,null,null,null,null,null,null,null,null,null,null,null,null,null,null,null,null,null,"St. Thomas Energy Inc."]
[null,null,null,null,null,null,null,null,null,null,null,null,null,null,null,null,null,null,null,null,null,null,null,null,null,null,"Thunder Bay Hydro Electricity Distribution Inc."]
[null,null,null,null,null,null,null,null,null,null,null,null,null,null,null,null,null,null,null,null,null,null,null,null,null,null,"Tillsonburg Hydro Inc."]
[null,null,null,null,null,null,null,null,null,null,null,null,null,null,null,null,null,null,null,null,null,null,null,null,null,null,"Toronto Hydro-Electric System Limited"]
[null,null,null,null,null,null,null,null,null,null,null,null,null,null,null,null,null,null,null,null,null,null,null,null,null,null,"Veridian Connections Inc."]
[null,null,null,null,null,null,null,null,null,null,null,null,null,null,null,null,null,null,null,null,null,null,null,null,null,null,"Wasaga Distribution Inc."]
[null,null,null,null,null,null,null,null,null,null,null,null,null,null,null,null,null,null,null,null,null,null,null,null,null,null,"Waterloo North Hydro Inc."]
[null,null,null,null,null,null,null,null,null,null,null,null,null,null,null,null,null,null,null,null,null,null,null,null,null,null,"Welland Hydro-Electric System Corp."]
[null,null,null,null,null,null,null,null,null,null,null,null,null,null,null,null,null,null,null,null,null,null,null,null,null,null,"Wellington North Power Inc."]
[null,null,null,null,null,null,null,null,null,null,null,null,null,null,null,null,null,null,null,null,null,null,null,null,null,null,"West Coast Huron Energy Inc."]
[null,null,null,null,null,null,null,null,null,null,null,null,null,null,null,null,null,null,null,null,null,null,null,null,null,null,"Westario Power Inc."]
[null,null,null,null,null,null,null,null,null,null,null,null,null,null,null,null,null,null,null,null,null,null,null,null,null,null,"Whitby Hydro Electric Corporation"]
[null,null,null,null,null,null,null,null,null,null,null,null,null,null,null,null,null,null,null,null,null,null,null,null,null,null,"Woodstock Hydro Services Inc."]

{"sheet":"Index","index":1,"n_rows":42,"n_cols":6,"rows_kept":42,"cut":false,"hidden":false,"merged":[]}
[]
[]
[]
[]
[]
[]
[]
[]
[]
[]
[]
[]
[]
[]
[1,"LDC Information Sheet",null,null,28,"App.2-G: Service Reliability Indicators"]
[2,"Index",null,null,29,"App.2-H: Other Operating Revenue"]
[3,"Cost of Service Application Flowchart",null,null,30,"App.2-I: Load Forecast CDM Adjustment Workform"]
[4,"List of Key References",null,null,31,"App.2-IA:  Actual and Forecast Load and Customer Data"]
[5,"App.2-AA: Capital Projects Table",null,null,32,"App.2-JA: OM&A Summary Analysis"]
[6,"App.2-AB: Capital Expenditures",null,null,33,"App.2-JB: Recoverable OM&A Cost Driver Table"]
[7,"App. 2-AC: Customer Engagement Worksheet",null,null,34,"App.2-JC: OM&A Programs Table"]
[8,"App.2-B: General Accounting Instructions",null,null,35,"App.2-K: Employee Costs"]
[9,"App.2-BA: Fixed Asset Continuity Schedule",null,null,36,"App.2-L: Recoverable OM&A Cost per Customer and per FTE"]
[10,"Appendix 2-BB: Service Life Comparison",null,null,37,"App.2-M: Regulatory Costs Schedule"]
[11,"App.2-CA: 2012 Depreciation and Amortization Expense (Old CGAAP)",null,null,38,"App.2-N: Shared Servcies and Corporate Cost Allocation"]
[12,"App.2-CB: 2012 Depreciation and Amortization Expense (New CGAAP)",null,null,39,"App.2-OA: Capital Structure and Cost of Capital"]
[13,"App.2-CC: 2013 Depreciation and Amortization Expense (New CGAAP)",null,null,40,"App.2-OB: Debt Instruments"]
[14,"App.2-CD: 2014 Depreciation and Amortization Expense (MIFRS)",null,null,41,"App.2-P: Cost Allocation"]
[15,"App.2-CE: 2015 Depreciation and Amortization Expense (MIFRS)",null,null,42,"App.2-PA:  New Rate Design Policy For Residential Customers"]
[16,"App.2-CF: 2015 Depreciation and Amortization Expense (MIFRS)",null,null,43,"App.2-Q: Cost of Serving Embedded Distributor(s)"]
[17,"App.2-CG: 2013 Depreciation and Amortization Expense (Old CGAAP)",null,null,44,"App.2-R: Loss Factors"]
[18,"App.2-CH: 2013 Depreciation and Amortization Expense (New CGAAP)",null,null,45,"App.2-S: Stranded Meter Treatment"]
[19,"App.2-CI: 2014 Depreciation and Amortization Expense (MIFRS)",null,null,46,"App.2-TA: Account 1592, PILs and Tax Variances"]
[20,"App.2-CJ: 2015 Depreciation and Amortization Expense (MIFRS)",null,null,47,"App.2-TB: Account 1592, HST-OVAT Input Tax Credits"]
[21,"App.2-CK: 2016 Depreciation and Amortization Expense (MIFRS)",null,null,48,"App.2-U: One-Time Incremental IFRS Transition Costs"]
[22,"App.2-D: Overhead Expenses",null,null,49,"App.2-V: Revenue Reconciliation"]
[23,"App.2-EA: Account 1575 PP&E Deferral Account (2015 IFRS Adopters)",null,null,50,"App.2-W: Bill Impacts"]
[24,"App.2-EB: Account 1576 - Accounting Changes Under CGAAP (2012 Changes)",null,null,51,"App.2-Y: Transition to MIFRS Summary Impact"]
[25,"App.2-EC: Account 1576 - Accounting Changes Under CGAAP (2013 Changes)",null,null,52,"App. 2-Z: Tariff Schedule"]
[26,"App.2-FA: Renewable Generation Connection Investment Summary"]
[27,"App.2-FB: Calculation of Renewable Generation Connection Direct Benefits/Provincial Amount: Renewable Enabling Improvement Investments"]
[28,"App.2-FC: Calculation of Renewable Generation Connection Direct Benefits/Provincial Amount: Renewable Expansion Investments"]

{"sheet":"COS Flowchart","index":2,"n_rows":6,"n_cols":2,"rows_kept":6,"cut":false,"hidden":false,"merged":[[5,1,5,6],[2,1,2,6],[3,1,3,6]]}
[]
[]
[]
[null,"Cost of Service Rate Application Schematic"]
[]
[null,"The Cost of Service Rate Application Schematic is a flowchart appended to Chapter 2 of the Filing Requirements as a guide for the components of an application and how demand and costs interrelate to derive the revenue requirement and then how the revenue requirement is allocated between classes and through fixed/variable splits to derive rates that will be compensatory for the annual revenue requirement, based on the the forecasted demand.  There is no form to be filled out; therefore, this Schedule is not required to be filed. "]

{"sheet":"List of Key References","index":3,"n_rows":5,"n_cols":2,"rows_kept":5,"cut":false,"hidden":false,"merged":[[2,1,2,11],[4,0,4,11]]}
[]
[]
[null,"List of Key References"]
[]
["A list of key references for understanding the Filing Requirements has been embedded in the document below. To access the list of references and associated hyperlinks double-click the icon below."]

{"sheet":"App.2-AA_Capital Projects 2010","index":4,"n_rows":91,"n_cols":20,"rows_kept":91,"cut":false,"hidden":false,"merged":[[8,0,8,19],[9,0,9,19]]}
[]
[]
[]
[]
[]
[]
[]
[]
["Capital Projects Table"]
[2010]
[]
["Reporting Basis","Reporting Basis",null,"CGAAP","CGAAP","CGAAP","CGAAP","CGAAP","CGAAP","CGAAP","CGAAP","CGAAP","CGAAP","CGAAP","CGAAP","CGAAP","CGAAP","CGAAP","CGAAP","CGAAP"]
["Projects","Projects","USoA ",1830,1835,1840,1845,1850,1855,1820,1860,1808,1915,1920,1925,1930,1940,1955,1980,"Total"]
[]
["System Access","System Access"]
[null,"New Services",null,null,null,null,null,null,60456,null,null,null,null,null,null,null,null,null,null,{"$f":"SUM(D16:S16)","v":60456}]
[null,"Logan Subdivision - Ketch Construction",null,null,null,null,3290,null,3950,null,null,null,null,null,null,null,null,null,null,7240]
[null,"New Service on Minto St. - Beachburg",null,1310,441,null,null,null,621,null,null,null,null,null,null,null,null,null,null,2372]
[null,"Line Extension 3 Fern Gully Lane Beachburg",null,1364,1512,null,null,null,995,null,null,null,null,null,null,null,null,null,null,3871]
["C","Shepard St. Pump Station Upgrade",null,null,null,null,null,null,null,null,null,null,null,null,null,null,null,null,null,0]
[null,"351 Matheson Dr  - Townhouses",null,null,null,null,3655,null,225,null,null,null,null,null,null,null,null,null,null,3880]
[null,"Blakely St Townhouses - Ryan Habraken Carpentry",null,null,null,null,3320,null,808,null,null,null,null,null,null,null,null,null,null,4128]
["C","Integrated Health Centre",null,null,null,null,null,null,639,null,null,null,null,null,null,null,null,null,null,639]
["X","Microfit Connection",null,null,null,null,null,null,786,null,null,null,null,null,null,null,null,null,null,786]
["X","Hydro One Networks - Walmart Tap",null,43897,null,null,null,null,null,null,null,null,null,null,null,null,null,null,null,43897]
["C","Enerdu - APT Service",null,null,null,null,5937,null,1487,null,null,null,null,null,null,null,null,null,null,7424]
[null,"Transformers",null,null,null,null,null,100224.54,null,null,null,null,null,null,null,null,null,null,null,60897]
[null,"Meters",null,null,null,null,null,null,null,null,{"$f":"9313+1123","v":10436},null,null,null,null,null,null,null,null,10436]
[]
[]
["Total System Access","Total System Access",null,{"$f":"SUM(D16:D30)","v":46571},{"$f":"SUM(E16:E30)","v":1953},0,16202,100224.54,69967,0,10436,0,0,0,0,0,0,0,0,206026]
[]
[]
["System Renewal","System Renewal",null,{"$f":"$D$13","v":1830},{"$f":"$E$13","v":1835},{"$f":"$F$13","v":1840},{"$f":"$G$13","v":1845},{"$f":"$H$13","v":1850},{"$f":"$I$13","v":1855},{"$f":"$J$13","v":1820},{"$f":"$K$13","v":1860},{"$f":"+L13","v":1808},{"$f":"+M13","v":1915},{"$f":"+N13","v":1920},{"$f":"$O$13","v":1925},{"$f":"$P$13","v":1930},{"$f":"+Q13","v":1940},{"$f":"+R13","v":1955},{"$f":"+S13","v":1980},{"$f":"$T$13","v":"Total"}]
[null,"Minor Capital Betterments",null,10406,26036,null,null,null,4045,null,null,null,null,null,null,null,null,null,null,{"$f":"SUM(D35:S35)","v":40487}]
["Renewal","Farm St @ Almonte Lane Relocation",null,2008,8234,null,null,null,null,null,null,null,null,null,null,null,null,null,null,{"$f":"SUM(D36:S36)","v":10242}]
[null,"Ottawa Street",null,null,31240,null,null,null,10616,null,null,null,null,null,null,null,null,null,null,41856]
[null,"Sub-Station 1 in Almonte Rebuild",null,null,null,null,null,null,null,135131,null,null,null,null,null,null,null,null,null,135131]
[null,"River Road - Bus Betterment",null,null,549,null,null,null,50,null,null,null,null,null,null,null,null,null,null,599]
[null,"Replace Poles/Secondary Transformer - Craig St",null,null,8388,null,null,null,null,null,null,null,null,null,null,null,null,null,null,8388]
[null,"Remove Lines - Bell St. and Angus Campbell Drive",null,6386,15341,39667,59547,null,null,null,null,null,null,null,null,null,null,null,null,120941]
[null,"Morris St - Extension",null,null,7100,null,null,null,null,null,null,null,null,null,null,null,null,null,null,7100]
[null,"Quarry Road - City Yard",null,5791,1771,null,null,null,299,null,null,null,null,null,null,null,null,null,null,7861]
[null,"Replace Pole & Transfer Backlot - 498 Cecelia St",null,null,null,null,null,null,724,null,null,null,null,null,null,null,null,null,null,724]
[null,"Install Transformer  - 40 Watchorn Rd  Beachburg",null,1581,815,null,null,null,1032,null,null,null,null,null,null,null,null,null,null,3428]
[null,"Florence St.  44KV Airbrake Switch",null,11140,15922,null,null,null,8630,null,null,null,null,null,null,null,null,null,null,35692]
[null,"Replace NRTC 35' with ORPC 40' Pole - 59 Robertson Rd",null,843,498,null,null,null,567,null,null,null,null,null,null,null,null,null,null,1908]
[null,"Moffat St. Betterment  623 to 698",null,12217,16260,null,null,null,6386,null,null,null,null,null,null,null,null,null,null,34863]
[null,"Alexander St. Rebuild",null,6186,1693,926,null,null,437,null,null,null,null,null,null,null,null,null,null,9242]
[null,"Beachburg Road Line Upgrade",null,14089,9787,null,null,null,266,null,null,null,null,null,null,null,null,null,null,24142]
[null,"Substation 4 -Pole Storage Building",null,null,null,null,null,null,null,31317,null,null,null,null,null,null,null,null,null,31317]
["Sub-Total System Renewal",{"$f":"A52","v":"Sub-Total System Renewal"},null,{"$f":"SUM(D35:D51)","v":70647},{"$f":"SUM(E35:E51)","v":143634},40593,59547,0,33052,166448,0,0,0,0,0,0,0,0,0,513921]
[]
[]
["System Service","System Service",null,1830,1835,1840,1845,1850,1855,1820,1860,1808,1915,1920,1925,1930,1940,1955,1980,{"$f":"$T$13","v":"Total"}]
[null,"Project Title"]
[null,"Project Title"]
[null,"Project Title"]
[null,"Project Title"]
[null,"Project Title"]
[null,"Project Title"]
[null,"Project Title"]
[null,"Project Title"]
[null,"Project Title"]
[null,"Project Title"]
[null,"Project Title"]
[null,"Project Title"]
[null,"Project Title"]
[null,"Project Title"]
[null,"Project Title"]
["Sub-Total System Service",{"$f":"A71","v":"Sub-Total System Service"},null,{"$f":"SUM(D56:D70)","v":0},{"$f":"SUM(E56:E70)","v":0},0,0,0,0,0,0,0,0,0,0,0,0,0,0,0]
[]
[]
["General Plant","General Plant",null,1830,1835,1840,1845,1850,1855,1820,1860,1808,1915,1920,1925,1930,1940,1955,1980,{"$f":"$T$13","v":"Total"}]
[null,"Building Accesibility",null,null,null,null,null,null,null,null,null,14386.46,null,null,null,null,null,null,null,{"$f":"SUM(D75:S75)","v":14386.46}]
[null,"Upgrade office furniture for service department",null,null,null,null,null,null,null,null,null,null,5883,null,null,null,null,null,null,{"$f":"SUM(D76:S76)","v":5883}]
[null,"Upgrade two PC's from 2003",null,null,null,null,null,null,null,null,null,null,null,2297,null,null,null,null,null,2297]
[null,"Hansen Software",null,null,null,null,null,null,null,null,null,null,null,null,1050,null,null,null,null,1050]
[null,"TCG Computers",null,null,null,null,null,null,null,null,null,null,null,null,2450,null,null,null,null,2450]
[null,"BTS- Accpac Upgrade",null,null,null,null,null,null,null,null,null,null,null,null,1585,null,null,null,null,1585]
[null,"Third Octet",null,null,null,null,null,null,null,null,null,null,null,null,7109,null,null,null,null,7109]
[null,"2010 Radial Boom Line Truck",null,null,null,null,null,null,null,null,null,null,null,null,null,277694.84000000003,null,null,null,277694.84000000003]
[null,"Miscellaneous Small Tools",null,null,null,null,null,null,null,null,null,null,null,null,null,null,2335,null,null,2335]
[null,"Upgrade of radio system",null,null,null,null,null,null,null,null,null,null,null,null,null,null,null,5658,null,5658]
[null,"Scada Computer and System Upgrade",null,null,null,null,null,null,null,null,null,null,null,null,null,null,null,null,64230,64230]
[]
["Sub-Total General Plant",{"$f":"A87","v":"Sub-Total General Plant"},null,{"$f":"SUM(D75:D86)","v":0},{"$f":"SUM(E75:E86)","v":0},0,0,0,0,0,0,14386.46,5883,2297,12194,277694.84000000003,2335,5658,64230,384678.30000000005]
[]
["Total Capital Expenditures",null,null,{"$f":"D31+D52+D71+D87","v":117218},145587,40593,75749,100224.54,103019,166448,10436,14386.46,5883,2297,12194,277694.84000000003,2335,5658,64230,1104625.3]
[null,null,null,null,null,null,null,null,null,null,null,null,null,null,null,null,null,null,"Including Cap Contribution ",{"$f":"'App.2-BA_Fixed Asset Cont'!E69","v":979369.65000000014}]
[null,null,null,null,null,null,null,null,null,null,null,null,null,null,null,null,null,null,"Excluding Cap Contributions",{"$f":"SUM('App.2-BA_Fixed Asset Cont'!E17:E51)","v":1104624.3500000001}]

{"sheet":"App.2-AA_Capital Projects 2011","index":5,"n_rows":77,"n_cols":18,"rows_kept":77,"cut":false,"hidden":false,"merged":[[8,0,8,17],[9,0,9,17]]}
[]
[]
[]
[]
[]
[]
[]
[]
["Capital Projects Table"]
[2011]
[]
["Reporting Basis","Reporting Basis",null,"CGAAP","CGAAP","CGAAP","CGAAP","CGAAP","CGAAP","CGAAP","CGAAP","CGAAP","CGAAP","CGAAP","CGAAP","CGAAP","CGAAP","CGAAP"]
["Projects","Projects","USoA ",1830,1835,1840,1845,1850,1855,1820,1860,1808,1915,1920,1925,1930,1940,"Total"]
[]
["System Access","System Access"]
["0012","New Services",null,null,null,null,null,null,33106,null,5018,null,null,null,null,null,null,{"$f":"SUM(D16:Q16)","v":38124}]
[1351,"MicroFit Connections",null,null,null,null,null,null,null,null,1223.6599999999999,null,null,null,null,null,null,{"$f":"SUM(D17:Q17)","v":1223.6599999999999}]
[1357,"Enerdu Apartment",null,null,null,null,null,13959,null,null,null,null,null,null,null,null,null,13959]
[1391,"Ottawa Street",null,null,312,null,42103,2545.59,31791,null,1445.54,null,null,null,null,null,null,78197.12999999999]
[1393,"Patterson St - Line Extension",null,27821,null,null,null,null,null,null,null,null,null,null,null,null,null,27821]
[1401,"Equators Grind",null,null,null,null,null,13562,null,null,null,null,null,null,null,null,null,13562]
[1402,"Almonte Mews - Anne St - Townhouse project",null,1609,1643,null,28927,1413,121,null,293.35000000000002,null,null,null,null,null,null,34006.35]
[1417,"Noik @ Bell St  - 12 Townhouses   - Ken Siegel",null,null,null,null,2096,null,2883,null,null,null,null,null,null,null,null,4979]
[1430,"375 Country St, - 18 Unit Apt.",null,null,null,null,null,null,null,null,1329.43,null,null,null,null,null,null,1329.43]
[1434,"New Algonquin College",null,null,null,54240,null,746.31,null,null,1383.45,null,null,null,null,null,null,56369.759999999995]
[1445,"Hyde Park Condominium - Jamieson St.",null,126,3825,null,1202,2872.75,null,null,null,null,null,null,null,null,null,8025.75]
[1453,"Rondeau Electric Mackay St",null,1310,1472,null,5587,null,null,null,null,null,null,null,null,null,null,8369]
[1453,"Crozier Electric.",null,2616,3084,null,null,2064.04,null,null,null,null,null,null,null,null,null,7764.04]
[null,"Transformers",null,null,null,null,null,75699,null,null,null,null,null,null,null,null,null,75699]
["Total System Access","Total System Access",null,{"$f":"SUM(D14:D29)","v":33482},{"$f":"SUM(E14:E29)","v":10336},54240,79915,112861.69,67901,0,10693.43,0,0,0,0,0,0,{"$f":"SUM(R14:R29)","v":369429.11999999994}]
[]
[]
["System Renewal","System Renewal",null,1830,1835,1840,1845,1850,1855,1820,1860,1808,1915,1920,1925,1930,1940,"Total"]
["0027","Minor Capital Betterments",null,15928,16372,null,null,5167.22,900,null,null,null,null,null,null,null,null,{"$f":"SUM(D34:Q34)","v":38367.22}]
[1016,"Ottawa Street",null,null,3213,null,null,3798.01,16765,null,null,null,null,null,null,null,null,{"$f":"SUM(D35:Q35)","v":23776.010000000002}]
[1352,"Alexander St Rebuild",null,1750,31718,4642,19589,3753.75,438,null,595.15,null,null,null,null,null,null,62485.9]
[1353,"Beachburg Road Line Upgrade",null,8105,44971,null,null,2354.83,4367,null,null,null,null,null,null,null,null,59797.83]
[1358,"Line Upgrade - Laurier Ave",null,5325,6389,null,null,null,4045,null,null,null,null,null,null,null,null,15759]
[1396,"Ellis Avenue Line Upgrade",null,5605,8029,null,null,null,100,null,null,null,null,null,null,null,null,13734]
[1399,"Replace Feeder Cables in Substation #3",null,null,null,null,null,1560.09,null,18919,null,null,null,null,null,null,null,20479.09]
[1433,"Cassidy's Transfer Service Upgrade Warehouse 1001 Mackay St",null,218,null,null,null,null,1114,null,null,null,null,null,null,null,null,1332]
[1456,"Substation  4 Storage Building",null,null,null,null,null,null,null,27438,null,null,null,null,null,null,null,27438]
[null,"Substation 7  - New Batteries",null,null,null,null,null,null,null,10250,null,null,null,null,null,null,null,10250]
[null,"Substation 1 in Almonte - Completion",null,null,null,null,null,null,null,34006,null,null,null,null,null,null,null,34006]
[null,null,null,null,null,null,null,null,null,null,null,null,null,null,null,null,null,0]
["Sub-Total System Renewal","Sub-Total System Renewal",null,{"$f":"SUM(D34:D44)","v":36931},{"$f":"SUM(E34:E44)","v":110692},4642,19589,16633.899999999998,27729,90613,595.15,0,0,0,0,0,0,{"$f":"SUM(R34:R45)","v":307425.05000000005}]
[]
[]
["System Service","System Service",null,1830,1835,1840,1845,1850,1855,1820,1860,1808,1915,1920,1925,1930,1940,"Total"]
[null,"Project Title",null,null,null,null,null,null,null,null,null,null,null,null,null,null,null,{"$f":"SUM(D50:Q50)","v":0}]
[null,"Project Title",null,null,null,null,null,null,null,null,null,null,null,null,null,null,null,{"$f":"SUM(D51:Q51)","v":0}]
[null,"Project Title",null,null,null,null,null,null,null,null,null,null,null,null,null,null,null,0]
[null,"Project Title",null,null,null,null,null,null,null,null,null,null,null,null,null,null,null,0]
[null,"Project Title",null,null,null,null,null,null,null,null,null,null,null,null,null,null,null,0]
[null,"Project Title",null,null,null,null,null,null,null,null,null,null,null,null,null,null,null,0]
[null,"Project Title",null,null,null,null,null,null,null,null,null,null,null,null,null,null,null,0]
[null,"Project Title",null,null,null,null,null,null,null,null,null,null,null,null,null,null,null,0]
["Sub-Total System Service","Sub-Total System Service",null,{"$f":"SUM(D50:D57)","v":0},{"$f":"SUM(E50:E57)","v":0},0,0,0,0,0,0,0,0,0,0,0,0,0]
[]
[]
["General Plant","General Plant",null,1830,1835,1840,1845,1850,1855,1820,1860,1808,1915,1920,1925,1930,1940,"Total"]
[null,"Building Accessibility",null,null,null,null,null,null,null,null,null,5349,null,null,null,null,null,{"$f":"SUM(D62:Q62)","v":5349}]
[null,"New Roof",null,null,null,null,null,null,null,null,null,8830,null,null,null,null,null,{"$f":"SUM(D63:Q63)","v":8830}]
[null,"Renovate downstairs washroom",null,null,null,null,null,null,null,null,null,4428,null,null,null,null,null,4428]
[null,"Office Chairs",null,null,null,null,null,null,null,null,null,null,2572,null,null,null,null,2572]
[null,"2011 Chevrolet Pickup Truck - Almonte",null,null,null,null,null,null,null,null,null,null,null,null,null,28088,null,28088]
[null,"Harris",null,null,null,null,null,null,null,null,null,null,null,null,4500,null,null,4500]
[null,"Other Software",null,null,null,null,null,null,null,null,null,null,null,null,4148.0199999999995,null,null,4148.0199999999995]
[null,"Miscellaneous Small Tools",null,null,null,null,null,null,null,null,null,null,null,null,null,null,5113.6099999999997,5113.6099999999997]
[null,"Computer Hardware",null,null,null,null,null,null,null,null,null,null,null,8336.17,null,null,null,8336.17]
[null,null,null,null,null,null,null,null,null,null,null,null,null,null,null,null,null,0]
["Sub-Total General Plant","Sub-Total General Plant",null,{"$f":"SUM(D62:D71)","v":0},{"$f":"SUM(E62:E71)","v":0},0,0,0,0,0,0,18607,2572,8336.17,8648.02,28088,5113.6099999999997,71364.800000000003]
[]
["Reconciliation to yearly additions",null,null,"N/A","N/A"]
["Variance to yearly additions",null,null,{"$f":"D30+D46+D58+D72","v":70413},{"$f":"E30+E46+E58+E72","v":121028},58882,99504,129495.59,95630,90613,11288.58,18607,2572,8336.17,8648.02,28088,5113.6099999999997,748218.97]
[null,null,null,null,null,null,null,null,null,null,null,null,null,null,null,null,"Including Cap Contribution ",{"$f":"'App.2-BA_Fixed Asset Cont'!E138","v":494206.30999999994}]
[null,null,null,null,null,null,null,null,null,null,null,null,null,null,null,null,"Excluding Cap Contributions",{"$f":"SUM('App.2-BA_Fixed Asset Cont'!E85:E121)","v":748217.79999999993}]

{"sheet":"App.2-AA_Capital Projects 2012","index":6,"n_rows":90,"n_cols":18,"rows_kept":90,"cut":false,"hidden":false,"merged":[[8,0,8,17],[9,0,9,17]]}
[]
[]
[]
[]
[]
[]
[]
[]
["Capital Projects Table"]
[2012]
[]
["Reporting Basis","Reporting Basis",null,"CGAAP","CGAAP","CGAAP","CGAAP","CGAAP","CGAAP","CGAAP","CGAAP","CGAAP","CGAAP","CGAAP","CGAAP","CGAAP","CGAAP","CGAAP"]
["Projects","Projects","USoA ",1830,1835,1840,1845,1850,1855,1820,1860,1808,1925,1930,1940,1955,1980,"Total"]
[]
["System Access","System Access"]
["0012","New Services",null,null,null,null,null,null,43699.86,null,4333,null,null,null,null,null,null,{"$f":"SUM(D16:Q16)","v":48032.86}]
[1353,"Beachburg Line Extension",null,null,null,null,null,1870,null,null,null,null,null,null,null,null,null,{"$f":"SUM(D17:Q17)","v":1870}]
[1402,"Almonte Mews - Anne St - Townhouse project",null,null,null,null,null,null,966.67,null,128.91999999999999,null,null,null,null,null,null,1095.5899999999999]
[1430,"Noik @ Bell St  - 12 Townhouses   - Ken Siegel",null,null,null,550,2528,null,null,null,null,null,null,null,null,null,null,3078]
[1434,"New Algonquin College",null,null,null,569.41,null,18188.400000000001,null,null,477.47,null,null,null,null,null,null,19235.280000000002]
[1435,"Frank Neighbour Street Extension",null,null,null,729.66,2735,null,null,null,null,null,null,null,null,null,null,3464.66]
[1445,"Hyde Park Condominium - Jamieson St.",null,null,null,null,11235.38,21394.39,null,null,514.13,null,null,null,null,null,null,33143.899999999994]
[1452,"Rondeau Electric Mackay St",null,null,null,null,6875.77,11682,null,null,null,null,null,null,null,null,null,18557.77]
[1453,"Crozier Electric.",null,null,538,null,null,4286.67,null,null,null,null,null,null,null,null,null,4824.67]
[1505,"Holiday Inn Suites - Good Night Hotel Inc",null,null,null,586,5840,391,null,null,500.9,null,null,null,null,null,null,7317.9]
[1530,"LCBO - 1050 Pembroke St E - MARNAC Developement",null,3664,4515,null,null,3293.88,null,null,793.63,null,null,null,null,null,null,12266.51]
[1532,"Lakeridge Trail Phase Ph 2 Poleline Extension",null,6304,11052,null,null,1404.58,null,null,null,null,null,null,null,null,null,18760.580000000002]
[1536,"CW Homes - 559 Nelson St - Townhomes",null,null,null,1210,null,null,null,null,null,null,null,null,null,null,null,1210]
[1539,"Poleline Extension - Fern Gulley Lane",null,3244,1761,null,null,1347.25,null,null,null,null,null,null,null,null,null,6352.25]
[1541,"Seigel Developement - Bell & Patricia St",null,4820,null,null,null,38,111,null,null,null,null,null,null,null,null,4969]
[1543,"Reginal Homes - Mill Run Phase 1A",null,null,null,null,9654,1160.6600000000001,916,null,null,null,null,null,null,null,null,11730.66]
[null,"????",null,null,18227,null,null,null,null,null,null,null,null,null,null,null,null,18227]
[null,"Transformers",null,null,null,null,null,17048,null,null,null,null,null,null,null,null,null,17048]
[null,null,null,null,null,null,null,null,null,null,null,null,null,null,null,null,null,0]
[]
["Total System Access","Total System Access",null,{"$f":"SUM(D16:D34)","v":18032},{"$f":"SUM(E16:E34)","v":36093},3645.0699999999997,38868.149999999994,82104.83,45693.53,0,6748.05,0,0,0,0,0,0,231184.62999999998]
[]
[]
["System Renewal","System Renewal",null,1830,1835,1840,1845,1850,1855,1820,1860,1808,1925,1930,1940,1955,1980,"Total"]
["0027","Minor Capital Betterments",null,25215,67202,null,null,20176.77,3474,null,17847.5,null,null,null,null,null,null,{"$f":"SUM(D40:Q40)","v":133915.27000000002}]
[1011,"Energy Retrofit at Substation 1",null,null,null,null,null,null,null,4460,null,null,null,null,null,null,null,{"$f":"SUM(D41:Q41)","v":4460}]
[1490,"Fraser St. Reconductoring",null,null,307,null,null,null,null,null,null,null,null,null,null,null,null,307]
[1491,"Maple St. Reconductoring",null,6258,55694,null,null,2489.5,911,null,null,null,null,null,null,null,null,65352.5]
[1497,"Martin St. Betterment",null,64,null,null,null,null,null,null,null,null,null,null,null,null,null,64]
[1500,"Pole Replacement on Coolidge  - Fire - Behind 247 Mackenzie",null,1380,2119,null,null,null,null,null,null,null,null,null,null,null,null,3499]
[1515,"Replace Poles & Reconductor - Pemb W & Renfrew St",null,5882,2093,null,null,3592.34,null,null,null,null,null,null,null,null,null,11567.34]
[1523,"Replace 44 KV Pole  -  Angus Campbell Dr",null,3947,1470,null,5091,null,null,null,null,null,null,null,null,null,null,10508]
[1525,"Repole 44Kv Line From Superior Elec To Quarry",null,27525,49690,null,null,9865.4699999999993,null,null,null,null,null,null,null,null,null,87080.47]
[1548,"Install Transformer at Mikes Garage in Killaloe",null,null,null,null,null,1495,null,null,null,null,null,null,null,null,null,1495]
[null,"Killaloe Reclosure",null,null,24875,null,null,null,null,null,null,null,null,null,null,null,null,24875]
[null,"Battery Packs Sub 3 & 7",null,null,null,null,null,null,null,1717.33,null,null,null,null,null,null,null,1717.33]
[null,null,null,null,null,null,null,null,null,null,null,null,null,null,null,null,null,0]
["Sub-Total System Renewal","Sub-Total System Renewal",null,{"$f":"SUM(D40:D52)","v":70271},{"$f":"SUM(E40:E52)","v":203450},0,5091,37619.08,4385,6177.33,17847.5,0,0,0,0,0,0,344840.91000000003]
[]
[]
["System Service","System Service",null,1830,1835,1840,1845,1850,1855,1820,1860,1808,1925,1930,1940,1955,1980,"Total"]
[null,"Project Title"]
[null,"Project Title"]
[null,"Project Title"]
[null,"Project Title"]
[null,"Project Title"]
[null,"Project Title"]
[null,"Project Title"]
[null,"Project Title"]
["Sub-Total System Service","Sub-Total System Service",null,0,0,0,0,0,0,0,0,null,0,0,null,null,null,0]
[]
[]
["General Plant","General Plant",null,1830,1835,1840,1845,1850,1855,1820,1860,1808,1925,1930,1940,1955,1980,"Total"]
[null,"Front Office Washroom",null,null,null,null,null,null,null,null,null,12844.2,null,null,null,null,null,12844.2]
[null,"Heat Exchanger",null,null,null,null,null,null,null,null,null,7423.92,null,null,null,null,null,7423.92]
[null,"Pave between buildings",null,null,null,null,null,null,null,null,null,4100,null,null,null,null,null,4100]
[null,"New Front Entrance - Accessibility Entrance",null,null,null,null,null,null,null,null,null,29978.81,null,null,null,null,null,29978.81]
[null,"Roof Repair",null,null,null,null,null,null,null,null,null,5813,null,null,null,null,null,5813]
[null,"Annual PC replacement",null,null,null,null,null,null,null,null,null,null,5308,null,null,null,null,5308]
[null,"Chipper",null,null,null,null,null,null,null,null,null,null,null,41500,null,null,null,41500]
[null,"Backhoe",null,null,null,null,null,null,null,null,null,null,null,57000,null,null,null,57000]
[null,"2012 Dodge Grand Caravan",null,null,null,null,null,null,null,null,null,null,null,27191,null,null,null,27191]
[null,"Rebuild Engine 2005 International 4400 - Almonte",null,null,null,null,null,null,null,null,null,null,null,7585,null,null,null,7585]
[null,"Reel Trailer",null,null,null,null,null,null,null,null,null,null,null,12127,null,null,null,12127]
[null,"Miscellaneous Small Tools",null,null,null,null,null,null,null,null,null,null,null,null,12398.51,null,null,12398.51]
[null,"Communication Equipment",null,null,null,null,null,null,null,null,null,null,null,null,null,1574.33,null,1574.33]
[null,"Scada Equipment",null,null,null,null,null,null,null,null,null,null,null,null,null,null,4116,4116]
[null,null,null,null,null,null,null,null,null,null,null,null,null,null,null,null,null,0]
[null,null,null,null,null,null,null,null,null,null,null,null,null,null,null,null,null,0]
[null,null,null,null,null,null,null,null,null,null,null,null,null,null,null,null,null,0]
["Sub-Total General Plant","Sub-Total General Plant",null,0,0,0,0,0,0,0,0,60159.930000000008,5308,145403,12398.51,1574.33,4116,228959.77]
[]
["Total Capital Expenditures",null,null,88303,239543,3645.0699999999997,43959.149999999994,138057.76,50078.53,6177.33,23542.17,60159.930000000008,5308,145403,12398.51,1574.33,4116,{"$f":"+R86+R53+R36","v":804985.31}]
[null,null,null,null,null,null,null,null,null,null,null,null,null,null,null,null,"Including Cap Contribution ",{"$f":"'App.2-BA_Fixed Asset Cont'!E205","v":457682.72}]
[null,null,null,null,null,null,null,null,null,null,null,null,null,null,null,null,"Excluding Cap Contributions",{"$f":"SUM('App.2-BA_Fixed Asset Cont'!E154:E189)","v":804986.61}]

{"sheet":"App.2-AA_Capital Projects 2013","index":7,"n_rows":73,"n_cols":20,"rows_kept":73,"cut":false,"hidden":false,"merged":[[8,0,8,19],[9,0,9,19]]}
[]
[]
[]
[]
[]
[]
[]
[]
["Capital Projects Table"]
[2013]
[]
["Reporting Basis","Reporting Basis",null,"CGAAP","CGAAP","CGAAP","CGAAP","CGAAP","CGAAP","CGAAP","CGAAP","CGAAP","CGAAP","CGAAP","CGAAP","CGAAP","CGAAP","CGAAP","CGAAP","CGAAP"]
["Projects","Projects","USoA ",1830,1835,1840,1845,1850,1855,1820,1860,1808,1915,1920,1925,1930,1940,1955,1980,"Total"]
[]
["System Access","System Access"]
["0012","New Services",null,null,null,null,null,null,35845.839999999997,null,7266,null,null,null,null,null,null,null,null,{"$f":"SUM(D16:S16)","v":43111.839999999997}]
[1402,"Almonte Mews - Anne St - Townhouse project",null,null,null,null,null,null,4288,null,619.57000000000005,null,null,null,null,null,null,null,null,{"$f":"SUM(D17:S17)","v":4907.57}]
[1541,"Seigel Developement - Bell & Patricia St",null,6295,null,null,null,47005,39605,null,null,null,null,null,null,null,null,null,null,92905]
[1543,"Reginal Homes - Mill Run Phase 1A ,",null,4141,5045,736,24754,772,26842,null,256.5,null,null,null,null,null,null,null,null,62546.5]
[1550,"Creek Side Towns - Novatech Engineering",null,2401,null,118,null,null,4359,null,914.53,null,null,null,null,null,null,null,null,7792.53]
[1600,"Everett St - 3 Unit Townhouse.",null,null,null,null,null,null,340,null,null,null,null,null,null,null,null,null,null,340]
[1615,"Watchorn Drive Line Extension",null,14730,14282,null,null,2124,2986,null,null,null,null,null,null,null,null,null,null,34122]
[1627,"Vera Cres; Install 2 Polls - Jeff Johnson",null,2435,2774,null,null,null,null,null,null,null,null,null,null,null,null,null,null,5209]
[1635,"Lowe Court - Beachburg",null,3062,3088,null,null,null,null,null,null,null,null,null,null,null,null,null,null,6150]
[null,"Transformers",null,null,null,null,null,45858,null,null,null,null,null,null,null,null,null,null,null,45858]
[]
["Total System Access","Total System Access",null,{"$f":"SUM(D15:D24)","v":33064},25189,854,24754,49901,114265.84,0,9056.6,0,0,0,0,0,0,0,0,{"$f":"SUM(T15:T25)","v":302942.44}]
[]
[]
["System Renewal","System Renewal",null,{"$f":"$D$13","v":1830},{"$f":"$E$13","v":1835},{"$f":"$F$13","v":1840},{"$f":"$G$13","v":1845},{"$f":"$H$13","v":1850},{"$f":"$I$13","v":1855},{"$f":"$J$13","v":1820},{"$f":"$K$13","v":1860},{"$f":"+L13","v":1808},{"$f":"+M13","v":1915},{"$f":"+N13","v":1920},{"$f":"$O$13","v":1925},{"$f":"$P$13","v":1930},{"$f":"+Q13","v":1940},{"$f":"+R13","v":1955},{"$f":"+S13","v":1980},{"$f":"$T$13","v":"Total"}]
["0027","Minor Capital Betterments",null,13709,37961,null,null,18652,{"$f":"1631+880","v":2511},null,223.62,null,null,null,null,null,null,null,null,{"$f":"SUM(D31:S31)","v":73056.62}]
[1490,"Fraser St. Reconductoring",null,null,89235,null,null,null,null,null,null,null,null,null,null,null,null,null,null,{"$f":"SUM(D32:S32)","v":89235}]
[1491,"Maple St. Reconductoring",null,135,null,null,null,null,null,null,null,null,null,null,null,null,null,null,null,135]
[1497,"Martin St. Betterment",null,75333,16465,null,null,null,523,null,null,null,null,null,null,null,null,null,null,92321]
[1515,"Replace 3 Poles & Reconductor - Pemb W & Renfrew St",null,null,6976,null,null,2611,1388,null,null,null,null,null,null,null,null,null,null,10975]
[1525,"Repole 44Kv Line From Superior Elec To Quarry",null,null,6638,null,null,null,null,null,null,null,null,null,null,null,null,null,null,6638]
[1559,"Mackay St  -  44 KV Ecress Sub #4",null,30107,30440,1210,9106,1008,null,null,null,null,null,null,null,null,null,null,null,71871]
[1598,"Beachburg Fire - 1888 Beachburg Rd (15 KVA Transformer)",null,2815,3590,null,null,1735,304,null,null,null,null,null,null,null,null,null,null,8444]
[1630,"Replace 3 44 KV Poles McKenzie St",null,6297,8138,null,null,null,null,null,null,null,null,null,null,null,null,null,null,14435]
[null,"Substation 2",null,null,null,null,null,null,null,40093,null,null,null,null,null,null,null,null,null,40093]
[null,null,null,null,null,null,null,null,null,null,null,null,null,null,null,null,null,null,null,0]
["Sub-Total System Renewal",{"$f":"A42","v":"Sub-Total System Renewal"},null,{"$f":"SUM(D31:D40)","v":128396},{"$f":"SUM(E31:E40)","v":199443},1210,9106,24006,4726,40093,223.62,0,0,0,0,0,0,0,0,{"$f":"SUM(T31:T40)","v":407203.62}]
[]
[]
["System Service","System Service",null,1830,1835,1840,1845,1850,1855,1820,1860,1808,1915,1920,1925,1930,1940,1955,1980,{"$f":"$T$13","v":"Total"}]
[null,"Project Title"]
[null,"Project Title"]
[null,"Project Title"]
[null,"Project Title"]
[null,"Project Title"]
[null,"Project Title"]
[null,"Project Title"]
["Sub-Total System Service",{"$f":"A53","v":"Sub-Total System Service"},null,{"$f":"SUM(D46:D52)","v":0},{"$f":"SUM(E46:E52)","v":0},0,0,0,0,0,0,0,0,0,0,0,0,0,0,0]
[]
[]
["General Plant","General Plant",null,1830,1835,1840,1845,1850,1855,1820,1860,1808,1915,1920,1925,1930,1940,1945,1980,{"$f":"$T$13","v":"Total"}]
[null,"Doors for Garage",null,null,null,null,null,null,null,null,null,11963,null,null,null,null,null,null,null,{"$f":"SUM(D57:S57)","v":11963}]
[null,"Overhead Walkway between Buildings",null,null,null,null,null,null,null,null,null,41323,null,null,null,null,null,null,null,{"$f":"SUM(D58:S58)","v":41323}]
[null,"Install accessible washroom, new shower area and men's\nwashroom and lunch room area",null,null,null,null,null,null,null,null,null,40459,null,null,null,null,null,null,null,40459]
[null,"Office Chairs",null,null,null,null,null,null,null,null,null,null,1388,null,null,null,null,null,null,1388]
[null,"Computer Hardware",null,null,null,null,null,null,null,null,null,null,null,28127.21,null,null,null,null,null,28127.21]
[null,"Harris - Upgrade to new version",null,null,null,null,null,null,null,null,null,null,null,null,46620,null,null,null,null,46620]
[null,"2014 Dodge Ram",null,null,null,null,null,null,null,null,null,null,null,null,null,25170,null,null,null,25170]
[null,"2013 Ford F150 1/2 Ton",null,null,null,null,null,null,null,null,null,null,null,null,null,30746,null,null,null,30746]
[null,"2014 Double Bucket Material Handler Truck",null,null,null,null,null,null,null,null,null,null,null,null,null,401326,null,null,null,401326]
[null,"Miscellaneous Small Tools",null,null,null,null,null,null,null,null,null,null,null,null,null,null,6273,null,null,6273]
[null,"Measurement and Testing Equipment",null,null,null,null,null,null,null,null,null,null,null,null,null,null,12104,18090,503,30697]
[]
["Sub-Total General Plant",{"$f":"A69","v":"Sub-Total General Plant"},null,{"$f":"SUM(D57:D67)","v":0},{"$f":"SUM(E57:E67)","v":0},0,0,0,0,0,0,93745,1388,28127.21,46620,457242,18377,18090,503,{"$f":"SUM(D69:S69)","v":664092.21}]
[]
["Total Capital Expenditures",null,null,{"$f":"D27+D42+D53+D69","v":161460},224632,2064,33860,73907,118991.84,40093,9280.2200000000012,93745,1388,28127.21,46620,457242,18377,18090,503,1374238.27]
[null,null,null,null,null,null,null,null,null,null,null,null,null,null,null,null,null,null,"Including Cap Contribution ",{"$f":"'App.2-BA_Fixed Asset Cont'!E272","v":1339021.1000000001}]
[null,null,null,null,null,null,null,null,null,null,null,null,null,null,null,null,null,null,"Excluding Cap Contributions",{"$f":"SUM('App.2-BA_Fixed Asset Cont'!E222:E256)","v":1374238}]

{"sheet":"App.2-AA_Capital Projects 2014","index":8,"n_rows":98,"n_cols":20,"rows_kept":98,"cut":false,"hidden":false,"merged":[[8,0,8,19],[9,0,9,19]]}
[]
[]
[]
[]
[]
[]
[]
[]
["Capital Projects Table"]
[2014]
[]
["Reporting Basis","Reporting Basis",null,"CGAAP","CGAAP","CGAAP","CGAAP","CGAAP","CGAAP","CGAAP","CGAAP","CGAAP","CGAAP","CGAAP","CGAAP","CGAAP","CGAAP","CGAAP","CGAAP","CGAAP"]
["Projects","Projects","USoA ",1830,1835,1840,1845,1850,1855,1820,1860,1808,1915,1920,1925,1930,1940,1955,1980,"Total"]
[]
["System Access","System Access"]
[12,"New Services - Capital",null,null,null,null,null,{"$f":"30913-290","v":30623},{"$f":"29815.69+9913-132+290","v":39886.69},null,{"$f":"16426.91+132","v":16558.91},null,null,null,null,null,null,null,null,{"$f":"SUM(D16:S16)","v":87068.6}]
[1351,"Micro Fit Connections",null,null,null,null,null,null,null,null,1984,null,null,null,null,null,null,null,null,{"$f":"SUM(D17:S17)","v":1984}]
[1402,"Anne St  Townhouses",null,null,null,null,null,null,1935.14,null,315.08,null,null,null,null,null,null,null,null,2250.2200000000003]
[1537,"Noik Drive - 12 unit Apt",null,null,null,null,null,889.5,443.53,null,null,null,null,null,null,null,null,null,null,1333.03]
[1541,"Seigel Dev - Bell & Patricia St",null,null,null,null,5672.83,41.4,null,null,null,null,null,null,null,null,null,null,null,5714.23]
[1640,"OPP Detachment - Install UG Primary XLPE Cable",null,null,null,{"$f":"2046.48+7093","v":9139.48},{"$f":"22645.04-7093","v":15552.04},21089.45,null,null,97.87,null,null,null,null,null,null,null,null,45878.840000000004]
[1657,"Fibre - Install duct from SW16 to OPP Building",null,null,null,1370.33,null,null,null,null,null,null,null,null,null,null,null,null,null,1370.33]
[1661,"Watchorn U/G Line  Extension - Load Transfer",null,null,null,28289.97,7500.55,6128.07,4113.83,null,null,null,null,null,null,null,null,null,null,46032.420000000006]
[1668,"Mill Run - Phase 1 B Developement",null,null,null,676.69,69022.02,11715.28,21184.68,null,340.88,null,null,null,null,null,null,null,null,102939.55000000002]
[1704,"U/G Services - Townhouses - 329-339 Matheson Dr",null,null,null,null,null,null,3110.63,null,null,null,null,null,null,null,null,null,null,3110.63]
[1705,"New Gas Station - Almonte",null,null,null,null,null,14469.85,537.51,null,111.22,null,null,null,null,null,null,null,null,15118.58]
[1706,"Almonte - New Transformer Bank - Spring St Pumping Station",null,null,null,null,null,15598.67,465.31,null,110.36,null,null,null,null,null,null,null,null,16174.34]
[1712,"Install Transformer Bank - Stinson Paul Martin Drive",null,null,null,null,null,7541.31,343.61,null,175,null,null,null,null,null,null,null,null,8059.92]
[1720,"Rd Crossing - McKenzie St Development",null,{"$f":"1012.57+112","v":1124.5700000000002},537.96,null,null,null,null,null,null,null,null,null,null,null,null,null,null,1662.5300000000002]
[1721,"Construct Line - Loadtransfer Cust. @ 68 Watchorn Rd",null,1006.5,726.34,null,null,null,null,null,null,null,null,null,null,null,null,null,null,1732.8400000000001]
[]
["Total System Access","Total System Access",null,{"$f":"SUM(D15:D30)","v":2131.0700000000002},{"$f":"SUM(E15:E30)","v":1264.3000000000002},39476.47,97747.44,108096.53000000001,72020.929999999993,0,19693.320000000003,0,0,0,0,0,0,0,0,{"$f":"SUM(T15:T30)","v":340430.06000000011}]
[]
[]
["System Renewal","System Renewal",null,1830,1835,1840,1845,1850,1855,1820,1860,1808,1915,1920,1925,1930,1940,1955,1980,"Total"]
[null,null,null,null,null,null,null,null,null,null,null,null,null,null,null,null,null,null,null,{"$f":"SUM(D36:S36)","v":0}]
[27,"Minor Capital Betterments",null,{"$f":"20780.26-112","v":20668.259999999998},{"$f":"54905.59+112+1998","v":57015.59},null,null,{"$f":"24559.07-1998","v":22561.07},146.19999999999999,1185.94,null,null,null,null,null,null,null,null,null,{"$f":"SUM(D37:S37)","v":101577.05999999998}]
[1490,"Fraser St - Reconductoring",null,null,52559.22,null,null,null,null,null,null,null,null,null,null,null,null,null,null,52559.22]
[1497,"Martin St Betterment",null,1477.36,82137.539999999994,null,null,2975.91,33.86,null,null,null,null,null,null,null,null,null,null,86624.67]
[1644,"Replace Defective UG Riser Pole - 240 Reynolds Ave",null,1456.11,799.55,null,1259.8499999999999,null,null,null,null,null,null,null,null,null,null,null,null,3515.5099999999998]
[1648,"Almonte  44 KV Betterment  Hwy 15 to Sub #2",null,28283.83,33451.51,null,null,null,null,null,null,null,null,null,null,null,null,null,null,61735.340000000004]
[1650,"Robertson Rd Rebuild - Beachburg",null,14504.61,38207.050000000003,null,null,5814.96,2854.45,3589.61,null,null,null,null,null,null,null,null,null,64970.68]
[1651,"Install 35\" Guy Stub Pole Anchor & Transfer - 968 Reynolds A",null,768.28,null,null,null,null,null,null,null,null,null,null,null,null,null,null,null,768.28]
[1653,"Replace Transformer 75 Kva to 50 Kva - 386 Morris St",null,null,null,null,null,6018.96,null,null,null,null,null,null,null,null,null,null,null,6018.96]
[1656,"Reroute Primary  - International Drive",null,null,null,1569.32,8122.63,4342.3,null,172,null,null,null,null,null,null,null,null,null,14206.25]
[1660,"Reconductor McGee St With 4/0 / 1/0 Bus",null,null,15628.09,null,null,1004.46,353.12,null,null,null,null,null,null,null,null,null,null,16985.669999999998]
[1672,"Install OH 120V Secondary - Bell St",null,null,1854.46,null,null,null,null,null,null,null,null,null,null,null,null,null,null,1854.46]
[1673,"Replace 2 Poles & Transfer @ Cameron St",null,2354.9699999999998,2479.5100000000002,null,null,null,null,null,null,null,null,null,null,null,null,null,null,4834.4799999999996]
[1678,"Reinsulate 15 KV Line - Bennet & Julien St",null,null,8966.84,null,null,null,null,null,null,null,null,null,null,null,null,null,null,8966.84]
[1703,"Fraser St - 5 KV -Convert to Armless Construction",null,null,3690,null,null,null,null,null,null,null,null,null,null,null,null,null,null,3690]
[1711,"Install 44 KV Switches - 260 Fraser St",null,null,3575,null,null,null,null,null,null,null,null,null,null,null,null,null,null,3575]
[1715,"Install 2 45' Poles - John St @ Ryan St  Killaloe",null,2818.8,1154.54,null,null,null,null,null,null,null,null,null,null,null,null,null,null,3973.34]
[1719,"Upgrade Secondary Conductor - Everett St",null,null,2989,null,null,null,null,null,null,null,null,null,null,null,null,null,null,2989]
[null,"Sub 3 Ground Grid",null,null,null,null,null,null,null,10468,null,null,null,null,null,null,null,null,null,10468]
[null,"Sub 6 Ground Grid",null,null,null,null,null,null,null,10468,null,null,null,null,null,null,null,null,null,10468]
[null,null,null,null,null,null,null,null,null,null,null,null,null,null,null,null,null,null,null,0]
[null,null,null,null,null,null,null,null,null,null,null,null,null,null,null,null,null,null,null,0]
[null,null,null,null,null,null,null,null,null,null,null,null,null,null,null,null,null,null,null,0]
[null,null,null,null,null,null,null,null,null,null,null,null,null,null,null,null,null,null,null,0]
[null,null,null,null,null,null,null,null,null,null,null,null,null,null,null,null,null,null,null,0]
["Sub-Total System Renewal","Sub-Total System Renewal",null,{"$f":"SUM(D36:D59)","v":72332.22},304507.90000000002,1569.32,9382.48,42717.66,3387.6299999999997,25883.55,0,0,0,0,0,0,0,0,0,459780.76000000007]
[]
[]
["System Service","System Service",null,1830,1835,1840,1845,1850,1855,1820,1860,1808,1915,1920,1925,1930,1940,1955,1980,"Total"]
[1647,"Replace Collectors in Almonte With Pole Mount Colle",null,null,null,null,null,null,null,null,12215.84,null,null,null,null,null,null,null,null,{"$f":"SUM(D65:S65)","v":12215.84}]
[1652,"Install New Viper Mount Reclosure - Mill St Killaloe",null,null,35561.57,null,null,null,4875.84,null,null,null,null,null,null,null,null,null,null,40437.410000000003]
[1709,"SUB 2 - Rebuild",null,267.13,3265.67,2834.9,{"$f":"9928.61+58972","v":68900.61},{"$f":"31614.92-25000+661","v":7275.9199999999983},null,{"$f":"87427+25000-661-59014","v":52752},null,null,null,null,null,null,null,null,null,135296.22999999998]
[1725,"Subs 2 & 3 - Inspection and Testing - Almonte",null,null,null,null,null,null,null,28828,null,null,null,null,null,null,null,null,null,28828]
[null,null,null,null,null,null,null,null,null,null,null,null,null,null,null,null,null,null,null,0]
[null,null,null,null,null,null,null,null,null,null,null,null,null,null,null,null,null,null,null,0]
[]
["Sub-Total System Service","Sub-Total System Service",null,{"$f":"SUM(D65:D71)","v":267.13},{"$f":"SUM(E65:E71)","v":38827.24},2834.9,68900.61,7275.9199999999983,4875.84,81580,12215.84,0,0,0,0,0,0,0,0,{"$f":"SUM(T65:T71)","v":216777.47999999998}]
[]
[]
["General Plant","General Plant",null,1830,1835,1840,1845,1850,1855,1820,1860,1808,1915,1920,1925,1930,1940,1955,1980,"Total"]
[null,"Men's Wshrm Accessability",null,null,null,null,null,null,null,null,null,11740.48,null,null,null,null,null,null,null,{"$f":"SUM(D76:S76)","v":11740.48}]
[null,"Garage Work",null,null,null,null,null,null,null,null,null,12989.12,null,null,null,null,null,null,null,{"$f":"SUM(D77:S77)","v":12989.12}]
[null,"Office Desk & Chairs",null,null,null,null,null,null,null,null,null,null,3337,null,null,null,null,null,null,3337]
[null,"Computer Hardware:  Printers, Desktops",null,null,null,null,null,null,null,null,null,null,null,10556.86,null,null,null,null,null,10556.86]
[null,"Computer Software - CIS",null,null,null,null,null,null,null,null,null,null,null,null,28560,null,null,null,null,28560]
[null,"Computer Software - Finance, Mapping",null,null,null,null,null,null,null,null,null,null,null,null,12406.71,null,null,null,null,12406.71]
[null,"Forklift Purchase",null,null,null,null,null,null,null,null,null,null,null,null,null,16400,null,null,null,16400]
[null,"Ford C-Max - Service Vehicle Purchase",null,null,null,null,null,null,null,null,null,null,null,null,null,28236,null,null,null,28236]
[null,"Utility Trailer",null,null,null,null,null,null,null,null,null,null,null,null,null,8970,null,null,null,8970]
[null,"Final Material for Double Bucket Truck",null,null,null,null,null,null,null,null,null,null,null,null,null,5273.43,null,null,null,5273.43]
[null,"Small Tools",null,null,null,null,null,null,null,null,null,null,null,null,null,null,39977.4,null,null,39977.4]
[null,"Communication Equip",null,null,null,null,null,null,null,null,null,null,null,null,null,null,null,2147.6,null,2147.6]
[null,"System Supervisory Equp",null,null,null,null,null,null,null,null,null,null,null,null,null,null,null,null,611.33000000000004,611.33000000000004]
[]
[null,null,null,null,null,null,null,null,null,null,null,null,null,null,null,null,null,null,null,0]
["Sub-Total General Plant","Sub-Total General Plant",null,{"$f":"SUM(D76:D90)","v":0},{"$f":"SUM(E76:E90)","v":0},0,0,0,0,0,0,24729.599999999999,3337,10556.86,40966.71,58879.43,39977.4,2147.6,611.33000000000004,181205.93]
[]
["Total Capital Expenditures",null,null,{"$f":"D32+D61+D72+D91","v":74730.420000000013},344599.44,43880.69,176030.53,158090.10999999999,80284.399999999994,107463.55,31909.160000000003,24729.599999999999,3337,10556.86,40966.71,58879.43,39977.4,2147.6,611.33000000000004,1198194.2300000002]
[null,null,null,null,null,null,null,null,null,null,null,null,null,null,null,null,null,null,"Including Cap Contribution ",{"$f":"'App.2-BA_Fixed Asset Cont'!E341","v":1049402}]
[null,null,null,null,null,null,null,null,null,null,null,null,null,null,null,null,null,null,"Excluding Cap Contributions",{"$f":"SUM('App.2-BA_Fixed Asset Cont'!E292:E326)","v":1198194}]
[]
[null,null,null,{"$f":"'App.2-BA_Fixed Asset Cont'!$E300","v":74730},{"$f":"'App.2-BA_Fixed Asset Cont'!$E301","v":344599},{"$f":"'App.2-BA_Fixed Asset Cont'!$E302","v":43881},{"$f":"'App.2-BA_Fixed Asset Cont'!$E303","v":176031},{"$f":"'App.2-BA_Fixed Asset Cont'!$E304","v":158090},{"$f":"'App.2-BA_Fixed Asset Cont'!$E305","v":80284},{"$f":"'App.2-BA_Fixed Asset Cont'!E298","v":107464},{"$f":"'App.2-BA_Fixed Asset Cont'!E307","v":31909},{"$f":"'App.2-BA_Fixed Asset Cont'!E295","v":24730},{"$f":"'App.2-BA_Fixed Asset Cont'!E311","v":3337},{"$f":"'App.2-BA_Fixed Asset Cont'!E315","v":10557},{"$f":"'App.2-BA_Fixed Asset Cont'!E292","v":40967},{"$f":"'App.2-BA_Fixed Asset Cont'!E316","v":58879},{"$f":"'App.2-BA_Fixed Asset Cont'!E318","v":39977},{"$f":"'App.2-BA_Fixed Asset Cont'!E321","v":2148},{"$f":"'App.2-BA_Fixed Asset Cont'!E326","v":611},{"$f":"SUM(D97:S97)","v":1198194}]
[null,null,null,{"$f":"D93-D97","v":0.42000000001280569},{"$f":"E93-E97","v":0.44000000000232831},-0.30999999999767169,-0.47000000000116415,0.10999999998603016,0.39999999999417923,-0.44999999999708962,0.16000000000349246,-0.40000000000145519,0,-0.13999999999941792,-0.29000000000087311,0.43000000000029104,0.40000000000145519,-0.40000000000009095,0.33000000000004093]

{"sheet":"App.2-AA_Capital Projects 2015","index":9,"n_rows":85,"n_cols":20,"rows_kept":85,"cut":false,"hidden":false,"merged":[[8,0,8,19],[9,0,9,19]]}
[]
[]
[]
[]
[]
[]
[]
[]
["Capital Projects Table"]
[2015]
[]
["Reporting Basis","Reporting Basis",null,"CGAAP","CGAAP","CGAAP","CGAAP","CGAAP","CGAAP","CGAAP","CGAAP","CGAAP","CGAAP","CGAAP","CGAAP","CGAAP","CGAAP","CGAAP","CGAAP","CGAAP"]
["Projects","Projects","USoA ",1830,1835,1840,1845,1850,1855,1820,1860,1808,1915,1920,1925,1930,1940,1955,1980,"Total"]
[]
["System Access","System Access",null,null,null,null,null,null,null,null,null,null,null,null,null,null,null,null,null,{"$f":"SUM(D15:S15)","v":0}]
["0012","New Services",null,20000,60000,53000,100000,80000,35000,null,10000,null,null,null,null,null,null,null,null,{"$f":"SUM(D16:S16)","v":358000}]
[4,"Commercial",null,10000,30000,20000,50000,42500,15500,null,5000,null,null,null,null,null,null,null,null,173000]
[5,"Scattered Residential Pembroke",null,null,20000,null,15000,8000,25500,null,4500,null,null,null,null,null,null,null,null,73000]
[5.0999999999999996,"Scattered Residential Beachburg",null,null,5000,null,13650,2000,5000,null,1500,null,null,null,null,null,null,null,null,27150]
[5.2,"Scattered Residential Killaloe",null,null,5000,null,null,2000,5000,null,1500,null,null,null,null,null,null,null,null,13500]
[5.3,"Scattered Residential Almonte",null,null,15000,null,null,6000,15000,null,3000,null,null,null,null,null,null,null,null,39000]
[null,null,null,null,null,null,null,null,null,null,null,null,null,null,null,null,null,null,null,0]
["Total System Access","Total System Access",null,{"$f":"SUM(D15:D21)","v":30000},135000,73000,178650,140500,101000,0,25500,0,0,0,0,0,0,0,0,683650]
[]
[]
["System Renewal","System Renewal",null,1830,1835,1840,1845,1850,1855,1820,1860,1808,1915,1920,1925,1930,1940,1955,1980,"Total"]
[null,"Scattered Pole replacement Pembroke",null,43000,null,null,null,5500,null,null,null,null,null,null,null,null,null,null,null,{"$f":"SUM(D27:S27)","v":48500}]
[null,"Scattered Pole replacement Almonte",null,15000,null,null,null,2000,null,null,null,null,null,null,null,null,null,null,null,{"$f":"SUM(D28:S28)","v":17000}]
[null,"Scattered Pole replacement Beachburg",null,4000,null,null,null,1000,null,null,null,null,null,null,null,null,null,null,null,5000]
[null,"Scattered Pole replacement Killaloe",null,4000,null,null,null,1000,null,null,null,null,null,null,null,null,null,null,null,5000]
[null,"Minor Capital Betterments Pembroke",null,{"$f":"37200-5380","v":31820},43000,null,30000,19000,null,null,null,null,null,null,null,null,null,null,null,123820]
[null,"Minor Capital Betterments Almonte",null,24000,25000,null,25000,12000,null,null,null,null,null,null,null,null,null,null,null,86000]
[null,"Minor Capital Betterments Beachburg",null,{"$f":"1500","v":1500},3500,null,5000,3000,null,null,null,null,null,null,null,null,null,null,null,13000]
[null,"Minor Capital Betterments Killaloe",null,1500,3500,null,5000,3000,null,null,null,null,null,null,null,null,null,null,null,13000]
[null,"Fisher St. to Trafalgar",null,0,null,null,null,null,null,null,null,null,null,null,null,null,null,null,null,0]
[null,"Sub 4 Behind Remi Auto",null,0,null,null,null,null,null,10000,null,null,null,null,null,null,null,null,null,10000]
[null,"Sub 2 44 kV cement Pole",null,0,null,null,null,null,null,null,null,null,null,null,null,null,null,null,null,0]
[null,"Pembroke Substation Condition Assessment",null,null,null,null,null,null,null,20000,null,null,null,null,null,null,null,null,null,20000]
[null,null,null,null,null,null,null,null,null,null,null,null,null,null,null,null,null,null,null,0]
[null,"Substation Testing and assesment",null,null,null,null,null,null,null,14500,null,null,null,null,null,null,null,null,null,14500]
[null,"Sub 3 Replace Pole structure at station entrance",null,0,null,null,null,null,null,null,null,null,null,null,null,null,null,null,null,0]
[null,"Pembroke roads",null,null,null,0,0,0,null,null,null,null,null,null,null,null,null,null,null,0]
[null,"Replace cedar poles at Mackay",null,0,null,null,null,null,null,null,null,null,null,null,null,null,null,null,null,0]
[null,"Replace Bell poles",null,null,0,null,null,null,null,null,null,null,null,null,null,null,null,null,null,0]
[null,"Meters",null,null,null,null,null,null,null,null,49500,null,null,null,null,null,null,null,null,49500]
[null,null,null,null,null,null,null,null,null,null,null,null,null,null,null,null,null,null,null,0]
[null," ",null,null,null,null,null,null,null,null,null,null,null,null,null,null,null,null,null,0]
["Sub-Total System Renewal",{"$f":"A48","v":"Sub-Total System Renewal"},null,{"$f":"SUM(D27:D46)","v":124820},{"$f":"SUM(E27:E46)","v":75000},0,65000,46500,0,44500,49500,0,0,0,0,0,0,0,0,405320]
[]
[]
["System Service","System Service",null,1830,1835,1840,1845,1850,1855,1820,1860,1808,1915,1920,1925,1930,1940,1955,1980,"Total"]
[null,"Substation 3",null,null,null,null,null,null,null,40000,null,null,null,null,null,null,null,null,0,{"$f":"SUM(D52:S52)","v":40000}]
[null,"Almonte Sub 2 & 3",null,null,null,null,null,null,null,30000,null,null,null,null,null,null,null,null,0,{"$f":"SUM(D53:S53)","v":30000}]
[null,"Substation 6",null,null,null,null,null,null,null,25000,null,null,null,null,null,null,null,null,7000,{"$f":"SUM(D54:S54)","v":32000}]
[null,null,null,null,null,null,null,null,null,null,null,null,null,null,null,null,null,null,null,{"$f":"SUM(D55:S55)","v":0}]
[null,null,null,null,0,null,null,null,null,null,null,null,null,null,null,null,null,null,null,0]
[null,null,null,null,null,null,null,null,null,null,null,null,null,null,0,null,null,null,null,0]
[null,null,null,null,null,null,null,null,null,0,null,null,null,null,null,null,null,null,null,0]
[null,null,null,null,0,null,null,null,null,null,null,null,null,null,null,null,null,null,null,0]
[null,null,null,null,null,null,null,null,null,null,null,null,null,null,null,null,null,null,null,0]
["Sub-Total System Service",{"$f":"A61","v":"Sub-Total System Service"},null,{"$f":"SUM(D52:D60)","v":0},0,0,0,0,0,95000,0,0,0,0,0,0,0,0,7000,102000]
[]
[]
["General Plant","General Plant",null,1830,1835,1840,1845,1850,1855,1820,1860,1808,1915,1920,1925,1930,1940,1955,1980,"Total"]
[null,"Doors for Stores",null,null,null,null,null,null,null,null,null,10000,null,null,null,null,null,null,null,{"$f":"SUM(D65:S65)","v":10000}]
[null,"Fire Alarm",null,null,null,null,null,null,null,null,null,38000,null,null,null,null,null,null,null,{"$f":"SUM(D66:S66)","v":38000}]
[null,"Garage Roof",null,null,null,null,null,null,null,null,null,20000,null,null,null,null,null,null,null,20000]
[null,"Garage floor",null,null,null,null,null,null,null,null,null,13000,null,null,null,null,null,null,null,13000]
[null,"Office Furniture front office",null,null,null,null,null,null,null,null,null,null,5000,null,null,null,null,null,null,5000]
[null,"PC Upgrade",null,null,null,null,null,null,null,null,null,null,null,10000,null,null,null,null,null,10000]
[null,"Misc Software Upgrades",null,null,null,null,null,null,null,null,null,null,null,null,34000,null,null,null,null,34000]
[null,"Office façade",null,null,null,null,null,null,null,null,null,25000,null,null,null,null,null,null,null,25000]
[null,"2016 RBD downpayment",null,null,null,null,null,null,null,null,null,null,null,null,null,36000,null,null,null,36000]
[null,"#28 van",null,null,null,null,null,null,null,null,null,null,null,null,null,25000,null,null,null,25000]
[null,"Miscellaneous Small Tools",null,null,null,null,null,null,null,null,null,null,null,null,null,null,10000,null,null,10000]
[null,"Radios",null,null,null,null,null,null,null,null,null,null,null,null,null,null,null,1200,null,1200]
[null,"Scada Equipment",null,null,null,null,null,null,null,null,null,null,null,null,null,null,null,null,15500,15500]
["Sub-Total General Plant",{"$f":"A78","v":"Sub-Total General Plant"},null,{"$f":"SUM(D65:D77)","v":0},0,0,0,0,0,0,0,106000,5000,10000,34000,61000,10000,1200,15500,242700]
[]
["Total Capital Expenditures",null,null,{"$f":"D23+D48+D61+D78","v":154820},210000,73000,243650,187000,101000,139500,75000,106000,5000,10000,34000,61000,10000,1200,22500,1433670]
[null,null,null,null,null,null,null,null,null,null,null,null,null,null,null,null,null,null,"Including Cap Contribution ",{"$f":"'App.2-BA_Fixed Asset Cont'!E411","v":1109670}]
[null,null,null,null,null,null,null,null,null,null,null,null,null,null,null,null,null,null,"Excluding Cap Contributions",{"$f":"SUM('App.2-BA_Fixed Asset Cont'!E361:E398)","v":1433670}]
[]
[null,null,null,{"$f":"'App.2-BA_Fixed Asset Cont'!$E369","v":154820},{"$f":"'App.2-BA_Fixed Asset Cont'!$E370","v":210000},{"$f":"'App.2-BA_Fixed Asset Cont'!$E371","v":73000},{"$f":"'App.2-BA_Fixed Asset Cont'!$E372","v":243650},{"$f":"'App.2-BA_Fixed Asset Cont'!$E373","v":187000},{"$f":"'App.2-BA_Fixed Asset Cont'!$E374","v":101000},{"$f":"'App.2-BA_Fixed Asset Cont'!E367","v":139500},{"$f":"SUM('App.2-BA_Fixed Asset Cont'!E375:E376)","v":75000},{"$f":"'App.2-BA_Fixed Asset Cont'!E364","v":106000},{"$f":"'App.2-BA_Fixed Asset Cont'!E380","v":5000},{"$f":"'App.2-BA_Fixed Asset Cont'!E384","v":10000},{"$f":"'App.2-BA_Fixed Asset Cont'!E361","v":34000},{"$f":"'App.2-BA_Fixed Asset Cont'!E385","v":61000},{"$f":"'App.2-BA_Fixed Asset Cont'!E387","v":10000},{"$f":"'App.2-BA_Fixed Asset Cont'!E390","v":1200},{"$f":"'App.2-BA_Fixed Asset Cont'!E395","v":22500},{"$f":"SUM(D84:S84)","v":1433670}]
[null,null,null,{"$f":"D80-D84","v":0},{"$f":"E80-E84","v":0},0,0,0,0,0,0,0,0,0,0,0,0,0,0]

{"sheet":"App.2-AA_Capital Projects 2016","index":10,"n_rows":89,"n_cols":21,"rows_kept":89,"cut":false,"hidden":false,"merged":[[8,0,8,19],[9,0,9,19]]}
[]
[]
[]
[]
[]
[]
[]
[]
["Capital Projects Table"]
[2015]
[]
["Reporting Basis","Reporting Basis",null,"CGAAP","CGAAP","CGAAP","CGAAP","CGAAP","CGAAP","CGAAP","CGAAP","CGAAP","CGAAP","CGAAP","CGAAP","CGAAP","CGAAP","CGAAP","CGAAP","CGAAP"]
["Projects","Projects","USoA ",1830,1835,1840,1845,1850,1855,1820,1860,1808,1915,1920,1925,1930,1940,1955,1980,"Total"]
[]
["System Access","System Access"]
[null,"Scattered Residential Development Conductors",null,null,20500,null,null,null,null,null,null,null,null,null,null,null,null,null,null,{"$f":"SUM(E16:S16)","v":20500}]
[null,"Scattered Residential Development Poles",null,17500,null,null,null,null,null,null,null,null,null,null,null,null,null,null,null,{"$f":"SUM(E17:S17)","v":0}]
[null,"Scattered Residential Development Service wire",null,null,null,null,null,null,50500,null,null,null,null,null,null,null,null,null,null,50500]
[null,"Scattered Residential Development Smart Meters Residential",null,null,null,null,null,null,null,null,10500,null,null,null,null,null,null,null,null,10500]
[null,"Scattered Residential Development Transformers",null,null,null,null,null,18000,null,null,null,null,null,null,null,null,null,null,null,18000]
[null,"Various Almonte Subdivisions",null,null,null,null,70650,null,null,null,null,null,null,null,null,null,null,null,null,70650]
[null,"Various Almonte Subdivisions Services",null,null,null,null,null,null,31500,null,null,null,null,null,null,null,null,null,null,31500]
[null,"Various Almonte Subdivisions Smart Meters Residential",null,null,null,null,null,null,null,null,10700,null,null,null,null,null,null,null,null,10700]
[null,"Various Commercial Development Metering",null,null,null,null,null,null,null,null,7500,null,null,null,null,null,null,null,null,7500]
[null,"Various Commercial Development OH Conductor",null,null,11000,null,null,null,null,null,null,null,null,null,null,null,null,null,null,11000]
[null,"Various Commercial Development Poles",null,7000,null,null,null,null,null,null,null,null,null,null,null,null,null,null,null,0]
[null,"Various Commercial Development Transformers",null,null,null,null,null,57000,null,null,null,null,null,null,null,null,null,null,null,57000]
[null,"Various Commercial Development UG Cable",null,null,null,null,18000,null,null,null,null,null,null,null,null,null,null,null,null,18000]
[null,"Various Pembroke Subdivisions",null,null,null,null,75000,null,null,null,null,null,null,null,null,null,null,null,null,75000]
[null,"Various Pembroke Subdivisions Services",null,null,null,null,null,null,19000,null,null,null,null,null,null,null,null,null,null,19000]
[null,"Various Pembroke Subdivisions Smart Meters Residential",null,null,null,null,null,null,null,null,14000,null,null,null,null,null,null,null,null,14000]
[null,"Various Subdivision Transformers",null,null,null,null,null,62500,null,null,null,null,null,null,null,null,null,null,null,62500]
[null,null,null,null,null,null,null,null,null,null,null,null,null,null,null,null,null,null,null,0]
["Total System Access","Total System Access",null,{"$f":"SUM(D16:D32)","v":24500},{"$f":"SUM(E16:E32)","v":31500},0,163650,137500,101000,0,42700,0,0,0,0,0,0,0,0,476350]
[]
[]
["System Renewal","System Renewal",null,1830,1835,1840,1845,1850,1855,1820,1860,1808,1915,1920,1925,1930,1940,1955,1980,"Total"]
[null,"Pembroke Substation testing",null,null,null,null,null,null,null,29000,null,null,null,null,null,null,null,null,null,{"$f":"SUM(E38:S38)","v":29000}]
[null,"Pole Replacement",null,46000,null,null,null,null,null,null,null,null,null,null,null,null,null,null,null,{"$f":"SUM(D39:S39)","v":46000}]
[null,"Pole Replacement - Line betterments",null,14200,null,null,null,null,null,null,null,null,null,null,null,null,null,null,null,{"$f":"SUM(D40:S40)","v":14200}]
[null,"Pole Replacement - Line betterments",null,14200,null,null,null,null,null,null,null,null,null,null,null,null,null,null,null,14200]
[null,"Pole Replacement - Line betterments",null,11700,null,null,null,null,null,null,null,null,null,null,null,null,null,null,null,11700]
[null,"Pole Replacement - Line betterments conductors",null,null,44500,null,null,null,null,null,null,null,null,null,null,null,null,null,null,44500]
[null,"Pole replacement Bell Killaloe",null,null,null,null,null,null,null,null,null,null,null,null,null,null,null,null,null,0]
[null,"Transformer replacement Program",null,null,null,null,null,{"$f":"15000+9500","v":24500},null,null,null,null,null,null,null,null,null,null,null,24500]
[null,"Pole Replacement",null,null,null,null,null,null,null,null,null,null,null,null,null,null,null,null,null,0]
[null,"Pole Replacement - Line betterments transformers",null,null,null,null,null,10000,null,null,null,null,null,null,null,null,null,null,null,10000]
[null,null,null,null,null,null,null,null,null,null,null,null,null,null,null,null,null,null,null,0]
["Sub-Total System Renewal",{"$f":"A49","v":"Sub-Total System Renewal"},null,{"$f":"SUM(D39:D48)","v":86100},{"$f":"SUM(E39:E48)","v":44500},0,0,34500,0,{"$f":"SUM(J38:J48)","v":29000},0,0,0,0,0,0,0,0,0,{"$f":"SUM(T38:T48)","v":194100}]
[]
[]
["System Service","System Service",null,1830,1835,1840,1845,1850,1855,1820,1860,1808,1915,1920,1925,1930,1940,1955,1980,"Total"]
[null,"Almonte MS-2  44 kV conductor upgrades",null,null,58100,null,null,null,null,null,null,null,null,null,null,null,null,null,null,{"$f":"SUM(E53:S53)","v":58100}]
[null,"Engineering Studies",null,null,null,null,null,null,null,86000,null,null,null,null,null,null,null,null,null,86000]
[null,"Almonte MS-2  44 kV pole upgrades",null,27100,null,null,null,null,null,null,null,null,null,null,null,null,null,null,null,0]
[null,"Almonte Feeder MS-2 (2F2) conductor upgrades",null,null,null,null,null,null,null,null,null,null,null,null,null,null,null,null,null,0]
[null,"Almonte Feeder Reclosing relay MS 2",null,null,24300,null,null,null,null,null,null,null,null,null,null,null,null,null,null,24300]
[null,"Almonte Feeder Reclosing relay MS 3",null,null,18500,null,null,null,null,null,null,null,null,null,null,null,null,null,null,18500]
[null,"Almonte MS 3 feeder cables",null,null,14300,null,null,null,null,null,null,null,null,null,null,null,null,null,null,14300]
[null,"Electronic Protective relays",null,null,null,null,null,null,null,16500,null,null,null,null,null,null,null,null,null,16500]
[null,"Scada upgrade",null,null,null,null,null,null,null,null,null,null,null,null,null,null,null,null,45000,45000]
[null,"Outage Management System",null,null,null,null,null,null,null,null,null,null,null,null,null,null,null,null,78000,78000]
[null,"Pembroke MS 6 Ground Grid",null,null,null,null,null,null,null,12000,null,null,null,null,null,null,null,null,null,12000]
[null,"Pembroke MS 6 Ground Grid",null,null,null,null,null,null,null,50000,null,null,null,null,null,null,null,null,null,50000]
[null,"Pembroke Substation MS 2",null,null,null,null,null,null,null,null,null,38000,null,null,null,null,null,null,null,38000]
[null,"SCADA connections Almonte MS-1",null,null,null,null,null,null,null,null,null,null,null,null,null,null,null,null,7000,7000]
[null,null,null,null,null,null,null,null,null,null,null,null,null,null,null,null,null,null,null," "]
["Sub-Total System Service",{"$f":"A68","v":"Sub-Total System Service"},null,{"$f":"SUM(D53:D67)","v":27100},{"$f":"SUM(E53:E67)","v":115200},0,0,0,0,164500,0,38000,0,0,0,0,0,0,130000,447700]
[]
[]
["General Plant","General Plant",null,1830,1835,1840,1845,1850,1855,1820,1860,1808,1915,1920,1925,1930,1940,1955,1980,"Total"]
[null,"Misc Small Tools",null,null,null,null,null,null,null,null,null,null,null,null,null,null,10000,null,null,{"$f":"SUM(E72:S72)","v":10000}]
[null,"Misc Software Upgrades",null,null,null,null,null,null,null,null,null,null,null,null,9000,null,null,null,null,9000]
[null,"Misc Software Upgrades",null,null,null,null,null,null,null,null,null,null,null,null,10000,null,null,null,null,10000]
[null,"Mobile radio",null,null,null,null,null,null,null,null,null,null,null,null,null,null,null,1200,null,1200]
[null,"PC Upgrade",null,null,null,null,null,null,null,null,null,null,null,10000,null,null,null,null,null,10000]
[null,"Replacement Furniture",null,null,null,null,null,null,null,null,null,null,8000,null,null,null,null,null,null,8000]
[null,"Transportation Equipment",null,null,null,null,null,null,null,null,null,null,null,null,null,300000,null,null,null,300000]
[null,"Transportation Equipment",null,null,null,null,null,null,null,null,null,null,null,null,null,28000,null,null,null,28000]
[null,null,null,null,null,null,null,null,null,null,null,null,null,null,null,null,null,null,null,0]
[]
["Sub-Total General Plant",{"$f":"A82","v":"Sub-Total General Plant"},null,{"$f":"SUM(D72:D80)","v":0},{"$f":"SUM(E72:E80)","v":0},0,0,0,0,0,0,0,8000,10000,19000,328000,10000,1200,0,376200]
[]
["Total Capital Expenditures",null,null,{"$f":"D34+D49+D68+D82","v":137700},{"$f":"E34+E49+E68+E82","v":191200},0,163650,172000,101000,193500,42700,38000,8000,10000,19000,328000,10000,1200,130000,{"$f":"SUM(D84:S84)","v":1545950}]
[null,null,null,null,null,null,null,null,null,null,null,null,null,null,null,null,null,null,"Including Cap Contribution ",{"$f":"'App.2-BA_Fixed Asset Cont'!E482","v":1245950}]
[null,null,null,null,null,null,null,null,null,null,null,null,null,null,null,null,null,null,"Excluding Cap Contributions",{"$f":"SUM('App.2-BA_Fixed Asset Cont'!E432:E469)","v":1545950},{"$f":"+T84-T86","v":0}]
[]
[null,null,null,{"$f":"'App.2-BA_Fixed Asset Cont'!$E440","v":137700},{"$f":"'App.2-BA_Fixed Asset Cont'!$E441","v":191200},{"$f":"'App.2-BA_Fixed Asset Cont'!$E442","v":0},{"$f":"'App.2-BA_Fixed Asset Cont'!$E443","v":163650},{"$f":"'App.2-BA_Fixed Asset Cont'!$E444","v":172000},{"$f":"'App.2-BA_Fixed Asset Cont'!$E445","v":101000},{"$f":"'App.2-BA_Fixed Asset Cont'!E438","v":193500},{"$f":"SUM('App.2-BA_Fixed Asset Cont'!E446:E447)","v":42700},{"$f":"'App.2-BA_Fixed Asset Cont'!E435","v":38000},{"$f":"'App.2-BA_Fixed Asset Cont'!E451","v":8000},{"$f":"'App.2-BA_Fixed Asset Cont'!E455","v":10000},{"$f":"'App.2-BA_Fixed Asset Cont'!E432","v":19000},{"$f":"'App.2-BA_Fixed Asset Cont'!E456","v":328000},{"$f":"'App.2-BA_Fixed Asset Cont'!E458","v":10000},{"$f":"'App.2-BA_Fixed Asset Cont'!E461","v":1200},{"$f":"'App.2-BA_Fixed Asset Cont'!E466","v":130000},{"$f":"SUM(D88:S88)","v":1545950}]
[null,null,null,{"$f":"D84-D88","v":0},{"$f":"E84-E88","v":0},0,0,0,0,0,0,0,0,0,0,0,0,0,0]

{"sheet":"App.2-AB_Capital Expenditures","index":11,"n_rows":35,"n_cols":21,"rows_kept":35,"cut":false,"hidden":false,"merged":[[8,0,8,20],[9,0,9,20],[13,7,13,9],[13,10,13,12],[13,13,13,15],[13,16,14,16],[13,17,14,17],[15,16,15,20],[12,0,15,0],[12,1,12,15],[15,1,15,2],[15,4,15,5],[15,7,15,8],[15,10,15,11],[15,13,15,14],[12,16,12,20],[13,1,13,3],[13,4,13,6],[13,18,14,18],[13,19,14,19],[13,20,14,20],[32,0,33,20],[35,0,36,20],[34,0,34,20],[27,0,27,20],[28,0,28,20],[29,0,30,20],[31,0,31,20]]}
[null,null,null,null,null,null,null,null,null,null,null,null,null,null,null,null,null,null,"File Number:",null,{"$f":"EBNUMBER","v":"EB-2014-0105"}]
[null,null,null,null,null,null,null,null,null,null,null,null,null,null,null,null,null,null,"Exhibit:"]
[null,null,null,null,null,null,null,null,null,null,null,null,null,null,null,null,null,null,"Tab:"]
[null,null,null,null,null,null,null,null,null,null,null,null,null,null,null,null,null,null,"Schedule:"]
[null,null,null,null,null,null,null,null,null,null,null,null,null,null,null,null,null,null,"Page:"]
[]
[null,null,null,null,null,null,null,null,null,null,null,null,null,null,null,null,null,null,"Date:"]
[]
["Appendix 2-AB"]
["Table 2 - Capital Expenditure Summary from Chapter 5 Consolidated\nDistribution System Plan Filing Requirements"]
[]
["First year of Forecast Period:",{"$f":"TestYear","v":2016}]
["CATEGORY","Historical Period (previous plan1 & actual)",null,null,null,null,null,null,null,null,null,null,null,null,null,null,"Forecast Period (planned)"]
[null,{"$f":"E14-1","v":2011},null,null,{"$f":"H14-1","v":2012},null,null,{"$f":"K14-1","v":2013},null,null,{"$f":"N14-1","v":2014},null,null,{"$f":"Q14-1","v":2015},null,null,{"$f":"B12","v":2016},{"$f":"Q14+1","v":2017},{"$f":"R14+1","v":2018},2019,2020]
[null,"Plan","Actual","Var","Plan","Actual","Var","Plan","Actual","Var","Plan","Actual","Var","Plan","Actual2","Var"]
[null,"$ '000",null,"%","$ '000",null,"%","$ '000",null,"%","$ '000",null,"%","$ '000",null,"%","$ '000"]
["System Access",null,369429,{"$f":"IF(ISERROR((C17-B17)/B17),\"--\",(C17-B17)/B17)","v":"--"},null,231185,{"$f":"IF(ISERROR((F17-E17)/E17),\"--\",(F17-E17)/E17)","v":"--"},null,302943,{"$f":"IF(ISERROR((I17-H17)/H17),\"--\",(I17-H17)/H17)","v":"--"},null,340430,{"$f":"IF(ISERROR((L17-K17)/K17),\"--\",(L17-K17)/K17)","v":"--"},null,500850,{"$f":"IF(ISERROR((O17-N17)/N17),\"--\",(O17-N17)/N17)","v":"--"},500850,452200,392700,392700,395000]
["System Renewal",null,307425,{"$f":"IF(ISERROR((C18-B18)/B18),\"--\",(C18-B18)/B18)","v":"--"},null,344841,{"$f":"IF(ISERROR((F18-E18)/E18),\"--\",(F18-E18)/E18)","v":"--"},null,407204,{"$f":"IF(ISERROR((I18-H18)/H18),\"--\",(I18-H18)/H18)","v":"--"},null,459780,{"$f":"IF(ISERROR((L18-K18)/K18),\"--\",(L18-K18)/K18)","v":"--"},null,449820,{"$f":"IF(ISERROR((O18-N18)/N18),\"--\",(O18-N18)/N18)","v":"--"},194100,248750,193200,193200,195000]
["System Service",null,null,"--",null,null,"--",null,null,"--",null,216819,"--",null,270800,"--",474800,345849,573650,293200,350000]
["General Plant",null,71365,"--",null,228860,"--",null,664092,"--",null,181206,"--",null,212200,"--",376200,255200,116200,134200,140000]
["TOTAL EXPENDITURE",{"$f":"SUM(B17:B20)","v":0},{"$f":"SUM(C17:C20)","v":748219},"--",0,804886,"--",0,1374239,"--",0,1198235,"--",0,1433670,"--",1545950,1301999,1275750,1013300,{"$f":"SUM(U17:U20)","v":1080000}]
["System O&M",null,null,"--",null,null,"--",null,null,"--",null,null,"--",null,null,"--"]
[]
["Notes to the Table:"]
["1.  Historical “previous plan” data is not required unless a plan has previously been filed"]
["2.  Indicate the number of months of 'actual' data included in the last year of the Historical Period (normally a 'bridge' year):"]
[]
["Explanatory Notes on Variances (complete only if applicable)"]
["Notes on shifts in forecast vs. historical budgets by category"]
[]
[]
["Notes on year over year Plan vs. Actual variances for Total Expenditures"]
[]
[]
["Notes on Plan vs. Actual variance trends for individual expenditure categories"]

{"sheet":"App. 2-AC_Customer Engagement","index":12,"n_rows":45,"n_cols":3,"rows_kept":45,"cut":false,"hidden":false,"merged":[[9,0,9,2],[8,0,8,2]]}
[null,"File Number:",{"$f":"EBNUMBER","v":"EB-2014-0105"}]
[null,"Exhibit:"]
[null,"Tab:"]
[null,"Schedule:"]
[null,"Page:"]
[]
[null,"Date:"]
[]
["Appendix 2-AC"]
["Customer Engagement Activities Summary"]
[]
["Provide a list of customer engagement activities","Provide a list of customer needs and preferences identified through each engagement activity","Actions taken to respond to identified needs and preferences.  If no action was taken, explain why."]
["Town Hall Meeting","No needs and preferences expressed by customers.","No action required"]
["Facebook/Twitter","More communication required during outages","Updates are put on website, facebook and twitter"]
["Spoke to Community Groups including Municipal Councils","More communication required","Speaking to other interest groups as well."]
["Home Workshops","No needs and preferences expressed by customers.","No action required"]
["Visited Local Schools","No needs and preferences expressed by customers.","No action required"]
[]
[]
[]
[]
[]
[]
[]
[]
[]
[]
[]
[]
[]
[]
[]
[]
[]
[]
[]
[]
[]
[]
[]
[]
[]
[]
[]
["Note:  Use \"ALT-ENTER\" to go to the next line within a cell"]

{"sheet":"App.2-B_Acct Instructions","index":13,"n_rows":67,"n_cols":6,"rows_kept":67,"cut":false,"hidden":false,"merged":[[111,0,111,10],[111,11,111,18],[112,0,112,10],[112,11,112,18],[113,0,113,10],[113,11,113,18],[108,0,108,10],[108,11,108,18],[109,0,109,10],[109,11,109,18],[110,0,110,10],[110,11,110,18],[117,0,117,10],[117,11,117,18],[118,0,118,10],[118,11,118,18],[119,0,119,10],[119,11,119,18],[114,0,114,10],[114,11,114,18],[115,0,115,10],[115,11,115,18],[116,0,116,10],[116,11,116,18],[126,0,126,10],[126,11,126,18],[123,0,123,10],[123,11,123,18],[124,0,124,10],[124,11,124,18],[125,0,125,10],[125,11,125,18],[120,0,120,10],[120,11,120,18],[121,0,121,10],[121,11,121,18],[122,0,122,10],[122,11,122,18],[105,0,105,10],[105,11,105,18],[106,0,106,10],[106,11,106,18],[107,0,107,10],[107,11,107,18],[102,0,102,10],[102,11,102,18],[103,0,103,10],[103,11,103,18],[104,0,104,10],[104,11,104,18],[99,0,99,10],[99,11,99,18],[100,0,100,10],[100,11,100,18],[101,0,101,10],[101,11,101,18],[96,0,96,10],[96,11,96,18],[97,0,97,10],[97,11,97,18],[98,0,98,10],[98,11,98,18],[93,11,93,18],[94,0,94,10],[94,11,94,18],[95,0,95,10],[95,11,95,18],[91,11,91,18],[92,0,92,10],[92,11,92,18],[89,0,89,10],[89,11,89,18],[91,0,91,10],[82,11,82,18],[90,0,90,10],[90,11,90,18],[88,0,88,10],[88,11,88,18],[86,0,86,10],[86,11,86,18],[87,0,87,10],[87,11,87,18],[73,0,73,10],[73,11,73,18],[74,0,74,10],[74,11,74,18],[83,0,83,10],[83,11,83,18],[84,0,84,10],[84,11,84,18],[85,0,85,10],[75,11,75,18],[75,0,75,10],[76,11,76,18],[77,0,77,10],[77,11,77,18],[78,0,78,10],[78,11,78,18],[79,0,79,10],[79,11,79,18],[85,11,85,18],[80,0,80,10],[80,11,80,18],[81,0,81,10],[81,11,81,18],[82,0,82,10],[58,0,58,13],[60,0,60,13],[0,0,0,10],[1,0,1,10],[66,0,68,10],[5,0,5,10],[9,4,9,5],[17,0,19,10],[20,0,22,10],[25,0,25,18],[34,0,36,10],[34,11,36,18],[42,0,44,10],[42,11,44,18],[28,0,30,10],[53,0,53,13],[56,0,56,18],[10,0,15,0]]}
["General Instructions to MIFRS Appendices"]
["Types of Schedules to File"]
[]
["The purpose of this tab is to provide general instructions.  The specific instructions to each appendix are listed in footnotes of each appendix."]
[]
["The typical applicant is expected to have made capitalization and depreciation policy changes under CGAAP as permitted by the Board on January 1, 2012 or mandated by the Board by January 1, 2013, and adopted IFRS for reporting purposes on January 1, 2015 (transition date January 1, 2014).  In general, applicants under the two scenarios should provide the following information in the appendices:"]
[]
[]
[null,null,null,null,"Accounting Policy Changes in 2012 and Adopted IFRS in 2015","Accounting Policy Changes in 2013 and Adopted IFRS in 2015"]
[null,null,null,null,"(Date of Transition to IFRS 2014)"]
["Information to be filed in 2016 CoS Application",2016,"Test",null,"MIFRS","MIFRS"]
[null,2015,"Bridge",null,"MIFRS","MIFRS"]
[null,2014,"Historical",null," MIFRS and Revised CGAAP*"," MIFRS and Revised CGAAP*"]
[null,2013,"Historical",null,"Revised CGAAP","CGAAP and Revised CGAAP"]
[null,2012,"Historical",null,"CGAAP and Revised CGAAP","CGAAP"]
[null,"2011 and Prior","Historical",null,"CGAAP","CGAAP"]
[]
["1) For the year that the applicant implemented changes to its capitalization and depreciation policies (2012 or 2013), the applicant must file two appendices, one before and one after the policy changes."]
[]
[]
["2)  For the transition year (2014), the applicant may file two appendices, one under Revised CGAAP and one under MIFRS, depending on the materiality of impacts.  See the specific instructions under each appendix below for further details."]
[]
[]
[]
[]
["Appendix 2-BA - Fixed Asset Schedule "]
[]
["Applicants are to provide Appendix 2-BA in accordance with the years and corresponding accounting standards noted in the above table to provide a year over year continuity in fixed assets."]
["*For the transition year (2014), the applicant should file two appendices, one under Revised CGAAP and one under MIFRS if the change between Revised CGAAP and MIFRS is material.  If the change from the accounting standards is not material, the applicant may choose to only provide one appendix under MIFRS.  However, the applicant must also indicate the fixed asset net book value balance under Revised CGAAP, the total dollar value of the change and explain why it is not material."]
[]
[]
[]
["Regulatory Gross Assets of Property, Plant and Equipment"]
[]
["For an applicant that adopted IFRS on January 1, 2015 for financial reporting purposes, the applicant must establish the continuity of historic cost by using the December 31, 2013 regulatory gross assets of property, plant and equipment as the opening January 1, 2014 regulatory gross assets.  The applicant must provide schedules (including Appendix 2-BA, Fixed Asset Continuity Schedule) which must identify the following details to substantiate the continuity of historic cost for regulatory purposes: "]
[]
[]
["·         December 31, 2013 regulatory gross assets of property, plant and equipment, by asset class; and"]
["·         January 1, 2014 regulatory gross assets of property, plant and equipment, by asset class."]
[]
["Accumulated Depreciation"]
[]
["For an applicant that adopted IFRS on January 1, 2015 for financial reporting purposes, the applicant must establish the continuity of historic cost by using the December 31, 2013 regulatory accumulated depreciation as the opening January 1, 2014 regulatory accumulated depreciation.  The applicant must provide schedules (including Appendix 2-BA, Fixed Asset Continuity Schedule) which must identify the following details to substantiate the continuity of historic cost for regulatory purposes: "]
[]
[]
["·         December 31, 2013 regulatory accumulated depreciation, by asset class; and"]
["·         January 1, 2014 regulatory accumulated depreciation, by asset class."]
[]
["Appendix 2-C - Depreciation and Amortization "]
[]
["Applicants are to provide Appendix 2-C starting in the year capitalization and depreciation policy changes were implemented in accordance with the years and corresponding accounting standards listed in the above table.  "]
["If an applicant changed capitalization and depreciation policies effective January 1, 2012 and adopted IFRS for reporting purposes effective January 1, 2015, the applicant must complete Appendix 2-CA to 2-CF (inclusive)."]
["If an applicant changed capitalization and depreciation policies effective January 1, 2013 and adopted IFRS for reporting purposes effective January 1, 2015, the applicant must complete Appendix 2-CG to 2-CK (inclusive)."]
["*Depreciation accounting policy changes were mandated by the Board by January 1, 2013.  These accounting changes should be implemented consistent with the Board’s regulatory accounting policies as set out for MIFRS as contained in the Report of the Board, Transition to International Financial Reporting Standards (EB-2008-0408), the Depreciation Study for Use by Electricity Distributors (EB-2010-0178) and the Revised 2012 Accounting Procedures Handbook for Electricity Distributors.  In general, no further changes to an applicant's depreciation policy (i.e.  assets' service lives) are expected after the Board mandated changes by January 1, 2013.  The set of Appendix CA to CK assumes this to be the case.  If the applicant has made any changes to its depreciation policy subsequent to the Board mandated changes,  applicants must identify the change, explain the nature of the change, the reason for the change, quantify the impact of the change, and quantify the depreciation expense before and after the change."]
[]
[]
["Appendix 2-E - Account 1575, IFRS-CGAAP Transitional PP&E Amounts (2-EA), Account 1576, Accounting Changes Under CGAAP (2-EB, 2-EC)"]
[]
["If an applicant changed capitalization and depreciation policies effective January 1, 2012 and  adopted IFRS for reporting purposes effective January 1, 2015, the applicant must complete Appendix 2-EA and 2-EB.  If the applicant did not make any further PP&E accounting policy changes beyond the capitalization and depreciation policy changes as permitted by the Board on January 1, 2012 (i.e. no further changes made on transition to IFRS), the applicant must indicate this and does not need to complete Appendix 2-EA."]
[]
["If an applicant changed capitalization and depreciation policies effective January 1, 2013 and adopted IFRS for reporting purposes effective January 1, 2015, the applicant must complete Appendix 2-EA  and 2-EC.   If the applicant did not make any further PP&E accounting policy changes beyond the capitalization and depreciation policy changes as mandated by the Board by January 1, 2013 (i.e. no further changes made on transition to IFRS), the applicant must indicate this and does not need to complete Appendix 2-EA."]
[]
["Please refer to section 2.12.4 and 2.12.5 of the Filing Requirements for further details."]
[]
["Appendix 2-YA - Summary of Impacts to Revenue Requirement from Transition to MIFRS"]
[]
["For  applicants adopting MIFRS, the applicants must provide a summary of the dollar impacts of  MIFRS to each component of the revenue requirement (e.g. rate base, operating costs, etc), including the overall impact on the proposed revenue requirement.  Accordingly, the applicants must identify financial differences and resulting revenue requirement impacts arising from the adoption of  MIFRS  as compared to CGAAP prior to capitalization and depreciation policy changes.  "]

{"sheet":"App.2-BA_Fixed Asset Cont","index":14,"n_rows":495,"n_cols":16,"rows_kept":495,"cut":false,"hidden":false,"merged":[[429,3,429,6],[485,2,485,8],[486,2,486,8],[344,2,344,8],[345,2,345,8],[358,3,358,6],[414,2,414,8],[415,2,415,8],[206,2,206,8],[219,3,219,6],[275,2,275,8],[276,2,276,8],[289,3,289,6],[82,3,82,6],[138,2,138,8],[139,2,139,8],[151,3,151,6],[205,2,205,8],[8,0,8,12],[9,0,9,12],[14,3,14,6],[69,2,69,8],[70,2,70,8]]}
[null,null,null,null,null,null,null,null,null,null,null,"File Number:",{"$f":"EBNUMBER","v":"EB-2014-0105"}]
[null,null,null,null,null,null,null,null,null,null,null,"Exhibit:"]
[null,null,null,null,null,null,null,null,null,null,null,"Tab:"]
[null,null,null,null,null,null,null,null,null,null,null,"Schedule:"]
[null,null,null,null,null,null,null,null,null,null,null,"Page:"]
[]
[null,null,null,null,null,null,null,null,null,null,null,"Date:"]
[]
["Appendix 2-BA"]
["Fixed Asset Continuity Schedule 1 "]
[]
[]
[null,null,null,null,"Year ",2010,"Former CGAAP - without changes to the policies"]
[]
[null,null,null,"Cost",null,null,null,null,null,"Accumulated Depreciation"]
["CCA Class","OEB","Description","Opening Balance","Additions","Disposals","Closing Balance",null,"Opening Balance","Additions","Disposals","Closing Balance","Net Book Value",null,"AVG Gross Bal","AVG AccDep"]
[12,1611,"Computer Software (Formally known as Account 1925)",293410.74,12194,null,{"$f":"D17+E17+F17","v":305604.74},null,-193749.62,-99860.87,null,{"$f":"I17+J17+K17","v":-293610.49},{"$f":"G17+L17","v":11994.25},null,{"$f":"AVERAGE(G17,D17)","v":299507.74},{"$f":"AVERAGE(L17,I17)","v":-243680.05499999999}]
["CEC",1612,"Land Rights (Formally known as Account 1906 and 1806)",10808.84,null,null,{"$f":"D18+E18+F18","v":10808.84},null,-6721,-335,null,{"$f":"I18+J18+K18","v":-7056},{"$f":"G18+L18","v":3752.84},null,10808.84,-6888.5]
["N/A",1805,"Land",130499.26,null,null,{"$f":"D19+E19+F19","v":130499.26},null,null,null,null,{"$f":"I19+J19+K19","v":0},130499.26,null,130499.26,0]
[47,1808,"Buildings",453549.70999999996,14386,null,{"$f":"D20+E20+F20","v":467935.70999999996},null,-247903,-8652.52,null,{"$f":"I20+J20+K20","v":-256555.51999999999},211380.18999999997,null,460742.70999999996,-252229.26]
[13,1810,"Leasehold Improvements",null,null,null,0,null,null,null,null,0,0,null,0,0]
[47,1815,"Transformer Station Equipment >50 kV",null,null,null,0,null,null,null,null,0,0,null,0,0]
[47,1820,"Distribution Station Equipment <50 kV",2563070.89,166448,null,2729518.89,null,-1644838.69,-54438.91,null,-1699277.5999999999,1030241.2900000003,null,2646294.89,-1672058.145]
[47,1825,"Storage Battery Equipment",null,null,null,0,null,null,null,null,0,0,null,0,0]
[47,1830,"Poles, Towers & Fixtures",8107720.3799999999,117217.95,null,8224938.3300000001,null,-5835293,-262546,null,-6097839,2127099.33,null,8166329.3550000004,-5966566]
[47,1835,"Overhead Conductors & Devices",2430844.33,145586.4,null,2576430.73,null,-545720,-80770.38,null,-626490.38,1949940.35,null,2503637.5300000003,-586105.18999999994]
[47,1840,"Underground Conduit",2933508.47,40594,null,2974102.47,null,-1985939.8399999999,-110863.32,null,-2096803.16,877299.31000000029,null,2953805.47,-2041371.5]
[47,1845,"Underground Conductors & Devices",330338.84000000003,75749,null,406087.84,null,-57662.48,-14728.55,null,-72391.03,333696.81000000006,null,368213.34,-65026.755000000005]
[47,1850,"Line Transformers",3522771.87,60897,null,3583668.87,null,-1988166.77,-127509.01,null,-2115675.7799999998,1467993.0900000003,null,3553220.37,-2051921.2749999999]
[47,1855,"Services (Overhead & Underground)",875350.1,103019,null,978369.1,null,-160436.76999999999,-34294.339999999997,null,-194731.11,783637.99,null,926859.6,-177583.94]
[47,1860,"Meters",671911.43,10436,-588700.34,93647.090000000084,null,-391108.94,-2226.35,357001.04000000004,-36334.249999999942,57312.840000000142,null,382779.26000000007,-213721.59499999997]
[47,1860,"Meters (Smart Meters)",null,null,null,0,null,null,null,null,0,0,null,0,0]
["N/A",1905,"Land",null,null,null,0,null,null,null,null,0,0,null,0,0]
[47,1908,"Buildings & Fixtures",null,null,null,0,null,null,null,null,0,0,null,0,0]
[13,1910,"Leasehold Improvements",null,null,null,0,null,null,null,null,0,0,null,0,0]
[8,1915,"Office Furniture & Equipment (10 years)",122774.43,5883,-668,127989.43,null,-116712.13,-2202.9,668.52,-118246.51,9742.9199999999983,null,125381.93,-117479.32]
[8,1915,"Office Furniture & Equipment (5 years)",null,null,null,0,null,null,null,null,0,0,null,0,0]
[10,1920,"Computer Equipment - Hardware",null,null,null,0,null,null,null,null,0,0,null,0,0]
[45,1920,"Computer Equip.-Hardware(Post Mar. 22/04)",null,null,null,0,null,null,null,null,0,0,null,0,0]
[45.1,1920,"Computer Equip.-Hardware(Post Mar. 19/07)",320010.28999999998,2297,null,322307.28999999998,null,-296709.61,-21208.959999999999,null,-317918.57,4388.7199999999721,null,321158.78999999998,-307314.08999999997]
[10,1930,"Transportation Equipment",1593934.71,277694,-178877,1692751.71,null,-1322217.21,-82260.75,178877.46,-1225600.5,467151.20999999996,null,1643343.21,-1273908.855]
[8,1935,"Stores Equipment",1761.26,null,null,1761.26,null,-1761,null,null,-1761,0.25999999999999091,null,1761.26,-1761]
[8,1940,"Tools, Shop & Garage Equipment",234048.66,2335,null,236383.66,null,-205669.75,-7280,null,-212949.75,23433.910000000003,null,235216.16,-209309.75]
[8,1945,"Measurement & Testing Equipment",null,null,null,0,null,null,null,null,0,0,null,0,0]
[8,1950,"Power Operated Equipment",null,null,null,0,null,null,null,null,0,0,null,0,0]
[8,1955,"Communications Equipment",29543.89,5658,null,35201.89,null,-29543.89,-565.80999999999995,null,-30109.7,5092.1899999999987,null,32372.89,-29826.794999999998]
[8,1955,"Communication Equipment (Smart Meters)",null,null,null,0,null,null,null,null,0,0,null,0,0]
[8,1960,"Miscellaneous Equipment ",null,null,null,{"$f":"D48+E48+F48","v":0},null,null,null,null,0,0,null,0,0]
[47,1970,"Load Management Controls Customer Premises",254912,null,null,{"$f":"D49+E49+F49","v":254912},null,-251593.73,-839.35,null,-252433.08000000002,2478.9199999999837,null,254912,-252013.40500000003]
[47,1975,"Load Management Controls Utility Premises",64873.19,null,null,{"$f":"D50+E50+F50","v":64873.19},null,-64873,null,null,-64873,0.19000000000232831,null,64873.19,-64873]
[47,1980,"System Supervisor Equipment",502268.44,64230,null,{"$f":"D51+E51+F51","v":566498.43999999994},null,-480823.79,-16225.59,null,-497049.38,69449.059999999939,null,534383.43999999994,-488936.58499999996]
[47,1985,"Miscellaneous Fixed Assets",0,0,0,{"$f":"D52+E52+F52","v":0},null,null,null,null,0,0,null,0,0]
[47,1990,"Other Tangible Property",null,null,null,{"$f":"D53+E53+F53","v":0},null,null,null,null,0,0,null,0,0]
[47,1995,"Contributions & Grants",-1278491.21,-125254.7,null,-1403745.91,null,245977,73942.209999999992,null,319919.20999999996,-1083826.7,null,-1341118.56,282948.10499999998]
[null,"etc.",null,0,0,0,0,null,0,0,0,0,0,null,0,0]
[null,"etc.",null,0,0,0,0,null,0,0,0,0,0,null,0,0]
[null,"etc.",null,0,0,0,0,null,0,0,0,0,0,null,0,0]
[null,"etc.",null,0,0,0,0,null,0,0,0,0,0,null,0,0]
[null,"etc.",null,0,0,0,0,null,0,0,0,0,0,null,0,0]
[null,"etc.",null,0,0,0,0,null,0,0,0,0,0,null,0,0]
[null,"etc.",null,0,0,0,0,null,0,0,0,0,0,null,0,0]
[null,"etc.",null,0,0,0,0,null,0,0,0,0,0,null,0,0]
[null,"etc.",null,0,0,0,0,null,0,0,0,0,0,null,0,0]
[null,"etc.",null,0,0,0,0,null,0,0,0,0,0,null,0,0]
[null,null,null,0,0,0,0,null,0,0,0,0,0,null,0,0]
[null,null,"Sub-Total",{"$f":"SUM(D17:D65)","v":24169420.520000007},{"$f":"SUM(E17:E65)","v":979369.65000000014},{"$f":"SUM(F17:F65)","v":-768245.34},24380544.830000006,null,-15581467.219999999,{"$f":"SUM(J17:J65)","v":-852866.4},536547.02,-15897786.599999998,8482758.2300000023,null,{"$f":"SUM(O17:O65)","v":24274982.675000012},{"$f":"SUM(P17:P65)","v":-15739626.91}]
[null,null,"Less Socialized Renewable Energy Generation Investments (input as negative)Less Socialized Renewable Energy Generation Investments (input as negative)",null,null,null,{"$f":"D67+E67+F67","v":0},null,null,null,null,{"$f":"I67+J67+K67","v":0},{"$f":"G67+L67","v":0}]
[null,null,"Less Other Non Rate-Regulated Utility Assets (input as negative)Less Other Non Rate-Regulated Utility Assets (input as negative)",null,null,null,0,null,null,null,null,{"$f":"I68+J68+K68","v":0},{"$f":"G68+L68","v":0}]
[null,null,"Total PP&E",{"$f":"SUM(D66:D68)","v":24169420.520000007},{"$f":"SUM(E66:E68)","v":979369.65000000014},{"$f":"SUM(F66:F68)","v":-768245.34},{"$f":"SUM(G66:G68)","v":24380544.830000006},null,{"$f":"SUM(I66:I68)","v":-15581467.219999999},{"$f":"SUM(J66:J68)","v":-852866.4},{"$f":"SUM(K66:K68)","v":536547.02},{"$f":"SUM(L66:L68)","v":-15897786.599999998},{"$f":"SUM(M66:M68)","v":8482758.2300000023}]
[null,null,"Depreciation Expense adj. from gain or loss on the retirement of assets (pool of like assets)"]
[null,null,"Total",null,null,null,null,null,null,{"$f":"J69+J70","v":-852866.4}]
[null,null,null,null,null,null," ",null,null,null,null,null," "]
[null,null,null,null,null,null,"Less: Fully Allocated Depreciation"]
[10,null,"Transportation",null,null,null,"Transportation",null,null,41946.654999999999]
[8,null,"Stores Equipment",null,null,null,"Stores Equipment",null,null,3326.11]
[8,null,"Tools, Shop",null,null,null,"Tools, Shop"]
[8,null,"Meas/Testing",null,null,null,"Meas/Testing"]
[8,null,"Communication",null,null,null,"Communication"]
[null,null,null,null,null,null,"Net Depreciation",null,null,{"$f":"J71+J74+J78+J75+J76+J77","v":-807593.63500000001}]
[]
[null,null,null,null,"Year ",2011,"Former CGAAP - without changes to the policies"]
[]
[null,null,null,"Cost",null,null,null,null,null,"Accumulated Depreciation"]
["CCA Class","OEB","Description","Opening Balance","Additions","Disposals","Closing Balance",null,"Opening Balance","Additions","Disposals","Closing Balance","Net Book Value",null,"AVG Gross Bal","AVG AccDep"]
[12,1611,"Computer Software (Formally known as Account 1925)",{"$f":"G17","v":305604.74},8648,null,{"$f":"D85+E85+F85","v":314252.74},null,{"$f":"L17","v":-293610.49},-7338.48,null,{"$f":"I85+J85+K85","v":-300948.96999999997},{"$f":"G85+L85","v":13303.770000000019},null,{"$f":"AVERAGE(G85,D85)","v":309928.74},{"$f":"AVERAGE(L85,I85)","v":-297279.73}]
["CEC",1612,"Land Rights (Formally known as Account 1906 and 1806)",10808.84,null,null,{"$f":"D86+E86+F86","v":10808.84},null,-7056,-335,null,{"$f":"I86+J86+K86","v":-7391},{"$f":"G86+L86","v":3417.84},null,10808.84,-7223.5]
["N/A",1805,"Land",130499.26,null,null,{"$f":"D87+E87+F87","v":130499.26},null,0,null,null,{"$f":"I87+J87+K87","v":0},130499.26,null,130499.26,0]
[47,1808,"Buildings",467935.70999999996,18607,null,{"$f":"D88+E88+F88","v":486542.70999999996},null,-256555.51999999999,-8512.69,null,{"$f":"I88+J88+K88","v":-265068.20999999996},221474.5,null,477239.20999999996,-260811.86499999999]
[13,1810,"Leasehold Improvements",0,null,null,0,null,0,null,null,0,0,null,0,0]
[47,1815,"Transformer Station Equipment >50 kV",0,null,null,0,null,0,null,null,0,0,null,0,0]
[47,1820,"Distribution Station Equipment <50 kV",2729518.89,90613,null,2820131.89,null,-1699277.5999999999,-58620.62,null,-1757898.22,1062233.6700000002,null,2774825.39,-1728587.91]
[47,1825,"Storage Battery Equipment",0,null,null,0,null,0,null,null,0,0,null,0,0]
[47,1830,"Poles, Towers & Fixtures",8224938.3300000001,70412,null,8295350.3300000001,null,-6097839,-232996.87000000002,null,-6330835.8700000001,1964514.46,null,8260144.3300000001,-6214337.4350000005]
[47,1835,"Overhead Conductors & Devices",2576430.73,121027,null,2697457.73,null,-626490.38,-104944.9,null,-731435.28,1966022.45,null,2636944.23,-678962.83000000007]
[47,1840,"Underground Conduit",2974102.47,58881,null,3032983.47,null,-2096803.16,-104470.73000000001,null,-2201273.89,831709.58000000007,null,3003542.97,-2149038.5249999999]
[47,1845,"Underground Conductors & Devices",406087.84,99504,null,505591.84,null,-72391.03,-17487,null,-89878.03,415713.81000000006,null,455839.84,-81134.53]
[47,1850,"Line Transformers",3583668.87,129496.48,null,3713165.35,null,-2115675.7799999998,-108607,null,-2224282.7799999998,1488882.5700000003,null,3648417.1100000003,-2169979.2799999998]
[47,1855,"Services (Overhead & Underground)",978369.1,95630,null,1073999.1000000001,null,-194731.11,-40330,null,-235061.11,838937.99000000011,null,1026184.1000000001,-214896.11]
[47,1860,"Meters",93647.090000000084,11289.32,-39732,65204.410000000091,null,-36334.249999999942,-1500,28655,-9179.2499999999418,56025.160000000149,null,79425.750000000087,-22756.749999999942]
[47,1860,"Meters (Smart Meters)",0,null,null,0,null,0,null,null,0,0,null,0,0]
["N/A",1905,"Land",0,null,null,0,null,0,null,null,0,0,null,0,0]
[47,1908,"Buildings & Fixtures",0,null,null,0,null,0,null,null,0,0,null,0,0]
[13,1910,"Leasehold Improvements",0,null,null,0,null,0,null,null,0,0,null,0,0]
[8,1915,"Office Furniture & Equipment (10 years)",127989.43,2572,null,130561.43,null,-118246.51,-2682.68,null,-120929.18999999999,9632.2400000000052,null,129275.43,-119587.84999999999]
[8,1915,"Office Furniture & Equipment (5 years)",0,null,null,0,null,0,null,null,0,0,null,0,0]
[10,1920,"Computer Equipment - Hardware",0,null,null,0,null,0,null,null,0,0,null,0,0]
[45,1920,"Computer Equip.-Hardware(Post Mar. 22/04)",0,null,null,0,null,0,null,null,0,0,null,0,0]
[45.1,1920,"Computer Equip.-Hardware(Post Mar. 19/07)",322307.28999999998,8336,null,330643.28999999998,null,-317918.57,-4629,null,-322547.57,8095.7199999999721,null,326475.28999999998,-320233.07]
[10,1930,"Transportation Equipment",1692751.71,28088,-21450,1699389.71,null,-1225600.5,-103527,21449.88,-1307677.6200000001,391712.08999999985,null,1696070.71,-1266639.06]
[8,1935,"Stores Equipment",1761.26,null,null,1761.26,null,-1761,null,null,-1761,0.25999999999999091,null,1761.26,-1761]
[8,1940,"Tools, Shop & Garage Equipment",236383.66,5114,null,241497.66,null,-212949.75,-6648,null,-219597.75,21899.910000000003,null,238940.66,-216273.75]
[8,1945,"Measurement & Testing Equipment",0,null,null,0,null,0,null,null,0,0,null,0,0]
[8,1950,"Power Operated Equipment",0,null,null,0,null,0,null,null,0,0,null,0,0]
[8,1955,"Communications Equipment",35201.89,null,null,35201.89,null,-30109.7,-1131.6199999999999,null,-31241.32,3960.5699999999997,null,35201.89,-30675.510000000002]
[8,1955,"Communication Equipment (Smart Meters)",0,null,null,0,null,0,null,null,0,0,null,0,0]
[8,1960,"Miscellaneous Equipment ",0,null,null,0,null,0,null,null,0,0,null,0,0]
[47,1970,"Load Management Controls Customer Premises",254912,null,null,254912,null,-252433.08000000002,-839.35,null,-253272.43000000002,1639.5699999999779,null,254912,-252852.755]
[47,1975,"Load Management Controls Utility Premises",64873.19,null,null,64873.19,null,-64873,null,null,-64873,0.19000000000232831,null,64873.19,-64873]
[47,1980,"System Supervisor Equipment",566498.43999999994,null,null,566498.43999999994,null,-497049.38,-26710,null,-523759.38,42739.059999999939,null,566498.43999999994,-510404.38]
[47,1985,"Miscellaneous Fixed Assets",0,null,null,0,null,0,null,null,0,0,null,0,0]
[47,1990,"Other Tangible Property",0,null,null,0,null,0,null,null,0,0,null,0,0]
[47,1995,"Contributions & Grants",-1403745.91,-254011.49,null,-1657757.4,null,319919.20999999996,58443.5,null,378362.70999999996,-1279394.69,null,-1530751.6549999998,349140.95999999996]
[null,"etc.",null,0,0,0,0,null,0,0,0,0,0,null,0,0]
[null,"etc.",null,{"$f":"G55","v":0},0,0,0,null,{"$f":"L55","v":0},0,0,0,0,null,0,0]
[null,"etc.",null,0,0,0,0,null,0,0,0,0,0,null,0,0]
[null,"etc.",null,0,0,0,0,null,0,0,0,0,0,null,0,0]
[null,"etc.",null,0,0,0,0,null,0,0,0,0,0,null,0,0]
[null,"etc.",null,0,0,0,0,null,0,0,0,0,0,null,0,0]
[null,"etc.",null,0,0,0,0,null,0,0,0,0,0,null,0,0]
[null,"etc.",null,0,0,0,0,null,0,0,0,0,0,null,0,0]
[null,"etc.",null,0,0,0,0,null,0,0,0,0,0,null,0,0]
[null,"etc.",null,0,0,0,0,null,0,0,0,0,0,null,0,0]
[null,"etc.",null,0,0,0,0,null,0,0,0,0,0,null,0,0]
[null,null,null,{"$f":"G65","v":0},0,0,{"$f":"D134+E134+F134","v":0},null,{"$f":"L65","v":0},0,0,0,{"$f":"G134-L134","v":0},null,0,0]
[null,null,"Sub-Total",{"$f":"SUM(D85:D134)","v":24380544.830000006},{"$f":"SUM(E85:E134)","v":494206.30999999994},{"$f":"SUM(F85:F134)","v":-61182},{"$f":"SUM(G85:G134)","v":24813569.140000008},null,{"$f":"SUM(I85:I134)","v":-15897786.599999998},{"$f":"SUM(J85:J134)","v":-772867.44000000006},{"$f":"SUM(K85:K134)","v":50104.880000000005},{"$f":"SUM(L85:L134)","v":-16620549.159999996},{"$f":"SUM(M85:M134)","v":8193019.9800000023},null,{"$f":"SUM(O85:O134)","v":24597056.985000003},{"$f":"SUM(P85:P134)","v":-16259167.880000003}]
[null,null,"Less Socialized Renewable Energy Generation Investments (input as negative)Less Socialized Renewable Energy Generation Investments (input as negative)",null,null,null,{"$f":"D136+E136+F136","v":0},null,null,null,null,{"$f":"I136+J136+K136","v":0},{"$f":"G136+L136","v":0}]
[null,null,"Less Other Non Rate-Regulated Utility Assets (input as negative)Less Other Non Rate-Regulated Utility Assets (input as negative)",null,null,null,{"$f":"D137+E137+F137","v":0},null,null,null,null,{"$f":"I137+J137+K137","v":0},{"$f":"G137+L137","v":0}]
[null,null,"Total PP&E",{"$f":"SUM(D135:D137)","v":24380544.830000006},{"$f":"SUM(E135:E137)","v":494206.30999999994},{"$f":"SUM(F135:F137)","v":-61182},{"$f":"SUM(G135:G137)","v":24813569.140000008},null,{"$f":"SUM(I135:I137)","v":-15897786.599999998},{"$f":"SUM(J135:J137)","v":-772867.44000000006},{"$f":"SUM(K135:K137)","v":50104.880000000005},{"$f":"SUM(L135:L137)","v":-16620549.159999996},{"$f":"SUM(M135:M137)","v":8193019.9800000023}]
[null,null,"Depreciation Expense adj. from gain or loss on the retirement of assets (pool of like assets)"]
[null,null,"Total",null,null,null,null,null,null,{"$f":"J138+J139","v":-772867.44000000006}]
[]
[null,null,null,null,null,null,"Less: Fully Allocated Depreciation"]
[10,null,"Transportation",null,null,null,"Transportation",null,null,51763.5]
[8,null,"Stores Equipment",null,null,null,"Stores Equipment",null,null,3324]
[8,null,"Tools, Shop",null,null,null,"Tools, Shop"]
[8,null,"Meas/Testing",null,null,null,"Meas/Testing"]
[8,null,"Communication",null,null,null,"Communication"]
[null,null,null,null,null,null,"Net Depreciation",null,null,{"$f":"J140+J143+J147+J144+J145+J146","v":-717779.94000000006}]
[]
[null,null,null,null,"Year ",2012,"Former CGAAP - without changes to the policies"]
[]
[null,null,null,"Cost",null,null,null,null,null,"Accumulated Depreciation"]
["CCA Class","OEB","Description","Opening Balance","Additions","Disposals","Closing Balance",null,"Opening Balance","Additions","Disposals","Closing Balance","Net Book Value",null,"AVG Gross Bal","AVG AccDep"]
[12,1611,"Computer Software (Formally known as Account 1925)",{"$f":"G85","v":314252.74},null,null,{"$f":"D154+E154+F154","v":314252.74},null,{"$f":"L85","v":-300948.96999999997},-6972.44,null,{"$f":"I154+J154+K154","v":-307921.40999999997},6331.3300000000163,null,{"$f":"AVERAGE(G154,D154)","v":314252.74},{"$f":"AVERAGE(L154,I154)","v":-304435.18999999994}]
["CEC",1612,"Land Rights (Formally known as Account 1906 and 1806)",10808.84,null,null,{"$f":"D155+E155+F155","v":10808.84},null,-7391,-335,null,{"$f":"I155+J155+K155","v":-7726},3082.84,null,10808.84,-7558.5]
["N/A",1805,"Land",130499.26,null,null,{"$f":"D156+E156+F156","v":130499.26},null,0,0,null,{"$f":"I156+J156+K156","v":0},130499.26,null,130499.26,0]
[47,1808,"Buildings",486542.70999999996,60160,null,{"$f":"D157+E157+F157","v":546702.71},null,-265068.20999999996,-10088.040000000001,null,{"$f":"I157+J157+K157","v":-275156.24999999994},271546.46000000002,null,516622.70999999996,-270112.23]
[13,1810,"Leasehold Improvements",0,null,null,0,null,0,null,null,0,0,null,0,0]
[47,1815,"Transformer Station Equipment >50 kV",0,null,null,0,null,0,null,null,0,0,null,0,0]
[47,1820,"Distribution Station Equipment <50 kV",2820131.89,6177,null,2826308.89,null,-1757898.22,-59953.03,null,-1817851.25,1008457.6400000001,null,2823220.39,-1787874.7349999999]
[47,1825,"Storage Battery Equipment",0,null,null,0,null,0,null,null,0,0,null,0,0]
[47,1830,"Poles, Towers & Fixtures",8295350.3300000001,88303,null,8383653.3300000001,null,-6330835.8700000001,-206071.97,null,-6536907.8399999999,1846745.4900000002,null,8339501.8300000001,-6433871.8550000004]
[47,1835,"Overhead Conductors & Devices",2697457.73,239543.24,null,2937000.9699999997,null,-731435.28,-108052.46999999999,null,-839487.75,2097513.2199999997,null,2817229.3499999996,-785461.51500000001]
[47,1840,"Underground Conduit",3032983.47,3645,null,3036628.47,null,-2201273.89,-101990.06999999999,null,-2303263.96,733364.51000000024,null,3034805.97,-2252268.9249999998]
[47,1845,"Underground Conductors & Devices",505591.84,43959,null,549550.84000000008,null,-89878.03,-19280.84,null,-109158.87,440391.97000000009,null,527571.34000000008,-99518.45]
[47,1850,"Line Transformers",3713165.35,119724.37,null,3832889.72,null,-2224282.7799999998,-108004.09999999999,null,-2332286.88,1500602.8400000003,null,3773027.5350000001,-2278284.83]
[47,1855,"Services (Overhead & Underground)",1073999.1000000001,50079,null,1124078.1000000001,null,-235061.11,-41941.81,null,-277002.92,847075.18000000017,null,1099038.6000000001,-256032.01499999998]
[47,1860,"Meters",65204.410000000091,24596,null,89800.410000000091,null,-9179.2499999999418,-2189.23,null,-11368.479999999941,78431.930000000153,null,77502.410000000091,-10273.864999999942]
[47,1860,"Meters (Smart Meters)",0,null,null,0,null,0,null,null,0,0,null,0,0]
["N/A",1905,"Land",0,null,null,0,null,0,null,null,0,0,null,0,0]
[47,1908,"Buildings & Fixtures",0,null,null,0,null,0,null,null,0,0,null,0,0]
[13,1910,"Leasehold Improvements",0,null,null,0,null,0,null,null,0,0,null,0,0]
[8,1915,"Office Furniture & Equipment (10 years)",130561.43,null,null,130561.43,null,-120929.18999999999,-2538.6999999999998,null,-123467.88999999998,7093.5400000000081,null,130561.43,-122198.53999999998]
[8,1915,"Office Furniture & Equipment (5 years)",0,null,null,0,null,0,null,null,0,0,null,0,0]
[10,1920,"Computer Equipment - Hardware",0,null,null,0,null,0,null,null,0,0,null,0,0]
[45,1920,"Computer Equip.-Hardware(Post Mar. 22/04)",0,null,null,0,null,0,null,null,0,0,null,0,0]
[45.1,1920,"Computer Equip.-Hardware(Post Mar. 19/07)",330643.28999999998,5308,null,335951.29,null,-322547.57,-4428.93,null,-326976.5,8974.789999999979,null,333297.28999999998,-324762.03500000003]
[10,1930,"Transportation Equipment",1699389.71,145403,-24248,1820544.71,null,-1307677.6200000001,-90647.9,24248,-1374077.52,446467.18999999994,null,1759967.21,-1340877.57]
[8,1935,"Stores Equipment",1761.26,null,null,1761.26,null,-1761,null,null,-1761,0.25999999999999091,null,1761.26,-1761]
[8,1940,"Tools, Shop & Garage Equipment",241497.66,12399,null,253896.66,null,-219597.75,-7117.93,null,-226715.68,27180.98000000001,null,247697.16,-223156.715]
[8,1945,"Measurement & Testing Equipment",0,null,null,0,null,0,null,null,0,0,null,0,0]
[8,1950,"Power Operated Equipment",0,null,null,0,null,0,null,null,0,0,null,0,0]
[8,1955,"Communications Equipment",35201.89,1574,null,36775.89,null,-31241.32,-1289.05,null,-32530.37,4245.5200000000004,null,35988.89,-31885.845000000001]
[8,1955,"Communication Equipment (Smart Meters)",0,null,null,0,null,0,null,null,0,0,null,0,0]
[8,1960,"Miscellaneous Equipment ",0,null,null,{"$f":"D185+E185+F185","v":0},null,0,null,null,0,0,null,0,0]
[47,1970,"Load Management Controls Customer Premises",254912,null,null,{"$f":"D186+E186+F186","v":254912},null,-253272.43000000002,-839,null,-254111.43000000002,800.56999999997788,null,254912,-253691.93000000002]
[47,1975,"Load Management Controls Utility Premises",64873.19,null,null,64873.19,null,-64873,null,null,-64873,0.19000000000232831,null,64873.19,-64873]
[47,1980,"System Supervisor Equipment",566498.43999999994,4116,null,570614.43999999994,null,-523759.38,-23613.62,null,-547373,23241.439999999944,null,568556.43999999994,-535566.18999999994]
[47,1985,"Miscellaneous Fixed Assets",0,null,null,0,null,0,null,null,0,0,null,0,0]
[47,1990,"Other Tangible Property",0,null,null,0,null,0,null,null,0,0,null,0,0]
[47,1995,"Contributions & Grants",-1657757.4,-347303.89,null,-2005061.29,null,378362.70999999996,65959.95,null,444322.66,-1560738.6300000001,null,-1831409.345,411342.68499999994]
[null,"etc.",null,null,0,0,0,null,null,0,0,0,0,null,0,0]
[null,"etc.",null,null,0,0,0,null,null,0,0,0,0,null,0,0]
[null,"etc.",null,null,0,0,0,null,null,0,0,0,0,null,0,0]
[null,"etc.",null,null,0,0,0,null,null,0,0,0,0,null,0,0]
[null,"etc.",null,null,0,0,0,null,null,0,0,0,0,null,0,0]
[null,"etc.",null,null,0,0,0,null,null,0,0,0,0,null,0,0]
[null,"etc.",null,null,0,0,0,null,null,0,0,0,0,null,0,0]
[null,"etc.",null,null,0,0,0,null,null,0,0,{"$f":"I199+J199+K199","v":0},0,null,0,0]
[null,"etc.",null,null,0,0,0,null,null,0,0,{"$f":"I200+J200+K200","v":0},0,null,0,0]
[null,"etc.",null,null,0,0,0,null,null,0,0,0,0,null,0,0]
[null,null,"Sub-Total",{"$f":"SUM(D154:D201)","v":24813569.140000008},{"$f":"SUM(E154:E201)","v":457682.72},-24248,{"$f":"SUM(G154:G201)","v":25247003.860000003},null,{"$f":"SUM(I154:I201)","v":-16620549.159999996},{"$f":"SUM(J154:J201)","v":-729394.18000000017},{"$f":"SUM(K154:K201)","v":24248},{"$f":"SUM(L154:L201)","v":-17325695.340000004},{"$f":"SUM(M154:M201)","v":7921308.5199999968},null,{"$f":"SUM(O154:O201)","v":25030286.500000007},{"$f":"SUM(P154:P201)","v":-16973122.250000004}]
[null,null,"Less Socialized Renewable Energy Generation Investments (input as negative)Less Socialized Renewable Energy Generation Investments (input as negative)",null,null,null,{"$f":"D203+E203+F203","v":0},null,null,null,null,{"$f":"I203+J203+K203","v":0},{"$f":"G203+L203","v":0}]
[null,null,"Less Other Non Rate-Regulated Utility Assets (input as negative)Less Other Non Rate-Regulated Utility Assets (input as negative)",null,null,null,{"$f":"D204+E204+F204","v":0},null,null,null,null,{"$f":"I204+J204+K204","v":0},{"$f":"G204+L204","v":0}]
[null,null,"Total PP&E",{"$f":"SUM(D202:D204)","v":24813569.140000008},{"$f":"SUM(E202:E204)","v":457682.72},{"$f":"SUM(F202:F204)","v":-24248},{"$f":"SUM(G202:G204)","v":25247003.860000003},null,{"$f":"SUM(I202:I204)","v":-16620549.159999996},{"$f":"SUM(J202:J204)","v":-729394.18000000017},{"$f":"SUM(K202:K204)","v":24248},{"$f":"SUM(L202:L204)","v":-17325695.340000004},{"$f":"SUM(M202:M204)","v":7921308.5199999968}]
[null,null,"Depreciation Expense adj. from gain or loss on the retirement of assets (pool of like assets)"]
[null,null,"Total",null,null,null,null,null,null,{"$f":"J205+J206","v":-729394.18000000017}]
[]
[null,null,null,null,null,null,"Less: Fully Allocated Depreciation"]
[10,null,"Transportation",null,null,null,"Transportation",null,null,45269.611199999999]
[8,null,"Stores Equipment",null,null,null,"Stores Equipment",null,null,3559]
[8,null,"Tools, Shop",null,null,null,"Tools, Shop"]
[8,null,"Meas/Testing",null,null,null,"Meas/Testing"]
[8,null,"Communication",null,null,null,"Communication"]
[null,null,null,null,null,null,"Net Depreciation",null,null,{"$f":"J207+J210+J214+J211+J212+J213","v":-680565.56880000012}]
[]
[]
[null,null,null,null,"Year ",2013,"CGAAP - with changes to policies"]
[]
[null,null,null,"Cost",null,null,null,null,null,"Accumulated Depreciation"]
["CCA Class","OEB","Description","Opening Balance","Additions","Disposals","Closing Balance",null,"Opening Balance","Additions","Disposals","Closing Balance","Net Book Value",null,"AVG Gross Bal","AVG AccDep"]
[12,1611,"Computer Software (Formally known as Account 1925)",{"$f":"G154","v":314252.74},46620,null,{"$f":"D222+E222+F222","v":360872.74},null,{"$f":"L154","v":-307921.40999999997},-12684.96,null,{"$f":"I222+J222+K222","v":-320606.37},{"$f":"G222+L222","v":40266.369999999995},null,{"$f":"AVERAGE(G222,D222)","v":337562.74},{"$f":"AVERAGE(L222,I222)","v":-314263.89}]
["CEC",1612,"Land Rights (Formally known as Account 1906 and 1806)",10808.84,null,null,{"$f":"D223+E223+F223","v":10808.84},null,-7726,-335,null,{"$f":"I223+J223+K223","v":-8061},{"$f":"G223+L223","v":2747.84},null,10808.84,-7893.5]
["N/A",1805,"Land",130499.26,null,null,{"$f":"D224+E224+F224","v":130499.26},null,0,null,null,{"$f":"I224+J224+K224","v":0},130499.26,null,130499.26,0]
[47,1808,"Buildings",546702.71,93745,null,{"$f":"D225+E225+F225","v":640447.71},null,-275156.24999999994,-13164,null,{"$f":"I225+J225+K225","v":-288320.24999999994},352127.46,null,593575.21,-281738.24999999994]
[13,1810,"Leasehold Improvements",0,null,null,0,null,0,null,null,0,0,null,0,0]
[47,1815,"Transformer Station Equipment >50 kV",0,null,null,0,null,0,null,null,0,0,null,0,0]
[47,1820,"Distribution Station Equipment <50 kV",2826308.89,40093,null,2866401.89,null,-1817851.25,-60502.57,null,-1878353.82,988048.07000000007,null,2846355.39,-1848102.5350000001]
[47,1825,"Storage Battery Equipment",0,null,null,0,null,0,null,null,0,0,null,0,0]
[47,1830,"Poles, Towers & Fixtures",8383653.3300000001,161461,null,8545114.3300000001,null,-6536907.8399999999,-184628.03000000003,null,-6721535.8700000001,1823578.46,null,8464383.8300000001,-6629221.8550000004]
[47,1835,"Overhead Conductors & Devices",2937000.9699999997,224632,null,3161632.9699999997,null,-839487.75,-112036.68,null,-951524.42999999993,2210108.54,null,3049316.9699999997,-895506.09]
[47,1840,"Underground Conduit",3036628.47,2064,null,3038692.47,null,-2303263.96,-97006.25,null,-2400270.21,638422.26000000024,null,3037660.47,-2351767.085]
[47,1845,"Underground Conductors & Devices",549550.84000000008,33860,null,583410.84000000008,null,-109158.87,-20253.36,null,-129412.23,453998.6100000001,null,566480.84000000008,-119285.54999999999]
[47,1850,"Line Transformers",3832889.72,119766,null,3952655.72,null,-2332286.88,-102650.98999999999,null,-2434937.87,1517717.85,null,3892772.72,-2383612.375]
[47,1855,"Services (Overhead & Underground)",1124078.1000000001,118992,null,1243070.1000000001,null,-277002.92,-43918.049999999996,null,-320920.96999999997,922149.13000000012,null,1183574.1000000001,-298961.94499999995]
[47,1860,"Meters",89800.410000000091,9278,null,99078.410000000091,null,-11368.479999999941,-2968.93,null,-14337.409999999942,84741.000000000146,null,94439.410000000091,-12852.944999999942]
[47,1860,"Meters (Smart Meters)",0,null,null,0,null,0,null,null,0,0,null,0,0]
["N/A",1905,"Land",0,null,null,0,null,0,null,null,0,0,null,0,0]
[47,1908,"Buildings & Fixtures",0,null,null,0,null,0,null,null,0,0,null,0,0]
[13,1910,"Leasehold Improvements",0,null,null,0,null,0,null,null,0,0,null,0,0]
[8,1915,"Office Furniture & Equipment (10 years)",130561.43,1388,null,131949.43,null,-123467.88999999998,-1409.66,null,-124877.54999999999,7071.8800000000047,null,131255.43,-124172.71999999999]
[8,1915,"Office Furniture & Equipment (5 years)",0,null,null,0,null,0,null,null,0,0,null,0,0]
[10,1920,"Computer Equipment - Hardware",0,null,null,0,null,0,null,null,0,0,null,0,0]
[45,1920,"Computer Equip.-Hardware(Post Mar. 22/04)",0,null,null,0,null,0,null,null,0,0,null,0,0]
[45.1,1920,"Computer Equip.-Hardware(Post Mar. 19/07)",335951.29,28127,null,364078.29,null,-326976.5,-9618.64,null,-336595.14,27483.149999999965,null,350014.79,-331785.82]
[10,1930,"Transportation Equipment",1820544.71,457242,-51999,2225787.71,null,-1374077.52,-125582.76,51998.71,-1447661.57,778126.1399999999,null,2023166.21,-1410869.5449999999]
[8,1935,"Stores Equipment",1761.26,null,null,1761.26,null,-1761,null,null,-1761,0.25999999999999091,null,1761.26,-1761]
[8,1940,"Tools, Shop & Garage Equipment",253896.66,6273,null,260169.66,null,-226715.68,-6673.37,null,-233389.05,26780.610000000015,null,257033.16,-230052.36499999999]
[8,1945,"Measurement & Testing Equipment",0,18090,null,18090,null,0,-905,null,-905,17185,null,9045,-452.5]
[8,1950,"Power Operated Equipment",0,null,null,0,null,0,null,null,0,0,null,0,0]
[8,1955,"Communications Equipment",36775.89,null,null,36775.89,null,-32530.37,-1446.49,null,-33976.86,2799.0299999999988,null,36775.89,-33253.614999999998]
[8,1955,"Communication Equipment (Smart Meters)",0,null,null,0,null,0,null,null,0,0,null,0,0]
[8,1960,"Miscellaneous Equipment ",0,12104,null,12104,null,0,-605.20000000000005,null,-605.20000000000005,11498.8,null,6052,-302.60000000000002]
[47,1970,"Load Management Controls Customer Premises",254912,null,null,254912,null,-254111.43000000002,-800.22,null,-254911.65000000002,0.34999999997671694,null,254912,-254511.54000000004]
[47,1975,"Load Management Controls Utility Premises",64873.19,null,null,64873.19,null,-64873,null,null,-64873,0.19000000000232831,null,64873.19,-64873]
[47,1980,"System Supervisor Equipment",570614.43999999994,503,null,571117.43999999994,null,-547373,-13679,null,-561052,10065.439999999944,null,570865.93999999994,-554212.5]
[47,1985,"Miscellaneous Fixed Assets",0,0,0,0,null,0,0,0,0,0,null,0,0]
[47,1990,"Other Tangible Property",0,null,null,0,null,0,null,null,0,0,null,0,0]
[47,1995,"Contributions & Grants",-2005061.29,-35216.9,null,-2040278.19,null,444322.66,69166,null,513488.66,-1526789.53,null,-2022669.74,478905.66]
[null,"etc.",null,0,0,0,0,null,0,0,0,0,0,null,0,0]
[null,"etc.",null,0,0,0,0,null,0,0,0,0,0,null,0,0]
[null,"etc.",null,0,0,0,0,null,0,0,0,0,0,null,0,0]
[null,"etc.",null,0,0,0,0,null,0,0,0,0,0,null,0,0]
[null,"etc.",null,0,0,0,0,null,0,0,0,0,0,null,0,0]
[null,"etc.",null,0,0,0,0,null,0,0,0,0,0,null,0,0]
[null,"etc.",null,0,0,0,0,null,0,0,0,0,0,null,0,0]
[null,"etc.",null,0,0,0,0,null,0,0,0,0,0,null,0,0]
[null,"etc.",null,0,0,0,0,null,0,0,0,0,0,null,0,0]
[null,"etc.",null,0,0,0,0,null,0,0,0,0,0,null,0,0]
[null,"etc.",null,0,0,0,{"$f":"D270+E270+F270","v":0},null,0,0,0,0,0,null,0,0]
[null,null,null,0,0,0,{"$f":"D271+E271+F271","v":0},null,0,0,0,0,0,null,0,0]
[null,null,"Sub-Total",{"$f":"SUM(D222:D271)","v":25247003.860000003},{"$f":"SUM(E222:E271)","v":1339021.1000000001},{"$f":"SUM(F222:F271)","v":-51999},{"$f":"SUM(G222:G271)","v":26534025.960000001},null,{"$f":"SUM(I222:I271)","v":-17325695.340000004},{"$f":"SUM(J222:J271)","v":-741703.16000000015},{"$f":"SUM(K222:K271)","v":51998.71},{"$f":"SUM(L222:L271)","v":-18015399.789999999},{"$f":"SUM(M222:M271)","v":8518626.1700000018},null,{"$f":"SUM(O222:O271)","v":25890514.910000004},{"$f":"SUM(P222:P271)","v":-17670547.565000001}]
[null,null,"Less Socialized Renewable Energy Generation Investments (input as negative)Less Socialized Renewable Energy Generation Investments (input as negative)",null,null,null,{"$f":"D273+E273+F273","v":0},null,null,null,null,{"$f":"I273+J273+K273","v":0},{"$f":"G273+L273","v":0}]
[null,null,"Less Other Non Rate-Regulated Utility Assets (input as negative)Less Other Non Rate-Regulated Utility Assets (input as negative)",null,null,null,{"$f":"D274+E274+F274","v":0},null,null,null,null,{"$f":"I274+J274+K274","v":0},{"$f":"G274+L274","v":0}]
[null,null,"Total PP&E",{"$f":"SUM(D272:D274)","v":25247003.860000003},{"$f":"SUM(E272:E274)","v":1339021.1000000001},{"$f":"SUM(F272:F274)","v":-51999},{"$f":"SUM(G272:G274)","v":26534025.960000001},null,{"$f":"SUM(I272:I274)","v":-17325695.340000004},{"$f":"SUM(J272:J274)","v":-741703.16000000015},{"$f":"SUM(K272:K274)","v":51998.71},{"$f":"SUM(L272:L274)","v":-18015399.789999999},{"$f":"SUM(M272:M274)","v":8518626.1700000018}]
[null,null,"Depreciation Expense adj. from gain or loss on the retirement of assets (pool of like assets)"]
[null,null,"Total",null,null,null,null,null,null,{"$f":"J275+J276","v":-741703.16000000015}]
[]
[null,null,null,null,null,null,"Less: Fully Allocated Depreciation"]
[10,null,"Transportation",null,null,null,"Transportation",null,null,66697]
[8,null,"Stores Equipment",null,null,null,"Stores Equipment",null,null,3336.5]
[8,null,"Tools, Shop",null,null,null,"Tools, Shop"]
[8,null,"Meas/Testing",null,null,null,"Meas/Testing"]
[8,null,"Communication",null,null,null,"Communication"]
[null,null,null,null,null,null,"Net Depreciation",null,null,{"$f":"J277+J280+J284+J281+J282+J283","v":-671669.66000000015}]
[]
[]
[null,null,null,null,"Year ",2014,"CGAAP - with changes to policies"]
[]
[null,null,null,"Cost",null,null,null,null,null,"Accumulated Depreciation"]
["CCA Class","OEB","Description","Opening Balance","Additions","Disposals","Closing Balance",null,"Opening Balance","Additions","Disposals","Closing Balance","Net Book Value",null,"AVG Gross Bal","AVG AccDep"]
[12,1611,"Computer Software (Formally known as Account 1925)",{"$f":"G222","v":360872.74},40967,null,{"$f":"D292+E292+F292","v":401839.74},null,{"$f":"L222","v":-320606.37},-23809,null,{"$f":"I292+J292+K292","v":-344415.37},{"$f":"G292+L292","v":57424.369999999995},null,{"$f":"AVERAGE(G292,D292)","v":381356.24},{"$f":"AVERAGE(L292,I292)","v":-332510.87}]
["CEC",1612,"Land Rights (Formally known as Account 1906 and 1806)",{"$f":"G223","v":10808.84},null,null,{"$f":"D293+E293+F293","v":10808.84},null,{"$f":"L223","v":-8061},-335,null,{"$f":"I293+J293+K293","v":-8396},{"$f":"G293+L293","v":2412.84},null,10808.84,-8228.5]
["N/A",1805,"Land",130499.26,null,null,{"$f":"D294+E294+F294","v":130499.26},null,0,null,null,{"$f":"I294+J294+K294","v":0},130499.26,null,130499.26,0]
[47,1808,"Buildings",640447.71,24730,null,{"$f":"D295+E295+F295","v":665177.71},null,-288320.24999999994,-15398,null,{"$f":"I295+J295+K295","v":-303718.24999999994},361459.46,null,652812.71,-296019.24999999994]
[13,1810,"Leasehold Improvements",0,null,null,0,null,0,null,null,0,0,null,0,0]
[47,1815,"Transformer Station Equipment >50 kV",0,null,null,0,null,0,null,null,0,0,null,0,0]
[47,1820,"Distribution Station Equipment <50 kV",2866401.89,107464,null,2973865.89,null,-1878353.82,-62601,null,-1940954.82,1032911.0700000001,null,2920133.89,-1909654.32]
[47,1825,"Storage Battery Equipment",0,null,null,0,null,0,null,null,0,0,null,0,0]
[47,1830,"Poles, Towers & Fixtures",8545114.3300000001,74730,null,8619844.3300000001,null,-6721535.8700000001,-174643,null,-6896178.8700000001,1723665.46,null,8582479.3300000001,-6808857.3700000001]
[47,1835,"Overhead Conductors & Devices",3161632.9699999997,344599,null,3506231.9699999997,null,-951524.42999999993,-116918,null,-1068442.43,2437789.54,null,3333932.4699999997,-1009983.4299999999]
[47,1840,"Underground Conduit",3038692.47,43881,null,3082573.47,null,-2400270.21,-93372,null,-2493642.21,588931.26000000024,null,3060632.97,-2446956.21]
[47,1845,"Underground Conductors & Devices",583410.84000000008,176031,null,759441.84000000008,null,-129412.23,-22877,null,-152289.22999999998,607152.6100000001,null,671426.34000000008,-140850.72999999998]
[47,1850,"Line Transformers",3952655.72,158090,null,4110745.72,null,-2434937.87,-95881,null,-2530818.87,1579926.85,null,4031700.72,-2482878.37]
[47,1855,"Services (Overhead & Underground)",1243070.1000000001,80284,null,1323354.1000000001,null,-320920.96999999997,-46299,null,-367219.97,956134.13000000012,null,1283212.1000000001,-344070.47]
[47,1860,"Meters",99078.410000000091,null,null,99078.410000000091,null,-14337.409999999942,-2857,null,-17194.409999999942,81884.000000000146,null,99078.410000000091,-15765.909999999942]
[47,1860,"Meters (Smart Meters)",0,31909,null,31909,null,0,-1064,null,-1064,30845,null,15954.5,-532]
["N/A",1905,"Land",0,null,null,0,null,0,null,null,0,0,null,0,0]
[47,1908,"Buildings & Fixtures",0,null,null,0,null,0,null,null,0,0,null,0,0]
[13,1910,"Leasehold Improvements",0,null,null,0,null,0,null,null,0,0,null,0,0]
[8,1915,"Office Furniture & Equipment (10 years)",131949.43,3337,null,135286.43,null,-124877.54999999999,-1151,null,-126028.54999999999,9257.8800000000047,null,133617.93,-125453.04999999999]
[8,1915,"Office Furniture & Equipment (5 years)",0,null,null,0,null,0,null,null,0,0,null,0,0]
[10,1920,"Computer Equipment - Hardware",0,null,null,0,null,0,null,null,0,0,null,0,0]
[45,1920,"Computer Equip.-Hardware(Post Mar. 22/04)",0,null,null,0,null,0,null,null,0,0,null,0,0]
[45.1,1920,"Computer Equip.-Hardware(Post Mar. 19/07)",364078.29,10557,null,374635.29,null,-336595.14,-14294,null,-350889.14,23746.149999999965,null,369356.79,-343742.14]
[10,1930,"Transportation Equipment",2225787.71,58879,-27759.62,2256907.09,null,-1447661.57,-161139,27759.62,-1581040.95,675866.1399999999,null,2241347.4,-1514351.26]
[8,1935,"Stores Equipment",1761.26,null,null,1761.26,null,-1761,null,null,-1761,0.25999999999999091,null,1761.26,-1761]
[8,1940,"Tools, Shop & Garage Equipment",260169.66,39977,null,300146.66000000003,null,-233389.05,-7521,null,-240910.05,59236.610000000044,null,280158.16000000003,-237149.55]
[8,1945,"Measurement & Testing Equipment",18090,null,null,18090,null,-905,-1809,null,-2714,15376,null,18090,-1809.5]
[8,1950,"Power Operated Equipment",0,null,null,0,null,0,null,null,0,0,null,0,0]
[8,1955,"Communications Equipment",36775.89,2148,null,38923.89,null,-33976.86,-1661,null,-35637.86,3286.0299999999988,null,37849.89,-34807.360000000001]
[8,1955,"Communication Equipment (Smart Meters)",0,null,null,0,null,0,null,null,0,0,null,0,0]
[8,1960,"Miscellaneous Equipment ",12104,null,null,{"$f":"D323+E323+F323","v":12104},null,-605.20000000000005,-1210.4000000000001,null,-1815.6000000000001,10288.4,null,12104,-1210.4000000000001]
[47,1970,"Load Management Controls Customer Premises",254912,null,-254912,{"$f":"D324+E324+F324","v":0},null,-254911.65000000002,null,254912,0.34999999997671694,0.34999999997671694,null,127456,-127455.65000000002]
[47,1975,"Load Management Controls Utility Premises",64873.19,null,null,64873.19,null,-64873,null,null,-64873,0.19000000000232831,null,64873.19,-64873]
[47,1980,"System Supervisor Equipment",571117.43999999994,611,-186720.42,385008.0199999999,null,-561052,-1645,179131.78,-383565.22,1442.7999999999302,null,478062.72999999992,-472308.61]
[47,1985,"Miscellaneous Fixed Assets",0,0,null,0,null,0,null,null,0,0,null,0,0]
[47,1990,"Other Tangible Property",0,0,null,0,null,0,null,null,0,0,null,0,0]
[47,1995,"Contributions & Grants",-2040278.19,-148792,null,-2189070.19,null,513488.66,78283,null,591771.65999999992,-1597298.53,null,-2114674.19,552630.15999999992]
[null,"etc.",null,0,null,0,0,null,0,0,0,0,0,null,0,0]
[null,"etc.",null,0,0,0,0,null,0,0,0,0,0,null,0,0]
[null,"etc.",null,0,0,0,0,null,0,0,0,0,0,null,0,0]
[null,"etc.",null,0,0,0,0,null,0,0,0,0,0,null,0,0]
[null,"etc.",null,0,0,0,0,null,0,0,0,0,0,null,0,0]
[null,"etc.",null,0,0,0,0,null,0,0,0,0,0,null,0,0]
[null,"etc.",null,0,0,0,0,null,0,0,0,0,0,null,0,0]
[null,"etc.",null,0,0,0,0,null,0,0,0,0,0,null,0,0]
[null,"etc.",null,0,0,0,0,null,0,0,0,0,0,null,0,0]
[null,"etc.",null,0,0,0,0,null,0,0,0,0,0,null,0,0]
[null,null,null,0,0,0,0,null,0,0,0,0,0,null,0,0]
[null,null,"Sub-Total",{"$f":"SUM(D292:D340)","v":26534025.960000001},{"$f":"SUM(E292:E340)","v":1049402},{"$f":"SUM(F292:F340)","v":-469392.04000000004},{"$f":"SUM(G292:G340)","v":27114035.919999998},null,{"$f":"SUM(I292:I340)","v":-18015399.789999999},{"$f":"SUM(J292:J340)","v":-768201.4},{"$f":"SUM(K292:K340)","v":461803.4},{"$f":"SUM(L292:L340)","v":-18321797.790000003},{"$f":"SUM(M292:M340)","v":8792238.1300000027},null,{"$f":"SUM(O292:O340)","v":26824030.939999998},{"$f":"SUM(P292:P340)","v":-18168598.789999999}]
[null,null,"Less Socialized Renewable Energy Generation Investments (input as negative)Less Socialized Renewable Energy Generation Investments (input as negative)",null,null,null,{"$f":"D342+E342+F342","v":0},null,null,null,null,{"$f":"I342+J342+K342","v":0},{"$f":"G342+L342","v":0}]
[null,null,"Less Other Non Rate-Regulated Utility Assets (input as negative)Less Other Non Rate-Regulated Utility Assets (input as negative)",null,null,null,{"$f":"D343+E343+F343","v":0},null,null,null,null,{"$f":"I343+J343+K343","v":0},{"$f":"G343+L343","v":0}]
[null,null,"Total PP&E",{"$f":"SUM(D341:D343)","v":26534025.960000001},{"$f":"SUM(E341:E343)","v":1049402},{"$f":"SUM(F341:F343)","v":-469392.04000000004},{"$f":"SUM(G341:G343)","v":27114035.919999998},null,{"$f":"SUM(I341:I343)","v":-18015399.789999999},{"$f":"SUM(J341:J343)","v":-768201.4},{"$f":"SUM(K341:K343)","v":461803.4},{"$f":"SUM(L341:L343)","v":-18321797.790000003},{"$f":"SUM(M341:M343)","v":8792238.1300000027}]
[null,null,"Depreciation Expense adj. from gain or loss on the retirement of assets (pool of like assets)"]
[null,null,"Total",null,null,null,null,null,null,{"$f":"J344+J345","v":-768201.4}]
[]
[null,null,null,null,null,null,"Less: Fully Allocated Depreciation - enter as negative"]
[10,null,"Transportation",null,null,null,"Transportation",null,null,80034.5]
[8,null,"Stores Equipment",null,null,null,"Stores Equipment",null,null,3011]
[8,null,"Tools, Shop",null,null,null,"Tools, Shop"]
[8,null,"Meas/Testing",null,null,null,"Meas/Testing"]
[8,null,"Communication",null,null,null,"Communication"]
[null,null,null,null,null,null,"Net Depreciation",null,null,{"$f":"J346+J349+J353+J350+J351+J352","v":-685155.9}]
[]
[]
[null,null,null,null,"Year ",2015,"IFRS"]
[]
[null,null,null,"Cost",null,null,null,null,null,"Accumulated Depreciation"]
["CCA Class","OEB","Description","Opening Balance","Additions","Disposals","Closing Balance",null,"Opening Balance","Additions","Disposals","Closing Balance","Net Book Value",null,"AVG Gross Bal","AVG AccDep"]
[12,1611,"Computer Software (Formally known as Account 1925)",{"$f":"G292+103008","v":504847.74},34000,0,{"$f":"D361+E361+F361","v":538847.74},null,{"$f":"L292-103008","v":-447423.37},-34862,0,{"$f":"I361+J361+K361","v":-482285.37},{"$f":"G361+L361","v":56562.369999999995},null,{"$f":"AVERAGE(G361,D361)","v":521847.74},{"$f":"AVERAGE(L361,I361)","v":-464854.37}]
["CEC",1612,"Land Rights (Formally known as Account 1906 and 1806)",{"$f":"G293","v":10808.84},null,0,{"$f":"D362+E362+F362","v":10808.84},null,{"$f":"L293","v":-8396},-335,0,{"$f":"I362+J362+K362","v":-8731},{"$f":"G362+L362","v":2077.84},null,10808.84,-8563.5]
["N/A",1805,"Land",130499.26,null,0,{"$f":"D363+E363+F363","v":130499.26},null,0,null,0,{"$f":"I363+J363+K363","v":0},130499.26,null,130499.26,0]
[47,1808,"Buildings",665177.71,106000,0,{"$f":"D364+E364+F364","v":771177.71},null,-303718.24999999994,-18013,0,{"$f":"I364+J364+K364","v":-321731.24999999994},449446.46,null,718177.71,-312724.74999999994]
[13,1810,"Leasehold Improvements",0,null,0,0,null,0,null,0,0,0,null,0,0]
[47,1815,"Transformer Station Equipment >50 kV",0,null,0,0,null,0,null,0,0,0,null,0,0]
[47,1820,"Distribution Station Equipment <50 kV",2973865.89,139500,0,3113365.89,null,-1940954.82,-65202,0,-2006156.82,1107209.07,null,3043615.89,-1973555.82]
[47,1825,"Storage Battery Equipment",0,null,0,0,null,0,null,0,0,0,null,0,0]
[47,1830,"Poles, Towers & Fixtures",8619844.3300000001,154820,0,8774664.3300000001,null,-6896178.8700000001,-164905,0,-7061083.8700000001,1713580.46,null,8697254.3300000001,-6978631.3700000001]
[47,1835,"Overhead Conductors & Devices",3506231.9699999997,210000,0,3716231.9699999997,null,-1068442.43,-121691,0,-1190133.43,2526098.54,null,3611231.9699999997,-1129287.93]
[47,1840,"Underground Conduit",3082573.47,73000,0,3155573.47,null,-2493642.21,-80379,0,-2574021.21,581552.26000000024,null,3119073.47,-2533831.71]
[47,1845,"Underground Conductors & Devices",759441.84000000008,243650,0,1003091.8400000001,null,-152289.22999999998,-28121,0,-180410.22999999998,822681.6100000001,null,881266.84000000008,-166349.72999999998]
[47,1850,"Line Transformers",4110745.72,187000,0,4297745.7200000007,null,-2530818.87,-89515,0,-2620333.87,1677411.8500000006,null,4204245.7200000007,-2575576.37]
[47,1855,"Services (Overhead & Underground)",1323354.1000000001,101000,0,1424354.1,null,-367219.97,-48073,0,-415292.97,1009061.1300000001,null,1373854.1,-391256.47]
[47,1860,"Meters",99078.410000000091,10000,0,109078.41000000009,null,-17194.409999999942,-2857,0,-20051.409999999942,89027.000000000146,null,104078.41000000009,-18622.909999999942]
[47,1860,"Meters (Smart Meters)",{"$f":"G307+1645232","v":1677141},65000,0,1742141,null,{"$f":"L307-553128-102942","v":-657134},-4294,0,-661428,1080713,null,1709641,-659281]
["N/A",1905,"Land",0,null,0,0,null,0,0,0,0,0,null,0,0]
[47,1908,"Buildings & Fixtures",0,null,0,0,null,0,0,0,0,0,null,0,0]
[13,1910,"Leasehold Improvements",0,null,0,0,null,0,0,0,0,0,null,0,0]
[8,1915,"Office Furniture & Equipment (10 years)",135286.43,5000,0,140286.43,null,-126028.54999999999,-1568,0,-127596.54999999999,12689.880000000005,null,137786.43,-126812.54999999999]
[8,1915,"Office Furniture & Equipment (5 years)",0,null,0,0,null,0,0,0,0,0,null,0,0]
[10,1920,"Computer Equipment - Hardware",0,null,0,0,null,0,0,0,0,0,null,0,0]
[45,1920,"Computer Equip.-Hardware(Post Mar. 22/04)",0,null,0,0,null,0,0,0,0,0,null,0,0]
[45.1,1920,"Computer Equip.-Hardware(Post Mar. 19/07)",{"$f":"G315+25493","v":400128.29},10000,0,410128.29,null,{"$f":"L315-22821-1782","v":-375492.14},-15446,0,-390938.14,19190.149999999965,null,405128.29,-383215.14]
[10,1930,"Transportation Equipment",2256907.09,61000,0,2317907.09,null,-1581040.95,-159297,0,-1740337.95,577569.1399999999,null,2287407.09,-1660689.45]
[8,1935,"Stores Equipment",1761.26,null,0,1761.26,null,-1761,null,0,-1761,0.25999999999999091,null,1761.26,-1761]
[8,1940,"Tools, Shop & Garage Equipment",300146.66000000003,10000,0,310146.66000000003,null,-240910.05,-8919,0,-249829.05,60317.610000000044,null,305146.66000000003,-245369.55]
[8,1945,"Measurement & Testing Equipment",18090,null,0,18090,null,-2714,-1809,0,-4523,13567,null,18090,-3618.5]
[8,1950,"Power Operated Equipment",0,null,0,0,null,0,null,0,0,0,null,0,0]
[8,1955,"Communications Equipment",38923.89,1200,0,40123.89,null,-35637.86,-1430,0,-37067.86,3056.0299999999988,null,39523.89,-36352.86]
[8,1955,"Communication Equipment (Smart Meters)",0,null,0,0,null,0,null,0,0,0,null,0,0]
[8,1960,"Miscellaneous Equipment ",12104,null,0,12104,null,-1815.6000000000001,-1210.4000000000001,0,-3026,9078,null,12104,-2420.8000000000002]
[47,1970,"Load Management Controls Customer Premises",0,null,0,0,null,0.34999999997671694,null,0,0.34999999997671694,0.34999999997671694,null,0,0.34999999997671694]
[47,1975,"Load Management Controls Utility Premises",64873.19,null,0,64873.19,null,-64873,null,0,-64873,0.19000000000232831,null,64873.19,-64873]
[47,1980,"System Supervisor Equipment",385008.0199999999,22500,0,407508.0199999999,null,-383565.22,-4812,0,-388377.22,19130.79999999993,null,396258.0199999999,-385971.22]
[47,1985,"Miscellaneous Fixed Assets",0,0,0,0,null,0,null,0,0,0,null,0,0]
[47,1990,"Other Tangible Property",0,0,0,0,null,0,null,0,0,0,null,0,0]
[47,1995,"Contributions & Grants",-2189070.19,0,0,-2189070.19,null,591771.65999999992,82515,0,674286.65999999992,-1514783.53,null,-2189070.19,633029.15999999992]
[null,"etc.","Deferred Revenue",0,-324000,0,-324000,null,null,6920,0,6920,-317080,null,-162000,6920]
[null,"etc.",null,0,0,0,0,null,null,0,0,0,0,null,0,0]
[null,"etc.",null,0,0,0,0,null,null,0,0,0,0,null,0,0]
[null,"etc.",null,0,0,0,0,null,null,0,0,0,0,null,0,0]
[null,"etc.",null,0,0,0,0,null,null,0,0,0,0,null,0,0]
[null,"etc.",null,0,0,0,0,null,null,0,0,0,0,null,0,0]
[null,"etc.",null,0,0,0,0,null,null,0,0,0,0,null,0,0]
[null,"etc.",null,0,0,0,0,null,null,0,0,0,0,null,0,0]
[null,"etc.",null,0,0,0,0,null,null,0,0,0,0,null,0,0]
[null,"etc.",null,0,0,0,0,null,null,0,0,0,0,null,0,0]
[null,"etc.",null,0,0,0,{"$f":"D409+E409+F409","v":0},null,null,0,0,0,0,null,0,0]
[null,null,null,0,0,0,{"$f":"D410+E410+F410","v":0},null,null,0,0,0,{"$f":"G410+L410","v":0},null,0,0]
[null,null,"Sub-Total",{"$f":"SUM(D361:D410)","v":28887768.919999998},{"$f":"SUM(E361:E410)","v":1109670},{"$f":"SUM(F361:F410)","v":0},{"$f":"SUM(G361:G410)","v":29997438.919999998},null,{"$f":"SUM(I361:I410)","v":-19105478.789999999},{"$f":"SUM(J361:J410)","v":-763303.4},{"$f":"SUM(K361:K410)","v":0},{"$f":"SUM(L361:L410)","v":-19868782.189999998},{"$f":"SUM(M361:M410)","v":10128656.730000002},null,{"$f":"SUM(O361:O410)","v":29442603.919999998},{"$f":"SUM(P361:P410)","v":-19483670.489999998}]
[null,null,"Less Socialized Renewable Energy Generation Investments (input as negative)Less Socialized Renewable Energy Generation Investments (input as negative)",null,null,null,{"$f":"D412+E412+F412","v":0},null,null,null,null,{"$f":"I412+J412+K412","v":0},{"$f":"G412+L412","v":0}]
[null,null,"Less Other Non Rate-Regulated Utility Assets (input as negative)Less Other Non Rate-Regulated Utility Assets (input as negative)",null,null,null,{"$f":"D413+E413+F413","v":0},null,null,null,null,{"$f":"I413+J413+K413","v":0},{"$f":"G413+L413","v":0}]
[null,null,"Total PP&E",{"$f":"SUM(D411:D413)","v":28887768.919999998},{"$f":"SUM(E411:E413)","v":1109670},{"$f":"SUM(F411:F413)","v":0},{"$f":"SUM(G411:G413)","v":29997438.919999998},null,{"$f":"SUM(I411:I413)","v":-19105478.789999999},{"$f":"SUM(J411:J413)","v":-763303.4},{"$f":"SUM(K411:K413)","v":0},{"$f":"SUM(L411:L413)","v":-19868782.189999998},{"$f":"SUM(M411:M413)","v":10128656.730000002}]
[null,null,"Depreciation Expense adj. from gain or loss on the retirement of assets (pool of like assets)"]
[null,null,"Total",null,null,null,null,null,null,{"$f":"J414+J415","v":-763303.4}]
[]
[null,null,null,null,null,null,"Less: Fully Allocated Depreciation"]
[10,null,"Transportation",null,null,null,"Transportation",null,null,79003]
[8,null,"Stores Equipment",null,null,null,"Stores Equipment",null,null,2961]
[8,null,"Tools, Shop",null,null,null,"Tools, Shop"]
[8,null,"Meas/Testing",null,null,null,"Meas/Testing"]
[8,null,"Communication",null,null,null,"Communication"]
[null,null,null,null,null,null,"Net Depreciation",null,null,{"$f":"J416+J419+J423+J420+J421+J422","v":-681339.4}]
[]
[]
[]
[null,null,null,null,"Year ",2016,"IFRS"]
[]
[null,null,null,"Cost",null,null,null,null,null,"Accumulated Depreciation"]
["CCA Class","OEB","Description","Opening Balance","Additions","Disposals","Closing Balance",null,"Opening Balance","Additions","Disposals","Closing Balance","Net Book Value",null,"AVG Gross Bal","AVG AccDep"]
[12,1611,"Computer Software (Formally known as Account 1925)",{"$f":"G361","v":538847.74},19000,0,{"$f":"D432+E432+F432","v":557847.74},null,{"$f":"L361","v":-482285.37},-35926,0,{"$f":"I432+J432+K432","v":-518211.37},{"$f":"G432+L432","v":39636.369999999995},null,{"$f":"AVERAGE(G432,D432)","v":548347.74},{"$f":"AVERAGE(L432,I432)","v":-500248.37}]
["CEC",1612,"Land Rights (Formally known as Account 1906 and 1806)",{"$f":"G362","v":10808.84},0,0,{"$f":"D433+E433+F433","v":10808.84},null,{"$f":"L362","v":-8731},-335,0,{"$f":"I433+J433+K433","v":-9066},{"$f":"G433+L433","v":1742.8400000000001},null,10808.84,-8898.5]
["N/A",1805,"Land",130499.26,0,0,{"$f":"D434+E434+F434","v":130499.26},null,0,null,0,{"$f":"I434+J434+K434","v":0},130499.26,null,130499.26,0]
[47,1808,"Buildings",771177.71,38000,0,{"$f":"D435+E435+F435","v":809177.71},null,-321731.24999999994,-20893,0,{"$f":"I435+J435+K435","v":-342624.24999999994},466553.46,null,790177.71,-332177.74999999994]
[13,1810,"Leasehold Improvements",0,null,0,0,null,0,null,0,0,0,null,0,0]
[47,1815,"Transformer Station Equipment >50 kV",0,null,0,0,null,0,null,0,0,0,null,0,0]
[47,1820,"Distribution Station Equipment <50 kV",3113365.89,193500,0,3306865.89,null,-2006156.82,-70752,0,-2076908.82,1229957.07,null,3210115.89,-2041532.82]
[47,1825,"Storage Battery Equipment",0,null,0,0,null,0,null,0,0,0,null,0,0]
[47,1830,"Poles, Towers & Fixtures",8774664.3300000001,137700,0,8912364.3300000001,null,-7061083.8700000001,-159046,0,-7220129.8700000001,1692234.46,null,8843514.3300000001,-7140606.8700000001]
[47,1835,"Overhead Conductors & Devices",3716231.9699999997,191200,0,3907431.9699999997,null,-1190133.43,-125151,0,-1315284.43,2592147.54,null,3811831.9699999997,-1252708.93]
[47,1840,"Underground Conduit",3155573.47,0,0,3155573.47,null,-2574021.21,-77920,0,-2651941.21,503632.26000000024,null,3155573.47,-2612981.21]
[47,1845,"Underground Conductors & Devices",1003091.8400000001,163650,0,1166741.8400000001,null,-180410.22999999998,-31168,0,-211578.22999999998,955163.6100000001,null,1084916.8400000001,-195994.22999999998]
[47,1850,"Line Transformers",4297745.7200000007,172000,0,4469745.7200000007,null,-2620333.87,-91420,0,-2711753.87,1757991.8500000006,null,4383745.7200000007,-2666043.87]
[47,1855,"Services (Overhead & Underground)",1424354.1,101000,0,1525354.1,null,-415292.97,-44089,0,-459381.97,1065972.1300000001,null,1474854.1,-437337.47]
[47,1860,"Meters",109078.41000000009,7500,0,116578.41000000009,null,-20051.409999999942,-3007,0,-23058.409999999942,93520.000000000146,null,112828.41000000009,-21554.909999999942]
[47,1860,"Meters (Smart Meters)",{"$f":"G376","v":1742141},35200,0,1777341,null,-661428,-110576,0,-772004,1005337,null,1759741,-716716]
["N/A",1905,"Land",0,0,0,0,null,0,0,0,0,0,null,0,0]
[47,1908,"Buildings & Fixtures",0,0,0,0,null,0,0,0,0,0,null,0,0]
[13,1910,"Leasehold Improvements",0,0,0,0,null,0,0,0,0,0,null,0,0]
[8,1915,"Office Furniture & Equipment (10 years)",140286.43,8000,0,148286.43,null,-127596.54999999999,-2118,0,-129714.54999999999,18571.880000000005,null,144286.43,-128655.54999999999]
[8,1915,"Office Furniture & Equipment (5 years)",0,null,0,0,null,0,0,0,0,0,null,0,0]
[10,1920,"Computer Equipment - Hardware",0,null,0,0,null,0,0,0,0,0,null,0,0]
[45,1920,"Computer Equip.-Hardware(Post Mar. 22/04)",0,null,0,0,null,0,0,0,0,0,null,0,0]
[45.1,1920,"Computer Equip.-Hardware(Post Mar. 19/07)",{"$f":"G384","v":410128.29},10000,0,420128.29,null,-390938.14,-14096,0,-405034.14,15094.149999999965,null,415128.29,-397986.14]
[10,1930,"Transportation Equipment",2317907.09,328000,0,2645907.09,null,-1740337.95,-157743,0,-1898080.95,747826.1399999999,null,2481907.09,-1819209.45]
[8,1935,"Stores Equipment",1761.26,null,0,1761.26,null,-1761,null,0,-1761,0.25999999999999091,null,1761.26,-1761]
[8,1940,"Tools, Shop & Garage Equipment",310146.66000000003,10000,0,320146.66000000003,null,-249829.05,-8319,0,-258148.05,61998.610000000044,null,315146.66000000003,-253988.55]
[8,1945,"Measurement & Testing Equipment",18090,null,0,18090,null,-4523,-1809,0,-6332,11758,null,18090,-5427.5]
[8,1950,"Power Operated Equipment",0,null,0,0,null,0,null,0,0,0,null,0,0]
[8,1955,"Communications Equipment",40123.89,1200,0,41323.89,null,-37067.86,-1104,0,-38171.86,3152.0299999999988,null,40723.89,-37619.86]
[8,1955,"Communication Equipment (Smart Meters)",0,null,0,0,null,0,null,0,0,0,null,0,0]
[8,1960,"Miscellaneous Equipment ",12104,null,0,12104,null,-3026,-1210,0,-4236,7868,null,12104,-3631]
[47,1970,"Load Management Controls Customer Premises",0,null,0,0,null,0.34999999997671694,null,0,0.34999999997671694,0.34999999997671694,null,0,0.34999999997671694]
[47,1975,"Load Management Controls Utility Premises",64873.19,null,0,64873.19,null,-64873,null,0,-64873,0.19000000000232831,null,64873.19,-64873]
[47,1980,"System Supervisor Equipment",407508.0199999999,130000,0,537508.0199999999,null,-388377.22,-30229,0,-418606.22,118901.79999999993,null,472508.0199999999,-403491.72]
[47,1985,"Miscellaneous Fixed Assets",0,null,0,0,null,0,null,0,0,0,null,0,0]
[47,1990,"Other Tangible Property",0,null,0,0,null,0,null,0,0,0,null,0,0]
[47,1995,"Contributions & Grants",-2189070.19,null,0,-2189070.19,null,674286.65999999992,71181,0,745467.65999999992,-1443602.53,null,-2189070.19,709877.15999999992]
[null,"etc.","Deferred Revenue5",-324000,-300000,0,-624000,null,6920,26054,0,32974,-591026,null,-474000,19947]
[null,"etc.",null,0,0,0,0,null,null,0,0,0,0,null,0,0]
[null,"etc.",null,0,0,0,0,null,null,0,0,0,0,null,0,0]
[null,"etc.",null,0,0,0,0,null,null,0,0,0,0,null,0,0]
[null,"etc.",null,0,0,0,0,null,null,0,0,0,0,null,0,0]
[null,"etc.",null,0,0,0,0,null,null,0,0,0,0,null,0,0]
[null,"etc.",null,0,0,0,0,null,null,0,0,0,0,null,0,0]
[null,"etc.",null,0,0,0,0,null,null,0,0,0,0,null,0,0]
[null,"etc.",null,0,0,0,0,null,null,0,0,0,0,null,0,0]
[null,"etc.",null,0,0,0,0,null,null,0,0,0,0,null,0,0]
[null,"etc.",null,0,0,0,{"$f":"D480+E480+F480","v":0},null,null,0,0,0,0,null,0,0]
[null,null,null,0,0,0,{"$f":"D481+E481+F481","v":0},null,null,0,0,0,0,null,0,0]
[null,null,"Sub-Total",{"$f":"SUM(D432:D481)","v":29997438.919999998},{"$f":"SUM(E432:E481)","v":1245950},{"$f":"SUM(F432:F481)","v":0},{"$f":"SUM(G432:G481)","v":31243388.919999998},null,{"$f":"SUM(I432:I481)","v":-19868782.189999998},{"$f":"SUM(J432:J481)","v":-889676},{"$f":"SUM(K432:K481)","v":0},{"$f":"SUM(L432:L481)","v":-20758458.189999998},{"$f":"SUM(M432:M481)","v":10484930.730000002},null,{"$f":"SUM(O432:O481)","v":30620413.919999998},{"$f":"SUM(P432:P481)","v":-20313620.189999998}]
[null,null,"Less Socialized Renewable Energy Generation Investments (input as negative)Less Socialized Renewable Energy Generation Investments (input as negative)",null,null,null,{"$f":"D483+E483+F483","v":0},null,null,null,null,{"$f":"I483+J483+K483","v":0},{"$f":"G483+L483","v":0}]
[null,null,"Less Other Non Rate-Regulated Utility Assets (input as negative)Less Other Non Rate-Regulated Utility Assets (input as negative)",null,null,null,{"$f":"D484+E484+F484","v":0},null,null,null,null,{"$f":"I484+J484+K484","v":0},{"$f":"G484+L484","v":0}]
[null,null,"Total PP&E",{"$f":"SUM(D482:D484)","v":29997438.919999998},{"$f":"SUM(E482:E484)","v":1245950},{"$f":"SUM(F482:F484)","v":0},{"$f":"SUM(G482:G484)","v":31243388.919999998},null,{"$f":"SUM(I482:I484)","v":-19868782.189999998},{"$f":"SUM(J482:J484)","v":-889676},{"$f":"SUM(K482:K484)","v":0},{"$f":"SUM(L482:L484)","v":-20758458.189999998},{"$f":"SUM(M482:M484)","v":10484930.730000002}]
[null,null,"Depreciation Expense adj. from gain or loss on the retirement of assets (pool of like assets)"]
[null,null,"Total",null,null,null,null,null,null,{"$f":"J485+J486","v":-889676}]
[]
[null,null,null,null,null,null,"Less: Fully Allocated Depreciation"]
[10,null,"Transportation",null,null,null,"Transportation",null,null,140055.60999999999]
[8,null,"Stores Equipment",null,null,null,"Stores Equipment"]
[8,null,"Tools, Shop",null,null,null,"Tools, Shop"]
[8,null,"Meas/Testing",null,null,null,"Meas/Testing"]
[8,null,"Communication",null,null,null,"Communication"]
[null,null,null,null,null,null,"Net Depreciation",null,null,{"$f":"J487+J490+J494+J491+J492+J493","v":-749620.39}]

{"sheet":"Appendix 2-BB Service Life  ","index":15,"n_rows":112,"n_cols":15,"rows_kept":112,"cut":false,"hidden":false,"merged":[[105,2,105,4],[105,5,105,7],[108,0,108,7],[86,5,86,7],[87,1,90,1],[87,2,90,2],[87,5,87,7],[88,5,88,7],[89,5,89,7],[90,5,90,7],[91,1,92,1],[91,2,92,2],[91,5,91,7],[92,5,92,7],[88,3,88,4],[89,3,89,4],[90,3,90,4],[91,3,91,4],[92,3,92,4],[93,3,93,4],[93,1,96,1],[93,2,96,2],[93,5,93,7],[94,3,94,4],[77,0,77,7],[79,2,79,4],[79,5,80,7],[79,9,80,9],[79,10,80,10],[79,11,79,12],[79,13,79,14],[80,2,80,4],[104,2,104,4],[104,5,104,7],[81,2,81,4],[81,5,81,7],[87,3,87,4],[82,3,82,4],[83,3,83,4],[84,3,84,4],[82,1,84,1],[82,2,84,2],[82,5,82,7],[83,5,83,7],[84,5,84,7],[85,2,85,4],[85,5,85,7],[86,2,86,4],[36,0,52,0],[36,1,38,1],[36,2,38,2],[36,3,36,4],[37,3,37,4],[39,2,39,4],[40,2,40,4],[41,1,43,1],[41,2,43,2],[43,3,43,4],[44,1,45,1],[44,3,44,4],[45,3,45,4],[48,2,48,4],[38,3,38,4],[41,3,41,4],[42,3,42,4],[46,2,46,4],[47,2,47,4],[19,0,35,0],[25,1,27,1],[25,2,27,2],[28,2,28,4],[29,2,29,4],[30,2,30,4],[19,1,21,1],[19,2,21,2],[19,3,19,4],[20,3,21,3],[22,1,24,1],[33,2,33,4],[34,2,34,4],[35,2,35,4],[22,2,24,2],[22,3,22,4],[23,3,24,3],[25,3,25,4],[26,3,27,3],[31,2,31,4],[32,2,32,4],[8,0,8,16],[9,0,9,16],[10,0,10,16],[13,0,13,7],[17,2,17,4],[17,5,17,7],[17,9,18,9],[17,10,18,10],[17,11,17,12],[17,13,17,14],[18,2,18,4],[74,2,74,4],[69,2,69,4],[60,2,60,4],[61,2,61,4],[57,2,57,4],[58,2,58,4],[59,2,59,4],[49,2,49,4],[50,2,50,4],[51,2,51,4],[52,2,52,4],[53,2,53,4],[54,2,54,4],[55,2,55,4],[72,2,72,4],[73,2,73,4],[62,1,63,1],[62,2,63,2],[62,3,62,4],[63,3,63,4],[53,0,73,0],[67,1,68,1],[67,2,68,2],[67,3,67,4],[68,3,68,4],[70,2,70,4],[71,2,71,4],[64,2,64,4],[65,2,65,4],[66,2,66,4],[56,2,56,4],[94,5,94,7],[95,3,95,4],[95,5,95,7],[96,3,96,4],[96,5,96,7],[100,2,100,4],[99,2,99,4],[102,2,102,4],[102,5,102,7],[103,2,103,4],[103,5,103,7],[97,1,98,1],[97,2,98,2],[97,3,97,4],[97,5,97,7],[98,3,98,4],[98,5,98,7],[99,5,99,7],[100,5,100,7],[101,2,101,4],[101,5,101,7]]}
[null,null,null,null,null,null,null,null,null,null,null,null,"File Number:",null,0]
[null,null,null,null,null,null,null,null,null,null,null,null,"Exhibit:"]
[null,null,null,null,null,null,null,null,null,null,null,null,"Tab:"]
[null,null,null,null,null,null,null,null,null,null,null,null,"Schedule:"]
[null,null,null,null,null,null,null,null,null,null,null,null,"Page:"]
[]
[null,null,null,null,null,null,null,null,null,null,null,null,"Date:"]
[]
["Appendix 2-BB"]
["Service Life Comparison"]
["Table F-1 from Kinetrics Report1"]
[]
[]
["Table F-1 from Kinetrics Report1"]
[]
[]
[]
[null,null,"Asset Details",null,null,"Useful Life",null,null,null,"USoA Account Number","USoA Account Description","Current",null,"Proposed"]
["Parent*","#","Category| Component | Type",null,null,"MIN UL","TUL","MAX UL",null,null,null,"Years","Rate","Years","Rate"]
["OH",1,"Fully Dressed Wood Poles","Overall",null,35,45,75,null,1830,"Poles, Towers and Fixtures",25,{"$f":"IF(ISERROR(1/L20), \"\", 1/L20)","v":0.04},40,{"$f":"IF(ISERROR(1/N20), \"\", 1/N20)","v":2.5000000000000001E-2}]
[null,null,null,"Cross Arm","Wood",20,40,55,null,1830,"Poles, Towers and Fixtures",25,{"$f":"IF(ISERROR(1/L21), \"\", 1/L21)","v":0.04},40,{"$f":"IF(ISERROR(1/N21), \"\", 1/N21)","v":2.5000000000000001E-2}]
[null,null,null,null,"Steel",30,70,95,null,1830,"Poles, Towers and Fixtures",25,0.04,40,2.5000000000000001E-2]
[null,2,"Fully Dressed Concrete Poles","Overall",null,50,60,80,null,1830,"Poles, Towers and Fixtures",25,0.04,40,2.5000000000000001E-2]
[null,null,null,"Cross Arm","Wood",20,40,55,null,1830,"Poles, Towers and Fixtures",25,0.04,40,2.5000000000000001E-2]
[null,null,null,null,"Steel",30,70,95,null,1830,"Poles, Towers and Fixtures",25,0.04,40,2.5000000000000001E-2]
[null,3,"Fully Dressed Steel Poles","Overall",null,60,60,80,null,"N/A",null,null,"",null,""]
[null,null,null,"Cross Arm","Wood",20,40,55,null,"N/A",null,null,"",null,""]
[null,null,null,null,"Steel",30,70,95,null,"N/A",null,null,"",null,""]
[null,4,"OH Line Switch",null,null,30,45,55,null,1835,"Overhead Conductors & Devices",25,0.04,40,2.5000000000000001E-2]
[null,5,"OH Line Switch Motor",null,null,15,25,25,null,1835,"Overhead Conductors & Devices",25,0.04,20,0.05]
[null,6,"OH Line Switch RTU",null,null,15,20,20,null,1835,"Overhead Conductors & Devices",25,0.04,20,0.05]
[null,7,"OH Integral Switches",null,null,35,45,60,null,1835,"Overhead Conductors & Devices",25,0.04,40,2.5000000000000001E-2]
[null,8,"OH Conductors",null,null,50,60,75,null,1835,"Overhead Conductors & Devices",25,0.04,60,1.6666666666666666E-2]
[null,9,"OH Transformers & Voltage Regulators",null,null,30,40,60,null,1850,"Line Transformers",25,0.04,40,2.5000000000000001E-2]
[null,10,"OH Shunt Capacitor Banks",null,null,25,30,40,null,"N/A",null,null,"",null,""]
[null,11,"Reclosers",null,null,25,40,55,null,"N/A",null,null,"",null,""]
["TS & MS",12,"Power Transformers","Overall",null,30,45,60,null,1850,"Line Transformers",25,0.04,40,2.5000000000000001E-2]
[null,null,null,"Bushing",null,10,20,30,null,null,null,null,"",null,""]
[null,null,null,"Tap Changer",null,20,30,60,null,null,null,null,"",null,""]
[null,13,"Station Service Transformer",null,null,30,45,55,null,null,null,null,"",null,""]
[null,14,"Station Grounding Transformer",null,null,30,40,40,null,null,null,null,"",null,""]
[null,15,"Station DC System","Overall",null,10,20,30,null,null,null,null,"",null,""]
[null,null,null,"Battery Bank",null,10,15,15,null,1820,"Distribution Station Equipment",30,3.3333333333333333E-2,20,0.05]
[null,null,null,"Charger",null,20,20,30,null,1820,"Distribution Station Equipment",30,3.3333333333333333E-2,20,0.05]
[null,16,"Station Metal Clad Switchgear","Overall",null,30,40,60,null,1820,"Distribution Station Equipment",25,0.04,40,2.5000000000000001E-2]
[null,null,null,"Removable Breaker",null,25,40,60,null,null,null,null,"",null,""]
[null,17,"Station Independent Breakers",null,null,35,45,65,null,null,null,null,"",null,""]
[null,18,"Station Switch",null,null,30,50,60,null,null,null,null,"",null,""]
[null,19,"Electromechanical Relays",null,null,25,35,50,null,null,null,null,"",null,""]
[null,20,"Solid State Relays",null,null,10,30,45,null,1820,"Distribution Station Equipment",25,0.04,30,3.3333333333333333E-2]
[null,21,"Digital & Numeric Relays",null,null,15,20,20,null,null,null,null,"",null,""]
[null,22,"Rigid Busbars",null,null,30,55,60,null,null,null,null,"",null,""]
[null,23,"Steel Structure",null,null,35,50,90,null,null,null,null,"",null,""]
["UG",24,"Primary Paper Insulated Lead Covered (PILC) Cables",null,null,60,65,75,null,"N/A",null,null,"",null,""]
[null,25,"Primary Ethylene-Propylene Rubber (EPR) Cables",null,null,20,25,25,null,1845,"Underground Conductors & Devices",25,0.04,40,2.5000000000000001E-2]
[null,26,"Primary Non-Tree Retardant (TR) Cross Linked \nPolyethylene (XLPE) Cables Direct BuriedPrimary Non-Tree Retardant (TR) Cross Linked \nPolyethylene (XLPE) Cables Direct BuriedPrimary Non-Tree Retardant (TR) Cross Linked \nPolyethylene (XLPE) Cables Direct BuriedPrimary Non-Tree Retardant (TR) Cross Linked \nPolyethylene (XLPE) Cables Direct Buried",null,null,20,25,30,null,1845,"Underground Conductors & Devices",25,0.04,40,2.5000000000000001E-2]
[null,27,"Primary Non-TR XLPE Cables in Duct",null,null,20,25,30,null,1845,"Underground Conductors & Devices",25,0.04,40,2.5000000000000001E-2]
[null,28,"Primary TR XLPE Cables Direct Buried",null,null,25,30,35,null,1845,"Underground Conductors & Devices",25,0.04,40,2.5000000000000001E-2]
[null,29,"Primary TR XLPE Cables in Duct",null,null,35,40,55,null,1845,"Underground Conductors & Devices",25,0.04,40,2.5000000000000001E-2]
[null,30,"Secondary PILC Cables",null,null,70,75,80,null,"N/A",null,null,"",null,""]
[null,31,"Secondary Cables Direct Buried",null,null,25,35,40,null,1855,"Services",25,0.04,60,1.6666666666666666E-2]
[null,32,"Secondary Cables in Duct",null,null,35,40,60,null,1855,"Services",25,0.04,60,1.6666666666666666E-2]
[null,33,"Network Tranformers","Overall",null,20,35,50,null,"N/A",null,null,"",null,""]
[null,null,null,"Protector",null,20,35,40,null,"N/A",null,null,"",null,""]
[null,34,"Pad-Mounted Transformers",null,null,25,40,45,null,1850,"Line Transformers",25,0.04,40,2.5000000000000001E-2]
[null,35,"Submersible/Vault Transformers",null,null,25,35,45,null,1850,"Line Transformers",25,0.04,40,2.5000000000000001E-2]
[null,36,"UG Foundation",null,null,35,55,70,null,1840,"Underground Conduit",25,0.04,60,1.6666666666666666E-2]
[null,37,"UG Vaults","Overall",null,40,60,80,null,"N/A",null,null,"",null,""]
[null,null,null,"Roof",null,20,30,45,null,"N/A",null,null,"",null,""]
[null,38,"UG Vault Switches",null,null,20,35,50,null,1845,"Underground Conductors & Devices",25,0.04,30,3.3333333333333333E-2]
[null,39,"Pad-Mounted Switchgear",null,null,20,30,45,null,1845,"Underground Conductors & Devices",25,0.04,30,3.3333333333333333E-2]
[null,40,"Ducts",null,null,30,50,85,null,1840,"Underground Conduit",25,0.04,60,1.6666666666666666E-2]
[null,41,"Concrete Encased Duct Banks",null,null,35,55,80,null,1840,"Underground Conduit",25,0.04,60,1.6666666666666666E-2]
[null,42,"Cable Chambers",null,null,50,60,80,null,1840,"Underground Conduit",25,0.04,60,1.6666666666666666E-2]
["S",43,"Remote SCADA",null,null,15,20,30,null,null,null,null,"",null,""]
[]
[]
["Table F-2 from Kinetrics Report1"]
[]
[null,null,"Asset Details",null,null,"Useful Life Range",null,null,null,"USoA Account Number","USoA Account Description","Current",null,"Proposed"]
[null,"#","Category| Component | Type",null,null,null,null,null,null,null,null,"Years","Rate","Years","Rate"]
[null,1,"Office Equipment",null,null,"5-15",null,null,null,1915,"Office Furniture & Equipment ",10,{"$f":"IF(ISERROR(1/L82), \"\", 1/L82)","v":0.1},10,{"$f":"IF(ISERROR(1/N82), \"\", 1/N82)","v":0.1}]
[null,2,"Vehicles","Trucks & Buckets",null,"5-15",null,null,null,1930,"Transportation Equipment",8,{"$f":"IF(ISERROR(1/L83), \"\", 1/L83)","v":0.125},15,{"$f":"IF(ISERROR(1/N83), \"\", 1/N83)","v":6.6666666666666666E-2}]
[null,null,null,"Trailers",null,"5-20",null,null,null,1930,"Transportation Equipment",8,0.125,20,0.05]
[null,null,null,"Vans",null,"5-10",null,null,null,1930,"Transportation Equipment",5,0.2,12,8.3333333333333329E-2]
[null,3,"Administrative Buildings",null,null,"50-75",null,null,null,"200/201","Building & Fixtures","1950-05-01",5.4395126196692775E-5,"1950-05-01",5.4395126196692775E-5]
[null,4,"Leasehold Improvements",null,null,"Lease dependent",null,null,null,"N/A",null,0,"",0,""]
[null,5,"Station Buildings","Station Buildings",null,"50-75",null,null,null,1808,"Building & Fixtures",50,0.02,50,0.02]
[null,null,null,"Parking",null,"25-30",null,null,null,1808,"Building & Fixtures",30,3.3333333333333333E-2,30,3.3333333333333333E-2]
[null,null,null,"Fence",null,"25-60",null,null,null,1808,"Building & Fixtures",25,0.04,25,0.04]
[null,null,null,"Roof",null,"20-30",null,null,null,1808,"Building & Fixtures",20,0.05,20,0.05]
[null,6,"Computer Equipment","Hardware",null,"3-5",null,null,null,1920,"Computer Equipment - Hardware",5,0.2,5,0.2]
[null,null,null,"Software",null,"2-5",null,null,null,1925,"Computer Equipment - Software",5,0.2,5,0.2]
[null,7,"Equipment","Power Operated",null,"5-10",null,null,null,"N/A",null,null,"",null,""]
[null,null,null,"Stores",null,"5-10",null,null,null,1935,"Stores Equipment ",10,0.1,10,0.1]
[null,null,null,"Tools, Shop, Garage Equipment",null,"5-10",null,null,null,1940,"Tools, Shops Garage Equipment ",10,0.1,10,0.1]
[null,null,null,"Measurement & Testing Equipment",null,"5-10",null,null,null,1945,"Measurement and Testing Equipment",10,0.1,10,0.1]
[null,8,"Communication","Towers",null,"60-70",null,null,null,1955,"Communication Equipment ",10,0.1,10,0.1]
[null,null,null,"Wireless",null,"2-10",null,null,null,1955,"Communication Equipment ",10,0.1,10,0.1]
[null,9,"Residential Energy Meters",null,null,"25-35",null,null,null,1860,"Meters",25,0.04,15,6.6666666666666666E-2]
[null,10,"Industrial/Commercial Energy Meters",null,null,"25-35",null,null,null,1860,"Meters",null,"",20,0.05]
[null,11,"Wholesale Energy Meters",null,null,"15-30",null,null,null,"N/A",null,null,"",null,""]
[null,12,"Current & Potential Transformer (CT & PT)",null,null,"35-50",null,null,null,1860,"Meters",null,"",45,2.2222222222222223E-2]
[null,13,"Smart Meters",null,null,"5-15",null,null,null,1860,"Meters",15,6.6666666666666666E-2,15,6.6666666666666666E-2]
[null,14,"Repeaters - Smart Metering",null,null,"10-15",null,null,null,1915,"Office Furniture & Equipment ",5,0.2,5,0.2]
[null,15,"Data Collectors - Smart Metering",null,null,"15-20",null,null,null,1915,"Office Furniture & Equipment ",5,0.2,5,0.2]
[]
[]
["* TS & MS = Transformer and Municipal Stations UG = Underground Systems S = Monitoring and Control Systems"]
[]
["Note 1:","Tables F-1 and F-2 above are to be used as a reference in order to complete columns J, K, L and N."]
[null,"See pages 17-19 of Kinetrics Report"]

{"sheet":"App.2-CA_OldCGAAP_DepExp_2012","index":16,"n_rows":62,"n_cols":12,"rows_kept":62,"cut":false,"hidden":true,"merged":[[58,1,58,11],[59,1,60,9],[61,1,62,11],[8,0,8,11],[9,0,9,11],[14,0,15,0],[14,1,15,1],[14,10,15,10],[10,1,10,10]]}
[null,null,null,null,null,null,null,null,null,null,"File Number:",{"$f":"EBNUMBER","v":"EB-2014-0105"}]
[null,null,null,null,null,null,null,null,null,null,"Exhibit:"]
[null,null,null,null,null,null,null,null,null,null,"Tab:"]
[null,null,null,null,null,null,null,null,null,null,"Schedule:"]
[null,null,null,null,null,null,null,null,null,null,"Page:"]
[]
[null,null,null,null,null,null,null,null,null,null,"Date:"]
[]
["Appendix 2-CA"]
["Depreciation and Amortization Expense"]
[null,"Assumes the applicant made capitalization and depreciation expense accounting policy changes under CGAAP effective January 1, 2012 and has adopted IFRS for financial reporting purposes effective January 1, 2015."]
[]
[null,null,"Year",2012,"Former CGAAP"]
[]
["Account","Description","Opening Regulatory Gross PP&E as at Jan 1, 2012","Less Fully Depreciated","Net for Depreciation","Additions","Total for Depreciation 1","Years","Depreciation Rate","Depreciation Expense","2012 Depreciation Expense per Appendix 2-BA Fixed Assets, Column J \n (l)","Variance 2"]
[null,null,"(a)","(b)","(c)","(d)","(e) = (c) + ½ x (d) ","(f)","(g) = 1 / (f)","(h) = (e) / (f)",null,"(m) = (h) - (l)"]
[1611,"Computer Software (Formally known as Account 1925)",null,null,{"$f":"C17-D17","v":0},null,{"$f":"E17+0.5*F17","v":0},null,{"$f":"IF(H17=0,0,1/H17)","v":0},{"$f":"IF(H17=0,0,G17/H17)","v":0},null,{"$f":"IF(ISERROR(+J17-K17), 0, +J17-K17)","v":0}]
[1612,"Land Rights (Formally known as Account 1906)",null,null,{"$f":"C18-D18","v":0},null,{"$f":"E18+0.5*F18","v":0},null,0,0,null,0]
[1805,"Land",null,null,0,null,0,null,0,0,null,0]
[1808,"Buildings",null,null,0,null,0,null,0,0,null,0]
[1810,"Leasehold Improvements",null,null,0,null,0,null,0,0,null,0]
[1815,"Transformer Station Equipment >50 kV",null,null,0,null,0,null,0,0,null,0]
[1820,"Distribution Station Equipment <50 kV",null,null,0,null,0,null,0,0,null,0]
[1825,"Storage Battery Equipment",null,null,0,null,0,null,0,0,null,0]
[1830,"Poles, Towers & Fixtures",null,null,0,null,0,null,0,0,null,0]
[1835,"Overhead Conductors & Devices",null,null,0,null,0,null,0,0,null,0]
[1840,"Underground Conduit",null,null,0,null,0,null,0,0,null,0]
[1845,"Underground Conductors & Devices",null,null,0,null,0,null,0,0,null,0]
[1850,"Line Transformers",null,null,0,null,0,null,0,0,null,0]
[1855,"Services (Overhead & Underground)",null,null,0,null,0,null,0,0,null,0]
[1860,"Meters",null,null,0,null,0,null,0,0,null,0]
[1860,"Meters (Smart Meters)",null,null,0,null,0,null,0,0,null,0]
[1905,"Land",null,null,0,null,0,null,0,0,null,0]
[1908,"Buildings & Fixtures",null,null,0,null,0,null,0,0,null,0]
[1910,"Leasehold Improvements",null,null,0,null,0,null,0,0,null,0]
[1915,"Office Furniture & Equipment (10 years)",null,null,0,null,0,null,0,0,null,0]
[1915,"Office Furniture & Equipment (5 years)",null,null,0,null,0,null,0,0,null,0]
[1920,"Computer Equipment - Hardware",null,null,0,null,0,null,0,0,null,0]
[1920,"Computer Equip.-Hardware(Post Mar. 22/04)",null,null,0,null,0,null,0,0,null,0]
[1920,"Computer Equip.-Hardware(Post Mar. 19/07)",null,null,0,null,0,null,0,0,null,0]
[1930,"Transportation Equipment",null,null,0,null,0,null,0,0,null,0]
[1935,"Stores Equipment",null,null,0,null,0,null,0,0,null,0]
[1940,"Tools, Shop & Garage Equipment",null,null,0,null,0,null,0,0,null,0]
[1945,"Measurement & Testing Equipment",null,null,0,null,0,null,0,0,null,0]
[1950,"Power Operated Equipment",null,null,0,null,0,null,0,0,null,0]
[1955,"Communications Equipment",null,null,0,null,0,null,0,0,null,0]
[1955,"Communication Equipment (Smart Meters)",null,null,0,null,0,null,0,0,null,0]
[1960,"Miscellaneous Equipment ",null,null,0,null,0,null,0,0,null,0]
[1970,"Load Management Controls Customer Premises",null,null,0,null,0,null,0,0,null,0]
[1975,"Load Management Controls Utility Premises",null,null,0,null,0,null,0,0,null,0]
[1980,"System Supervisor Equipment",null,null,0,null,0,null,0,0,null,0]
[1985,"Miscellaneous Fixed Assets",null,null,0,null,0,null,0,0,null,0]
[1990,"Other Tangible Property",null,null,0,null,0,null,0,0,null,0]
[1995,"Contributions & Grants",null,null,0,null,0,null,0,0,null,0]
[null,"Total",{"$f":"SUM(C17:C54)","v":0},{"$f":"SUM(D17:D54)","v":0},{"$f":"SUM(E17:E54)","v":0},{"$f":"SUM(F17:F54)","v":0},{"$f":"SUM(G17:G54)","v":0},null,null,{"$f":"SUM(J17:J54)","v":0},{"$f":"SUM(K17:K54)","v":0},{"$f":"SUM(L17:L54)","v":0}]
[]
["Notes:"]
[]
[1,"Board policy of the \"half-year\" rule - the applicant must ensure that additions in the year attract a half-year depreciation expense in the first year.  Deviations from this standard practice must be supported in the application."]
[2,"The applicant must provide an explanation of material variances in evidence."]
[]
["General","Applicants must provide a breakdown of depreciation and amortization expense in the above format for all relevant accounts.  Asset Retirement Obligations (AROs), depreciation and accretion expense should be disclosed separately consistent with the Notes of historical Audited Financial Statements."]

{"sheet":"App.2-CB_NewCGAAP_DepExp_2012","index":17,"n_rows":66,"n_cols":15,"rows_kept":66,"cut":false,"hidden":true,"merged":[[65,1,66,14],[58,1,58,14],[59,1,59,14],[60,1,60,14],[61,1,61,14],[62,1,62,14],[63,1,63,14],[8,0,8,14],[9,0,9,14],[10,0,10,14],[14,0,15,0],[14,1,15,1],[14,10,15,10],[14,13,15,13]]}
[null,null,null,null,null,null,null,null,null,null,null,null,null,"File Number:",{"$f":"EBNUMBER","v":"EB-2014-0105"}]
[null,null,null,null,null,null,null,null,null,null,null,null,null,"Exhibit:"]
[null,null,null,null,null,null,null,null,null,null,null,null,null,"Tab:"]
[null,null,null,null,null,null,null,null,null,null,null,null,null,"Schedule:"]
[null,null,null,null,null,null,null,null,null,null,null,null,null,"Page:"]
[]
[null,null,null,null,null,null,null,null,null,null,null,null,null,"Date:"]
[]
["Appendix 2-CB"]
["Depreciation and Amortization Expense"]
["Assumes the applicant made capitalization and depreciation expense accounting policy changes under CGAAP effective January 1, 2012 and has adopted IFRS for financial reporting purposes effective January 1, 2015."]
[]
[null,null,"Year",2012,"Revised CGAAP "]
[]
["Account","Description","Opening NBV as at Jan 1, 2012 5","Additions","Average Remaining Life of Opening NBV 4","Years (new additions only) 3","Depreciation Rate on New Additions","Depreciation Expense on Opening NBV","Depreciation Expense on Additions 1","2012 Depreciation Expense","2012 Depreciation Expense per Appendix 2-BA Fixed Assets, Column J \n (l)","Variance 2","Depreciation Expense on 2012 Full Year Additions","Less Depreciation Expense on Assets Fully Depreciated during the year\n(o)","2012 Full Year Depreciation 6"]
[null,null,"(a)","(d)","(i)","(f)","(g) = 1 / (f)","(j) = (a) / (i)","(h)=((d)*0.5)/(f) ","(k) = (j) + (h)",null,"(m) = (k) - (l)","(n) = (d)/(f) ",null,"(p) = (j) + (n) - (o)"]
[1611,"Computer Software (Formally known as Account 1925)",null,null,null,null,{"$f":"IF(F17=0,0,1/F17)","v":0},{"$f":"IF(E17=0,0,+C17/E17)","v":0},{"$f":"IF(F17=0,0,+(D17*0.5)/F17)","v":0},{"$f":"IF(ISERROR(+H17+I17), 0, +H17+I17)","v":0},null,{"$f":"IF(ISERROR(+J17-K17), 0, +J17-K17)","v":0},{"$f":"IF(F17=0,0,+(D17)/F17)","v":0},null,{"$f":"IF(ISERROR(+M17+H17-N17), 0, +M17+H17-N17)","v":0}]
[1612,"Land Rights (Formally known as Account 1906)",null,null,null,null,0,0,0,0,null,0,0,null,{"$f":"IF(ISERROR(+M18+H18-N18), 0, +M18+H18-N18)","v":0}]
[1805,"Land",null,null,null,null,0,0,0,0,null,0,0,null,0]
[1808,"Buildings",null,null,null,null,0,0,0,0,null,0,0,null,0]
[1810,"Leasehold Improvements",null,null,null,null,0,0,0,0,null,0,0,null,0]
[1815,"Transformer Station Equipment >50 kV",null,null,null,null,0,0,0,0,null,0,0,null,0]
[1820,"Distribution Station Equipment <50 kV",null,null,null,null,0,0,0,0,null,0,0,null,0]
[1825,"Storage Battery Equipment",null,null,null,null,0,0,0,0,null,0,0,null,0]
[1830,"Poles, Towers & Fixtures",null,null,null,null,0,0,0,0,null,0,0,null,0]
[1835,"Overhead Conductors & Devices",null,null,null,null,0,0,0,0,null,0,0,null,0]
[1840,"Underground Conduit",null,null,null,null,0,0,0,0,null,0,0,null,0]
[1845,"Underground Conductors & Devices",null,null,null,null,0,0,0,0,null,0,0,null,0]
[1850,"Line Transformers",null,null,null,null,0,0,0,0,null,0,0,null,0]
[1855,"Services (Overhead & Underground)",null,null,null,null,0,0,0,0,null,0,0,null,0]
[1860,"Meters",null,null,null,null,0,0,0,0,null,0,0,null,0]
[1860,"Meters (Smart Meters)",null,null,null,null,0,0,0,0,null,0,0,null,0]
[1905,"Land",null,null,null,null,0,0,0,0,null,0,0,null,0]
[1908,"Buildings & Fixtures",null,null,null,null,0,0,0,0,null,0,0,null,0]
[1910,"Leasehold Improvements",null,null,null,null,0,0,0,0,null,0,0,null,0]
[1915,"Office Furniture & Equipment (10 years)",null,null,null,null,0,0,0,0,null,0,0,null,0]
[1915,"Office Furniture & Equipment (5 years)",null,null,null,null,0,0,0,0,null,0,0,null,0]
[1920,"Computer Equipment - Hardware",null,null,null,null,0,0,0,0,null,0,0,null,0]
[1920,"Computer Equip.-Hardware(Post Mar. 22/04)",null,null,null,null,0,0,0,0,null,0,0,null,0]
[1920,"Computer Equip.-Hardware(Post Mar. 19/07)",null,null,null,null,0,0,0,0,null,0,0,null,0]
[1930,"Transportation Equipment",null,null,null,null,0,0,0,0,null,0,0,null,0]
[1935,"Stores Equipment",null,null,null,null,0,0,0,0,null,0,0,null,0]
[1940,"Tools, Shop & Garage Equipment",null,null,null,null,0,0,0,0,null,0,0,null,0]
[1945,"Measurement & Testing Equipment",null,null,null,null,0,0,0,0,null,0,0,null,0]
[1950,"Power Operated Equipment",null,null,null,null,0,0,0,0,null,0,0,null,0]
[1955,"Communications Equipment",null,null,null,null,0,0,0,0,null,0,0,null,0]
[1955,"Communication Equipment (Smart Meters)",null,null,null,null,0,0,0,0,null,0,0,null,0]
[1960,"Miscellaneous Equipment ",null,null,null,null,0,0,0,0,null,0,0,null,0]
[1970,"Load Management Controls Customer Premises",null,null,null,null,0,0,0,0,null,0,0,null,0]
[1975,"Load Management Controls Utility Premises",null,null,null,null,0,0,0,0,null,0,0,null,0]
[1980,"System Supervisor Equipment",null,null,null,null,0,0,0,0,null,0,0,null,0]
[1985,"Miscellaneous Fixed Assets",null,null,null,null,0,0,0,0,null,0,0,null,0]
[1990,"Other Tangible Property",null,null,null,null,0,0,0,0,null,0,0,null,0]
[1995,"Contributions & Grants",null,null,null,null,0,0,0,0,null,0,0,null,0]
[null,"Total",{"$f":"SUM(C17:C54)","v":0},{"$f":"SUM(D17:D54)","v":0},null,null,null,{"$f":"SUM(H17:H54)","v":0},0,0,0,0,0,0,0]
[]
["Notes:"]
[]
[1,"Board policy of the \"half-year\" rule - the applicant must ensure that additions in the year attract a half-year depreciation expense in the first year.  Deviations from this standard practice must be supported in the application."]
[2,"The applicant must provide an explanation of material variances in evidence."]
[3,"The applicant should ensure that the years for new additions of assets are the asset useful lives determined by management in accordance with the Board's regulatory accounting policies.   The capitalization and depreciation expense accounting changes should be implemented consistent with the Board’s regulatory accounting policies as set out for modified IFRS as contained in the Report of the Board, Transition to International Financial Reporting Standards, EB-2008-0408, the Kinectrics Report, and the Revised 2012 Accounting Procedures Handbook for Electricity Distributors (“APH”)."]
[4,"A recalculation should be performed to determine the average remaining life of opening balance of assets (i.e. excluding 2012 additions) under the change in policies under CGAAP.  For example, Asset A had a useful life of 20 years under CGAAP without the change in policies.  On January 1, 2012, the effective date of the changes in policies, Asset A was 3 years depreciated. As a result, Asset A would have a remaining service life of 17 years (20 years less 3 years) as of January 1, 2012.  Due to making the change in policies under CGAAP, management re-assessed the asset useful lives and concluded that the revised useful life of Asset A is now 30 years. Therefore, the average remaining useful life of the opening balance of Asset A is determined to be 27 years (30 years less 3 years) under the revised CGAAP as of January 1, 2012."]
[5," NBV must exclude assets still on the books but which have been fully amortized or depreciated."]
[6,"This column refers to the calculated full year depreciation but excludes the depreciation expense on assets fully depreciated during the year.  This column is used for the purpose of calculating depreciation expense in the following year on the next worksheet."]
[]
["General:","Applicants must provide a breakdown of depreciation and amortization expense in the above format for all relevant accounts.  Asset Retirement Obligations (AROs), depreciation and accretion expense should be disclosed separately consistent with the Notes of historical Audited Financial Statements."]

{"sheet":"App.2-CC_NewCGAAP_DepExp_2013","index":18,"n_rows":62,"n_cols":11,"rows_kept":62,"cut":false,"hidden":true,"merged":[[57,1,57,10],[58,1,58,10],[59,1,59,10],[61,1,62,10],[8,0,8,10],[9,0,9,10],[10,0,10,10],[14,0,15,0],[14,1,15,1],[14,6,15,6],[14,9,15,9]]}
[null,null,null,null,null,null,null,null,null,"File Number:",{"$f":"EBNUMBER","v":"EB-2014-0105"}]
[null,null,null,null,null,null,null,null,null,"Exhibit:"]
[null,null,null,null,null,null,null,null,null,"Tab:"]
[null,null,null,null,null,null,null,null,null,"Schedule:"]
[null,null,null,null,null,null,null,null,null,"Page:"]
[]
[null,null,null,null,null,null,null,null,null,"Date:"]
[]
["Appendix 2-CC"]
["Depreciation and Amortization Expense"]
["Assumes the applicant made capitalization and depreciation expense accounting policy changes under CGAAP effective January 1, 2012 and has adopted IFRS for financial reporting purposes effective January 1, 2015."]
[]
[null,null,2013,"Revised CGAAP "]
[]
["Account","Description","Additions","Years (new additions only)","Depreciation Rate on New Additions","2013 Depreciation Expense 1","2013 Depreciation Expense per Apppendix 2-BA Fixed Assets, Column J\n (l)","Variance 2","Depreciation Expense on 2013 Full Year Additions","Less Depreciation Expense on Assets Fully Depreciated during the year\n(o)","2013 Full Year Depreciation 3"]
[null,null,"(d)","(f)","(g) = 1 / (f)","(h)=2012 Full Year Deprecation + ((d)*0.5)/(f) ",null,"(m) = (h) - (l)","(n)=((d))/(f) ",null,"(p) = 2012 Full Year Depreciation  + (n) - (o)"]
[1611,"Computer Software (Formally known as Account 1925)",null,null,{"$f":"IF(D17=0,0,1/D17)","v":0},{"$f":"IF(D17=0,+'App.2-CB_NewCGAAP_DepExp_2012'!O17,+'App.2-CB_NewCGAAP_DepExp_2012'!O17+((C17*0.5)/D17))","v":0},null,{"$f":"IF(ISERROR(+F17-G17), 0, +F17-G17)","v":0},{"$f":"IF(D17=0,0,+(C17)/D17)","v":0},null,{"$f":"IF(ISERROR(+I17+'App.2-CB_NewCGAAP_DepExp_2012'!O17-J17), 0, +I17+'App.2-CB_NewCGAAP_DepExp_2012'!O17-J17)","v":0}]
[1612,"Land Rights (Formally known as Account 1906)",null,null,0,{"$f":"IF(D18=0,+'App.2-CB_NewCGAAP_DepExp_2012'!O18,+'App.2-CB_NewCGAAP_DepExp_2012'!O18+((C18*0.5)/D18))","v":0},null,0,0,null,{"$f":"IF(ISERROR(+I18+'App.2-CB_NewCGAAP_DepExp_2012'!O18-J18), 0, +I18+'App.2-CB_NewCGAAP_DepExp_2012'!O18-J18)","v":0}]
[1805,"Land",null,null,0,{"$f":"IF(D19=0,+'App.2-CB_NewCGAAP_DepExp_2012'!O19,+'App.2-CB_NewCGAAP_DepExp_2012'!O19+((C19*0.5)/D19))","v":0},null,0,0,null,{"$f":"IF(ISERROR(+I19+'App.2-CB_NewCGAAP_DepExp_2012'!O19-J19), 0, +I19+'App.2-CB_NewCGAAP_DepExp_2012'!O19-J19)","v":0}]
[1808,"Buildings",null,null,0,{"$f":"IF(D20=0,+'App.2-CB_NewCGAAP_DepExp_2012'!O20,+'App.2-CB_NewCGAAP_DepExp_2012'!O20+((C20*0.5)/D20))","v":0},null,0,0,null,{"$f":"IF(ISERROR(+I20+'App.2-CB_NewCGAAP_DepExp_2012'!O20-J20), 0, +I20+'App.2-CB_NewCGAAP_DepExp_2012'!O20-J20)","v":0}]
[1810,"Leasehold Improvements",null,null,0,{"$f":"IF(D21=0,+'App.2-CB_NewCGAAP_DepExp_2012'!O21,+'App.2-CB_NewCGAAP_DepExp_2012'!O21+((C21*0.5)/D21))","v":0},null,0,0,null,{"$f":"IF(ISERROR(+I21+'App.2-CB_NewCGAAP_DepExp_2012'!O21-J21), 0, +I21+'App.2-CB_NewCGAAP_DepExp_2012'!O21-J21)","v":0}]
[1815,"Transformer Station Equipment >50 kV",null,null,0,{"$f":"IF(D22=0,+'App.2-CB_NewCGAAP_DepExp_2012'!O22,+'App.2-CB_NewCGAAP_DepExp_2012'!O22+((C22*0.5)/D22))","v":0},null,0,0,null,{"$f":"IF(ISERROR(+I22+'App.2-CB_NewCGAAP_DepExp_2012'!O22-J22), 0, +I22+'App.2-CB_NewCGAAP_DepExp_2012'!O22-J22)","v":0}]
[1820,"Distribution Station Equipment <50 kV",null,null,0,{"$f":"IF(D23=0,+'App.2-CB_NewCGAAP_DepExp_2012'!O23,+'App.2-CB_NewCGAAP_DepExp_2012'!O23+((C23*0.5)/D23))","v":0},null,0,0,null,{"$f":"IF(ISERROR(+I23+'App.2-CB_NewCGAAP_DepExp_2012'!O23-J23), 0, +I23+'App.2-CB_NewCGAAP_DepExp_2012'!O23-J23)","v":0}]
[1825,"Storage Battery Equipment",null,null,0,{"$f":"IF(D24=0,+'App.2-CB_NewCGAAP_DepExp_2012'!O24,+'App.2-CB_NewCGAAP_DepExp_2012'!O24+((C24*0.5)/D24))","v":0},null,0,0,null,{"$f":"IF(ISERROR(+I24+'App.2-CB_NewCGAAP_DepExp_2012'!O24-J24), 0, +I24+'App.2-CB_NewCGAAP_DepExp_2012'!O24-J24)","v":0}]
[1830,"Poles, Towers & Fixtures",null,null,0,{"$f":"IF(D25=0,+'App.2-CB_NewCGAAP_DepExp_2012'!O25,+'App.2-CB_NewCGAAP_DepExp_2012'!O25+((C25*0.5)/D25))","v":0},null,0,0,null,{"$f":"IF(ISERROR(+I25+'App.2-CB_NewCGAAP_DepExp_2012'!O25-J25), 0, +I25+'App.2-CB_NewCGAAP_DepExp_2012'!O25-J25)","v":0}]
[1835,"Overhead Conductors & Devices",null,null,0,{"$f":"IF(D26=0,+'App.2-CB_NewCGAAP_DepExp_2012'!O26,+'App.2-CB_NewCGAAP_DepExp_2012'!O26+((C26*0.5)/D26))","v":0},null,0,0,null,{"$f":"IF(ISERROR(+I26+'App.2-CB_NewCGAAP_DepExp_2012'!O26-J26), 0, +I26+'App.2-CB_NewCGAAP_DepExp_2012'!O26-J26)","v":0}]
[1840,"Underground Conduit",null,null,0,{"$f":"IF(D27=0,+'App.2-CB_NewCGAAP_DepExp_2012'!O27,+'App.2-CB_NewCGAAP_DepExp_2012'!O27+((C27*0.5)/D27))","v":0},null,0,0,null,{"$f":"IF(ISERROR(+I27+'App.2-CB_NewCGAAP_DepExp_2012'!O27-J27), 0, +I27+'App.2-CB_NewCGAAP_DepExp_2012'!O27-J27)","v":0}]
[1845,"Underground Conductors & Devices",null,null,0,{"$f":"IF(D28=0,+'App.2-CB_NewCGAAP_DepExp_2012'!O28,+'App.2-CB_NewCGAAP_DepExp_2012'!O28+((C28*0.5)/D28))","v":0},null,0,0,null,{"$f":"IF(ISERROR(+I28+'App.2-CB_NewCGAAP_DepExp_2012'!O28-J28), 0, +I28+'App.2-CB_NewCGAAP_DepExp_2012'!O28-J28)","v":0}]
[1850,"Line Transformers",null,null,0,{"$f":"IF(D29=0,+'App.2-CB_NewCGAAP_DepExp_2012'!O29,+'App.2-CB_NewCGAAP_DepExp_2012'!O29+((C29*0.5)/D29))","v":0},null,0,0,null,{"$f":"IF(ISERROR(+I29+'App.2-CB_NewCGAAP_DepExp_2012'!O29-J29), 0, +I29+'App.2-CB_NewCGAAP_DepExp_2012'!O29-J29)","v":0}]
[1855,"Services (Overhead & Underground)",null,null,0,{"$f":"IF(D30=0,+'App.2-CB_NewCGAAP_DepExp_2012'!O30,+'App.2-CB_NewCGAAP_DepExp_2012'!O30+((C30*0.5)/D30))","v":0},null,0,0,null,{"$f":"IF(ISERROR(+I30+'App.2-CB_NewCGAAP_DepExp_2012'!O30-J30), 0, +I30+'App.2-CB_NewCGAAP_DepExp_2012'!O30-J30)","v":0}]
[1860,"Meters",null,null,0,{"$f":"IF(D31=0,+'App.2-CB_NewCGAAP_DepExp_2012'!O31,+'App.2-CB_NewCGAAP_DepExp_2012'!O31+((C31*0.5)/D31))","v":0},null,0,0,null,{"$f":"IF(ISERROR(+I31+'App.2-CB_NewCGAAP_DepExp_2012'!O31-J31), 0, +I31+'App.2-CB_NewCGAAP_DepExp_2012'!O31-J31)","v":0}]
[1860,"Meters (Smart Meters)",null,null,0,{"$f":"IF(D32=0,+'App.2-CB_NewCGAAP_DepExp_2012'!O32,+'App.2-CB_NewCGAAP_DepExp_2012'!O32+((C32*0.5)/D32))","v":0},null,0,0,null,{"$f":"IF(ISERROR(+I32+'App.2-CB_NewCGAAP_DepExp_2012'!O32-J32), 0, +I32+'App.2-CB_NewCGAAP_DepExp_2012'!O32-J32)","v":0}]
[1905,"Land",null,null,0,{"$f":"IF(D33=0,+'App.2-CB_NewCGAAP_DepExp_2012'!O33,+'App.2-CB_NewCGAAP_DepExp_2012'!O33+((C33*0.5)/D33))","v":0},null,0,0,null,{"$f":"IF(ISERROR(+I33+'App.2-CB_NewCGAAP_DepExp_2012'!O33-J33), 0, +I33+'App.2-CB_NewCGAAP_DepExp_2012'!O33-J33)","v":0}]
[1908,"Buildings & Fixtures",null,null,0,{"$f":"IF(D34=0,+'App.2-CB_NewCGAAP_DepExp_2012'!O34,+'App.2-CB_NewCGAAP_DepExp_2012'!O34+((C34*0.5)/D34))","v":0},null,0,0,null,{"$f":"IF(ISERROR(+I34+'App.2-CB_NewCGAAP_DepExp_2012'!O34-J34), 0, +I34+'App.2-CB_NewCGAAP_DepExp_2012'!O34-J34)","v":0}]
[1910,"Leasehold Improvements",null,null,0,{"$f":"IF(D35=0,+'App.2-CB_NewCGAAP_DepExp_2012'!O35,+'App.2-CB_NewCGAAP_DepExp_2012'!O35+((C35*0.5)/D35))","v":0},null,0,0,null,{"$f":"IF(ISERROR(+I35+'App.2-CB_NewCGAAP_DepExp_2012'!O35-J35), 0, +I35+'App.2-CB_NewCGAAP_DepExp_2012'!O35-J35)","v":0}]
[1915,"Office Furniture & Equipment (10 years)",null,null,0,{"$f":"IF(D36=0,+'App.2-CB_NewCGAAP_DepExp_2012'!O36,+'App.2-CB_NewCGAAP_DepExp_2012'!O36+((C36*0.5)/D36))","v":0},null,0,0,null,{"$f":"IF(ISERROR(+I36+'App.2-CB_NewCGAAP_DepExp_2012'!O36-J36), 0, +I36+'App.2-CB_NewCGAAP_DepExp_2012'!O36-J36)","v":0}]
[1915,"Office Furniture & Equipment (5 years)",null,null,0,{"$f":"IF(D37=0,+'App.2-CB_NewCGAAP_DepExp_2012'!O37,+'App.2-CB_NewCGAAP_DepExp_2012'!O37+((C37*0.5)/D37))","v":0},null,0,0,null,{"$f":"IF(ISERROR(+I37+'App.2-CB_NewCGAAP_DepExp_2012'!O37-J37), 0, +I37+'App.2-CB_NewCGAAP_DepExp_2012'!O37-J37)","v":0}]
[1920,"Computer Equipment - Hardware",null,null,0,{"$f":"IF(D38=0,+'App.2-CB_NewCGAAP_DepExp_2012'!O38,+'App.2-CB_NewCGAAP_DepExp_2012'!O38+((C38*0.5)/D38))","v":0},null,0,0,null,{"$f":"IF(ISERROR(+I38+'App.2-CB_NewCGAAP_DepExp_2012'!O38-J38), 0, +I38+'App.2-CB_NewCGAAP_DepExp_2012'!O38-J38)","v":0}]
[1920,"Computer Equip.-Hardware(Post Mar. 22/04)",null,null,0,{"$f":"IF(D39=0,+'App.2-CB_NewCGAAP_DepExp_2012'!O39,+'App.2-CB_NewCGAAP_DepExp_2012'!O39+((C39*0.5)/D39))","v":0},null,0,0,null,{"$f":"IF(ISERROR(+I39+'App.2-CB_NewCGAAP_DepExp_2012'!O39-J39), 0, +I39+'App.2-CB_NewCGAAP_DepExp_2012'!O39-J39)","v":0}]
[1920,"Computer Equip.-Hardware(Post Mar. 19/07)",null,null,0,{"$f":"IF(D40=0,+'App.2-CB_NewCGAAP_DepExp_2012'!O40,+'App.2-CB_NewCGAAP_DepExp_2012'!O40+((C40*0.5)/D40))","v":0},null,0,0,null,{"$f":"IF(ISERROR(+I40+'App.2-CB_NewCGAAP_DepExp_2012'!O40-J40), 0, +I40+'App.2-CB_NewCGAAP_DepExp_2012'!O40-J40)","v":0}]
[1930,"Transportation Equipment",null,null,0,{"$f":"IF(D41=0,+'App.2-CB_NewCGAAP_DepExp_2012'!O41,+'App.2-CB_NewCGAAP_DepExp_2012'!O41+((C41*0.5)/D41))","v":0},null,0,0,null,{"$f":"IF(ISERROR(+I41+'App.2-CB_NewCGAAP_DepExp_2012'!O41-J41), 0, +I41+'App.2-CB_NewCGAAP_DepExp_2012'!O41-J41)","v":0}]
[1935,"Stores Equipment",null,null,0,{"$f":"IF(D42=0,+'App.2-CB_NewCGAAP_DepExp_2012'!O42,+'App.2-CB_NewCGAAP_DepExp_2012'!O42+((C42*0.5)/D42))","v":0},null,0,0,null,{"$f":"IF(ISERROR(+I42+'App.2-CB_NewCGAAP_DepExp_2012'!O42-J42), 0, +I42+'App.2-CB_NewCGAAP_DepExp_2012'!O42-J42)","v":0}]
[1940,"Tools, Shop & Garage Equipment",null,null,0,{"$f":"IF(D43=0,+'App.2-CB_NewCGAAP_DepExp_2012'!O43,+'App.2-CB_NewCGAAP_DepExp_2012'!O43+((C43*0.5)/D43))","v":0},null,0,0,null,{"$f":"IF(ISERROR(+I43+'App.2-CB_NewCGAAP_DepExp_2012'!O43-J43), 0, +I43+'App.2-CB_NewCGAAP_DepExp_2012'!O43-J43)","v":0}]
[1945,"Measurement & Testing Equipment",null,null,0,{"$f":"IF(D44=0,+'App.2-CB_NewCGAAP_DepExp_2012'!O44,+'App.2-CB_NewCGAAP_DepExp_2012'!O44+((C44*0.5)/D44))","v":0},null,0,0,null,{"$f":"IF(ISERROR(+I44+'App.2-CB_NewCGAAP_DepExp_2012'!O44-J44), 0, +I44+'App.2-CB_NewCGAAP_DepExp_2012'!O44-J44)","v":0}]
[1950,"Power Operated Equipment",null,null,0,{"$f":"IF(D45=0,+'App.2-CB_NewCGAAP_DepExp_2012'!O45,+'App.2-CB_NewCGAAP_DepExp_2012'!O45+((C45*0.5)/D45))","v":0},null,0,0,null,{"$f":"IF(ISERROR(+I45+'App.2-CB_NewCGAAP_DepExp_2012'!O45-J45), 0, +I45+'App.2-CB_NewCGAAP_DepExp_2012'!O45-J45)","v":0}]
[1955,"Communications Equipment",null,null,0,{"$f":"IF(D46=0,+'App.2-CB_NewCGAAP_DepExp_2012'!O46,+'App.2-CB_NewCGAAP_DepExp_2012'!O46+((C46*0.5)/D46))","v":0},null,0,0,null,{"$f":"IF(ISERROR(+I46+'App.2-CB_NewCGAAP_DepExp_2012'!O46-J46), 0, +I46+'App.2-CB_NewCGAAP_DepExp_2012'!O46-J46)","v":0}]
[1955,"Communication Equipment (Smart Meters)",null,null,0,{"$f":"IF(D47=0,+'App.2-CB_NewCGAAP_DepExp_2012'!O47,+'App.2-CB_NewCGAAP_DepExp_2012'!O47+((C47*0.5)/D47))","v":0},null,0,0,null,{"$f":"IF(ISERROR(+I47+'App.2-CB_NewCGAAP_DepExp_2012'!O47-J47), 0, +I47+'App.2-CB_NewCGAAP_DepExp_2012'!O47-J47)","v":0}]
[1960,"Miscellaneous Equipment ",null,null,0,{"$f":"IF(D48=0,+'App.2-CB_NewCGAAP_DepExp_2012'!O48,+'App.2-CB_NewCGAAP_DepExp_2012'!O48+((C48*0.5)/D48))","v":0},null,0,0,null,{"$f":"IF(ISERROR(+I48+'App.2-CB_NewCGAAP_DepExp_2012'!O48-J48), 0, +I48+'App.2-CB_NewCGAAP_DepExp_2012'!O48-J48)","v":0}]
[1970,"Load Management Controls Customer Premises",null,null,0,{"$f":"IF(D49=0,+'App.2-CB_NewCGAAP_DepExp_2012'!O49,+'App.2-CB_NewCGAAP_DepExp_2012'!O49+((C49*0.5)/D49))","v":0},null,0,0,null,{"$f":"IF(ISERROR(+I49+'App.2-CB_NewCGAAP_DepExp_2012'!O49-J49), 0, +I49+'App.2-CB_NewCGAAP_DepExp_2012'!O49-J49)","v":0}]
[1975,"Load Management Controls Utility Premises",null,null,0,{"$f":"IF(D50=0,+'App.2-CB_NewCGAAP_DepExp_2012'!O50,+'App.2-CB_NewCGAAP_DepExp_2012'!O50+((C50*0.5)/D50))","v":0},null,0,0,null,{"$f":"IF(ISERROR(+I50+'App.2-CB_NewCGAAP_DepExp_2012'!O50-J50), 0, +I50+'App.2-CB_NewCGAAP_DepExp_2012'!O50-J50)","v":0}]
[1980,"System Supervisor Equipment",null,null,0,{"$f":"IF(D51=0,+'App.2-CB_NewCGAAP_DepExp_2012'!O51,+'App.2-CB_NewCGAAP_DepExp_2012'!O51+((C51*0.5)/D51))","v":0},null,0,0,null,{"$f":"IF(ISERROR(+I51+'App.2-CB_NewCGAAP_DepExp_2012'!O51-J51), 0, +I51+'App.2-CB_NewCGAAP_DepExp_2012'!O51-J51)","v":0}]
[1985,"Miscellaneous Fixed Assets",null,null,0,{"$f":"IF(D52=0,+'App.2-CB_NewCGAAP_DepExp_2012'!O52,+'App.2-CB_NewCGAAP_DepExp_2012'!O52+((C52*0.5)/D52))","v":0},null,0,0,null,{"$f":"IF(ISERROR(+I52+'App.2-CB_NewCGAAP_DepExp_2012'!O52-J52), 0, +I52+'App.2-CB_NewCGAAP_DepExp_2012'!O52-J52)","v":0}]
[1990,"Other Tangible Property",null,null,0,{"$f":"IF(D53=0,+'App.2-CB_NewCGAAP_DepExp_2012'!O53,+'App.2-CB_NewCGAAP_DepExp_2012'!O53+((C53*0.5)/D53))","v":0},null,0,0,null,{"$f":"IF(ISERROR(+I53+'App.2-CB_NewCGAAP_DepExp_2012'!O53-J53), 0, +I53+'App.2-CB_NewCGAAP_DepExp_2012'!O53-J53)","v":0}]
[1995,"Contributions & Grants",null,null,0,{"$f":"IF(D54=0,+'App.2-CB_NewCGAAP_DepExp_2012'!O54,+'App.2-CB_NewCGAAP_DepExp_2012'!O54+((C54*0.5)/D54))","v":0},null,0,0,null,{"$f":"IF(ISERROR(+I54+'App.2-CB_NewCGAAP_DepExp_2012'!O54-J54), 0, +I54+'App.2-CB_NewCGAAP_DepExp_2012'!O54-J54)","v":0}]
[null,"Total",{"$f":"SUM(C17:C54)","v":0},null,null,{"$f":"SUM(F17:F54)","v":0},0,0,0,0,0]
[]
["Notes:"]
[1,"Board policy of the \"half-year\" rule - the applicant must ensure that additions in the year attract a half-year depreciation expense in the first year.  Deviations from this standard practice must be supported in the application."]
[2,"The applicant must provide an explanation of material variances in evidence."]
[3,"This column refers to the calculated full year depreciation but excludes the depreciation expense on assets fully depreciated during the year.  This column is used for the purpose of calculating depreciation expense in the following year on the next worksheet."]
[]
["General:","Applicants must provide a breakdown of depreciation and amortization expense in the above format for all relevant accounts.  Asset Retirement Obligations (AROs), depreciation and accretion expense should be disclosed separately consistent with the Notes of historical Audited Financial Statements."]

{"sheet":"App.2-CD_MIFRS_DepExp_2014","index":19,"n_rows":64,"n_cols":11,"rows_kept":64,"cut":false,"hidden":true,"merged":[[59,1,59,10],[60,1,60,10],[61,1,61,10],[63,1,64,10],[8,0,8,10],[9,0,9,10],[10,0,10,10],[14,0,15,0],[14,1,15,1],[14,6,15,6],[14,9,15,9]]}
[null,null,null,null,null,null,null,null,null,"File Number:",{"$f":"EBNUMBER","v":"EB-2014-0105"}]
[null,null,null,null,null,null,null,null,null,"Exhibit:"]
[null,null,null,null,null,null,null,null,null,"Tab:"]
[null,null,null,null,null,null,null,null,null,"Schedule:"]
[null,null,null,null,null,null,null,null,null,"Page:"]
[]
[null,null,null,null,null,null,null,null,null,"Date:"]
[]
["Appendix 2-CD"]
["Depreciation and Amortization Expense"]
["Assumes the applicant made capitalization and depreciation expense accounting policy changes under CGAAP effective January 1, 2012 and has adopted IFRS for financial reporting purposes effective January 1, 2015."]
[]
[null,null,null,null,2014,"MIFRS"]
[]
["Account","Description","Additions","Years (new additions only)","Depreciation Rate on New Additions","2014 Depreciation Expense 1","2014 Depreciation Expense per Apppendix 2-BA Fixed Assets, Column J\n (l)","Variance 2","Depreciation Expense on 2014 Full Year Additions","Less Depreciation Expense on Assets Fully Depreciated during the year\n(o)","2014 Full Year Depreciation 3"]
[null,null,"(d)","(f)","(g) = 1 / (f)","(h)=2013 Full Year Deprecation + ((d)*0.5)/(f) ",null,"(m) = (h) - (l)","(n)=((d))/(f) ",null,"(p) = 2013 Full Year Depreciation  + (n) - (o)"]
[1611,"Computer Software (Formally known as Account 1925)",null,null,{"$f":"IF(D17=0,0,1/D17)","v":0},{"$f":"IF(D17=0,+'App.2-CC_NewCGAAP_DepExp_2013'!K17,+'App.2-CC_NewCGAAP_DepExp_2013'!K17+((C17*0.5)/D17))","v":0},null,{"$f":"IF(ISERROR(+F17-G17), 0, +F17-G17)","v":0},{"$f":"IF(D17=0,0,+(C17)/D17)","v":0},null,{"$f":"IF(ISERROR(+I17+'App.2-CC_NewCGAAP_DepExp_2013'!K17-J17), 0, +I17+'App.2-CC_NewCGAAP_DepExp_2013'!K17-J17)","v":0}]
[1612,"Land Rights (Formally known as Account 1906)",null,null,0,{"$f":"IF(D18=0,+'App.2-CC_NewCGAAP_DepExp_2013'!K18,+'App.2-CC_NewCGAAP_DepExp_2013'!K18+((C18*0.5)/D18))","v":0},null,0,{"$f":"IF(D18=0,0,+(C18)/D18)","v":0},null,{"$f":"IF(ISERROR(+I18+'App.2-CC_NewCGAAP_DepExp_2013'!K18-J18), 0, +I18+'App.2-CC_NewCGAAP_DepExp_2013'!K18-J18)","v":0}]
[1805,"Land",null,null,0,{"$f":"IF(D19=0,+'App.2-CC_NewCGAAP_DepExp_2013'!K19,+'App.2-CC_NewCGAAP_DepExp_2013'!K19+((C19*0.5)/D19))","v":0},null,0,0,null,{"$f":"IF(ISERROR(+I19+'App.2-CC_NewCGAAP_DepExp_2013'!K19-J19), 0, +I19+'App.2-CC_NewCGAAP_DepExp_2013'!K19-J19)","v":0}]
[1808,"Buildings",null,null,0,{"$f":"IF(D20=0,+'App.2-CC_NewCGAAP_DepExp_2013'!K20,+'App.2-CC_NewCGAAP_DepExp_2013'!K20+((C20*0.5)/D20))","v":0},null,0,0,null,{"$f":"IF(ISERROR(+I20+'App.2-CC_NewCGAAP_DepExp_2013'!K20-J20), 0, +I20+'App.2-CC_NewCGAAP_DepExp_2013'!K20-J20)","v":0}]
[1810,"Leasehold Improvements",null,null,0,{"$f":"IF(D21=0,+'App.2-CC_NewCGAAP_DepExp_2013'!K21,+'App.2-CC_NewCGAAP_DepExp_2013'!K21+((C21*0.5)/D21))","v":0},null,0,0,null,{"$f":"IF(ISERROR(+I21+'App.2-CC_NewCGAAP_DepExp_2013'!K21-J21), 0, +I21+'App.2-CC_NewCGAAP_DepExp_2013'!K21-J21)","v":0}]
[1815,"Transformer Station Equipment >50 kV",null,null,0,{"$f":"IF(D22=0,+'App.2-CC_NewCGAAP_DepExp_2013'!K22,+'App.2-CC_NewCGAAP_DepExp_2013'!K22+((C22*0.5)/D22))","v":0},null,0,0,null,{"$f":"IF(ISERROR(+I22+'App.2-CC_NewCGAAP_DepExp_2013'!K22-J22), 0, +I22+'App.2-CC_NewCGAAP_DepExp_2013'!K22-J22)","v":0}]
[1820,"Distribution Station Equipment <50 kV",null,null,0,{"$f":"IF(D23=0,+'App.2-CC_NewCGAAP_DepExp_2013'!K23,+'App.2-CC_NewCGAAP_DepExp_2013'!K23+((C23*0.5)/D23))","v":0},null,0,0,null,{"$f":"IF(ISERROR(+I23+'App.2-CC_NewCGAAP_DepExp_2013'!K23-J23), 0, +I23+'App.2-CC_NewCGAAP_DepExp_2013'!K23-J23)","v":0}]
[1825,"Storage Battery Equipment",null,null,0,{"$f":"IF(D24=0,+'App.2-CC_NewCGAAP_DepExp_2013'!K24,+'App.2-CC_NewCGAAP_DepExp_2013'!K24+((C24*0.5)/D24))","v":0},null,0,0,null,{"$f":"IF(ISERROR(+I24+'App.2-CC_NewCGAAP_DepExp_2013'!K24-J24), 0, +I24+'App.2-CC_NewCGAAP_DepExp_2013'!K24-J24)","v":0}]
[1830,"Poles, Towers & Fixtures",null,null,0,{"$f":"IF(D25=0,+'App.2-CC_NewCGAAP_DepExp_2013'!K25,+'App.2-CC_NewCGAAP_DepExp_2013'!K25+((C25*0.5)/D25))","v":0},null,0,0,null,{"$f":"IF(ISERROR(+I25+'App.2-CC_NewCGAAP_DepExp_2013'!K25-J25), 0, +I25+'App.2-CC_NewCGAAP_DepExp_2013'!K25-J25)","v":0}]
[1835,"Overhead Conductors & Devices",null,null,0,{"$f":"IF(D26=0,+'App.2-CC_NewCGAAP_DepExp_2013'!K26,+'App.2-CC_NewCGAAP_DepExp_2013'!K26+((C26*0.5)/D26))","v":0},null,0,0,null,{"$f":"IF(ISERROR(+I26+'App.2-CC_NewCGAAP_DepExp_2013'!K26-J26), 0, +I26+'App.2-CC_NewCGAAP_DepExp_2013'!K26-J26)","v":0}]
[1840,"Underground Conduit",null,null,0,{"$f":"IF(D27=0,+'App.2-CC_NewCGAAP_DepExp_2013'!K27,+'App.2-CC_NewCGAAP_DepExp_2013'!K27+((C27*0.5)/D27))","v":0},null,0,0,null,{"$f":"IF(ISERROR(+I27+'App.2-CC_NewCGAAP_DepExp_2013'!K27-J27), 0, +I27+'App.2-CC_NewCGAAP_DepExp_2013'!K27-J27)","v":0}]
[1845,"Underground Conductors & Devices",null,null,0,{"$f":"IF(D28=0,+'App.2-CC_NewCGAAP_DepExp_2013'!K28,+'App.2-CC_NewCGAAP_DepExp_2013'!K28+((C28*0.5)/D28))","v":0},null,0,0,null,{"$f":"IF(ISERROR(+I28+'App.2-CC_NewCGAAP_DepExp_2013'!K28-J28), 0, +I28+'App.2-CC_NewCGAAP_DepExp_2013'!K28-J28)","v":0}]
[1850,"Line Transformers",null,null,0,{"$f":"IF(D29=0,+'App.2-CC_NewCGAAP_DepExp_2013'!K29,+'App.2-CC_NewCGAAP_DepExp_2013'!K29+((C29*0.5)/D29))","v":0},null,0,0,null,{"$f":"IF(ISERROR(+I29+'App.2-CC_NewCGAAP_DepExp_2013'!K29-J29), 0, +I29+'App.2-CC_NewCGAAP_DepExp_2013'!K29-J29)","v":0}]
[1855,"Services (Overhead & Underground)",null,null,0,{"$f":"IF(D30=0,+'App.2-CC_NewCGAAP_DepExp_2013'!K30,+'App.2-CC_NewCGAAP_DepExp_2013'!K30+((C30*0.5)/D30))","v":0},null,0,0,null,{"$f":"IF(ISERROR(+I30+'App.2-CC_NewCGAAP_DepExp_2013'!K30-J30), 0, +I30+'App.2-CC_NewCGAAP_DepExp_2013'!K30-J30)","v":0}]
[1860,"Meters",null,null,0,{"$f":"IF(D31=0,+'App.2-CC_NewCGAAP_DepExp_2013'!K31,+'App.2-CC_NewCGAAP_DepExp_2013'!K31+((C31*0.5)/D31))","v":0},null,0,0,null,{"$f":"IF(ISERROR(+I31+'App.2-CC_NewCGAAP_DepExp_2013'!K31-J31), 0, +I31+'App.2-CC_NewCGAAP_DepExp_2013'!K31-J31)","v":0}]
[1860,"Meters (Smart Meters)",null,null,0,{"$f":"IF(D32=0,+'App.2-CC_NewCGAAP_DepExp_2013'!K32,+'App.2-CC_NewCGAAP_DepExp_2013'!K32+((C32*0.5)/D32))","v":0},null,0,0,null,{"$f":"IF(ISERROR(+I32+'App.2-CC_NewCGAAP_DepExp_2013'!K32-J32), 0, +I32+'App.2-CC_NewCGAAP_DepExp_2013'!K32-J32)","v":0}]
[1905,"Land",null,null,0,{"$f":"IF(D33=0,+'App.2-CC_NewCGAAP_DepExp_2013'!K33,+'App.2-CC_NewCGAAP_DepExp_2013'!K33+((C33*0.5)/D33))","v":0},null,0,0,null,{"$f":"IF(ISERROR(+I33+'App.2-CC_NewCGAAP_DepExp_2013'!K33-J33), 0, +I33+'App.2-CC_NewCGAAP_DepExp_2013'!K33-J33)","v":0}]
[1908,"Buildings & Fixtures",null,null,0,{"$f":"IF(D34=0,+'App.2-CC_NewCGAAP_DepExp_2013'!K34,+'App.2-CC_NewCGAAP_DepExp_2013'!K34+((C34*0.5)/D34))","v":0},null,0,0,null,{"$f":"IF(ISERROR(+I34+'App.2-CC_NewCGAAP_DepExp_2013'!K34-J34), 0, +I34+'App.2-CC_NewCGAAP_DepExp_2013'!K34-J34)","v":0}]
[1910,"Leasehold Improvements",null,null,0,{"$f":"IF(D35=0,+'App.2-CC_NewCGAAP_DepExp_2013'!K35,+'App.2-CC_NewCGAAP_DepExp_2013'!K35+((C35*0.5)/D35))","v":0},null,0,0,null,{"$f":"IF(ISERROR(+I35+'App.2-CC_NewCGAAP_DepExp_2013'!K35-J35), 0, +I35+'App.2-CC_NewCGAAP_DepExp_2013'!K35-J35)","v":0}]
[1915,"Office Furniture & Equipment (10 years)",null,null,0,{"$f":"IF(D36=0,+'App.2-CC_NewCGAAP_DepExp_2013'!K36,+'App.2-CC_NewCGAAP_DepExp_2013'!K36+((C36*0.5)/D36))","v":0},null,0,0,null,{"$f":"IF(ISERROR(+I36+'App.2-CC_NewCGAAP_DepExp_2013'!K36-J36), 0, +I36+'App.2-CC_NewCGAAP_DepExp_2013'!K36-J36)","v":0}]
[1915,"Office Furniture & Equipment (5 years)",null,null,0,{"$f":"IF(D37=0,+'App.2-CC_NewCGAAP_DepExp_2013'!K37,+'App.2-CC_NewCGAAP_DepExp_2013'!K37+((C37*0.5)/D37))","v":0},null,0,0,null,{"$f":"IF(ISERROR(+I37+'App.2-CC_NewCGAAP_DepExp_2013'!K37-J37), 0, +I37+'App.2-CC_NewCGAAP_DepExp_2013'!K37-J37)","v":0}]
[1920,"Computer Equipment - Hardware",null,null,0,{"$f":"IF(D38=0,+'App.2-CC_NewCGAAP_DepExp_2013'!K38,+'App.2-CC_NewCGAAP_DepExp_2013'!K38+((C38*0.5)/D38))","v":0},null,0,0,null,{"$f":"IF(ISERROR(+I38+'App.2-CC_NewCGAAP_DepExp_2013'!K38-J38), 0, +I38+'App.2-CC_NewCGAAP_DepExp_2013'!K38-J38)","v":0}]
[1920,"Computer Equip.-Hardware(Post Mar. 22/04)",null,null,0,{"$f":"IF(D39=0,+'App.2-CC_NewCGAAP_DepExp_2013'!K39,+'App.2-CC_NewCGAAP_DepExp_2013'!K39+((C39*0.5)/D39))","v":0},null,0,0,null,{"$f":"IF(ISERROR(+I39+'App.2-CC_NewCGAAP_DepExp_2013'!K39-J39), 0, +I39+'App.2-CC_NewCGAAP_DepExp_2013'!K39-J39)","v":0}]
[1920,"Computer Equip.-Hardware(Post Mar. 19/07)",null,null,0,{"$f":"IF(D40=0,+'App.2-CC_NewCGAAP_DepExp_2013'!K40,+'App.2-CC_NewCGAAP_DepExp_2013'!K40+((C40*0.5)/D40))","v":0},null,0,0,null,{"$f":"IF(ISERROR(+I40+'App.2-CC_NewCGAAP_DepExp_2013'!K40-J40), 0, +I40+'App.2-CC_NewCGAAP_DepExp_2013'!K40-J40)","v":0}]
[1930,"Transportation Equipment",null,null,0,{"$f":"IF(D41=0,+'App.2-CC_NewCGAAP_DepExp_2013'!K41,+'App.2-CC_NewCGAAP_DepExp_2013'!K41+((C41*0.5)/D41))","v":0},null,0,0,null,{"$f":"IF(ISERROR(+I41+'App.2-CC_NewCGAAP_DepExp_2013'!K41-J41), 0, +I41+'App.2-CC_NewCGAAP_DepExp_2013'!K41-J41)","v":0}]
[1935,"Stores Equipment",null,null,0,{"$f":"IF(D42=0,+'App.2-CC_NewCGAAP_DepExp_2013'!K42,+'App.2-CC_NewCGAAP_DepExp_2013'!K42+((C42*0.5)/D42))","v":0},null,0,0,null,{"$f":"IF(ISERROR(+I42+'App.2-CC_NewCGAAP_DepExp_2013'!K42-J42), 0, +I42+'App.2-CC_NewCGAAP_DepExp_2013'!K42-J42)","v":0}]
[1940,"Tools, Shop & Garage Equipment",null,null,0,{"$f":"IF(D43=0,+'App.2-CC_NewCGAAP_DepExp_2013'!K43,+'App.2-CC_NewCGAAP_DepExp_2013'!K43+((C43*0.5)/D43))","v":0},null,0,0,null,{"$f":"IF(ISERROR(+I43+'App.2-CC_NewCGAAP_DepExp_2013'!K43-J43), 0, +I43+'App.2-CC_NewCGAAP_DepExp_2013'!K43-J43)","v":0}]
[1945,"Measurement & Testing Equipment",null,null,0,{"$f":"IF(D44=0,+'App.2-CC_NewCGAAP_DepExp_2013'!K44,+'App.2-CC_NewCGAAP_DepExp_2013'!K44+((C44*0.5)/D44))","v":0},null,0,0,null,{"$f":"IF(ISERROR(+I44+'App.2-CC_NewCGAAP_DepExp_2013'!K44-J44), 0, +I44+'App.2-CC_NewCGAAP_DepExp_2013'!K44-J44)","v":0}]
[1950,"Power Operated Equipment",null,null,0,{"$f":"IF(D45=0,+'App.2-CC_NewCGAAP_DepExp_2013'!K45,+'App.2-CC_NewCGAAP_DepExp_2013'!K45+((C45*0.5)/D45))","v":0},null,0,0,null,{"$f":"IF(ISERROR(+I45+'App.2-CC_NewCGAAP_DepExp_2013'!K45-J45), 0, +I45+'App.2-CC_NewCGAAP_DepExp_2013'!K45-J45)","v":0}]
[1955,"Communications Equipment",null,null,0,{"$f":"IF(D46=0,+'App.2-CC_NewCGAAP_DepExp_2013'!K46,+'App.2-CC_NewCGAAP_DepExp_2013'!K46+((C46*0.5)/D46))","v":0},null,0,0,null,{"$f":"IF(ISERROR(+I46+'App.2-CC_NewCGAAP_DepExp_2013'!K46-J46), 0, +I46+'App.2-CC_NewCGAAP_DepExp_2013'!K46-J46)","v":0}]
[1955,"Communication Equipment (Smart Meters)",null,null,0,{"$f":"IF(D47=0,+'App.2-CC_NewCGAAP_DepExp_2013'!K47,+'App.2-CC_NewCGAAP_DepExp_2013'!K47+((C47*0.5)/D47))","v":0},null,0,0,null,{"$f":"IF(ISERROR(+I47+'App.2-CC_NewCGAAP_DepExp_2013'!K47-J47), 0, +I47+'App.2-CC_NewCGAAP_DepExp_2013'!K47-J47)","v":0}]
[1960,"Miscellaneous Equipment ",null,null,0,{"$f":"IF(D48=0,+'App.2-CC_NewCGAAP_DepExp_2013'!K48,+'App.2-CC_NewCGAAP_DepExp_2013'!K48+((C48*0.5)/D48))","v":0},null,0,0,null,{"$f":"IF(ISERROR(+I48+'App.2-CC_NewCGAAP_DepExp_2013'!K48-J48), 0, +I48+'App.2-CC_NewCGAAP_DepExp_2013'!K48-J48)","v":0}]
[1970,"Load Management Controls Customer Premises",null,null,0,{"$f":"IF(D49=0,+'App.2-CC_NewCGAAP_DepExp_2013'!K49,+'App.2-CC_NewCGAAP_DepExp_2013'!K49+((C49*0.5)/D49))","v":0},null,0,0,null,{"$f":"IF(ISERROR(+I49+'App.2-CC_NewCGAAP_DepExp_2013'!K49-J49), 0, +I49+'App.2-CC_NewCGAAP_DepExp_2013'!K49-J49)","v":0}]
[1975,"Load Management Controls Utility Premises",null,null,0,{"$f":"IF(D50=0,+'App.2-CC_NewCGAAP_DepExp_2013'!K50,+'App.2-CC_NewCGAAP_DepExp_2013'!K50+((C50*0.5)/D50))","v":0},null,0,0,null,{"$f":"IF(ISERROR(+I50+'App.2-CC_NewCGAAP_DepExp_2013'!K50-J50), 0, +I50+'App.2-CC_NewCGAAP_DepExp_2013'!K50-J50)","v":0}]
[1980,"System Supervisor Equipment",null,null,0,{"$f":"IF(D51=0,+'App.2-CC_NewCGAAP_DepExp_2013'!K51,+'App.2-CC_NewCGAAP_DepExp_2013'!K51+((C51*0.5)/D51))","v":0},null,0,0,null,{"$f":"IF(ISERROR(+I51+'App.2-CC_NewCGAAP_DepExp_2013'!K51-J51), 0, +I51+'App.2-CC_NewCGAAP_DepExp_2013'!K51-J51)","v":0}]
[1985,"Miscellaneous Fixed Assets",null,null,0,{"$f":"IF(D52=0,+'App.2-CC_NewCGAAP_DepExp_2013'!K52,+'App.2-CC_NewCGAAP_DepExp_2013'!K52+((C52*0.5)/D52))","v":0},null,0,0,null,{"$f":"IF(ISERROR(+I52+'App.2-CC_NewCGAAP_DepExp_2013'!K52-J52), 0, +I52+'App.2-CC_NewCGAAP_DepExp_2013'!K52-J52)","v":0}]
[1990,"Other Tangible Property",null,null,0,{"$f":"IF(D53=0,+'App.2-CC_NewCGAAP_DepExp_2013'!K53,+'App.2-CC_NewCGAAP_DepExp_2013'!K53+((C53*0.5)/D53))","v":0},null,0,0,null,{"$f":"IF(ISERROR(+I53+'App.2-CC_NewCGAAP_DepExp_2013'!K53-J53), 0, +I53+'App.2-CC_NewCGAAP_DepExp_2013'!K53-J53)","v":0}]
[1995,"Contributions & Grants",null,null,{"$f":"IF(D54=0,0,1/D54)","v":0},{"$f":"IF(D54=0,+'App.2-CC_NewCGAAP_DepExp_2013'!K54,+'App.2-CC_NewCGAAP_DepExp_2013'!K54+((C54*0.5)/D54))","v":0},null,0,0,null,{"$f":"IF(ISERROR(+I54+'App.2-CC_NewCGAAP_DepExp_2013'!K54-J54), 0, +I54+'App.2-CC_NewCGAAP_DepExp_2013'!K54-J54)","v":0}]
[null,"Total",{"$f":"SUM(C17:C54)","v":0},null,null,{"$f":"SUM(F17:F54)","v":0},0,0,0,0,0]
[null,"Depreciation exp. adj. from gain or loss on the retirement of assets (pool of like assets)"]
[null,"Total Depreciation Expense",null,null,null,{"$f":"+F56+F55","v":0}]
[]
["Notes:"]
[1,"Board policy of the \"half-year\" rule - the applicant must ensure that additions in the year attract a half-year depreciation expense in the first year.  Deviations from this standard practice must be supported in the application."]
[2,"The applicant must provide an explanation of material variances in evidence."]
[3,"This column refers to the calculated full year depreciation but excludes the depreciation expense on assets fully depreciated during the year.  This column is used for the purpose of calculating depreciation expense in the following year on the next worksheet."]
[]
["General:","Applicants must provide a breakdown of depreciation and amortization expense in the above format for all relevant accounts.  Asset Retirement Obligations (AROs), depreciation and accretion expense should be disclosed separately consistent with the Notes of historical Audited Financial Statements."]

{"sheet":"App.2-CE_MIFRS_DepExp_2015","index":20,"n_rows":63,"n_cols":11,"rows_kept":63,"cut":false,"hidden":true,"merged":[[14,9,15,9],[64,1,65,7],[8,0,8,8],[9,0,9,8],[14,1,15,1],[14,6,15,6],[56,1,56,4],[58,1,58,7],[59,1,59,8],[61,1,61,8],[62,1,63,7],[10,0,10,7],[60,1,60,10]]}
[null,null,null,null,null,null,"File Number:",{"$f":"EBNUMBER","v":"EB-2014-0105"}]
[null,null,null,null,null,null,"Exhibit:"]
[null,null,null,null,null,null,"Tab:"]
[null,null,null,null,null,null,"Schedule:"]
[null,null,null,null,null,null,"Page:"]
[]
[null,null,null,null,null,null,"Date:"]
[]
["Appendix 2-CE"]
["Depreciation and Amortization Expense"]
["Assumes the applicant made capitalization and depreciation expense accounting policy changes under CGAAP effective January 1, 2012 and has adopted IFRS for financial reporting purposes effective January 1, 2015."]
[]
[null,null,2015,"MIFRS"]
[]
["Account","Description","Additions","Years (new additions only)","Depreciation Rate on New Additions","2015 Depreciation Expense 1","2015 Depreciation Expense per Appendix 2-BA Fixed Assets, Column J\n (l)","Variance 2","Depreciation Expense on 2015 Full Year Additions","Less Depreciation Expense on Assets Fully Depreciated during the year\n(o)","2015 Full Year Depreciation 3"]
[null,null,"(d)","(f)","(g) = 1 / (f)","(h)=2014 Full Year Depreciation + ((d)*0.5)/(f) ",null,"(m) = (h) - (l)","(n)=((d))/(f) ",null,"(p) = 2014 Full Year Depreciation  + (n) - (o)"]
[1611,"Computer Software (Formally known as Account 1925)",null,null,{"$f":"IF(D17=0,0,1/D17)","v":0},{"$f":"IF(D17=0,'App.2-CD_MIFRS_DepExp_2014'!K17,+'App.2-CD_MIFRS_DepExp_2014'!K17+((C17*0.5)/D17))","v":0},null,{"$f":"IF(ISERROR(+F17-G17), 0, +F17-G17)","v":0},{"$f":"IF(D17=0,0,+(C17)/D17)","v":0},null,{"$f":"IF(ISERROR(+I17+'App.2-CD_MIFRS_DepExp_2014'!K17-J17), 0, +I17+'App.2-CD_MIFRS_DepExp_2014'!K17-J17)","v":0}]
[1612,"Land Rights (Formally known as Account 1906)",null,null,0,{"$f":"IF(D18=0,'App.2-CD_MIFRS_DepExp_2014'!K18,+'App.2-CD_MIFRS_DepExp_2014'!K18+((C18*0.5)/D18))","v":0},null,0,{"$f":"IF(D18=0,0,+(C18)/D18)","v":0},null,{"$f":"IF(ISERROR(+I18+'App.2-CD_MIFRS_DepExp_2014'!K18-J18), 0, +I18+'App.2-CD_MIFRS_DepExp_2014'!K18-J18)","v":0}]
[1805,"Land",null,null,0,{"$f":"IF(D19=0,'App.2-CD_MIFRS_DepExp_2014'!K19,+'App.2-CD_MIFRS_DepExp_2014'!K19+((C19*0.5)/D19))","v":0},null,0,0,null,{"$f":"IF(ISERROR(+I19+'App.2-CD_MIFRS_DepExp_2014'!K19-J19), 0, +I19+'App.2-CD_MIFRS_DepExp_2014'!K19-J19)","v":0}]
[1808,"Buildings",null,null,0,{"$f":"IF(D20=0,'App.2-CD_MIFRS_DepExp_2014'!K20,+'App.2-CD_MIFRS_DepExp_2014'!K20+((C20*0.5)/D20))","v":0},null,0,0,null,{"$f":"IF(ISERROR(+I20+'App.2-CD_MIFRS_DepExp_2014'!K20-J20), 0, +I20+'App.2-CD_MIFRS_DepExp_2014'!K20-J20)","v":0}]
[1810,"Leasehold Improvements",null,null,0,{"$f":"IF(D21=0,'App.2-CD_MIFRS_DepExp_2014'!K21,+'App.2-CD_MIFRS_DepExp_2014'!K21+((C21*0.5)/D21))","v":0},null,0,0,null,{"$f":"IF(ISERROR(+I21+'App.2-CD_MIFRS_DepExp_2014'!K21-J21), 0, +I21+'App.2-CD_MIFRS_DepExp_2014'!K21-J21)","v":0}]
[1815,"Transformer Station Equipment >50 kV",null,null,0,{"$f":"IF(D22=0,'App.2-CD_MIFRS_DepExp_2014'!K22,+'App.2-CD_MIFRS_DepExp_2014'!K22+((C22*0.5)/D22))","v":0},null,0,0,null,{"$f":"IF(ISERROR(+I22+'App.2-CD_MIFRS_DepExp_2014'!K22-J22), 0, +I22+'App.2-CD_MIFRS_DepExp_2014'!K22-J22)","v":0}]
[1820,"Distribution Station Equipment <50 kV",null,null,0,{"$f":"IF(D23=0,'App.2-CD_MIFRS_DepExp_2014'!K23,+'App.2-CD_MIFRS_DepExp_2014'!K23+((C23*0.5)/D23))","v":0},null,0,0,null,{"$f":"IF(ISERROR(+I23+'App.2-CD_MIFRS_DepExp_2014'!K23-J23), 0, +I23+'App.2-CD_MIFRS_DepExp_2014'!K23-J23)","v":0}]
[1825,"Storage Battery Equipment",null,null,0,{"$f":"IF(D24=0,'App.2-CD_MIFRS_DepExp_2014'!K24,+'App.2-CD_MIFRS_DepExp_2014'!K24+((C24*0.5)/D24))","v":0},null,0,0,null,{"$f":"IF(ISERROR(+I24+'App.2-CD_MIFRS_DepExp_2014'!K24-J24), 0, +I24+'App.2-CD_MIFRS_DepExp_2014'!K24-J24)","v":0}]
[1830,"Poles, Towers & Fixtures",null,null,0,{"$f":"IF(D25=0,'App.2-CD_MIFRS_DepExp_2014'!K25,+'App.2-CD_MIFRS_DepExp_2014'!K25+((C25*0.5)/D25))","v":0},null,0,0,null,{"$f":"IF(ISERROR(+I25+'App.2-CD_MIFRS_DepExp_2014'!K25-J25), 0, +I25+'App.2-CD_MIFRS_DepExp_2014'!K25-J25)","v":0}]
[1835,"Overhead Conductors & Devices",null,null,0,{"$f":"IF(D26=0,'App.2-CD_MIFRS_DepExp_2014'!K26,+'App.2-CD_MIFRS_DepExp_2014'!K26+((C26*0.5)/D26))","v":0},null,0,0,null,{"$f":"IF(ISERROR(+I26+'App.2-CD_MIFRS_DepExp_2014'!K26-J26), 0, +I26+'App.2-CD_MIFRS_DepExp_2014'!K26-J26)","v":0}]
[1840,"Underground Conduit",null,null,0,{"$f":"IF(D27=0,'App.2-CD_MIFRS_DepExp_2014'!K27,+'App.2-CD_MIFRS_DepExp_2014'!K27+((C27*0.5)/D27))","v":0},null,0,0,null,{"$f":"IF(ISERROR(+I27+'App.2-CD_MIFRS_DepExp_2014'!K27-J27), 0, +I27+'App.2-CD_MIFRS_DepExp_2014'!K27-J27)","v":0}]
[1845,"Underground Conductors & Devices",null,null,0,{"$f":"IF(D28=0,'App.2-CD_MIFRS_DepExp_2014'!K28,+'App.2-CD_MIFRS_DepExp_2014'!K28+((C28*0.5)/D28))","v":0},null,0,0,null,{"$f":"IF(ISERROR(+I28+'App.2-CD_MIFRS_DepExp_2014'!K28-J28), 0, +I28+'App.2-CD_MIFRS_DepExp_2014'!K28-J28)","v":0}]
[1850,"Line Transformers",null,null,0,{"$f":"IF(D29=0,'App.2-CD_MIFRS_DepExp_2014'!K29,+'App.2-CD_MIFRS_DepExp_2014'!K29+((C29*0.5)/D29))","v":0},null,0,0,null,{"$f":"IF(ISERROR(+I29+'App.2-CD_MIFRS_DepExp_2014'!K29-J29), 0, +I29+'App.2-CD_MIFRS_DepExp_2014'!K29-J29)","v":0}]
[1855,"Services (Overhead & Underground)",null,null,0,{"$f":"IF(D30=0,'App.2-CD_MIFRS_DepExp_2014'!K30,+'App.2-CD_MIFRS_DepExp_2014'!K30+((C30*0.5)/D30))","v":0},null,0,0,null,{"$f":"IF(ISERROR(+I30+'App.2-CD_MIFRS_DepExp_2014'!K30-J30), 0, +I30+'App.2-CD_MIFRS_DepExp_2014'!K30-J30)","v":0}]
[1860,"Meters",null,null,0,{"$f":"IF(D31=0,'App.2-CD_MIFRS_DepExp_2014'!K31,+'App.2-CD_MIFRS_DepExp_2014'!K31+((C31*0.5)/D31))","v":0},null,0,0,null,{"$f":"IF(ISERROR(+I31+'App.2-CD_MIFRS_DepExp_2014'!K31-J31), 0, +I31+'App.2-CD_MIFRS_DepExp_2014'!K31-J31)","v":0}]
[1860,"Meters (Smart Meters)",null,null,0,{"$f":"IF(D32=0,'App.2-CD_MIFRS_DepExp_2014'!K32,+'App.2-CD_MIFRS_DepExp_2014'!K32+((C32*0.5)/D32))","v":0},null,0,0,null,{"$f":"IF(ISERROR(+I32+'App.2-CD_MIFRS_DepExp_2014'!K32-J32), 0, +I32+'App.2-CD_MIFRS_DepExp_2014'!K32-J32)","v":0}]
[1905,"Land",null,null,0,{"$f":"IF(D33=0,'App.2-CD_MIFRS_DepExp_2014'!K33,+'App.2-CD_MIFRS_DepExp_2014'!K33+((C33*0.5)/D33))","v":0},null,0,0,null,{"$f":"IF(ISERROR(+I33+'App.2-CD_MIFRS_DepExp_2014'!K33-J33), 0, +I33+'App.2-CD_MIFRS_DepExp_2014'!K33-J33)","v":0}]
[1908,"Buildings & Fixtures",null,null,0,{"$f":"IF(D34=0,'App.2-CD_MIFRS_DepExp_2014'!K34,+'App.2-CD_MIFRS_DepExp_2014'!K34+((C34*0.5)/D34))","v":0},null,0,0,null,{"$f":"IF(ISERROR(+I34+'App.2-CD_MIFRS_DepExp_2014'!K34-J34), 0, +I34+'App.2-CD_MIFRS_DepExp_2014'!K34-J34)","v":0}]
[1910,"Leasehold Improvements",null,null,0,{"$f":"IF(D35=0,'App.2-CD_MIFRS_DepExp_2014'!K35,+'App.2-CD_MIFRS_DepExp_2014'!K35+((C35*0.5)/D35))","v":0},null,0,0,null,{"$f":"IF(ISERROR(+I35+'App.2-CD_MIFRS_DepExp_2014'!K35-J35), 0, +I35+'App.2-CD_MIFRS_DepExp_2014'!K35-J35)","v":0}]
[1915,"Office Furniture & Equipment (10 years)",null,null,0,{"$f":"IF(D36=0,'App.2-CD_MIFRS_DepExp_2014'!K36,+'App.2-CD_MIFRS_DepExp_2014'!K36+((C36*0.5)/D36))","v":0},null,0,0,null,{"$f":"IF(ISERROR(+I36+'App.2-CD_MIFRS_DepExp_2014'!K36-J36), 0, +I36+'App.2-CD_MIFRS_DepExp_2014'!K36-J36)","v":0}]
[1915,"Office Furniture & Equipment (5 years)",null,null,0,{"$f":"IF(D37=0,'App.2-CD_MIFRS_DepExp_2014'!K37,+'App.2-CD_MIFRS_DepExp_2014'!K37+((C37*0.5)/D37))","v":0},null,0,0,null,{"$f":"IF(ISERROR(+I37+'App.2-CD_MIFRS_DepExp_2014'!K37-J37), 0, +I37+'App.2-CD_MIFRS_DepExp_2014'!K37-J37)","v":0}]
[1920,"Computer Equipment - Hardware",null,null,0,{"$f":"IF(D38=0,'App.2-CD_MIFRS_DepExp_2014'!K38,+'App.2-CD_MIFRS_DepExp_2014'!K38+((C38*0.5)/D38))","v":0},null,0,0,null,{"$f":"IF(ISERROR(+I38+'App.2-CD_MIFRS_DepExp_2014'!K38-J38), 0, +I38+'App.2-CD_MIFRS_DepExp_2014'!K38-J38)","v":0}]
[1920,"Computer Equip.-Hardware(Post Mar. 22/04)",null,null,0,{"$f":"IF(D39=0,'App.2-CD_MIFRS_DepExp_2014'!K39,+'App.2-CD_MIFRS_DepExp_2014'!K39+((C39*0.5)/D39))","v":0},null,0,0,null,{"$f":"IF(ISERROR(+I39+'App.2-CD_MIFRS_DepExp_2014'!K39-J39), 0, +I39+'App.2-CD_MIFRS_DepExp_2014'!K39-J39)","v":0}]
[1920,"Computer Equip.-Hardware(Post Mar. 19/07)",null,null,0,{"$f":"IF(D40=0,'App.2-CD_MIFRS_DepExp_2014'!K40,+'App.2-CD_MIFRS_DepExp_2014'!K40+((C40*0.5)/D40))","v":0},null,0,0,null,{"$f":"IF(ISERROR(+I40+'App.2-CD_MIFRS_DepExp_2014'!K40-J40), 0, +I40+'App.2-CD_MIFRS_DepExp_2014'!K40-J40)","v":0}]
[1930,"Transportation Equipment",null,null,0,{"$f":"IF(D41=0,'App.2-CD_MIFRS_DepExp_2014'!K41,+'App.2-CD_MIFRS_DepExp_2014'!K41+((C41*0.5)/D41))","v":0},null,0,0,null,{"$f":"IF(ISERROR(+I41+'App.2-CD_MIFRS_DepExp_2014'!K41-J41), 0, +I41+'App.2-CD_MIFRS_DepExp_2014'!K41-J41)","v":0}]
[1935,"Stores Equipment",null,null,0,{"$f":"IF(D42=0,'App.2-CD_MIFRS_DepExp_2014'!K42,+'App.2-CD_MIFRS_DepExp_2014'!K42+((C42*0.5)/D42))","v":0},null,0,0,null,{"$f":"IF(ISERROR(+I42+'App.2-CD_MIFRS_DepExp_2014'!K42-J42), 0, +I42+'App.2-CD_MIFRS_DepExp_2014'!K42-J42)","v":0}]
[1940,"Tools, Shop & Garage Equipment",null,null,0,{"$f":"IF(D43=0,'App.2-CD_MIFRS_DepExp_2014'!K43,+'App.2-CD_MIFRS_DepExp_2014'!K43+((C43*0.5)/D43))","v":0},null,0,0,null,{"$f":"IF(ISERROR(+I43+'App.2-CD_MIFRS_DepExp_2014'!K43-J43), 0, +I43+'App.2-CD_MIFRS_DepExp_2014'!K43-J43)","v":0}]
[1945,"Measurement & Testing Equipment",null,null,0,{"$f":"IF(D44=0,'App.2-CD_MIFRS_DepExp_2014'!K44,+'App.2-CD_MIFRS_DepExp_2014'!K44+((C44*0.5)/D44))","v":0},null,0,0,null,{"$f":"IF(ISERROR(+I44+'App.2-CD_MIFRS_DepExp_2014'!K44-J44), 0, +I44+'App.2-CD_MIFRS_DepExp_2014'!K44-J44)","v":0}]
[1950,"Power Operated Equipment",null,null,0,{"$f":"IF(D45=0,'App.2-CD_MIFRS_DepExp_2014'!K45,+'App.2-CD_MIFRS_DepExp_2014'!K45+((C45*0.5)/D45))","v":0},null,0,0,null,{"$f":"IF(ISERROR(+I45+'App.2-CD_MIFRS_DepExp_2014'!K45-J45), 0, +I45+'App.2-CD_MIFRS_DepExp_2014'!K45-J45)","v":0}]
[1955,"Communications Equipment",null,null,0,{"$f":"IF(D46=0,'App.2-CD_MIFRS_DepExp_2014'!K46,+'App.2-CD_MIFRS_DepExp_2014'!K46+((C46*0.5)/D46))","v":0},null,0,0,null,{"$f":"IF(ISERROR(+I46+'App.2-CD_MIFRS_DepExp_2014'!K46-J46), 0, +I46+'App.2-CD_MIFRS_DepExp_2014'!K46-J46)","v":0}]
[1955,"Communication Equipment (Smart Meters)",null,null,0,{"$f":"IF(D47=0,'App.2-CD_MIFRS_DepExp_2014'!K47,+'App.2-CD_MIFRS_DepExp_2014'!K47+((C47*0.5)/D47))","v":0},null,0,0,null,{"$f":"IF(ISERROR(+I47+'App.2-CD_MIFRS_DepExp_2014'!K47-J47), 0, +I47+'App.2-CD_MIFRS_DepExp_2014'!K47-J47)","v":0}]
[1960,"Miscellaneous Equipment ",null,null,0,{"$f":"IF(D48=0,'App.2-CD_MIFRS_DepExp_2014'!K48,+'App.2-CD_MIFRS_DepExp_2014'!K48+((C48*0.5)/D48))","v":0},null,0,0,null,{"$f":"IF(ISERROR(+I48+'App.2-CD_MIFRS_DepExp_2014'!K48-J48), 0, +I48+'App.2-CD_MIFRS_DepExp_2014'!K48-J48)","v":0}]
[1970,"Load Management Controls Customer Premises",null,null,0,{"$f":"IF(D49=0,'App.2-CD_MIFRS_DepExp_2014'!K49,+'App.2-CD_MIFRS_DepExp_2014'!K49+((C49*0.5)/D49))","v":0},null,0,0,null,{"$f":"IF(ISERROR(+I49+'App.2-CD_MIFRS_DepExp_2014'!K49-J49), 0, +I49+'App.2-CD_MIFRS_DepExp_2014'!K49-J49)","v":0}]
[1975,"Load Management Controls Utility Premises",null,null,0,{"$f":"IF(D50=0,'App.2-CD_MIFRS_DepExp_2014'!K50,+'App.2-CD_MIFRS_DepExp_2014'!K50+((C50*0.5)/D50))","v":0},null,0,0,null,{"$f":"IF(ISERROR(+I50+'App.2-CD_MIFRS_DepExp_2014'!K50-J50), 0, +I50+'App.2-CD_MIFRS_DepExp_2014'!K50-J50)","v":0}]
[1980,"System Supervisor Equipment",null,null,0,{"$f":"IF(D51=0,'App.2-CD_MIFRS_DepExp_2014'!K51,+'App.2-CD_MIFRS_DepExp_2014'!K51+((C51*0.5)/D51))","v":0},null,0,0,null,{"$f":"IF(ISERROR(+I51+'App.2-CD_MIFRS_DepExp_2014'!K51-J51), 0, +I51+'App.2-CD_MIFRS_DepExp_2014'!K51-J51)","v":0}]
[1985,"Miscellaneous Fixed Assets",null,null,0,{"$f":"IF(D52=0,'App.2-CD_MIFRS_DepExp_2014'!K52,+'App.2-CD_MIFRS_DepExp_2014'!K52+((C52*0.5)/D52))","v":0},null,0,0,null,{"$f":"IF(ISERROR(+I52+'App.2-CD_MIFRS_DepExp_2014'!K52-J52), 0, +I52+'App.2-CD_MIFRS_DepExp_2014'!K52-J52)","v":0}]
[1990,"Other Tangible Property",null,null,0,{"$f":"IF(D53=0,'App.2-CD_MIFRS_DepExp_2014'!K53,+'App.2-CD_MIFRS_DepExp_2014'!K53+((C53*0.5)/D53))","v":0},null,0,0,null,{"$f":"IF(ISERROR(+I53+'App.2-CD_MIFRS_DepExp_2014'!K53-J53), 0, +I53+'App.2-CD_MIFRS_DepExp_2014'!K53-J53)","v":0}]
[1995,"Contributions & Grants",null,null,0,{"$f":"IF(D54=0,'App.2-CD_MIFRS_DepExp_2014'!K54,+'App.2-CD_MIFRS_DepExp_2014'!K54+((C54*0.5)/D54))","v":0},null,0,0,null,{"$f":"IF(ISERROR(+I54+'App.2-CD_MIFRS_DepExp_2014'!K54-J54), 0, +I54+'App.2-CD_MIFRS_DepExp_2014'!K54-J54)","v":0}]
[null,"Total",{"$f":"SUM(C17:C54)","v":0},null,null,{"$f":"SUM(F17:F54)","v":0},{"$f":"SUM(G17:G54)","v":0},{"$f":"SUM(H17:H54)","v":0},{"$f":"SUM(I17:I54)","v":0},0,{"$f":"SUM(K17:K54)","v":0}]
[null,"Depreciation exp. adj. from gain or loss on the retirement of assets (pool of like assets)"]
[null,"Total Depreciation expense to be included in the test year revenue requirement",null,null,null,{"$f":"SUM(F55:F56)","v":0}]
["Notes:"]
[1,"Board policy of the \"half-year\" rule - the applicant must ensure that additions in the year attract a half-year depreciation expense in the first year.  Deviations from this standard practice must be supported in the application."]
[2,"The applicant must provide an explanation of material variances in evidence."]
[3,"This column refers to the calculated full year depreciation but excludes the depreciation expense on assets fully depreciated during the year.  This column is used for the purpose of calculating depreciation expense in the following year on the next worksheet."]
[]
["General:","Applicants must provide a breakdown of depreciation and amortization expense in the above format for all relevant accounts.  Asset Retirement Obligations (AROs), depreciation and accretion expense should be disclosed separately consistent with the Notes of historical Audited Financial Statements."]

{"sheet":"App.2-CF_MIFRS_DepExp_2016","index":21,"n_rows":63,"n_cols":8,"rows_kept":63,"cut":false,"hidden":true,"merged":[[58,1,58,7],[59,1,59,8],[61,1,61,8],[62,1,63,7],[64,1,65,7],[56,1,56,4],[8,0,8,8],[9,0,9,8],[10,0,10,7],[14,1,15,1],[14,6,15,6]]}
[null,null,null,null,null,null,"File Number:",{"$f":"EBNUMBER","v":"EB-2014-0105"}]
[null,null,null,null,null,null,"Exhibit:"]
[null,null,null,null,null,null,"Tab:"]
[null,null,null,null,null,null,"Schedule:"]
[null,null,null,null,null,null,"Page:"]
[]
[null,null,null,null,null,null,"Date:"]
[]
["Appendix 2-CF"]
["Depreciation and Amortization Expense"]
["Assumes the applicant made capitalization and depreciation expense accounting policy changes under CGAAP effective January 1, 2012 and has adopted IFRS for financial reporting purposes effective January 1, 2015."]
[]
[null,null,2016,"MIFRS"]
[]
["Account","Description","Additions","Years (new additions only)","Depreciation Rate on New Additions","2016 Depreciation Expense 1","2016 Depreciation Expense per Appendix 2-BA Fixed Assets, Column J\n (l)","Variance 2"]
[null,null,"(d)","(f)","(g) = 1 / (f)","(h)=2015 Full Year Depreciation + ((d)*0.5)/(f) ",null,"(m) = (h) - (l)"]
[1611,"Computer Software (Formally known as Account 1925)",null,null,{"$f":"IF(D17=0,0,1/D17)","v":0},{"$f":"IF(D17=0,'App.2-CE_MIFRS_DepExp_2015'!K17,+'App.2-CE_MIFRS_DepExp_2015'!K17+((C17*0.5)/D17))","v":0},null,{"$f":"IF(ISERROR(+F17-G17), 0, +F17-G17)","v":0}]
[1612,"Land Rights (Formally known as Account 1906)",null,null,0,{"$f":"IF(D18=0,'App.2-CE_MIFRS_DepExp_2015'!K18,+'App.2-CE_MIFRS_DepExp_2015'!K18+((C18*0.5)/D18))","v":0},null,0]
[1805,"Land",null,null,0,{"$f":"IF(D19=0,'App.2-CE_MIFRS_DepExp_2015'!K19,+'App.2-CE_MIFRS_DepExp_2015'!K19+((C19*0.5)/D19))","v":0},null,0]
[1808,"Buildings",null,null,0,{"$f":"IF(D20=0,'App.2-CE_MIFRS_DepExp_2015'!K20,+'App.2-CE_MIFRS_DepExp_2015'!K20+((C20*0.5)/D20))","v":0},null,0]
[1810,"Leasehold Improvements",null,null,0,{"$f":"IF(D21=0,'App.2-CE_MIFRS_DepExp_2015'!K21,+'App.2-CE_MIFRS_DepExp_2015'!K21+((C21*0.5)/D21))","v":0},null,0]
[1815,"Transformer Station Equipment >50 kV",null,null,0,{"$f":"IF(D22=0,'App.2-CE_MIFRS_DepExp_2015'!K22,+'App.2-CE_MIFRS_DepExp_2015'!K22+((C22*0.5)/D22))","v":0},null,0]
[1820,"Distribution Station Equipment <50 kV",null,null,0,{"$f":"IF(D23=0,'App.2-CE_MIFRS_DepExp_2015'!K23,+'App.2-CE_MIFRS_DepExp_2015'!K23+((C23*0.5)/D23))","v":0},null,0]
[1825,"Storage Battery Equipment",null,null,0,{"$f":"IF(D24=0,'App.2-CE_MIFRS_DepExp_2015'!K24,+'App.2-CE_MIFRS_DepExp_2015'!K24+((C24*0.5)/D24))","v":0},null,0]
[1830,"Poles, Towers & Fixtures",null,null,0,{"$f":"IF(D25=0,'App.2-CE_MIFRS_DepExp_2015'!K25,+'App.2-CE_MIFRS_DepExp_2015'!K25+((C25*0.5)/D25))","v":0},null,0]
[1835,"Overhead Conductors & Devices",null,null,0,{"$f":"IF(D26=0,'App.2-CE_MIFRS_DepExp_2015'!K26,+'App.2-CE_MIFRS_DepExp_2015'!K26+((C26*0.5)/D26))","v":0},null,0]
[1840,"Underground Conduit",null,null,0,{"$f":"IF(D27=0,'App.2-CE_MIFRS_DepExp_2015'!K27,+'App.2-CE_MIFRS_DepExp_2015'!K27+((C27*0.5)/D27))","v":0},null,0]
[1845,"Underground Conductors & Devices",null,null,0,{"$f":"IF(D28=0,'App.2-CE_MIFRS_DepExp_2015'!K28,+'App.2-CE_MIFRS_DepExp_2015'!K28+((C28*0.5)/D28))","v":0},null,0]
[1850,"Line Transformers",null,null,0,{"$f":"IF(D29=0,'App.2-CE_MIFRS_DepExp_2015'!K29,+'App.2-CE_MIFRS_DepExp_2015'!K29+((C29*0.5)/D29))","v":0},null,0]
[1855,"Services (Overhead & Underground)",null,null,0,{"$f":"IF(D30=0,'App.2-CE_MIFRS_DepExp_2015'!K30,+'App.2-CE_MIFRS_DepExp_2015'!K30+((C30*0.5)/D30))","v":0},null,0]
[1860,"Meters",null,null,0,{"$f":"IF(D31=0,'App.2-CE_MIFRS_DepExp_2015'!K31,+'App.2-CE_MIFRS_DepExp_2015'!K31+((C31*0.5)/D31))","v":0},null,0]
[1860,"Meters (Smart Meters)",null,null,0,{"$f":"IF(D32=0,'App.2-CE_MIFRS_DepExp_2015'!K32,+'App.2-CE_MIFRS_DepExp_2015'!K32+((C32*0.5)/D32))","v":0},null,0]
[1905,"Land",null,null,0,{"$f":"IF(D33=0,'App.2-CE_MIFRS_DepExp_2015'!K33,+'App.2-CE_MIFRS_DepExp_2015'!K33+((C33*0.5)/D33))","v":0},null,0]
[1908,"Buildings & Fixtures",null,null,0,{"$f":"IF(D34=0,'App.2-CE_MIFRS_DepExp_2015'!K34,+'App.2-CE_MIFRS_DepExp_2015'!K34+((C34*0.5)/D34))","v":0},null,0]
[1910,"Leasehold Improvements",null,null,0,{"$f":"IF(D35=0,'App.2-CE_MIFRS_DepExp_2015'!K35,+'App.2-CE_MIFRS_DepExp_2015'!K35+((C35*0.5)/D35))","v":0},null,0]
[1915,"Office Furniture & Equipment (10 years)",null,null,0,{"$f":"IF(D36=0,'App.2-CE_MIFRS_DepExp_2015'!K36,+'App.2-CE_MIFRS_DepExp_2015'!K36+((C36*0.5)/D36))","v":0},null,0]
[1915,"Office Furniture & Equipment (5 years)",null,null,0,{"$f":"IF(D37=0,'App.2-CE_MIFRS_DepExp_2015'!K37,+'App.2-CE_MIFRS_DepExp_2015'!K37+((C37*0.5)/D37))","v":0},null,0]
[1920,"Computer Equipment - Hardware",null,null,0,{"$f":"IF(D38=0,'App.2-CE_MIFRS_DepExp_2015'!K38,+'App.2-CE_MIFRS_DepExp_2015'!K38+((C38*0.5)/D38))","v":0},null,0]
[1920,"Computer Equip.-Hardware(Post Mar. 22/04)",null,null,0,{"$f":"IF(D39=0,'App.2-CE_MIFRS_DepExp_2015'!K39,+'App.2-CE_MIFRS_DepExp_2015'!K39+((C39*0.5)/D39))","v":0},null,0]
[1920,"Computer Equip.-Hardware(Post Mar. 19/07)",null,null,0,{"$f":"IF(D40=0,'App.2-CE_MIFRS_DepExp_2015'!K40,+'App.2-CE_MIFRS_DepExp_2015'!K40+((C40*0.5)/D40))","v":0},null,0]
[1930,"Transportation Equipment",null,null,0,{"$f":"IF(D41=0,'App.2-CE_MIFRS_DepExp_2015'!K41,+'App.2-CE_MIFRS_DepExp_2015'!K41+((C41*0.5)/D41))","v":0},null,0]
[1935,"Stores Equipment",null,null,0,{"$f":"IF(D42=0,'App.2-CE_MIFRS_DepExp_2015'!K42,+'App.2-CE_MIFRS_DepExp_2015'!K42+((C42*0.5)/D42))","v":0},null,0]
[1940,"Tools, Shop & Garage Equipment",null,null,0,{"$f":"IF(D43=0,'App.2-CE_MIFRS_DepExp_2015'!K43,+'App.2-CE_MIFRS_DepExp_2015'!K43+((C43*0.5)/D43))","v":0},null,0]
[1945,"Measurement & Testing Equipment",null,null,0,{"$f":"IF(D44=0,'App.2-CE_MIFRS_DepExp_2015'!K44,+'App.2-CE_MIFRS_DepExp_2015'!K44+((C44*0.5)/D44))","v":0},null,0]
[1950,"Power Operated Equipment",null,null,0,{"$f":"IF(D45=0,'App.2-CE_MIFRS_DepExp_2015'!K45,+'App.2-CE_MIFRS_DepExp_2015'!K45+((C45*0.5)/D45))","v":0},null,0]
[1955,"Communications Equipment",null,null,0,{"$f":"IF(D46=0,'App.2-CE_MIFRS_DepExp_2015'!K46,+'App.2-CE_MIFRS_DepExp_2015'!K46+((C46*0.5)/D46))","v":0},null,0]
[1955,"Communication Equipment (Smart Meters)",null,null,0,{"$f":"IF(D47=0,'App.2-CE_MIFRS_DepExp_2015'!K47,+'App.2-CE_MIFRS_DepExp_2015'!K47+((C47*0.5)/D47))","v":0},null,0]
[1960,"Miscellaneous Equipment ",null,null,0,{"$f":"IF(D48=0,'App.2-CE_MIFRS_DepExp_2015'!K48,+'App.2-CE_MIFRS_DepExp_2015'!K48+((C48*0.5)/D48))","v":0},null,0]
[1970,"Load Management Controls Customer Premises",null,null,0,{"$f":"IF(D49=0,'App.2-CE_MIFRS_DepExp_2015'!K49,+'App.2-CE_MIFRS_DepExp_2015'!K49+((C49*0.5)/D49))","v":0},null,0]
[1975,"Load Management Controls Utility Premises",null,null,0,{"$f":"IF(D50=0,'App.2-CE_MIFRS_DepExp_2015'!K50,+'App.2-CE_MIFRS_DepExp_2015'!K50+((C50*0.5)/D50))","v":0},null,0]
[1980,"System Supervisor Equipment",null,null,0,{"$f":"IF(D51=0,'App.2-CE_MIFRS_DepExp_2015'!K51,+'App.2-CE_MIFRS_DepExp_2015'!K51+((C51*0.5)/D51))","v":0},null,0]
[1985,"Miscellaneous Fixed Assets",null,null,0,{"$f":"IF(D52=0,'App.2-CE_MIFRS_DepExp_2015'!K52,+'App.2-CE_MIFRS_DepExp_2015'!K52+((C52*0.5)/D52))","v":0},null,0]
[1990,"Other Tangible Property",null,null,0,{"$f":"IF(D53=0,'App.2-CE_MIFRS_DepExp_2015'!K53,+'App.2-CE_MIFRS_DepExp_2015'!K53+((C53*0.5)/D53))","v":0},null,0]
[1995,"Contributions & Grants",null,null,0,{"$f":"IF(D54=0,'App.2-CE_MIFRS_DepExp_2015'!K54,+'App.2-CE_MIFRS_DepExp_2015'!K54+((C54*0.5)/D54))","v":0},null,0]
[null,"Total",{"$f":"SUM(C17:C54)","v":0},null,null,{"$f":"SUM(F17:F54)","v":0},{"$f":"SUM(G17:G54)","v":0},{"$f":"SUM(H17:H54)","v":0}]
[null,"Depreciation exp. adj. from gain or loss on the retirement of assets (pool of like assets)"]
[null,"Total Depreciation expense to be included in the test year revenue requirement",null,null,null,{"$f":"SUM(F55:F56)","v":0}]
["Notes:"]
[1,"Board policy of the \"half-year\" rule - the applicant must ensure that additions in the year attract a half-year depreciation expense in the first year.  Deviations from this standard practice must be supported in the application."]
[2,"The applicant must provide an explanation of material variances in evidence."]
[]
[]
["General:","Applicants must provide a breakdown of depreciation and amortization expense in the above format for all relevant accounts.  Asset Retirement Obligations (AROs), depreciation and accretion expense should be disclosed separately consistent with the Notes of historical Audited Financial Statements."]

{"sheet":"App.2-CG_OldCGAAP_DepExp_2013","index":22,"n_rows":62,"n_cols":12,"rows_kept":62,"cut":false,"hidden":true,"merged":[[58,1,58,11],[59,1,60,9],[61,1,62,11],[8,0,8,11],[9,0,9,11],[14,0,15,0],[14,1,15,1],[14,10,15,10],[10,1,10,10]]}
[null,null,null,null,null,null,null,null,null,null,"File Number:",{"$f":"EBNUMBER","v":"EB-2014-0105"}]
[null,null,null,null,null,null,null,null,null,null,"Exhibit:"]
[null,null,null,null,null,null,null,null,null,null,"Tab:"]
[null,null,null,null,null,null,null,null,null,null,"Schedule:"]
[null,null,null,null,null,null,null,null,null,null,"Page:"]
[]
[null,null,null,null,null,null,null,null,null,null,"Date:"]
[]
["Appendix 2-CG"]
["Depreciation and Amortization Expense"]
[null,"Assumes the applicant made capitalization and depreciation expense accounting policy changes under CGAAP effective January 1, 2013 and has adopted IFRS for financial reporting purposes effective January 1, 2015."]
[]
[null,null,"Year",2013,"Former CGAAP"]
[]
["Account","Description","Opening Regulatory Gross PP&E as at Jan 1, 2013","Less Fully Depreciated","Net for Depreciation","Additions","Total for Depreciation 1","Years","Depreciation Rate","Depreciation Expense","2013 Depreciation Expense per Appendix 2-BA Fixed Assets, Column J\n (l)","Variance 2"]
[null,null,"(a)","(b)","(c)","(d)","(e) = (c) + ½ x (d) ","(f)","(g) = 1 / (f)","(h) = (e) / (f)",null,"(m) = (h) - (l)"]
[1611,"Computer Software (Formally known as Account 1925)",null,null,{"$f":"C17-D17","v":0},null,{"$f":"E17+0.5*F17","v":0},null,{"$f":"IF(H17=0,0,1/H17)","v":0},{"$f":"IF(H17=0,0,G17/H17)","v":0},null,{"$f":"IF(ISERROR(+J17-K17), 0, +J17-K17)","v":0}]
[1612,"Land Rights (Formally known as Account 1906)",null,null,{"$f":"C18-D18","v":0},null,{"$f":"E18+0.5*F18","v":0},null,0,0,null,0]
[1805,"Land",null,null,0,null,0,null,0,0,null,0]
[1808,"Buildings",null,null,0,null,0,null,0,0,null,0]
[1810,"Leasehold Improvements",null,null,0,null,0,null,0,0,null,0]
[1815,"Transformer Station Equipment >50 kV",null,null,0,null,0,null,0,0,null,0]
[1820,"Distribution Station Equipment <50 kV",null,null,0,null,0,null,0,0,null,0]
[1825,"Storage Battery Equipment",null,null,0,null,0,null,0,0,null,0]
[1830,"Poles, Towers & Fixtures",null,null,0,null,0,null,0,0,null,0]
[1835,"Overhead Conductors & Devices",null,null,0,null,0,null,0,0,null,0]
[1840,"Underground Conduit",null,null,0,null,0,null,0,0,null,0]
[1845,"Underground Conductors & Devices",null,null,0,null,0,null,0,0,null,0]
[1850,"Line Transformers",null,null,0,null,0,null,0,0,null,0]
[1855,"Services (Overhead & Underground)",null,null,0,null,0,null,0,0,null,0]
[1860,"Meters",null,null,0,null,0,null,0,0,null,0]
[1860,"Meters (Smart Meters)",null,null,0,null,0,null,0,0,null,0]
[1905,"Land",null,null,0,null,0,null,0,0,null,0]
[1908,"Buildings & Fixtures",null,null,0,null,0,null,0,0,null,0]
[1910,"Leasehold Improvements",null,null,0,null,0,null,0,0,null,0]
[1915,"Office Furniture & Equipment (10 years)",null,null,0,null,0,null,0,0,null,0]
[1915,"Office Furniture & Equipment (5 years)",null,null,0,null,0,null,0,0,null,0]
[1920,"Computer Equipment - Hardware",null,null,0,null,0,null,0,0,null,0]
[1920,"Computer Equip.-Hardware(Post Mar. 22/04)",null,null,0,null,0,null,0,0,null,0]
[1920,"Computer Equip.-Hardware(Post Mar. 19/07)",null,null,0,null,0,null,0,0,null,0]
[1930,"Transportation Equipment",null,null,0,null,0,null,0,0,null,0]
[1935,"Stores Equipment",null,null,0,null,0,null,0,0,null,0]
[1940,"Tools, Shop & Garage Equipment",null,null,0,null,0,null,0,0,null,0]
[1945,"Measurement & Testing Equipment",null,null,0,null,0,null,0,0,null,0]
[1950,"Power Operated Equipment",null,null,0,null,0,null,0,0,null,0]
[1955,"Communications Equipment",null,null,0,null,0,null,0,0,null,0]
[1955,"Communication Equipment (Smart Meters)",null,null,0,null,0,null,0,0,null,0]
[1960,"Miscellaneous Equipment ",null,null,0,null,0,null,0,0,null,0]
[1970,"Load Management Controls - Customer Premises",null,null,0,null,0,null,0,0,null,0]
[1975,"Load Management Controls Utility Premises",null,null,0,null,0,null,0,0,null,0]
[1980,"System Supervisor Equipment",null,null,0,null,0,null,0,0,null,0]
[1985,"Miscellaneous Fixed Assets",null,null,0,null,0,null,0,0,null,0]
[1990,"Other Tangible Property",null,null,0,null,0,null,0,0,null,0]
[1995,"Contributions & Grants",null,null,0,null,0,null,0,0,null,0]
[null,"Total",{"$f":"SUM(C17:C54)","v":0},{"$f":"SUM(D17:D54)","v":0},{"$f":"SUM(E17:E54)","v":0},{"$f":"SUM(F17:F54)","v":0},{"$f":"SUM(G17:G54)","v":0},null,null,{"$f":"SUM(J17:J54)","v":0},{"$f":"SUM(K17:K54)","v":0},{"$f":"SUM(L17:L54)","v":0}]
[]
["Notes:"]
[]
[1,"Board policy of the \"half-year\" rule - the applicant must ensure that additions in the year attract a half-year depreciation expense in the first year.  Deviations from this standard practice must be supported in the application."]
[2,"The applicant must provide an explanation of material variances in evidence."]
[]
["General","Applicants must provide a breakdown of depreciation and amortization expense in the above format for all relevant accounts.  Asset Retirement Obligations (AROs), depreciation and accretion expense should be disclosed separately consistent with the Notes of historical Audited Financial Statements."]

{"sheet":"App.2-CH_NewCGAAP_DepExp_2013","index":23,"n_rows":66,"n_cols":15,"rows_kept":66,"cut":false,"hidden":true,"merged":[[8,0,8,14],[9,0,9,14],[14,0,15,0],[14,1,15,1],[14,10,15,10],[14,13,15,13],[10,0,10,14],[65,1,66,14],[58,1,58,14],[59,1,59,14],[60,1,60,14],[61,1,61,14],[62,1,62,14],[63,1,63,14]]}
[null,null,null,null,null,null,null,null,null,null,null,null,null,"File Number:",{"$f":"EBNUMBER","v":"EB-2014-0105"}]
[null,null,null,null,null,null,null,null,null,null,null,null,null,"Exhibit:"]
[null,null,null,null,null,null,null,null,null,null,null,null,null,"Tab:"]
[null,null,null,null,null,null,null,null,null,null,null,null,null,"Schedule:"]
[null,null,null,null,null,null,null,null,null,null,null,null,null,"Page:"]
[]
[null,null,null,null,null,null,null,null,null,null,null,null,null,"Date:"]
[]
["Appendix 2-CH"]
["Depreciation and Amortization Expense"]
["Assumes the applicant made capitalization and depreciation expense accounting policy changes under CGAAP effective January 1, 2013 and has adopted IFRS for financial reporting purposes effective January 1, 2015."]
[]
[null,null,"Year",2013,"Revised CGAAP "]
[]
["Account","Description","Opening NBV as at Jan 1, 2013 5","Additions","Average Remaining Life of Opening NBV 4","Years (new additions only) 3","Depreciation Rate on New Additions","Depreciation Expense on Opening NBV","Depreciation Expense on Additions 1","2013 Depreciation Expense","2013 Depreciation Expense per Appendix 2-BA Fixed Assets, Column J\n (l)","Variance 2","Depreciation Expense on 2013 Full Year Additions","Less Depreciation Expense on Assets Fully Depreciated during the year\n(o)","2013 Full Year Depreciation 6"]
[null,null,"(a)","(d)","(i)","(f)","(g) = 1 / (f)","(j) = (a) / (i)","(h)=((d)*0.5)/(f) ","(k) = (j) + (h)",null,"(m) = (k) - (l)","(n) = (d)/(f) ",null,"(p) = (j) + (n) - (o)"]
[1611,"Computer Software (Formally known as Account 1925)",null,null,null,null,{"$f":"IF(F17=0,0,1/F17)","v":0},{"$f":"IF(E17=0,0,+C17/E17)","v":0},{"$f":"IF(F17=0,0,+(D17*0.5)/F17)","v":0},{"$f":"IF(ISERROR(+H17+I17), 0, +H17+I17)","v":0},null,{"$f":"IF(ISERROR(+J17-K17), 0, +J17-K17)","v":0},{"$f":"IF(F17=0,0,+(D17)/F17)","v":0},null,{"$f":"IF(ISERROR(+M17+H17-N17), 0, +M17+H17-N17)","v":0}]
[1612,"Land Rights (Formally known as Account 1906)",null,null,null,null,0,0,0,0,null,0,0,null,{"$f":"IF(ISERROR(+M18+H18-N18), 0, +M18+H18-N18)","v":0}]
[1805,"Land",null,null,null,null,0,0,0,0,null,0,0,null,0]
[1808,"Buildings",null,null,null,null,0,0,0,0,null,0,0,null,0]
[1810,"Leasehold Improvements",null,null,null,null,0,0,0,0,null,0,0,null,0]
[1815,"Transformer Station Equipment >50 kV",null,null,null,null,0,0,0,0,null,0,0,null,0]
[1820,"Distribution Station Equipment <50 kV",null,null,null,null,0,0,0,0,null,0,0,null,0]
[1825,"Storage Battery Equipment",null,null,null,null,0,0,0,0,null,0,0,null,0]
[1830,"Poles, Towers & Fixtures",null,null,null,null,0,0,0,0,null,0,0,null,0]
[1835,"Overhead Conductors & Devices",null,null,null,null,0,0,0,0,null,0,0,null,0]
[1840,"Underground Conduit",null,null,null,null,0,0,0,0,null,0,0,null,0]
[1845,"Underground Conductors & Devices",null,null,null,null,0,0,0,0,null,0,0,null,0]
[1850,"Line Transformers",null,null,null,null,0,0,0,0,null,0,0,null,0]
[1855,"Services (Overhead & Underground)",null,null,null,null,0,0,0,0,null,0,0,null,0]
[1860,"Meters",null,null,null,null,0,0,0,0,null,0,0,null,0]
[1860,"Meters (Smart Meters)",null,null,null,null,0,0,0,0,null,0,0,null,0]
[1905,"Land",null,null,null,null,0,0,0,0,null,0,0,null,0]
[1908,"Buildings & Fixtures",null,null,null,null,0,0,0,0,null,0,0,null,0]
[1910,"Leasehold Improvements",null,null,null,null,0,0,0,0,null,0,0,null,0]
[1915,"Office Furniture & Equipment (10 years)",null,null,null,null,0,0,0,0,null,0,0,null,0]
[1915,"Office Furniture & Equipment (5 years)",null,null,null,null,0,0,0,0,null,0,0,null,0]
[1920,"Computer Equipment - Hardware",null,null,null,null,0,0,0,0,null,0,0,null,0]
[1920,"Computer Equip.-Hardware(Post Mar. 22/04)",null,null,null,null,0,0,0,0,null,0,0,null,0]
[1920,"Computer Equip.-Hardware(Post Mar. 19/07)",null,null,null,null,0,0,0,0,null,0,0,null,0]
[1930,"Transportation Equipment",null,null,null,null,0,0,0,0,null,0,0,null,0]
[1935,"Stores Equipment",null,null,null,null,0,0,0,0,null,0,0,null,0]
[1940,"Tools, Shop & Garage Equipment",null,null,null,null,0,0,0,0,null,0,0,null,0]
[1945,"Measurement & Testing Equipment",null,null,null,null,0,0,0,0,null,0,0,null,0]
[1950,"Power Operated Equipment",null,null,null,null,0,0,0,0,null,0,0,null,0]
[1955,"Communications Equipment",null,null,null,null,0,0,0,0,null,0,0,null,0]
[1955,"Communication Equipment (Smart Meters)",null,null,null,null,0,0,0,0,null,0,0,null,0]
[1960,"Miscellaneous Equipment ",null,null,null,null,0,0,0,0,null,0,0,null,0]
[1970,"Load Management Controls - Customer Premises",null,null,null,null,0,0,0,0,null,0,0,null,0]
[1975,"Load Management Controls Utility Premises",null,null,null,null,0,0,0,0,null,0,0,null,0]
[1980,"System Supervisor Equipment",null,null,null,null,0,0,0,0,null,0,0,null,0]
[1985,"Miscellaneous Fixed Assets",null,null,null,null,0,0,0,0,null,0,0,null,0]
[1990,"Other Tangible Property",null,null,null,null,0,0,0,0,null,0,0,null,0]
[1995,"Contributions & Grants",null,null,null,null,0,0,0,0,null,0,0,null,0]
[null,"Total",{"$f":"SUM(C17:C54)","v":0},{"$f":"SUM(D17:D54)","v":0},null,null,null,{"$f":"SUM(H17:H54)","v":0},0,0,0,0,0,0,0]
[]
["Notes:"]
[]
[1,"Board policy of the \"half-year\" rule - the applicant must ensure that additions in the year attract a half-year depreciation expense in the first year.  Deviations from this standard practice must be supported in the application."]
[2,"The applicant must provide an explanation of material variances in evidence."]
[3,"The applicant should ensure that the years for new additions of assets are the asset useful lives determined by management in accordance with the Board's regulatory accounting policies.   The capitalization and depreciation expense accounting changes should be implemented consistent with the Board’s regulatory accounting policies as set out for MIFRS as contained in the Report of the Board, Transition to International Financial Reporting Standards, EB-2008-0408, the Kinectrics Report, and the Revised 2012 Accounting Procedures Handbook for Electricity Distributors."]
[4,"A recalculation should be performed to determine the average remaining life of opening balance of assets (i.e. excluding 2013 additions) under the change in policies under CGAAP.  For example, Asset A had a useful life of 20 years under CGAAP without the change in policies.  On January 1, 2013, the effective date of the changes in policies, Asset A was 3 years depreciated. As a result, Asset A would have a remaining service life of 17 years (20 years less 3 years) as of January 1, 2013.  Due to making the change in policies under CGAAP, management re-assessed the asset useful lives and concluded that the revised useful life of Asset A is now 30 years. Therefore, the average remaining useful life of the opening balance of Asset A is determined to be 27 years (30 years less 3 years) under the revised CGAAP as of January 1, 2013."]
[5," NBV must exclude assets still on the books but which have been fully amortized or depreciated."]
[6,"This column refers to the calculated full year depreciation but excludes the depreciation expense on assets fully depreciated during the year.  This column is used for the purpose of calculating depreciation expense in the following year on the next worksheet."]
[]
["General:","Applicants must provide a breakdown of depreciation and amortization expense in the above format for all relevant accounts.  Asset Retirement Obligations (AROs), depreciation and accretion expense should be disclosed separately consistent with the Notes of historical Audited Financial Statements."]

{"sheet":"App.2-CI_MIFRS_DepExp_2014","index":24,"n_rows":64,"n_cols":11,"rows_kept":64,"cut":false,"hidden":true,"merged":[[59,1,59,10],[60,1,60,10],[61,1,61,10],[63,1,64,10],[8,0,8,10],[9,0,9,10],[14,0,15,0],[14,1,15,1],[14,6,15,6],[14,9,15,9],[10,0,10,10],[56,1,56,4]]}
[null,null,null,null,null,null,null,null,null,"File Number:",{"$f":"EBNUMBER","v":"EB-2014-0105"}]
[null,null,null,null,null,null,null,null,null,"Exhibit:"]
[null,null,null,null,null,null,null,null,null,"Tab:"]
[null,null,null,null,null,null,null,null,null,"Schedule:"]
[null,null,null,null,null,null,null,null,null,"Page:"]
[]
[null,null,null,null,null,null,null,null,null,"Date:"]
[]
["Appendix 2-CI"]
["Depreciation and Amortization Expense"]
["Assumes the applicant made capitalization and depreciation expense accounting policy changes under CGAAP effective January 1, 2013 and has adopted IFRS for financial reporting purposes effective January 1, 2015."]
[]
[null,null,null,null,2014,"MIFRS"]
[]
["Account","Description","Additions","Years (new additions only)","Depreciation Rate on New Additions","2014 Depreciation Expense 1","2014 Depreciation Expense per Apppendix 2-BA Fixed Assets, Column J\n (l)","Variance 2","Depreciation Expense on 2014 Full Year Additions","Less Depreciation Expense on Assets Fully Depreciated during the year\n(o)","2014 Full Year Depreciation 3"]
[null,null,"(d)","(f)","(g) = 1 / (f)","(h)=2013 Full Year Deprecation + ((d)*0.5)/(f) ",null,"(m) = (h) - (l)","(n)=((d))/(f) ",null,"(p) = 2013 Full Year Depreciation  + (n) - (o)"]
[1611,"Computer Software (Formally known as Account 1925)",null,null,{"$f":"IF(D17=0,0,1/D17)","v":0},{"$f":"IF(D17=0,+'App.2-CH_NewCGAAP_DepExp_2013'!O17,+'App.2-CH_NewCGAAP_DepExp_2013'!O17+((C17*0.5)/D17))","v":0},null,{"$f":"IF(ISERROR(+F17-G17), 0, +F17-G17)","v":0},{"$f":"IF(D17=0,0,+(C17)/D17)","v":0},null,{"$f":"IF(ISERROR(+I17+'App.2-CH_NewCGAAP_DepExp_2013'!O17-J17), 0, +I17+'App.2-CH_NewCGAAP_DepExp_2013'!O17-J17)","v":0}]
[1612,"Land Rights (Formally known as Account 1906)",null,null,0,{"$f":"IF(D18=0,+'App.2-CH_NewCGAAP_DepExp_2013'!O18,+'App.2-CH_NewCGAAP_DepExp_2013'!O18+((C18*0.5)/D18))","v":0},null,0,0,null,{"$f":"IF(ISERROR(+I18+'App.2-CH_NewCGAAP_DepExp_2013'!O18-J18), 0, +I18+'App.2-CH_NewCGAAP_DepExp_2013'!O18-J18)","v":0}]
[1805,"Land",null,null,0,{"$f":"IF(D19=0,+'App.2-CH_NewCGAAP_DepExp_2013'!O19,+'App.2-CH_NewCGAAP_DepExp_2013'!O19+((C19*0.5)/D19))","v":0},null,0,0,null,{"$f":"IF(ISERROR(+I19+'App.2-CH_NewCGAAP_DepExp_2013'!O19-J19), 0, +I19+'App.2-CH_NewCGAAP_DepExp_2013'!O19-J19)","v":0}]
[1808,"Buildings",null,null,0,{"$f":"IF(D20=0,+'App.2-CH_NewCGAAP_DepExp_2013'!O20,+'App.2-CH_NewCGAAP_DepExp_2013'!O20+((C20*0.5)/D20))","v":0},null,0,0,null,{"$f":"IF(ISERROR(+I20+'App.2-CH_NewCGAAP_DepExp_2013'!O20-J20), 0, +I20+'App.2-CH_NewCGAAP_DepExp_2013'!O20-J20)","v":0}]
[1810,"Leasehold Improvements",null,null,0,{"$f":"IF(D21=0,+'App.2-CH_NewCGAAP_DepExp_2013'!O21,+'App.2-CH_NewCGAAP_DepExp_2013'!O21+((C21*0.5)/D21))","v":0},null,0,0,null,{"$f":"IF(ISERROR(+I21+'App.2-CH_NewCGAAP_DepExp_2013'!O21-J21), 0, +I21+'App.2-CH_NewCGAAP_DepExp_2013'!O21-J21)","v":0}]
[1815,"Transformer Station Equipment >50 kV",null,null,0,{"$f":"IF(D22=0,+'App.2-CH_NewCGAAP_DepExp_2013'!O22,+'App.2-CH_NewCGAAP_DepExp_2013'!O22+((C22*0.5)/D22))","v":0},null,0,0,null,{"$f":"IF(ISERROR(+I22+'App.2-CH_NewCGAAP_DepExp_2013'!O22-J22), 0, +I22+'App.2-CH_NewCGAAP_DepExp_2013'!O22-J22)","v":0}]
[1820,"Distribution Station Equipment <50 kV",null,null,0,{"$f":"IF(D23=0,+'App.2-CH_NewCGAAP_DepExp_2013'!O23,+'App.2-CH_NewCGAAP_DepExp_2013'!O23+((C23*0.5)/D23))","v":0},null,0,0,null,{"$f":"IF(ISERROR(+I23+'App.2-CH_NewCGAAP_DepExp_2013'!O23-J23), 0, +I23+'App.2-CH_NewCGAAP_DepExp_2013'!O23-J23)","v":0}]
[1825,"Storage Battery Equipment",null,null,0,{"$f":"IF(D24=0,+'App.2-CH_NewCGAAP_DepExp_2013'!O24,+'App.2-CH_NewCGAAP_DepExp_2013'!O24+((C24*0.5)/D24))","v":0},null,0,0,null,{"$f":"IF(ISERROR(+I24+'App.2-CH_NewCGAAP_DepExp_2013'!O24-J24), 0, +I24+'App.2-CH_NewCGAAP_DepExp_2013'!O24-J24)","v":0}]
[1830,"Poles, Towers & Fixtures",null,null,0,{"$f":"IF(D25=0,+'App.2-CH_NewCGAAP_DepExp_2013'!O25,+'App.2-CH_NewCGAAP_DepExp_2013'!O25+((C25*0.5)/D25))","v":0},null,0,0,null,{"$f":"IF(ISERROR(+I25+'App.2-CH_NewCGAAP_DepExp_2013'!O25-J25), 0, +I25+'App.2-CH_NewCGAAP_DepExp_2013'!O25-J25)","v":0}]
[1835,"Overhead Conductors & Devices",null,null,0,{"$f":"IF(D26=0,+'App.2-CH_NewCGAAP_DepExp_2013'!O26,+'App.2-CH_NewCGAAP_DepExp_2013'!O26+((C26*0.5)/D26))","v":0},null,0,0,null,{"$f":"IF(ISERROR(+I26+'App.2-CH_NewCGAAP_DepExp_2013'!O26-J26), 0, +I26+'App.2-CH_NewCGAAP_DepExp_2013'!O26-J26)","v":0}]
[1840,"Underground Conduit",null,null,0,{"$f":"IF(D27=0,+'App.2-CH_NewCGAAP_DepExp_2013'!O27,+'App.2-CH_NewCGAAP_DepExp_2013'!O27+((C27*0.5)/D27))","v":0},null,0,0,null,{"$f":"IF(ISERROR(+I27+'App.2-CH_NewCGAAP_DepExp_2013'!O27-J27), 0, +I27+'App.2-CH_NewCGAAP_DepExp_2013'!O27-J27)","v":0}]
[1845,"Underground Conductors & Devices",null,null,0,{"$f":"IF(D28=0,+'App.2-CH_NewCGAAP_DepExp_2013'!O28,+'App.2-CH_NewCGAAP_DepExp_2013'!O28+((C28*0.5)/D28))","v":0},null,0,0,null,{"$f":"IF(ISERROR(+I28+'App.2-CH_NewCGAAP_DepExp_2013'!O28-J28), 0, +I28+'App.2-CH_NewCGAAP_DepExp_2013'!O28-J28)","v":0}]
[1850,"Line Transformers",null,null,0,{"$f":"IF(D29=0,+'App.2-CH_NewCGAAP_DepExp_2013'!O29,+'App.2-CH_NewCGAAP_DepExp_2013'!O29+((C29*0.5)/D29))","v":0},null,0,0,null,{"$f":"IF(ISERROR(+I29+'App.2-CH_NewCGAAP_DepExp_2013'!O29-J29), 0, +I29+'App.2-CH_NewCGAAP_DepExp_2013'!O29-J29)","v":0}]
[1855,"Services (Overhead & Underground)",null,null,0,{"$f":"IF(D30=0,+'App.2-CH_NewCGAAP_DepExp_2013'!O30,+'App.2-CH_NewCGAAP_DepExp_2013'!O30+((C30*0.5)/D30))","v":0},null,0,0,null,{"$f":"IF(ISERROR(+I30+'App.2-CH_NewCGAAP_DepExp_2013'!O30-J30), 0, +I30+'App.2-CH_NewCGAAP_DepExp_2013'!O30-J30)","v":0}]
[1860,"Meters",null,null,0,{"$f":"IF(D31=0,+'App.2-CH_NewCGAAP_DepExp_2013'!O31,+'App.2-CH_NewCGAAP_DepExp_2013'!O31+((C31*0.5)/D31))","v":0},null,0,0,null,{"$f":"IF(ISERROR(+I31+'App.2-CH_NewCGAAP_DepExp_2013'!O31-J31), 0, +I31+'App.2-CH_NewCGAAP_DepExp_2013'!O31-J31)","v":0}]
[1860,"Meters (Smart Meters)",null,null,0,{"$f":"IF(D32=0,+'App.2-CH_NewCGAAP_DepExp_2013'!O32,+'App.2-CH_NewCGAAP_DepExp_2013'!O32+((C32*0.5)/D32))","v":0},null,0,0,null,{"$f":"IF(ISERROR(+I32+'App.2-CH_NewCGAAP_DepExp_2013'!O32-J32), 0, +I32+'App.2-CH_NewCGAAP_DepExp_2013'!O32-J32)","v":0}]
[1905,"Land",null,null,0,{"$f":"IF(D33=0,+'App.2-CH_NewCGAAP_DepExp_2013'!O33,+'App.2-CH_NewCGAAP_DepExp_2013'!O33+((C33*0.5)/D33))","v":0},null,0,0,null,{"$f":"IF(ISERROR(+I33+'App.2-CH_NewCGAAP_DepExp_2013'!O33-J33), 0, +I33+'App.2-CH_NewCGAAP_DepExp_2013'!O33-J33)","v":0}]
[1908,"Buildings & Fixtures",null,null,0,{"$f":"IF(D34=0,+'App.2-CH_NewCGAAP_DepExp_2013'!O34,+'App.2-CH_NewCGAAP_DepExp_2013'!O34+((C34*0.5)/D34))","v":0},null,0,0,null,{"$f":"IF(ISERROR(+I34+'App.2-CH_NewCGAAP_DepExp_2013'!O34-J34), 0, +I34+'App.2-CH_NewCGAAP_DepExp_2013'!O34-J34)","v":0}]
[1910,"Leasehold Improvements",null,null,0,{"$f":"IF(D35=0,+'App.2-CH_NewCGAAP_DepExp_2013'!O35,+'App.2-CH_NewCGAAP_DepExp_2013'!O35+((C35*0.5)/D35))","v":0},null,0,0,null,{"$f":"IF(ISERROR(+I35+'App.2-CH_NewCGAAP_DepExp_2013'!O35-J35), 0, +I35+'App.2-CH_NewCGAAP_DepExp_2013'!O35-J35)","v":0}]
[1915,"Office Furniture & Equipment (10 years)",null,null,0,{"$f":"IF(D36=0,+'App.2-CH_NewCGAAP_DepExp_2013'!O36,+'App.2-CH_NewCGAAP_DepExp_2013'!O36+((C36*0.5)/D36))","v":0},null,0,0,null,{"$f":"IF(ISERROR(+I36+'App.2-CH_NewCGAAP_DepExp_2013'!O36-J36), 0, +I36+'App.2-CH_NewCGAAP_DepExp_2013'!O36-J36)","v":0}]
[1915,"Office Furniture & Equipment (5 years)",null,null,0,{"$f":"IF(D37=0,+'App.2-CH_NewCGAAP_DepExp_2013'!O37,+'App.2-CH_NewCGAAP_DepExp_2013'!O37+((C37*0.5)/D37))","v":0},null,0,0,null,{"$f":"IF(ISERROR(+I37+'App.2-CH_NewCGAAP_DepExp_2013'!O37-J37), 0, +I37+'App.2-CH_NewCGAAP_DepExp_2013'!O37-J37)","v":0}]
[1920,"Computer Equipment - Hardware",null,null,0,{"$f":"IF(D38=0,+'App.2-CH_NewCGAAP_DepExp_2013'!O38,+'App.2-CH_NewCGAAP_DepExp_2013'!O38+((C38*0.5)/D38))","v":0},null,0,0,null,{"$f":"IF(ISERROR(+I38+'App.2-CH_NewCGAAP_DepExp_2013'!O38-J38), 0, +I38+'App.2-CH_NewCGAAP_DepExp_2013'!O38-J38)","v":0}]
[1920,"Computer Equip.-Hardware(Post Mar. 22/04)",null,null,0,{"$f":"IF(D39=0,+'App.2-CH_NewCGAAP_DepExp_2013'!O39,+'App.2-CH_NewCGAAP_DepExp_2013'!O39+((C39*0.5)/D39))","v":0},null,0,0,null,{"$f":"IF(ISERROR(+I39+'App.2-CH_NewCGAAP_DepExp_2013'!O39-J39), 0, +I39+'App.2-CH_NewCGAAP_DepExp_2013'!O39-J39)","v":0}]
[1920,"Computer Equip.-Hardware(Post Mar. 19/07)",null,null,0,{"$f":"IF(D40=0,+'App.2-CH_NewCGAAP_DepExp_2013'!O40,+'App.2-CH_NewCGAAP_DepExp_2013'!O40+((C40*0.5)/D40))","v":0},null,0,0,null,{"$f":"IF(ISERROR(+I40+'App.2-CH_NewCGAAP_DepExp_2013'!O40-J40), 0, +I40+'App.2-CH_NewCGAAP_DepExp_2013'!O40-J40)","v":0}]
[1930,"Transportation Equipment",null,null,0,{"$f":"IF(D41=0,+'App.2-CH_NewCGAAP_DepExp_2013'!O41,+'App.2-CH_NewCGAAP_DepExp_2013'!O41+((C41*0.5)/D41))","v":0},null,0,0,null,{"$f":"IF(ISERROR(+I41+'App.2-CH_NewCGAAP_DepExp_2013'!O41-J41), 0, +I41+'App.2-CH_NewCGAAP_DepExp_2013'!O41-J41)","v":0}]
[1935,"Stores Equipment",null,null,0,{"$f":"IF(D42=0,+'App.2-CH_NewCGAAP_DepExp_2013'!O42,+'App.2-CH_NewCGAAP_DepExp_2013'!O42+((C42*0.5)/D42))","v":0},null,0,0,null,{"$f":"IF(ISERROR(+I42+'App.2-CH_NewCGAAP_DepExp_2013'!O42-J42), 0, +I42+'App.2-CH_NewCGAAP_DepExp_2013'!O42-J42)","v":0}]
[1940,"Tools, Shop & Garage Equipment",null,null,0,{"$f":"IF(D43=0,+'App.2-CH_NewCGAAP_DepExp_2013'!O43,+'App.2-CH_NewCGAAP_DepExp_2013'!O43+((C43*0.5)/D43))","v":0},null,0,0,null,{"$f":"IF(ISERROR(+I43+'App.2-CH_NewCGAAP_DepExp_2013'!O43-J43), 0, +I43+'App.2-CH_NewCGAAP_DepExp_2013'!O43-J43)","v":0}]
[1945,"Measurement & Testing Equipment",null,null,0,{"$f":"IF(D44=0,+'App.2-CH_NewCGAAP_DepExp_2013'!O44,+'App.2-CH_NewCGAAP_DepExp_2013'!O44+((C44*0.5)/D44))","v":0},null,0,0,null,{"$f":"IF(ISERROR(+I44+'App.2-CH_NewCGAAP_DepExp_2013'!O44-J44), 0, +I44+'App.2-CH_NewCGAAP_DepExp_2013'!O44-J44)","v":0}]
[1950,"Power Operated Equipment",null,null,0,{"$f":"IF(D45=0,+'App.2-CH_NewCGAAP_DepExp_2013'!O45,+'App.2-CH_NewCGAAP_DepExp_2013'!O45+((C45*0.5)/D45))","v":0},null,0,0,null,{"$f":"IF(ISERROR(+I45+'App.2-CH_NewCGAAP_DepExp_2013'!O45-J45), 0, +I45+'App.2-CH_NewCGAAP_DepExp_2013'!O45-J45)","v":0}]
[1955,"Communications Equipment",null,null,0,{"$f":"IF(D46=0,+'App.2-CH_NewCGAAP_DepExp_2013'!O46,+'App.2-CH_NewCGAAP_DepExp_2013'!O46+((C46*0.5)/D46))","v":0},null,0,0,null,{"$f":"IF(ISERROR(+I46+'App.2-CH_NewCGAAP_DepExp_2013'!O46-J46), 0, +I46+'App.2-CH_NewCGAAP_DepExp_2013'!O46-J46)","v":0}]
[1955,"Communication Equipment (Smart Meters)",null,null,0,{"$f":"IF(D47=0,+'App.2-CH_NewCGAAP_DepExp_2013'!O47,+'App.2-CH_NewCGAAP_DepExp_2013'!O47+((C47*0.5)/D47))","v":0},null,0,0,null,{"$f":"IF(ISERROR(+I47+'App.2-CH_NewCGAAP_DepExp_2013'!O47-J47), 0, +I47+'App.2-CH_NewCGAAP_DepExp_2013'!O47-J47)","v":0}]
[1960,"Miscellaneous Equipment ",null,null,0,{"$f":"IF(D48=0,+'App.2-CH_NewCGAAP_DepExp_2013'!O48,+'App.2-CH_NewCGAAP_DepExp_2013'!O48+((C48*0.5)/D48))","v":0},null,0,0,null,{"$f":"IF(ISERROR(+I48+'App.2-CH_NewCGAAP_DepExp_2013'!O48-J48), 0, +I48+'App.2-CH_NewCGAAP_DepExp_2013'!O48-J48)","v":0}]
[1970,"Load Management Controls - Customer Premises",null,null,0,{"$f":"IF(D49=0,+'App.2-CH_NewCGAAP_DepExp_2013'!O49,+'App.2-CH_NewCGAAP_DepExp_2013'!O49+((C49*0.5)/D49))","v":0},null,0,0,null,{"$f":"IF(ISERROR(+I49+'App.2-CH_NewCGAAP_DepExp_2013'!O49-J49), 0, +I49+'App.2-CH_NewCGAAP_DepExp_2013'!O49-J49)","v":0}]
[1975,"Load Management Controls Utility Premises",null,null,0,{"$f":"IF(D50=0,+'App.2-CH_NewCGAAP_DepExp_2013'!O50,+'App.2-CH_NewCGAAP_DepExp_2013'!O50+((C50*0.5)/D50))","v":0},null,0,0,null,{"$f":"IF(ISERROR(+I50+'App.2-CH_NewCGAAP_DepExp_2013'!O50-J50), 0, +I50+'App.2-CH_NewCGAAP_DepExp_2013'!O50-J50)","v":0}]
[1980,"System Supervisor Equipment",null,null,0,{"$f":"IF(D51=0,+'App.2-CH_NewCGAAP_DepExp_2013'!O51,+'App.2-CH_NewCGAAP_DepExp_2013'!O51+((C51*0.5)/D51))","v":0},null,0,0,null,{"$f":"IF(ISERROR(+I51+'App.2-CH_NewCGAAP_DepExp_2013'!O51-J51), 0, +I51+'App.2-CH_NewCGAAP_DepExp_2013'!O51-J51)","v":0}]
[1985,"Miscellaneous Fixed Assets",null,null,0,{"$f":"IF(D52=0,+'App.2-CH_NewCGAAP_DepExp_2013'!O52,+'App.2-CH_NewCGAAP_DepExp_2013'!O52+((C52*0.5)/D52))","v":0},null,0,0,null,{"$f":"IF(ISERROR(+I52+'App.2-CH_NewCGAAP_DepExp_2013'!O52-J52), 0, +I52+'App.2-CH_NewCGAAP_DepExp_2013'!O52-J52)","v":0}]
[1990,"Other Tangible Property",null,null,0,{"$f":"IF(D53=0,+'App.2-CH_NewCGAAP_DepExp_2013'!O53,+'App.2-CH_NewCGAAP_DepExp_2013'!O53+((C53*0.5)/D53))","v":0},null,0,0,null,{"$f":"IF(ISERROR(+I53+'App.2-CH_NewCGAAP_DepExp_2013'!O53-J53), 0, +I53+'App.2-CH_NewCGAAP_DepExp_2013'!O53-J53)","v":0}]
[1995,"Contributions & Grants",null,null,{"$f":"IF(D54=0,0,1/D54)","v":0},{"$f":"IF(D54=0,+'App.2-CH_NewCGAAP_DepExp_2013'!O54,+'App.2-CH_NewCGAAP_DepExp_2013'!O54+((C54*0.5)/D54))","v":0},null,0,0,null,{"$f":"IF(ISERROR(+I54+'App.2-CH_NewCGAAP_DepExp_2013'!O54-J54), 0, +I54+'App.2-CH_NewCGAAP_DepExp_2013'!O54-J54)","v":0}]
[null,"Total",{"$f":"SUM(C17:C54)","v":0},null,null,{"$f":"SUM(F17:F54)","v":0},0,0,0,0,0]
[null,"Depreciation exp. adj. from gain or loss on the retirement of assets (pool of like assets)"]
[null,"Total Depreciation Expense",null,null,null,{"$f":"SUM(F55:F56)","v":0}]
[]
["Notes:"]
[1,"Board policy of the \"half-year\" rule - the applicant must ensure that additions in the year attract a half-year depreciation expense in the first year.  Deviations from this standard practice must be supported in the application."]
[2,"The applicant must provide an explanation of material variances in evidence."]
[3,"This column refers to the calculated full year depreciation but excludes the depreciation expense on assets fully depreciated during the year.  This column is used for the purpose of calculating depreciation expense in the following year on the next worksheet."]
[]
["General:","Applicants must provide a breakdown of depreciation and amortization expense in the above format for all relevant accounts.  Asset Retirement Obligations (AROs), depreciation and accretion expense should be disclosed separately consistent with the Notes of historical Audited Financial Statements."]

{"sheet":"App.2-CJ MIFRS_DepExp_2015","index":25,"n_rows":64,"n_cols":11,"rows_kept":64,"cut":false,"hidden":true,"merged":[[8,0,8,7],[63,1,64,7],[58,1,58,7],[59,1,59,8],[56,1,56,4],[60,1,60,10],[14,9,15,9],[10,0,10,7],[9,0,9,8],[14,1,15,1],[14,6,15,6]]}
[null,null,null,null,null,null,"File Number:",{"$f":"EBNUMBER","v":"EB-2014-0105"}]
[null,null,null,null,null,null,"Exhibit:"]
[null,null,null,null,null,null,"Tab:"]
[null,null,null,null,null,null,"Schedule:"]
[null,null,null,null,null,null,"Page:"]
[]
[null,null,null,null,null,null,"Date:"]
[]
["Appendix 2-CJ"]
["Depreciation and Amortization Expense"]
["Assumes the applicant made capitalization and depreciation expense accounting policy changes under CGAAP effective January 1, 2013 and has adopted IFRS for financial reporting purposes effective January 1, 2015."]
[]
[null,null,null,2015,"MIFRS"]
[]
["Account","Description","Additions","Years (new additions only)","Depreciation Rate on New Additions","2015 Depreciation Expense 1","2015 Depreciation Expense per Appendix 2-BA Fixed Assets, Column J\n (l)","Variance 2","Depreciation Expense on 2015 Full Year Additions","Less Depreciation Expense on Assets Fully Depreciated during the year\n(o)","2015 Full Year Depreciation 3"]
[null,null,"(d)","(f)","(g) = 1 / (f)","(h)=2014 Full Year Depreciation + ((d)*0.5)/(f) ",null,"(m) = (h) - (l)","(n)=((d))/(f) ",null,"(p) = 2014 Full Year Depreciation  + (n) - (o)"]
[1611,"Computer Software (Formally known as Account 1925)",null,null,{"$f":"IF(D17=0,0,1/D17)","v":0},{"$f":"IF(D17=0,'App.2-CI_MIFRS_DepExp_2014'!K17,+'App.2-CI_MIFRS_DepExp_2014'!K17+((C17*0.5)/D17))","v":0},null,{"$f":"IF(ISERROR(+F17-G17), 0, +F17-G17)","v":0},{"$f":"IF(D17=0,0,+(C17)/D17)","v":0},null,{"$f":"IF(ISERROR(+I17+'App.2-CI_MIFRS_DepExp_2014'!K17-J17), 0, +I17+'App.2-CI_MIFRS_DepExp_2014'!K17-J17)","v":0}]
[1612,"Land Rights (Formally known as Account 1906)",null,null,0,{"$f":"IF(D18=0,'App.2-CI_MIFRS_DepExp_2014'!K18,+'App.2-CI_MIFRS_DepExp_2014'!K18+((C18*0.5)/D18))","v":0},null,0,{"$f":"IF(D18=0,0,+(C18)/D18)","v":0},null,{"$f":"IF(ISERROR(+I18+'App.2-CI_MIFRS_DepExp_2014'!K18-J18), 0, +I18+'App.2-CI_MIFRS_DepExp_2014'!K18-J18)","v":0}]
[1805,"Land",null,null,0,{"$f":"IF(D19=0,'App.2-CI_MIFRS_DepExp_2014'!K19,+'App.2-CI_MIFRS_DepExp_2014'!K19+((C19*0.5)/D19))","v":0},null,0,0,null,{"$f":"IF(ISERROR(+I19+'App.2-CI_MIFRS_DepExp_2014'!K19-J19), 0, +I19+'App.2-CI_MIFRS_DepExp_2014'!K19-J19)","v":0}]
[1808,"Buildings",null,null,0,{"$f":"IF(D20=0,'App.2-CI_MIFRS_DepExp_2014'!K20,+'App.2-CI_MIFRS_DepExp_2014'!K20+((C20*0.5)/D20))","v":0},null,0,0,null,{"$f":"IF(ISERROR(+I20+'App.2-CI_MIFRS_DepExp_2014'!K20-J20), 0, +I20+'App.2-CI_MIFRS_DepExp_2014'!K20-J20)","v":0}]
[1810,"Leasehold Improvements",null,null,0,{"$f":"IF(D21=0,'App.2-CI_MIFRS_DepExp_2014'!K21,+'App.2-CI_MIFRS_DepExp_2014'!K21+((C21*0.5)/D21))","v":0},null,0,0,null,{"$f":"IF(ISERROR(+I21+'App.2-CI_MIFRS_DepExp_2014'!K21-J21), 0, +I21+'App.2-CI_MIFRS_DepExp_2014'!K21-J21)","v":0}]
[1815,"Transformer Station Equipment >50 kV",null,null,0,{"$f":"IF(D22=0,'App.2-CI_MIFRS_DepExp_2014'!K22,+'App.2-CI_MIFRS_DepExp_2014'!K22+((C22*0.5)/D22))","v":0},null,0,0,null,{"$f":"IF(ISERROR(+I22+'App.2-CI_MIFRS_DepExp_2014'!K22-J22), 0, +I22+'App.2-CI_MIFRS_DepExp_2014'!K22-J22)","v":0}]
[1820,"Distribution Station Equipment <50 kV",null,null,0,{"$f":"IF(D23=0,'App.2-CI_MIFRS_DepExp_2014'!K23,+'App.2-CI_MIFRS_DepExp_2014'!K23+((C23*0.5)/D23))","v":0},null,0,0,null,{"$f":"IF(ISERROR(+I23+'App.2-CI_MIFRS_DepExp_2014'!K23-J23), 0, +I23+'App.2-CI_MIFRS_DepExp_2014'!K23-J23)","v":0}]
[1825,"Storage Battery Equipment",null,null,0,{"$f":"IF(D24=0,'App.2-CI_MIFRS_DepExp_2014'!K24,+'App.2-CI_MIFRS_DepExp_2014'!K24+((C24*0.5)/D24))","v":0},null,0,0,null,{"$f":"IF(ISERROR(+I24+'App.2-CI_MIFRS_DepExp_2014'!K24-J24), 0, +I24+'App.2-CI_MIFRS_DepExp_2014'!K24-J24)","v":0}]
[1830,"Poles, Towers & Fixtures",null,null,0,{"$f":"IF(D25=0,'App.2-CI_MIFRS_DepExp_2014'!K25,+'App.2-CI_MIFRS_DepExp_2014'!K25+((C25*0.5)/D25))","v":0},null,0,0,null,{"$f":"IF(ISERROR(+I25+'App.2-CI_MIFRS_DepExp_2014'!K25-J25), 0, +I25+'App.2-CI_MIFRS_DepExp_2014'!K25-J25)","v":0}]
[1835,"Overhead Conductors & Devices",null,null,0,{"$f":"IF(D26=0,'App.2-CI_MIFRS_DepExp_2014'!K26,+'App.2-CI_MIFRS_DepExp_2014'!K26+((C26*0.5)/D26))","v":0},null,0,0,null,{"$f":"IF(ISERROR(+I26+'App.2-CI_MIFRS_DepExp_2014'!K26-J26), 0, +I26+'App.2-CI_MIFRS_DepExp_2014'!K26-J26)","v":0}]
[1840,"Underground Conduit",null,null,0,{"$f":"IF(D27=0,'App.2-CI_MIFRS_DepExp_2014'!K27,+'App.2-CI_MIFRS_DepExp_2014'!K27+((C27*0.5)/D27))","v":0},null,0,0,null,{"$f":"IF(ISERROR(+I27+'App.2-CI_MIFRS_DepExp_2014'!K27-J27), 0, +I27+'App.2-CI_MIFRS_DepExp_2014'!K27-J27)","v":0}]
[1845,"Underground Conductors & Devices",null,null,0,{"$f":"IF(D28=0,'App.2-CI_MIFRS_DepExp_2014'!K28,+'App.2-CI_MIFRS_DepExp_2014'!K28+((C28*0.5)/D28))","v":0},null,0,0,null,{"$f":"IF(ISERROR(+I28+'App.2-CI_MIFRS_DepExp_2014'!K28-J28), 0, +I28+'App.2-CI_MIFRS_DepExp_2014'!K28-J28)","v":0}]
[1850,"Line Transformers",null,null,0,{"$f":"IF(D29=0,'App.2-CI_MIFRS_DepExp_2014'!K29,+'App.2-CI_MIFRS_DepExp_2014'!K29+((C29*0.5)/D29))","v":0},null,0,0,null,{"$f":"IF(ISERROR(+I29+'App.2-CI_MIFRS_DepExp_2014'!K29-J29), 0, +I29+'App.2-CI_MIFRS_DepExp_2014'!K29-J29)","v":0}]
[1855,"Services (Overhead & Underground)",null,null,0,{"$f":"IF(D30=0,'App.2-CI_MIFRS_DepExp_2014'!K30,+'App.2-CI_MIFRS_DepExp_2014'!K30+((C30*0.5)/D30))","v":0},null,0,0,null,{"$f":"IF(ISERROR(+I30+'App.2-CI_MIFRS_DepExp_2014'!K30-J30), 0, +I30+'App.2-CI_MIFRS_DepExp_2014'!K30-J30)","v":0}]
[1860,"Meters",null,null,0,{"$f":"IF(D31=0,'App.2-CI_MIFRS_DepExp_2014'!K31,+'App.2-CI_MIFRS_DepExp_2014'!K31+((C31*0.5)/D31))","v":0},null,0,0,null,{"$f":"IF(ISERROR(+I31+'App.2-CI_MIFRS_DepExp_2014'!K31-J31), 0, +I31+'App.2-CI_MIFRS_DepExp_2014'!K31-J31)","v":0}]
[1860,"Meters (Smart Meters)",null,null,0,{"$f":"IF(D32=0,'App.2-CI_MIFRS_DepExp_2014'!K32,+'App.2-CI_MIFRS_DepExp_2014'!K32+((C32*0.5)/D32))","v":0},null,0,0,null,{"$f":"IF(ISERROR(+I32+'App.2-CI_MIFRS_DepExp_2014'!K32-J32), 0, +I32+'App.2-CI_MIFRS_DepExp_2014'!K32-J32)","v":0}]
[1905,"Land",null,null,0,{"$f":"IF(D33=0,'App.2-CI_MIFRS_DepExp_2014'!K33,+'App.2-CI_MIFRS_DepExp_2014'!K33+((C33*0.5)/D33))","v":0},null,0,0,null,{"$f":"IF(ISERROR(+I33+'App.2-CI_MIFRS_DepExp_2014'!K33-J33), 0, +I33+'App.2-CI_MIFRS_DepExp_2014'!K33-J33)","v":0}]
[1908,"Buildings & Fixtures",null,null,0,{"$f":"IF(D34=0,'App.2-CI_MIFRS_DepExp_2014'!K34,+'App.2-CI_MIFRS_DepExp_2014'!K34+((C34*0.5)/D34))","v":0},null,0,0,null,{"$f":"IF(ISERROR(+I34+'App.2-CI_MIFRS_DepExp_2014'!K34-J34), 0, +I34+'App.2-CI_MIFRS_DepExp_2014'!K34-J34)","v":0}]
[1910,"Leasehold Improvements",null,null,0,{"$f":"IF(D35=0,'App.2-CI_MIFRS_DepExp_2014'!K35,+'App.2-CI_MIFRS_DepExp_2014'!K35+((C35*0.5)/D35))","v":0},null,0,0,null,{"$f":"IF(ISERROR(+I35+'App.2-CI_MIFRS_DepExp_2014'!K35-J35), 0, +I35+'App.2-CI_MIFRS_DepExp_2014'!K35-J35)","v":0}]
[1915,"Office Furniture & Equipment (10 years)",null,null,0,{"$f":"IF(D36=0,'App.2-CI_MIFRS_DepExp_2014'!K36,+'App.2-CI_MIFRS_DepExp_2014'!K36+((C36*0.5)/D36))","v":0},null,0,0,null,{"$f":"IF(ISERROR(+I36+'App.2-CI_MIFRS_DepExp_2014'!K36-J36), 0, +I36+'App.2-CI_MIFRS_DepExp_2014'!K36-J36)","v":0}]
[1915,"Office Furniture & Equipment (5 years)",null,null,0,{"$f":"IF(D37=0,'App.2-CI_MIFRS_DepExp_2014'!K37,+'App.2-CI_MIFRS_DepExp_2014'!K37+((C37*0.5)/D37))","v":0},null,0,0,null,{"$f":"IF(ISERROR(+I37+'App.2-CI_MIFRS_DepExp_2014'!K37-J37), 0, +I37+'App.2-CI_MIFRS_DepExp_2014'!K37-J37)","v":0}]
[1920,"Computer Equipment - Hardware",null,null,0,{"$f":"IF(D38=0,'App.2-CI_MIFRS_DepExp_2014'!K38,+'App.2-CI_MIFRS_DepExp_2014'!K38+((C38*0.5)/D38))","v":0},null,0,0,null,{"$f":"IF(ISERROR(+I38+'App.2-CI_MIFRS_DepExp_2014'!K38-J38), 0, +I38+'App.2-CI_MIFRS_DepExp_2014'!K38-J38)","v":0}]
[1920,"Computer Equip.-Hardware(Post Mar. 22/04)",null,null,0,{"$f":"IF(D39=0,'App.2-CI_MIFRS_DepExp_2014'!K39,+'App.2-CI_MIFRS_DepExp_2014'!K39+((C39*0.5)/D39))","v":0},null,0,0,null,{"$f":"IF(ISERROR(+I39+'App.2-CI_MIFRS_DepExp_2014'!K39-J39), 0, +I39+'App.2-CI_MIFRS_DepExp_2014'!K39-J39)","v":0}]
[1920,"Computer Equip.-Hardware(Post Mar. 19/07)",null,null,0,{"$f":"IF(D40=0,'App.2-CI_MIFRS_DepExp_2014'!K40,+'App.2-CI_MIFRS_DepExp_2014'!K40+((C40*0.5)/D40))","v":0},null,0,0,null,{"$f":"IF(ISERROR(+I40+'App.2-CI_MIFRS_DepExp_2014'!K40-J40), 0, +I40+'App.2-CI_MIFRS_DepExp_2014'!K40-J40)","v":0}]
[1930,"Transportation Equipment",null,null,0,{"$f":"IF(D41=0,'App.2-CI_MIFRS_DepExp_2014'!K41,+'App.2-CI_MIFRS_DepExp_2014'!K41+((C41*0.5)/D41))","v":0},null,0,0,null,{"$f":"IF(ISERROR(+I41+'App.2-CI_MIFRS_DepExp_2014'!K41-J41), 0, +I41+'App.2-CI_MIFRS_DepExp_2014'!K41-J41)","v":0}]
[1935,"Stores Equipment",null,null,0,{"$f":"IF(D42=0,'App.2-CI_MIFRS_DepExp_2014'!K42,+'App.2-CI_MIFRS_DepExp_2014'!K42+((C42*0.5)/D42))","v":0},null,0,0,null,{"$f":"IF(ISERROR(+I42+'App.2-CI_MIFRS_DepExp_2014'!K42-J42), 0, +I42+'App.2-CI_MIFRS_DepExp_2014'!K42-J42)","v":0}]
[1940,"Tools, Shop & Garage Equipment",null,null,0,{"$f":"IF(D43=0,'App.2-CI_MIFRS_DepExp_2014'!K43,+'App.2-CI_MIFRS_DepExp_2014'!K43+((C43*0.5)/D43))","v":0},null,0,0,null,{"$f":"IF(ISERROR(+I43+'App.2-CI_MIFRS_DepExp_2014'!K43-J43), 0, +I43+'App.2-CI_MIFRS_DepExp_2014'!K43-J43)","v":0}]
[1945,"Measurement & Testing Equipment",null,null,0,{"$f":"IF(D44=0,'App.2-CI_MIFRS_DepExp_2014'!K44,+'App.2-CI_MIFRS_DepExp_2014'!K44+((C44*0.5)/D44))","v":0},null,0,0,null,{"$f":"IF(ISERROR(+I44+'App.2-CI_MIFRS_DepExp_2014'!K44-J44), 0, +I44+'App.2-CI_MIFRS_DepExp_2014'!K44-J44)","v":0}]
[1950,"Power Operated Equipment",null,null,0,{"$f":"IF(D45=0,'App.2-CI_MIFRS_DepExp_2014'!K45,+'App.2-CI_MIFRS_DepExp_2014'!K45+((C45*0.5)/D45))","v":0},null,0,0,null,{"$f":"IF(ISERROR(+I45+'App.2-CI_MIFRS_DepExp_2014'!K45-J45), 0, +I45+'App.2-CI_MIFRS_DepExp_2014'!K45-J45)","v":0}]
[1955,"Communications Equipment",null,null,0,{"$f":"IF(D46=0,'App.2-CI_MIFRS_DepExp_2014'!K46,+'App.2-CI_MIFRS_DepExp_2014'!K46+((C46*0.5)/D46))","v":0},null,0,0,null,{"$f":"IF(ISERROR(+I46+'App.2-CI_MIFRS_DepExp_2014'!K46-J46), 0, +I46+'App.2-CI_MIFRS_DepExp_2014'!K46-J46)","v":0}]
[1955,"Communication Equipment (Smart Meters)",null,null,0,{"$f":"IF(D47=0,'App.2-CI_MIFRS_DepExp_2014'!K47,+'App.2-CI_MIFRS_DepExp_2014'!K47+((C47*0.5)/D47))","v":0},null,0,0,null,{"$f":"IF(ISERROR(+I47+'App.2-CI_MIFRS_DepExp_2014'!K47-J47), 0, +I47+'App.2-CI_MIFRS_DepExp_2014'!K47-J47)","v":0}]
[1960,"Miscellaneous Equipment ",null,null,0,{"$f":"IF(D48=0,'App.2-CI_MIFRS_DepExp_2014'!K48,+'App.2-CI_MIFRS_DepExp_2014'!K48+((C48*0.5)/D48))","v":0},null,0,0,null,{"$f":"IF(ISERROR(+I48+'App.2-CI_MIFRS_DepExp_2014'!K48-J48), 0, +I48+'App.2-CI_MIFRS_DepExp_2014'!K48-J48)","v":0}]
[1970,"Load Management Controls - Customer Premises",null,null,0,{"$f":"IF(D49=0,'App.2-CI_MIFRS_DepExp_2014'!K49,+'App.2-CI_MIFRS_DepExp_2014'!K49+((C49*0.5)/D49))","v":0},null,0,0,null,{"$f":"IF(ISERROR(+I49+'App.2-CI_MIFRS_DepExp_2014'!K49-J49), 0, +I49+'App.2-CI_MIFRS_DepExp_2014'!K49-J49)","v":0}]
[1975,"Load Management Controls Utility Premises",null,null,0,{"$f":"IF(D50=0,'App.2-CI_MIFRS_DepExp_2014'!K50,+'App.2-CI_MIFRS_DepExp_2014'!K50+((C50*0.5)/D50))","v":0},null,0,0,null,{"$f":"IF(ISERROR(+I50+'App.2-CI_MIFRS_DepExp_2014'!K50-J50), 0, +I50+'App.2-CI_MIFRS_DepExp_2014'!K50-J50)","v":0}]
[1980,"System Supervisor Equipment",null,null,0,{"$f":"IF(D51=0,'App.2-CI_MIFRS_DepExp_2014'!K51,+'App.2-CI_MIFRS_DepExp_2014'!K51+((C51*0.5)/D51))","v":0},null,0,0,null,{"$f":"IF(ISERROR(+I51+'App.2-CI_MIFRS_DepExp_2014'!K51-J51), 0, +I51+'App.2-CI_MIFRS_DepExp_2014'!K51-J51)","v":0}]
[1985,"Miscellaneous Fixed Assets",null,null,0,{"$f":"IF(D52=0,'App.2-CI_MIFRS_DepExp_2014'!K52,+'App.2-CI_MIFRS_DepExp_2014'!K52+((C52*0.5)/D52))","v":0},null,0,0,null,{"$f":"IF(ISERROR(+I52+'App.2-CI_MIFRS_DepExp_2014'!K52-J52), 0, +I52+'App.2-CI_MIFRS_DepExp_2014'!K52-J52)","v":0}]
[1990,"Other Tangible Property",null,null,0,{"$f":"IF(D53=0,'App.2-CI_MIFRS_DepExp_2014'!K53,+'App.2-CI_MIFRS_DepExp_2014'!K53+((C53*0.5)/D53))","v":0},null,0,0,null,{"$f":"IF(ISERROR(+I53+'App.2-CI_MIFRS_DepExp_2014'!K53-J53), 0, +I53+'App.2-CI_MIFRS_DepExp_2014'!K53-J53)","v":0}]
[1995,"Contributions & Grants",null,null,0,{"$f":"IF(D54=0,'App.2-CI_MIFRS_DepExp_2014'!K54,+'App.2-CI_MIFRS_DepExp_2014'!K54+((C54*0.5)/D54))","v":0},null,0,0,null,{"$f":"IF(ISERROR(+I54+'App.2-CI_MIFRS_DepExp_2014'!K54-J54), 0, +I54+'App.2-CI_MIFRS_DepExp_2014'!K54-J54)","v":0}]
[null,"Total",{"$f":"SUM(C17:C54)","v":0},null,null,{"$f":"SUM(F17:F54)","v":0},{"$f":"SUM(G17:G54)","v":0},{"$f":"SUM(H17:H54)","v":0},{"$f":"SUM(I17:I54)","v":0},0,{"$f":"SUM(K17:K54)","v":0}]
[null,"Depreciation exp. adj. from gain or loss on the retirement of assets (pool of like assets)"]
[null,"Total Depreciation expense to be included in the test year revenue requirement",null,null,null,{"$f":"SUM(F55:F56)","v":0}]
["Notes:"]
[1,"Board policy of the \"half-year\" rule - the applicant must ensure that additions in the year attract a half-year depreciation expense in the first year.  Deviations from this standard practice must be supported in the application."]
[2,"The applicant must provide an explanation of material variances in evidence."]
[3,"This column refers to the calculated full year depreciation but excludes the depreciation expense on assets fully depreciated during the year.  This column is used for the purpose of calculating depreciation expense in the following year on the next worksheet."]
[]
[]
["General:","Applicants must provide a breakdown of depreciation and amortization expense in the above format for all relevant accounts.  Asset Retirement Obligations (AROs), depreciation and accretion expense should be disclosed separately consistent with the Notes of historical Audited Financial Statements."]

{"sheet":"App.2-CK MIFRS_DepExp_2016","index":26,"n_rows":62,"n_cols":8,"rows_kept":62,"cut":false,"hidden":true,"merged":[[58,1,58,7],[59,1,59,8],[60,1,60,8],[61,1,62,7],[8,0,8,7],[9,0,9,8],[10,0,10,7],[14,1,15,1],[14,6,15,6],[56,1,56,4]]}
[null,null,null,null,null,null,"File Number:",{"$f":"EBNUMBER","v":"EB-2014-0105"}]
[null,null,null,null,null,null,"Exhibit:"]
[null,null,null,null,null,null,"Tab:"]
[null,null,null,null,null,null,"Schedule:"]
[null,null,null,null,null,null,"Page:"]
[]
[null,null,null,null,null,null,"Date:"]
[]
["Appendix 2-CK"]
["Depreciation and Amortization Expense"]
["Assumes the applicant made capitalization and depreciation expense accounting policy changes under CGAAP effective January 1, 2013 and has adopted IFRS for financial reporting purposes effective January 1, 2015."]
[]
[null,null,null,2016,"MIFRS"]
[]
["Account","Description","Additions","Years (new additions only)","Depreciation Rate on New Additions","2016 Depreciation Expense 1","2016 Depreciation Expense per Appendix 2-BA Fixed Assets, Column J\n (l)","Variance 2"]
[null,null,"(d)","(f)","(g) = 1 / (f)","(h)=2015 Full Year Depreciation + ((d)*0.5)/(f) ",null,"(m) = (h) - (l)"]
[1611,"Computer Software (Formally known as Account 1925)",null,null,{"$f":"IF(D17=0,0,1/D17)","v":0},{"$f":"IF(D17=0,'App.2-CJ MIFRS_DepExp_2015'!K17,+'App.2-CJ MIFRS_DepExp_2015'!K17+((C17*0.5)/D17))","v":0},null,{"$f":"IF(ISERROR(+F17-G17), 0, +F17-G17)","v":0}]
[1612,"Land Rights (Formally known as Account 1906)",null,null,0,{"$f":"IF(D18=0,'App.2-CJ MIFRS_DepExp_2015'!K18,+'App.2-CJ MIFRS_DepExp_2015'!K18+((C18*0.5)/D18))","v":0},null,0]
[1805,"Land",null,null,0,{"$f":"IF(D19=0,'App.2-CJ MIFRS_DepExp_2015'!K19,+'App.2-CJ MIFRS_DepExp_2015'!K19+((C19*0.5)/D19))","v":0},null,0]
[1808,"Buildings",null,null,0,{"$f":"IF(D20=0,'App.2-CJ MIFRS_DepExp_2015'!K20,+'App.2-CJ MIFRS_DepExp_2015'!K20+((C20*0.5)/D20))","v":0},null,0]
[1810,"Leasehold Improvements",null,null,0,{"$f":"IF(D21=0,'App.2-CJ MIFRS_DepExp_2015'!K21,+'App.2-CJ MIFRS_DepExp_2015'!K21+((C21*0.5)/D21))","v":0},null,0]
[1815,"Transformer Station Equipment >50 kV",null,null,0,{"$f":"IF(D22=0,'App.2-CJ MIFRS_DepExp_2015'!K22,+'App.2-CJ MIFRS_DepExp_2015'!K22+((C22*0.5)/D22))","v":0},null,0]
[1820,"Distribution Station Equipment <50 kV",null,null,0,{"$f":"IF(D23=0,'App.2-CJ MIFRS_DepExp_2015'!K23,+'App.2-CJ MIFRS_DepExp_2015'!K23+((C23*0.5)/D23))","v":0},null,0]
[1825,"Storage Battery Equipment",null,null,0,{"$f":"IF(D24=0,'App.2-CJ MIFRS_DepExp_2015'!K24,+'App.2-CJ MIFRS_DepExp_2015'!K24+((C24*0.5)/D24))","v":0},null,0]
[1830,"Poles, Towers & Fixtures",null,null,0,{"$f":"IF(D25=0,'App.2-CJ MIFRS_DepExp_2015'!K25,+'App.2-CJ MIFRS_DepExp_2015'!K25+((C25*0.5)/D25))","v":0},null,0]
[1835,"Overhead Conductors & Devices",null,null,0,{"$f":"IF(D26=0,'App.2-CJ MIFRS_DepExp_2015'!K26,+'App.2-CJ MIFRS_DepExp_2015'!K26+((C26*0.5)/D26))","v":0},null,0]
[1840,"Underground Conduit",null,null,0,{"$f":"IF(D27=0,'App.2-CJ MIFRS_DepExp_2015'!K27,+'App.2-CJ MIFRS_DepExp_2015'!K27+((C27*0.5)/D27))","v":0},null,0]
[1845,"Underground Conductors & Devices",null,null,0,{"$f":"IF(D28=0,'App.2-CJ MIFRS_DepExp_2015'!K28,+'App.2-CJ MIFRS_DepExp_2015'!K28+((C28*0.5)/D28))","v":0},null,0]
[1850,"Line Transformers",null,null,0,{"$f":"IF(D29=0,'App.2-CJ MIFRS_DepExp_2015'!K29,+'App.2-CJ MIFRS_DepExp_2015'!K29+((C29*0.5)/D29))","v":0},null,0]
[1855,"Services (Overhead & Underground)",null,null,0,{"$f":"IF(D30=0,'App.2-CJ MIFRS_DepExp_2015'!K30,+'App.2-CJ MIFRS_DepExp_2015'!K30+((C30*0.5)/D30))","v":0},null,0]
[1860,"Meters",null,null,0,{"$f":"IF(D31=0,'App.2-CJ MIFRS_DepExp_2015'!K31,+'App.2-CJ MIFRS_DepExp_2015'!K31+((C31*0.5)/D31))","v":0},null,0]
[1860,"Meters (Smart Meters)",null,null,0,{"$f":"IF(D32=0,'App.2-CJ MIFRS_DepExp_2015'!K32,+'App.2-CJ MIFRS_DepExp_2015'!K32+((C32*0.5)/D32))","v":0},null,0]
[1905,"Land",null,null,0,{"$f":"IF(D33=0,'App.2-CJ MIFRS_DepExp_2015'!K33,+'App.2-CJ MIFRS_DepExp_2015'!K33+((C33*0.5)/D33))","v":0},null,0]
[1908,"Buildings & Fixtures",null,null,0,{"$f":"IF(D34=0,'App.2-CJ MIFRS_DepExp_2015'!K34,+'App.2-CJ MIFRS_DepExp_2015'!K34+((C34*0.5)/D34))","v":0},null,0]
[1910,"Leasehold Improvements",null,null,0,{"$f":"IF(D35=0,'App.2-CJ MIFRS_DepExp_2015'!K35,+'App.2-CJ MIFRS_DepExp_2015'!K35+((C35*0.5)/D35))","v":0},null,0]
[1915,"Office Furniture & Equipment (10 years)",null,null,0,{"$f":"IF(D36=0,'App.2-CJ MIFRS_DepExp_2015'!K36,+'App.2-CJ MIFRS_DepExp_2015'!K36+((C36*0.5)/D36))","v":0},null,0]
[1915,"Office Furniture & Equipment (5 years)",null,null,0,{"$f":"IF(D37=0,'App.2-CJ MIFRS_DepExp_2015'!K37,+'App.2-CJ MIFRS_DepExp_2015'!K37+((C37*0.5)/D37))","v":0},null,0]
[1920,"Computer Equipment - Hardware",null,null,0,{"$f":"IF(D38=0,'App.2-CJ MIFRS_DepExp_2015'!K38,+'App.2-CJ MIFRS_DepExp_2015'!K38+((C38*0.5)/D38))","v":0},null,0]
[1920,"Computer Equip.-Hardware(Post Mar. 22/04)",null,null,0,{"$f":"IF(D39=0,'App.2-CJ MIFRS_DepExp_2015'!K39,+'App.2-CJ MIFRS_DepExp_2015'!K39+((C39*0.5)/D39))","v":0},null,0]
[1920,"Computer Equip.-Hardware(Post Mar. 19/07)",null,null,0,{"$f":"IF(D40=0,'App.2-CJ MIFRS_DepExp_2015'!K40,+'App.2-CJ MIFRS_DepExp_2015'!K40+((C40*0.5)/D40))","v":0},null,0]
[1930,"Transportation Equipment",null,null,0,{"$f":"IF(D41=0,'App.2-CJ MIFRS_DepExp_2015'!K41,+'App.2-CJ MIFRS_DepExp_2015'!K41+((C41*0.5)/D41))","v":0},null,0]
[1935,"Stores Equipment",null,null,0,{"$f":"IF(D42=0,'App.2-CJ MIFRS_DepExp_2015'!K42,+'App.2-CJ MIFRS_DepExp_2015'!K42+((C42*0.5)/D42))","v":0},null,0]
[1940,"Tools, Shop & Garage Equipment",null,null,0,{"$f":"IF(D43=0,'App.2-CJ MIFRS_DepExp_2015'!K43,+'App.2-CJ MIFRS_DepExp_2015'!K43+((C43*0.5)/D43))","v":0},null,0]
[1945,"Measurement & Testing Equipment",null,null,0,{"$f":"IF(D44=0,'App.2-CJ MIFRS_DepExp_2015'!K44,+'App.2-CJ MIFRS_DepExp_2015'!K44+((C44*0.5)/D44))","v":0},null,0]
[1950,"Power Operated Equipment",null,null,0,{"$f":"IF(D45=0,'App.2-CJ MIFRS_DepExp_2015'!K45,+'App.2-CJ MIFRS_DepExp_2015'!K45+((C45*0.5)/D45))","v":0},null,0]
[1955,"Communications Equipment",null,null,0,{"$f":"IF(D46=0,'App.2-CJ MIFRS_DepExp_2015'!K46,+'App.2-CJ MIFRS_DepExp_2015'!K46+((C46*0.5)/D46))","v":0},null,0]
[1955,"Communication Equipment (Smart Meters)",null,null,0,{"$f":"IF(D47=0,'App.2-CJ MIFRS_DepExp_2015'!K47,+'App.2-CJ MIFRS_DepExp_2015'!K47+((C47*0.5)/D47))","v":0},null,0]
[1960,"Miscellaneous Equipment ",null,null,0,{"$f":"IF(D48=0,'App.2-CJ MIFRS_DepExp_2015'!K48,+'App.2-CJ MIFRS_DepExp_2015'!K48+((C48*0.5)/D48))","v":0},null,0]
[1970,"Load Management Controls - Customer Premises",null,null,0,{"$f":"IF(D49=0,'App.2-CJ MIFRS_DepExp_2015'!K49,+'App.2-CJ MIFRS_DepExp_2015'!K49+((C49*0.5)/D49))","v":0},null,0]
[1975,"Load Management Controls Utility Premises",null,null,0,{"$f":"IF(D50=0,'App.2-CJ MIFRS_DepExp_2015'!K50,+'App.2-CJ MIFRS_DepExp_2015'!K50+((C50*0.5)/D50))","v":0},null,0]
[1980,"System Supervisor Equipment",null,null,0,{"$f":"IF(D51=0,'App.2-CJ MIFRS_DepExp_2015'!K51,+'App.2-CJ MIFRS_DepExp_2015'!K51+((C51*0.5)/D51))","v":0},null,0]
[1985,"Miscellaneous Fixed Assets",null,null,0,{"$f":"IF(D52=0,'App.2-CJ MIFRS_DepExp_2015'!K52,+'App.2-CJ MIFRS_DepExp_2015'!K52+((C52*0.5)/D52))","v":0},null,0]
[1990,"Other Tangible Property",null,null,0,{"$f":"IF(D53=0,'App.2-CJ MIFRS_DepExp_2015'!K53,+'App.2-CJ MIFRS_DepExp_2015'!K53+((C53*0.5)/D53))","v":0},null,0]
[1995,"Contributions & Grants",null,null,0,{"$f":"IF(D54=0,'App.2-CJ MIFRS_DepExp_2015'!K54,+'App.2-CJ MIFRS_DepExp_2015'!K54+((C54*0.5)/D54))","v":0},null,0]
[null,"Total",{"$f":"SUM(C17:C54)","v":0},null,null,{"$f":"SUM(F17:F54)","v":0},{"$f":"SUM(G17:G54)","v":0},{"$f":"SUM(H17:H54)","v":0}]
[null,"Depreciation exp. adj. from gain or loss on the retirement of assets (pool of like assets)"]
[null,"Total Depreciation expense to be included in the test year revenue requirement",null,null,null,{"$f":"SUM(F55:F56)","v":0}]
["Notes:"]
[1,"Board policy of the \"half-year\" rule - the applicant must ensure that additions in the year attract a half-year depreciation expense in the first year.  Deviations from this standard practice must be supported in the application."]
[2,"The applicant must provide an explanation of material variances in evidence."]
[]
["General:","Applicants must provide a breakdown of depreciation and amortization expense in the above format for all relevant accounts.  Asset Retirement Obligations (AROs), depreciation and accretion expense should be disclosed separately consistent with the Notes of historical Audited Financial Statements."]

{"sheet":"App.2-D_Overhead","index":27,"n_rows":49,"n_cols":8,"rows_kept":49,"cut":false,"hidden":false,"merged":[[63,0,64,0],[49,0,50,0],[49,1,50,1],[52,0,53,0],[55,0,56,0],[58,0,61,0],[8,0,8,7],[9,0,9,7],[13,0,15,0],[30,0,32,0],[30,7,32,7],[11,0,11,5],[28,0,28,5]]}
[null,null,null,null,null,"File Number:",{"$f":"EBNUMBER","v":"EB-2014-0105"}]
[null,null,null,null,null,"Exhibit:"]
[null,null,null,null,null,"Tab:"]
[null,null,null,null,null,"Schedule:"]
[null,null,null,null,null,"Page:"]
[]
[null,null,null,null,null,"Date:"]
[]
["Appendix 2-D"]
["Overhead Expense"]
[]
["Applicants are to provide a breakdown of OM&A before capitalization in the below table.  OM&A before capitalization may be broken down by cost center, program, drivers or another format best suited to focus on capitalized vs. uncapitalized OM&A."]
[]
[" OM&A Before Capitalization"]
[null,2012,2013,2014,2015,2016]
[null,"Historical Year","Historical Year","Historical Year","Bridge Year","Test Year"]
[]
[]
[]
[]
[]
[]
[]
[]
[]
[]
["Total OM&A Before Capitalization (B)",{"$f":"SUM(B17:B26)","v":0},{"$f":"SUM(C17:C26)","v":0},0,0,0]
[]
["Applicants are to provide a breakdown of capitalized OM&A in the below table.  Capitalized OM&A may be broken down using the categories listed in the table below if possible.  Otherwise, applicants are to provide its own break down of capitalized OM&A."]
[]
["Capitalized OM&A",null,null,null,null,null,"Directly","Explanation for Change in Overhead Capitalized"]
[null,2012,2013,2014,2015,2016,"Attributable?"]
[null,"Historical Year","Historical Year","Historical Year","Bridge Year","Test Year","(Y/N)"]
["employee benefits"]
["costs of site preparation"]
["initial delivery and handling costs"]
["costs of testing whether the asset is functioning properly"]
["professional fees"]
[]
["costs of opening a new facility"]
["costs of introducing a new product or service (including costs of advertising and promotional activities)"]
["costs of conducting business in a new location or with a new class of customer (including costs of staff training)"]
["administration and other general overhead costs"]
[]
["Insert description of additional item(s) and new rows if needed"]
[]
["Total Capitalized OM&A (A)",{"$f":"SUM(B34:B46)","v":0},{"$f":"SUM(C34:C46)","v":0},{"$f":"SUM(D34:D46)","v":0},{"$f":"SUM(E34:E46)","v":0},{"$f":"SUM(F34:F46)","v":0}]
[]
["% of Capitalized OM&A (=A/B)",{"$f":"IF(ISERROR(B47/B27),\"0%\",B47/B27)","v":"0%"},{"$f":"IF(ISERROR(C47/C27),\"0%\",C47/C27)","v":"0%"},"0%","0%","0%"]

{"sheet":"App.2-EA_Account 1575 (2015)","index":28,"n_rows":47,"n_cols":10,"rows_kept":47,"cut":false,"hidden":true,"merged":[[47,0,47,10],[52,0,53,9],[25,1,26,6],[31,1,31,6],[37,7,38,8],[37,9,38,9],[20,1,20,6],[8,0,8,9],[9,0,9,9],[10,0,10,9],[12,0,12,9],[14,0,14,9]]}
[null,null,null,null,null,null,null,null,"File Number:",{"$f":"EBNUMBER","v":"EB-2014-0105"}]
[null,null,null,null,null,null,null,null,"Exhibit:"]
[null,null,null,null,null,null,null,null,"Tab:"]
[null,null,null,null,null,null,null,null,"Schedule:"]
[null,null,null,null,null,null,null,null,"Page:"]
[]
[null,null,null,null,null,null,null,null,"Date:"]
[]
["Appendix 2-EA"]
["Account 1575 - IFRS-CGAAP Transitional PP&E Amounts"]
["2015 Adopters of IFRS for Financial Reporting Purposes"]
[]
["For applicants that adopted IFRS on January 1, 2015 for financial reporting purposes"]
[]
[]
[]
[null,{"$f":"RebaseYear &\" Rebasing Year\"","v":"2010 Rebasing Year"},2012,2013,2014,2015,"2016 Rebasing Year"]
["Reporting Basis","CGAAP","CGAAP","CGAAP","CGAAP","MIFRS","MIFRS"]
[null,"Forecast","Actual","Actual","Actual","Forecast","Forecast"]
[null,null,null,null,"$","$"]
["PP&E Values under CGAAP"]
["            Opening net PP&E - Note 1",null,null,null,null,{"$f":"+E25","v":0}]
["            Net Additions - Note 4"]
["            Net Depreciation (amounts should be negative) - Note 4"]
["            Closing net PP&E (1)",null,null,null,{"$f":"E22+E23+E24","v":0},{"$f":"SUM(F22:F24)","v":0}]
[]
["PP&E Values under MIFRS (Starts from 2014, the transition year)"]
["            Opening net PP&E  - Note 1",null,null,null,null,{"$f":"+E31","v":0}]
["            Net Additions - Note 4"]
["            Net Depreciation (amounts should be negative) - Note 4"]
["            Closing net PP&E (2)",null,null,null,{"$f":"SUM(E28:E30)","v":0},{"$f":"SUM(F28:F30)","v":0}]
[]
["Difference in Closing net PP&E, former CGAAP vs. revised CGAAP ",null,null,null,{"$f":"E25-E31","v":0},{"$f":"F25-F31","v":0}]
[]
[]
["Effect on Deferral and Variance Account Rate Riders"]
["Closing balance in Account 1576",null,null,null,null,null,{"$f":"IF(ISERROR(F33), 0, F33)","v":0},null,"WACC"]
["Return on Rate Base Associated with Account 1576 balance at WACC  - Note 2",null,null,null,null,null,{"$f":"F33*J37*J38","v":0},"# of years of rate rider disposition period"]
["     Amount included in Deferral and Variance Account Rate Rider Calculation",null,null,null,null,null,{"$f":"G37+G38","v":0}]
[]
["Notes:"]
["1  For an applicant that adopted IFRS on January 1, 2015, the PP&E values as of January 1, 2014 under both CGAAP and MIFRS should be the same. "]
["2 Return on rate base associated with deferred balance is calculated as:"]
["     the deferral account closing balance as of 2015 rebasing year x WACC X # of years of rate rider disposition period"]
["     * Please note that the calculation should be adjusted once WACC is updated and finalized in the rate application."]
["3  The  PP&E deferral account is cleared by including the total balance in the deferral and variance account rate rider calculation."]
["4  Net additions are additions net of disposals; Net depreciation is additions to depreciation net of disposals."]

{"sheet":"App.2-EB_Account 1576 (2012)","index":29,"n_rows":47,"n_cols":10,"rows_kept":47,"cut":false,"hidden":true,"merged":[[45,0,45,8],[41,0,41,10],[31,1,31,6],[25,1,26,6],[20,1,20,6],[37,7,38,8],[37,9,38,9],[8,0,8,9],[9,0,9,9],[10,0,10,9],[14,0,14,9],[12,0,12,9]]}
[null,null,null,null,null,null,null,null,"File Number:",{"$f":"EBNUMBER","v":"EB-2014-0105"}]
[null,null,null,null,null,null,null,null,"Exhibit:"]
[null,null,null,null,null,null,null,null,"Tab:"]
[null,null,null,null,null,null,null,null,"Schedule:"]
[null,null,null,null,null,null,null,null,"Page:"]
[]
[null,null,null,null,null,null,null,null,"Date:"]
[]
["Appendix 2-EB"]
["Account 1576 - Accounting Changes under CGAAP"]
["2012 Changes in Accounting Policies under CGAAP"]
[]
["For applicants that made capitalization and depreciation expense accounting policy changes under CGAAP effective January 1, 2012"]
[]
[]
[]
[null,{"$f":"RebaseYear &\" Rebasing Year\"","v":"2010 Rebasing Year"},2012,2013,2014,2015,"2016 Rebasing Year"]
["Reporting Basis","CGAAP","CGAAP","CGAAP","CGAAP","MIFRS","MIFRS"]
[null,"Forecast","Actual","Actual","Actual","Forecast","Forecast"]
[null,null,"$","$","$","$"]
["PP&E Values under former CGAAP"]
["            Opening net PP&E - Note 1",null,null,{"$f":"+C25","v":0},{"$f":"+D25","v":0},{"$f":"+E25","v":0}]
["            Net Additions - Note 4"]
["            Net Depreciation (amounts should be negative) - Note 4"]
["            Closing net PP&E (1)",null,{"$f":"C22+C23+C24","v":0},{"$f":"D22+D23+D24","v":0},{"$f":"E22+E23+E24","v":0},{"$f":"F22+F23+F24","v":0}]
[]
["PP&E Values under revised CGAAP (Starts from 2012)"]
["            Opening net PP&E  - Note 1",null,null,{"$f":"+C31","v":0},{"$f":"+D31","v":0},{"$f":"+E31","v":0}]
["            Net Additions - Note 4"]
["            Net Depreciation (amounts should be negative) - Note 4"]
["            Closing net PP&E (2)",null,{"$f":"SUM(C28:C30)","v":0},{"$f":"SUM(D28:D30)","v":0},{"$f":"SUM(E28:E30)","v":0},{"$f":"SUM(F28:F30)","v":0}]
[]
["Difference in Closing net PP&E, former CGAAP vs. revised CGAAP ",null,{"$f":"C25-C31","v":0},{"$f":"D25-D31","v":0},{"$f":"E25-E31","v":0},{"$f":"F25-F31","v":0}]
[]
[]
["Effect on Deferral and Variance Account Rate Riders"]
["Closing balance in Account 1576",null,null,null,null,null,{"$f":"IF(ISERROR(F33), 0, F33)","v":0},null,"WACC"]
["Return on Rate Base Associated with Account 1576 balance at WACC  - Note 2",null,null,null,null,null,{"$f":"F33*J37*J38","v":0},"# of years of rate rider disposition period"]
["     Amount included in Deferral and Variance Account Rate Rider Calculation",null,null,null,null,null,{"$f":"G37+G38","v":0}]
[]
["Notes:"]
["1  For an applicant that made the capitalization and depreciation expense accounting policy changes on January 1, 2012, the PP&E values as of January 1, 2012 under both former CGAAP and revised CGAAP should be the same. "]
["2 Return on rate base associated with Account 1576 balance is calculated as:"]
["     the variance account ending balance as of 2015 rebasing year x WACC X # of years of rate rider disposition period"]
["     * Please note that the calculation should be adjusted once WACC is updated and finalized in the rate application."]
["3  Account 1576 is cleared by including the total balance in the deferral and variance account rate rider calculation."]
["4  Net additions are additions net of disposals; Net depreciation is additions to depreciation net of disposals."]

{"sheet":"App.2-EC_Account 1576 (2013)","index":30,"n_rows":47,"n_cols":10,"rows_kept":47,"cut":false,"hidden":true,"merged":[[45,0,45,8],[20,1,20,6],[25,1,26,6],[31,1,31,6],[37,7,38,8],[37,9,38,9],[41,0,41,10],[8,0,8,9],[9,0,9,9],[10,0,10,9],[12,0,12,9],[14,0,14,9],[19,1,19,2]]}
[null,null,null,null,null,null,null,null,"File Number:",{"$f":"EBNUMBER","v":"EB-2014-0105"}]
[null,null,null,null,null,null,null,null,"Exhibit:"]
[null,null,null,null,null,null,null,null,"Tab:"]
[null,null,null,null,null,null,null,null,"Schedule:"]
[null,null,null,null,null,null,null,null,"Page:"]
[]
[null,null,null,null,null,null,null,null,"Date:"]
[]
["Appendix 2-EC"]
["Account 1576 - Accounting Changes under CGAAP"]
["2013 Changes in Accounting Policies under CGAAP"]
[]
["For applicants that made capitalization and depreciation expense accounting policy changes under CGAAP effective January 1, 2013"]
[]
[]
[]
[null,{"$f":"RebaseYear &\" Rebasing Year\"","v":"2010 Rebasing Year"},2012,2013,2014,2015,"2016 Rebasing Year"]
["Reporting Basis","CGAAP","CGAAP","CGAAP","CGAAP","MIFRS","MIFRS"]
[null,"Forecast","Actual","Actual","Actual","Forecast","Forecast"]
[null,null,null,"$","$","$"]
["PP&E Values under former CGAAP"]
["            Opening net PP&E - Note 1",null,null,null,{"$f":"+D25","v":0},{"$f":"+E25","v":0}]
["            Net Additions - Note 4"]
["            Net Depreciation (amounts should be negative) - Note 4"]
["            Closing net PP&E (1)",null,null,{"$f":"D22+D23+D24","v":0},{"$f":"E22+E23+E24","v":0},{"$f":"F22+F23+F24","v":0}]
[]
["PP&E Values under revised CGAAP (Starts from 2012)"]
["            Opening net PP&E  - Note 1",null,null,null,{"$f":"+D31","v":0},{"$f":"+E31","v":0}]
["            Net Additions - Note 4"]
["            Net Depreciation (amounts should be negative) - Note 4"]
["            Closing net PP&E (2)",null,null,{"$f":"SUM(D28:D30)","v":0},{"$f":"SUM(E28:E30)","v":0},{"$f":"SUM(F28:F30)","v":0}]
[]
["Difference in Closing net PP&E, former CGAAP vs. revised CGAAP ",null,null,{"$f":"D25-D31","v":0},{"$f":"E25-E31","v":0},{"$f":"F25-F31","v":0}]
[]
[]
["Effect on Deferral and Variance Account Rate Riders"]
["Closing balance in Account 1576",null,null,null,null,null,{"$f":"IF(ISERROR(F33), 0, F33)","v":0},null,"WACC"]
["Return on Rate Base Associated with Account 1576 balance at WACC  - Note 2",null,null,null,null,null,{"$f":"F33*J37*J38","v":0},"# of years of rate rider disposition period"]
["     Amount included in Deferral and Variance Account Rate Rider Calculation",null,null,null,null,null,{"$f":"G37+G38","v":0}]
[]
["Notes:"]
["1  For an applicant that made the capitalization and depreciation expense accounting policy changes on January 1, 2013, the PP&E values as of January 1, 2013 under both former CGAAP and revised CGAAP should be the same. "]
["2 Return on rate base associated with Account 1576 balance is calculated as:"]
["     the variance account ending balance as of 2015 rebasing year x WACC X # of years of rate rider disposition period"]
["     * Please note that the calculation should be adjusted once WACC is updated and finalized in the rate application."]
["3  Account 1576 is cleared by including the total balance in the deferral and variance account rate rider calculation."]
["4  Net additions are additions net of disposals; Net depreciation is additions to depreciation net of disposals."]

{"sheet":"App.2-FA Proposed REG Invest.","index":31,"n_rows":101,"n_cols":11,"rows_kept":101,"cut":false,"hidden":false,"merged":[[8,0,8,10],[17,0,17,8],[16,0,16,9],[12,0,12,6],[13,0,13,5],[14,0,14,5],[11,0,11,6],[9,0,9,10]]}
[null,null,null,null,null,null,null,null,null,"File Number:",{"$f":"EBNUMBER","v":"EB-2014-0105"}]
[null,null,null,null,null,null,null,null,null,"Exhibit:"]
[null,null,null,null,null,null,null,null,null,"Tab:"]
[null,null,null,null,null,null,null,null,null,"Schedule:"]
[null,null,null,null,null,null,null,null,null,"Page:"]
[]
[null,null,null,null,null,null,null,null,null,"Date:"]
[]
["Appendix 2-FA"]
["Renewable Generation Connection Investment Summary (past investments or over the future rate setting period)"]
[]
["Enter the details of the Renewable Generation Connection projects as described in the appropriate section of the Filing Requirements."]
["All costs entered on this page will be transferred to the appropriate cells in the appendices that follow."]
["For Part A, Renewable Enabling Improvements (REI), these amounts will be transferred to Appendix 2 - FB"]
["For Part B, Expansions, these amounts will be transferred to Appendix 2 - FC"]
[]
["If there are more than five projects proposed to be in-service in a certain year, please amend the tables below and ensure that the formulae for the Total Amounts in any given rate year are updated."]
["Based on the current methodology and allocation, amounts allocated represent 6% for REI Connection Investments and 17% for Expansion Investments. (EB-2009-0349, 6-10-2010, p. 15, note 9)"]
[]
["There are two scenarios described below.  Separate sets of spreadsheets (2-FA, 2-FB, 2-FC) should be submited for each scenario as required."]
["Scenario 1:  Past Investments with No Recovery.  The distributor has made investments in the past (during the IRM Years), but has not received approval for these projects and therefore did not receive"]
["revenue from the IESO under Regulation 330/09 and did not receive ratepayer revenue for the direct benefit portion of the investment."]
["The WCA percentage, debt percentages, interest rates, kWh, tax rates, amortization period, CCA Class and percentage should correspond to the distributor's last Cost of Service approval. "]
["The Direct Benefit portion of the calculated Revenue Requirement for each year should be summed and can be applied for recovery from the distributor's ratepayers through a rate rider."]
["The Provincial Recovery portion of the calculated Revenue Requirement for each year should be summed and can be applied for recovery from the IESO through a separate order."]
[]
["Scenario 2:  Investments in the Test Year and Beyond.  Distributor plans to make investments in 2016 and/or beyond.  These investments should be added to 2-FA in the appropriate year."]
["The WCA percentage, debt percentages, interest rates, kWh, tax rates, amortization period, CCA Class and percentage should correspond to the distributor's current application. "]
[]
["Part A",null,null,null,null,null,"Test Year"]
["REI Investments (Direct Benefit at 6%)",null,2012,2013,2014,2015,2016,{"$f":"G31+1","v":2017},{"$f":"H31+1","v":2018},2019,2020]
["Project 1"]
["Name: REI Connection Project"]
["Capital Costs",null,0,0,0,0,0,0,0,0,0]
["OM&A (Start-Up)",null,0,0,0,0,0,0,0,0,0]
["OM&A (Ongoing)",null,0,0,0,0,0,0,0,0,0]
[]
["Project 2"]
["Name: REI Connection Project"]
["Capital Costs",null,0,0,0,0,0,0,0,0,0]
["OM&A (Start-Up)",null,0,0,0,0,0,0,0,0,0]
["OM&A (Ongoing)",null,0,0,0,0,0,0,0,0,0]
[]
["Project 3"]
["Name: REI Connection Project"]
["Capital Costs",null,0,0,0,0,0,0,0,0,0]
["OM&A (Start-Up)",null,0,0,0,0,0,0,0,0,0]
["OM&A (Ongoing)",null,0,0,0,0,0,0,0,0,0]
[]
["Project 4"]
["Name: REI Connection Project"]
["Capital Costs",null,0,0,0,0,0,0,0,0,0]
["OM&A (Start-Up)",null,0,0,0,0,0,0,0,0,0]
["OM&A (Ongoing)",null,0,0,0,0,0,0,0,0,0]
[]
["Project 5"]
["Name: REI Connection Project"]
["Capital Costs",null,0,0,0,0,0,0,0,0,0]
["OM&A (Start-Up)",null,0,0,0,0,0,0,0,0,0]
["OM&A (Ongoing)",null,0,0,0,0,0,0,0,0,0]
[]
["Total Capital Costs",null,{"$f":"SUM(C58,C52,C46,C40,C34)","v":0},0,0,0,{"$f":"SUM(G58,G52,G46,G40,G34)","v":0},{"$f":"SUM(H58,H52,H46,H40,H34)","v":0},0,0,0]
["Total OM&A (Start-Up)",null,0,0,0,0,{"$f":"SUM(G59,G53,G47,G41,G35)","v":0},0,0,0,0]
["Total OM&A (Ongoing)",null,0,0,0,0,{"$f":"SUM(G60,G54,G48,G42,G36)","v":0},0,0,0,0]
[]
[]
["Part B",null,null,null,null,null,"Test Year"]
["Expansion Investments (Direct Benefit at 17%)",null,2012,2013,2014,2015,2016,{"$f":"G68+1","v":2017},{"$f":"H68+1","v":2018},2019,2020]
["Project 1"]
["Name: Expansion Connection Project"]
["Capital Costs",null,0,0,0,0,0,0,0,0,0]
["OM&A (Start-Up)",null,0,0,0,0,0,0,0,0,0]
["OM&A (Ongoing)",null,0,0,0,0,0,0,0,0,0]
[]
["Project 2"]
["Name: Expansion Connection Project"]
["Capital Costs",null,0,0,0,0,0,0,0,0,0]
["OM&A (Start-Up)",null,0,0,0,0,0,0,0,0,0]
["OM&A (Ongoing)",null,0,0,0,0,0,0,0,0,0]
[]
["Project 3"]
["Name: Expansion Connection Project"]
["Capital Costs",null,0,0,0,0,0,0,0,0,0]
["OM&A (Start-Up)",null,0,0,0,0,0,0,0,0,0]
["OM&A (Ongoing)",null,0,0,0,0,0,0,0,0,0]
[]
["Project 4"]
["Name: Expansion Connection Project"]
["Capital Costs",null,0,0,0,0,0,0,0,0,0]
["OM&A (Start-Up)",null,0,0,0,0,0,0,0,0,0]
["OM&A (Ongoing)",null,0,0,0,0,0,0,0,0,0]
[]
["Project 5"]
["Name: Expansion Connection Project"]
["Capital Costs",null,0,0,0,0,0,0,0,0,0]
["OM&A (Start-Up)",null,0,0,0,0,0,0,0,0,0]
["OM&A (Ongoing)",null,0,0,0,0,0,0,0,0,0]
[]
["Total Capital Costs",null,{"$f":"SUM(C95,C89,C83,C77,C71)","v":0},0,0,0,{"$f":"SUM(G95,G89,G83,G77,G71)","v":0},{"$f":"SUM(H95,H89,H83,H77,H71)","v":0},0,0,0]
["Total OM&A (Start-Up)",null,0,0,0,0,{"$f":"SUM(G96,G90,G84,G78,G72)","v":0},0,0,0,0]
["Total OM&A (Ongoing)",null,0,0,0,0,{"$f":"SUM(G97,G91,G85,G79,G73)","v":0},0,0,0,0]

{"sheet":"App.2-FB Calc of REG Improvemnt","index":32,"n_rows":95,"n_cols":29,"rows_kept":95,"cut":false,"hidden":false,"merged":[[16,26,16,28],[8,0,8,17],[9,0,9,17],[11,0,11,17],[12,0,12,17],[14,0,14,17],[46,0,46,22],[16,14,16,16],[16,17,16,19],[16,20,16,22],[16,23,16,25],[16,11,16,13],[16,8,16,10],[16,5,16,7],[16,2,16,4],[51,24,51,25],[51,27,51,28],[48,0,48,22],[49,0,49,1],[51,15,51,16],[51,18,51,19],[51,21,51,22],[51,12,51,13],[51,9,51,10],[51,6,51,7],[51,3,51,4]]}
[null,null,null,null,null,null,null,null,null,null,null,null,null,"File Number:",{"$f":"EBNUMBER","v":"EB-2014-0105"}]
[null,null,null,null,null,null,null,null,null,null,null,null,null,"Exhibit:"]
[null,null,null,null,null,null,null,null,null,null,null,null,null,"Tab:"]
[null,null,null,null,null,null,null,null,null,null,null,null,null,"Schedule:"]
[null,null,null,null,null,null,null,null,null,null,null,null,null,"Page:"]
[]
[null,null,null,null,null,null,null,null,null,null,null,null,null,"Date:"]
[]
["Appendix 2-FB"]
["Calculation of Renewable Generation Connection Direct Benefits/Provincial Amount: Renewable Enabling Improvement Investments"]
[]
["This table will calculate the distributor/provincial shares of the investments entered in Part A of Appendix 2-FA."]
["Enter values in green shaded cells: WCA percentage, debt percentages, interest rates, kWh, tax rates, amortization period, CCA Class and percentage."]
["For historical investments, enter these variables for your last cost of service test year.  For 2016 and beyond, enter variables as in the application."]
["Rate Riders are not calculated for Test Year as these assets and costs are already in the distributor's rate base/revenue requirement."]
[]
[null,null,2012,null,null,2013,null,null,2014,null,null,2015,null,null,"2016 Test Year",null,null,2017,null,null,2018,2016,null,2019,null,null,2020]
[null,null,null,"Direct Benefit","Provincial",null,"Direct Benefit","Provincial",null,"Direct Benefit","Provincial",null,"Direct Benefit","Provincial",null,"Direct Benefit","Provincial",null,"Direct Benefit","Provincial",null,"Direct Benefit","Provincial",null,"Direct Benefit","Provincial",null,"Direct Benefit","Provincial"]
[null,null,"Total",0.06,0.94,"Total",0.06,0.94,"Total",0.06,0.94,"Total",0.06,0.94,"Total",0.06,0.94,"Total",0.06,0.94,"Total",0.06,0.94,"Total",0.06,0.94,"Total",0.06,0.94]
["Net Fixed Assets (average)",null,{"$f":"D82","v":0},{"$f":"C20*D19","v":0},{"$f":"C20*E19","v":0},{"$f":"E82","v":0},{"$f":"F20*G19","v":0},{"$f":"F20*H19","v":0},{"$f":"F82","v":0},{"$f":"I20*J19","v":0},{"$f":"I20*K19","v":0},{"$f":"G82","v":0},{"$f":"L20*M19","v":0},{"$f":"L20*N19","v":0},{"$f":"H82","v":0},{"$f":"O20*P19","v":0},{"$f":"O20*Q19","v":0},{"$f":"I82","v":0},{"$f":"R20*S19","v":0},{"$f":"R20*T19","v":0},{"$f":"J82","v":0},{"$f":"U20*V19","v":0},{"$f":"U20*W19","v":0},{"$f":"K82","v":0},{"$f":"X20*Y19","v":0},{"$f":"X20*Z19","v":0},{"$f":"L82","v":0},{"$f":"AA20*AB19","v":0},{"$f":"AA20*AC19","v":0}]
["Incremental OM&A (on-going, N/A for Provincial Recovery)",null,{"$f":"'App.2-FA Proposed REG Invest.'!C64","v":0},{"$f":"C21","v":0},null,{"$f":"'App.2-FA Proposed REG Invest.'!D64","v":0},{"$f":"F21","v":0},null,{"$f":"'App.2-FA Proposed REG Invest.'!E64","v":0},{"$f":"I21","v":0},null,{"$f":"'App.2-FA Proposed REG Invest.'!F64","v":0},{"$f":"L21","v":0},null,{"$f":"'App.2-FA Proposed REG Invest.'!G64","v":0},{"$f":"O21","v":0},null,{"$f":"'App.2-FA Proposed REG Invest.'!H64","v":0},{"$f":"R21","v":0},null,{"$f":"'App.2-FA Proposed REG Invest.'!I64","v":0},{"$f":"U21","v":0},null,{"$f":"'App.2-FA Proposed REG Invest.'!J64","v":0},{"$f":"X21","v":0},null,{"$f":"'App.2-FA Proposed REG Invest.'!K64","v":0},{"$f":"AA21","v":0}]
["Incremental OM&A (start-up, applicable for Provincial Recovery)",null,{"$f":"'App.2-FA Proposed REG Invest.'!C63","v":0},{"$f":"C22*D19","v":0},{"$f":"C22*E19","v":0},{"$f":"'App.2-FA Proposed REG Invest.'!D63","v":0},{"$f":"F22*G19","v":0},{"$f":"F22*H19","v":0},{"$f":"'App.2-FA Proposed REG Invest.'!E63","v":0},{"$f":"I22*J19","v":0},{"$f":"I22*K19","v":0},{"$f":"'App.2-FA Proposed REG Invest.'!F63","v":0},{"$f":"L22*M19","v":0},{"$f":"L22*N19","v":0},{"$f":"'App.2-FA Proposed REG Invest.'!G63","v":0},{"$f":"O22*P19","v":0},{"$f":"O22*Q19","v":0},{"$f":"'App.2-FA Proposed REG Invest.'!H63","v":0},{"$f":"R22*S19","v":0},{"$f":"R22*T19","v":0},{"$f":"'App.2-FA Proposed REG Invest.'!I63","v":0},{"$f":"U22*V19","v":0},{"$f":"U22*W19","v":0},{"$f":"'App.2-FA Proposed REG Invest.'!J63","v":0},{"$f":"X22*Y19","v":0},{"$f":"X22*Z19","v":0},{"$f":"'App.2-FA Proposed REG Invest.'!K63","v":0},{"$f":"AA22*AB19","v":0},{"$f":"AA22*AC19","v":0}]
["WCA",null,null,{"$f":"(D21+D22)*$B$23","v":0},{"$f":"E22*$B$23","v":0},null,{"$f":"(G21+G22)*$B$23","v":0},{"$f":"H22*$B$23","v":0},null,{"$f":"(J21+J22)*$B$23","v":0},{"$f":"K22*$B$23","v":0},null,{"$f":"(M21+M22)*$B$23","v":0},{"$f":"N22*$B$23","v":0},null,{"$f":"(P21+P22)*$B$23","v":0},{"$f":"Q22*$B$23","v":0},null,{"$f":"(S21+S22)*$B$23","v":0},{"$f":"T22*$B$23","v":0},null,{"$f":"(V21+V22)*$B$23","v":0},{"$f":"W22*$B$23","v":0},null,{"$f":"(Y21+Y22)*$B$23","v":0},{"$f":"Z22*$B$23","v":0},null,{"$f":"(AB21+AB22)*$B$23","v":0},{"$f":"AC22*$B$23","v":0}]
["Rate Base",null,null,{"$f":"SUM(D20+D23)","v":0},{"$f":"SUM(E20+E23)","v":0},null,{"$f":"SUM(G20+G23)","v":0},{"$f":"SUM(H20+H23)","v":0},null,{"$f":"SUM(J20+J23)","v":0},{"$f":"SUM(K20+K23)","v":0},null,{"$f":"SUM(M20+M23)","v":0},{"$f":"SUM(N20+N23)","v":0},null,{"$f":"SUM(P20+P23)","v":0},{"$f":"SUM(Q20+Q23)","v":0},null,{"$f":"SUM(S20+S23)","v":0},{"$f":"SUM(T20+T23)","v":0},null,{"$f":"SUM(V20+V23)","v":0},{"$f":"SUM(W20+W23)","v":0},null,{"$f":"SUM(Y20+Y23)","v":0},{"$f":"SUM(Z20+Z23)","v":0},null,{"$f":"SUM(AB20+AB23)","v":0},{"$f":"SUM(AC20+AC23)","v":0}]
[]
[]
["Deemed ST Debt",null,null,{"$f":"D24*$B$27","v":0},{"$f":"E24*$B$27","v":0},null,{"$f":"G24*$B$27","v":0},{"$f":"H24*$B$27","v":0},null,{"$f":"J24*$B$27","v":0},{"$f":"K24*$B$27","v":0},null,{"$f":"M24*$B$27","v":0},{"$f":"N24*$B$27","v":0},null,{"$f":"P24*$B$27","v":0},{"$f":"Q24*$B$27","v":0},null,{"$f":"S24*$B$27","v":0},{"$f":"T24*$B$27","v":0},null,{"$f":"V24*$B$27","v":0},{"$f":"W24*$B$27","v":0},null,{"$f":"Y24*$B$27","v":0},{"$f":"Z24*$B$27","v":0},null,{"$f":"AB24*$B$27","v":0},{"$f":"AC24*$B$27","v":0}]
["Deemed LT Debt",null,null,{"$f":"D24*$B$28","v":0},{"$f":"E24*$B$28","v":0},null,{"$f":"G24*$B$28","v":0},{"$f":"H24*$B$28","v":0},null,{"$f":"J24*$B$28","v":0},{"$f":"K24*$B$28","v":0},null,{"$f":"M24*$B$28","v":0},{"$f":"N24*$B$28","v":0},null,{"$f":"P24*$B$28","v":0},{"$f":"Q24*$B$28","v":0},null,{"$f":"S24*$B$28","v":0},{"$f":"T24*$B$28","v":0},null,{"$f":"V24*$B$28","v":0},{"$f":"W24*$B$28","v":0},null,{"$f":"Y24*$B$28","v":0},{"$f":"Z24*$B$28","v":0},null,{"$f":"AB24*$B$28","v":0},{"$f":"AC24*$B$28","v":0}]
["Deemed Equity",null,null,{"$f":"D24*$B$29","v":0},{"$f":"E24*$B$29","v":0},null,{"$f":"G24*$B$29","v":0},{"$f":"H24*$B$29","v":0},null,{"$f":"J24*$B$29","v":0},{"$f":"K24*$B$29","v":0},null,{"$f":"M24*$B$29","v":0},{"$f":"N24*$B$29","v":0},null,{"$f":"P24*$B$29","v":0},{"$f":"Q24*$B$29","v":0},null,{"$f":"S24*$B$29","v":0},{"$f":"T24*$B$29","v":0},null,{"$f":"V24*$B$29","v":0},{"$f":"W24*$B$29","v":0},null,{"$f":"Y24*$B$29","v":0},{"$f":"Z24*$B$29","v":0},null,{"$f":"AB24*$B$29","v":0},{"$f":"AC24*$B$29","v":0}]
[]
["ST Interest",null,null,{"$f":"D27*$B31","v":0},{"$f":"E27*$B31","v":0},null,{"$f":"G27*$B31","v":0},{"$f":"H27*$B31","v":0},null,{"$f":"J27*$B31","v":0},{"$f":"K27*$B31","v":0},null,{"$f":"M27*$B31","v":0},{"$f":"N27*$B31","v":0},null,{"$f":"P27*$B31","v":0},{"$f":"Q27*$B31","v":0},null,{"$f":"S27*$B31","v":0},{"$f":"T27*$B31","v":0},null,{"$f":"V27*$B31","v":0},{"$f":"W27*$B31","v":0},null,{"$f":"Y27*$B31","v":0},{"$f":"Z27*$B31","v":0},null,{"$f":"AB27*$B31","v":0},{"$f":"AC27*$B31","v":0}]
["LT Interest",null,null,{"$f":"D28*$B32","v":0},0,null,{"$f":"G28*$B32","v":0},0,null,{"$f":"J28*$B32","v":0},0,null,{"$f":"M28*$B32","v":0},0,null,{"$f":"P28*$B32","v":0},0,null,{"$f":"S28*$B32","v":0},0,null,{"$f":"V28*$B32","v":0},0,null,{"$f":"Y28*$B32","v":0},0,null,{"$f":"AB28*$B32","v":0},0]
["ROE",null,null,0,0,null,0,0,null,0,0,null,0,0,null,0,0,null,0,0,null,0,0,null,0,0,null,0,0]
["Cost of Capital Total",null,null,{"$f":"SUM(D31:D33)","v":0},{"$f":"SUM(E31:E33)","v":0},null,{"$f":"SUM(G31:G33)","v":0},{"$f":"SUM(H31:H33)","v":0},null,{"$f":"SUM(J31:J33)","v":0},{"$f":"SUM(K31:K33)","v":0},null,{"$f":"SUM(M31:M33)","v":0},{"$f":"SUM(N31:N33)","v":0},null,{"$f":"SUM(P31:P33)","v":0},{"$f":"SUM(Q31:Q33)","v":0},null,{"$f":"SUM(S31:S33)","v":0},{"$f":"SUM(T31:T33)","v":0},null,{"$f":"SUM(V31:V33)","v":0},{"$f":"SUM(W31:W33)","v":0},null,{"$f":"SUM(Y31:Y33)","v":0},{"$f":"SUM(Z31:Z33)","v":0},null,{"$f":"SUM(AB31:AB33)","v":0},{"$f":"SUM(AC31:AC33)","v":0}]
[]
["OM&A",null,null,{"$f":"D21+D22","v":0},{"$f":"E22","v":0},null,{"$f":"G21+G22","v":0},{"$f":"H22","v":0},null,{"$f":"J21+J22","v":0},{"$f":"K22","v":0},null,{"$f":"M21+M22","v":0},{"$f":"N22","v":0},null,{"$f":"P21+P22","v":0},{"$f":"Q22","v":0},null,{"$f":"S21+S22","v":0},{"$f":"T22","v":0},null,{"$f":"V21+V22","v":0},{"$f":"W22","v":0},null,{"$f":"Y21+Y22","v":0},{"$f":"Z22","v":0},null,{"$f":"AB21+AB22","v":0},{"$f":"AC22","v":0}]
["Amortization",null,{"$f":"D77","v":0},{"$f":"C37*D$19","v":0},{"$f":"C37*E$19","v":0},{"$f":"E77","v":0},{"$f":"F37*G$19","v":0},{"$f":"F37*H$19","v":0},{"$f":"F77","v":0},{"$f":"I37*J$19","v":0},{"$f":"I37*K$19","v":0},{"$f":"G77","v":0},{"$f":"L37*M$19","v":0},{"$f":"L37*N$19","v":0},{"$f":"H77","v":0},{"$f":"O37*P$19","v":0},{"$f":"O37*Q$19","v":0},{"$f":"I76+I77","v":0},{"$f":"R37*S$19","v":0},{"$f":"R37*T$19","v":0},{"$f":"J76+J77","v":0},{"$f":"U37*V$19","v":0},{"$f":"U37*W$19","v":0},{"$f":"K76+K77","v":0},{"$f":"X37*Y$19","v":0},{"$f":"X37*Z$19","v":0},{"$f":"L76+L77","v":0},{"$f":"AA37*AB$19","v":0},{"$f":"AA37*AC$19","v":0}]
["Grossed-up PILs",null,null,{"$f":"D65","v":0},{"$f":"E65","v":0},null,{"$f":"G65","v":0},{"$f":"H65","v":0},null,{"$f":"J65","v":0},{"$f":"K65","v":0},null,{"$f":"M65","v":0},{"$f":"N65","v":0},null,{"$f":"P65","v":0},{"$f":"Q65","v":0},null,{"$f":"S65","v":0},{"$f":"T65","v":0},null,{"$f":"V65","v":0},{"$f":"W65","v":0},null,{"$f":"Y65","v":0},{"$f":"Z65","v":0},null,{"$f":"AB65","v":0},{"$f":"AC65","v":0}]
[]
["Revenue Requirement",null,null,{"$f":"SUM(D34:D38)","v":0},{"$f":"SUM(E34:E38)","v":0},null,{"$f":"SUM(G34:G38)","v":0},{"$f":"SUM(H34:H38)","v":0},null,{"$f":"SUM(J34:J38)","v":0},{"$f":"SUM(K34:K38)","v":0},null,{"$f":"SUM(M34:M38)","v":0},{"$f":"SUM(N34:N38)","v":0},null,{"$f":"SUM(P34:P38)","v":0},{"$f":"SUM(Q34:Q38)","v":0},null,{"$f":"SUM(S34:S38)","v":0},{"$f":"SUM(T34:T38)","v":0},null,{"$f":"SUM(V34:V38)","v":0},{"$f":"SUM(W34:W38)","v":0},null,{"$f":"SUM(Y34:Y38)","v":0},{"$f":"SUM(Z34:Z38)","v":0},null,{"$f":"SUM(AB34:AB38)","v":0},{"$f":"SUM(AC34:AC38)","v":0}]
[]
[]
["Provincial Rate Protection",null,null,null,{"$f":"E40","v":0},null,null,{"$f":"H40","v":0},null,null,{"$f":"K40","v":0},null,null,{"$f":"N40","v":0},null,null,{"$f":"Q40","v":0},null,null,{"$f":"T40","v":0},null,null,{"$f":"W40","v":0},null,null,{"$f":"Z40","v":0},null,null,{"$f":"AC40","v":0}]
[]
["Monthly Amount Paid by IESO",null,null,null,{"$f":"E43/12","v":0},null,null,{"$f":"H43/12","v":0},null,null,{"$f":"K43/12","v":0},null,null,{"$f":"N43/12","v":0},null,null,{"$f":"Q43/12","v":0},null,null,{"$f":"T43/12","v":0},null,null,{"$f":"W43/12","v":0},null,null,{"$f":"Z43/12","v":0},null,null,{"$f":"AC43/12","v":0}]
[]
["Note 1: The difference between the actual costs of approved eligible investments and revenue received from the IESO should be recorded in a variance account.  The Board may provide "]
["regulatory accounting guidance regarding a variance account either in an individual proceeding or on a generic basis."]
["Note 2: For the 2016 Test Year, Costs and Revenues of the Direct Benefit are to be included in the test year applicant Rate Base and Revenues.  "]
[]
["PILs Calculation"]
[null,null,null,2012,null,null,2013,null,null,2014,null,null,2015,null,null,2016,null,null,{"$f":"P52+1","v":2017},null,null,{"$f":"S52+1","v":2018},null,null,{"$f":"V52+1","v":2019},null,null,{"$f":"Y52+1","v":2020}]
["Income Tax",null,null,"Direct Benefit","Provincial",null,"Direct Benefit","Provincial",null,"Direct Benefit","Provincial",null,"Direct Benefit","Provincial",null,"Direct Benefit","Provincial",null,"Direct Benefit","Provincial",null,"Direct Benefit","Provincial",null,"Direct Benefit","Provincial",null,"Direct Benefit","Provincial"]
[null,null,null,null,null,null,null,null,null,null,null,null,null,null,null,null,null,null,null,null,null,null,null,"Total",null,null,"Total"]
["Net Income - ROE on Rate Base",null,null,{"$f":"D33","v":0},{"$f":"E33","v":0},null,{"$f":"G33","v":0},{"$f":"H33","v":0},null,{"$f":"J33","v":0},{"$f":"K33","v":0},null,{"$f":"M33","v":0},{"$f":"N33","v":0},null,{"$f":"P33","v":0},{"$f":"Q33","v":0},null,{"$f":"S33","v":0},{"$f":"T33","v":0},null,{"$f":"V33","v":0},{"$f":"W33","v":0},null,{"$f":"Y33","v":0},{"$f":"Z33","v":0},null,{"$f":"AB33","v":0},{"$f":"AC33","v":0}]
["Amortization (6% DB and 94% P)",null,null,{"$f":"D37","v":0},{"$f":"E37","v":0},null,{"$f":"G37","v":0},{"$f":"H37","v":0},null,{"$f":"J37","v":0},{"$f":"K37","v":0},null,{"$f":"M37","v":0},{"$f":"N37","v":0},null,{"$f":"P37","v":0},{"$f":"Q37","v":0},null,{"$f":"S37","v":0},{"$f":"T37","v":0},null,{"$f":"V37","v":0},{"$f":"W37","v":0},null,{"$f":"Y37","v":0},{"$f":"Z37","v":0},null,{"$f":"AB37","v":0},{"$f":"AC37","v":0}]
["CCA (6% DB and 94% P)",null,null,{"$f":"-D94*D$19","v":0},{"$f":"-D94*E$19","v":0},null,{"$f":"-E94*G19","v":0},{"$f":"-E94*H$19","v":0},null,{"$f":"-F94*J$19","v":0},{"$f":"-F94*K$19","v":0},null,{"$f":"-G94*M$19","v":0},{"$f":"-G94*N$19","v":0},null,{"$f":"-H94*P$19","v":0},{"$f":"-H94*Q$19","v":0},null,{"$f":"-I94*S$19","v":0},{"$f":"-I94*T$19","v":0},null,{"$f":"-J94*V$19","v":0},{"$f":"-J94*W$19","v":0},null,{"$f":"-K94*Y$19","v":0},{"$f":"-K94*Z$19","v":0},null,{"$f":"-L94*AB$19","v":0},{"$f":"-L94*AC$19","v":0}]
["Taxable income",null,null,{"$f":"SUM(D55:D57)","v":0},{"$f":"SUM(E55:E57)","v":0},null,{"$f":"SUM(G55:G57)","v":0},{"$f":"SUM(H55:H57)","v":0},null,{"$f":"SUM(J55:J57)","v":0},{"$f":"SUM(K55:K57)","v":0},null,{"$f":"SUM(M55:M57)","v":0},{"$f":"SUM(N55:N57)","v":0},null,{"$f":"SUM(P55:P57)","v":0},{"$f":"SUM(Q55:Q57)","v":0},null,{"$f":"SUM(S55:S57)","v":0},{"$f":"SUM(T55:T57)","v":0},null,{"$f":"SUM(V55:V57)","v":0},{"$f":"SUM(W55:W57)","v":0},null,{"$f":"SUM(Y55:Y57)","v":0},{"$f":"SUM(Z55:Z57)","v":0},null,{"$f":"SUM(AB55:AB57)","v":0},{"$f":"SUM(AC55:AC57)","v":0}]
[]
["Tax Rate  (to be entered)"]
[]
["Income Taxes Payable",null,null,{"$f":"D58*D60","v":0},{"$f":"E58*E60","v":0},null,{"$f":"G58*G60","v":0},{"$f":"H58*H60","v":0},null,{"$f":"J58*J60","v":0},{"$f":"K58*K60","v":0},null,{"$f":"M58*M60","v":0},{"$f":"N58*N60","v":0},null,{"$f":"P58*P60","v":0},{"$f":"Q58*Q60","v":0},null,{"$f":"S58*S60","v":0},{"$f":"T58*T60","v":0},null,{"$f":"V58*V60","v":0},{"$f":"W58*W60","v":0},null,{"$f":"Y58*Y60","v":0},{"$f":"Z58*Z60","v":0},null,{"$f":"AB58*AB60","v":0},{"$f":"AC58*AC60","v":0}]
["Gross Up"]
["Income Taxes Payable",null,null,{"$f":"D62/(1-D60)","v":0},{"$f":"E62/(1-E60)","v":0},null,{"$f":"G62/(1-G60)","v":0},{"$f":"H62/(1-H60)","v":0},null,{"$f":"J62/(1-J60)","v":0},{"$f":"K62/(1-K60)","v":0},null,{"$f":"M62/(1-M60)","v":0},{"$f":"N62/(1-N60)","v":0},null,{"$f":"P62/(1-P60)","v":0},{"$f":"Q62/(1-Q60)","v":0},null,{"$f":"S62/(1-S60)","v":0},{"$f":"T62/(1-T60)","v":0},null,{"$f":"V62/(1-V60)","v":0},{"$f":"W62/(1-W60)","v":0},null,{"$f":"Y62/(1-Y60)","v":0},{"$f":"Z62/(1-Z60)","v":0},null,{"$f":"AB62/(1-AB60)","v":0},{"$f":"AC62/(1-AC60)","v":0}]
["Grossed Up PILs",null,null,{"$f":"SUM(D64:D64)","v":0},{"$f":"SUM(E64:E64)","v":0},null,{"$f":"SUM(G64:G64)","v":0},{"$f":"SUM(H64:H64)","v":0},null,{"$f":"SUM(J64:J64)","v":0},{"$f":"SUM(K64:K64)","v":0},null,{"$f":"SUM(M64:M64)","v":0},{"$f":"SUM(N64:N64)","v":0},null,{"$f":"SUM(P64:P64)","v":0},{"$f":"SUM(Q64:Q64)","v":0},null,{"$f":"SUM(S64:S64)","v":0},{"$f":"SUM(T64:T64)","v":0},null,{"$f":"SUM(V64:V64)","v":0},{"$f":"SUM(W64:W64)","v":0},null,{"$f":"SUM(Y64:Y64)","v":0},{"$f":"SUM(Z64:Z64)","v":0},null,{"$f":"SUM(AB64:AB64)","v":0},{"$f":"SUM(AC64:AC64)","v":0}]
[]
[]
[null,null,null,2012,2013,2014,2015,2016,{"$f":"H68+1","v":2017},{"$f":"I68+1","v":2018},2019,2020]
["Net Fixed Assets"]
[null,"Enter applicable amortization in years:",25]
["Opening Gross Fixed Assets",null,null,null,{"$f":"D73","v":0},0,0,0,{"$f":"H73","v":0},{"$f":"I73","v":0},{"$f":"J73","v":0},{"$f":"K73","v":0}]
["Gross Capital Additions",null,null,{"$f":"'App.2-FA Proposed REG Invest.'!C62","v":0},{"$f":"'App.2-FA Proposed REG Invest.'!D62","v":0},{"$f":"'App.2-FA Proposed REG Invest.'!E62","v":0},{"$f":"'App.2-FA Proposed REG Invest.'!F62","v":0},{"$f":"'App.2-FA Proposed REG Invest.'!G62","v":0},{"$f":"'App.2-FA Proposed REG Invest.'!H62","v":0},{"$f":"'App.2-FA Proposed REG Invest.'!I62","v":0},{"$f":"'App.2-FA Proposed REG Invest.'!J62","v":0},{"$f":"'App.2-FA Proposed REG Invest.'!K62","v":0}]
["Closing Gross Fixed Assets",null,null,{"$f":"SUM(D71:D72)","v":0},0,0,0,{"$f":"SUM(H71:H72)","v":0},{"$f":"SUM(I71:I72)","v":0},0,0,0]
[]
["Opening Accumulated Amortization",null,null,null,{"$f":"+D78","v":0},{"$f":"E78","v":0},0,0,0,0,0,0]
["Current Year Amortization (before additions)",null,null,{"$f":"IF(ISERROR(D71/$C$70), 0, D71/$C$70)","v":0},0,0,0,0,{"$f":"IF(ISERROR(I71/$C$70), 0, I71/$C$70)","v":0},{"$f":"IF(ISERROR(J71/$C$70), 0, J71/$C$70)","v":0},{"$f":"IF(ISERROR(K71/$C$70), 0, K71/$C$70)","v":0},{"$f":"IF(ISERROR(L71/$C$70), 0, L71/$C$70)","v":0}]
["Additions (half year)",null,null,{"$f":"D72/$C$70/2","v":0},{"$f":"E72/$C$70/2","v":0},{"$f":"F72/$C$70/2","v":0},0,{"$f":"H72/$C$70/2","v":0},{"$f":"I72/C70/2","v":0},{"$f":"J72/C70/2","v":0},{"$f":"K72/C70/2","v":0},{"$f":"L72/C70/2","v":0}]
["Closing Accumulated Amortization",null,null,{"$f":"SUM(D75+D76+D77)","v":0},{"$f":"SUM(E75+E76+E77)","v":0},{"$f":"SUM(F75+F76+F77)","v":0},{"$f":"SUM(G75+G76+G77)","v":0},{"$f":"SUM(H75+H76+H77)","v":0},{"$f":"SUM(I75:I77)","v":0},{"$f":"SUM(J75:J77)","v":0},{"$f":"SUM(K75:K77)","v":0},{"$f":"SUM(L75:L77)","v":0}]
[]
["Opening Net Fixed Assets",null,null,{"$f":"D71-D75","v":0},0,{"$f":"F71-F75","v":0},0,{"$f":"H71-H75","v":0},{"$f":"H81","v":0},{"$f":"I81","v":0},{"$f":"J81","v":0},{"$f":"K81","v":0}]
["Closing Net Fixed Assets",null,null,{"$f":"D73-D78","v":0},{"$f":"E73-E78","v":0},0,0,{"$f":"H73-H78","v":0},{"$f":"I73-I78","v":0},{"$f":"J73-J78","v":0},{"$f":"K73-K78","v":0},{"$f":"L73-L78","v":0}]
["Average Net Fixed Assets",null,null,{"$f":"SUM(D80:D81)/2","v":0},0,0,0,{"$f":"SUM(H80:H81)/2","v":0},{"$f":"SUM(I80:I81)/2","v":0},{"$f":"SUM(J80:J81)/2","v":0},{"$f":"SUM(K80:K81)/2","v":0},{"$f":"SUM(L80:L81)/2","v":0}]
[]
["UCC for PILs Calculation"]
[null,null,null,2012,2013,2014,2015,2016,{"$f":"H85+1","v":2017},{"$f":"I85+1","v":2018},2019,2020]
[]
["Opening UCC",null,null,null,{"$f":"D95","v":0},0,0,0,0,0,0,0]
["Capital Additions (from Appendix 2-FA)",null,null,{"$f":"D72","v":0},0,0,0,{"$f":"H72","v":0},{"$f":"I72","v":0},0,0,0]
["UCC Before Half Year Rule",null,null,{"$f":"SUM(D87:D88)","v":0},0,0,0,{"$f":"SUM(H87:H88)","v":0},{"$f":"SUM(I87:I88)","v":0},{"$f":"SUM(J87:J88)","v":0},{"$f":"SUM(K87:K88)","v":0},{"$f":"SUM(L87:L88)","v":0}]
["Half Year Rule (1/2 Additions - Disposals)",null,null,{"$f":"D88/2","v":0},0,0,0,{"$f":"H88/2","v":0},{"$f":"I88/2","v":0},{"$f":"J88/2","v":0},{"$f":"K88/2","v":0},{"$f":"L88/2","v":0}]
["Reduced UCC",null,null,{"$f":"D89-D90","v":0},0,0,0,{"$f":"H89-H90","v":0},{"$f":"I89-I90","v":0},{"$f":"J89-J90","v":0},{"$f":"K89-K90","v":0},{"$f":"L89-L90","v":0}]
["CCA Rate Class (to be entered)",null,47,{"$f":"C92","v":47},{"$f":"D92","v":47},47,47,47,47,47,47,47]
["CCA Rate  (to be entered)",null,0.08,{"$f":"C93","v":0.08},0.08,0.08,0.08,0.08,0.08,0.08,0.08,0.08]
["CCA",null,null,{"$f":"D91*D93","v":0},0,0,0,{"$f":"H91*H93","v":0},{"$f":"I91*I93","v":0},0,0,{"$f":"L91*L93","v":0}]
["Closing UCC",null,null,{"$f":"D89-D94","v":0},0,0,0,{"$f":"H89-H94","v":0},{"$f":"I89-I94","v":0},{"$f":"J89-J94","v":0},{"$f":"K89-K94","v":0},{"$f":"L89-L94","v":0}]

{"sheet":"App.2-FC Calc of REG Expansion","index":33,"n_rows":95,"n_cols":30,"rows_kept":95,"cut":false,"hidden":false,"merged":[[8,0,8,14],[9,0,9,14],[11,0,11,14],[12,0,12,14],[14,0,14,14],[17,3,17,5],[17,6,17,8],[17,9,17,11],[17,12,17,14],[17,15,17,17],[17,18,17,20],[17,21,17,23],[17,24,17,26],[17,27,17,29],[52,22,52,23],[52,25,52,26],[52,28,52,29],[47,0,47,20],[49,0,49,21],[50,0,50,1],[52,4,52,5],[52,7,52,8],[52,10,52,11],[52,13,52,14],[52,16,52,17],[52,19,52,20]]}
[null,null,null,null,null,null,null,null,null,null,null,null,null,"File Number:",{"$f":"EBNUMBER","v":"EB-2014-0105"}]
[null,null,null,null,null,null,null,null,null,null,null,null,null,"Exhibit:"]
[null,null,null,null,null,null,null,null,null,null,null,null,null,"Tab:"]
[null,null,null,null,null,null,null,null,null,null,null,null,null,"Schedule:"]
[null,null,null,null,null,null,null,null,null,null,null,null,null,"Page:"]
[]
[null,null,null,null,null,null,null,null,null,null,null,null,null,"Date:"]
[]
["Appendix 2-FC"]
["Calculation of Renewable Generation Connection Direct Benefits/Provincial Amount: Renewable Expansion Investments"]
[]
["This table will calculate the distributor/provincial shares of the investments entered in Part B of Appendix 2-FA."]
["Enter values in green shaded cells: WCA percentage, debt percentages, interest rates, kWh, tax rates, amortization period, CCA Class and percentage."]
["For historical investments, enter these variables for your last cost of service test year.  For 2016 and beyond, enter variables as in the application."]
["Rate Riders are not calculated for Test Year as these assets and costs are already in the distributor's rate base."]
[]
[]
[null,null,null,2012,null,null,2013,null,null,2014,null,null,2015,null,null,"2016 TEST YEAR",null,null,2017,2016,null,2018,null,null,2019,null,null,2020]
[null,null,null,null,"Direct Benefit","Provincial",null,"Direct Benefit","Provincial",null,"Direct Benefit","Provincial",null,"Direct Benefit","Provincial",null,"Direct Benefit","Provincial",null,"Direct Benefit","Provincial",null,"Direct Benefit","Provincial",null,"Direct Benefit","Provincial",null,"Direct Benefit","Provincial"]
[null,null,null,"Total",0.17,0.83,"Total",0.17,0.83,"Total",0.17,0.83,"Total",0.17,0.83,"Total",0.17,0.83,"Total",0.17,0.83,"Total",0.17,0.83,"Total",0.17,0.83,"Total",0.17,0.83]
["Net Fixed Assets (average)",null,null,{"$f":"D82","v":0},{"$f":"D21*E20","v":0},{"$f":"D21*F20","v":0},{"$f":"E82","v":0},{"$f":"G21*H20","v":0},{"$f":"G21*I20","v":0},{"$f":"F82","v":0},{"$f":"J21*K20","v":0},{"$f":"J21*L20","v":0},{"$f":"G82","v":0},{"$f":"M21*N20","v":0},{"$f":"M21*O20","v":0},{"$f":"H82","v":0},{"$f":"P21*Q20","v":0},{"$f":"P21*R20","v":0},{"$f":"I82","v":0},{"$f":"S21*T20","v":0},{"$f":"S21*U20","v":0},{"$f":"J82","v":0},{"$f":"V21*W20","v":0},{"$f":"V21*X20","v":0},{"$f":"K82","v":0},{"$f":"Y21*Z20","v":0},{"$f":"Y21*AA20","v":0},{"$f":"L82","v":0},{"$f":"AB21*AC20","v":0},{"$f":"AB21*AD20","v":0}]
["Incremental OM&A (on-going, N/A for Provincial Recovery)",null,null,{"$f":"'App.2-FA Proposed REG Invest.'!C101","v":0},{"$f":"D22","v":0},null,{"$f":"'App.2-FA Proposed REG Invest.'!D$101","v":0},{"$f":"G22","v":0},null,{"$f":"'App.2-FA Proposed REG Invest.'!E$101","v":0},{"$f":"J22","v":0},null,{"$f":"'App.2-FA Proposed REG Invest.'!F$101","v":0},{"$f":"M22","v":0},null,{"$f":"'App.2-FA Proposed REG Invest.'!G$101","v":0},{"$f":"P22","v":0},null,{"$f":"'App.2-FA Proposed REG Invest.'!H$101","v":0},{"$f":"S22","v":0},null,{"$f":"'App.2-FA Proposed REG Invest.'!I$101","v":0},{"$f":"V22","v":0},null,{"$f":"'App.2-FA Proposed REG Invest.'!J$101","v":0},{"$f":"Y22","v":0},null,{"$f":"'App.2-FA Proposed REG Invest.'!K$101","v":0},{"$f":"AB22","v":0}]
["Incremental OM&A (start-up, applicable for Provincial Recovery)",null,null,{"$f":"'App.2-FA Proposed REG Invest.'!C100","v":0},{"$f":"D23*E20","v":0},{"$f":"D23*F20","v":0},{"$f":"'App.2-FA Proposed REG Invest.'!D$100","v":0},{"$f":"G23*H20","v":0},{"$f":"G23*I20","v":0},{"$f":"'App.2-FA Proposed REG Invest.'!E$100","v":0},{"$f":"J23*K20","v":0},{"$f":"J23*L20","v":0},{"$f":"'App.2-FA Proposed REG Invest.'!F$100","v":0},{"$f":"M23*N20","v":0},{"$f":"M23*O20","v":0},{"$f":"'App.2-FA Proposed REG Invest.'!G$100","v":0},{"$f":"P23*Q20","v":0},{"$f":"P23*R20","v":0},{"$f":"'App.2-FA Proposed REG Invest.'!H$100","v":0},{"$f":"S23*T20","v":0},{"$f":"S23*U20","v":0},{"$f":"'App.2-FA Proposed REG Invest.'!I$100","v":0},{"$f":"V23*W20","v":0},{"$f":"V23*X20","v":0},{"$f":"'App.2-FA Proposed REG Invest.'!J$100","v":0},{"$f":"Y23*Z20","v":0},{"$f":"Y23*AA20","v":0},{"$f":"'App.2-FA Proposed REG Invest.'!K$100","v":0},{"$f":"AB23*AC20","v":0},{"$f":"AB23*AD20","v":0}]
["WCA",null,null,null,{"$f":"(E22+E23)*$B$24","v":0},{"$f":"F23*$B$24","v":0},null,{"$f":"(H22+H23)*$B$24","v":0},{"$f":"I23*$B$24","v":0},null,{"$f":"(K22+K23)*$B$24","v":0},{"$f":"L23*$B$24","v":0},null,{"$f":"(N22+N23)*$B$24","v":0},{"$f":"O23*$B$24","v":0},null,{"$f":"(Q22+Q23)*$B$24","v":0},{"$f":"R23*$B$24","v":0},null,{"$f":"(T22+T23)*$B$24","v":0},{"$f":"U23*$B$24","v":0},null,{"$f":"(W22+W23)*$B$24","v":0},{"$f":"X23*$B$24","v":0},null,{"$f":"(Z22+Z23)*$B$24","v":0},{"$f":"AA23*$B$24","v":0},null,{"$f":"(AC22+AC23)*$B$24","v":0},{"$f":"AD23*$B$24","v":0}]
["Rate Base",null,null,null,{"$f":"SUM(E21+E24)","v":0},{"$f":"SUM(F21+F24)","v":0},null,{"$f":"SUM(H21+H24)","v":0},{"$f":"SUM(I21+I24)","v":0},null,{"$f":"SUM(K21+K24)","v":0},{"$f":"SUM(L21+L24)","v":0},null,{"$f":"SUM(N21+N24)","v":0},{"$f":"SUM(O21+O24)","v":0},null,{"$f":"SUM(Q21+Q24)","v":0},{"$f":"SUM(R21+R24)","v":0},null,{"$f":"SUM(T21+T24)","v":0},{"$f":"SUM(U21+U24)","v":0},null,{"$f":"SUM(W21+W24)","v":0},{"$f":"SUM(X21+X24)","v":0},null,{"$f":"SUM(Z21+Z24)","v":0},{"$f":"SUM(AA21+AA24)","v":0},null,{"$f":"SUM(AC21+AC24)","v":0},{"$f":"SUM(AD21+AD24)","v":0}]
[]
[]
["Deemed ST Debt",null,null,null,{"$f":"E25*$B$28","v":0},{"$f":"F25*$B$28","v":0},null,{"$f":"H25*$B$28","v":0},{"$f":"I25*$B$28","v":0},null,{"$f":"K25*$B$28","v":0},{"$f":"L25*$B$28","v":0},null,{"$f":"N25*$B$28","v":0},{"$f":"O25*$B$28","v":0},null,{"$f":"Q25*$B$28","v":0},{"$f":"R25*$B$28","v":0},null,{"$f":"T25*$B$28","v":0},{"$f":"U25*$B$28","v":0},null,{"$f":"W25*$B$28","v":0},{"$f":"X25*$B$28","v":0},null,{"$f":"Z25*$B$28","v":0},{"$f":"AA25*$B$28","v":0},null,{"$f":"AC25*$B$28","v":0},{"$f":"AD25*$B$28","v":0}]
["Deemed LT Debt",null,null,null,{"$f":"E25*$B$29","v":0},{"$f":"F25*$B$29","v":0},null,{"$f":"H25*$B$29","v":0},{"$f":"I25*$B$29","v":0},null,{"$f":"K25*$B$29","v":0},{"$f":"L25*$B$29","v":0},null,{"$f":"N25*$B$29","v":0},{"$f":"O25*$B$29","v":0},null,{"$f":"Q25*$B$29","v":0},{"$f":"R25*$B$29","v":0},null,{"$f":"T25*$B$29","v":0},{"$f":"U25*$B$29","v":0},null,{"$f":"W25*$B$29","v":0},{"$f":"X25*$B$29","v":0},null,{"$f":"Z25*$B$29","v":0},{"$f":"AA25*$B$29","v":0},null,{"$f":"AC25*$B$29","v":0},{"$f":"AD25*$B$29","v":0}]
["Deemed Equity",null,null,null,{"$f":"E25*$B$30","v":0},{"$f":"F25*$B$30","v":0},null,{"$f":"H25*$B$30","v":0},{"$f":"I25*$B$30","v":0},null,{"$f":"K25*$B$30","v":0},{"$f":"L25*$B$30","v":0},null,{"$f":"N25*$B$30","v":0},{"$f":"O25*$B$30","v":0},null,{"$f":"Q25*$B$30","v":0},{"$f":"R25*$B$30","v":0},null,{"$f":"T25*$B$30","v":0},{"$f":"U25*$B$30","v":0},null,{"$f":"W25*$B$30","v":0},{"$f":"X25*$B$30","v":0},null,{"$f":"Z25*$B$30","v":0},{"$f":"AA25*$B$30","v":0},null,{"$f":"AC25*$B$30","v":0},{"$f":"AD25*$B$30","v":0}]
[]
["ST Interest",null,null,null,{"$f":"E28*$B$32","v":0},{"$f":"F28*$B$32","v":0},null,{"$f":"H28*$B$32","v":0},{"$f":"I28*$B$32","v":0},null,{"$f":"K28*$B$32","v":0},{"$f":"L28*$B$32","v":0},null,{"$f":"N28*$B$32","v":0},{"$f":"O28*$B$32","v":0},null,{"$f":"Q28*$B$32","v":0},{"$f":"R28*$B$32","v":0},null,{"$f":"T28*$B$32","v":0},{"$f":"U28*$B$32","v":0},null,{"$f":"W28*$B$32","v":0},{"$f":"X28*$B$32","v":0},null,{"$f":"Z28*$B$32","v":0},{"$f":"AA28*$B$32","v":0},null,{"$f":"AC28*$B$32","v":0},{"$f":"AD28*$B$32","v":0}]
["LT Interest",null,null,null,{"$f":"E29*$B$33","v":0},{"$f":"F29*$B$33","v":0},null,{"$f":"H29*$B$33","v":0},{"$f":"I29*$B$33","v":0},null,{"$f":"K29*$B$33","v":0},{"$f":"L29*$B$33","v":0},null,{"$f":"N29*$B$33","v":0},{"$f":"O29*$B$33","v":0},null,{"$f":"Q29*$B$33","v":0},{"$f":"R29*$B$33","v":0},null,{"$f":"T29*$B$33","v":0},{"$f":"U29*$B$33","v":0},null,{"$f":"W29*$B$33","v":0},{"$f":"X29*$B$33","v":0},null,{"$f":"Z29*$B$33","v":0},{"$f":"AA29*$B$33","v":0},null,{"$f":"AC29*$B$33","v":0},{"$f":"AD29*$B$33","v":0}]
["ROE",null,null,null,{"$f":"E30*$B$34","v":0},{"$f":"F30*$B$34","v":0},null,{"$f":"H30*$B$34","v":0},{"$f":"I30*$B$34","v":0},null,{"$f":"K30*$B$34","v":0},{"$f":"L30*$B$34","v":0},null,{"$f":"N30*$B$34","v":0},{"$f":"O30*$B$34","v":0},null,{"$f":"Q30*$B$34","v":0},{"$f":"R30*$B$34","v":0},null,{"$f":"T30*$B$34","v":0},{"$f":"U30*$B$34","v":0},null,{"$f":"W30*$B$34","v":0},{"$f":"X30*$B$34","v":0},null,{"$f":"Z30*$B$34","v":0},{"$f":"AA30*$B$34","v":0},null,{"$f":"AC30*$B$34","v":0},{"$f":"AD30*$B$34","v":0}]
["Cost of Capital Total",null,null,null,{"$f":"SUM(E32:E34)","v":0},{"$f":"SUM(F32:F34)","v":0},null,{"$f":"SUM(H32:H34)","v":0},{"$f":"SUM(I32:I34)","v":0},null,{"$f":"SUM(K32:K34)","v":0},{"$f":"SUM(L32:L34)","v":0},null,{"$f":"SUM(N32:N34)","v":0},{"$f":"SUM(O32:O34)","v":0},null,{"$f":"SUM(Q32:Q34)","v":0},{"$f":"SUM(R32:R34)","v":0},null,{"$f":"SUM(T32:T34)","v":0},{"$f":"SUM(U32:U34)","v":0},null,{"$f":"SUM(W32:W34)","v":0},{"$f":"SUM(X32:X34)","v":0},null,{"$f":"SUM(Z32:Z34)","v":0},{"$f":"SUM(AA32:AA34)","v":0},null,{"$f":"SUM(AC32:AC34)","v":0},{"$f":"SUM(AD32:AD34)","v":0}]
[]
["OM&A",null,null,null,{"$f":"E22+E23","v":0},{"$f":"F23","v":0},null,{"$f":"H22+H23","v":0},{"$f":"I23","v":0},null,{"$f":"K22+K23","v":0},{"$f":"L23","v":0},null,{"$f":"N22+N23","v":0},{"$f":"O23","v":0},null,{"$f":"Q22+Q23","v":0},{"$f":"R23","v":0},null,{"$f":"T22+T23","v":0},{"$f":"U23","v":0},null,{"$f":"W22+W23","v":0},{"$f":"X23","v":0},null,{"$f":"Z22+Z23","v":0},{"$f":"AA23","v":0},null,{"$f":"AC22+AC23","v":0},{"$f":"AD23","v":0}]
["Amortization",null,null,{"$f":"D78","v":0},{"$f":"D38*E$20","v":0},{"$f":"D38*F$20","v":0},{"$f":"E78","v":0},{"$f":"G38*H$20","v":0},{"$f":"G38*I$20","v":0},{"$f":"F78","v":0},{"$f":"J38*K$20","v":0},{"$f":"J38*L$20","v":0},{"$f":"G78","v":0},{"$f":"M38*N$20","v":0},{"$f":"M38*O$20","v":0},{"$f":"H76+H77","v":0},{"$f":"P38*Q$20","v":0},{"$f":"P38*R$20","v":0},{"$f":"I76+I77","v":0},{"$f":"S38*T$20","v":0},{"$f":"S38*U$20","v":0},{"$f":"J76+J77","v":0},{"$f":"V38*W$20","v":0},{"$f":"V38*X$20","v":0},{"$f":"K76+K77","v":0},{"$f":"Y38*Z$20","v":0},{"$f":"Y38*AA$20","v":0},{"$f":"L76+L77","v":0},{"$f":"AB38*AC$20","v":0},{"$f":"AB38*AD$20","v":0}]
["Grossed-up PILs",null,null,null,{"$f":"E66","v":0},{"$f":"F66","v":0},null,{"$f":"H66","v":0},{"$f":"I66","v":0},null,{"$f":"K66","v":0},{"$f":"L66","v":0},null,{"$f":"N66","v":0},{"$f":"O66","v":0},null,{"$f":"Q66","v":0},{"$f":"R66","v":0},null,{"$f":"T66","v":0},{"$f":"U66","v":0},null,{"$f":"W66","v":0},{"$f":"X66","v":0},null,{"$f":"Z66","v":0},{"$f":"AA66","v":0},null,{"$f":"AC66","v":0},{"$f":"AD66","v":0}]
[]
["Revenue Requirement",null,null,null,{"$f":"SUM(E35:E39)","v":0},{"$f":"SUM(F35:F39)","v":0},null,{"$f":"SUM(H35:H39)","v":0},{"$f":"SUM(I35:I39)","v":0},null,{"$f":"SUM(K35:K39)","v":0},{"$f":"SUM(L35:L39)","v":0},null,{"$f":"SUM(N35:N39)","v":0},{"$f":"SUM(O35:O39)","v":0},null,{"$f":"SUM(Q35:Q39)","v":0},{"$f":"SUM(R35:R39)","v":0},null,{"$f":"SUM(T35:T39)","v":0},{"$f":"SUM(U35:U39)","v":0},null,{"$f":"SUM(W35:W39)","v":0},{"$f":"SUM(X35:X39)","v":0},null,{"$f":"SUM(Z35:Z39)","v":0},{"$f":"SUM(AA35:AA39)","v":0},null,{"$f":"SUM(AC35:AC39)","v":0},{"$f":"SUM(AD35:AD39)","v":0}]
[]
[]
["Provincial Rate Protection",null,null,null,null,{"$f":"F41","v":0},null,null,{"$f":"I41","v":0},null,null,{"$f":"L41","v":0},null,null,{"$f":"O41","v":0},null,null,{"$f":"R41","v":0},null,null,{"$f":"U41","v":0},null,null,{"$f":"X41","v":0},null,null,{"$f":"AA41","v":0},null,null,{"$f":"AD41","v":0}]
[]
["Monthly Amount Paid by IESO",null,null,null,null,{"$f":"F44/12","v":0},null,null,{"$f":"I44/12","v":0},null,null,{"$f":"L44/12","v":0},null,null,{"$f":"O44/12","v":0},null,null,{"$f":"R44/12","v":0},null,null,{"$f":"U44/12","v":0},null,null,{"$f":"X44/12","v":0},null,null,{"$f":"AA44/12","v":0},null,null,{"$f":"AD44/12","v":0}]
[]
["Note 1: The difference between the actual costs of approved eligible investments and revenue received from the IESO should be recorded in a variance account.  The Board may provide "]
["regulatory accounting guidance regarding a variance account either in an individual proceeding or on a generic basis."]
["Note 2: For the 2016 Test Year, Costs and Revenues of the Direct Benefit are to be included in the test year applicant Rate Base and Revenues."]
[]
["PILs Calculation"]
[null,null,null,null,2012,null,null,2013,null,null,2014,null,null,2015,null,null,"2016 TEST YEAR",null,null,2017,null,null,2018,null,null,2019,null,null,2020]
["Income Tax",null,null,null,"Direct Benefit","Provincial",null,"Direct Benefit","Provincial",null,"Direct Benefit","Provincial",null,"Direct Benefit","Provincial",null,"Direct Benefit","Provincial",null,"Direct Benefit","Provincial",null,"Direct Benefit","Provincial",null,"Direct Benefit","Provincial",null,"Direct Benefit","Provincial"]
[null,null,null,null,null,null,null,null,null,null,null,null,null,null,null,null,null,null,null,null,null,"Total",null,null,"Total",null,null,"Total"]
["Net Income - ROE on Rate Base",null,null,null,{"$f":"E34","v":0},{"$f":"F34","v":0},null,{"$f":"H34","v":0},{"$f":"I34","v":0},null,{"$f":"K34","v":0},{"$f":"L34","v":0},null,{"$f":"N34","v":0},{"$f":"O34","v":0},null,{"$f":"Q34","v":0},{"$f":"R34","v":0},null,{"$f":"T34","v":0},{"$f":"U34","v":0},null,{"$f":"W34","v":0},{"$f":"X34","v":0},null,{"$f":"Z34","v":0},{"$f":"AA34","v":0},null,{"$f":"AC34","v":0},{"$f":"AD34","v":0}]
["Amortization (17% DB and 83% P)",null,null,null,{"$f":"E38","v":0},{"$f":"F38","v":0},null,{"$f":"H38","v":0},{"$f":"I38","v":0},null,{"$f":"K38","v":0},{"$f":"L38","v":0},null,{"$f":"N38","v":0},{"$f":"O38","v":0},null,{"$f":"Q38","v":0},{"$f":"R38","v":0},null,{"$f":"T38","v":0},{"$f":"U38","v":0},null,{"$f":"W38","v":0},{"$f":"X38","v":0},null,{"$f":"Z38","v":0},{"$f":"AA38","v":0},null,{"$f":"AC38","v":0},{"$f":"AD38","v":0}]
["CCA (17% DB and 83% P)",null,null,null,{"$f":"-D94*E$20","v":0},{"$f":"-D94*F$20","v":0},null,{"$f":"-E94*H$20","v":0},{"$f":"-E94*I$20","v":0},null,{"$f":"-F94*K$20","v":0},{"$f":"-F94*L$20","v":0},null,{"$f":"-G94*N$20","v":0},{"$f":"-G94*O$20","v":0},null,{"$f":"-H94*Q$20","v":0},{"$f":"-H94*R$20","v":0},null,{"$f":"-I94*T$20","v":0},{"$f":"-I94*U$20","v":0},null,{"$f":"-J94*W$20","v":0},{"$f":"-J94*X$20","v":0},null,{"$f":"-K94*Z$20","v":0},{"$f":"-K94*AA$20","v":0},null,{"$f":"-L94*AC$20","v":0},{"$f":"-L94*AD$20","v":0}]
["Taxable income",null,null,null,{"$f":"SUM(E56:E58)","v":0},{"$f":"SUM(F56:F58)","v":0},null,{"$f":"SUM(H56:H58)","v":0},{"$f":"SUM(I56:I58)","v":0},null,{"$f":"SUM(K56:K58)","v":0},{"$f":"SUM(L56:L58)","v":0},null,{"$f":"SUM(N56:N58)","v":0},{"$f":"SUM(O56:O58)","v":0},null,{"$f":"SUM(Q56:Q58)","v":0},{"$f":"SUM(R56:R58)","v":0},null,{"$f":"SUM(T56:T58)","v":0},{"$f":"SUM(U56:U58)","v":0},null,{"$f":"SUM(W56:W58)","v":0},{"$f":"SUM(X56:X58)","v":0},null,{"$f":"SUM(Z56:Z58)","v":0},{"$f":"SUM(AA56:AA58)","v":0},null,{"$f":"SUM(AC56:AC58)","v":0},{"$f":"SUM(AD56:AD58)","v":0}]
[]
["Tax Rate  (to be entered)"]
[]
["Income Taxes Payable",null,null,null,{"$f":"E59*E61","v":0},{"$f":"F59*F61","v":0},null,{"$f":"H59*H61","v":0},{"$f":"I59*I61","v":0},null,{"$f":"K59*K61","v":0},{"$f":"L59*L61","v":0},null,{"$f":"N59*N61","v":0},{"$f":"O59*O61","v":0},null,{"$f":"Q59*Q61","v":0},{"$f":"R59*R61","v":0},null,{"$f":"T59*T61","v":0},{"$f":"U59*U61","v":0},null,{"$f":"W59*W61","v":0},{"$f":"X59*X61","v":0},null,{"$f":"Z59*Z61","v":0},{"$f":"AA59*AA61","v":0},null,{"$f":"AC59*AC61","v":0},{"$f":"AD59*AD61","v":0}]
["Gross Up"]
["Income Taxes Payable",null,null,null,{"$f":"E63/(1-E61)","v":0},{"$f":"F63/(1-F61)","v":0},null,{"$f":"H63/(1-H61)","v":0},{"$f":"I63/(1-I61)","v":0},null,{"$f":"K63/(1-K61)","v":0},{"$f":"L63/(1-L61)","v":0},null,{"$f":"N63/(1-N61)","v":0},{"$f":"O63/(1-O61)","v":0},null,{"$f":"Q63/(1-Q61)","v":0},{"$f":"R63/(1-R61)","v":0},null,{"$f":"T63/(1-T61)","v":0},{"$f":"U63/(1-U61)","v":0},null,{"$f":"W63/(1-W61)","v":0},{"$f":"X63/(1-X61)","v":0},null,{"$f":"Z63/(1-Z61)","v":0},{"$f":"AA63/(1-AA61)","v":0},null,{"$f":"AC63/(1-AC61)","v":0},{"$f":"AD63/(1-AD61)","v":0}]
["Grossed Up PILs",null,null,null,{"$f":"SUM(E65:E65)","v":0},{"$f":"SUM(F65:F65)","v":0},null,{"$f":"SUM(H65:H65)","v":0},{"$f":"SUM(I65:I65)","v":0},null,{"$f":"SUM(K65:K65)","v":0},{"$f":"SUM(L65:L65)","v":0},null,{"$f":"SUM(N65:N65)","v":0},{"$f":"SUM(O65:O65)","v":0},null,{"$f":"SUM(Q65:Q65)","v":0},{"$f":"SUM(R65:R65)","v":0},null,{"$f":"SUM(T65:T65)","v":0},{"$f":"SUM(U65:U65)","v":0},null,{"$f":"SUM(W65:W65)","v":0},{"$f":"SUM(X65:X65)","v":0},null,{"$f":"SUM(Z65:Z65)","v":0},{"$f":"SUM(AA65:AA65)","v":0},null,{"$f":"SUM(AC65:AC65)","v":0},{"$f":"SUM(AD65:AD65)","v":0}]
[]
[]
["Net Fixed Assets",null,null,2011,2012,2013,2014,2015,2016,2017,2018,2019]
[null,"Enter applicable amortization in years:",25]
["Opening Gross Fixed Assets",null,null,null,{"$f":"D73","v":0},0,0,0,0,0,0,0]
["Gross Capital Additions",null,null,{"$f":"'App.2-FA Proposed REG Invest.'!C99","v":0},{"$f":"'App.2-FA Proposed REG Invest.'!D99","v":0},{"$f":"'App.2-FA Proposed REG Invest.'!E99","v":0},{"$f":"'App.2-FA Proposed REG Invest.'!F99","v":0},{"$f":"'App.2-FA Proposed REG Invest.'!G99","v":0},{"$f":"'App.2-FA Proposed REG Invest.'!H99","v":0},{"$f":"'App.2-FA Proposed REG Invest.'!I99","v":0},{"$f":"'App.2-FA Proposed REG Invest.'!J99","v":0},{"$f":"'App.2-FA Proposed REG Invest.'!K99","v":0}]
["Closing Gross Fixed Assets",null,null,{"$f":"SUM(D71:D72)","v":0},0,0,0,0,0,0,0,0]
[]
["Opening Accumulated Amortization",null,null,null,{"$f":"+D78","v":0},{"$f":"E78","v":0},0,{"$f":"G78","v":0},{"$f":"H78","v":0},{"$f":"I78","v":0},{"$f":"J78","v":0},{"$f":"K78","v":0}]
["Current Year Amortization (before additions)",null,null,null,{"$f":"IF(ISERROR(E71/$C$70), 0, E71/$C$70)","v":0},0,0,{"$f":"H71/$C$70","v":0},{"$f":"I71/$C$70","v":0},{"$f":"J71/$C$70","v":0},{"$f":"K71/$C$70","v":0},{"$f":"L71/$C$70","v":0}]
["Additions (half year)",null,null,{"$f":"D72/C70/2","v":0},{"$f":"E72/C70/2","v":0},{"$f":"F72/C70/2","v":0},{"$f":"G72/C70/2","v":0},{"$f":"H72/C70/2","v":0},{"$f":"I72/C70/2","v":0},{"$f":"J72/C70/2","v":0},{"$f":"K72/C70/2","v":0},{"$f":"L72/C70/2","v":0}]
["Closing Accumulated Amortization",null,null,{"$f":"SUM(D75+D77)","v":0},{"$f":"SUM(E75:E77)","v":0},0,0,0,0,0,0,0]
[]
["Opening Net Fixed Assets",null,null,{"$f":"D71-D75","v":0},{"$f":"E71-E75","v":0},{"$f":"F71-F75","v":0},{"$f":"G71-G75","v":0},{"$f":"G81","v":0},{"$f":"H81","v":0},{"$f":"I81","v":0},{"$f":"J81","v":0},{"$f":"K81","v":0}]
["Closing Net Fixed Assets",null,null,{"$f":"D73-D78","v":0},0,0,0,0,0,0,0,0]
["Average Net Fixed Assets",null,null,{"$f":"SUM(D80:D81)/2","v":0},0,0,0,0,0,0,0,0]
[]
["UCC for PILs Calculation"]
[null,null,null,2014,2014,2014,2014,2015,2016,2017,2018,2019]
[]
["Opening UCC",null,null,null,{"$f":"D95","v":0},0,0,0,0,0,0,0]
["Capital Additions (from Appendix 2-FA)",null,null,{"$f":"D72","v":0},0,0,0,0,0,0,0,0]
["UCC Before Half Year Rule",null,null,{"$f":"SUM(D87:D88)","v":0},0,0,0,0,0,0,0,0]
["Half Year Rule (1/2 Additions - Disposals)",null,null,{"$f":"D88/2","v":0},0,0,0,0,0,0,0,0]
["Reduced UCC",null,null,{"$f":"D89-D90","v":0},0,0,0,0,0,0,0,0]
["CCA Rate Class (to be entered)",null,47,{"$f":"$C$92","v":47},{"$f":"$C$92","v":47},47,47,47,47,47,47,47]
["CCA Rate  (to be entered)",null,0.08,{"$f":"$C$93","v":0.08},{"$f":"$C$93","v":0.08},0.08,0.08,0.08,0.08,0.08,0.08,0.08]
["CCA",null,null,{"$f":"D91*D$93","v":0},{"$f":"E91*E$93","v":0},{"$f":"F91*F$93","v":0},{"$f":"G91*G$93","v":0},{"$f":"H91*H$93","v":0},0,0,0,0]
["Closing UCC",null,null,{"$f":"D89-D94","v":0},0,0,0,0,0,0,0,0]

{"sheet":"App.2-G SQI","index":34,"n_rows":37,"n_cols":11,"rows_kept":37,"cut":false,"hidden":false,"merged":[[18,1,18,4],[18,6,18,9],[21,0,21,10],[22,0,22,10],[17,0,17,10],[19,1,19,4],[19,6,19,9],[8,0,8,10],[9,0,9,10],[10,0,10,10],[12,0,13,0],[12,1,12,5],[12,6,12,10],[25,0,25,1],[26,0,26,1],[27,0,27,1],[33,0,33,1],[34,0,34,1],[35,0,35,1],[36,0,36,1],[28,0,28,1],[29,0,29,1],[30,0,30,1],[31,0,31,1],[32,0,32,1]]}
[null,null,null,null,null,null,null,null,"File Number:",null,{"$f":"EBNUMBER","v":"EB-2014-0105"}]
[null,null,null,null,null,null,null,null,"Exhibit:"]
[null,null,null,null,null,null,null,null,"Tab:"]
[null,null,null,null,null,null,null,null,"Schedule:"]
[null,null,null,null,null,null,null,null,"Page:"]
[]
[null,null,null,null,null,null,null,null,"Date:"]
[]
["Appendix 2-G"]
["Service Reliability Indicators"]
["2010 - 2014"]
[]
["Index","Including outages caused by loss of supply",null,null,null,null,"Excluding outages caused by loss of supply"]
[null,2010,2011,2012,2013,2014,2010,2011,2012,2013,2014]
["SAIDI ",1.21,10.69,3.31,3.97,1.74,0.71,2.39,1.69,0.91,1.24]
["SAIFI",1.4,6.01,2.25,3.04,3.99,0.79,1.43,1.08,0.81,0.79]
[]
["5 Year Historical Average"]
["SAIDI ",null,null,null,null,{"$f":"IF(ISERROR(AVERAGE(B15:F15)), \"\", AVERAGE(B15:F15))","v":4.1839999999999993},null,null,null,null,{"$f":"IF(ISERROR(AVERAGE(G15:K15)), \"\", AVERAGE(G15:K15))","v":1.3880000000000001}]
["SAIFI",null,null,null,null,{"$f":"IF(ISERROR(AVERAGE(B16:F16)), \"\", AVERAGE(B16:F16))","v":3.3379999999999996},null,null,null,null,{"$f":"IF(ISERROR(AVERAGE(G16:K16)), \"\", AVERAGE(G16:K16))","v":0.97999999999999987}]
[]
["SAIDI = System Average Interruption Duration Index"]
["SAIFI = System Average Interruption Frequency Index "]
[]
[]
["Indicator",null,"OEB Minimum Standard",2010,2011,2012,2013,2014]
["Low Voltage Connections",null,0.9,1,1,1,1,2]
["High Voltage Connections",null,0.9,"n/a","n/a","n/a","n/a","n/a"]
["Telephone Accessibility",null,0.65,1,1,1,1,1]
["Appointments Met",null,0.9,1,1,1,1,1]
["Written Response to Enquires",null,0.8,0.998,0.998,0.999,0.999,0.999]
["Emergency Urban Response",null,0.8,"n/a","n/a","n/a","n/a","n/a"]
["Emergency Rural Response",null,0.8,0,0,0,0,0]
["Telephone Call Abandon Rate",null,0.1,1,1,1,1,1]
["Appointment Scheduling",null,0.9,1,1,1,1,1]
["Rescheduling a Missed Appointment",null,1,"n/a","n/a","n/a","n/a","n/a"]
["Reconnection Performance Standard",null,0.85,"n/a",1,1,1,1]

{"sheet":"App.2-H_Other_Oper_Rev","index":35,"n_rows":93,"n_cols":11,"rows_kept":93,"cut":false,"hidden":false,"merged":[[98,1,98,10],[96,1,96,10],[97,1,97,10],[82,0,82,1],[75,0,76,10],[81,0,81,1],[87,0,87,1],[83,0,83,1],[84,0,84,1],[85,0,85,1],[86,0,86,1],[92,1,92,10],[72,0,72,10],[59,0,59,1],[60,0,60,1],[8,0,8,10],[9,0,9,10],[57,0,57,10],[58,0,58,1],[67,4,67,10],[68,4,69,10],[61,0,61,1],[62,0,62,1],[65,0,65,1],[66,0,66,1],[67,0,67,1],[68,0,68,1]]}
[null,null,null,null,null,null,null,null,null,"File Number:",{"$f":"EBNUMBER","v":"EB-2014-0105"}]
[null,null,null,null,null,null,null,null,null,"Exhibit:"]
[null,null,null,null,null,null,null,null,null,"Tab:"]
[null,null,null,null,null,null,null,null,null,"Schedule:"]
[null,null,null,null,null,null,null,null,null,"Page:"]
[]
[null,null,null,null,null,null,null,null,null,"Date:"]
[]
["Appendix 2-H"]
["Other Operating Revenue"]
[]
["USoA #","USoA Description","2010 Board Appr",{"$f":"G13-3 & \" Actual\"","v":"2010 Actual"},{"$f":"H13-3 & \" Actual\"","v":"2011 Actual"},{"$f":"H13-2 & \" Actual\"","v":"2012 Actual"},{"$f":"H13-1 & \" Actual\" & CHAR(178)","v":"2013 Actual²"},{"$f":"\"Actual Year\" & CHAR(178)","v":"Actual Year²"},"Prelim",{"$f":"\"Bridge Year\" & CHAR(178)","v":"Bridge Year²"},"Test Year"]
[null,null,2010,2010,2011,2012,2013,{"$f":"J13-1","v":2014},2015,{"$f":"BridgeYear","v":2015},{"$f":"TestYear","v":2016}]
[null,"Reporting Basis"]
[4235,"4235-Miscellaneous Service Revenues\n",-47325,-66957.570000000007,-66879.210000000006,-59549.08,-60513.62,-63916.32,-68952,-65000,-67000]
[4225,"4225-Late Payment Charges\n",-45000,-47760.43,-42874.09,-35687.51,-44430.37,-58339.17,-62276,-55000,-55000]
["4082","4082-Retail Services Revenues\n",-15105,-14209.8,-11929.8,-10140.799999999999,-9216.01,-8606,-8582,-7000,-6000]
["4084","4084-Service Transaction Requests (STR) Revenues\n",-22.5,-27.75,-91.75,-24,-34.5,-11.5,-30,-10,-10]
["4086","4086-SSS Administration Revenue\n",0,-27987.85,-29416.82,-29918.42,-30391.34,-30987,-32295,-32000,-33000]
["4205","4205-Interdepartmental Rents\n",0,0,0,0,0,0,null,0,0]
["4210","4210-Rent from Electric Property\n",-42000,-59879.58,-55910.54,-55810.53,-55867.79,-56353.94,-57775,-57000,-58000]
["4215","4215-Other Utility Operating Income\n",0,0,0,0,0,0,null,0,0]
["4220","4220-Other Electric Revenues\n",0,0,0,0,0,0,null,0,0]
["4240","4240-Provision for Rate Refunds\n",0,0,0,0,0,0,null,0,0]
["4245","4245-Government Assistance Directly Credited to Income\n",0,0,0,0,0,0,null,0,0]
["",null,0,0,0,0,0,0,null,0,0]
["4305","4305-Regulatory Debits\n",0,0,0,0,51604.75,40483.1,55121.8,46000,0]
["4310","4310-Regulatory Credits\n",0,0,0,0,0,0,null,0,0]
["4315","4315-Revenues from Electric Plant Leased to Others\n",0,0,0,0,0,0,-146,0,0]
["4320","4320-Expenses of Electric Plant Leased to Others\n",0,0,0,0,0,0,null,0,0]
["4324","4324-Special Purpose Charge Recovery\n",0,0,0,-2615.0700000000002,0,0,null,0,0]
["4325","4325-Revenues from Merchandise Jobbing, Etc.\n",-70000,-44134.2,-45072.67,-65743.12,-109897.65,-50100.800000000003,-54624.57,-40000,-30000]
["4330","4330-Costs and Expenses of Merchandising Jobbing, Etc.\n",0,0,0,0,0,0,null,0,0]
["4335","4335-Profits and Losses from Financial Instrument Hedges\n",0,0,0,0,0,0,null,0,0]
["4340","4340-Profits and Losses from Financial Instrument Investments\n",0,0,0,0,0,0,null,0,0]
["4345","4345-Gains from Disposition of Future Use Utility Plant\n",0,0,0,0,0,0,null,0,0]
["4350","4350-Losses from Disposition of Future Use Utility Plant\n",0,0,0,0,0,0,null,0,0]
["4355","4355-Gain on Disposition of Utility and Other Property\n",-12000,-12000,-2500,-9500,-1050,-300,null,0,0]
["4360","4360-Loss on Disposition of Utility and Other Property\n",0,0,0,0,0,7588.64,null,0,0]
["4365","4365-Gains from Disposition of Allowances for Emission\n",0,0,0,0,0,0,null,0,0]
["4370","4370-Losses from Disposition of Allowances for Emission\n",0,0,0,0,0,0,null,0,0]
["4375","4375-Revenues from Non-Utility Operations\n",0,0,0,0,0,0,null,0,0]
["4375","4375-Sub-account Generation Facility Revenues\n",0,0,0,0,0,0,null,0,0]
["4380","4380-Expenses of Non-Utility Operations\n",0,0,0,0,0,0,null,0,0]
["4380","4380-Sub-account Generation Facility Expenses\n",0,0,0,0,0,0,null,0,0]
["4385","4385-Non-Utility Rental Income\n",0,0,0,0,0,0,null,0,0]
["4390","4390-Miscellaneous Non-Operating Income\n",-15000,-19746.29,-27946.74,-26865.27,-22528.99,-10182.959999999999,-7972,-12000,-15000]
["4395","4395-Rate-Payer Benefit Including Interest\n",0,0,0,0,0,0,null,0,0]
["4398","4398-Foreign Exchange Gains and Losses, Including Amortization\n",0,0,0,0,0,0,null,0,0]
["4405","4405-Interest and Dividend Income\n",-90396,-97032.45,-151258.4,-158924.87,-134875.01999999999,-75333.88,-6854,-20000,-20000]
["4415","4415-Equity in Earnings of Subsidiary Companies\n",0,0,0,0,0,0,null,0,0]
["othe","other",0,0,0,0,0,0,null,0,0]
["othe","other",0,0,0,0,0,0,null,0,0]
[null,"Total",-336848.5,-389735.92,-433880.02,-454778.67000000004,-417200.54,-306059.83,-244384.77000000002,-242010,-284010]
[]
[]
[]
[]
["Specific Service Charges",null,{"$f":"C15","v":-47325},-66957.570000000007,{"$f":"E15","v":-66879.210000000006},-59549.08,-60513.62,-63916.32,{"$f":"I15","v":-68952},-65000,-67000]
["Late Payment Charges",null,{"$f":"C16","v":-45000},-47760.43,-42874.09,-35687.51,-44430.37,-58339.17,{"$f":"I16","v":-62276},-55000,-55000]
["Other Operating Revenues",null,{"$f":"SUM(C17:C25)","v":-57127.5},{"$f":"SUM(D17:D25)","v":-102104.98},-97348.91,-95893.75,-95509.64,-95958.44,{"$f":"SUM(I17:I25)","v":-98682},-96010,-97010]
["Other Income or Deductions",null,{"$f":"SUM(C27:C53)","v":-187396},{"$f":"SUM(D27:D53)","v":-172912.94},-226777.81,-263648.33,-216746.90999999997,-87845.900000000009,{"$f":"SUM(I27:I53)","v":-14474.769999999997},-26000,-65000]
["Total",null,{"$f":"SUM(C59:C62)","v":-336848.5},-389735.92,-433880.02,-454778.67000000004,-417200.54,-306059.83,{"$f":"SUM(I59:I62)","v":-244384.77},-242010,-284010]
[]
["Description",null,null,null,"Account(s)"]
["Specific Service Charges:",null,null,null,4235]
["Late Payment Charges:",null,null,null,4225]
["Other Distribution Revenues:",null,null,null,"4080, 4082, 4084, 4090, 4205, 4210, 4215, 4220, 4240, 4245"]
["Other Income and Expenses:",null,null,null,"4305, 4310, 4315, 4320, 4325, 4330, 4335, 4340, 4345, 4350, 4355, 4360, 4365, 4370, 4375, 4380, 4385, 4390, 4395, 4398, 4405, 4415"]
[]
[]
["Note: Add all applicable accounts listed above to the table and include all relevant information."]
[]
["Account Breakdown Details"]
[]
["For each \"Other Operating Revenue\" and \"Other Income or Deductions\" Account, a detailed breakdown of the account components is required.  See the example below for Account 4405, Interest and Dividend Income."]
[]
[]
["Account 4405 - Interest and Dividend Income"]
[null,null,null,null,{"$f":"E12","v":"2011 Actual"},{"$f":"F12","v":"2012 Actual"},"2013 Actual²","Actual Year²",null,{"$f":"J12","v":"Bridge Year²"},"Test Year"]
[null,null,null,null,null,null,null,{"$f":"H13","v":2014},null,{"$f":"J13","v":2015},{"$f":"K13","v":2016}]
["Reporting Basis",null,null,null,{"$f":"IF(E14=0, \"\", E14)","v":""},{"$f":"IF(F14=0, \"\", F14)","v":""},"","",null,"",""]
["Short-term Investment Interest",null,null,null,105067,101787,79126,16185,null,0,0]
["Bank Deposit Interest",null,null,null,13253,5713,14509,14084]
["Miscellaneous Interest Revenue"]
["Carrying Chgs",null,null,null,32938,51425.24,41240.160000000003,45065.440000000002,null,20000,20000]
[]
["Total",null,null,null,{"$f":"SUM(E83:E87)","v":151258},158925.24,134875.16,75334.44,null,20000,20000]
[]
[]
["Notes:"]
[1,"List and specify any other interest revenue."]
[2,"In the transition year to IFRS, the applicant is to present information in both MIFRS and CGAAP.  For the typical applicant that adopted IFRS on January 1, 2015, 2014 must be presented in both a CGAAP and MIFRS basis."]

{"sheet":"App_2-I LF_CDM","index":36,"n_rows":126,"n_cols":14,"rows_kept":126,"cut":false,"hidden":false,"merged":[[110,0,110,7],[125,0,125,7],[100,0,100,7],[102,0,102,7],[104,0,104,7],[106,0,106,7],[108,0,108,7],[87,0,87,1],[89,0,89,7],[91,0,91,7],[93,0,93,5],[98,0,98,7],[1,0,1,7],[2,0,2,7],[4,0,4,7],[6,0,6,7],[10,0,10,7],[12,0,12,7],[14,0,14,7],[16,0,16,7],[18,0,18,7],[20,0,20,7],[22,0,22,7],[23,0,23,7],[25,0,25,5],[25,6,26,7],[26,0,26,5],[60,0,60,7],[70,0,70,7],[45,0,45,5],[47,0,47,7],[49,0,49,7],[50,0,50,7],[52,0,52,7],[33,0,33,5],[72,0,72,7],[74,0,74,7],[76,0,76,5],[78,0,78,4],[81,0,81,1],[8,0,8,7]]}
[]
["Appendix 2-I (Revised for IRs)"]
["Load Forecast CDM Adjustment Work Form (2016)"]
[]
["2014 is the last year of the current four year (2011-2014) CDM program, and 2015 is the first year of a new six year (2015-2020) CDM program, per the Ministerial directives of March 31, 2014.  With 2016, there is a need to recognize the full year impact of the current 2011-2014 CDM program, as well as to estimate reasonable impacts for each year for the new 2015-2020 CDM program.  These are combined to estimate the adjustment for CDM program impacts on the 2016 load forecast.  "]
[]
["Appendix 2-I was developed to help determine what would be the amount of CDM savings needed in each year to cumulatively achieve the four year 2011-2014 CDM target.  This then determined the amount of kWh (and with translation, kW of demand) savings that were converted in dollars balances for the LRAMVA, and also to determine the related adjustment to the load forecast to account for OPA-reported savings.  Beginning for the 2015 year, it has been adjusted because of the persistence of 2011-2014 CDM programs will be an adjustment to the load forecast in addition to the estimated savings for the first year (2015) for the new 2015-2020 CDM plan."]
[]
["It is assumed that the new six year (2015-2020) CDM program will work similar to the existing 2011-2014 CDM program, meaning that distributors will offer programs each year that, cumulatively over the six years (from January 1, 2015 to December 31, 2020) will cumulatively achieve the new six year CDM target.  This is the approach contemplated in the Ministerial directive letters of March 31, 2014 to the Board and to the OPA.  Thus, distributors will be able to offer programs on a basis so that cumulatively over the period, the impacts, including persistence, of the CDM programs will accumulate towards achieving each distributor's 2015-2020 CDM target."]
[]
["With this approach, it is necessary to account for estimated savings for the last year of the current program, particularly the estimated savings for new CDM programs offered in 2014, as well as the estimated savings for new CDM programs that the distributor will offer in 2015 towards achievement of the new six year (2015-2020) CDM program.   This necessitates expansion of this Appendix 2-I to deal with both the 2011-2014 and 2015-2020 CDM plans.  It is expected that this approach will be updated each year. "]
[]
["2011-2014 CDM Program - 2014, last year of the current CDM plan"]
[]
["Input the 2011-2014 CDM target in Cell B21."]
[]
["Input the measured results for 2011 CDM programs for each of the years 2011 and persistence into 2012, 2013 and 2014 into cells B31 to E31.  These results are taken from the final 2011 CDM Report issued by the OPA for that distributor in the fall of 2012."]
[]
["Measured results for 2012 CDM programs for each of the years 2012 and persistence into 2013 and 2014 are input into cells C32 to E32.  These results are taken from the final 2012 CDM Report issued by the OPA for that distributor in the fall of 2013."]
[]
["Measured results for 2013 CDM programs for each of the years 2013 and persistence into 2014 are input into cells C33 to E33.  These results are taken from the final 2013 CDM Report issued by the OPA for that distributor in the fall of 2014.  Until that report is issued, the distributor should use the results from the preliminary 2013 CDM Report issued in the spring of 2014."]
[]
["Measured results for 2014 CDM programs for each of the years 2013 and persistence into 2014 are input into cells C33 to E33.  These results are taken from the final 2013 CDM Report issued by the OPA for that distributor in the fall of 2014.  Until that report is issued, the distributor should use the results from the preliminary 2013 CDM Report issued in the spring of 2014. The distributor also needs to input the persistence of 2014 CDM programs into 2015 and 2016 in cells G45 and G46."]
[]
[]
["4 Year (2011-2014) kWh Target:",null,null,null,null,null,"Persistence of 2014 CDM Program into 2015 and 2016"]
[8970000]
[null,2011,2012,2013,2014,"Total",2015,2016,null,null,{"$f":"B28","v":2011},{"$f":"C28","v":2012},{"$f":"D28","v":2013},{"$f":"E28","v":2014}]
["2011 CDM Programs",{"$f":"B35/$F$39","v":8.4722369678309803E-2},{"$f":"C35/$F$39","v":8.4722369678309803E-2},8.3766854230810067E-2,7.4424036521923767E-2,{"$f":"SUM(B29:E29)","v":0.32763563010935343},null,null,null,{"$f":"A29","v":"2011 CDM Programs"},{"$f":"50%","v":0.5},1,1,1]
["2012 CDM Programs",null,8.2386665251088231E-2,8.2386665251088231E-2,8.1855823335810596E-2,{"$f":"SUM(B30:E30)","v":0.24662915383798706},null,null,null,null,null,null,null,1]
["2013 CDM Programs",null,null,7.7290582864422974E-2,7.7290582864422974E-2,0.15458116572884595,null,null,null,null,null,null,null,1]
["2014 CDM Programs",null,null,null,0.18813037477439218,0.18813037477439218,null,null,null,null,null,null,null,0.5]
["Total in Year",{"$f":"SUM(B29:B32)","v":8.4722369678309803E-2},{"$f":"SUM(C29:C32)","v":0.16710903492939805},0.24344410234632127,0.42170081749654953,{"$f":"SUM(B33:E33)","v":0.91697632445057864}]
["kWh"]
["2011 CDM Programs",{"$f":"0.798*1000000","v":798000},{"$f":"0.798*1000000","v":798000},{"$f":"0.789*1000000","v":789000},{"$f":"0.701*1000000","v":701000},{"$f":"SUM(B35:E35)","v":3086000}]
["2012 CDM Programs",{"$f":"-0.016*1000000","v":-16000},{"$f":"0.776*1000000","v":776000},{"$f":"0.776*1000000","v":776000},{"$f":"0.771*1000000","v":771000},{"$f":"SUM(B36:E36)","v":2307000}]
["2013 CDM Programs",0,{"$f":"0.101*1000000","v":101000},{"$f":"0.728*1000000","v":728000},{"$f":"0.728*1000000","v":728000},1557000]
["2014 CDM Programs",0,{"$f":"0.326*1000000","v":326000},{"$f":"0.371*1000000","v":371000},{"$f":"1.772*1000000","v":1772000},2469000,{"$f":"E38*0.99","v":1754280},{"$f":"E38*0.88","v":1559360}]
["Total in Year",{"$f":"SUM(B35:B38)","v":782000},{"$f":"SUM(C35:C38)","v":2001000},2664000,3972000,{"$f":"SUM(F35:F38)","v":9419000}]
[]
[null,null,null,"Persistence Factor"]
[null,2011,null,{"$f":"C35/B35","v":1},{"$f":"D35/B35","v":0.98872180451127822},{"$f":"E35/B35","v":0.87844611528822059}]
[null,2012,null,null,{"$f":"D36/C36","v":1},{"$f":"E36/C36","v":0.99355670103092786}]
[null,2013,null,null,null,{"$f":"E37/D37","v":1}]
[]
["2015-2020 CDM Program - 2016, second year of the current CDM plan"]
[]
["For the first year of the new 2015-2020 CDM plan, it is assumed that each year's program will achieve an equal amount of new CDM savings.  The new targets for 2015-2020 do not take into account persistence beyond the first year, but the IESO will encourage distributors to promote and implement  CDM plans that will have longer term persistence of savings.  This results in each year's program being about 1/6 (18.67%) of the cumulative 2015-2020 CDM target for kWh savings.  A distributor may propose an alternative approach but would be expected to document in its application why it believes that its proposal is more reasonable.  In its proposal, the distributor should ensure that the sum of the results for each year's CDM program from 2015 to 2020 add up to its 2015-2020 CDM target as established by the IESO."]
[]
["6 Year (2015-2020) kWh Target:"]
[10000000]
[null,2015,2016,2017,2018,2019,2020,"Total"]
["%"]
["2015 CDM Programs",{"$f":"B62/$H$68","v":0.16666666666666666},null,null,null,null,null,{"$f":"SUM(B54:G54)","v":0.16666666666666666}]
["2016 CDM Programs",null,{"$f":"C63/$H$68","v":0.16666666666666666},null,null,null,null,{"$f":"SUM(B55:G55)","v":0.16666666666666666}]
["2017 CDM Programs",null,null,0.16666666666666666,null,null,null,{"$f":"SUM(B56:G56)","v":0.16666666666666666}]
["2018 CDM Programs",null,null,null,0.16666666666666666,null,null,{"$f":"SUM(E57:G57)","v":0.16666666666666666}]
["2019 CDM Programs",null,null,null,null,0.16666666666666666,null,{"$f":"SUM(F58:G58)","v":0.16666666666666666}]
["2020 CDM Programs",null,null,null,null,null,{"$f":"G67/$H$68","v":0.16666666666666666},{"$f":"SUM(B59:G59)","v":0.16666666666666666}]
["Total in Year",{"$f":"SUM(B54:B59)","v":0.16666666666666666},{"$f":"SUM(C54:C59)","v":0.16666666666666666},{"$f":"SUM(D54:D59)","v":0.16666666666666666},{"$f":"SUM(E54:E57)","v":0.16666666666666666},{"$f":"SUM(F54:F58)","v":0.16666666666666666},{"$f":"SUM(G54:G59)","v":0.16666666666666666},{"$f":"SUM(B60:G60)","v":0.99999999999999989}]
["kWh"]
[{"$f":"A54","v":"2015 CDM Programs"},{"$f":"1/6*A51","v":1666666.6666666665},{"$f":"B62","v":1666666.6666666665},null,null,null,null,{"$f":"SUM(B62:G62)","v":3333333.333333333}]
["2016 CDM Programs",null,{"$f":"B62","v":1666666.6666666665},null,null,null,null,{"$f":"SUM(B63:G63)","v":1666666.6666666665}]
["2017 CDM Programs",null,null,{"$f":"C63","v":1666666.6666666665},null,null,null,{"$f":"SUM(B64:G64)","v":1666666.6666666665}]
["2018 CDM Programs",null,null,null,{"$f":"D64","v":1666666.6666666665},null,null,{"$f":"SUM(E65:G65)","v":1666666.6666666665}]
["2019 CDM Programs",null,null,null,null,{"$f":"E65","v":1666666.6666666665},null,{"$f":"SUM(F66:G66)","v":1666666.6666666665}]
["2020 CDM Programs",null,null,null,null,null,{"$f":"F66","v":1666666.6666666665},{"$f":"SUM(B67:G67)","v":1666666.6666666665}]
["Total in Year",{"$f":"SUM(B62:B67)","v":1666666.6666666665},{"$f":"SUM(C62:C67)","v":3333333.333333333},1666666.6666666665,{"$f":"SUM(E62:E65)","v":1666666.6666666665},{"$f":"SUM(F62:F66)","v":1666666.6666666665},{"$f":"SUM(G62:G67)","v":1666666.6666666665},{"$f":"A51","v":10000000}]
[]
[]
["Determination of 2016 Load Forecast Adjustment"]
[]
["The Board has determined that the \"net\" number should be used in its Decision and Order with respect to Centre Wellington Hydro Ltd.'s 2013 Cost of Service rates (EB-2012-0113).  This approach has also been used in Settlement Agreements accepted by the Board in other 2013 and 2-14 applications.  The distributor should select whether the adjustment is done on a \"net\" or \"gross\" basis, but must support a proposal for the adjustment being done on a \"gross\" basis.  Sheet 2-I defaults to the adjustment being done on a \"net\" basis consistent with Board policy and practice."]
[]
["From each of the 2006-2010 CDM Final Report,  and the 2011, 2012, 2013 and 2014 CDM Final Reports, issued by the OPA (now IESO) for the distributor, the distributor should input the \"gross\" and \"net\" results of the cumulative CDM savings for 2014 into cells D84 to E88.  The model will calculate the cumulative savings for all programs from 2006 to 2012 and determine the \"net\" to \"gross\" factor \"g\"."]
[]
["Net-to-Gross Conversion"]
[]
["Is CDM adjustment being done on a \"net\" or \"gross\" basis?",null,null,null,null,"net"]
[]
[null,null,"\"Gross\"","\"Net\"","Difference","\"Net-to-Gross\" Conversion Factor"]
["Persistence of Historical CDM programs to 2014",null,"kWh","kWh","kWh","('g')"]
["2006-2010 CDM programs"]
["2011 CDM program"]
["2012 CDM program"]
["2013 CDM program"]
["2014 CDM program"]
["2006 to 2014 OPA CDM programs:  Persistence to 2016",null,{"$f":"SUM(C83:C87)","v":0},{"$f":"SUM(D83:D87)","v":0},{"$f":"C88-D88","v":0},{"$f":"IF(D88=0,0,IF(F79=\"net\",0,E88/D88))","v":0}]
[]
["The default values represent the factor that each year's CDM program is factored into the manual CDM adjustment.  Distributors can choose alternative weights of \"0\", \"0.5\" or \"1\" from the drop-down menu for each cell, but must support its alternatives."]
[]
["These factors do not mean that CDM programs are excluded, but the assumption that impacts of previous year CDM programs are already implicitly reflected in the actual data for the historical years that are the basis for the load forecast prior to any manual CDM adjustment for the 2016 test year."]
[]
["Weight Factor for Inclusion in CDM Adjustment to 2014 Load Forecast"]
[null,2011,2012,2013,2014,2015,2016]
["Weight Factor for each year's CDM program impact on 2014 load forecast",0,0,0,0,1,0.5,"Distributor can select \"0\", \"0.5\", or \"1\" from drop-down list"]
["Default Value selection rationale.  ","Full year persistence of 2011 CDM programs on 2015 load forecast.  Full impact assumed because of 50% impact in 2011 (first year) but full year persistence impact on 2012 and 2013, and thus reflected in base forecast before the CDM adjustment.","Full year persistence of 2012 CDM programs on 2015 load forecast.  Full impact assumed because of 50% impact in 2012 (first year) but full year persistence impact on 2013, and thus reflected in base forecast before the CDM adjustment.","Default is 0, but one option is for full year impact of persistence of 2013 CDM programs on 2015 load forecast, but 50% impact in base forecast (first year impact of 2013 CDM programs on 2013 load forecast, which is part of the data for the load forecast.","Default is 0, but one option is for full year impact of persistence of 2014 CDM programs on 2014 load forecast, but 50% impact in base forecast (first year impact of 2014 CDM programs on 2014 actuals, which is part of the data for the load forecast.","Full year impact of persistence of 2015 programs on 2015 load forecast.  2015 CDM program impacts are not in the base forecast.","Only 50% of 2016 CDM programs are assumed to impact the 2016 load forecast based on the \"half-year\" rule."]
[]
["2011-2014 and 2015-2020 LRAMVA and 2015 CDM adjustment to Load Forecast"]
[]
["One manual adjustment for CDM impacts to the 2015 load forecast is made.  However, the distributor will have two associated annualized CDM impacts, one for the 2011-2014 CDM program and the second for the 2015-2020 CDM plan.  In addition, the distributor needs to reflect the CDM adjustment that was explicitly factored into its 2011 load forecast in its 2011 cost of service application (assuming that it rebased in that year).  this amount, and equal persistence for 2012, 2013 and 2014 is used as an offset to determine what the net balance of the 2011-2014 LRAMVA balance should be for disposition."]
[]
["The Amount used for the CDM threshold of the LRAMVA is the kWh that will be used to determine the base amount for the LRAMVA balance for 2014, for assessing performance against the four-year target.  The base amount for 2011-2013 is 0 (zero) for 2014 Cost of Service applications, as the utility rebased prior to the 2011-2014 CDM programs, and there was no adjustment to reflect the impacts of the 2011-2014 programs on the load forecast used to determine their last cost of service-based rates."]
[]
["The proposed loss factor should correspond with the loss factor calculated in Appendix 2-R "]
[]
["The Manual Adjustment for the 2016 Load Forecast is the amount manually subtracted from the load forecast derived from the base forecast from historical data. "]
[]
["If the distributor has developed their load forecast on a system purchased basis, then the manual adjustment should be on system purchased basis, including the adjustment for losses.  If the load forecast has been developed on a billed basis, either on a system basis or on a class-specific basis, the manual adjustment should be on a billed basis, excluding losses."]
[]
["The distributor should determine the allocation of the savings to all customer classes in a reasonable manner (e.g. taking into account what programs and what OPA-measured impacts were directed at specific customer classes), for both the LRAMVA and for the load forecast adjustment."]
[]
[null,2011,2012,2013,2014,2015,2016,"Total for 2016"]
[null,"kWh"]
["Amount used for CDM threshold for LRAMVA (2014)",{"$f":"E35","v":701000},{"$f":"E36","v":771000},{"$f":"E37","v":728000},{"$f":"E38","v":1772000}]
[]
["CDM adjustment for test year forecast (per Board Decision in distributor's most recent Cost of Service Application) (enter as negative)",0,{"$f":"B117","v":0},{"$f":"B117","v":0},{"$f":"B117","v":0}]
[]
["Amount used for CDM threshold for LRAMVA (2016)",null,null,null,{"$f":"H38","v":1559360},{"$f":"C62","v":1666666.6666666665},{"$f":"C63","v":1666666.6666666665},{"$f":"SUM(B119:G119)","v":4892693.333333333}]
[]
["Manual Adjustment for 2016 Load Forecast (billed basis)",{"$f":"B115*(1+F88)*B96","v":0},{"$f":"C115*(1+F88)*C96","v":0},{"$f":"D115*(1+F88)*D96","v":0},{"$f":"E115*(1+F88)*E96","v":0},{"$f":"F119*(1+F88)*F96","v":1666666.6666666665},{"$f":"G119*(1+F88)*G96","v":833333.33333333326},{"$f":"SUM(B121:G121)","v":2500000}]
[]
["Proposed Loss Factor (TLF)",4.5699999999999998E-2," Format: X.XX%"]
["Manual Adjustment for 2016 Load Forecast (system purchased basis)",{"$f":"B121*(1+$B123)","v":0},{"$f":"C121*(1+$B123)","v":0},0,0,1742833.3333333333,871416.66666666663,{"$f":"SUM(B124:G124)","v":2614250}]
[]
["Manual adjustment uses \"gross\" versus \"net\" (i.e. numbers multiplied by (1 + g).  The Weight factor is also used calculate the impact of each year's program on the CDM adjustment to the 2016 load forecast."]

{"sheet":"App.2-IA_Act_Frcst_Data","index":37,"n_rows":114,"n_cols":9,"rows_kept":114,"cut":false,"hidden":false,"merged":[[8,0,8,8],[9,0,9,8]]}
[null,null,null,null,null,null,null,"File Number:",{"$f":"EBNUMBER","v":"EB-2014-0105"}]
[null,null,null,null,null,null,null,"Exhibit:"]
[null,null,null,null,null,null,null,"Tab:"]
[null,null,null,null,null,null,null,"Schedule:"]
[null,null,null,null,null,null,null,"Page:"]
[]
[null,null,null,null,null,null,null,"Date:"]
[]
["Appendix 2-IA"]
["Summary and Variances of Actual and Forecast Data"]
[]
["Replace \"Rate Class #\" with the appropriate rate classification."]
[]
[null,{"$f":"RebaseYear & \" Board Approved\"","v":"2010 Board Approved"},"2010 Actual",2011,{"$f":"TestYear - 4","v":2012},{"$f":"TestYear - 3","v":2013},{"$f":"TestYear - 2","v":2014},{"$f":"TestYear -1  &\" Bridge\"","v":"2015 Bridge"},{"$f":"TestYear&\" Test\"","v":"2016 Test"}]
["Residential"]
["# of Customers",8894.5,8955,9030,9086.5,9195,9305,9383.7903594694271,9463.2478786105712]
["kWh",79547654,75301012.150000006,79270519.859999999,78553743.920000002,80138213.859999999,79483998.230000004,78438793.189758629,77245366.819313049]
["kW"]
["Variance Analysis"]
[{"$f":"A16","v":"# of Customers"},null,{"$f":"IF(ISERROR((C16-$B16)/$B16), 0, (C16-$B16)/$B16)","v":6.8019562651076507E-3},1.5234133453257631E-2,{"$f":"IF(ISERROR((E16-$B16)/$B16), 0, (E16-$B16)/$B16)","v":2.158637360166395E-2},{"$f":"IF(ISERROR((F16-$B16)/$B16), 0, (F16-$B16)/$B16)","v":3.3784923267187586E-2},4.6152116476474228E-2,5.5010440099997428E-2,{"$f":"IF(ISERROR((I16-$B16)/$B16), 0, (I16-$B16)/$B16)","v":6.3943771837716698E-2}]
["kWh",null,{"$f":"IF(ISERROR((C17-$B17)/$B17), 0, (C17-$B17)/$B17)","v":-5.338487857856869E-2},-3.483875715555365E-3,{"$f":"IF(ISERROR((E17-$B17)/$B17), 0, (E17-$B17)/$B17)","v":-1.2494524099981606E-2},7.4239758220902329E-3,-8.002218393517404E-4,-1.3939579038262666E-2,-2.894223858175567E-2]
["kW",null,{"$f":"IF(ISERROR((C18-$B18)/$B18), 0, (C18-$B18)/$B18)","v":0},0,{"$f":"IF(ISERROR((E18-$B18)/$B18), 0, (E18-$B18)/$B18)","v":0},0,0,0,0]
[]
["General Service < 50 kW"]
["# of Customers",1390.5,1372,1370,1361.5,1332.5,1318,1299.5784496245794,1281.4143753631454]
["kWh",36098055,33358216.629999999,32279016.170000002,31948521.120000001,31708039.23,31649726.120000001,34953791.572912797,34421978.487654641]
["kW"]
["Variance Analysis"]
[{"$f":"A25","v":"# of Customers"},null,{"$f":"IF(ISERROR((C25-$B25)/$B25), 0, (C25-$B25)/$B25)","v":-1.3304566702624955E-2},-1.4742898238043868E-2,{"$f":"IF(ISERROR((E25-$B25)/$B25), 0, (E25-$B25)/$B25)","v":-2.0855807263574253E-2},{"$f":"IF(ISERROR((F25-$B25)/$B25), 0, (F25-$B25)/$B25)","v":-4.1711614527148506E-2},-5.2139518158935631E-2,-6.53876665770734E-2,{"$f":"IF(ISERROR((I25-$B25)/$B25), 0, (I25-$B25)/$B25)","v":-7.8450646988029213E-2}]
["kWh",null,{"$f":"IF(ISERROR((C26-$B26)/$B26), 0, (C26-$B26)/$B26)","v":-7.5899889066045279E-2},-0.1057962494101136,-0.11495173022480017,-0.12161363735525361,-0.12322904599707654,-3.1698755710998908E-2,-4.6431213879677413E-2]
["kW",null,{"$f":"IF(ISERROR((C27-$B27)/$B27), 0, (C27-$B27)/$B27)","v":0},0,0,0,0,0,0]
[]
["General Service > 50 kW - 4999 kW"]
["# of Customers",144,148,145,145,145.5,146.5,146,148]
["kWh",79345026,76510234.719999999,74853997.430000007,74516293.329999998,73596923.409999996,72512848.979999989,72294221.463539079,71194283.19553569]
["kW",211781,202775,203575,207916,216501,206399,198903.90576628249,195877.63322086178]
["Variance Analysis"]
[{"$f":"A34","v":"# of Customers"},null,{"$f":"IF(ISERROR((C34-$B34)/$B34), 0, (C34-$B34)/$B34)","v":2.7777777777777776E-2},6.9444444444444441E-3,{"$f":"IF(ISERROR((E34-$B34)/$B34), 0, (E34-$B34)/$B34)","v":6.9444444444444441E-3},{"$f":"IF(ISERROR((F34-$B34)/$B34), 0, (F34-$B34)/$B34)","v":1.0416666666666666E-2},1.7361111111111112E-2,1.3888888888888888E-2,{"$f":"IF(ISERROR((I34-$B34)/$B34), 0, (I34-$B34)/$B34)","v":2.7777777777777776E-2}]
["kWh",null,{"$f":"IF(ISERROR((C35-$B35)/$B35), 0, (C35-$B35)/$B35)","v":-3.5727397455260788E-2},-5.660126155860095E-2,-6.0857408629496221E-2,-7.2444397333740917E-2,-8.6107187361688056E-2,-8.8862590283364726E-2,-0.10272531518817966]
["kW",null,{"$f":"IF(ISERROR((C36-$B36)/$B36), 0, (C36-$B36)/$B36)","v":-4.2525061266119248E-2},-3.8747574144989402E-2,-1.8249984653958572E-2,2.2287174014666095E-2,-2.5413044607401042E-2,-6.0803822031804115E-2,-7.5093453988498579E-2]
[]
["Sentinel Lighting"]
["# of Customers",216,216,209,208.5,206.5,204,199.44261639611278,194.98704526924996]
["kWh",265370,233685.69,270899.02,243747.31,270899.02,245570.47,244830.07070901303,241105.04319672924]
["kW",760,766,734,713,700,683.5,697.66573773827554,687]
["Variance Analysis"]
[{"$f":"A43","v":"# of Customers"},null,{"$f":"IF(ISERROR((C43-$B43)/$B43), 0, (C43-$B43)/$B43)","v":0},-3.2407407407407406E-2,{"$f":"IF(ISERROR((E43-$B43)/$B43), 0, (E43-$B43)/$B43)","v":-3.4722222222222224E-2},{"$f":"IF(ISERROR((F43-$B43)/$B43), 0, (F43-$B43)/$B43)","v":-4.3981481481481483E-2},-5.5555555555555552E-2,-7.6654553721700075E-2,{"$f":"IF(ISERROR((I43-$B43)/$B43), 0, (I43-$B43)/$B43)","v":-9.7282197827546477E-2}]
["kWh",null,{"$f":"IF(ISERROR((C44-$B44)/$B44), 0, (C44-$B44)/$B44)","v":-0.11939672909522553},2.0835135848061268E-2,-8.1481290273957119E-2,2.0835135848061268E-2,-7.4611033651128603E-2,-7.7401097678663641E-2,-9.1438206290352195E-2]
["kW",null,{"$f":"IF(ISERROR((C45-$B45)/$B45), 0, (C45-$B45)/$B45)","v":7.8947368421052634E-3},-3.4210526315789476E-2,-6.1842105263157893E-2,-7.8947368421052627E-2,-0.1006578947368421,-8.2018766133847981E-2,-9.6052631578947362E-2]
[]
["Streetlighting"]
["# of Customers",2653,2713,2769,2774.5,2787,2802.5,2825.4692256082153,2848.6267064617618]
["kWh",2414487,2383707.0499999998,2458955,2432689.94,2424248.81,2439791.5699999998,2432435.555457274,1254856.1488513288]
["kW",6853,6766,6840,6768.3999999999987,6765.9000000000005,6769.9599999999991,6772.1454156893096,3494]
["Variance Analysis"]
[{"$f":"A52","v":"# of Customers"},null,{"$f":"IF(ISERROR((C52-$B52)/$B52), 0, (C52-$B52)/$B52)","v":2.2615906520919715E-2},4.372408594044478E-2,{"$f":"IF(ISERROR((E52-$B52)/$B52), 0, (E52-$B52)/$B52)","v":4.5797210704862423E-2},{"$f":"IF(ISERROR((F52-$B52)/$B52), 0, (F52-$B52)/$B52)","v":5.0508857896720695E-2},5.6351300414624952E-2,6.5009131401513501E-2,{"$f":"IF(ISERROR((I52-$B52)/$B52), 0, (I52-$B52)/$B52)","v":7.3737921772243434E-2}]
["kWh",null,{"$f":"IF(ISERROR((C53-$B53)/$B53), 0, (C53-$B53)/$B53)","v":-1.2748028877355806E-2},1.8417162734775543E-2,7.5390507383141609E-3,4.0430161769353309E-3,1.048030906772322E-2,7.4336931436259392E-3,-0.48028042857496073]
["kW",null,{"$f":"IF(ISERROR((C54-$B54)/$B54), 0, (C54-$B54)/$B54)","v":-1.2695169998540786E-2},-1.8969794250693127E-3,-1.2344958412374329E-2,-1.2709762147964316E-2,-1.2117320881365953E-2,-1.1798421758454745E-2,-0.49015029913906316]
[]
["Unmetered Scattered Load"]
["# of Customers",73,20,20,20,20,20,20,20]
["kWh",437952,458526.4,469307.04,448159.09,453470.7,454406.25,453036.20715519035,446143.37601387396]
["kW"]
["Variance Analysis"]
[{"$f":"A61","v":"# of Customers"},null,null,null,{"$f":"IF(ISERROR((E61-$B61)/$B61), 0, (E61-$B61)/$B61)","v":-0.72602739726027399},{"$f":"IF(ISERROR((F61-$B61)/$B61), 0, (F61-$B61)/$B61)","v":-0.72602739726027399},-0.72602739726027399,-0.72602739726027399,-0.72602739726027399]
["kWh",null,null,null,{"$f":"IF(ISERROR((E62-$B62)/$B62), 0, (E62-$B62)/$B62)","v":2.330641257489411E-2},3.5434705173169691E-2,3.7570898180622536E-2,3.4442603653346372E-2,1.8703821455031511E-2]
["kW",null,null,null,{"$f":"IF(ISERROR((E63-$B63)/$B63), 0, (E63-$B63)/$B63)","v":0},0,0,0,0]
[]
["Rate Class 7"]
["# of Customers"]
["kWh"]
["kW"]
["Variance Analysis"]
[{"$f":"A70","v":"# of Customers"},null,null,null,{"$f":"IF(ISERROR((E70-$B70)/$B70), 0, (E70-$B70)/$B70)","v":0},{"$f":"IF(ISERROR((F70-$B70)/$B70), 0, (F70-$B70)/$B70)","v":0},0,0,0]
["kWh",null,null,null,{"$f":"IF(ISERROR((E71-$B71)/$B71), 0, (E71-$B71)/$B71)","v":0},0,0,0,0]
["kW",null,null,null,{"$f":"IF(ISERROR((E72-$B72)/$B72), 0, (E72-$B72)/$B72)","v":0},0,0,0,0]
[]
["Rate Class 8"]
["# of Customers"]
["kWh"]
["kW"]
["Variance Analysis"]
[{"$f":"A79","v":"# of Customers"},null,null,null,{"$f":"IF(ISERROR((E79-$B79)/$B79), 0, (E79-$B79)/$B79)","v":0},{"$f":"IF(ISERROR((F79-$B79)/$B79), 0, (F79-$B79)/$B79)","v":0},0,0,0]
["kWh",null,null,null,{"$f":"IF(ISERROR((E80-$B80)/$B80), 0, (E80-$B80)/$B80)","v":0},0,0,0,0]
["kW",null,null,null,{"$f":"IF(ISERROR((E81-$B81)/$B81), 0, (E81-$B81)/$B81)","v":0},0,0,0,0]
[]
["Rate Class 9"]
["# of Customers"]
["kWh"]
["kW"]
["Variance Analysis"]
[{"$f":"A88","v":"# of Customers"},null,null,null,{"$f":"IF(ISERROR((E88-$B88)/$B88), 0, (E88-$B88)/$B88)","v":0},{"$f":"IF(ISERROR((F88-$B88)/$B88), 0, (F88-$B88)/$B88)","v":0},0,0,0]
["kWh",null,null,null,{"$f":"IF(ISERROR((E89-$B89)/$B89), 0, (E89-$B89)/$B89)","v":0},0,0,0,0]
["kW",null,null,null,{"$f":"IF(ISERROR((E90-$B90)/$B90), 0, (E90-$B90)/$B90)","v":0},0,0,0,0]
[]
["Rate Class 10"]
["# of Customers"]
["kWh"]
["kW"]
["Variance Analysis"]
[{"$f":"A97","v":"# of Customers"},null,null,null,{"$f":"IF(ISERROR((E97-$B97)/$B97), 0, (E97-$B97)/$B97)","v":0},{"$f":"IF(ISERROR((F97-$B97)/$B97), 0, (F97-$B97)/$B97)","v":0},0,0,0]
["kWh",null,null,null,{"$f":"IF(ISERROR((E98-$B98)/$B98), 0, (E98-$B98)/$B98)","v":0},0,0,0,0]
["kW",null,null,null,{"$f":"IF(ISERROR((E99-$B99)/$B99), 0, (E99-$B99)/$B99)","v":0},0,0,0,0]
[]
[]
["Totals"]
["Customers / Connections",{"$f":"SUM(B16,B25,B34,B43,B52,B61,B70,B79,B88,B97)","v":13371},null,null,{"$f":"SUM(E16,E25,E34,E43,E52,E61,E70,E79,E88,E97)","v":13596},13686.5,13796,13874.280651098336,13956.276005704729]
["kWh",{"$f":"SUM(B17,B26,B35,B44,B53,B62,B71,B80,B89,B98)","v":198108544},null,null,188143154.71000001,188591795.03,186786341.61999997,188817108.05953199,184803733.07056534]
["kW from applicable classes",{"$f":"SUM(B18,B27,B36,B45,B54,B63,B72,B81,B90,B99)","v":219394},null,null,215397.4,223966.9,213852.46,206373.71691971007,200058.63322086178]
[]
["Totals - Variance"]
["Customers / Connections",null,null,null,{"$f":"IF(ISERROR((E107-$B107)/$B107), 0, (E107-$B107)/$B107)","v":1.6827462418667265E-2},2.3595841747064542E-2,3.1785206790815944E-2,3.763971663288726E-2,4.3772044402417838E-2]
["kWh",null,null,null,-5.0302672912481715E-2,-4.8038054179026214E-2,-5.7151509729938883E-2,-4.6900733067161471E-2,-6.7159197987112854E-2]
["kW from applicable classes",null,null,null,-1.821654192913209E-2,2.0843322971457717E-2,-2.5258393575029438E-2,-5.9346577756410501E-2,-8.8130791084251245E-2]

{"sheet":"App.2-JA_OM&A_Summary_Analys","index":38,"n_rows":61,"n_cols":14,"rows_kept":61,"cut":false,"hidden":false,"merged":[[63,1,64,7],[58,0,59,13],[8,0,8,8],[9,0,9,8],[12,10,12,11]]}
[null,null,null,null,null,null,null,null,null,null,null,null,"File Number:",{"$f":"EBNUMBER","v":"EB-2014-0105"}]
[null,null,null,null,null,null,null,null,null,null,null,null,"Exhibit:"]
[null,null,null,null,null,null,null,null,null,null,null,null,"Tab:"]
[null,null,null,null,null,null,null,null,null,null,null,null,"Schedule:"]
[null,null,null,null,null,null,null,null,null,null,null,null,"Page:"]
[]
[null,null,null,null,null,null,null,null,null,null,null,null,"Date:"]
[]
["Appendix 2-JA"]
["Summary of Recoverable OM&A Expenses"]
[]
[]
[null,{"$f":"\"Last Rebasing Year (\" & RebaseYear & \" Board-Approved)\"","v":"Last Rebasing Year (2010 Board-Approved)"},{"$f":"\"Last Rebasing Year (\" & RebaseYear & \" Actuals)\"","v":"Last Rebasing Year (2010 Actuals)"},"2011 Actual","2012 Actual",{"$f":"BridgeYear -2 & \" Actuals\"","v":"2013 Actuals"},{"$f":"BridgeYear -1 & \" Actuals\"","v":"2014 Actuals"},"2015 \nPrelimin",{"$f":"BridgeYear & \" Bridge Year\"","v":"2015 Bridge Year"},{"$f":"TestYear & \" Test Year\"","v":"2016 Test Year"}]
["Reporting Basis"]
["Operations",360475.94000000006,388094.81,548027.72000000009,562813.19999999995,595899.31000000006,589388.44999999984,593059.35,617080.40779999993,630466.55219876999]
["Maintenance",705409.14999999991,491364.3,721495.95000000007,693881.83000000007,840521.11,707406.00999999989,557888.07999999996,766322.00078200002,802122.5]
["SubTotal",{"$f":"SUM(B15:B16)","v":1065885.0899999999},{"$f":"SUM(C15:C16)","v":879459.11},1269523.6700000002,1256695.03,{"$f":"SUM(F15:F16)","v":1436420.42},1296794.4599999997,1150947.43,1383402.4085820001,1432589.05219877]
["%Change (year over year)",null,{"$f":"IF(ISERROR((C17-B17)/B17), \"\", (C17-B17)/B17)","v":-0.1749025122398512},{"$f":"IF(ISERROR((D17-C17)/C17), \"\", (D17-C17)/C17)","v":0.44352779516946522},{"$f":"IF(ISERROR((E17-D17)/D17), \"\", (E17-D17)/D17)","v":-1.0105081380641078E-2},{"$f":"IF(ISERROR((F17-E17)/E17), \"\", (F17-E17)/E17)","v":0.14301432384912025},{"$f":"IF(ISERROR((G17-F17)/F17), \"\", (G17-F17)/F17)","v":-9.7204104074209832E-2},-0.11246734505636292,{"$f":"IF(ISERROR((I17-G17)/G17), \"\", (I17-G17)/G17)","v":6.6786180272547083E-2},{"$f":"IF(ISERROR((J17-I17)/I17), \"\", (J17-I17)/I17)","v":3.5554834451377512E-2}]
["%Change (Test Year vs \nLast Rebasing Year - Actual)",null,null,null,null,null,null,null,null,{"$f":"IF(ISERROR((J17-C17)/C17), \"\", (J17-C17)/C17)","v":0.62894333108763867}]
["Billing and Collecting",616443.16999999993,600482,528100.29999999993,533838.17999999993,577268.44000000006,634033.41999999993,733216,710315.43310400005,733000]
["Community Relations",58624.25,41451.300000000003,53319.82,47390.79,52863.51,55451.94,59907,61000,67000]
["Administrative and General",859815.44,821876.77999999991,833117.71,817920.05000000016,1026994.48,915962.64,904488.61,969266,1062374.869368]
["SubTotal",{"$f":"SUM(B20:B22)","v":1534882.8599999999},{"$f":"SUM(C20:C22)","v":1463810.08},1414537.8299999998,1399149.02,{"$f":"SUM(F20:F22)","v":1657126.4300000002},1605448,1697611.6099999999,1740581.4331040001,1862374.869368]
["%Change (year over year)",null,{"$f":"IF(ISERROR((C23-B23)/B23), \"\", (C23-B23)/B23)","v":-4.6305019003209012E-2},{"$f":"IF(ISERROR((D23-C23)/C23), \"\", (D23-C23)/C23)","v":-3.3660275108913194E-2},{"$f":"IF(ISERROR((E23-D23)/D23), \"\", (E23-D23)/D23)","v":-1.0879037430904074E-2},{"$f":"IF(ISERROR((F23-E23)/E23), \"\", (F23-E23)/E23)","v":0.18438165364258352},{"$f":"IF(ISERROR((G23-F23)/F23), \"\", (G23-F23)/F23)","v":-3.1185568623149751E-2},5.7406786143182384E-2,{"$f":"IF(ISERROR((I23-G23)/G23), \"\", (I23-G23)/G23)","v":8.4171790742521749E-2},{"$f":"IF(ISERROR((J23-I23)/I23), \"\", (J23-I23)/I23)","v":6.9972845824745E-2}]
["%Change (Test Year vs \nLast Rebasing Year - Actual)",null,null,null,null,null,null,null,null,{"$f":"IF(ISERROR((J23-C23)/C23), \"\", (J23-C23)/C23)","v":0.27227903046548213}]
["Total",{"$f":"SUM(B23,B17)","v":2600767.9499999997},{"$f":"SUM(C23,C17)","v":2343269.19},2684061.5,2655844.0499999998,{"$f":"SUM(F23,F17)","v":3093546.85},2902242.46,2848559.04,3123983.8416860001,3294963.9215667699]
["%Change (year over year)",null,{"$f":"IF(ISERROR((C26-B26)/B26), \"\", (C26-B26)/B26)","v":-9.9008740860559982E-2},{"$f":"IF(ISERROR((D26-C26)/C26), \"\", (D26-C26)/C26)","v":0.14543455419221385},{"$f":"IF(ISERROR((E26-D26)/D26), \"\", (E26-D26)/D26)","v":-1.0512967009139017E-2},{"$f":"IF(ISERROR((F26-E26)/E26), \"\", (F26-E26)/E26)","v":0.16480741781506347},{"$f":"IF(ISERROR((G26-F26)/F26), \"\", (G26-F26)/F26)","v":-6.1839823114364707E-2},-1.8497220938597916E-2,{"$f":"IF(ISERROR((I26-G26)/G26), \"\", (I26-G26)/G26)","v":7.640346550715138E-2},{"$f":"IF(ISERROR((J26-I26)/I26), \"\", (J26-I26)/I26)","v":5.473142261468697E-2}]
[]
[]
[null,{"$f":"B13","v":"Last Rebasing Year (2010 Board-Approved)"},{"$f":"C13","v":"Last Rebasing Year (2010 Actuals)"},{"$f":"D13","v":"2011 Actual"},"2012 Actual","2013 Actuals","2014 Actuals","2015 \nPrelimin","2015 Bridge Year","2016 Test Year"]
["Operations",{"$f":"B15","v":360475.94000000006},{"$f":"C15","v":388094.81},{"$f":"D15","v":548027.72000000009},562813.19999999995,595899.31000000006,589388.44999999984,{"$f":"+H15","v":593059.35},617080.40779999993,630466.55219876999]
["Maintenance",{"$f":"B16","v":705409.14999999991},{"$f":"C16","v":491364.3},{"$f":"D16","v":721495.95000000007},693881.83000000007,840521.11,707406.00999999989,{"$f":"+H16","v":557888.07999999996},766322.00078200002,802122.5]
["Billing and Collecting",{"$f":"B20","v":616443.16999999993},{"$f":"C20","v":600482},{"$f":"D20","v":528100.29999999993},533838.17999999993,577268.44000000006,634033.41999999993,{"$f":"+H20","v":733216},710315.43310400005,733000]
["Community Relations",{"$f":"B21","v":58624.25},{"$f":"C21","v":41451.300000000003},{"$f":"D21","v":53319.82},47390.79,52863.51,55451.94,{"$f":"+H21","v":59907},61000,67000]
["Administrative and General",{"$f":"B22","v":859815.44},{"$f":"C22","v":821876.77999999991},{"$f":"D22","v":833117.71},817920.05000000016,1026994.48,915962.64,{"$f":"+H22","v":904488.61},969266,1062374.869368]
["Total",{"$f":"SUM(B31:B35)","v":2600767.9499999997},{"$f":"SUM(C31:C35)","v":2343269.19},{"$f":"SUM(D31:D35)","v":2684061.5},2655844.0500000003,3093546.8499999996,2902242.4599999995,{"$f":"SUM(H31:H35)","v":2848559.04},3123983.8416860001,3294963.9215667699]
["%Change (year over year)",null,{"$f":"IF(ISERROR((C36-B36)/B36), \"\", (C36-B36)/B36)","v":-9.9008740860559982E-2},{"$f":"IF(ISERROR((D36-C36)/C36), \"\", (D36-C36)/C36)","v":0.14543455419221385},{"$f":"IF(ISERROR((E36-D36)/D36), \"\", (E36-D36)/D36)","v":-1.0512967009138844E-2},{"$f":"IF(ISERROR((F36-E36)/E36), \"\", (F36-E36)/E36)","v":0.16480741781506308},{"$f":"IF(ISERROR((G36-F36)/F36), \"\", (G36-F36)/F36)","v":-6.1839823114364714E-2},{"$f":"+H27","v":-1.8497220938597916E-2},{"$f":"IF(ISERROR((I36-G36)/G36), \"\", (I36-G36)/G36)","v":7.6403465507151547E-2},{"$f":"IF(ISERROR((J36-I36)/I36), \"\", (J36-I36)/I36)","v":5.473142261468697E-2}]
[]
[]
[null,{"$f":"B13","v":"Last Rebasing Year (2010 Board-Approved)"},{"$f":"C13","v":"Last Rebasing Year (2010 Actuals)"},"Variance 2010  BA – 2010 Actuals",{"$f":"E13","v":"2012 Actual"},{"$f":"\"Variance \" & 'LDC Info'!E28 & \"  BA – \" & 'LDC Info'!E28 & \" Actuals\"","v":"Variance 2010  BA – 2010 Actuals"},{"$f":"F13","v":"2013 Actuals"},{"$f":"\"Variance \" & 'LDC Info'!E26 -2 & \" Actuals vs. \" &  'LDC Info'!E28 & \" Actuals\"","v":"Variance 2013 Actuals vs. 2010 Actuals"},{"$f":"G13","v":"2014 Actuals"},{"$f":"\"Variance \" & 'LDC Info'!E26 -1 & \" Actuals vs. \" &  'LDC Info'!E26-2 & \" Actuals\"","v":"Variance 2014 Actuals vs. 2013 Actuals"},{"$f":"I13","v":"2015 Bridge Year"},{"$f":"\"Variance \" & 'LDC Info'!E26 & \" Bridge vs. \" & 'LDC Info'!E26 -1 & \" Actuals\"","v":"Variance 2015 Bridge vs. 2014 Actuals"},{"$f":"J13","v":"2016 Test Year"},{"$f":"\"Variance \" & TestYear & \" Test vs. \" & BridgeYear & \" Bridge\"","v":"Variance 2016 Test vs. 2015 Bridge"}]
["Operations",{"$f":"B15","v":360475.94000000006},388094.81,{"$f":"C41-B41","v":27618.869999999937},{"$f":"E15","v":562813.19999999995},{"$f":"E41-C41","v":174718.38999999996},{"$f":"F15","v":595899.31000000006},{"$f":"G41-E41","v":33086.110000000102},{"$f":"G15","v":589388.44999999984},{"$f":"I41-G41","v":-6510.8600000002189},{"$f":"I15","v":617080.40779999993},{"$f":"K41-I41","v":27691.957800000091},{"$f":"J15","v":630466.55219876999},{"$f":"M41-K41","v":13386.144398770062}]
["Maintenance ",705409.14999999991,491364.3,{"$f":"C42-B42","v":-214044.84999999992},{"$f":"E16","v":693881.83000000007},{"$f":"E42-C42","v":202517.53000000009},{"$f":"F16","v":840521.11},146639.27999999991,{"$f":"G16","v":707406.00999999989},-133115.10000000009,{"$f":"I16","v":766322.00078200002},58915.990782000124,{"$f":"J16","v":802122.5},35800.499217999983]
["Billing and Collecting ",{"$f":"B20","v":616443.16999999993},600482,-15961.169999999925,{"$f":"E20","v":533838.17999999993},-66643.820000000065,{"$f":"F20","v":577268.44000000006},43430.260000000126,{"$f":"G20","v":634033.41999999993},56764.979999999865,{"$f":"I20","v":710315.43310400005},76282.013104000129,{"$f":"J20","v":733000},22684.566895999946]
["Community Relations ",58624.25,41451.300000000003,-17172.949999999997,{"$f":"E21","v":47390.79},5939.489999999998,{"$f":"F21","v":52863.51},5472.7200000000012,{"$f":"G21","v":55451.94},2588.4300000000003,{"$f":"I21","v":61000},5548.0599999999977,{"$f":"J21","v":67000},6000]
["Administrative and General ",859815.44,821876.77999999991,-37938.660000000033,{"$f":"E22","v":817920.05000000016},-3956.7299999997485,1026994.48,209074.42999999982,915962.64,-111031.83999999997,{"$f":"I22","v":969266},53303.359999999986,{"$f":"J22","v":1062374.869368},93108.869367999956]
["Total OM&A Expenses ",{"$f":"SUM(B41:B45)","v":2600767.9499999997},{"$f":"SUM(C41:C45)","v":2343269.19},-257498.75999999978,{"$f":"SUM(E41:E45)","v":2655844.0500000003},{"$f":"SUM(F41:F45)","v":312574.86000000022},3093546.8499999996,{"$f":"SUM(H41:H45)","v":437702.79999999993},2902242.4599999995,{"$f":"SUM(J41:J45)","v":-191304.39000000042},3123983.8416860001,221741.38168600033,3294963.9215667699,170980.07988076995]
["Adjustments for Total non-recoverable items (from Appendices 2-JA and 2-JB)"]
["Total Recoverable OM&A Expenses ",{"$f":"B46-B47","v":2600767.9499999997},2343269.19,-257498.75999999978,2655844.0500000003,312574.86000000022,3093546.8499999996,437702.79999999993,2902242.4599999995,-191304.39000000042,3123983.8416860001,221741.38168600033,3294963.9215667699,170980.07988076995]
["Variance from previous year ",null,null,null,null,null,{"$f":"G48-E48","v":437702.79999999935},null,{"$f":"I48-G48","v":-191304.39000000013},null,{"$f":"K48-I48","v":221741.38168600062},null,{"$f":"M48-K48","v":170980.07988076983}]
["Percent change (year over year) ",null,null,null,null,null,{"$f":"IF(ISERROR(G49/E48), \"\", G49/E48)","v":0.16480741781506308},null,{"$f":"IF(ISERROR(I49/G48), \"\", I49/G48)","v":-6.1839823114364714E-2},null,{"$f":"IF(ISERROR(K49/I48), \"\", K49/I48)","v":7.6403465507151547E-2},null,{"$f":"IF(ISERROR(M49/K48), \"\", M49/K48)","v":5.473142261468697E-2}]
["Percent Change:                                                    Test year vs. Most Current Actual ",null,null,null,null,null,null,null,{"$f":"IF(ISERROR((M48-I48)/I48), \"\", (M48-I48)/I48)","v":0.1353165584817371}]
["Simple average of % variance for all years",null,null,null,null,null,null,null,{"$f":"IF(ISERROR((M46-C46)/C46), \"\", (M46-C46)/C46)","v":0.40613973658176677},null,null,null,null,{"$f":"IF(ISERROR(AVERAGE(G50,I50,K50,M50)), \"\", AVERAGE(G50,I50,K50,M50))","v":5.8525620705634225E-2}]
["Compound Annual Growth Rate for all years",null,null,null,null,null,null,null,{"$f":"IF(ISERROR((M49-C49)/C49), \"\", (M49-C49)/C49)","v":""},null,null,null,null,{"$f":"IF((M48-C48)=0, \"\", (M48/C48)^(1/5)-1)","v":7.0546895160985779E-2}]
[{"$f":"\"Compound Growth Rate                                                            (\" & G13 & \" vs. \" & 'LDC Info'!E28 & \" Actuals)\"","v":"Compound Growth Rate                                                            (2014 Actuals vs. 2010 Actuals)"},null,null,null,null,null,null,null,{"$f":"IF(ISERROR((I48/C48)^(1/(3)) - 1), \"\", (I48/C48)^(1/(3)) - 1)","v":7.3916470355506192E-2}]
[]
["Note:"]
[]
["1     \"BA\" = Board-Approved"]
["2     If it has been more than three years since the applicant last filed a cost of service application, additional years of historical actuals should be incorporated into the table, as necessary, to go back to the last cost of service application.  If the applicant last filed a cost of service application less than three years ago, a minimum of three years of actual information is required."]
[]
["3     Recoverable OM&A that is included on these tables should be identical to the recoverable OM&A that is shown for the corresponding periods on Appendix 2-JB."]

{"sheet":"App.2-JB_OM&A_Cost _Drivers","index":39,"n_rows":71,"n_cols":8,"rows_kept":71,"cut":false,"hidden":false,"merged":[[9,0,9,6],[10,0,10,6],[67,1,69,6],[70,1,71,6],[66,1,66,6]]}
[null,null,null,null,null,"File Number:",{"$f":"EBNUMBER","v":"EB-2014-0105"}]
[null,null,null,null,null,"Exhibit:"]
[null,null,null,null,null,"Tab:"]
[null,null,null,null,null,"Schedule:"]
[null,null,null,null,null,"Page:"]
[]
[null,null,null,null,null,"Date:"]
[]
[]
["Appendix 2-JB"]
["Recoverable OM&A Cost Driver Table"]
[]
[]
["Reporting Basis","CGAAP","CGAAP","CGAAP","NEWGAAP","NEWGAAP","NEWGAAP","NEWGAAP"]
["OM&A",2010,2011,2012,2013,2014,2015,2016]
["Opening Balance",2600768,{"$f":"B45","v":2343269},2684061.4700000002,2655844.4700000002,3093546.47,2902242.6500000004,3123983.6500000004]
["Salaries Wages and Benefits",-45046,16086,null,69022,null,29000,40000]
["Apprentice Wages and Training",-58000,49000,-24000,null,null,18000,15801]
["Bad Debt Expense",3968,-9256.5300000000007,6654,6391,47707,-23464,5000]
["Tree Trimming",-88879,85571,{"$f":"-17000-545","v":-17545},60919,null,4264,5000]
["Substation Maintenance",-21081,38187,null,13312,-15274.82,5337,13387]
["Meter Reading",-48842,-20875,null,13096,null,16564]
["Post Retirement Adjustment/Actuarial",null,45000,-45000,109219,{"$f":"-E23+692","v":-108527},1000,1000]
["Meter Operations",null,{"$f":"78992-5513","v":73479},null,-32159,-28502,9692]
["Wind Storm in April 2011",null,25281]
["Transformer Maintenance",null,24879,null,null,null,11289]
["Storm July 18, 2011",null,14196]
["Underground Locates",null,null,15241,48443]
["IFRS",null,null,30000]
["Legal",null,null,null,33071,-15640]
["Storm July 17, 2013",null,null,null,42006,-42006]
["Wind Storm in November 2013",null,null,null,49812,-49812]
["Postage",null,null,null,null,null,55000,5000]
["Billing& Collecting",null,null,null,14422,null,{"$f":"28414","v":28414},10000]
["Community Relations & Safety",null,null,null,null,null,5548,6000]
["Memberships",null,null,null,null,23100,15250]
["Regulatory re 2016 COS",null,null,null,null,null,null,41000]
["Overhead Operations and Maintenance",null,null,null,null,null,29893,15000]
[]
[]
[null,381,-755,6433,10148,-2349,15954,13792]
[]
[]
["Decrease in OM&A offseting increase"]
["Closing Balance",{"$f":"SUM(B16:B43)","v":2343269},{"$f":"SUM(C16:C44)","v":2684061.4700000002},2655844.4700000002,3093546.47,2902242.6500000004,3123983.6500000004,3294963.6500000004]
["OM&A Summay Integrity Check",{"$f":"'App.2-JA_OM&A_Summary_Analys'!C26","v":2343269.19},{"$f":"'App.2-JA_OM&A_Summary_Analys'!D26","v":2684061.5},{"$f":"'App.2-JA_OM&A_Summary_Analys'!E26","v":2655844.0499999998},{"$f":"'App.2-JA_OM&A_Summary_Analys'!F26","v":3093546.85},{"$f":"'App.2-JA_OM&A_Summary_Analys'!G26","v":2902242.46},{"$f":"'App.2-JA_OM&A_Summary_Analys'!I26","v":3123983.8416860001},{"$f":"'App.2-JA_OM&A_Summary_Analys'!J26","v":3294963.9215667699}]
["Difference",{"$f":"B45-B46","v":-0.18999999994412065},-2.9999999795109034E-2,0.42000000039115548,{"$f":"E45-E46","v":-0.37999999988824129},0.19000000040978193,-0.19168599974364042,-0.27156676957383752]
[]
[]
[]
[]
[]
[]
[]
[]
[]
[]
[]
[]
[]
[]
[]
[]
["Notes:"]
[]
[1,"For each year, a detailed explanation for each cost driver and associated amount is requied in Exhibit 4."]
[2,"For purposes of assessing incremental cost drivers, the closing balance for each year becomes the opening balance for the next year."]
[3,"If it has been more than three years since the applicant last filed a cost of service application, additional years of historical actuals should be incorporated into the table, as necessary, to go back to the last cost of service application.  If the applicant last filed a cost of service application less than three years ago, a minimum of three years of actual information is required."]
[]
[]
[4,"Opening Balance for \"Last Rebasing Year\" (cell B15) should be equal to the Board-Approved amount."]

{"sheet":"App.2-JC_OMA Programs","index":40,"n_rows":91,"n_cols":13,"rows_kept":91,"cut":false,"hidden":false,"merged":[[52,0,52,12],[76,0,76,12],[8,0,8,12]]}
[null,null,null,null,null,null,null,null,null,null,null,"File Number:","EB-2014-0105"]
[null,null,null,null,null,null,null,null,null,null,null,"Exhibit:"]
[null,null,null,null,null,null,null,null,null,null,null,"Tab:"]
[null,null,null,null,null,null,null,null,null,null,null,"Schedule:"]
[null,null,null,null,null,null,null,null,null,null,null,"Page:"]
[]
[null,null,null,null,null,null,null,null,null,null,null,"Date:"]
[]
["Detail of OM&A Programs Table"]
[null,null,null,null,null,null,null,null,"Preliminary",null,null,"Test Year Versus Last Rebasing","Test Year Versus Most Current Actuals"]
["Reporting Basis",null,"Board Approved","CGAAP","CGAAP","CGAAP","CGAAP","CGAAP",null,"NEWGAAP","NEWGAAP"]
["Programs","USoA",2010,2010,2011,2012,2013,2014,2015,2015,2016,"Variance ($)","Variance ($)"]
[]
["Customer Focus"]
[]
["Community Relations and Safety",null,58624,41451.300000000003,53319.82,47390.79,52863.51,55451.94,59907,61000,67000,8376,11548.059999999998]
["Customer Service, Mailing Costs, Billing  and  Collections",null,491757,505594.88999999996,464035.7300000001,466907.23,503175.43,514359.02,606789.03000000026,603448.64257999999,620000,128243,105640.97999999998]
["Bad Debts",null,58000,61968.13,52711.6,59365.82,65757.179999999993,113464.09,100000,90000,95000,37000,-18464.089999999997]
["Meter Reading/smart meter reads",null,92805,48842.07,27967.33,27146.000000000007,41051.839999999997,29665.17,48206.55,46219.063104000001,50000,-42805,20334.830000000002]
["Service Locates",null,50458,46361.47,44530.15,55568.240000000005,88230,95347.13,90539,95000,100000,49542,4652.8699999999953]
[]
["Sub-Total",null,751644,704217.85999999987,642564.63000000012,656378.07999999996,751077.95999999985,808287.35,905441.58000000031,895667.70568399993,932000,180356,123712.64999999998]
[]
["Operational Effectiveness"]
[]
["Meters operations and maintenance ",null,53997,45131.44,124122.98,153929.63,136323.92000000001,107761.04000000001,101027.54,115681.97,110000,56003,2238.9599999999919]
["Transformers",null,29677,38240,63243.94,79190.490000000005,36022.5,47312.25,59587,58245.238500000007,60000,30323,12687.75]
["Overhead Lines",null,364305,301522.91999999993,405336.21000000014,393719.73,524886.59000000008,383029.88000000018,224045,452286.11,474082.264135,109777.264135,91052.384134999826]
["Underground Lines",null,50678,26290.59,35219.659999999996,19221.12,48322.94,39950.26,31811,43406.68,50000,-678,10049.739999999998]
["Vegetation Management",null,161222,72342.89,157913.53,121519.48,182438.28,190735.71,192442,195000,200557.5,39335.5,9821.7900000000081]
["Engineering & Mapping",null,102091,117568.17000000001,181078.90999999997,144516.51999999999,137879.51999999999,171003.22,151357,136600.357502,143949.28806376999,41858.288063769985,-27053.931936230016]
["Management and Adminstration",null,561330,540032.77999999991,483900.24000000011,457154.33999999985,637566.89999999991,532348.37999999977,540086.87999999989,590066,628850.96936800005,67520.969368000049,96502.589368000277]
["Corporate Memberships",null,25000,29664.25,42413.479999999996,33724.160000000003,32650,55910,65883,71000,75323.900000000009,50323.900000000009,19413.900000000009]
["Miscellaneous Expenses",null,51070,61971.159999999996,68924.58,89564.92,91760.35,99748.479999999996,98145,90000,92000,40930,-7748.4799999999959]
["Building, Heating, Electricity, Taxes Insurance",null,261905,268963.34000000003,260433.95,279029.28999999998,321196.40999999997,292112.65999999997,292469,309029.78000000003,318200,56295,26087.340000000026]
["Substation Operations and Maintenance",null,80049,60829.54,96192.170000000013,82769.490000000005,67053.83,75821.72,74795,65000,65000,-15049,-10821.720000000001]
[]
[]
[]
["Sub-Total",null,1741324,1562557.08,1918779.6500000001,1854339.1699999997,2216101.2400000002,1995733.5999999996,1831648.42,2126316.1360020004,2217963.9215667699,476639.92156677006,222230.32156677012]
[]
["Public and Regulatory Responsiveness"]
["Legal and Accounting",null,31500,38296.5,44970.18,43613.43,41086.399999999994,58009.5,72812,55000,62000,30500,3990.5]
["Regulatory",null,95000,38197.75,77748.040000000008,101513.37000000001,44531.25,40211.750000000007,38657,47000,83000,-12000,42788.249999999993]
["Capitalization Policy Change ( Effective Jan  1 , 2013)",null,null,null,null,null,40750,null,null,null,null,0,0]
[]
[]
["Sub-Total",null,126500,76494.25,122718.22,145126.80000000002,126367.65,98221.25,111469,102000,145000,18500,46778.749999999993]
[]
["TOTAL OM&A",null,2619468,2343269.19,2684062.5000000005,2655844.0499999993,3093546.85,2902242.1999999997,2848559,3123983.8416860001,3294963.9215667699,675495.92156677006,392721.72156677011]
["Integrity Check"]
[]
["Normalized OM&A Programs Table"]
[null,null,"Board Approved",null,null,null,null,null,null,null,null,"Test Year Versus Last Rebasing","Test Year Versus Most Current Actuals"]
["Programs",null,2010,2010,2011,2012,2013,2014,null,2015,2016,"Variance ($)","Variance ($)"]
["Reporting Basis",null,"CGAAP","CGAAP","CGAAP","CGAAP","CGAAP","CGAAP",null,"CGAAP","CGAAP","CGAAP","CGAAP"]
[]
["Normalized OM&A",null,null,-1521392.4100000001]
["Customer Focus"]
["Specify"]
["Specify"]
["Sub-Total",null,null,0,0,0,0,0,null,0,0,0,0]
[]
["Operational effectiveness"]
["Specify"]
["Specify"]
["Sub-Total",null,null,0,0,0,0,0,null,0,0,0,0]
[]
["Public Policy"]
["Specify"]
["Specify"]
["Sub-Total",null,null,0,0,0,0,0,null,0,0,0,0]
[]
["TOTAL Normalized OM&A",null,null,2343269.19,2684062.5000000005,2655844.0499999993,3093546.85,2902242.1999999997,null,3123983.8416860001,3294963.9215667699,675495.92156677006,392721.72156677011]
[]
[]
["Summarized OM&A Programs Table"]
[]
[null,null,null,null,null,null,null,null,null,null,null,"Test Year Versus Last Rebasing","Test Year Versus Most Current Actuals"]
["Programs",null,null,2010,2011,2012,2013,2014,null,2015,2016,"Variance ($)","Variance ($)"]
["Reporting Basis",null,null,"CGAAP","CGAAP","CGAAP","CGAAP","CGAAP",null,"CGAAP","CGAAP","CGAAP","CGAAP"]
[]
["Normalized OM&A"]
[]
["Customer Focus",null,null,-704217.85999999987,-642564.63000000012,-656378.07999999996,-751077.95999999985,-808287.35,null,-895667.70568399993,-932000,-180356,-123712.64999999998]
[]
["Operational effectiveness",null,null,-1562557.08,-1918779.6500000001,-1854339.1699999997,-2216101.2400000002,-1995733.5999999996,null,-2126316.1360020004,-2217963.9215667699,-476639.92156677006,-222230.32156677012]
[]
["Public Policy",null,null,-76494.25,-122718.22,-145126.80000000002,-126367.65,-98221.25,null,-102000,-145000,-18500,-46778.749999999993]
[]
["TOTAL Normalized OM&A",null,null,-2343269.19,-2684062.5000000005,-2655844.0499999993,-3093546.85,-2902242.1999999997,null,-3123983.8416860001,-3294963.9215667699,-675495.92156677006,-392721.72156677011]

{"sheet":"App.2-K_Employee Costs","index":41,"n_rows":32,"n_cols":9,"rows_kept":32,"cut":false,"hidden":false,"merged":[[25,0,25,8],[8,0,8,6],[9,0,9,6],[13,0,13,8],[17,0,17,8],[21,0,21,8]]}
[null,null,null,null,null,null,null,"File Number:",{"$f":"EBNUMBER","v":"EB-2014-0105"}]
[null,null,null,null,null,null,null,"Exhibit:"]
[null,null,null,null,null,null,null,"Tab:"]
[null,null,null,null,null,null,null,"Schedule:"]
[null,null,null,null,null,null,null,"Page:"]
[]
[null,null,null,null,null,null,null,"Date:"]
[]
["Appendix 2-K"]
["Employee Costs"]
[]
[null,"Board Approved","CGAAP","CGAAP","CGAAP","NEWGAAP","NEWGAAP","NEWGAAP","NEWGAAP"]
[null,2010,2010,2011,2012,2013,2014,2015,2016]
["Number of Employees (FTEs including Part-Time)1"]
["Management (including executive)",7,5,6,6,6,5,6,6]
["Non-Management (union and non-union)",21,22.5,23.5,22.5,23.5,21.5,21.5,21.5]
["Total",{"$f":"SUM(B15:B16)","v":28},27.5,29.5,28.5,29.5,26.5,27.5,27.5]
["Total Salary and Wages including ovetime and incentive pay"]
["Management (including executive)",501086,490840.34,520923.35,534513.25,580655.98,512952.25,525325.82999999996,{"$f":"559693.98+5000","v":564693.98}]
["Non-Management (union and non-union)",1252874,1145751.33,1250222.21,1261062.55,1361964.53,1424155.58,1462067.15,1489690.86]
["Total",{"$f":"SUM(B19:B20)","v":1753960},1636591.6700000002,1771145.56,1795575.8,1942620.51,{"$f":"SUM(G19:G20)","v":1937107.83},1987392.98,2054384.84]
["Total Benefits (Current + Accrued)"]
["Management (including executive)",62896,73145.08,82596.91,90380.13,113405.1,96634.2,{"$f":"+G23*H19/G19","v":98965.237644217355},{"$f":"+H23*I19/H19","v":106381.73631583835}]
["Non-Management (union and non-union)",204817,211055.35999999999,218444.28,204103.97,250306.1,264380.77,{"$f":"+H20*G24/G20","v":271418.68791379203},{"$f":"+I20*H24/H20","v":276546.7636820706}]
["Total",{"$f":"SUM(B23:B24)","v":267713},284200.44,301041.19,294484.09999999998,363711.2,{"$f":"SUM(G23:G24)","v":361014.97000000003},370383.92555800942,382928.49999790895]
["Total Compensation (Salary, Wages, & Benefits)"]
["Management (including executive)",{"$f":"B19+B23","v":563982},563985.42000000004,603520.26,624893.38,694061.08,{"$f":"G19+G23","v":609586.44999999995},624291.06764421728,671075.71631583828]
["Non-Management (union and non-union)",1457691,1356806.69,1468666.49,1465166.52,1612270.6300000001,{"$f":"G20+G24","v":1688536.35},1733485.8379137919,1766237.6236820708]
["Total",2021673,1920792.11,2072186.75,2090059.9,2306331.71,{"$f":"G21+G25","v":2298122.8000000003},2357776.9055580096,2437313.339997909]
[]
[]
["Total Capitalized",null,415256.53,256829.95,359407.55,421413.76,355510.23]

{"sheet":"App.2-L_OM&A_per_Cust_FTEE","index":42,"n_rows":29,"n_cols":9,"rows_kept":29,"cut":false,"hidden":false,"merged":[[23,1,25,7],[28,1,29,7],[8,0,8,7],[9,0,9,7],[26,1,26,6],[27,1,27,6],[15,0,15,1],[16,0,16,1],[17,0,17,1],[18,0,18,1],[13,0,13,1],[14,0,14,1],[12,0,12,1]]}
[null,null,null,null,null,null,null,"File Number:",{"$f":"EBNUMBER","v":"EB-2014-0105"}]
[null,null,null,null,null,null,null,"Exhibit:"]
[null,null,null,null,null,null,null,"Tab:"]
[null,null,null,null,null,null,null,"Schedule:"]
[null,null,null,null,null,null,null,"Page:"]
[]
[null,null,null,null,null,null,null,"Date:"]
[]
["Appendix 2-L"]
["Recoverable OM&A Cost per Customer and per FTE 1"]
[]
[null,null,2010,2011,2012,2013,2014,2015,2016]
["Reporting Basis"]
["Number of Customers",null,10506,10556,10625,10705,10801,10863,10925]
["Total Recoverable OM&A ",null,2343269.19,2684061.5,2655844.0499999998,3093546.85,2902242.4599999995,3123983.8416860001,3294963.9215667699]
["OM&A cost per customer",null,{"$f":"IF(C14=0,\"\",C15/C14)","v":223.04104226156483},254.26880447139067,249.96179294117644,288.98148995796356,{"$f":"IF(G14=0,\"\",G15/G14)","v":268.70127395611513},{"$f":"IF(H14=0,\"\",H15/H14)","v":287.58021188308942},301.59852828986453]
["Number of FTEs",null,27.5,29.5,28.5,29.5,26.5,27.5,29]
["Customers/FTEs",null,{"$f":"IF(C17=0,\"\",C14/C17)","v":382.03636363636366},357.83050847457628,372.80701754385967,362.88135593220341,407.58490566037733,395.0181818181818,376.72413793103448]
["OM&A Cost per FTE",null,{"$f":"IF(C17=0,\"\",C15/C17)","v":85209.788727272724},90985.135593220344,93187.510526315789,104865.99491525424,109518.5833962264,113599.41242494546,113619.44557126793]
[]
[]
["Notes:"]
[]
[1,"If it has been more than three years since the applicant last filed a cost of service application, additional years of historical actuals should be incorporated into the table, as necessary, to go back to the last cost of service application.  If the applicant last filed a cost of service application less than three years ago, a minimum of three years of actual information is required."]
[]
[]
[2,"The method of calculating the number of customers must be identified."]
[3,"The method of calculating the number of FTEs must be identified.  See also Appendix 2-K"]
[4,"The number of customers and the number of FTEs should correspond to mid-year or average of January 1 and December 31 figures."]

{"sheet":"App.2-M_Regulatory_Costs","index":43,"n_rows":61,"n_cols":14,"rows_kept":61,"cut":false,"hidden":false,"merged":[[29,1,29,12],[44,2,44,3],[8,0,8,10],[9,0,9,10],[12,1,12,2]]}
[null,null,null,null,null,null,null,null,null,"File Number:",{"$f":"EBNUMBER","v":"EB-2014-0105"}]
[null,null,null,null,null,null,null,null,null,"Exhibit:"]
[null,null,null,null,null,null,null,null,null,"Tab:"]
[null,null,null,null,null,null,null,null,null,"Schedule:"]
[null,null,null,null,null,null,null,null,null,"Page:"]
[]
[null,null,null,null,null,null,null,null,null,"Date:"]
[]
["Appendix 2-M"]
["Regulatory Cost Schedule"]
[]
[]
[null,"Regulatory Cost Category",null,"USoA Account","USoA Account Balance","Ongoing or One-time Cost? ","Last Rebasing Year Board Approved",2010,2011,2012,2013,2014,2015,2016]
[null,1,"OEB Annual Assessment",5655,null,"On-Going",26000,24947,25046,24158,18420,30359,25471,29500]
[null,2,"OEB Section 30 Costs (Applicant-originated)",5655,null,"On-Going"]
[null,3,"OEB Section 30 Costs (OEB-initiated)",5655,null,"On-Going",1000,908.73,1053.6199999999999,1450.01,1113.77,800,1522,1000]
[null,4,"Expert Witness costs for regulatory matters"]
[null,5,"Legal costs for regulatory matters"]
[null,6,"Consultants' costs for regulatory matters",5655,null,"On-Going",32000,null,42141,38429,14046]
[null,7,"Operating expenses associated with staff resources allocated to regulatory matters",5655,null,"On-Going",23000,26550,29000,33200,38350,32400,41500,41500]
[null,8,"Operating expenses associated with other resources allocated to regulatory matters 1",5655,null,"On-Going",null,null,null,null,1615]
[null,9,"Other regulatory agency fees or assessments",5655,null,"On-Going"]
[null,10,"Any other costs for regulatory matters (please define)",5655,null,"On-Going",null,4909.7,2113.0299999999997,null,2100.34,null,null,33000]
[null,11,"Intervenor costs",null,null,"On-Going",5000,null,null,null,285]
[null,12,"Sub-total - Ongoing Costs 3",null,{"$f":"SUMIF($E14:$E24,$E11,E14:E24)","v":0},null,{"$f":"SUM(G14:G24)","v":87000},{"$f":"SUM(H14:H24)","v":57315.429999999993},99353.65,97237.01,75930.11,63559,{"$f":"SUM(M14:M24)","v":68493},{"$f":"SUM(N14:N24)","v":105000}]
[null,13,"Sub-total - One-time Costs 4",null,{"$f":"SUMIF($E14:$E24,$E12,E14:E24)","v":0},null,{"$f":"SUMIF($E14:$E24,$E12,G14:G24)","v":0},0,0,0,0,{"$f":"SUMIF($E14:$E24,$E12,L14:L24)","v":0},{"$f":"SUMIF($E14:$E24,$E12,M14:M24)","v":0},{"$f":"SUMIF($E14:$E24,$E12,N14:N24)","v":0}]
[null,14,"Total",null,{"$f":"E25+E26","v":0},null,{"$f":"G25+G26","v":87000},57315.429999999993,99353.65,97237.01,75930.11,{"$f":"L25+L26","v":63559},{"$f":"M25+M26","v":68493},{"$f":"N25+N26","v":105000}]
[]
[]
[null,"Breakdown of Expenses related to Cost of Service"]
[]
[]
[null,null,null,2016,2017,2018,2019,2020]
[]
[]
[null,null,"Cost of Service ",29000,29000,29000,29000,29000]
[null,null,"1/5 per year"]
[]
[null,null,"IRM",4000,4000,4000,4000,4000]
[]
[null,null,"Other Application",0,0,0,0,0]
[]
[null,null,"TOTAL in 5655",{"$f":"SUM(D36:D41)","v":33000},33000,33000,33000,{"$f":"SUM(H36:H41)","v":33000}]
[]
[null,null,"Cost of Service Cost Components "]
[]
[null,null,"External Costs ",92000]
["4",null,"Public Notice ",3000]
[null,null,"Interrogatories ",0]
[null,null,"Settlement/Oral hearing",20000]
[null,null,"Reply submission ",0]
[null,null,"Intervenor costs ",30000]
[null,null,"Rate Order "]
[null,null,"Total Cost of Service Filing costs ",{"$f":"SUM(D47:D53)","v":145000}]
[]
[]
[null,null,"IRM filing costs 2012-14 (note: estimated $10K for each typical filing)"]
[null,null,null,"."]
[null,null,"Other Application ",0]
[]
[null,null,"Total for Regulatory Expenses",{"$f":"SUM(D54+D57+D59)","v":145000}]

{"sheet":"App.2-N_Corp_Cost_Allocation","index":44,"n_rows":225,"n_cols":7,"rows_kept":225,"cut":false,"hidden":false,"merged":[[220,0,220,5],[222,0,222,1],[222,2,224,2],[222,3,224,3],[222,4,223,4],[222,5,223,5],[223,0,224,0],[223,1,224,1],[206,0,206,5],[208,0,208,1],[208,2,210,2],[208,3,210,3],[208,4,209,4],[208,5,209,5],[209,0,210,0],[209,1,210,1],[188,0,188,5],[190,0,190,1],[190,2,192,2],[190,3,192,3],[190,4,191,4],[190,5,191,5],[191,0,192,0],[191,1,192,1],[174,0,174,5],[176,0,176,1],[176,2,178,2],[176,3,178,3],[176,4,177,4],[176,5,177,5],[177,0,178,0],[177,1,178,1],[155,0,155,5],[157,0,157,1],[157,2,159,2],[157,3,159,3],[157,4,158,4],[157,5,158,5],[158,0,159,0],[158,1,159,1],[141,0,141,5],[143,0,143,1],[143,2,145,2],[143,3,145,3],[143,4,144,4],[143,5,144,5],[144,0,145,0],[144,1,145,1],[123,0,123,5],[125,0,125,1],[125,2,127,2],[125,3,127,3],[125,4,126,4],[125,5,126,5],[126,0,127,0],[126,1,127,1],[109,0,109,5],[111,0,111,1],[111,2,113,2],[111,3,113,3],[111,4,112,4],[111,5,112,5],[112,0,113,0],[112,1,113,1],[91,0,91,5],[93,0,93,1],[93,2,95,2],[93,3,95,3],[93,4,94,4],[93,5,94,5],[94,0,95,0],[94,1,95,1],[77,0,77,5],[79,0,79,1],[79,2,81,2],[79,3,81,3],[79,4,80,4],[79,5,80,5],[80,0,81,0],[80,1,81,1],[59,0,59,5],[61,0,61,1],[61,2,63,2],[61,3,63,3],[61,4,62,4],[61,5,62,5],[62,0,63,0],[62,1,63,1],[45,0,45,5],[47,0,47,1],[47,2,49,2],[47,3,49,3],[47,4,48,4],[47,5,48,5],[48,0,49,0],[48,1,49,1],[29,2,31,2],[29,3,31,3],[29,4,30,4],[29,5,30,5],[30,0,31,0],[30,1,31,1],[15,6,16,6],[13,0,13,5],[8,0,8,5],[9,0,9,5],[16,0,17,0],[16,1,17,1],[15,2,17,2],[15,3,17,3],[15,0,15,1],[15,4,16,4],[15,5,16,5],[27,0,27,5],[29,0,29,1]]}
[null,null,null,null,null,"File Number:",{"$f":"EBNUMBER","v":"EB-2014-0105"}]
[null,null,null,null,null,"Exhibit:"]
[null,null,null,null,null,"Tab:"]
[null,null,null,null,null,"Schedule:"]
[null,null,null,null,null,"Page:"]
[]
[null,null,null,null,null,"Date:"]
[]
["Appendix 2-N"]
["Shared Services and Corporate Cost Allocation 1"]
[]
[null,"Year:",2010]
[]
["Shared Services"]
[]
["Name of Company",null,"Service Offered","Pricing Methodology","Price for the Service","Cost for the Service"]
["From","To"]
[null,null,null,null,"$","$"]
["Ottawa River Energy Solutions","Ottawa River Power Corporation","Internet Service","Market",19200]
["Ottawa River Power Corporation","Ottawa River Energy Solutions","Water Heater Maintenance","Cost",44275,38500]
["Ottawa River Power Corporation","Ottawa River Energy Solutions","Sentinel Light Maintenance","Cost",3662,3183]
["Ottawa River Power Corporation","Ottawa River Energy Solutions","Telecommunications","Cost",10769,9364]
["Ottawa River Power Corporation","Ottawa River Energy Solutions","Miscellaneous","Cost",496,432]
["Ottawa River Power Corporation","Ottawa River Energy Solutions","Management Services","Cost",39684,34508]
[]
[]
[]
["Corporate Cost Allocation"]
[]
["Name of Company",null,"Service Offered","Pricing Methodology","% of Corporate Costs Allocated","Amount Allocated"]
["From","To"]
[null,null,null,null,"%","$"]
[]
[]
[]
[]
[]
[]
[]
[]
[]
[]
[]
[null,"Year:",2011]
[]
["Shared Services"]
[]
["Name of Company",null,"Service Offered","Pricing Methodology","Price for the Service","Cost for the Service"]
["From","To"]
[null,null,null,null,"$","$"]
["Ottawa River Energy Solutions","Ottawa River Power Corporation","Internet Service","Market",19200]
["Ottawa River Power Corporation","Ottawa River Energy Solutions","Water Heater Maintenance","Cost",44579,38764]
["Ottawa River Power Corporation","Ottawa River Energy Solutions","Sentinel Light Maintenance","Cost",3417,2971]
["Ottawa River Power Corporation","Ottawa River Energy Solutions","Telecommunications","Cost",25344,22038]
["Ottawa River Power Corporation","Ottawa River Energy Solutions","Miscellaneous","Cost",384,333]
["Ottawa River Power Corporation","Ottawa River Energy Solutions","Management Services","Cost",41238,35859]
[]
[]
[]
["Corporate Cost Allocation"]
[]
["Name of Company",null,"Service Offered","Pricing Methodology","% of Corporate Costs Allocated","Amount Allocated"]
["From","To"]
[null,null,null,null,"%","$"]
[]
[]
[]
[]
[]
[]
[]
[]
[]
[]
[]
[null,"Year:",2012]
[]
["Shared Services"]
[]
["Name of Company",null,"Service Offered","Pricing Methodology","Price for the Service","Cost for the Service"]
["From","To"]
[null,null,null,null,"$","$"]
["Ottawa River Energy Solutions","Ottawa River Power Corporation","Internet Service","Market",19200]
["Ottawa River Power Corporation","Ottawa River Energy Solutions","Water Heater Maintenance","Cost",67067,58319]
["Ottawa River Power Corporation","Ottawa River Energy Solutions","Sentinel Light Maintenance","Cost",5811,5053]
["Ottawa River Power Corporation","Ottawa River Energy Solutions","Telecommunications","Cost",82668,71885]
["Ottawa River Power Corporation","Ottawa River Energy Solutions","Miscellaneous","Cost",729,633]
["Ottawa River Power Corporation","Ottawa River Energy Solutions","Management Services","Cost",47782.15,41550]
[]
[]
[]
["Corporate Cost Allocation"]
[]
["Name of Company",null,"Service Offered","Pricing Methodology","% of Corporate Costs Allocated","Amount Allocated"]
["From","To"]
[null,null,null,null,"%","$"]
[]
[]
[]
[]
[]
[]
[]
[]
[]
[]
[]
[null,"Year:",2013]
[]
["Shared Services"]
[]
["Name of Company",null,"Service Offered","Pricing Methodology","Price for the Service","Cost for the Service"]
["From","To"]
[null,null,null,null,"$","$"]
["Ottawa River Energy Solutions","Ottawa River Power Corporation","Internet Service","Market",19200]
["Ottawa River Power Corporation","Ottawa River Energy Solutions","Water Heater Maintenance","Cost",54377,47285]
["Ottawa River Power Corporation","Ottawa River Energy Solutions","Sentinel Light Maintenance","Cost",3438,2990]
["Ottawa River Power Corporation","Ottawa River Energy Solutions","Telecommunications","Cost",77403,67307]
["Ottawa River Power Corporation","Ottawa River Energy Solutions","Miscellaneous","Cost",757,658]
["Ottawa River Power Corporation","Ottawa River Energy Solutions","Management Services","Cost",54589,47470]
[]
[]
[]
["Corporate Cost Allocation"]
[]
["Name of Company",null,"Service Offered","Pricing Methodology","% of Corporate Costs Allocated","Amount Allocated"]
["From","To"]
[null,null,null,null,"%","$"]
[]
[]
[]
[]
[]
[]
[]
[]
[]
[]
[]
[null,"Year:",2014]
[]
["Shared Services"]
[]
["Name of Company",null,"Service Offered","Pricing Methodology","Price for the Service","Cost for the Service"]
["From","To"]
[null,null,null,null,"$","$"]
["Ottawa River Energy Solutions","Ottawa River Power Corporation","Internet Service","Market",19200]
["Ottawa River Power Corporation","Ottawa River Energy Solutions","Water Heater Maintenance","Cost",60027,{"$f":"+E148/1.15","v":52197.391304347831}]
["Ottawa River Power Corporation","Ottawa River Energy Solutions","Sentinel Light Maintenance","Cost",8133,{"$f":"+E149/1.15","v":7072.1739130434789}]
["Ottawa River Power Corporation","Ottawa River Energy Solutions","Telecommunications","Cost",29834,{"$f":"+E150/1.15","v":25942.608695652176}]
["Ottawa River Power Corporation","Ottawa River Energy Solutions","Miscellaneous","Cost",391,{"$f":"+E151/1.15","v":340}]
["Ottawa River Power Corporation","Ottawa River Energy Solutions","Management Services","Cost",47644,{"$f":"+E152/1.15","v":41429.565217391304}]
[]
[]
[]
["Corporate Cost Allocation"]
[]
["Name of Company",null,"Service Offered","Pricing Methodology","% of Corporate Costs Allocated","Amount Allocated"]
["From","To"]
[null,null,null,null,"%","$"]
[]
[]
[]
[]
[]
[]
[]
[]
[]
[]
[]
[]
[null,"Year:",2015]
[]
["Shared Services"]
[]
["Name of Company",null,"Service Offered","Pricing Methodology","Price for the Service","Cost for the Service"]
["From","To"]
[null,null,null,null,"$","$"]
["Ottawa River Energy Solutions","Ottawa River Power Corporation","Internet Service","Market",19200]
["Ottawa River Power Corporation","Ottawa River Energy Solutions","Water Heater Maintenance","Cost",62000,{"$f":"+E181/1.15","v":53913.043478260872}]
["Ottawa River Power Corporation","Ottawa River Energy Solutions","Sentinel Light Maintenance","Cost",5000,4348]
["Ottawa River Power Corporation","Ottawa River Energy Solutions","Telecommunications","Cost",40000,34750]
["Ottawa River Power Corporation","Ottawa River Energy Solutions","Miscellaneous","Cost",470,400]
["Ottawa River Power Corporation","Ottawa River Energy Solutions","Management Services","Cost",60000,52175]
[]
[]
[]
["Corporate Cost Allocation"]
[]
["Name of Company",null,"Service Offered","Pricing Methodology","% of Corporate Costs Allocated","Amount Allocated"]
["From","To"]
[null,null,null,null,"%","$"]
[]
[]
[]
[]
[]
[]
[]
[]
[]
[]
[]
[null,"Year:",2016]
[]
["Shared Services"]
[]
["Name of Company",null,"Service Offered","Pricing Methodology","Price for the Service","Cost for the Service"]
["From","To"]
[null,null,null,null,"$","$"]
["Ottawa River Energy Solutions","Ottawa River Power Corporation","Internet Service","Market",19200]
["Ottawa River Power Corporation","Ottawa River Energy Solutions","Water Heater Maintenance","Cost",64000,55652]
["Ottawa River Power Corporation","Ottawa River Energy Solutions","Sentinel Light Maintenance","Cost",5000,4348]
["Ottawa River Power Corporation","Ottawa River Energy Solutions","Telecommunications","Cost",40000,34750]
["Ottawa River Power Corporation","Ottawa River Energy Solutions","Miscellaneous","Cost",500,435]
["Ottawa River Power Corporation","Ottawa River Energy Solutions","Management Services","Cost",62000,53914]
[]
[]
[]
["Corporate Cost Allocation"]
[]
["Name of Company",null,"Service Offered","Pricing Methodology","% of Corporate Costs Allocated","Amount Allocated"]
["From","To"]
[null,null,null,null,"%","$"]

{"sheet":"App.2-OA Capital Structure","index":45,"n_rows":164,"n_cols":15,"rows_kept":164,"cut":false,"hidden":false,"merged":[[126,7,126,9],[128,0,129,0],[129,4,129,8],[147,7,147,9],[149,0,150,0],[150,4,150,8],[88,7,88,9],[90,0,91,0],[91,4,91,8],[107,7,107,9],[109,0,110,0],[110,4,110,8],[52,7,52,9],[54,0,55,0],[55,4,55,8],[70,7,70,9],[71,0,72,0],[72,4,72,8],[35,0,36,0],[36,4,36,8],[9,2,9,14],[10,2,10,14],[12,0,12,14],[14,7,14,9],[16,0,17,0],[17,4,17,8],[33,7,33,9]]}
[null,null,null,null,null,null,null,null,null,null,"File Number:",null,null,null,{"$f":"EBNUMBER","v":"EB-2014-0105"}]
[null,null,null,null,null,null,null,null,null,null,"Exhibit:"]
[null,null,null,null,null,null,null,null,null,null,"Tab:"]
[null,null,null,null,null,null,null,null,null,null,"Schedule:"]
[null,null,null,null,null,null,null,null,null,null,"Page:"]
[]
[null,null,null,null,null,null,null,null,null,null,"Date:"]
[]
[]
[null,null,"Appendix 2-OA"]
[null,null,"Capital Structure and Cost of Capital"]
[]
["This table must be completed for the last Board approved year and the test year."]
[]
[null,null,null,null,null,null,"Year:",2016]
[]
["Line No."]
[null,null,"Particulars",null,"Capitalization Ratio",null,null,null,null,null,"Cost Rate",null,null,null,"Return"]
[]
[null,null,null,null,"(%)",null,null,null,"($)",null,"(%)",null,null,null,"($)"]
[null,null,"Debt"]
[1,null,"  Long-term Debt",null,0.56000000000000016,null,null,null,{"$f":"I31*E22","v":6930627.200000002},null,7.2499999999999995E-2,null,null,null,{"$f":"K22*I22","v":502470.47200000013}]
[2,null,"  Short-term Debt",null,0.04,null,"(1)",null,{"$f":"I31*E23","v":495044.8},null,1.6500000000000001E-2,null,null,null,{"$f":"K23*I23","v":8168.2392}]
[3,null,"Total Debt",null,{"$f":"SUM(E22:E23)","v":0.6000000000000002},null,null,null,{"$f":"SUM(I22:I23)","v":7425672.0000000019},null,{"$f":"IF(E24=0,0,SUMPRODUCT(E22:E23,K22:K23)/E24)","v":6.876666666666667E-2},null,null,null,{"$f":"SUM(O22:O23)","v":510638.71120000014}]
[]
[null,null,"Equity"]
[4,null,"  Common Equity",null,0.4,null,null,null,{"$f":"I31*E27","v":4950448},null,9.1899999999999996E-2,null,null,null,{"$f":"K27*I27","v":454946.17119999998}]
[5,null,"  Preferred Shares",null,null,null,null,null,{"$f":"I31*E28","v":0},null,null,null,null,null,{"$f":"K28*I28","v":0}]
[6,null,"Total Equity",null,{"$f":"SUM(E27:E28)","v":0.4},null,null,null,{"$f":"SUM(I27:I28)","v":4950448},null,{"$f":"IF(E29=0,0,SUMPRODUCT(E27:E28,K27:K28)/E29)","v":9.1899999999999996E-2},null,null,null,{"$f":"SUM(O27:O28)","v":454946.17119999998}]
[]
[7,null,"Total",null,1,null,null,null,12376120,null,{"$f":"(K24*E24)+(K29*E29)","v":7.802000000000002E-2},null,null,null,{"$f":"O24+O29","v":965584.88240000012}]
[]
[]
[null,null,null,null,null,null,"Year:",2015]
[]
["Line No."]
[null,null,"Particulars",null,"Capitalization Ratio",null,null,null,null,null,"Cost Rate",null,null,null,"Return"]
[]
[null,null,null,null,"(%)",null,null,null,"($)",null,"(%)",null,null,null,"($)"]
[null,null,"Debt"]
[1,null,"  Long-term Debt",null,0.56000000000000016,null,null,null,{"$f":"$I$50*E41","v":7132773.2444237731},null,7.2499999999999995E-2,null,null,null,{"$f":"K41*I41","v":517126.06022072351}]
[2,null,"  Short-term Debt",null,0.04,null,"(1)",null,{"$f":"$I$50*E42","v":509483.80317312654},null,2.07E-2,null,null,null,{"$f":"K42*I42","v":10546.314725683718}]
[3,null,"Total Debt",null,{"$f":"SUM(E41:E42)","v":0.6000000000000002},null,null,null,{"$f":"SUM(I41:I42)","v":7642257.0475968998},null,{"$f":"IF(E43=0,0,SUMPRODUCT(E41:E42,K41:K42)/E43)","v":6.9046666666666673E-2},null,null,null,{"$f":"SUM(O41:O42)","v":527672.37494640728}]
[]
[null,null,"Equity"]
[4,null,"  Common Equity",null,0.4,null,null,null,{"$f":"$I$50*E46","v":5094838.0317312656},null,9.8500000000000004E-2,null,null,null,{"$f":"K46*I46","v":501841.54612552968}]
[5,null,"  Preferred Shares",null,null,null,null,null,{"$f":"$I$50*E47","v":0},null,null,null,null,null,{"$f":"K47*I47","v":0}]
[6,null,"Total Equity",null,{"$f":"SUM(E46:E47)","v":0.4},null,null,null,{"$f":"SUM(I46:I47)","v":5094838.0317312656},null,{"$f":"IF(E48=0,0,SUMPRODUCT(E46:E47,K46:K47)/E48)","v":9.8500000000000004E-2},null,null,null,{"$f":"SUM(O46:O47)","v":501841.54612552968}]
[]
[7,null,"Total",null,1,null,null,null,12737095.079328163,null,{"$f":"(K43*E43)+(K48*E48)","v":8.0828000000000025E-2},null,null,null,{"$f":"O43+O48","v":1029513.921071937}]
[]
[]
[null,null,null,null,null,null,"Year:",2014]
[]
["Line No."]
[null,null,"Particulars",null,"Capitalization Ratio",null,null,null,null,null,"Cost Rate",null,null,null,"Return"]
[]
[null,null,null,null,"(%)",null,null,null,"($)",null,"(%)",null,null,null,"($)"]
[null,null,"Debt"]
[1,null,"  Long-term Debt",null,0.56000000000000016,null,null,null,{"$f":"$I$50*E60","v":7132773.2444237731},null,7.2499999999999995E-2,null,null,null,{"$f":"K60*I60","v":517126.06022072351}]
[2,null,"  Short-term Debt",null,0.04,null,"(1)",null,{"$f":"$I$50*E61","v":509483.80317312654},null,2.07E-2,null,null,null,{"$f":"K61*I61","v":10546.314725683718}]
[3,null,"Total Debt",null,{"$f":"SUM(E60:E61)","v":0.6000000000000002},null,null,null,{"$f":"SUM(I60:I61)","v":7642257.0475968998},null,{"$f":"IF(E62=0,0,SUMPRODUCT(E60:E61,K60:K61)/E62)","v":6.9046666666666673E-2},null,null,null,{"$f":"SUM(O60:O61)","v":527672.37494640728}]
[]
[null,null,"Equity"]
[4,null,"  Common Equity",null,0.4,null,null,null,{"$f":"$I$50*E65","v":5094838.0317312656},null,9.8500000000000004E-2,null,null,null,{"$f":"K65*I65","v":501841.54612552968}]
[5,null,"  Preferred Shares",null,null,null,null,null,{"$f":"$I$50*E66","v":0},null,null,null,null,null,{"$f":"K66*I66","v":0}]
[6,null,"Total Equity",null,{"$f":"SUM(E65:E66)","v":0.4},null,null,null,{"$f":"SUM(I65:I66)","v":5094838.0317312656},null,{"$f":"IF(E67=0,0,SUMPRODUCT(E65:E66,K65:K66)/E67)","v":9.8500000000000004E-2},null,null,null,{"$f":"SUM(O65:O66)","v":501841.54612552968}]
[]
[7,null,"Total",null,1,null,null,null,12737095.079328163,null,{"$f":"(K62*E62)+(K67*E67)","v":8.0828000000000025E-2},null,null,null,{"$f":"O62+O67","v":1029513.921071937}]
[]
[null,null,null,null,null,null,"Year:",2013]
[]
[]
[]
[null,null,null,null,"(%)",null,null,null,"($)",null,"(%)",null,null,null,"($)"]
[null,null,"Debt"]
[1,null,"  Long-term Debt",null,0.56000000000000016,null,null,null,{"$f":"$I$86*E77","v":6489527.7484800015},null,7.2499999999999995E-2,null,null,null,{"$f":"K77*I77","v":470490.76176480006}]
[2,null,"  Short-term Debt",null,0.04,null,"(1)",null,{"$f":"$I$86*E78","v":463537.69631999999},null,2.07E-2,null,null,null,{"$f":"K78*I78","v":9595.2303138240004}]
[3,null,"Total Debt",null,{"$f":"SUM(E77:E78)","v":0.6000000000000002},null,null,null,{"$f":"SUM(I77:I78)","v":6953065.4448000016},null,{"$f":"IF(E79=0,0,SUMPRODUCT(E77:E78,K77:K78)/E79)","v":6.9046666666666673E-2},null,null,null,{"$f":"SUM(O77:O78)","v":480085.99207862408}]
[]
[null,null,"Equity"]
[4,null,"  Common Equity",null,0.4,null,null,null,{"$f":"$I$86*E82","v":4635376.9632000001},null,9.8500000000000004E-2,null,null,null,{"$f":"K82*I82","v":456584.63087520003}]
[5,null,"  Preferred Shares",null,null,null,null,null,{"$f":"$I$86*E83","v":0},null,null,null,null,null,{"$f":"K83*I83","v":0}]
[6,null,"Total Equity",null,{"$f":"SUM(E82:E83)","v":0.4},null,null,null,{"$f":"SUM(I82:I83)","v":4635376.9632000001},null,{"$f":"IF(E84=0,0,SUMPRODUCT(E82:E83,K82:K83)/E84)","v":9.8500000000000004E-2},null,null,null,{"$f":"SUM(O82:O83)","v":456584.63087520003}]
[]
[7,null,"Total",null,1,null,null,null,11588442.408,null,{"$f":"(K79*E79)+(K84*E84)","v":8.0828000000000025E-2},null,null,null,{"$f":"O79+O84","v":936670.62295382412}]
[]
[]
[null,null,null,null,null,null,"Year:",2012]
[]
["Line No."]
[null,null,"Particulars",null,"Capitalization Ratio",null,null,null,null,null,"Cost Rate",null,null,null,"Return"]
[]
[null,null,null,null,"(%)",null,null,null,"($)",null,"(%)",null,null,null,"($)"]
[null,null,"Debt"]
[1,null,"  Long-term Debt",null,0.56000000000000016,null,null,null,{"$f":"$I$105*E96","v":6220862.9870800022},null,7.2499999999999995E-2,null,null,null,{"$f":"K96*I96","v":451012.56656330015}]
[2,null,"  Short-term Debt",null,0.04,null,"(1)",null,{"$f":"$I$105*E97","v":444347.35622000002},null,2.07E-2,null,null,null,{"$f":"K97*I97","v":9197.9902737539996}]
[3,null,"Total Debt",null,{"$f":"SUM(E96:E97)","v":0.6000000000000002},null,null,null,{"$f":"SUM(I96:I97)","v":6665210.3433000026},null,{"$f":"IF(E98=0,0,SUMPRODUCT(E96:E97,K96:K97)/E98)","v":6.9046666666666673E-2},null,null,null,{"$f":"SUM(O96:O97)","v":460210.55683705414}]
[]
[null,null,"Equity"]
[4,null,"  Common Equity",null,0.4,null,null,null,{"$f":"$I$31*E101","v":4950448},null,9.8500000000000004E-2,null,null,null,{"$f":"K101*I101","v":487619.12800000003}]
[5,null,"  Preferred Shares",null,null,null,null,null,{"$f":"$I$31*E102","v":0},null,null,null,null,null,{"$f":"K102*I102","v":0}]
[6,null,"Total Equity",null,{"$f":"SUM(E101:E102)","v":0.4},null,null,null,{"$f":"SUM(I101:I102)","v":4950448},null,{"$f":"IF(E103=0,0,SUMPRODUCT(E101:E102,K101:K102)/E103)","v":9.8500000000000004E-2},null,null,null,{"$f":"SUM(O101:O102)","v":487619.12800000003}]
[]
[7,null,"Total",null,1,null,null,null,11108683.9055,null,{"$f":"(K98*E98)+(K103*E103)","v":8.0828000000000025E-2},null,null,null,{"$f":"O98+O103","v":947829.68483705423}]
[]
[]
[null,null,null,null,null,null,"Year:",2011]
[]
["Line No."]
[null,null,"Particulars",null,"Capitalization Ratio",null,null,null,null,null,"Cost Rate",null,null,null,"Return"]
[]
[null,null,null,null,"(%)",null,null,null,"($)",null,"(%)",null,null,null,"($)"]
[null,null,"Debt"]
[1,null,"  Long-term Debt",null,0.56000000000000016,null,null,null,{"$f":"$I$124*E115","v":6235998.8255600026},null,7.2499999999999995E-2,null,null,null,{"$f":"K115*I115","v":452109.91485310014}]
[2,null,"  Short-term Debt",null,0.04,null,"(1)",null,{"$f":"$I$124*E116","v":445428.48754000012},null,2.07E-2,null,null,null,{"$f":"K116*I116","v":9220.3696920780021}]
[3,null,"Total Debt",null,{"$f":"SUM(E115:E116)","v":0.6000000000000002},null,null,null,{"$f":"SUM(I115:I116)","v":6681427.3131000027},null,{"$f":"IF(E117=0,0,SUMPRODUCT(E115:E116,K115:K116)/E117)","v":6.9046666666666673E-2},null,null,null,{"$f":"SUM(O115:O116)","v":461330.28454517812}]
[]
[null,null,"Equity"]
[4,null,"  Common Equity",null,0.4,null,null,null,{"$f":"$I$31*E120","v":4950448},null,9.8500000000000004E-2,null,null,null,{"$f":"K120*I120","v":487619.12800000003}]
[5,null,"  Preferred Shares",null,null,null,null,null,{"$f":"$I$124*E121","v":0},null,null,null,null,null,{"$f":"K121*I121","v":0}]
[6,null,"Total Equity",null,{"$f":"SUM(E120:E121)","v":0.4},null,null,null,{"$f":"SUM(I120:I121)","v":4950448},null,{"$f":"IF(E122=0,0,SUMPRODUCT(E120:E121,K120:K121)/E122)","v":9.8500000000000004E-2},null,null,null,{"$f":"SUM(O120:O121)","v":487619.12800000003}]
[]
[7,null,"Total",null,1,null,null,null,11135712.188500002,null,{"$f":"(K117*E117)+(K122*E122)","v":8.0828000000000025E-2},null,null,null,{"$f":"O117+O122","v":948949.41254517809}]
[]
[]
[null,null,null,null,null,null,"Year:",2010]
[]
["Line No."]
[null,null,"Particulars",null,"Capitalization Ratio",null,null,null,null,null,"Cost Rate",null,null,null,"Return"]
[]
[null,null,null,null,"(%)",null,null,null,"($)",null,"(%)",null,null,null,"($)"]
[null,null,"Debt"]
[1,null,"  Long-term Debt",null,0.56000000000000016,null,null,null,{"$f":"$I$164*E134","v":6453362.4611209305},null,7.2499999999999995E-2,null,null,null,{"$f":"K134*I134","v":467868.77843126742}]
[2,null,"  Short-term Debt",null,0.04,null,"(1)",null,{"$f":"$I$164*E135","v":460954.46150863776},null,2.07E-2,null,null,null,{"$f":"K135*I135","v":9541.7573532288006}]
[3,null,"Total Debt",null,{"$f":"SUM(E134:E135)","v":0.6000000000000002},null,null,null,{"$f":"SUM(I134:I135)","v":6914316.9226295687},null,{"$f":"IF(E136=0,0,SUMPRODUCT(E134:E135,K134:K135)/E136)","v":6.9046666666666673E-2},null,null,null,{"$f":"SUM(O134:O135)","v":477410.53578449623}]
[]
[null,null,"Equity"]
[4,null,"  Common Equity",null,0.4,null,null,null,{"$f":"$I$164*E139","v":4609544.6150863776},null,9.8500000000000004E-2,null,null,null,{"$f":"K139*I139","v":454040.14458600822}]
[5,null,"  Preferred Shares",null,null,null,null,null,{"$f":"$I$164*E140","v":0},null,null,null,null,null,{"$f":"K140*I140","v":0}]
[6,null,"Total Equity",null,{"$f":"SUM(E139:E140)","v":0.4},null,null,null,{"$f":"SUM(I139:I140)","v":4609544.6150863776},null,{"$f":"IF(E141=0,0,SUMPRODUCT(E139:E140,K139:K140)/E141)","v":9.8500000000000004E-2},null,null,null,{"$f":"SUM(O139:O140)","v":454040.14458600822}]
[]
[7,null,"Total",null,1,null,null,null,11159657.935000004,null,{"$f":"(K136*E136)+(K141*E141)","v":8.0828000000000025E-2},null,null,null,{"$f":"O136+O141","v":931450.6803705045}]
[]
[]
[]
[]
[null,null,null,null,null,null,"Board Approved",2010]
[]
["Line No."]
[null,null,"Particulars",null,"Capitalization Ratio",null,null,null,null,null,"Cost Rate",null,null,null,"Return"]
[]
[null,null,null,null,"(%)",null,null,null,"($)",null,"(%)",null,null,null,"($)"]
[null,null,"Debt"]
[1,null,"  Long-term Debt",null,0.56000000000000016,null,null,null,{"$f":"$I$164*E155","v":6453362.4611209305},null,7.2499999999999995E-2,null,null,null,{"$f":"K155*I155","v":467868.77843126742}]
[2,null,"  Short-term Debt",null,0.04,null,"(1)",null,{"$f":"$I$164*E156","v":460954.46150863776},null,2.07E-2,null,null,null,{"$f":"K156*I156","v":9541.7573532288006}]
[3,null,"Total Debt",null,{"$f":"SUM(E155:E156)","v":0.6000000000000002},null,null,null,{"$f":"SUM(I155:I156)","v":6914316.9226295687},null,{"$f":"IF(E157=0,0,SUMPRODUCT(E155:E156,K155:K156)/E157)","v":6.9046666666666673E-2},null,null,null,{"$f":"SUM(O155:O156)","v":477410.53578449623}]
[]
[null,null,"Equity"]
[4,null,"  Common Equity",null,0.4,null,null,null,{"$f":"$I$164*E160","v":4609544.6150863776},null,9.8500000000000004E-2,null,null,null,{"$f":"K160*I160","v":454040.14458600822}]
[5,null,"  Preferred Shares",null,null,null,null,null,{"$f":"$I$164*E161","v":0},null,null,null,null,null,{"$f":"K161*I161","v":0}]
[6,null,"Total Equity",null,{"$f":"SUM(E160:E161)","v":0.4},null,null,null,{"$f":"SUM(I160:I161)","v":4609544.6150863776},null,{"$f":"IF(E162=0,0,SUMPRODUCT(E160:E161,K160:K161)/E162)","v":9.8500000000000004E-2},null,null,null,{"$f":"SUM(O160:O161)","v":454040.14458600822}]
[]
[7,null,"Total",null,1,null,null,null,11523861.537715944,null,{"$f":"(K157*E157)+(K162*E162)","v":8.0828000000000025E-2},null,null,null,{"$f":"O157+O162","v":931450.6803705045}]

{"sheet":"App.2-OB_Debt Instruments","index":46,"n_rows":144,"n_cols":11,"rows_kept":144,"cut":false,"hidden":false,"merged":[[9,0,9,10],[10,0,10,10],[10,11,10,14],[12,0,12,10]]}
[null,null,null,null,null,null,null,null,null,"File Number:",{"$f":"EBNUMBER","v":"EB-2014-0105"}]
[null,null,null,null,null,null,null,null,null,"Exhibit:"]
[null,null,null,null,null,null,null,null,null,"Tab:"]
[null,null,null,null,null,null,null,null,null,"Schedule:"]
[null,null,null,null,null,null,null,null,null,"Page:"]
[]
[null,null,null,null,null,null,null,null,null,"Date:"]
[]
[]
["Appendix 2-OB"]
["Debt Instruments"]
[]
["This table must be completed for all required historical years, the bridge year and the test year."]
[null,null,"Year",2016]
[]
["Description","Lender","Affiliated or Third-Party Debt?","Fixed or Variable-Rate?","Start Date","Term              (years)","Principal                         ($)","Rate (%)                     (Note 2)","Interest ($)       (Note 1)","Additional Comments, if any"]
["Promissory Note","City of Pembroke","Affiliated","Fixed Rate","2002-05-01",20,4364000,7.2499999999999995E-2,{"$f":"G17*H17","v":316390}]
["Promissory Note","Town of Mississippi Mills","Affiliated","Fixed Rate","2002-05-01",20,902490,7.2499999999999995E-2,{"$f":"G18*H18","v":65430.524999999994}]
["Promissory Note","Village of Beachburg","Affiliated","Fixed Rate","2002-05-01",20,147000,7.2499999999999995E-2,10657.5]
["Promissory Note","Township of Killaloe","Affiliated","Fixed Rate","2002-05-01",20,172348,7.2499999999999995E-2,12495.23]
[null,null,null,null,null,null,null,null,0]
[null,null,null,null,null,null,null,null,0]
[null,null,null,null,null,null,null,null,0]
[null,null,null,null,null,null,null,null,0]
[null,null,null,null,null,null,null,null,0]
[null,null,null,null,null,null,null,null,0]
[null,null,null,null,null,null,null,null,0]
[null,null,null,null,null,null,null,null,0]
[]
[null,null,null,null,null,null,{"$f":"SUM(G17:G28)","v":5585838},{"$f":"IF(G30=0,\"\",I30/G30)","v":7.2499999999999995E-2},{"$f":"SUM(I17:I28)","v":404973.255}]
[]
[]
[null,null,"Year",2015]
[]
["Description","Lender","Affiliated or Third-Party Debt?","Fixed or Variable-Rate?","Start Date","Term              (years)","Principal                         ($)","Rate (%)                     (Note 2)","Interest ($)       (Note 1)","Additional Comments, if any"]
["Promissory Note","City of Pembroke","Affiliated","Fixed Rate","2002-05-01",20,4364000,7.2499999999999995E-2,{"$f":"G36*H36","v":316390}]
["Promissory Note","Town of Mississippi Mills","Affiliated","Fixed Rate","2002-05-01",20,902490,7.2499999999999995E-2,{"$f":"G37*H37","v":65430.524999999994}]
["Promissory Note","Village of Beachburg","Affiliated","Fixed Rate","2002-05-01",20,147000,7.2499999999999995E-2,{"$f":"G38*H38","v":10657.5}]
["Promissory Note","Township of Killaloe","Affiliated","Fixed Rate","2002-05-01",20,172348,7.2499999999999995E-2,{"$f":"G39*H39","v":12495.23}]
[null,null,null,null,null,null,null,null,{"$f":"G40*H40","v":0}]
[null,null,null,null,null,null,null,null,0]
[null,null,null,null,null,null,null,null,0]
[null,null,null,null,null,null,null,null,0]
[null,null,null,null,null,null,null,null,0]
[null,null,null,null,null,null,null,null,0]
[null,null,null,null,null,null,null,null,0]
[null,null,null,null,null,null,null,null,0]
[]
[null,null,null,null,null,null,{"$f":"SUM(G36:G47)","v":5585838},{"$f":"IF(G49=0,\"\",I49/G49)","v":7.2499999999999995E-2},{"$f":"SUM(I36:I47)","v":404973.255}]
[]
[]
[null,null,"Year",2014]
[]
["Description","Lender","Affiliated or Third-Party Debt?","Fixed or Variable-Rate?","Start Date","Term              (years)","Principal                         ($)","Rate (%)                     (Note 2)","Interest ($)       (Note 1)","Additional Comments, if any"]
["Promissory Note","City of Pembroke","Affiliated","Fixed Rate","2002-05-01",20,4364000,7.2499999999999995E-2,{"$f":"G55*H55","v":316390}]
["Promissory Note","Town of Mississippi Mills","Affiliated","Fixed Rate","2002-05-01",20,902490,7.2499999999999995E-2,{"$f":"G56*H56","v":65430.524999999994}]
["Promissory Note","Village of Beachburg","Affiliated","Fixed Rate","2002-05-01",20,147000,7.2499999999999995E-2,{"$f":"G57*H57","v":10657.5}]
["Promissory Note","Township of Killaloe","Affiliated","Fixed Rate","2002-05-01",20,172348,7.2499999999999995E-2,{"$f":"G58*H58","v":12495.23}]
[null,null,null,null,null,null,null,null,{"$f":"G59*H59","v":0}]
[null,null,null,null,null,null,null,null,0]
[null,null,null,null,null,null,null,null,0]
[null,null,null,null,null,null,null,null,0]
[null,null,null,null,null,null,null,null,0]
[null,null,null,null,null,null,null,null,0]
[null,null,null,null,null,null,null,null,0]
[null,null,null,null,null,null,null,null,0]
[]
[null,null,null,null,null,null,{"$f":"SUM(G55:G66)","v":5585838},{"$f":"IF(G68=0,\"\",I68/G68)","v":7.2499999999999995E-2},{"$f":"SUM(I55:I66)","v":404973.255}]
[]
[]
[null,null,"Year",2013]
[]
["Description","Lender","Affiliated or Third-Party Debt?","Fixed or Variable-Rate?","Start Date","Term              (years)","Principal                         ($)","Rate (%)                     (Note 2)","Interest ($)       (Note 1)","Additional Comments, if any"]
["Promissory Note","City of Pembroke","Affiliated","Fixed Rate","2002-05-01",20,4364000,7.2499999999999995E-2,{"$f":"G74*H74","v":316390}]
["Promissory Note","Town of Mississippi Mills","Affiliated","Fixed Rate","2002-05-01",20,902490,7.2499999999999995E-2,{"$f":"G75*H75","v":65430.524999999994}]
["Promissory Note","Village of Beachburg","Affiliated","Fixed Rate","2002-05-01",20,147000,7.2499999999999995E-2,{"$f":"G76*H76","v":10657.5}]
["Promissory Note","Township of Killaloe","Affiliated","Fixed Rate","2002-05-01",20,172348,7.2499999999999995E-2,{"$f":"G77*H77","v":12495.23}]
[null,null,null,null,null,null,null,null,{"$f":"G78*H78","v":0}]
[null,null,null,null,null,null,null,null,0]
[null,null,null,null,null,null,null,null,0]
[null,null,null,null,null,null,null,null,0]
[null,null,null,null,null,null,null,null,0]
[null,null,null,null,null,null,null,null,0]
[null,null,null,null,null,null,null,null,0]
[null,null,null,null,null,null,null,null,0]
[]
[null,null,null,null,null,null,{"$f":"SUM(G74:G85)","v":5585838},{"$f":"IF(G87=0,\"\",I87/G87)","v":7.2499999999999995E-2},{"$f":"SUM(I74:I85)","v":404973.255}]
[]
[]
[null,null,"Year",2012]
[]
["Description","Lender","Affiliated or Third-Party Debt?","Fixed or Variable-Rate?","Start Date","Term              (years)","Principal                         ($)","Rate (%)                     (Note 2)","Interest ($)       (Note 1)","Additional Comments, if any"]
["Promissory Note","City of Pembroke","Affiliated","Fixed Rate","2002-05-01",20,4364000,7.2499999999999995E-2,{"$f":"G93*H93","v":316390}]
["Promissory Note","Town of Mississippi Mills","Affiliated","Fixed Rate","2002-05-01",20,902490,7.2499999999999995E-2,{"$f":"G94*H94","v":65430.524999999994}]
["Promissory Note","Village of Beachburg","Affiliated","Fixed Rate","2002-05-01",20,147000,7.2499999999999995E-2,{"$f":"G95*H95","v":10657.5}]
["Promissory Note","Township of Killaloe","Affiliated","Fixed Rate","2002-05-01",20,172348,7.2499999999999995E-2,{"$f":"G96*H96","v":12495.23}]
[null,null,null,null,null,null,null,null,{"$f":"G97*H97","v":0}]
[null,null,null,null,null,null,null,null,0]
[null,null,null,null,null,null,null,null,0]
[null,null,null,null,null,null,null,null,0]
[null,null,null,null,null,null,null,null,0]
[null,null,null,null,null,null,null,null,0]
[null,null,null,null,null,null,null,null,0]
[null,null,null,null,null,null,null,null,0]
[]
[null,null,null,null,null,null,{"$f":"SUM(G93:G104)","v":5585838},{"$f":"IF(G106=0,\"\",I106/G106)","v":7.2499999999999995E-2},{"$f":"SUM(I93:I104)","v":404973.255}]
[]
[]
[null,null,"Year",2011]
[]
["Description","Lender","Affiliated or Third-Party Debt?","Fixed or Variable-Rate?","Start Date","Term              (years)","Principal                         ($)","Rate (%)                     (Note 2)","Interest ($)       (Note 1)","Additional Comments, if any"]
["Promissory Note","City of Pembroke","Affiliated","Fixed Rate","2002-05-01",20,4364000,7.2499999999999995E-2,{"$f":"G112*H112","v":316390}]
["Promissory Note","Town of Mississippi Mills","Affiliated","Fixed Rate","2002-05-01",20,902490,7.2499999999999995E-2,{"$f":"G113*H113","v":65430.524999999994}]
["Promissory Note","Village of Beachburg","Affiliated","Fixed Rate","2002-05-01",20,147000,7.2499999999999995E-2,{"$f":"G114*H114","v":10657.5}]
["Promissory Note","Township of Killaloe","Affiliated","Fixed Rate","2002-05-01",20,172348,7.2499999999999995E-2,{"$f":"G115*H115","v":12495.23}]
[null,null,null,null,null,null,null,null,{"$f":"G116*H116","v":0}]
[null,null,null,null,null,null,null,null,0]
[null,null,null,null,null,null,null,null,0]
[null,null,null,null,null,null,null,null,0]
[null,null,null,null,null,null,null,null,0]
[null,null,null,null,null,null,null,null,0]
[null,null,null,null,null,null,null,null,0]
[null,null,null,null,null,null,null,null,0]
[]
[null,null,null,null,null,null,{"$f":"SUM(G112:G123)","v":5585838},{"$f":"IF(G125=0,\"\",I125/G125)","v":7.2499999999999995E-2},{"$f":"SUM(I112:I123)","v":404973.255}]
[]
[]
[null,null,"Year",2010]
[]
["Description","Lender","Affiliated or Third-Party Debt?","Fixed or Variable-Rate?","Start Date","Term              (years)","Principal                         ($)","Rate (%)                     (Note 2)","Interest ($)       (Note 1)","Additional Comments, if any"]
["Promissory Note","City of Pembroke","Affiliated","Fixed Rate","2002-05-01",20,4364000,7.2499999999999995E-2,{"$f":"G131*H131","v":316390}]
["Promissory Note","Town of Mississippi Mills","Affiliated","Fixed Rate","2002-05-01",20,902490,7.2499999999999995E-2,{"$f":"G132*H132","v":65430.524999999994}]
["Promissory Note","Village of Beachburg","Affiliated","Fixed Rate","2002-05-01",20,147000,7.2499999999999995E-2,{"$f":"G133*H133","v":10657.5}]
["Promissory Note","Township of Killaloe","Affiliated","Fixed Rate","2002-05-01",20,172348,7.2499999999999995E-2,{"$f":"G134*H134","v":12495.23}]
[null,null,null,null,null,null,null,null,{"$f":"G135*H135","v":0}]
[null,null,null,null,null,null,null,null,0]
[null,null,null,null,null,null,null,null,0]
[null,null,null,null,null,null,null,null,0]
[null,null,null,null,null,null,null,null,0]
[null,null,null,null,null,null,null,null,0]
[null,null,null,null,null,null,null,null,0]
[null,null,null,null,null,null,null,null,0]
[]
[null,null,null,null,null,null,{"$f":"SUM(G131:G142)","v":5585838},{"$f":"IF(G144=0,\"\",I144/G144)","v":7.2499999999999995E-2},{"$f":"SUM(I131:I142)","v":404973.255}]

{"sheet":"App.2-P_Cost_Allocation","index":47,"n_rows":117,"n_cols":6,"rows_kept":117,"cut":false,"hidden":false,"merged":[[116,0,119,5],[121,0,123,5],[105,0,105,1],[100,0,102,1],[100,2,100,4],[100,5,101,5],[103,0,103,1],[113,0,113,1],[106,0,106,1],[107,0,107,1],[108,0,108,1],[109,0,109,1],[110,0,110,1],[111,0,111,1],[112,0,112,1],[86,0,86,1],[87,0,87,1],[88,0,88,1],[67,0,68,5],[104,0,104,1],[70,0,71,5],[93,0,94,5],[96,0,96,5],[89,0,89,1],[84,0,84,1],[85,0,85,1],[75,0,77,1],[75,5,77,5],[76,3,77,3],[76,4,77,4],[78,0,78,1],[62,0,63,5],[54,0,54,1],[55,0,55,1],[56,0,56,1],[57,0,57,1],[58,0,58,1],[83,0,83,1],[65,0,65,5],[79,0,79,1],[80,0,80,1],[81,0,81,1],[82,0,82,1],[42,1,42,5],[44,0,44,1],[45,3,46,3],[45,4,46,4],[45,5,46,5],[52,0,52,1],[53,0,53,1],[45,0,46,1],[45,2,46,2],[48,0,48,1],[49,0,49,1],[50,0,50,1],[51,0,51,1],[47,0,47,1],[31,0,32,4],[34,0,36,4],[38,0,39,4],[8,0,8,5],[9,0,9,5]]}
[null,null,null,null,"File Number:",{"$f":"EBNUMBER","v":"EB-2014-0105"}]
[null,null,null,null,"Exhibit:"]
[null,null,null,null,"Tab:"]
[null,null,null,null,"Schedule:"]
[null,null,null,null,"Page:"]
[]
[null,null,null,null,"Date:"]
[]
["Appendix 2-P"]
["Cost Allocation"]
[]
["Please complete the following four tables."]
[]
["A)  Allocated Costs"]
[]
["Classes","Costs Allocated from Previous Study","%","Costs Allocated in Test Year Study                    (Column 7A)","%"]
["Residential",2338929.2822159859,{"$f":"IF(B$28=0,\"\",B17/B$28)","v":0.54101162670267788},3239102.4511340326,{"$f":"IF(D$28=0,\"\",D17/D$28)","v":0.63659075865389281}]
["General Service < 50 kW",939982.99138000223,{"$f":"IF(B$28=0,\"\",B18/B$28)","v":0.21742501199417774},843840.44675776118,0.16584255616746305]
["General Service > 50 to 4999 kW",776310.323621572,0.17956631446790583,816013.23795755464,0.16037358930747941]
["Sentinel Lighting",19679.939641600311,4.5521154657678564E-3,20342.269867016006,3.9979288098319216E-3]
["Streetlighting",239859.48893750331,5.5481272254288047E-2,161485.15772834275,3.1737174300750584E-2]
["Unmetered Scattered Load",8489.3920538878847,1.9636591151824955E-3,7418.561863078422,1.4579927605823388E-3]
["other",null,0,null,0]
["other",null,0,null,0]
[" ",null,0,null,0]
[" ",null,0,null,0]
[" ",null,0,null,0]
["Total",{"$f":"SUM(B17:B27)","v":4323251.4178505521},{"$f":"SUM(C17:C27)","v":0.99999999999999978},{"$f":"SUM(D17:D27)","v":5088202.1253077853},{"$f":"SUM(E17:E27)","v":1.0000000000000002}]
[]
["Notes"]
[]
["1     Customer Classification - If proposed rate classes differ from those in place in the previous Cost Allocation study, modify the rate classes to match the current application as closely as possible."]
[]
[]
["2     Host Distributors -  Provide information on embedded distributor(s) as a separate class, if applicable.   If embedded distributor(s) are billed as customers in a General Service class, include the allocated cost and revenue of the embedded distributor(s) in the applicable class.  Also complete Appendix 2-Q."]
[]
[]
["  "]
["3     Class Revenue Requirements - If using the Board-issued model, in column 7A enter the results from Worksheet O-1, Revenue Requirement (row 40 in the 2013 model).  This excludes costs in deferral and variance accounts.  Note to Embedded Distributor(s), it also does not include Account 4750 - Low Voltage (LV) Costs. "]
[]
[]
[]
["B)  Calculated Class Revenues"]
[]
[null,null,"Column 7B","Column 7C","Column 7D","Column 7E"]
["Classes (same as previous table)",null,"Load Forecast (LF) X current approved rates","L.F. X current approved rates X (1 + d)","LF X proposed rates","Miscellaneous Revenue"]
[]
[{"$f":"A17","v":"Residential"},null,3058129.6815966261,2910750.1356874285,2957740.8429656397,180972.98502120606]
["General Service < 50 kW",null,797595.09816954494,827057.87579128076,830790.59317882569,46245.404788848689]
["General Service > 50 to 4999 kW",null,777055.7110100654,910307.47664019722,858657.04028115829,38957.581700862895]
["Sentinel Lighting",null,19045.49316808549,13772.118282026271,16010.0514606092,1296.7780409256782]
["Streetlighting",null,145288.55760328734,139472.84955134848,136883.43860609899,16196.61036246641]
["Unmetered Scattered Load",null,7077.9222761171004,2832.0078714447627,4110.4973313941809,340.64008569020041]
["other"]
["other"]
[" "]
[]
[{"$f":"A27","v":" "}]
[{"$f":"A28","v":"Total"},null,{"$f":"SUM(C48:C58)","v":4804192.4638237273},{"$f":"SUM(D48:D58)","v":4804192.4638237255},{"$f":"SUM(E48:E58)","v":4804192.4638237255},{"$f":"SUM(F48:F58)","v":284009.99999999994}]
[]
["Notes:"]
[]
["1     Columns 7B to 7D - LF means Load Forecast of Annual Billing Quantities (i.e. customers or connections X 12, (kWh or kW, as applicable).  Revenue Quantities should be net of Transfomrer Ownership Allowance.  Exclude revenue from rate adders and rate riders.  "]
[]
[]
["2     Columns 7C and 7D - Column total in each column should equal the Base Revenue Requirement"]
[]
["3     Columns 7C - The Board cost allocation model calculates \"1+d\" in worksheet O-1, cell C21. \"d\" is defined as Revenue Deficiency/ Revenue at Current Rates."]
[]
[]
["4     Columns 7E - If using the Board-issued Cost Allocation model, enter Miscellaneous Revenue as it appears in Worksheet O-1, row 19."]
[]
[]
["C)  Rebalancing Revenue-to-Cost (R/C) Ratios"]
[]
["Class",null,"Previously Approved Ratios","Status Quo Ratios","Proposed Ratios","Policy Range"]
[null,null,"Most Recent Year:","(7C + 7E) / (7A)","(7D + 7E) / (7A)"]
[null,null,2010]
[null,null,"%","%","%","%"]
[{"$f":"A48","v":"Residential"},null,107,{"$f":"IF(D17=0,\"\",(D48+F48)/D17*100)","v":95.449994785629599},{"$f":"IF(D17=0,\"\",(E48+F48)/D17*100)","v":96.900727140876938},"85 - 115"]
["General Service < 50 kW",null,88,{"$f":"IF(D18=0,\"\",(D49+F49)/D18*100)","v":103.49151713876381},{"$f":"IF(D18=0,\"\",(E49+F49)/D18*100)","v":103.93386585550131},"80 - 120"]
["General Service > 50 to 4999 kW",null,103,116.32961503382333,110.00000738084974,"80 - 120"]
["Sentinel Lighting",null,70,74.076769315627971,85.078162932038637,"80 - 120"]
["Streetlighting",null,70,96.398617745222595,94.795119949093561,"85 - 115"]
["Unmetered Scattered Load",null,80,42.766347651894279,{"$f":"IF(D22=0,\"\",(E53+F53)/D22*100)","v":60.000004033629871},"70 - 120"]
["other",null,null,"","","80 - 120"]
["other",null,null,"","","80 - 120"]
[" ",null,null,"",""]
[null,null,null,"",""]
[{"$f":"A58","v":" "},null,null,"",""]
[]
["Notes"]
[]
["1     Previously Approved Revenue-to-Cost Ratios - For most applicants, Most Recent Year would be the third year of the IRM 3 period,  e.g. if the applicant rebased in 2009 with further adjustments over 2 years, the Most recent year is 2011.  For applicants whose most recent rebasing year is 2006, the applicant should enter the ratios from their Informational Filing."]
[]
[]
["2     Status Quo Ratios - The Board's updated Cost Allocation Model yields the Status Quo Ratios in Worksheet O-1.  Status Quo means \"Before Rebalancing\"."]
[]
["D)  Proposed Revenue-to-Cost Ratios"]
[]
["Class",null,"Proposed Revenue-to-Cost Ratios",null,null,"Policy Range"]
[null,null,{"$f":"TestYear","v":2016},{"$f":"C102+1","v":2017},{"$f":"D102+1","v":2018}]
[null,null,"%","%","%","%"]
[{"$f":"A80","v":"Residential"},null,{"$f":"E80","v":96.900727140876938},null,null,{"$f":"F80","v":"85 - 115"}]
[{"$f":"A81","v":"General Service < 50 kW"},null,{"$f":"E81","v":103.93386585550131},null,null,"80 - 120"]
["General Service > 50 to 4999 kW",null,110.00000738084974,null,null,"80 - 120"]
["Sentinel Lighting",null,85.078162932038637,null,null,"80 - 120"]
["Streetlighting",null,94.795119949093561,null,null,"85 - 115"]
["Unmetered Scattered Load",null,60.000004033629871,70,80,"70 - 120"]
["other",null,"",null,null,"80 - 120"]
["other",null,"",null,null,"80 - 120"]
[" ",null,"",null,null,0]
[null,null,"",null,null,0]
[" ",null,""]
[]
["Note"]
["1     The applicant should complete Table D if it is applying for approval of a revenue to cost ratio in 2014 that is outside the Board’s policy range for any customer class. Table (d) will show the information that the distributor would likely enter in the IRM model) in 2014.  In 2015 Table (d), enter the planned ratios for the classes that will be ‘Change’ and ‘No Change’ in 2014 (in the current Revenue Cost Ratio Adjustment Workform, Worksheet C1.1 ‘Decision – Cost Revenue Adjustment’, column d), and enter TBD for class(es) that will be entered as ‘Rebalance’. "]

{"sheet":"App.2-PA_Res_Rate_Design","index":48,"n_rows":60,"n_cols":6,"rows_kept":60,"cut":false,"hidden":false,"merged":[[53,0,54,4],[56,0,58,4],[59,0,60,4],[8,0,8,5],[9,0,9,5],[15,0,15,1],[21,0,21,1],[46,0,46,1],[48,0,49,0]]}
[null,null,null,null,"File Number:",0]
[null,null,null,null,"Exhibit:"]
[null,null,null,null,"Tab:"]
[null,null,null,null,"Schedule:"]
[null,null,null,null,"Page:"]
[]
[null,null,null,null,"Date:"]
[]
["Appendix 2-PA"]
["New Rate Design Policy For Residential Customers"]
[]
["Please complete the following tables."]
[]
["A)  Data Inputs"]
[]
["Test Year Billing Determinants for Residential Class"]
["Customers",{"$f":"'App.2-IA_Act_Frcst_Data'!I16","v":9463.2478786105712}]
["kWh",{"$f":"'App.2-IA_Act_Frcst_Data'!I17","v":77245366.819313049}]
[]
["Proposed Residential Class Specific Revenue Requirement1",2957740.8429656397]
[]
["Residential Base Rates on Current Tariff"]
["Monthly Fixed Charge ($)",10.99]
["Distribution Volumetric Rate ($/kWh)",1.4999999999999999E-2]
[]
["B) Current Fixed/Variable Split"]
[]
[null,"Base Rates","Billing Determinants","Revenue","% of Total Revenue"]
["Fixed",{"$f":"IF(B23=\"\",\"\",B23)","v":10.99},{"$f":"IF(B17=\"\",\"\",B17)","v":9463.2478786105712},{"$f":"IF(ISERROR(B29*C29*12),\"\",B29*C29*12)","v":1248013.1302311621},{"$f":"IF(ISERROR(D29/D31),\"\",D29/D31)","v":0.51855920228780761}]
["Variable",{"$f":"IF(B24=\"\",\"\",B24)","v":1.4999999999999999E-2},{"$f":"IF(B18=\"\",\"\",B18)","v":77245366.819313049},{"$f":"IF(ISERROR(B30*C30),\"\",B30*C30)","v":1158680.5022896957},{"$f":"IF(ISERROR(D30/D31),\"\",D30/D31)","v":0.48144079771219234}]
["TOTAL","-","-",{"$f":"IF(ISERROR(D29+D30),\"\",D29+D30)","v":2406693.6325208577},"-"]
[]
["C) Calculating Test Year Base Rates"]
[]
["Number of Required Rate Design Policy Transition Years2",4]
[]
[null,"Test Year Revenue @ Current F/V Split","Test Year Base Rates @ Current F/V Split","Reconciliation - Test Year Base Rates @ Current F/V Split"]
["Fixed",{"$f":"IF(ISERROR(B$20*E29),\"\",B$20*E29)","v":1533763.7321023298},{"$f":"IF(ISERROR(ROUND(B38/B17/12,2)),\"\",ROUND(B38/B17/12,2))","v":13.51},{"$f":"IF(ISERROR(C38*B17*12),\"\",C38*B17*12)","v":1534181.7460803457}]
["Variable",{"$f":"IF(ISERROR(B$20*E30),\"\",B$20*E30)","v":1423977.1108633098},{"$f":"IF(ISERROR(ROUND(B39/B18,4)),\"\",ROUND(B39/B18,4))","v":1.84E-2},{"$f":"IF(ISERROR(C39*B18),\"\",C39*B18)","v":1421314.7494753601}]
["TOTAL",{"$f":"IF(ISERROR(B38+B39),\"\",B38+B39)","v":2957740.8429656397},"-",{"$f":"IF(ISERROR(D38+D39),\"\",D38+D39)","v":2955496.4955557059}]
[]
[null,"New F/V Split","Revenue @ new\n F/V Split","Final Adjusted \nBase Rates","Revenue Reconciliation @ Adjusted Rates"]
["Fixed",{"$f":"IF(ISERROR(((1-E29)/B35)+E29),\"\",((1-E29)/B35)+E29)","v":0.63891940171585571},{"$f":"IF(ISERROR(B43*B$20),\"\",B43*B$20)","v":1889758.0098181572},{"$f":"IF(ISERROR(ROUND(C43/B17/12,2)),\"\",ROUND(C43/B17/12,2))","v":16.64},{"$f":"IF(ISERROR(D43*12*B17),\"\",D43*12*B17)","v":1889621.3364009589}]
["Variable",{"$f":"IF(ISERROR(1-B43),\"\",1-B43)","v":0.36108059828414429},{"$f":"IF(ISERROR(B44*B$20),\"\",B44*B$20)","v":1067982.8331474825},{"$f":"IF(ISERROR(ROUND(C44/B18,4)),\"\",ROUND(C44/B18,4))","v":1.38E-2},{"$f":"IF(ISERROR(D44*B18),\"\",D44*B18)","v":1065986.0621065202}]
["TOTAL","-",{"$f":"IF(ISERROR(SUM(C43:C44)),\"\",SUM(C43:C44))","v":2957740.8429656397},"-",{"$f":"IF(ISERROR(E43+E44),\"\",E43+E44)","v":2955607.3985074791}]
[]
["Checks3"]
["Change in Fixed Rate",{"$f":"IF(ISERROR(D43-C38),\"\",D43-C38)","v":3.1300000000000008}]
["Difference Between Revenues @ Proposed Rates and Class Specific Revenue Requirement",{"$f":"IF(ISERROR((D43*12*B17)+(D44*B18)-B20),\"\",(D43*12*B17)+(D44*B18)-B20)","v":-2133.4444581605494}]
[null,{"$f":"IF(ISERROR(B49/B20), \"\", B49/B20)","v":-7.213087864795509E-4}]
[]
["Notes:"]
[]
["1     The final residential class specific revenue requirement, as shown in Appendix 2-P, should be used (i.e. the revenue requirement after any proposed adjustments to R/C ratios)."]
[]
[]
["2     Default number of transition years for rate design policy change is 4. Where the change in the residential rate design will result in the fixed charge increasing by more than $4/year, a distributor may propose an additional transition year."]
[]
[]
["3     Change in fixed rate due to rate design policy should be less than $4. The difference between the proposed class revenue requirement and the revenue at calculated base rates should be minimal (i.e. should be reasonably considered as a rounding error)"]

{"sheet":"App.2-Q_Cost of Serv. Emb. Dx","index":49,"n_rows":60,"n_cols":7,"rows_kept":60,"cut":false,"hidden":false,"merged":[[9,7,9,11],[12,0,12,6],[11,0,11,6],[58,3,59,3],[58,4,59,4],[53,4,54,4],[8,0,8,6],[9,0,9,6],[15,0,15,1],[15,2,15,3],[53,3,54,3]]}
[null,null,null,null,null,"File Number:",{"$f":"EBNUMBER","v":"EB-2014-0105"}]
[null,null,null,null,null,"Exhibit:"]
[null,null,null,null,null,"Tab:"]
[null,null,null,null,null,"Schedule:"]
[null,null,null,null,null,"Page:"]
[]
[null,null,null,null,null,"Date:"]
[]
["Appendix 2-Q"]
["Cost of Serving Embedded Distributor(s) "]
[]
["To be completed by Host Distributors ONLY"]
["(Not required if Host Distributor has an Embedded Distributor rate class, i.e. a separate row in Appendix 2-P.)"]
[]
[]
["Proposed Rate Class for Billing Embedded Distributor(s)"]
[]
["Host's Distribution Facilities used by Embedded Distributor(s)"]
[]
["(1)","(2)","(3)","(4)","(5)","(6) = '(3) + (4)"]
["Asset Class","Total OM&A costs asociated with asset class ","Original cost of asset class ","Accumulated amortization of asset class","Annual amortization of asset class","Net Book Value of asset class"]
["Totals for Host Distributor:","($)","($)","($)","($)"]
["Distribution Stations",null,null,null,null,{"$f":"C23+D23","v":0}]
["Low Voltage Line",null,null,null,null,0]
["LV Line category # 2 (if applcable)",null,null,null,null,0]
["TS (owned by host)",null,null,null,null,0]
["add rows if necessary... ",null,null,null,null,0]
[null,null,null,null,null,0]
[null,null,null,null,null,0]
[]
["(1)","(7)","(8)","(9)","(10)","(11)"]
[{"$f":"A21","v":"Asset Class"},"Total line length or station capacity in asset class","Line length or capacity required to provide LV service to Embedded Distributor(s)","Annual total demand on station/line providing LV services (sum of 12 monthly peaks)","Annual billed Embedded Distributor demand on station/line providing LV services","Embedded Distributor(s)' Responsibility Share "]
["Embedded Distributor's share:","kW or kVa; km","kW or kVA; km","kW or kVA","kW or kVA","percent"]
["Distribution Stations",null,null,null,null,{"$f":"IF(D34=0,0,(C34/B34)*(E34/D34))","v":0}]
["Low Voltage Line",null,null,null,null,{"$f":"IF(D35=0,0,(C35/B35)*(E35/D35))","v":0}]
["LV Line # 2 (if applicable) ",null,null,null,null,{"$f":"IF(D36=0,0,(C36/B36)*(E36/D36))","v":0}]
["TS (owned by host)",null,null,null,null,{"$f":"IF(D37=0,0,(C37/B37)*(E37/D37))","v":0}]
["add rows if necessary ",null,null,null,null,{"$f":"IF(D38=0,0,(C38/B38)*(E38/D38))","v":0}]
[]
["(1)","(12)","(12a)","(13)","(14)","(15)","(16)"]
[{"$f":"A32","v":"Asset Class"},"Return on Assets used to Provide LV services","Taxes/PILs","Annual amortization on assets used to provide LV services","OM&A costs with burden associated with assets used to provide LV services","Total annual cost associated with assets used to provide LV services","Monthly cost associated with the delivery of LV services"]
[null,"($)","($)","($)","($)","($)","$/kW or $/kVA"]
["Distribution Stations",{"$f":"E$54*(F23+B23*E$59)*F34","v":0},{"$f":"(B43-(B$54*C$54*F34*(F23+B23*E57)+B$55*C$55*F34*(F23+B23*E$57)))*E$57/(1-E$57)","v":0},{"$f":"E23*F34","v":0},{"$f":"B23*F34","v":0},{"$f":"SUM(B43:E43)","v":0},{"$f":"IF(E34=0,0,(D43/E34))","v":0}]
["Low Voltage Line",{"$f":"E$54*(F24+B24*E$59)*F35","v":0},{"$f":"(B44-(B$54*C$54*F35*(F24+B24*E58)+B$55*C$55*F35*(F24+B24*E58)))*E$57/(1-E$57)","v":0},{"$f":"E24*F35","v":0},{"$f":"B24*F35","v":0},{"$f":"SUM(B44:E44)","v":0},{"$f":"IF(E35=0,0,(D44/E35))","v":0}]
["LV Line # 2 (if applicable) ",{"$f":"E$54*(F25+B25*E$59)*F36","v":0},{"$f":"(B45-(B$54*C$54*F36*(F25+B25*E59)+B$55*C$55*F36*(F25+B25*E$59)))*E$57/(1-E$57)","v":0},{"$f":"E25*F36","v":0},{"$f":"B25*F36","v":0},{"$f":"SUM(B45:E45)","v":0},{"$f":"IF(E36=0,0,(D45/E36))","v":0}]
["TS (owned by host)",{"$f":"E$54*(F26+B26*E$59)*F37","v":0},{"$f":"(B46-(B$54*C$54*F37*(F26+B26*E60)+B$55*C$55*F37*(F26+B26*E60)))*E$57/(1-E$57)","v":0},{"$f":"E26*F37","v":0},{"$f":"B26*F37","v":0},{"$f":"SUM(B46:E46)","v":0},{"$f":"IF(E37=0,0,(D46/E37))","v":0}]
["add rows if necessary ",{"$f":"E$54*(F27+B27*E$59)*F38","v":0},{"$f":"(B47-(B$54*C$54*F38*(F27+B27*I61)+B$55*C$55*F38*(F27+B27*I61)))*E$57/(1-E$57)","v":0},{"$f":"E27*F38","v":0},{"$f":"B27*F38","v":0},{"$f":"SUM(B47:E47)","v":0},{"$f":"IF(E38=0,0,(D47/E38))","v":0}]
[]
["Total",null,null,null,null,{"$f":"SUM(F43:F47)","v":0},{"$f":"SUM(G43:G47)","v":0}]
[]
["(17)","(18)","(19)","(20)","(21)"]
[null,"Capital Structure","Cost Rate"]
[null,"(%)","(%)",null,"(%)"]
["Long-Term Debt",null,null,"Weighted Average Cost of Capital",{"$f":"IF(B60=0%,0,SUMPRODUCT(B54:B58,C54:C58)/B60)","v":0}]
["Short-term Debt"]
[]
["Common Equity",null,null,"Tax/PILs Rate"]
["Preferred Shares"]
[null,null,null,"Working Capital Allowance Factor"]
["Total",{"$f":"SUM(B54:B58)","v":0}]

{"sheet":"App.2-R_Loss Factors","index":50,"n_rows":71,"n_cols":8,"rows_kept":71,"cut":false,"hidden":false,"merged":[[56,1,57,7],[59,1,59,7],[31,1,33,7],[69,1,69,7],[61,1,61,7],[63,1,63,7],[65,1,67,6],[51,1,51,7],[14,1,14,7],[23,1,23,7],[25,1,25,7],[53,1,54,7],[35,1,38,7],[42,1,44,7],[46,1,49,7],[8,0,8,7],[9,0,9,7],[10,0,10,7],[12,0,13,1],[12,2,12,6],[12,7,13,7]]}
[null,null,null,null,null,null,"File Number:",{"$f":"EBNUMBER","v":"EB-2014-0105"}]
[null,null,null,null,null,null,"Exhibit:"]
[null,null,null,null,null,null,"Tab:"]
[null,null,null,null,null,null,"Schedule:"]
[null,null,null,null,null,null,"Page:"]
[]
[null,null,null,null,null,null,"Date:"]
[]
["Appendix 2-R"]
["Loss Factors"]
[]
[]
[null,null,"Historical Years",null,null,null,null,"5-Year Average"]
[null,null,{"$f":"IF(ISBLANK('LDC Info'!E26-5), \"Year 5\", 'LDC Info'!E26-5)","v":2010},{"$f":"IF(ISBLANK('LDC Info'!E26-4), \"Year 5\", 'LDC Info'!E26-4)","v":2011},{"$f":"IF(ISBLANK('LDC Info'!E26-3), \"Year 5\", 'LDC Info'!E26-3)","v":2012},{"$f":"IF(ISBLANK('LDC Info'!E26-2), \"Year 5\", 'LDC Info'!E26-2)","v":2013},{"$f":"IF(ISBLANK('LDC Info'!E26-1), \"Year 5\", 'LDC Info'!E26-1)","v":2014}]
[null,"Losses Within Distributor's System"]
["A(1)","\"Wholesale\" kWh delivered to distributor (higher value)",197102244,199623009,194771161,198259056,194545791.38999999,{"$f":"IF(SUM(C16:G16)=0,0,AVERAGE(C16:G16))","v":196860252.278}]
["A(2)","\"Wholesale\" kWh delivered to distributor (lower value)",196747350.47,197091782.25999999,194216793.66999999,197296081.75999999,193211964.22999999,{"$f":"IF(SUM(C17:G17)=0,0,AVERAGE(C17:G17))","v":195712794.47799999}]
["B","Portion of \"Wholesale\" kWh delivered to distributor for its Large Use Customer(s)",0,0,0,0,0,{"$f":"IF(SUM(C18:G18)=0,0,AVERAGE(C18:G18))","v":0}]
["C","Net \"Wholesale\" kWh delivered to distributor  = A(2) - B",{"$f":"C17-C18","v":196747350.47},197091782.25999999,194216793.66999999,197296081.75999999,193211964.22999999,195712794.47799999]
["D","\"Retail\" kWh delivered by distributor",188245382.65000001,189602694.69,188134284.28999999,188547051.58000001,186751366.91999999,{"$f":"IF(SUM(C20:G20)=0,0,AVERAGE(C20:G20))","v":188256156.02599999}]
["E","Portion of \"Retail\" kWh delivered by distributor to its Large Use Customer(s)",0,0,0,null,null,{"$f":"IF(SUM(C21:G21)=0,0,AVERAGE(C21:G21))","v":0}]
["F","Net \"Retail\" kWh delivered by distributor = D - E",{"$f":"C20-C21","v":188245382.65000001},189602694.69,188134284.28999999,188547051.58000001,186751366.91999999,188256156.02599999]
["G","Loss Factor in Distributor's system = C / F",{"$f":"IF(C22=0,\"\",C19/C22)","v":1.045164283449159},1.0394988456374243,1.0323306801998093,1.0464023706904151,1.0345946453648587,1.0396090019546036]
[null,"Losses Upstream of Distributor's System"]
["H","Supply Facilities Loss Factor",1.0018038033506027,1.0128428832038308,1.0028543738135332,1.0048808584104139,1.0069034397808421,{"$f":"IF(SUM(C25:G25)=0,0,AVERAGE(C25:G25))","v":1.0058570717118447}]
[null,"Total Losses"]
["I","Total Loss Factor = G x H",{"$f":"IF(C23=\"\",\"\",C23*C25)","v":1.0470495542855749},1.0528490079024626,1.0352773378602786,1.0515097125020765,1.0417369071967166,1.0456980664313309]
[]
["Notes:"]
[]
[]
["A(1)","If directly connected to the IESO-controlled grid, kWh pertains to the virtual meter on the primary or high voltage side of the transformer at the interface with the transmission grid.  This corresponds to the \"With Losses\" kWh value provided by the IESO's MV-WEB.  It is the higher of the two values provided by MV-WEB."]
[]
[]
[]
[null,"If fully embedded within a host distributor, kWh pertains to the virtual meter on the primary or high voltage side of the transformer, at the interface between the host distributor and the transmission grid.  For example, if the host distributor is Hydro One Networks Inc., kWh from the Hydro One Networks' invoice corresponding to \"Total kWh w Losses\" should be reported.  This corresponds to the higher of the two kWh values provided in Hydro One Networks' invoice."]
[]
[]
[]
[]
[null,"If partially embedded, kWh pertains to the sum of the above."]
[]
["A(2)","If directly connected to the IESO-controlled grid, kWh pertains to a metering installation on the secondary or low voltage side of the transformer at the interface with the transmission grid.  This corresponds to the \"Without Losses\" kWh value provided by the IESO's MV-WEB.  It is the lower of the two kWh values provided by MV-WEB."]
[]
[]
[]
[null,"If fully embedded with the host distributor, kWh pertains to a metering installation on the secondary or low voltage side of the transformer at the interface between the embedded distributor and the host distributor.  For example, if the host distributor is Hydro One Networks Inc., kWh from the Hydro One Networks' invoice corresponding to \"Total kWh\" should be reported.  This corresponds to the lower of the two kWh values provided in Hydro One Networks' invoice."]
[]
[]
[]
[]
[null,"If partially embedded, kWh pertains to the sum of the above."]
[]
[null,"Additionally, kWh pertaining to distributed generation directly connected to the distributor's own distribution network should be included in A(2)."]
[]
[]
["B","If a Large Use Customer is metered on the secondary or low voltage side of the transformer, the default loss is 1%                         (i.e., B = 1.01 X E)."]
[]
[]
["D","kWh corresponding to D should equal metered or estimated kWh at the customer’s delivery point."]
[]
["G and I","These loss factors pertain to secondary-metered customers with demand less than 5,000 kW."]
[]
["H","If directly connected to the IESO-controlled grid, SFLF = 1.0045."]
[]
[null,"If fully embedded within a host distributor, SFLF = loss factor re losses in transformer at grid interface X loss factor re losses in host distributor's system.  If the host distributor is Hydro One Networks Inc., SFLF = 1.0060 X 1.0278 = 1.0340. If partially embedded, SFLF should be calculated as the weighted average of above."]
[]
[]
[]
[null,"Distributors that wish to propose a different SFLF should provide appropriate justification for any such proposal including supporting"]
[null,"calculations and any other relevant material."]

{"sheet":"App.2-S_Stranded Meters","index":51,"n_rows":91,"n_cols":8,"rows_kept":91,"cut":false,"hidden":false,"merged":[[8,0,8,7],[9,0,9,7],[28,0,31,7],[33,0,34,7],[53,2,54,7],[61,2,63,7],[65,0,66,7],[36,1,37,7],[39,1,41,7],[43,1,46,7],[48,1,51,7],[56,2,59,7],[90,0,93,7],[83,1,85,7],[87,1,88,7],[68,1,69,7],[75,1,77,7],[79,1,81,7],[71,1,73,7]]}
[null,null,null,null,null,null,"File Number:",{"$f":"EBNUMBER","v":"EB-2014-0105"}]
[null,null,null,null,null,null,"Exhibit:"]
[null,null,null,null,null,null,"Tab:"]
[null,null,null,null,null,null,"Schedule:"]
[null,null,null,null,null,null,"Page:"]
[]
[null,null,null,null,null,null,"Date:"]
[]
["Appendix 2-S"]
["Stranded Meter Treatment"]
[]
["Year","Notes","Gross Asset Value","Accumulated Amortization","Contributed Capital (Net of Amortization)","Net Asset","Proceeds on Disposition","Residual Net Book Value"]
[null,null,"(A)","(B)","(C)","(D ) = (A) - (B) - (C)","(E)","(F) = (D) - (E)"]
[2009,null,314616.63,186631.84411196414,null,{"$f":"C14-D14-E14","v":127984.78588803587},null,{"$f":"F14-G14","v":127984.78588803587}]
[2010,null,902723.88,570719.08022781659,null,332004.79977218341,null,332004.79977218341]
[2011,null,942455.57000000007,624824.14686733182,null,317631.42313266825,null,317631.42313266825]
[2012,null,942455.57000000007,648750.66510330047,null,293704.90489669959,null,293704.90489669959]
[2013,null,942455.57000000007,671457.53309058934,null,270998.03690941073,null,270998.03690941073]
[2014,null,942455.57000000007,694164.4010778782,null,248291.16892212187,null,248291.16892212187]
[2015,null,942455.57000000007,715270.27985708229,null,227185.29014291777,null,227185.29014291777]
[null,null,null,null,null,{"$f":"C21-D21-E21","v":0},null,{"$f":"F21-G21","v":0}]
[null,null,null,null,null,{"$f":"C22-D22-E22","v":0},null,{"$f":"F22-G22","v":0}]
[null,"(1)",null,null,null,0,null,0]
[]
["Notes:"]
[]
["(1)","For 2015, please indicate whether the amounts provided are on a forecast or actual basis."]
[]
["Some distributors have transferred the cost of stranded meters from Account 1860 - Meters to \"Sub-account Stranded Meter Costs of Account 1555\", while in some cases distributors have left these costs in Account 1860.  Depending on which treatment the applicant has chosen. please provide the information under either of the two scenarios (A and B below), as applicable."]
[]
[]
[]
[]
["Scenario A:  If the stranded meter costs were transferred to \"Sub-account Stranded Meter Costs\" of Account 1555, the above table should be completed and the following information should be provided in Exhibit 9."]
[]
[]
[1,"A description of the accounting treatment followed by the applicant on stranded meter costs for financial accounting and reporting purposes."]
[]
[]
[2,"The amount of the pooled residual net book value of the removed from service stranded meters, less any contributed capital (net of accumulated amortization), and less any net proceeds from sales, which were transferred to this sub-account as of December 31, 2010."]
[]
[]
[]
[3,"A statement as to whether or not, since transferring the removed stranded meter costs to the sub-account, the recording of depreciation expenses was continued in order to reduce the net book value through accumulated depreciation.  If so, the total depreciation expense amount for the period from the time the costs for the stranded meters were transferred to the sub-account to December 31, 2010 should be provided."]
[]
[]
[]
[]
[null,"If no depreciation expenses were recorded to reduce the net book value of stranded meter costs through accumulated depreciation, the total depreciation expense amount that would have been applicable from the time that the stranded meter costs were transferred to the sub-account of Account 1555 to December 31, 2010 should be provided.  In addition, the following information should be provided:"]
[]
[]
[]
[]
[null,"a)","Whether or not carrying charges were recorded for the stranded meter cost balances in the sub-account, and if so, the total carrying charges recorded to December 31, 2010."]
[]
[]
[null,"b)","The estimated amount of the pooled residual net book value of the removed from service meters, less any net proceeds from sales and contributed capital, at the time when the smart meters will have been fully deployed (e.g., as of December 31, 2010).  If the smart meters have been fully deployed, the actual amount should be provided."]
[]
[]
[]
[]
[null,"c)","A description as to how the applicant intends to recover in rates the remaining costs for stranded meters, including the proposed accounting treatment, the proposed disposition period, and the associated bill impacts."]
[]
[]
[]
["Scenario B:  If the stranded meter costs remained recorded in Account 1860, the above table should be completed and the following information should be provided in Exhibit 9:"]
[]
[]
[1,"A description of the accounting treatment followed by the applicant on stranded meter costs for financial accounting and reporting purposes."]
[]
[]
[2,"The amount of the pooled residual net book value of the removed from service stranded meters, less any contributed capital (net of accumulated amortization), and less any net proceeds from sales, as of December 31, 2010."]
[]
[]
[]
[3,"A statement as to whether or not the recording of depreciation expenses continued in order to reduce the net book value through accumulated depreciation.  If so, provision of the total (cumulative) depreciation expense for the period from the time that the meters became stranded to December 31, 2010."]
[]
[]
[]
[4,"If no depreciation expenses were recorded to reduce the net book value of stranded meters through accumulated depreciation, the total (cumulative) depreciation expense amount that would have been applicable for the period from the time that the meters became stranded to December 31, 2010."]
[]
[]
[]
[5,"The estimated amount of the pooled residual net book value of the removed from service meters, less any net proceeds from sales and contributed capital, at the time when smart meters will have been fully deployed.  If the smart meters have been fully deployed, please provide the actual amount."]
[]
[]
[]
[6,"A description as to how the applicant intends to recover in rates the costs for stranded meters, including the proposed accounting treatment, the proposed disposition period and the associated bill impacts."]
[]
[]
["Distributors should also provide the Net Book Value per class of meter as of December 31, 2010 as well as the number of meters that were removed / stranded.  In preparing this information, distributors should review the Board's letter of January 16, 2007 Stranded Meter Costs Related to the Installation of Smart Meters which stated that records were to be kept of the type and number of each meter to support the stranded meter costs."]

{"sheet":"App.2-TA_1592_Tax_Variance","index":52,"n_rows":56,"n_cols":5,"rows_kept":56,"cut":false,"hidden":false,"merged":[[17,0,17,2],[8,0,8,4],[9,0,9,4],[11,0,11,4],[13,0,15,2],[16,0,16,2],[33,0,33,2],[18,0,18,2],[19,0,19,2],[20,0,20,2],[21,0,21,2],[25,0,25,2],[26,0,26,2],[27,0,27,2],[28,0,28,2],[29,0,29,2],[30,0,30,2],[31,0,31,2],[22,0,22,2],[23,0,23,2],[24,0,24,2],[32,0,32,2],[34,0,34,2],[35,0,35,2],[39,0,40,0],[39,1,40,4],[42,0,43,0],[42,1,42,4],[55,0,56,0],[55,1,56,4],[44,0,45,0],[44,1,45,4],[47,0,48,0],[47,1,48,4],[50,0,53,0],[50,1,53,4]]}
[null,null,"File Number:",null,{"$f":"EBNUMBER","v":"EB-2014-0105"}]
[null,null,"Exhibit:"]
[null,null,"Tab:"]
[null,null,"Schedule:"]
[null,null,"Page:"]
[]
[null,null,"Date:"]
[]
["Appendix 2-TA"]
["Account 1592, PILs and Tax Variances for 2006 and Subsequent Years\nand Subsequent Years"]
[]
["The following table should be completed based on the information requested below, in accordance with the notes following the table. An explanation should be provided for any blank entries."]
[]
["Tax Item",null,null,null,"Principal as of"]
[null,null,null,null,"December 31,"]
[null,null,null,null,"20XX"]
["Large Corporation Tax grossed-up proxy from 2006 EDR application PILs model for the period from May 1, 2006 to April 30, 2007"]
["Large Corporation Tax grossed-up proxy from 2006 EDR application PILs model for the period from January 1, 2006 to April 30, 2006 (4/12ths of the approved grossed-up proxy), if not recorded in PILs account 1562"]
["Ontario Capital Tax rate decrease and increase in capital deduction for 2007"]
["Ontario Capital Tax rate decrease and increase in capital deduction for 2008"]
["Ontario Capital Tax rate decrease and increase in capital deduction for 2009"]
["Ontario Capital Tax rate decrease and increase in capital deduction for 2010"]
["Ontario Capital Tax rate decrease and increase in capital deduction for 2011"]
["Ontario Capital Tax rate decrease and increase in capital deduction for 2012"]
["Ontario Capital Tax rate decrease and increase in capital deduction for 2013"]
["Capital Cost Allowance class changes from 2006 EDR application for 2006"]
["Capital Cost Allowance class changes from 2006 EDR application for 2007"]
["Capital Cost Allowance class changes from 2006 EDR application for 2008"]
["Capital Cost Allowance class changes from 2006 EDR application for 2009"]
["Capital Cost Allowance class changes from 2006 EDR application for 2010"]
["Capital Cost Allowance class changes from 2006 EDR application for 2011"]
["Capital Cost Allowance class changes from 2006 EDR application for 2012"]
["Capital Cost Allowance class changes from 2006 EDR application for 2013"]
["Capital Cost Allowance class changes from any prior application not recorded above.  Please provide details and explanation separately."]
["Insert description of additional item(s) and new rows if needed."]
["Total",null,null,null,{"$f":"SUM(E17:E35)","v":0}]
[]
["Notes:"]
[]
[1,"Revise the deferral and variance account continuity schedule to include account 1592 as a group 2 account and enter all relevant information for transactions, adjustments, etc., for all relevant years."]
[]
[]
[2,"Describe each type of tax item that has been recorded in account 1592."]
[]
[3,"Provide the calculations that show how each item was determined and provide any pertinent supporting evidence and documentation."]
[]
[]
[4,"Please state whether or not the applicant followed the guidance provided in the FAQ of July 2007.  If not, please provide an explanation."]
[]
[]
[5,"Identify the account balance as of December 31, 2012 as per the 2012 Audited Financial Statements.  Identify the account balance as of December 31, 2012 as per the April 2013 2.1.7 RRR filing to the Board.  Provide a reconciliation if the balances provided are not identical to each other and to the total shown on the continuity schedule."]
[]
[]
[]
[]
[6,"Complete the above table based on the answers to the previous.  Add rows as required to complete the analysis in an informative manner.  Please provide the completed table as a working Excel spreadsheet."]

{"sheet":"App.2-TB_1592_HST-OVAT","index":53,"n_rows":32,"n_cols":11,"rows_kept":32,"cut":false,"hidden":false,"merged":[[31,0,31,10],[8,0,8,9],[9,0,9,9],[10,0,10,9],[13,0,14,9],[16,0,16,9],[12,0,12,9]]}
[null,null,null,null,null,null,"File Number:",null,null,{"$f":"EBNUMBER","v":"EB-2014-0105"}]
[null,null,null,null,null,null,"Exhibit:"]
[null,null,null,null,null,null,"Tab:"]
[null,null,null,null,null,null,null,null,null,"Schedule:"]
[null,null,null,null,null,null,null,null,null,"Page:"]
[]
[null,null,null,null,null,null,null,null,null,"Date:"]
[]
["Appendix 2-TB"]
["Account 1592, PILs and Tax Variances for 2006 and Subsequent Years,\nand Subsequent Years"]
["Sub-account HST/OVAT Input Tax Credits (ITCs)"]
[]
["The following table should be completed based on the information requested below.  An explanation should be provided for any blank entries."]
["100% of the balance in Account 1592,  PILs and Tax Variances for 2006 and Subsequent Years, Sub-account HST/OVAT Input Tax Credits (ITCs), should be recorded in this table."]
[]
[]
["Summary of PST Savings from 2009 Historic Year Analysis"]
[]
[null,null,"Principal \n2010","Principal \n2011","Principal \n2012","Principal \n2013","Principal \n2014","Principal \n2015","Principal \nJan-April 2016 1","Carrying Charges to April 30, 2016","Total Account 1592, sub-account HST/OVAT Balance"]
[]
[]
[]
["OM&A Expenses PST Savings",null,30149.89,null,null,null,null,null,null,2013,{"$f":"SUM(C23:J23)","v":32162.89}]
["Capital Items PST Savings",null,null,null,null,null,null,null,null,null,{"$f":"SUM(C24:J24)","v":0}]
["Total Annual PST Savings 2",null,{"$f":"SUM(C23:C24)","v":30149.89},0,0,0,null,null,0,2013,32162.89]
[]
["Notes:"]
[]
["1 Include January to April 30, 2016 PST savings if the rate year begins May 1, 2016.  If the rate year begins Jan 1, 2016, include PST savings to December 31, 2015."]
["2 Derived PST savings proxy for each year per 2009 historical year analysis"]
[]
["Note: Assumes level OM&A and Capital Spending year over year.  An alternative detailed transactional analysis may also be performed using actual expenditures from 2010 to the start of the rate year."]

{"sheet":"App.2-U_IFRS Transition Costs","index":54,"n_rows":35,"n_cols":17,"rows_kept":35,"cut":false,"hidden":false,"merged":[[16,0,16,2],[8,0,8,18],[9,0,9,18],[13,0,15,2],[13,16,15,16],[13,11,14,11],[13,12,14,12],[13,13,15,13],[13,14,15,14],[13,15,15,15],[11,0,11,16],[28,0,28,2],[17,0,17,2],[18,0,18,2],[19,0,19,2],[20,0,20,2],[21,0,21,2],[22,0,22,2],[23,0,23,2],[24,0,24,2],[25,0,25,2],[26,0,26,2],[27,0,27,2],[32,1,32,16],[40,0,43,0],[40,1,43,4],[45,0,46,0],[45,1,46,4],[33,1,33,4],[34,0,35,0],[37,0,38,0],[37,1,38,4],[34,1,34,16]]}
[]
[null,null,null,null,null,null,null,null,null,null,null,null,null,null,null,"File Number:",{"$f":"EBNUMBER","v":"EB-2014-0105"}]
[null,null,null,null,null,null,null,null,null,null,null,null,null,null,null,"Exhibit:"]
[null,null,null,null,null,null,null,null,null,null,null,null,null,null,null,"Tab:"]
[null,null,null,null,null,null,null,null,null,null,null,null,null,null,null,"Schedule:"]
[null,null,null,null,null,null,null,null,null,null,null,null,null,null,null,"Page:"]
[]
[null,null,null,null,null,null,null,null,null,null,null,null,null,null,null,"Date:"]
["Appendix 2-U"]
["One-Time Incremental IFRS Transition Costs"]
[]
["The following table should be completed based on the information requested below. An explanation should be provided for any blank entries.  The entries should include one-time incremental IFRS transition costs that are currently included in Account 1508, Other Regulatory Assets, sub-account Deferred IFRS Transition Costs Account, or Account 1508, Other Regulatory Assets, sub-account IFRS Transition Costs Variance Account."]
[]
["Nature of One-Time Incremental IFRS Transition Costs 1",null,null,null,"Audited Actual","Audited Actual","Audited Actual","Audited Actual","Audited Actual","Audited Actual","Audited Carrying","Forecasted Costs ","Forecasted Costs ","Total Costs Excluding Carrying Charges","Carrying Charges January 1, 2015 to December 31,2015/April 30, 2016 (As appropriate)","Total Costs and Carrying Charges","Reasons why the costs recorded meet the criteria of one-time IFRS administrative incremental costs"]
[null,null,null,null,"Costs Incurred","Costs Incurred","Costs Incurred","Costs Incurred","Costs Incurred","Costs Incurred","Charges"]
[null,null,null,null,2009,2010,2011,2012,2013,2014,"to Dec 31, 2014",2015,"2016 3"]
["professional accounting fees",null,null,null,null,null,null,30000,null,null,null,null,null,{"$f":"SUM(E17:I17,L17,M17)","v":30000},null,{"$f":"SUM(N17,O17)","v":30000}]
["professional legal fees",null,null,null,null,null,null,null,null,null,null,null,null,0,null,0]
["salaries, wages and benefits of staff added to support the transition to IFRS",null,null,null,null,null,null,null,null,null,null,null,null,0,null,0]
["associated staff training and development costs",null,null,null,null,null,null,null,null,null,null,null,null,0,null,0]
["costs related to system upgrades, or replacements or changes where IFRS was the major reason for conversion",null,null,null,null,null,null,null,null,null,null,null,null,0,null,0]
[null,null,null,null,null,null,null,null,null,null,null,null,null,0,null,0]
[null,null,null,null,null,null,null,null,null,null,null,null,null,0,null,0]
[null,null,null,null,null,null,null,null,null,null,null,null,null,0,null,0]
[null,null,null,null,null,null,null,null,null,null,null,null,null,0,null,0]
["Amounts, if any, included in previous Board approved rates (amounts should be negative) 3",null,null,null,null,null,null,null,null,null,null,null,null,0,null,0]
[null,null,null,null,null,null,null,null,null,null,null,null,null,0,null,0]
["Insert description of additional item(s) and new rows if needed.",null,null,null,null,null,null,null,null,null,null,null,null,0,null,0]
["Total",null,null,null,{"$f":"SUM(E17:E28)","v":0},{"$f":"SUM(F17:F28)","v":0},0,30000,0,null,{"$f":"SUM(K17:K28)","v":0},0,0,{"$f":"SUM(N17:N28)","v":30000},null,{"$f":"SUM(P17:P28)","v":30000}]
[]
[]
["Note:"]
[1,"The Deferred IFRS Transition Costs Account and the IFRS Transition Costs Variance Account are exclusively for necessary, incremental transition costs and shall not include ongoing IFRS compliance costs or impacts arising from adopting accounting policy changes that reflect changes in the timing of the recognition of income. The incremental costs in these accounts shall not include costs related to system upgrades, or replacements or changes where IFRS was not the major reason for conversion. In addition, incremental IFRS costs shall not include capital assets or expenditures."]
[2,"If there were any amounts approved in previous Board approved rates, please state the EB #:"]
[3,"Any forecasted One-time costs past 2015 should be fully explained in the application, since distributors were required to adopt IFRS or an alternative accounting standard by January 1, 2015."]

{"sheet":"App.2-V_Rev_Reconciliation","index":55,"n_rows":32,"n_cols":19,"rows_kept":32,"cut":false,"hidden":false,"merged":[[31,0,32,16],[11,16,12,16],[11,17,12,17],[11,18,12,18],[12,9,12,10],[29,0,30,16],[11,2,12,2],[11,3,11,5],[11,6,11,7],[11,8,11,10],[11,11,12,11],[11,12,12,12],[11,15,12,15],[11,13,12,13],[8,0,8,18],[9,0,9,18]]}
[]
[]
[]
[]
[]
[]
[]
[]
["Appendix 2-V"]
["Revenue Reconciliation"]
[]
[null,null,"Customers/ Connections","Number of Customers/Connections",null,null,"Test Year Consumption",null,"Proposed Rates",null,null,"Revenues at Proposed Rates","Revenues at Proposed Rates","Total",null,"Class Specific Revenue Requirement","Transformer Allowance Credit","Total","Difference"]
[null,null,null,"Start of Test Year","End of Test Year","Average","kWh","kW","Monthly Service Charge","Volumetric"]
[null,null,null,null,null,null,null,null,null,"kWh","kW"]
[{"$f":"'[13]B. CurrentTariff'!$A$13","v":"Residential"},null,"kWh",9463.2478786105712,9463.2478786105712,9463.2478786105712,77245366.819313049,0,18.05,1.2080662657503759E-2,null,{"$f":"I15*F15*12","v":2049739.4905070497},{"$f":"J15*G15+K15*H15","v":933175.21839925507},{"$f":"L15+M15","v":2982914.708906305},null,{"$f":"'[13]G. RateDesign'!F61","v":2982914.708906305},null,{"$f":"SUM(P15:Q15)","v":2982914.708906305},{"$f":"R15-N15","v":0}]
[{"$f":"'[13]B. CurrentTariff'!$A$14","v":"General Service < 50 kW"},null,"kWh",1281.4143753631454,1281.4143753631454,1281.4143753631454,34421978.487654641,0,27.35,1.2505744509040779E-2,null,{"$f":"I16*F16*12","v":420560.19799418433},{"$f":"J16*G16+K16*H16","v":430472.46846230683},{"$f":"L16+M16","v":851032.66645649122},null,{"$f":"'[13]G. RateDesign'!F62","v":851032.66645649122},null,851032.66645649122,{"$f":"R16-N16","v":0}]
[{"$f":"'[13]B. CurrentTariff'!$A$15","v":"General Service > 50 to 4999 kW"},null,"kW",148,148,148,71194283.19553569,195877.63322086178,378.72,null,0.87586333864252697,672606.72000000009,171562.03779822035,844168.7577982205,null,{"$f":"'[13]G. RateDesign'!F63","v":821918.95779822045},{"$f":"'[13]G. RateDesign'!D63","v":22249.800000000003},844168.7577982205,{"$f":"R17-N17","v":0}]
[{"$f":"'[13]B. CurrentTariff'!$A$16","v":"Sentinel Ligthing"},null,"kWh",194.98704526924996,194.98704526924996,194.98704526924996,241105.04319672924,687.05093025189603,3.58,null,9.0251276561028053,8376.6434647669776,6200.7223517675466,14577.365816534524,null,{"$f":"'[13]G. RateDesign'!F64","v":14577.365816534526},null,14577.365816534526,0]
[{"$f":"'[13]B. CurrentTariff'!$A$17","v":"Streetlights"},null,"kW",2848.6267064617618,2848.6267064617618,2848.6267064617618,1254856.1488513288,3493.6458220762665,2.61,null,14.959282057524991,89218.988446382384,52262.433261532642,141481.42170791503,null,{"$f":"'[13]G. RateDesign'!F65","v":141481.42170791503},null,141481.42170791503,0]
[{"$f":"'[13]B. CurrentTariff'!$A$18","v":"Unmetered Scattered Load"},null,"kW",20,20,20,446143.37601387396,0,6.2,6.4622547952107789E-3,null,1488,2883.0921709971826,4371.0921709971826,null,{"$f":"'[13]G. RateDesign'!F66","v":4371.0921709971826},null,4371.0921709971826,0]
[{"$f":"'[13]B. CurrentTariff'!$A$19","v":"other classes"},null,"kW",null,null,0]
[{"$f":"'[13]B. CurrentTariff'!$A$20","v":"other classes"},null,"kW",null,null,0]
[{"$f":"'[13]B. CurrentTariff'!$A$21","v":"other classes"},null,"kW",null,null,0]
["other",null,"kW",null,null,0]
[]
["Total",null,null,null,null,null,null,null,null,null,null,{"$f":"SUM(L15:L24)","v":3241990.0404123836},{"$f":"SUM(M15:M24)","v":1596555.9724440796},{"$f":"SUM(N15:N24)","v":4838546.0128564639},null,{"$f":"SUM(P15:P24)","v":4816296.2128564641},{"$f":"SUM(Q15:Q24)","v":22249.800000000003},{"$f":"P26+Q26","v":4838546.0128564639},{"$f":"R26-N26","v":0}]
[null,null,null,null,null,null,null,null,null,null,null,null,null,null,null," "]
["Note"]
[]
["1       The class specific revenue requirements in column N must be the amounts used in the final rate design process.  The total of column N should equate to the proposed base revenue requirement."]
[]
["2       Rates should be entered with the number of decimal places that will show on the Tariff of Rates and Charges."]

{"sheet":"App.2-W_Bill Impacts","index":56,"n_rows":74,"n_cols":21,"rows_kept":74,"cut":false,"hidden":false,"merged":[[73,3,73,5],[71,3,71,5],[63,3,63,5],[64,3,64,5],[69,3,69,5],[70,3,70,5],[72,3,72,5],[66,3,66,5],[67,3,67,5],[68,3,68,5],[47,3,47,5],[48,3,48,5],[51,3,53,5],[65,3,65,5],[54,3,54,5],[55,3,55,5],[56,3,56,5],[57,3,57,5],[58,3,58,5],[59,3,59,5],[60,3,60,5],[61,3,61,5],[62,3,62,5],[51,6,53,6],[51,7,51,12],[51,13,51,14],[52,7,52,8],[52,9,52,10],[52,11,52,12],[52,13,52,14],[46,3,46,5],[35,3,35,5],[36,3,36,5],[37,3,37,5],[38,3,38,5],[39,3,39,5],[40,3,40,5],[41,3,41,5],[42,3,42,5],[43,3,43,5],[44,3,44,5],[45,3,45,5],[34,3,34,5],[2,2,2,10],[9,3,9,12],[10,3,10,12],[10,13,10,14],[11,3,11,12],[28,3,28,5],[29,3,29,5],[30,3,30,5],[31,3,31,5],[32,3,32,5],[33,3,33,5]]}
[null,null,null,null,null,null,null,null,null,null,null,"File Number:",{"$f":"EBNUMBER","v":"EB-2014-0105"},null,null,null,null,null,null,1]
[null,null,null,null,null,null,null,null,null,null,null,"Exhibit:"]
[null,null,null,null,null,null,null,null,null,null,null,"Tab:"]
[null,null,null,null,null,null,null,null,null,null,null,"Schedule:"]
[null,null,null,null,null,null,null,null,null,null,null,"Page:"]
[]
[null,null,null,null,null,null,null,null,null,null,null,"Date:"]
[]
[]
[null,null,null,"Appendix 2-W"]
[null,null,null,"Bill Impacts"]
[null,null,null,"The bill comparisons below must be provided for typical customers and consumption levels.  Bill impacts must be provided for residential customers consuming 800 kWh per month and general service customers consuming 2,000 kWh per month and having a monthly demand of less than 50 kW.  In addition, distributors must provide a range that is relevant to their service territory, class by class.  A general guideline of consumption is provided below:\n\nResidential (kWh) - 100, 250, 500, 800, 1000, 1500, 2000 (for customers on TOU and customers on retailer contracts)\nGS<50kW (kWh) - 1000, 2000, 5000, 10000, 15000 (for customers on TOU and customers on retailer contracts)\nGS>50kW (kW) - 60, 100, 500, 1000 \nLarge User - range appropriate for utility \nLighting Classes and USL - 150 kWh and 1 kW, range appropriate for utility.\n\nFor certain classes where one or more customers have unique consumption and demand patterns and which may be significantly impacted by the proposed rate changes, the distributor must show a typical comparison, and provide an explanation.\n\nNote: The Ontario Clean Energy Benefit is applicable to eligible customers only.  Refer to the Ontario Clean Energy Benefit Act, 2010.  Effective until December 31, 2015."]
[null,null,null,"Note that cells with the highlighted color shown to the left indicate quantities that are loss adjusted."]
[]
[]
[]
[]
[]
[]
[]
[]
[]
[]
[]
[]
[]
[]
[null,null,null,"Table 1"]
[null,null,null,"RATE CLASSES / CATEGORIES \n(eg: Residential TOU, Residential Retailer)",null,null,"Units","RPP?\nNon-RPP Retailer?\nNon-RPP\nOther?","OCEB Applicable?","Current \nLoss Factor \n(eg: 1.0351)","Proposed/\nApproved Loss Factor \n(eg: 1.0351)","Consumption (kWh)","Demand kW\n(if applicable)"]
[null,null,1,"Rate Class 1",null,null,null,null,null,null,null,null,null,null,null,null,null,null,null,{"$f":"SUM(J30:M30)","v":0},78]
[null,null,2,"Rate Class 2",null,null,null,null,null,null,null,null,null,null,null,null,null,null,null,{"$f":"SUM(J31:M31)","v":0},{"$f":"U30+68","v":146}]
[null,null,3,"Rate Class 3",null,null,null,null,null,null,null,null,null,null,null,null,null,null,null,0,{"$f":"U31+68","v":214}]
[null,null,4,"Rate Class 4",null,null,null,null,null,null,null,null,null,null,null,null,null,null,null,0,282]
[null,null,5,"Rate Class 5",null,null,null,null,null,null,null,null,null,null,null,null,null,null,null,0,350]
[null,null,6,"Rate Class 6",null,null,null,null,null,null,null,null,null,null,null,null,null,null,null,0,418]
[null,null,7,"Rate Class 7",null,null,null,null,null,null,null,null,null,null,null,null,null,null,null,0,486]
[null,null,8,"Rate Class 8",null,null,null,null,null,null,null,null,null,null,null,null,null,null,null,0,554]
[null,null,9,"Rate Class 9",null,null,null,null,null,null,null,null,null,null,null,null,null,null,null,0,622]
[null,null,10,"Rate Class 10",null,null,null,null,null,null,null,null,null,null,null,null,null,null,null,0,690]
[null,null,11,"Rate Class 11",null,null,null,null,null,null,null,null,null,null,null,null,null,null,null,0,758]
[null,null,12,"Rate Class 12",null,null,null,null,null,null,null,null,null,null,null,null,null,null,null,0,826]
[null,null,13,"Rate Class 13",null,null,null,null,null,null,null,null,null,null,null,null,null,null,null,0,894]
[null,null,14,"Rate Class 14",null,null,null,null,null,null,null,null,null,null,null,null,null,null,null,0,962]
[null,null,15,"Rate Class 15",null,null,null,null,null,null,null,null,null,null,null,null,null,null,null,0,1030]
[null,null,16,"Rate Class 16",null,null,null,null,null,null,null,null,null,null,null,null,null,null,null,0,1098]
[null,null,17,"Rate Class 17",null,null,null,null,null,null,null,null,null,null,null,null,null,null,null,0,1166]
[null,null,18,"Rate Class 18",null,null,null,null,null,null,null,null,null,null,null,null,null,null,null,0,1234]
[null,null,19,"Rate Class 19",null,null,null,null,null,null,null,null,null,null,null,null,null,null,null,0,1302]
[null,null,20,"Rate Class 20",null,null,null,null,null,null,null,null,null,null,null,null,null,null,null,0,1370]
[]
[null,null,null,"Table 2"]
[null,null,null,"RATE CLASSES / CATEGORIES \n(eg: Residential TOU, Residential Retailer)",null,null,"Units","Sub-Total",null,null,null,null,null,"Total"]
[null,null,null,null,null,null,null,"A",null,"B",null,"C",null,"A + B + C"]
[null,null,null,null,null,null,null,"$","%","$","%","$","%","$","%"]
[null,{"$f":"H30","v":0},1,{"$f":"IF(ISBLANK(D30), \"\", D30)","v":"Rate Class 1"},null,null,{"$f":"IF(ISBLANK(G30), \"\", G30)","v":""},{"$f":"IF(LEN($G55)>1, (SUMPRODUCT(--($A$78:$A$1000=$D55), --($B$78:$B$1000=\"ST_A\"), $L$78:$L$1000)), \"\")","v":""},{"$f":"IF(LEN($G55)>1, (SUMPRODUCT(--($A$78:$A$1000=$D55), --($B$78:$B$1000=\"ST_A\"), $M$78:$M$1000)), \"\")","v":""},{"$f":"IF(LEN($G55)>1, (SUMPRODUCT(--($A$78:$A$1000=$D55), --($B$78:$B$1000=\"ST_B\"), $L$78:$L$1000)), \"\")","v":""},{"$f":"IF(LEN($G55)>1, (SUMPRODUCT(--($A$78:$A$1000=$D55), --($B$78:$B$1000=\"ST_B\"), $M$78:$M$1000)), \"\")","v":""},{"$f":"IF(LEN($G55)>1, (SUMPRODUCT(--($A$78:$A$1000=$D55), --($B$78:$B$1000=\"ST_C\"), $L$78:$L$1000)), \"\")","v":""},{"$f":"IF(LEN($G55)>1, (SUMPRODUCT(--($A$78:$A$1000=$D55), --($B$78:$B$1000=\"ST_C\"), $M$78:$M$1000)), \"\")","v":""},{"$f":"IF(LEN($G55)>1, (SUMPRODUCT(--($A$78:$A$1000=$D55), --($B$78:$B$1000=$B55&\"_TOTAL\"), $L$78:$L$1000)), \"\")","v":""},{"$f":"IF(LEN($G55)>1, (SUMPRODUCT(--($A$78:$A$1000=$D55), --($B$78:$B$1000=$B55&\"_TOTAL\"), $M$78:$M$1000)), \"\")","v":""}]
[null,{"$f":"H31","v":0},2,"Rate Class 2",null,null,"",{"$f":"IF(LEN($G56)>1, (SUMPRODUCT(--($A$78:$A$1000=$D56), --($B$78:$B$1000=\"ST_A\"), $L$78:$L$1000)), \"\")","v":""},{"$f":"IF(LEN($G56)>1, (SUMPRODUCT(--($A$78:$A$1000=$D56), --($B$78:$B$1000=\"ST_A\"), $M$78:$M$1000)), \"\")","v":""},{"$f":"IF(LEN($G56)>1, (SUMPRODUCT(--($A$78:$A$1000=$D56), --($B$78:$B$1000=\"ST_B\"), $L$78:$L$1000)), \"\")","v":""},{"$f":"IF(LEN($G56)>1, (SUMPRODUCT(--($A$78:$A$1000=$D56), --($B$78:$B$1000=\"ST_B\"), $M$78:$M$1000)), \"\")","v":""},{"$f":"IF(LEN($G56)>1, (SUMPRODUCT(--($A$78:$A$1000=$D56), --($B$78:$B$1000=\"ST_C\"), $L$78:$L$1000)), \"\")","v":""},{"$f":"IF(LEN($G56)>1, (SUMPRODUCT(--($A$78:$A$1000=$D56), --($B$78:$B$1000=\"ST_C\"), $M$78:$M$1000)), \"\")","v":""},{"$f":"IF(LEN($G56)>1, (SUMPRODUCT(--($A$78:$A$1000=$D56), --($B$78:$B$1000=$B56&\"_TOTAL\"), $L$78:$L$1000)), \"\")","v":""},{"$f":"IF(LEN($G56)>1, (SUMPRODUCT(--($A$78:$A$1000=$D56), --($B$78:$B$1000=$B56&\"_TOTAL\"), $M$78:$M$1000)), \"\")","v":""}]
[null,0,3,"Rate Class 3",null,null,"","","","","","","","",""]
[null,0,4,"Rate Class 4",null,null,"","","","","","","","",""]
[null,0,5,"Rate Class 5",null,null,"","","","","","","","",""]
[null,0,6,"Rate Class 6",null,null,"","","","","","","","",""]
[null,0,7,"Rate Class 7",null,null,"","","","","","","","",""]
[null,0,8,"Rate Class 8",null,null,"","","","","","","","",""]
[null,0,9,"Rate Class 9",null,null,"","","","","","","","",""]
[null,0,10,"Rate Class 10",null,null,"","","","","","","","",""]
[null,0,11,"Rate Class 11",null,null,null,"","","","","","","",""]
[null,0,12,"Rate Class 12",null,null,null,"","","","","","","",""]
[null,0,13,"Rate Class 13",null,null,null,"","","","","","","",""]
[null,0,14,"Rate Class 14",null,null,null,"","","","","","","",""]
[null,0,15,"Rate Class 15",null,null,null,"","","","","","","",""]
[null,0,16,"Rate Class 16",null,null,{"$f":"IF(ISBLANK(G45), \"\", G45)","v":""},"","","","","","","",""]
[null,0,17,"Rate Class 17",null,null,{"$f":"IF(ISBLANK(G46), \"\", G46)","v":""},"","","","","","","",""]
[null,0,18,"Rate Class 18",null,null,{"$f":"IF(ISBLANK(G47), \"\", G47)","v":""},"","","","","","","",""]
[null,0,19,"Rate Class 19",null,null,{"$f":"IF(ISBLANK(G48), \"\", G48)","v":""},"","","","","","","",""]
[null,0,20,"Rate Class 20",null,null,{"$f":"IF(ISBLANK(G49), \"\", G49)","v":""},"","","","","","","",""]

{"sheet":"App.2-W_Bill Impacts_hidden","index":57,"n_rows":69,"n_cols":13,"rows_kept":69,"cut":false,"hidden":true,"merged":[[1,4,1,6],[2,4,2,6],[9,5,9,7],[9,8,9,10],[54,3,54,4],[9,11,9,12],[10,4,11,4],[10,11,11,11],[10,12,11,12],[67,3,67,4],[55,3,55,4],[60,3,60,4],[61,3,61,4],[66,3,66,4]]}
[]
[null,null,null,"Customer Class:"]
[null,null,null,"RPP / Non-RPP:"]
[null,null,null,"Consumption",null,"kWh"]
[null,null,null,"Demand",null,"kW"]
[null,null,null,"Current Loss Factor"]
[null,null,null,"Proposed/Approved Loss Factor"]
[null,null,null,"Ontario Clean Energy Benefit Applied?"]
[]
[null,null,null,null,null,"Current Board-Approved",null,null,"Proposed",null,null,"Impact"]
[null,null,null,null,"Charge Unit","Rate","Volume","Charge","Rate","Volume","Charge","$ Change","% Change"]
[null,null,null,null,null,"($)",null,"($)","($)",null,"($)"]
[{"$f":"$E2","v":0},null,null,"Monthly Service Charge",null,null,1,{"$f":"G13*F13","v":0},null,1,{"$f":"J13*I13","v":0},{"$f":"K13-H13","v":0},{"$f":"IF(ISERROR(L13/H13), \"\", L13/H13)","v":""}]
[{"$f":"A13","v":0},null,null,"Smart Meter Rate Adder",null,null,1,{"$f":"G14*F14","v":0},null,1,{"$f":"J14*I14","v":0},0,{"$f":"IF(ISERROR(L14/H14), \"\", L14/H14)","v":""}]
[{"$f":"A14","v":0},null,null,null,null,null,1,0,null,1,{"$f":"J15*I15","v":0},0,""]
[0,null,null,null,null,null,1,0,null,1,0,0,""]
[0,null,null,null,null,null,1,0,null,1,0,0,""]
[0,null,null,null,null,null,1,0,null,1,0,0,""]
[0,null,null,"Distribution Volumetric Rate",null,null,{"$f":"IF($E5>0, $E5, $E4)","v":0},0,null,{"$f":"IF($E5>0, $E5, $E4)","v":0},0,0,""]
[0,null,null,"Smart Meter Disposition Rider",null,null,{"$f":"IF($E5>0, $E5, $E4)","v":0},0,null,{"$f":"IF($E5>0, $E5, $E4)","v":0},0,0,""]
[0,null,null,"LRAM & SSM Rate Rider",null,null,{"$f":"IF($E5>0, $E5, $E4)","v":0},0,null,{"$f":"IF($E5>0, $E5, $E4)","v":0},0,0,""]
[0,null,null,null,null,null,{"$f":"IF($E5>0, $E5, $E4)","v":0},0,null,{"$f":"IF($E5>0, $E5, $E4)","v":0},0,0,""]
[0,null,null,null,null,null,{"$f":"IF($E5>0, $E5, $E4)","v":0},0,null,{"$f":"IF($E5>0, $E5, $E4)","v":0},0,0,""]
[0,null,null,null,null,null,{"$f":"IF($E5>0, $E5, $E4)","v":0},0,null,{"$f":"IF($E5>0, $E5, $E4)","v":0},0,0,""]
[0,null,null,null,null,null,{"$f":"IF($E5>0, $E5, $E4)","v":0},0,null,{"$f":"IF($E5>0, $E5, $E4)","v":0},0,0,""]
[0,null,null,null,null,null,{"$f":"IF($E5>0, $E5, $E4)","v":0},0,null,{"$f":"IF($E5>0, $E5, $E4)","v":0},0,0,""]
[0,null,null,null,null,null,{"$f":"IF($E5>0, $E5, $E4)","v":0},0,null,{"$f":"IF($E5>0, $E5, $E4)","v":0},0,0,""]
[0,null,null,null,null,null,{"$f":"IF($E5>0, $E5, $E4)","v":0},0,null,{"$f":"IF($E5>0, $E5, $E4)","v":0},0,0,""]
[0,"ST_A",null,"Sub-Total A (excluding pass through)",null,null,null,{"$f":"SUM(H13:H28)","v":0},null,null,{"$f":"SUM(K13:K28)","v":0},0,{"$f":"IF((H29)=0,\"\",(L29/H29))","v":""}]
[0,null,null,"Deferral/Variance Account Disposition Rate Rider",null,null,{"$f":"IF($E5>0, $E5, $E4)","v":0},{"$f":"G30*F30","v":0},null,{"$f":"IF($E5>0, $E5, $E4)","v":0},{"$f":"J30*I30","v":0},0,""]
[0,null,null,null,null,null,{"$f":"IF($E5>0, $E5, $E4)","v":0},{"$f":"G31*F31","v":0},null,{"$f":"IF($E5>0, $E5, $E4)","v":0},{"$f":"J31*I31","v":0},0,""]
[0,null,null,null,null,null,{"$f":"IF($E5>0, $E5, $E4)","v":0},0,null,{"$f":"IF($E5>0, $E5, $E4)","v":0},0,0,""]
[0,null,null,null,null,null,{"$f":"IF($E5>0, $E5, $E4)","v":0},0,null,{"$f":"IF($E5>0, $E5, $E4)","v":0},0,0,""]
[0,null,null,"Low Voltage Service Charge",null,null,{"$f":"IF($E5>0, $E5, $E4)","v":0},{"$f":"G34*F34","v":0},null,{"$f":"IF($E5>0, $E5, $E4)","v":0},{"$f":"J34*I34","v":0},0,""]
[0,null,null,"Line Losses on Cost of Power",null,{"$f":"IF((E4*12>=150000), 0, IF(E3=\"RPP\",(F46*0.64+F47*0.18+F48*0.18),IF(E3=\"Non-RPP (Retailer)\",F49,F50)))","v":9.06E-2},{"$f":"IF(F35=0, 0, $E4*E6-E4)","v":0},0,{"$f":"IF((E4*12>=150000), 0, IF(E3=\"RPP\",(I46*0.64+I47*0.18+I48*0.18),IF(E3=\"Non-RPP (Retailer)\",I49,I50)))","v":9.06E-2},{"$f":"IF(I35=0, 0, E4*E7-E4)","v":0},0,0,""]
[0,null,null,"Smart Meter Entity Charge",null,0.79,1,{"$f":"G36*F36","v":0.79},0.79,1,{"$f":"J36*I36","v":0.79},0,0]
[0,"ST_B",null,"Sub-Total B - Distribution (includes Sub-Total A)",null,null,null,{"$f":"SUM(H30:H36)+H29","v":0.79},null,null,{"$f":"SUM(K30:K36)+K29","v":0.79},0,{"$f":"IF((H37)=0,\"\",(L37/H37))","v":0}]
[0,null,null,"RTSR - Network",null,null,{"$f":"IF($E5>0, $E5, $E4*$E6)","v":0},{"$f":"G38*F38","v":0},null,{"$f":"IF($E5>0, $E5, $E4*$E7)","v":0},{"$f":"J38*I38","v":0},0,""]
[0,null,null,"RTSR - Line and Transformation Connection",null,null,{"$f":"IF($E5>0, $E5, $E4*$E6)","v":0},{"$f":"G39*F39","v":0},null,{"$f":"IF($E5>0, $E5, $E4*$E7)","v":0},{"$f":"J39*I39","v":0},0,""]
[0,"ST_C",null,"Sub-Total C - Delivery (including Sub-Total B)",null,null,null,{"$f":"SUM(H37:H39)","v":0.79},null,null,{"$f":"SUM(K37:K39)","v":0.79},0,{"$f":"IF((H40)=0,\"\",(L40/H40))","v":0}]
[0,null,null,"Wholesale Market Service Charge (WMSC)",null,null,{"$f":"E4*E6","v":0},{"$f":"G41*F41","v":0},null,{"$f":"E4*E7","v":0},{"$f":"J41*I41","v":0},0,""]
[0,null,null,"Rural and Remote Rate Protection (RRRP)",null,null,{"$f":"E4*E6","v":0},0,null,{"$f":"E4*E7","v":0},0,0,""]
[0,null,null,"Standard Supply Service Charge",null,null,1,0,null,1,0,0,""]
[0,null,null,"Debt Retirement Charge (DRC)",null,null,{"$f":"E4","v":0},0,null,null,null,null,""]
[0,null,null,"Ontario Electricity Support Program \n(OESP) ",null,null,null,null,null,{"$f":"E4*E7","v":0},{"$f":"J45*I45","v":0},null,{"$f":"IF(ISERROR(L45/H45), \"\", L45/H45)","v":""}]
[{"$f":"A44","v":0},"RPP",null,"TOU - Off Peak",null,0.08,{"$f":"IF(AND(E4*12>=150000),0.64*E4*E6,0.64*E4)","v":0},0,0.08,{"$f":"IF(AND(E4*12>=150000),0.64*E4*E7,0.64*E4)","v":0},0,{"$f":"K46-H46","v":0},""]
[0,"RPP",null,"TOU - Mid Peak",null,0.122,{"$f":"IF(AND(E4*12>=150000),0.18*E4*E6,0.18*E4)","v":0},0,0.122,{"$f":"IF(AND(E4*12>=150000),0.18*E4*E7,0.18*E4)","v":0},0,{"$f":"K47-H47","v":0},""]
[0,"RPP",null,"TOU - On Peak",null,0.161,{"$f":"IF(AND(E4*12>=150000),0.18*E4*E6,0.18*E4)","v":0},0,0.161,{"$f":"IF(AND(E4*12>=150000),0.18*E4*E7,0.18*E4)","v":0},0,{"$f":"K48-H48","v":0},""]
[0,"Non-RPP (Retailer)",null,"Non-RPP Retailer Avg. Price",null,8.5999999999999993E-2,{"$f":"IF(AND(E4*12>=150000),E4*E6,E4)","v":0},{"$f":"G49*F49","v":0},8.5999999999999993E-2,{"$f":"IF(AND(E4*12>=150000),E4*E7,E4)","v":0},{"$f":"J49*I49","v":0},{"$f":"K49-H49","v":0},""]
[0,"Non-RPP (Other)",null,"Average IESO Wholesale Market Price",null,{"$f":"0.0906","v":9.06E-2},{"$f":"IF(AND(E4*12>=150000),E4*E6,E4)","v":0},{"$f":"G50*F50","v":0},{"$f":"0.0906","v":9.06E-2},{"$f":"IF(AND(E4*12>=150000),E4*E7,E4)","v":0},{"$f":"J50*I50","v":0},{"$f":"K50-H50","v":0},""]
[0]
[0,"RPP",null,"Total Bill on TOU (before Taxes)",null,null,null,{"$f":"SUM(H41:H48,H40)","v":0.79},null,null,{"$f":"SUM(K41:K48,K40)","v":0.79},{"$f":"K52-H52","v":0},{"$f":"IF((H52)=0,\"\",(L52/H52))","v":0}]
[0,"RPP",null,"HST",null,0.13,null,{"$f":"H52*F53","v":0.10270000000000001},0.13,null,{"$f":"K52*I53","v":0.10270000000000001},{"$f":"K53-H53","v":0},{"$f":"IF((H53)=0,\"\",(L53/H53))","v":0}]
[0,"RPP",null,"Total Bill (including HST)",null,null,null,{"$f":"H52+H53","v":0.89270000000000005},null,null,{"$f":"K52+K53","v":0.89270000000000005},{"$f":"K54-H54","v":0},{"$f":"IF((H54)=0,\"\",(L54/H54))","v":0}]
[0,"RPP",null,"Ontario Clean Energy Benefit 1",null,null,null,{"$f":"ROUND(-H54*10%,2)","v":-0.09}]
[0,"RPP_TOTAL",null,"Total Bill on TOU",null,null,null,{"$f":"H54+H55","v":0.80270000000000008},null,null,{"$f":"K54+K55","v":0.89270000000000005},{"$f":"K56-H56","v":8.9999999999999969E-2},{"$f":"IF((H56)=0,\"\",(L56/H56))","v":0.11212158963498188}]
[0,"RPP"]
[0,"Non-RPP (Retailer)",null,"Total Bill on Non-RPP Avg. Price",null,null,null,{"$f":"SUM(H49,H40,H41:H46)","v":0.79},null,null,{"$f":"SUM(K49,K40,K41:K46)","v":0.79},{"$f":"K58-H58","v":0},{"$f":"IF((H58)=0,\"\",(L58/H58))","v":0}]
[0,"Non-RPP (Retailer)",null,"HST",null,0.13,null,{"$f":"H58*F59","v":0.10270000000000001},0.13,null,{"$f":"K58*I59","v":0.10270000000000001},{"$f":"K59-H59","v":0},{"$f":"IF((H59)=0,\"\",(L59/H59))","v":0}]
[0,"Non-RPP (Retailer)",null,"Total Bill (including HST)",null,null,null,{"$f":"H58+H59","v":0.89270000000000005},null,null,{"$f":"K58+K59","v":0.89270000000000005},{"$f":"K60-H60","v":0},{"$f":"IF((H60)=0,\"\",(L60/H60))","v":0}]
[0,"Non-RPP (Retailer)",null,"Ontario Clean Energy Benefit 1",null,null,null,{"$f":"ROUND(-H60*10%,2)","v":-0.09}]
[0,"Non-RPP (Retailer)_TOTAL",null,"Total Bill on Non-RPP Avg. Price",null,null,null,{"$f":"SUM(H60:H61)","v":0.80270000000000008},null,null,{"$f":"SUM(K60:K61)","v":0.89270000000000005},{"$f":"K62-H62","v":8.9999999999999969E-2},{"$f":"IF((H62)=0,\"\",(L62/H62))","v":0.11212158963498188}]
[0,"Non-RPP (Retailer)"]
[0,"Non-RPP (Other)",null,"Total Bill on Average IESO Wholesale Market Price",null,null,null,{"$f":"SUM(H50,H40:H44)","v":0.79},null,null,{"$f":"SUM(K50,K40:K44)","v":0.79},{"$f":"K64-H64","v":0},{"$f":"IF((H64)=0,\"\",(L64/H64))","v":0}]
[0,"Non-RPP (Other)",null,"HST",null,0.13,null,{"$f":"H64*F65","v":0.10270000000000001},0.13,null,{"$f":"K64*I65","v":0.10270000000000001},{"$f":"K65-H65","v":0},{"$f":"IF((H65)=0,\"\",(L65/H65))","v":0}]
[0,"Non-RPP (Other)",null,"Total Bill (including HST)",null,null,null,{"$f":"H64+H65","v":0.89270000000000005},null,null,{"$f":"K64+K65","v":0.89270000000000005},{"$f":"K66-H66","v":0},{"$f":"IF((H66)=0,\"\",(L66/H66))","v":0}]
[0,"Non-RPP (Other)",null,"Ontario Clean Energy Benefit 1",null,null,null,{"$f":"IF(E8=\"Yes\", ROUND(-H66*10%,2), 0)","v":0}]
[0,"Non-RPP (Other)_TOTAL",null,"Total Bill on Average IESO Wholesale Market Price",null,null,null,{"$f":"SUM(H66:H67)","v":0.89270000000000005},null,null,{"$f":"SUM(K66:K67)","v":0.89270000000000005},{"$f":"K68-H68","v":0},{"$f":"IF((H68)=0,\"\",(L68/H68))","v":0}]
[0,"Non-RPP (Other)"]

{"sheet":"App.2-Y_MIFRS Summary Impacts","index":58,"n_rows":38,"n_cols":9,"rows_kept":38,"cut":false,"hidden":false,"merged":[[8,0,8,8],[9,0,9,8],[10,0,10,8],[14,0,16,2],[14,6,14,8],[15,6,15,8],[15,4,16,4],[17,0,17,2],[17,6,17,8],[18,0,18,2],[18,6,18,8],[19,0,19,2],[19,6,19,8],[20,0,20,2],[20,6,20,8],[21,0,21,2],[21,6,21,8],[22,0,22,2],[22,3,22,5],[22,6,22,8],[23,0,23,2],[23,6,23,8],[24,0,24,2],[24,6,24,8],[25,0,25,2],[25,6,25,8],[26,0,26,2],[26,6,26,8],[27,0,27,2],[27,6,27,8],[28,0,28,2],[28,6,28,8],[29,0,29,2],[29,6,29,8],[30,0,30,2],[30,6,30,8],[31,0,31,2],[31,6,31,8],[37,0,41,8],[32,0,32,2],[32,6,32,8],[33,0,33,2],[33,6,33,8],[34,0,34,2],[34,6,34,8]]}
[null,null,null,null,null,null,null,"File Number:",{"$f":"EBNUMBER","v":"EB-2014-0105"}]
[null,null,null,null,null,null,null,"Exhibit:"]
[null,"Information to populate this sheet is not available",null,null,null,null,null,"Tab:"]
[null,null,null,null,null,null,null,"Schedule:"]
[null,null,null,null,null,null,null,"Page:"]
[]
[null,null,null,null,null,null,null,"Date:"]
[]
["Appendix 2-Y"]
["Summary of Impacts to Revenue Requirement"]
["from Transition to MIFRS"]
[]
[]
[]
["Revenue Requirement Component",null,null,2016,2016,"Difference","Reasons why the revenue requirement "]
[null,null,null,"MIFRS","CGAAP without policy changes",null,"component is different under"]
[]
["Closing NBV 2015",null,null,null,null,{"$f":"+D18-E18","v":0}]
["Closing NBV 2016",null,null,null,null,0]
["Average NBV",null,null,{"$f":"(D18+D19)/2","v":0},{"$f":"(E18+E19)/2","v":0},0]
["Working Capital",null,null,null,null,{"$f":"+D21-E21","v":0}]
["Rate Base",null,null,{"$f":"SUM(D20:D21)","v":0},{"$f":"SUM(E20:E21)","v":0},{"$f":"+D22-E22","v":0}]
[null,null,null,null,null,{"$f":"+D23-E23","v":0}]
["Return on Rate Base",null,null,null,null,0]
[null,null,null,null,null,0]
["OM&A",null,null,null,null,0]
["Depreciation",null,null,null,null,0]
["PILs or Income Taxes",null,null,null,null,0]
[null,null,null,null,null,0]
["Less: Revenue Offsets",null,null,null,null,0]
[null,null,null,null,null,0]
[null,null,null,null,null,0]
[null,null,null,null,null,0]
["Insert description of additional item(s) and new rows if needed.",null,null,null,null,0]
["Total Base Revenue Requirement",null,null,{"$f":"SUM(D24:D34)","v":0},{"$f":"SUM(E24:E34)","v":0},{"$f":"SUM(F24:F34)","v":0}]
[]
[]
["Applicants must provide a summary of the dollar impacts of MIFRS to each component of the revenue requirement (e.g. rate base, operating costs, etc.), including the overall impact on the proposed revenue requirement.  Accordingly, the applicants must identify financial differences and resulting revenue requirement impacts arising from the adoption of  MIFRS as compared to CGAAP prior to capitalization and depreciation policy changes.  Applicants should explain the financial differences and may separate the differences arising from changes in capitalization and depreciation policy versus the adoption of IFRS.    "]

{"sheet":"App. 2-Z_Tariff","index":59,"n_rows":468,"n_cols":4,"rows_kept":468,"cut":false,"hidden":false,"merged":[[470,0,470,1],[471,0,471,1],[472,0,472,1],[473,0,473,1],[474,0,474,1],[475,0,475,1],[457,0,457,1],[458,0,458,1],[459,0,459,1],[460,0,460,1],[461,0,461,1],[462,0,462,1],[463,0,463,1],[467,0,467,3],[467,4,467,7],[449,0,449,3],[449,4,449,7],[451,0,451,1],[451,4,451,5],[452,0,452,1],[453,0,453,1],[454,0,454,1],[455,0,455,1],[456,0,456,1],[444,0,444,3],[444,4,444,7],[445,0,445,3],[445,4,445,7],[446,0,446,3],[446,4,446,7],[447,0,447,3],[447,4,447,7],[448,0,448,3],[448,4,448,7],[434,0,434,1],[435,0,435,1],[436,0,436,1],[437,0,437,1],[441,0,441,3],[441,4,441,7],[442,0,442,3],[442,4,442,7],[443,0,443,3],[443,4,443,7],[425,0,425,1],[426,0,426,1],[427,0,427,1],[428,0,428,1],[429,0,429,1],[430,0,430,1],[431,0,431,1],[432,0,432,1],[433,0,433,1],[414,0,414,1],[417,0,417,1],[418,0,418,1],[419,0,419,1],[420,0,420,1],[421,0,421,1],[422,0,422,1],[423,0,423,1],[424,0,424,1],[405,0,405,1],[406,0,406,1],[407,0,407,1],[408,0,408,1],[409,0,409,1],[410,0,410,1],[411,0,411,1],[412,0,412,1],[413,0,413,1],[396,0,396,1],[397,0,397,1],[398,0,398,1],[399,0,399,1],[400,0,400,1],[401,0,401,1],[402,0,402,1],[403,0,403,1],[404,0,404,1],[384,0,384,1],[385,0,385,1],[386,0,386,1],[390,0,390,1],[391,0,391,1],[392,0,392,1],[393,0,393,1],[394,0,394,1],[395,0,395,1],[375,0,375,1],[376,0,376,1],[377,0,377,1],[378,0,378,1],[379,0,379,1],[380,0,380,1],[381,0,381,1],[382,0,382,1],[383,0,383,1],[366,0,366,1],[367,0,367,1],[368,0,368,1],[369,0,369,1],[370,0,370,1],[371,0,371,1],[372,0,372,1],[373,0,373,1],[374,0,374,1],[357,0,357,1],[358,0,358,1],[359,0,359,1],[360,0,360,1],[361,0,361,1],[362,0,362,1],[363,0,363,1],[364,0,364,1],[365,0,365,1],[346,0,346,3],[346,4,346,7],[348,0,348,3],[348,4,348,7],[352,0,352,1],[353,0,353,1],[354,0,354,1],[355,0,355,1],[356,0,356,1],[325,0,325,1],[329,0,329,1],[330,0,330,1],[331,0,331,1],[335,0,335,1],[336,0,336,1],[337,0,337,1],[338,0,338,1],[344,0,344,3],[316,0,316,1],[317,0,317,1],[318,0,318,1],[319,0,319,1],[320,0,320,1],[321,0,321,1],[322,0,322,1],[323,0,323,1],[324,0,324,1],[307,0,307,1],[308,0,308,1],[309,0,309,1],[310,0,310,1],[311,0,311,1],[312,0,312,1],[313,0,313,1],[314,0,314,1],[315,0,315,1],[298,0,298,1],[299,0,299,1],[300,0,300,1],[306,0,306,1],[277,0,277,1],[284,0,284,3],[286,0,286,3],[289,0,289,3],[290,0,290,3],[291,0,291,3],[292,0,292,3],[296,0,296,1],[297,0,297,1],[281,0,281,1],[282,0,282,1],[283,0,283,1],[258,0,258,1],[272,0,272,1],[273,0,273,1],[274,0,274,1],[275,0,275,1],[276,0,276,1],[196,0,196,3],[223,0,223,1],[224,0,224,1],[236,0,236,3],[238,0,238,3],[241,0,241,3],[242,0,242,3],[243,0,243,3],[244,0,244,3],[265,0,265,1],[266,0,266,1],[267,0,267,1],[268,0,268,1],[269,0,269,1],[270,0,270,1],[271,0,271,1],[264,0,264,1],[259,0,259,1],[156,0,156,1],[157,0,157,1],[158,0,158,1],[159,0,159,1],[188,0,188,3],[190,0,190,3],[193,0,193,3],[194,0,194,3],[195,0,195,3],[174,0,174,1],[175,0,175,1],[185,0,185,1],[180,0,180,1],[178,0,178,1],[179,0,179,1],[181,0,181,1],[154,0,154,1],[84,0,84,1],[85,0,85,1],[90,0,90,1],[91,0,91,1],[92,0,92,3],[94,0,94,3],[112,0,112,1],[113,0,113,1],[122,0,122,1],[52,0,52,3],[56,0,56,1],[167,0,167,1],[168,0,168,1],[170,0,170,1],[171,0,171,1],[172,0,172,1],[173,0,173,1],[169,0,169,1],[121,0,121,1],[83,0,83,1],[63,0,63,1],[71,0,71,1],[72,0,72,1],[73,0,73,1],[137,0,137,1],[138,0,138,1],[139,0,139,1],[78,0,78,1],[79,0,79,1],[80,0,80,1],[140,0,140,3],[142,0,142,3],[145,0,145,3],[250,0,250,1],[251,0,251,1],[252,0,252,1],[225,0,225,1],[226,0,226,1],[227,0,227,1],[228,0,228,1],[229,0,229,1],[248,0,248,1],[249,0,249,1],[233,0,233,1],[234,0,234,1],[235,0,235,1],[217,0,217,1],[218,0,218,1],[219,0,219,1],[220,0,220,1],[221,0,221,1],[222,0,222,1],[216,0,216,1],[176,0,176,1],[200,0,200,1],[201,0,201,1],[186,0,186,1],[187,0,187,1],[206,0,206,1],[207,0,207,1],[208,0,208,1],[209,0,209,1],[210,0,210,1],[202,0,202,1],[205,0,205,1],[203,0,203,1],[204,0,204,1],[177,0,177,1],[212,0,212,1],[213,0,213,1],[260,0,260,1],[261,0,261,1],[262,0,262,1],[263,0,263,1],[65,0,65,1],[66,0,66,1],[67,0,67,1],[68,0,68,1],[69,0,69,1],[70,0,70,1],[100,0,100,3],[104,0,104,1],[105,0,105,1],[106,0,106,1],[107,0,107,1],[108,0,108,1],[109,0,109,1],[110,0,110,1],[97,0,97,3],[98,0,98,3],[124,0,124,1],[125,0,125,1],[114,0,114,1],[123,0,123,1],[50,0,50,3],[51,0,51,3],[99,0,99,3],[115,0,115,1],[116,0,116,1],[117,0,117,1],[118,0,118,1],[119,0,119,1],[120,0,120,1],[111,0,111,1],[89,0,89,1],[81,0,81,1],[82,0,82,1],[74,0,74,1],[75,0,75,1],[57,0,57,1],[58,0,58,1],[59,0,59,1],[76,0,76,1],[77,0,77,1],[64,0,64,1],[60,0,60,1],[61,0,61,1],[62,0,62,1],[0,2,0,3],[9,0,9,3],[10,0,10,3],[12,0,12,1],[14,0,14,3],[18,0,18,3],[17,0,17,3],[6,2,6,3],[4,2,4,3],[7,0,7,3],[44,0,44,3],[46,0,46,3],[49,0,49,3],[2,2,2,3],[1,2,1,3],[3,2,3,3],[19,0,19,3],[36,0,36,3],[37,0,37,3],[38,0,38,3],[40,0,40,3],[41,0,41,3],[42,0,42,3],[20,0,20,3],[21,0,21,3],[22,0,22,3],[23,0,23,3],[214,0,214,1],[215,0,215,1],[126,0,126,1],[127,0,127,1],[160,0,160,1],[161,0,161,1],[162,0,162,1],[163,0,163,1],[164,0,164,1],[165,0,165,1],[128,0,128,1],[129,0,129,1],[130,0,130,1],[131,0,131,1],[132,0,132,1],[133,0,133,1],[166,0,166,1],[211,0,211,1],[155,0,155,1],[146,0,146,3],[147,0,147,3],[148,0,148,3],[152,0,152,1],[153,0,153,1]]}
[null,"File Number:",{"$f":"EBNUMBER","v":"EB-2014-0105"}]
[null,"Exhibit:"]
[null,"Tab:"]
[null,"Schedule:"]
[null,"Page:"]
[]
[null,"Date:"]
["Appendix 2-Z\nProposed Tariff of Rates and Charges"]
[]
["For each class, Applicants are required to copy and paste the class descriptions (located directly under the class name) and the description of the applicability of those rates (description is found under the class name and directly under the word \"APPLICATION\").  By using the drop-down lists located under the column labeled \"Rate Description\", please select the descriptions of the rates and charges that BEST MATCHES the descriptions on your most recent Board-Approved Tariff of Rates and Charges.  If the description is not found in the drop-down list, please enter the description in the green shaded cells under the correct class exactly as it appears on the tariff.   Please do not enter more than one \"Service Charge\" for each class for which a base monthly fixed charge applies.  All rate rider descriptions should begin with \"Rate Rider for...\"."]
["Select the appropriate rate classes as they appear on your most recent Board-Approved Tariff of Rates and Charges, including the MicroFit Class."]
[]
["How many classes are listed on your most recent Board-Approved Tariff of Rates and Charges?",null,6]
[]
["Identify Your Rate Classes in the Blue Cells below.  Rate class names can be selected from the pull-dwon menu.  Please ensure that a rate class is assigned to each shaded cell.\n"]
[]
[]
["List of Rate Classes"]
["RESIDENTIAL"]
["GENERAL SERVICE LESS THAN 50 KW"]
["GENERAL SERVICE 50 TO 4,999 KW"]
["SENTINEL LIGHTING"]
["STREET LIGHTING"]
["UNMETERED SCATTERED LOAD"]
[]
[]
[]
[]
[]
[]
[]
[]
[]
[]
["Once all blue shaded cells above are filled out, press the following button to create your tariff template"]
[]
[{"$f":"'LDC Info'!E14","v":"Ottawa River Power Corporation"}]
["TARIFF OF RATES AND CHARGES"]
[{"$f":"\"Effective and Implementation Date May 1, 2014\"","v":"Effective and Implementation Date May 1, 2014"}]
[]
["This schedule supersedes and replaces all previously"]
["approved schedules of Rates, Charges and Loss Factors"]
[{"$f":"EBNUMBER","v":"EB-2014-0105"}]
[]
["RESIDENTIAL SERVICE CLASSIFICATION"]
[]
["This classification refers to the supply of electrical energy to customers residing in residential dwelling units. Energy is\ngenerally supplied as single phase, 3-wire, 60-Hertz, having nominal voltage of 120/240 volts and up to 400 amps. There\nshall be only one delivery point to a dwelling. The Basic Connection for Residential consumers is defined as 100 amp\n120/240 volt overhead service. A Residential building is supplied at one service voltage per land parcel. Depending upon the\nlocation of the building the supply voltage will be one of the following:\n- 120/240 volts 1 phase 3 wire\n- 120/208 volts 1 phase 3 wire\n- 120/208 volts 3 phase 4 wire\n- 347/600 volts 3 phase 4 wire\nFurther servicing details are available in the distributor’s Conditions of Service."]
["APPLICATION"]
[]
["The application of these rates and charges shall be in accordance with the Licence of the Distributor and any Code or Order\nof the Board, and amendments thereto as approved by the Board, which may be applicable to the administration of this\nschedule."]
["No rates and charges for the distribution of electricity and charges to meet the costs of any work or service done or furnished\nfor the purpose of the distribution of electricity shall be made except as permitted by this schedule, unless required by the\nDistributor’s Licence or a Code or Order of the Board, and amendments thereto as approved by the Board, or as specified\nherein."]
["Unless specifically noted, this schedule does not contain any charges for the electricity commodity, be it under the Regulated\nPrice Plan, a contract with a retailer or the wholesale market price, as applicable. In addition the charges in the MONTHLY\nRATES AND CHARGES - Regulatory Component of this schedule do not apply to a customer that is an embedded wholesale\nmarket participant."]
["It should be noted that this schedule does not list any charges, assessments or credits that are required by law to be invoiced\nby a distributor and that are not subject to Board approval, such as the Debt Retirement Charge, the Global Adjustment, the\nOntario Clean Energy Benefit and the HST."]
[]
["MONTHLY RATES AND CHARGES - Delivery Component"]
[]
["Service Charge",null,"$",18.05]
["Rate Rider for Smart Metering Entity Charge - effective until October 31, 2018",null,"$",0.79]
["Distribution Volumetric Rate",null,"$/kWh",1.1395508957599455E-2]
["Low Voltage Service Rate",null,"$/kWh",8.0000000000000004E-4]
["Retail Transmission Rate - Network Service Rate",null,"$/kWh",6.0321318398108351E-3]
["Retail Transmission Rate - Line and Transformation Connection Service Rate",null,"$/kWh",4.5995082603774813E-3]
["Stranded Meter Rate Rider",null,"$/kWh",0.78171012891784653]
["Smart Meter Disposition Rider",null,"$/kWh",3.36]
["Rate Rider Calculation for Deferral / Variance Accounts Balances (excluding Global Adj.)",null,"$/kWh",-8.3191383168094741E-4]
["Rate Rider Calculation for Deferral / Variance Accounts Balances (excluding Global Adj.) - NON-WMP",null,"$/kWh",-2.646861822728247E-3]
["Rate Rider Calculation for RSVA - Power - Global Adjustment",null,"$/kWh",4.8856086399887916E-3]
["Rate Rider Calculation for Group 2 Accounts",null,"$",0.71763615173398432]
["Rate Rider Calculation for Accounts 1575 and 1576",null,"$/kWh",2.345544481897622E-4]
["Rate Rider Calculation for Accounts 1568",null,"$/kWh",1.9002491545530963E-4]
[]
[]
[]
[]
[]
[]
[]
[]
[]
[]
[]
[]
[]
[]
[]
[]
[]
["MONTHLY RATES AND CHARGES - Regulatory Component"]
[]
["Wholesale Market Service Rate",null,"$/kWh",4.4000000000000003E-3]
["Rural Rate Protection Charge",null,"$/kWh",1.2999999999999999E-3]
["Standard Supply Service - Administrative Charge (if applicable)",null,"$",0.25]
["GENERAL SERVICE LESS THAN 50 KW SERVICE CLASSIFICATION"]
[]
["This classification refers to the supply of electrical energy to General Service Buildings requiring a connection with a\nconnected load less than 50 kW, and, Town Houses and Condominiums that require centralized bulk metering.\nGeneral Service buildings are defined as buildings that are used for purposes other than single-family dwellings. A General\nService building is supplied at one service voltage per land parcel. Depending upon the location of the\nbuilding the supply voltage will be one of the following:\n- 120/240 volts 1 phase 3 wire\n- 120/208 volts 1 phase 3 wire\n- 120/208 volts 3 phase 4 wire\n- 347/600 volts 3 phase 4 wire\nFurther servicing details are available in the distributor’s Conditions of Service."]
["APPLICATION"]
[]
["The application of these rates and charges shall be in accordance with the Licence of the Distributor and any Code or Order\nof the Board, and amendments thereto as approved by the Board, which may be applicable to the administration of this\nschedule."]
["No rates and charges for the distribution of electricity and charges to meet the costs of any work or service done or furnished\nfor the purpose of the distribution of electricity shall be made except as permitted by this schedule, unless required by the\nDistributor’s Licence or a Code or Order of the Board, and amendments thereto as approved by the Board, or as specified\nherein."]
["Unless specifically noted, this schedule does not contain any charges for the electricity commodity, be it under the Regulated\nPrice Plan, a contract with a retailer or the wholesale market price, as applicable. In addition the charges in the MONTHLY\nRATES AND CHARGES - Regulatory Component of this schedule do not apply to a customer that is an embedded wholesale\nmarket participant."]
["It should be noted that this schedule does not list any charges, assessments or credits that are required by law to be invoiced\nby a distributor and that are not subject to Board approval, such as the Debt Retirement Charge, the Global Adjustment, the\nOntario Clean Energy Benefit and the HST."]
[]
["MONTHLY RATES AND CHARGES - Delivery Component"]
[]
["Service Charge",null,"$",27.35]
["Rate Rider for Smart Metering Entity Charge - effective until October 31, 2018",null,"$",0.79]
["Distribution Volumetric Rate",null,"$/kWh",1.2504682544578845E-2]
["Low Voltage Service Rate",null,"$/kWh",6.9999999999999999E-4]
["Retail Transmission Rate - Network Service Rate",null,"$/kWh",5.5533911754495633E-3]
["Retail Transmission Rate - Line and Transformation Connection Service Rate",null,"$/kWh",4.088451920223014E-3]
["Stranded Meter Rate Rider",null,"$/kWh",2.8831970487551146]
["Smart Meter Disposition Rider",null,"$/kWh",8.82]
["Rate Rider Calculation for Deferral / Variance Accounts Balances (excluding Global Adj.)",null,"$/kWh",-8.2471767600577684E-4]
["Rate Rider Calculation for Deferral / Variance Accounts Balances (excluding Global Adj.) - NON-WMP",null,"$/kWh",-2.646861822728247E-3]
["Rate Rider Calculation for RSVA - Power - Global Adjustment",null,"$/kWh",4.8856086399887925E-3]
["Rate Rider Calculation for Group 2 Accounts",null,"$/kWh",8.0305657896044972E-5]
["Rate Rider Calculation for Accounts 1575 and 1576",null,"$/kWh",2.3455444818976223E-4]
["Rate Rider Calculation for Accounts 1568",null,"$/kWh",6.2210617557952952E-4]
[]
[]
[]
[]
[]
[]
[]
[]
[]
[]
[]
[]
[]
[]
[]
[]
[]
["MONTHLY RATES AND CHARGES - Regulatory Component"]
[]
["Wholesale Market Service Rate",null,"$/kWh",4.4000000000000003E-3]
["Rural Rate Protection Charge",null,"$/kWh",1.2999999999999999E-3]
["Standard Supply Service - Administrative Charge (if applicable)",null,"$",0.25]
["GENERAL SERVICE 50 TO 4,999 KW SERVICE CLASSIFICATION"]
[]
["This classification refers to the supply of electrical energy to General Service Customers requiring a connection with a\nconnected load equal to or greater than 50 kW but less than 5,000kW. A General Service building is supplied at one service\nvoltage per land parcel. Depending upon the location of the building the supply voltage will be one of the following:\n- 120/240 volts 1 phase 3 wire\n- 120/208 volts 3 phase 4 wire\n- 347/600 volts 3 phase 4 wire\nDepending upon the location of the building, primary supplies to transformers and customer owned Sub-Stations will be one\nof the following as determined by the Distributor:\n- 7,200/12,400 volts 3 phase 4 wire\n- 44,000 volts 3 phase 3 wire\nFurther servicing details are available in the distributor’s Conditions of Service"]
["APPLICATION"]
[]
["The application of these rates and charges shall be in accordance with the Licence of the Distributor and any Code or Order\nof the Board, and amendments thereto as approved by the Board, which may be applicable to the administration of this\nschedule."]
["No rates and charges for the distribution of electricity and charges to meet the costs of any work or service done or furnished\nfor the purpose of the distribution of electricity shall be made except as permitted by this schedule, unless required by the\nDistributor’s Licence or a Code or Order of the Board, and amendments thereto as approved by the Board, or as specified\nherein."]
["Unless specifically noted, this schedule does not contain any charges for the electricity commodity, be it under the Regulated\nPrice Plan, a contract with a retailer or the wholesale market price, as applicable. In addition the charges in the MONTHLY\nRATES AND CHARGES - Regulatory Component of this schedule do not apply to a customer that is an embedded wholesale\nmarket participant."]
["It should be noted that this schedule does not list any charges, assessments or credits that are required by law to be invoiced\nby a distributor and that are not subject to Board approval, such as the Debt Retirement Charge, the Global Adjustment, the\nOntario Clean Energy Benefit and the HST."]
[]
["MONTHLY RATES AND CHARGES - Delivery Component"]
[]
["Service Charge",null,"$",378.72]
["Distribution Volumetric Rate",null,"$/kW",1.113958109377494]
["Low Voltage Volumetric Rate",null,"$/kW",0.28549999999999998]
["Retail Transmission Rate - Network Service Rate",null,"$/kW",2.2676027838117778]
["Retail Transmission Rate - Line and Transformation Connection Service Rate",null,"$/kW",1.6311900310603258]
["Rate Rider Calculation for Deferral / Variance Accounts Balances (excluding Global Adj.)",null,"$/kW",-0.2881086467416501]
["Rate Rider Calculation for Deferral / Variance Accounts Balances (excluding Global Adj.) - NON-WMP",null,"$/kW",-0.92990514331638319]
["Rate Rider Calculation for RSVA - Power - Global Adjustment",null,"$/kW",1.716429835341269]
["Rate Rider Calculation for Group 2 Accounts",null,"$/kW",2.8213276444467111E-2]
["Rate Rider Calculation for Accounts 1575 and 1576",null,"$/kW",8.240452368404183E-2]
["Rate Rider Calculation for Accounts 1568",null,"$/kW",5.684378315786414E-2]
[" "]
[]
[]
[]
[]
[]
[]
[]
[]
[]
[]
[]
[]
[]
[]
[]
[]
[]
[]
[]
["MONTHLY RATES AND CHARGES - Regulatory Component"]
[]
["Wholesale Market Service Rate",null,"$/kWh",4.4000000000000003E-3]
["Rural Rate Protection Charge",null,"$/kWh",1.2999999999999999E-3]
["Standard Supply Service - Administrative Charge (if applicable)",null,"$",0.25]
["SENTINEL LIGHTING SERVICE CLASSIFICATION"]
[]
["This classification refers to privately owned roadway lighting controlled by photo cells. Consumption is based on calculated\nconnected load times the required lighting hours. Further servicing details are available in the distributor’s Conditions of\nService."]
["APPLICATION"]
[]
["The application of these rates and charges shall be in accordance with the Licence of the Distributor and any Code or Order\nof the Board, and amendments thereto as approved by the Board, which may be applicable to the administration of this\nschedule."]
["No rates and charges for the distribution of electricity and charges to meet the costs of any work or service done or furnished\nfor the purpose of the distribution of electricity shall be made except as permitted by this schedule, unless required by the\nDistributor’s Licence or a Code or Order of the Board, and amendments thereto as approved by the Board, or as specified\nherein."]
["Unless specifically noted, this schedule does not contain any charges for the electricity commodity, be it under the Regulated\nPrice Plan, a contract with a retailer or the wholesale market price, as applicable. In addition the charges in the MONTHLY\nRATES AND CHARGES - Regulatory Component of this schedule do not apply to a customer that is an embedded wholesale\nmarket participant."]
["It should be noted that this schedule does not list any charges, assessments or credits that are required by law to be invoiced\nby a distributor and that are not subject to Board approval, such as the Debt Retirement Charge, the Global Adjustment, the\nOntario Clean Energy Benefit and the HST."]
[]
["MONTHLY RATES AND CHARGES - Delivery Component"]
[]
["Service Charge (per connection)",null,"$",3.58]
["Distribution Volumetric Rate",null,"$/kW",10.872161165040167]
["Low Voltage Service Rate",null,"$/kW",0.2253]
["Retail Transmission Rate - Network Service Rate",null,"$/kW",1.718771417466135]
["Retail Transmission Rate - Line and Transformation Connection Service Rate",null,"$/kW",1.2874571475255887]
["Rate Rider Calculation for Deferral / Variance Accounts Balances (excluding Global Adj.)",null,"$/kW",-0.29442055101947512]
["Rate Rider Calculation for Deferral / Variance Accounts Balances (excluding Global Adj.) - NON-WMP",null,"$/kW",-0.95027756989382417]
["Rate Rider Calculation for RSVA - Power - Global Adjustment",null,"$/kW",1.7540334995936371]
["Rate Rider Calculation for Group 2 Accounts",null,"$/kW",2.8831374867736497E-2]
["Rate Rider Calculation for Accounts 1575 and 1576",null,"$/kW",8.4209847722163611E-2]
[]
[]
[]
[]
[]
[]
[]
[]
[]
[]
[]
[]
[]
[]
[]
[]
[]
[]
[]
[]
[]
["MONTHLY RATES AND CHARGES - Regulatory Component"]
[]
["Wholesale Market Service Rate",null,"$/kWh",4.4000000000000003E-3]
["Rural Rate Protection Charge",null,"$/kWh",1.2999999999999999E-3]
["Standard Supply Service - Administrative Charge (if applicable)",null,"$",0.25]
["STREET LIGHTING SERVICE CLASSIFICATION"]
[]
["This classification refers to municipal lighting, Ministry of Transportation operation controlled by photo cells. Consumption is\nas per OEB Street lighting load shape. Further servicing details are available in the distributor’s Conditions of Service."]
["APPLICATION"]
[]
["The application of these rates and charges shall be in accordance with the Licence of the Distributor and any Code or Order\nof the Board, and amendments thereto as approved by the Board, which may be applicable to the administration of this\nschedule."]
["No rates and charges for the distribution of electricity and charges to meet the costs of any work or service done or furnished\nfor the purpose of the distribution of electricity shall be made except as permitted by this schedule, unless required by the\nDistributor’s Licence or a Code or Order of the Board, and amendments thereto as approved by the Board, or as specified\nherein."]
["Unless specifically noted, this schedule does not contain any charges for the electricity commodity, be it under the Regulated\nPrice Plan, a contract with a retailer or the wholesale market price, as applicable. In addition the charges in the MONTHLY\nRATES AND CHARGES - Regulatory Component of this schedule do not apply to a customer that is an embedded wholesale\nmarket participant."]
["It should be noted that this schedule does not list any charges, assessments or credits that are required by law to be invoiced\nby a distributor and that are not subject to Board approval, such as the Debt Retirement Charge, the Global Adjustment, the\nOntario Clean Energy Benefit and the HST."]
[]
["MONTHLY RATES AND CHARGES - Delivery Component"]
[]
["Service Charge (per connection)",null,"$",2.61]
["Distribution Volumetric Rate",null,"$/kW",13.902399953177458]
["Low Voltage Service Rate",null,"$/kW",0.2253]
["Retail Transmission Rate - Network Service Rate",null,"$/kW",1.7100626163905326]
["Retail Transmission Rate - Line and Transformation Connection Service Rate",null,"$/kW",1.2610821484702732]
["Rate Rider Calculation for Deferral / Variance Accounts Balances (excluding Global Adj.)",null,"$/kW",-0.29140561547524468]
["Rate Rider Calculation for Deferral / Variance Accounts Balances (excluding Global Adj.) - NON-WMP",null,"$/kW",-0.9405465045438095]
["Rate Rider Calculation for RSVA - Power - Global Adjustment",null,"$/kW",1.7360717848784646]
["Rate Rider Calculation for Group 2 Accounts",null,"$/kW",2.8536134822241099E-2]
["Rate Rider Calculation for Accounts 1575 and 1576",null,"$/kW",8.3347519117069085E-2]
[]
[]
[]
[]
[]
[]
[]
[]
[]
[]
[]
[]
[]
[]
[]
[]
[]
[]
[]
[]
[]
["MONTHLY RATES AND CHARGES - Regulatory Component"]
[]
["Wholesale Market Service Rate",null,"$/kWh",4.4000000000000003E-3]
["Rural Rate Protection Charge",null,"$/kWh",1.2999999999999999E-3]
["Standard Supply Service - Administrative Charge (if applicable)",null,"$",0.25]
["UNMETERED SCATTERED LOAD SERVICE CLASSIFICATION"]
[]
["This classification applies to an account taking electricity at 750 volts or less whose average monthly maximum demand is\nless than, or is forecast to be less than, 50 kW and the consumption is unmetered. Such connections include cable TV power\npacks, bus shelters, telephone booths, traffic lights, railway crossings, etc. The level of the consumption will be agreed to by\nthe distributor and the customer, based on detailed manufacturer information/ documentation with regard to electrical\nconsumption of the unmetered load or periodic monitoring of actual consumption. Further servicing details are available in\nthe distributor’s Conditions of Service."]
["APPLICATION"]
[]
["The application of these rates and charges shall be in accordance with the Licence of the Distributor and any Code or Order\nof the Board, and amendments thereto as approved by the Board, which may be applicable to the administration of this\nschedule."]
["No rates and charges for the distribution of electricity and charges to meet the costs of any work or service done or furnished\nfor the purpose of the distribution of electricity shall be made except as permitted by this schedule, unless required by the\nDistributor’s Licence or a Code or Order of the Board, and amendments thereto as approved by the Board, or as specified\nherein."]
["Unless specifically noted, this schedule does not contain any charges for the electricity commodity, be it under the Regulated\nPrice Plan, a contract with a retailer or the wholesale market price, as applicable. In addition the charges in the MONTHLY\nRATES AND CHARGES - Regulatory Component of this schedule do not apply to a customer that is an embedded wholesale\nmarket participant."]
["It should be noted that this schedule does not list any charges, assessments or credits that are required by law to be invoiced\nby a distributor and that are not subject to Board approval, such as the Debt Retirement Charge, the Global Adjustment, the\nOntario Clean Energy Benefit and the HST."]
[]
["MONTHLY RATES AND CHARGES - Delivery Component"]
[]
["Service Charge (per customer)",null,"$",6.2]
["Distribution Volumetric Rate",null,"$/kWh",5.9000534823276506E-3]
["Low Voltage Service Rate",null,"$/kWh",6.9999999999999999E-4]
["Retail Transmission Rate - Network Service Rate",null,"$/kWh",5.553386925641648E-3]
["Retail Transmission Rate - Line and Transformation Connection Service Rate",null,"$/kWh",4.0884455565176761E-3]
["Rate Rider Calculation for Deferral / Variance Accounts Balances (excluding Global Adj.)",null,"$/kWh",-8.200662006650687E-4]
["Rate Rider Calculation for Deferral / Variance Accounts Balances (excluding Global Adj.) - NON-WMP",null,"$/kWh",-2.6468618227282474E-3]
["Rate Rider Calculation for RSVA - Power - Global Adjustment",null,"$/kWh",4.8856086399887925E-3]
["Rate Rider Calculation for Group 2 Accounts",null,"$/kWh",8.0305657896044986E-5]
["Rate Rider Calculation for Accounts 1575 and 1576",null,"$/kWh",2.3455444818976223E-4]
[]
[]
[]
[]
[]
[]
[]
[]
[]
[]
[]
[]
[]
[]
[]
[]
[]
[]
[]
[]
[]
["MONTHLY RATES AND CHARGES - Regulatory Component"]
[]
["Wholesale Market Service Rate",null,"$/kWh",4.4000000000000003E-3]
["Rural Rate Protection Charge",null,"$/kWh",1.2999999999999999E-3]
["Standard Supply Service - Administrative Charge (if applicable)",null,"$",0.25]
[]
["ALLOWANCES"]
[]
["Transformer Allowance for Ownership - per kW of billing demand/month"]
[]
[]
["Primary Metering Allowance for transformer losses – applied to measured demand and energy"]
[]
["SPECIFIC SERVICE CHARGES"]
[]
["APPLICATION"]
[]
["The application of these rates and charges shall be in accordance with the Licence of the Distributor and any Code or Order of the Board, and amendments thereto as approved by the Board, which may be applicable to the administration of this schedule."]
[]
["No charges to meet the costs of any work or service done or furnished for the purpose of the distribution of electricity shall be made except as permitted by this schedule, unless required by the Distributor’s Licence or a Code or Order of the Board, and amendments thereto as approved by the Board, or as specified herein."]
[]
["It should be noted that this schedule does not list any charges, assessments or credits that are required by law to be invoiced by a distributor and that are not subject to Board approval, such as the Debt Retirement Charge, the Global Adjustment, the Ontario Clean Energy Benefit and the HST."]
[]
["Customer Administration"]
[]
[]
[]
[]
[]
[]
[]
[]
[]
[]
[]
[]
[]
[]
[]
[]
[]
[]
[]
[]
[]
[]
[]
[]
[]
[]
[]
[]
[]
[]
[]
[]
[]
[]
[]
[]
[]
["Non-Payment of Account"]
[]
[]
[]
[]
[]
[]
[]
[]
[]
[]
[]
[]
[]
[]
[]
[]
[]
[]
[]
[]
[]
[]
[]
[]
[]
[]
[]
[]
[]
[]
[]
[]
[]
[]
[]
[]
[]
[]
[]
[]
[]
[]
[]
[]
[]
[]
[]
[]
[]
[]
["RETAIL SERVICE CHARGES (if applicable)"]
[]
["The application of these rates and charges shall be in accordance with the Licence of the Distributor and any Code or Order of the Board, and amendments thereto as approved by the Board, which may be applicable to the administration of this schedule."]
[]
["No rates and charges for the distribution of electricity and charges to meet the costs of any work or service done or furnished for the purpose of the distribution of electricity shall be made except as permitted by this schedule, unless required by the Distributor’s Licence or a Code or Order of the Board, and amendments thereto as approved by the Board, or as specified herein."]
[]
["Unless specifically noted, this schedule does not contain any charges for the electricity commodity, be it under the Regulated Price Plan, a contract with a retailer or the wholesale market price, as applicable."]
[]
["It should be noted that this schedule does not list any charges, assessments or credits that are required by law to be invoiced by a distributor and that are not subject to Board approval, such as the Debt Retirement Charge, the Global Adjustment, the Ontario Clean Energy Benefit and the HST."]
[]
["Retail Service Charges refer to services provided by a distributor to retailers or customers related to the supply of competitive electricity."]
[]
["One-time charge, per retailer, to establish the service agreement between the distributor and the retailer",null,"$",100]
["Monthly Fixed Charge, per retailer",null,"$",20]
["Monthly Variable Charge, per customer, per retailer",null,"$/cust.",0.5]
["Distributor-consolidated billing monthly charge, per customer, per retailer",null,"$/cust.",0.3]
["Retailer-consolidated billing monthly credit, per customer, per retailer",null,"$/cust.",-0.3]
["Service Transaction Requests (STR) "]
["Request fee, per request, applied to the requesting party",null,"$",0.25]
["Processing fee, per request, applied to the requesting party",null,"$",0.5]
["Request for customer information as outlined in Section 10.6.3 and Chapter 11 of the Retail"]
["Settlement Code directly to retailers and customers, if not delivered electronically through the"]
["Electronic Business Transaction (EBT) system, applied to the requesting party "]
["Up to twice a year",null,"$","no charge"]
["More than twice a year, per request (plus incremental delivery costs)",null,"$",2]
[]
["LOSS FACTORS"]
[]
["If the distributor is not capable of prorating changed loss factors jointly with distribution rates, the revised loss factors will be implemented upon the first subsequent billing for each billing cycle."]

{"sheet":"lists","index":60,"n_rows":212,"n_cols":55,"rows_kept":212,"cut":false,"hidden":true,"merged":[[12,51,12,52],[11,51,11,52],[0,51,0,52],[1,51,1,52],[2,51,2,52],[3,51,3,52],[4,51,4,52],[5,51,5,52],[6,51,6,52],[7,51,7,52],[8,51,8,52],[9,51,9,52],[10,51,10,52],[13,51,13,52],[14,51,14,52],[15,51,15,52],[16,51,16,52],[17,51,17,52]]}
[null,"Embedded Distributor",{"$f":"COUNTA(B1:B17)","v":4},null,null,null,null,null,"A Standby Service Charge will be applied for a month where standby power is not provided. The applicable rate is the approved Distribution Volumetric Rate of the applicable service class and is applied to gross metered demand or contracted amount, whichever is greater. A monthly administration charge of $200, for simple metering arrangements, or $500, for complex metering arrangements, will also be applied.",null,null,"Loss Factors",null,"Units","Units1","Units2",null,null,null,null,null,null,null,null,null,"Account History","Account set up charge/change of occupancy charge (plus credit agency costs if applicable)","Total Loss Factor – Embedded Distributor – Hydro One Networks Inc.",null,null,null,null,null,null,null,null,null,"Algoma Power Inc.","Algoma Power Inc.",null,"DISTRIBUTED GENERATION [DGEN]","kW",null,null,null,"Sub-Total:  Delivery (Distribution and Retail Transmission)"]
["DISTRIBUTED GENERATION [DGEN]","General Service 3,000 to 4,999 kW",null,null,null,null,null,null,"Distribution Volumetric Rate",null,null,"Total Loss Factor – Primary Metered Customer",null,"$","$/kWh","$",null,null,null,null,null,null,null,null,null,"Account set up charge/change of occupancy charge","Administrative Billing Charge","Total Loss Factor – Primary Metered Customer",null,null,null,null,null,null,null,null,null,"Atikokan Hydro Inc.","Atikokan Hydro Inc.",null,"EMBEDDED DISTRIBUTOR","kW",null,null,null,"Wholesale Market Service Rate ",null,null,{"$f":"AU2*AV2","v":0},{"$f":"AU2","v":0},0,{"$f":"AX2*AY2","v":0},null,{"$f":"AZ2-AW2","v":0},{"$f":"BB2/AW2","v":{"$error":"#DIV/0!"}}]
["EMBEDDED DISTRIBUTOR","General Service 1,000 to 4,999 kW",null,null,null,null,null,null,"Distribution Volumetric Rate - $/kW of contracted amount",null,null,"Total Loss Factor – Primary Metered Customer < 5,000 kW",null,"$/kWh","$/kW","%",null,null,null,null,null,null,"MSC",null,null,"Account set up charge/change of occupancy charge (plus credit agency costs if applicable – Residential)","Bell Canada Pole Rentals","Total Loss Factor – Primary Metered Customer < 5,000 kW",null,null,null,null,null,null,null,null,null,"Attawapiskat Power Corp. ","Attawapiskat Power Corp. ",null,"EMBEDDED DISTRIBUTOR","kW",null,null,null,"Rural Rate Protection Charge",null,null,{"$f":"AU3*AV3","v":0},0,0,{"$f":"AX3*AY3","v":0},null,{"$f":"AZ3-AW3","v":0},{"$f":"BB3/AW3","v":{"$error":"#DIV/0!"}}]
["EMBEDDED DISTRIBUTOR","General Service Equal To Or Greater Than 1,500 kW - Interval Metered",null,null,null,null,null,null,"Distribution Wheeling Service Rate",null,null,"Total Loss Factor – Primary Metered Customer > 5,000 kW",null,"$/kW","$/kVA",null,null,null,null,null,null,null,"SM_Rate_Adder",null,null,"Account set up charge/change of occupancy charge (plus credit agency costs if applicable)","Clearance Pole Attachment charge $/pole/year","Total Loss Factor – Primary Metered Customer > 5,000 kW",null,null,null,null,null,null,null,null,null,"Bluewater Power Distribution Corporation","Bluewater Power Distribution Corporation",null,"FARMS - SINGLE PHASE ENERGY-BILLED [F1]","kWh",null,null,null,"Standard Supply Service – Administration Charge (if applicable)",null,null,{"$f":"AU4*AV4","v":0},0,0,{"$f":"AX4*AY4","v":0},null,{"$f":"AZ4-AW4","v":0},{"$f":"BB4/AW4","v":{"$error":"#DIV/0!"}}]
["FARMS - SINGLE PHASE ENERGY-BILLED [F1]",null,null,null,null,null,null,null,"Electricity Rate",null,null,"Total Loss Factor – Secondary Metered Customer",null,"$/kVA",null,null,null,null,null,null,null,null,"MSC_Rate_Rider_",null,null,"Arrears certificate","Collection of account charge – no disconnection","Total Loss Factor – Secondary Metered Customer",null,null,null,null,null,null,null,null,null,"Brant County Power Inc.","Brant County Power Inc.",null,"FARMS - THREE PHASE ENERGY-BILLED [F3]","kWh",null,null,null,"Sub-Total:  Regulatory",null,null,{"$f":"SUM(AW2:AW4)","v":0},null,null,{"$f":"SUM(AZ2:BA4)","v":0},null,{"$f":"AZ5-AW5","v":0},{"$f":"BB5/AW5","v":{"$error":"#DIV/0!"}}]
["FARMS - THREE PHASE ENERGY-BILLED [F3]",null,null,null,null,null,null,null,"Electricity Rate - All Additional kWh",null,null,"Total Loss Factor – Secondary Metered Customer < 5,000 kW",null,null,null,null,null,null,null,null,null,null,"VC",null,null,"Arrears certificate (credit reference)","Collection of account charge – no disconnection – after regular hours","Total Loss Factor – Secondary Metered Customer < 5,000 kW",null,null,null,null,null,null,null,null,null,"Brantford Power Inc.","Brantford Power Inc.",null,"GENERAL SERVICE - COMMERCIAL","kW",null,null,null,"Debt Retirement Charge (DRC)",null,null,{"$f":"AU6*AV6","v":0},{"$f":"AU6","v":0},{"$f":"AV6","v":0},{"$f":"AX6*AY6","v":0},null,{"$f":"AZ6-AW6","v":0},{"$f":"BB6/AW6","v":{"$error":"#DIV/0!"}}]
["GENERAL SERVICE - COMMERCIAL",null,null,null,null,null,null,null,"Electricity Rate - First 250 kWh",null,null,null,null,null,null,null,null,null,null,null,null,null,null,null,null,null,null,null,null,null,null,null,null,null,null,null,null,"Burlington Hydro Inc.","Burlington Hydro Inc.",null,"GENERAL SERVICE - INSTITUTIONAL","kW"]
["GENERAL SERVICE - INSTITUTIONAL",null,null,null,null,null,null,null,"Electricity Rate -All Additional kWh",null,null,"Total Loss Factor – Secondary Metered Customer > 5,000 kW",null,null,null,null,null,null,null,null,null,null,"VC_Rate_Rider_",null,null,"Charge to certify cheque","Collection of account charge – no disconnection - during regular business hours","Total Loss Factor – Secondary Metered Customer > 5,000 kW",null,null,null,null,null,null,null,null,null,"Cambridge and North Dumfries Hydro Inc.","Cambridge and North Dumfries Hydro Inc.",null,"GENERAL SERVICE 1,000 TO 2,999 KW","kW",null,null,null,"Total Bill on RPP (before taxes)",null,null,null,null,null,null,null,{"$f":"AZ8-AW8","v":0}]
["GENERAL SERVICE 1,000 TO 2,999 KW",null,null,null,null,null,null,null,"Electricity Rate First 1,000 kWh",null,null,"Distribution Loss Factor - Secondary Metered Customer < 5,000 kW",null,null,null,null,null,null,null,null,null,null,"VC_GA_Rate_Rider_kW_",null,null,"Collection of Account Charge – No Disconnection","Collection of account charge – no disconnection – during regular hours",null,null,null,null,null,null,null,null,null,null,"Canadian Niagara Power Inc.","Canadian Niagara Power Inc. - Eastern Ontario Power",null,"GENERAL SERVICE 1,000 TO 4,999 KW - INTERVAL METERS","kW",null,null,null,"HST",null,null,{"$f":"AV9*AW8","v":0},null,{"$f":"AV9","v":0},{"$f":"AY9*AZ8","v":0},null,{"$f":"AZ9-AW9","v":0},{"$f":"BB9/AW9","v":{"$error":"#DIV/0!"}}]
["GENERAL SERVICE 1,000 TO 4,999 KW",null,null,null,null,null,null,null,"Electricity Rate First 25,000 kWh",null,null,"Distribution Loss Factor - Secondary Metered Customer > 5,000 kW",null,null,null,null,null,null,null,null,null,null,"VC_LV_Rate",null,null,"Credit Card Convenience Charge","Collection/Disconnection/Load Limiter/Reconnection – if in Community",null,null,null,null,null,null,null,null,null,null,"Centre Wellington Hydro Ltd.","Canadian Niagara Power Inc. - Fort Erie",null,"GENERAL SERVICE 1,000 TO 4,999 KW (CO-GENERATION)","kW",null,null,null,"Total Bill (including HST)",null,null,{"$f":"AW9+AW8","v":0},null,null,{"$f":"AZ9+AZ8","v":0},null,{"$f":"AZ10-AW10","v":0},{"$f":"BB10/AW10","v":{"$error":"#DIV/0!"}}]
["GENERAL SERVICE 1,000 TO 4,999 KW - INTERVAL METERS",null,null,null,null,null,null,null,"Electricity Rate First 6,000 kWh",null,null,"Distribution Loss Factor - Primary Metered Customer < 5,000 kW",null,null,null,null,null,null,null,null,null,null,"RTSR_Network",null,null,"Credit check (plus credit agency costs)","Credit Card Convenience Charge",null,null,null,null,null,null,null,null,null,null,"Chapleau Public Utilities Corporation","Canadian Niagara Power Inc. - Port Colborne Hydro Inc.",null,"GENERAL SERVICE 1,000 TO 4,999 KW","kW",null,null,null,"Ontario Clean Energy Benefit (OCEB)",null,null,{"$f":"-0.1*AW10","v":0},null,{"$f":"AV11","v":0},{"$f":"-0.1*AZ10","v":0},null,{"$f":"AZ11-AW11","v":0},{"$f":"BB11/AW11","v":{"$error":"#DIV/0!"}}]
["GENERAL SERVICE 1,000 TO 4,999 KW (CO-GENERATION)",null,null,null,null,null,null,null,"Electricity Rate Next 1,500 kWh",null,null,"Distribution Loss Factor - Primary Metered Customer > 5,000 kW",null,null,null,null,null,null,null,null,null,null,"RTSR_Connection",null,null,"Credit reference Letter","Disconnect/Reconnect at meter – after regular hours",null,null,null,null,null,null,null,null,null,null,"Clinton Power Corporation","Centre Wellington Hydro Ltd.",null,"GENERAL SERVICE 1,500 TO 4,999 KW","kW",null,null,null,"Total Bill on RPP (including OCEB)",null,null,{"$f":"AW10+AW11","v":0},null,null,{"$f":"AZ10+AZ11","v":0},null,{"$f":"AZ12-AW12","v":0},{"$f":"BB12/AW12","v":{"$error":"#DIV/0!"}}]
["GENERAL SERVICE 1,500 TO 4,999 KW",null,null,null,null,null,null,null,"General Service 1,500 to 4,999 kW customer",null,null,null,null,null,null,null,null,null,null,null,null,null,null,null,null,null,null,null,null,null,null,null,null,null,null,null,null,"COLLUS Power Corporation","Chapleau Public Utilities Corporation",null,"GENERAL SERVICE 2,500 TO 4,999 KW","kW"]
["GENERAL SERVICE 2,500 TO 4,999 KW",null,null,null,null,null,null,null,"General Service 50 to 1,499 kW customer",null,null,"Total Loss Factor - Embedded Distributor",null,null,null,null,null,null,null,null,null,null,"RTSR_Network_Interval",null,null,"Credit reference/credit check (plus credit agency costs – General Service)","Disconnect/Reconnect at meter – during regular hours",null,null,null,null,null,null,null,null,null,null,"Cooperative Hydro Embrun Inc.","Clinton Power Corporation",null,"GENERAL SERVICE 3,000 TO 4,999 KW - INTERMEDIATE USE","kW",null,null,null,"Total Bill on TOU (before taxes)",null,null,null,null,null,null,null,{"$f":"AZ14-AW14","v":0}]
["GENERAL SERVICE 3,000 TO 4,999 KW",null,null,null,null,null,null,null,"General Service Large Use customer",null,null,"Total Loss Factor – Embedded Distributor – Hydro One Networks Inc.",null,null,null,null,null,null,null,null,null,null,"RTSR_Connection_Interval",null,null,"Credit Reference/credit check (plus credit agency costs)","Disconnect/Reconnect at pole – after regular hours",null,null,null,null,null,null,null,null,null,null,"E.L.K. Energy Inc.","COLLUS Power Corporation",null,"GENERAL SERVICE 3,000 TO 4,999 KW - INTERVAL METERED","kW",null,null,null,"HST",null,null,{"$f":"AV15*AW14","v":0},null,{"$f":"AV15","v":0},{"$f":"AY15*AZ14","v":0},null,{"$f":"AZ15-AW15","v":0},{"$f":"BB15/AW15","v":{"$error":"#DIV/0!"}}]
["GENERAL SERVICE 3,000 TO 4,999 KW - INTERMEDIATE USE",null,null,null,null,null,null,null,"Green Energy Act Initiatives Funding Adder - effective until the date of the next cost of service-based rate order",null,null,null,null,null,null,null,null,null,null,null,null,null,"RTSR_Network_Interval_GR1000kW",null,null,"Dispute Test – Commercial self contained -- MC","Disconnect/Reconnect at pole – during regular hours",null,null,null,null,null,null,null,null,null,null,"Enersource Hydro Mississauga Inc.","Cooperative Hydro Embrun Inc.",null,"GENERAL SERVICE 3,000 TO 4,999 KW - TIME OF USE","kW",null,null,null,"Total Bill (including HST)",null,null,{"$f":"AW15+AW14","v":0},null,null,{"$f":"AZ15+AZ14","v":0},null,{"$f":"AZ16-AW16","v":0},{"$f":"BB16/AW16","v":{"$error":"#DIV/0!"}}]
["GENERAL SERVICE 3,000 TO 4,999 KW - INTERVAL METERED",null,null,null,null,null,null,null,"Green Energy Act Plan Funding Adder",null,null,null,null,null,null,null,null,null,null,null,null,null,"RTSR_Connection_Interval_GR1000kW",null,null,"Dispute Test – Commercial TT -- MC","Disconnect/Reconnect Charge – At Meter – After Hours",null,null,null,null,null,null,null,null,null,null,"Entegrus Powerlines Inc.","E.L.K. Energy Inc.",null,"GENERAL SERVICE 3,000 TO 4,999 KW","kW",null,null,null,"Ontario Clean Energy Benefit (OCEB)",null,null,{"$f":"-0.1*AW16","v":0},null,{"$f":"AV17","v":0},{"$f":"-0.1*AZ16","v":0},null,{"$f":"AZ17-AW17","v":0},{"$f":"BB17/AW17","v":{"$error":"#DIV/0!"}}]
["GENERAL SERVICE 3,000 TO 4,999 KW - TIME OF USE",null,null,null,null,null,null,null,"Green Energy Act Plan Funding Adder - effective April 1, 2013 until March 31, 2014",null,null,null,null,null,null,null,null,null,null,null,null,null,"RTSR_Line_Connection",null,null,"Dispute Test – Residential","Disconnect/Reconnect Charge – At Meter – During Regular Hours",null,null,null,null,null,null,null,null,null,null,"ENWIN Utilities Ltd.","Enersource Hydro Mississauga Inc.",null,"GENERAL SERVICE 50 TO 1,000 KW - INTERVAL METERS","kW",null,null,null,"Total Bill on TOU (including OCEB)",null,null,{"$f":"AW16+AW17","v":0},null,null,{"$f":"AZ16+AZ17","v":0},null,{"$f":"AZ18-AW18","v":0},{"$f":"BB18/AW18","v":{"$error":"#DIV/0!"}}]
["GENERAL SERVICE 50 TO 1,000 KW",null,null,null,null,null,null,null,"Green Energy Act Plan Funding Adder - effective April 1, 2014 until March 31, 2015",null,null,null,null,null,null,null,null,null,null,null,null,null,"RTSR_Transformer_Connection",null,null,"Duplicate Invoices for previous billing","Disconnect/Reconnect Charge – At Pole – After Hours",null,null,null,null,null,null,null,null,null,null,"Erie Thames Powerlines Corporation","Entegrus Powerlines Inc. - Chatham-Kent",null,"GENERAL SERVICE 50 TO 1,000 KW - NON INTERVAL METERS","kW"]
["GENERAL SERVICE 50 TO 1,000 KW - INTERVAL METERS",null,null,null,null,null,null,null,"ICM Rate Rider (2014) - in effect until the effective date of the next cost of service rates",null,null,null,null,null,null,null,null,null,null,null,null,null,"WMSR",null,null,"Easement Letter","Disconnect/Reconnect Charge – At Pole – During Regular Hours",null,null,null,null,null,null,null,null,null,null,"Espanola Regional Hydro Distribution Corporation","Entegrus Powerlines Inc. - Dutton",null,"GENERAL SERVICE 50 TO 1,000 KW","kW"]
["GENERAL SERVICE 50 TO 1,000 KW - NON INTERVAL METERS",null,null,null,null,null,null,null,"Low Voltage Service Charge",null,null,null,null,null,null,null,null,null,null,null,null,null,"RRRP",null,null,"Income Tax Letter","Disconnect/Reconnect Charges for non payment of account - At Meter After Hours",null,null,null,null,null,null,null,null,null,null,"Essex Powerlines Corporation","Entegrus Powerlines Inc. - Newbury",null,"GENERAL SERVICE 50 TO 1,499 KW - INTERVAL METERED","kW"]
["GENERAL SERVICE 50 TO 1,499 KW",null,null,null,null,null,null,null,"Low Voltage Service Rate",null,null,null,null,null,null,null,null,null,null,null,null,null,"SPC",null,null,"Interval Meter Interrogation","Disconnect/Reconnect charges for non payment of account – at meter after regular hours",null,null,null,null,null,null,null,null,null,null,"Festival Hydro Inc.","Entegrus Powerlines Inc. - Strathroy, Mounth Brydges & Parkhill",null,"GENERAL SERVICE 50 TO 1,499 KW","kW"]
["GENERAL SERVICE 50 TO 1,499 KW - INTERVAL METERED",null,null,null,null,null,null,null,"Low Voltage Volumetric Rate",null,null,null,null,null,null,null,null,null,null,null,null,null,"DRC",null,null,"Interval meter request change","Disconnect/Reconnect Charges for non payment of account - At Meter During Regular Hours",null,null,null,null,null,null,null,null,null,null,"Fort Albany Power Corporation","ENWIN Utilities Ltd.",null,"GENERAL SERVICE 50 TO 2,499 KW","kW"]
["GENERAL SERVICE 50 TO 2,499 KW",null,null,null,null,null,null,null,"LRAM Rate Rider - Effective Until April 30, 2015",null,null,null,null,null,null,null,null,null,null,null,null,null,"SSS",null,null,"Legal letter","Disconnect/Reconnect charges for non payment of account – at meter during regular hours",null,null,null,null,null,null,null,null,null,null,"Fort Frances Power Corporation","Erie Thames Powerlines Corporation",null,"GENERAL SERVICE 50 TO 2,999 KW - INTERVAL METERED","kW"]
["GENERAL SERVICE 50 TO 2,999 KW",null,null,null,null,null,null,null,"Minimum Distribution Charge - per KW of maximum billing demand in the previous 11 months",null,null,null,null,null,null,null,null,null,null,null,null,null,"SFLF",null,null,"Legal letter charge","Disconnect/Reconnect charges for non payment of account – at pole after regular hours",null,null,null,null,null,null,null,null,null,null,"Greater Sudbury Hydro Inc.","Espanola Regional Hydro Distribution Corporation",null,"GENERAL SERVICE 50 TO 2,999 KW - TIME OF USE","kW"]
["GENERAL SERVICE 50 TO 2,999 KW - INTERVAL METERED","January",null,null,null,null,null,null,"Monthly Distribution Wheeling Service Rate - Dedicated LV Line",null,null,null,null,null,null,null,null,null,null,null,null,null,"DLF_Secondary_LT_5000kW",null,null,"Meter dispute charge plus Measurement Canada fees (if meter found correct)","Disconnect/Reconnect charges for non payment of account – at pole during regular hours",null,null,null,null,null,null,null,null,null,null,"Grimsby Power Inc.","Essex Powerlines Corporation",null,"GENERAL SERVICE 50 TO 2,999 KW","kW"]
["GENERAL SERVICE 50 TO 2,999 KW - TIME OF USE","February",null,null,null,null,null,null,"Monthly Distribution Wheeling Service Rate - Hydro One Networks",null,null,null,null,null,null,null,null,null,null,null,null,null,"DLF_Secondary_GT_5000kW",null,null,"Notification charge","Disconnect/Reconnection for >300 volts - after regular hours",null,null,null,null,null,null,null,null,null,null,"Guelph Hydro Electric Systems Inc.","Festival Hydro Inc.",null,"GENERAL SERVICE 50 TO 4,999 KW - INTERVAL METERED","kW"]
["GENERAL SERVICE 50 TO 4,999 KW","March",null,null,null,null,null,null,"Monthly Distribution Wheeling Service Rate - Shared LV Line",null,null,null,null,null,null,null,null,null,null,null,null,null,"DLF_Primary_LT_5000kW",null,null,"Pulling Post Dated Cheques","Disconnect/Reconnection for >300 volts - during regular hours",null,null,null,null,null,null,null,null,null,null,"Haldimand County Hydro Inc.","Festival Hydro Inc. - Hensall",null,"GENERAL SERVICE 50 TO 4,999 KW - TIME OF USE","kW"]
["GENERAL SERVICE 50 TO 4,999 KW - INTERVAL METERED","April",null,null,null,null,null,null,"Monthly Distribution Wheeling Service Rate - Waterloo North Hydro",null,null,null,null,null,null,null,null,null,null,null,null,null,"DLF_Primary_GT_5000kW",null,null,"Request for other billing information","Disposal of Concrete Poles",null,null,null,null,null,null,null,null,null,null,"Halton Hills Hydro Inc.","Fort Albany Power Corporation",null,"GENERAL SERVICE 50 TO 4,999 KW (COGENERATION)","kW"]
["GENERAL SERVICE 50 TO 4,999 KW - TIME OF USE","May",null,null,null,null,null,null,"Rate Rider for Application of Tax Change - effective until April 30, 2015",null,null,null,null,null,null,null,null,null,null,null,null,null,"TLF_Secondary_LT_5000kW",null,null,"Returned cheque (plus bank charges)","Dispute Test – Commercial TT -- MC",null,null,null,null,null,null,null,null,null,null,"Hearst Power Distribution Company Limited","Fort Frances Power Corporation",null,"GENERAL SERVICE 50 TO 4,999 KW (FORMERLY TIME OF USE)","kW"]
["GENERAL SERVICE 50 TO 4,999 KW (COGENERATION)","June",null,null,null,null,null,null,"Rate Rider for Application of Tax Change - effective until December 31, 2014",null,null,null,null,null,null,null,null,null,null,null,null,null,"TLF_Secondary_GT_5000kW",null,null,"Returned cheque charge (plus bank charges)","Install/Remove load control device – after regular hours",null,null,null,null,null,null,null,null,null,null,"Horizon Utilities Corporation","Greater Sudbury Hydro Inc.",null,"GENERAL SERVICE 50 TO 4,999 KW","kW"]
["GENERAL SERVICE 50 TO 4,999 KW (FORMERLY TIME OF USE)","July",null,null,null,null,null,null,"Rate Rider for Application of Tax Change (2014) - effective until April 30, 2015",null,null,null,null,null,null,null,null,null,null,null,null,null,"TLF_Primary_LT_5000kW",null,null,"Special Billing Service (aggregation)","Install/Remove load control device – during regular hours",null,null,null,null,null,null,null,null,null,null,"Hydro 2000 Inc.","Grimsby Power Inc.",null,"GENERAL SERVICE 50 TO 499 KW","kW"]
["GENERAL SERVICE 50 TO 499 KW","August",null,null,null,null,null,null,"Rate Rider for Application of Tax Change (per connection) - effective until April 30, 2015",null,null,null,null,null,null,null,null,null,null,null,null,null,"TLF_Primary_GT_5000kW",null,null,"Special Billing Service (sub-metering charge per meter)","Interval Meter Interrogation",null,null,null,null,null,null,null,null,null,null,"Hydro Hawkesbury Inc.","Guelph Hydro Electric Systems Inc.",null,"GENERAL SERVICE 50 TO 699 KW","kW"]
["GENERAL SERVICE 50 TO 699 KW","September",null,null,null,null,null,null,"Rate Rider for CGAAP Accounting Changes (2013) - effective until April 30, 2017",null,null,null,null,null,null,null,null,null,null,null,null,null,"TLF_EmbeddedDistributor",null,null,"Special meter reads","Interval Meter Load Management Tool Charge $/month",null,null,null,null,null,null,null,null,null,null,"Hydro One Brampton Networks Inc.","Haldimand County Hydro Inc.",null,"GENERAL SERVICE 50 TO 999 KW - INTERVAL METERED","kW"]
["GENERAL SERVICE 50 TO 999 KW","October",null,null,null,null,null,null,"Rate Rider for Deferral/Variance Account (2012) - effective unitl April 30, 2016",null,null,null,null,null,null,null,null,null,null,null,null,null,null,null,null,"Statement of Account","Interval meter request change",null,null,null,null,null,null,null,null,null,null,"Hydro One Networks Inc.","Halton Hills Hydro Inc.",null,"GENERAL SERVICE 50 TO 999 KW","kW"]
["GENERAL SERVICE 50 TO 999 KW - INTERVAL METERED","November",null,null,null,null,null,null,"Rate Rider for Deferral/Variance Account Disposition – effective until April 30, 2015",null,null,null,null,null,null,null,null,null,null,null,null,null,null,null,null,"Unprocessed Payment Charge (plus bank charges)","Late Payment – per annum",null,null,null,null,null,null,null,null,null,null,"Hydro Ottawa Limited","Hearst Power Distribution Company Limited",null,"GENERAL SERVICE 500 TO 4,999 KW","kW"]
["GENERAL SERVICE 500 TO 4,999 KW","December",null,null,null,null,null,null,"Rate Rider for Deferral/Variance Account Disposition (2012) - effective until April 30, 2016",null,null,null,null,null,null,null,null,null,null,null,null,null,null,null,null,null,"Late Payment – per month",null,null,null,null,null,null,null,null,null,null,"Innisfil Hydro Distribution Systems Limited","Horizon Utilities Corporation",null,"GENERAL SERVICE 700 TO 4,999 KW","kW"]
["GENERAL SERVICE 700 TO 4,999 KW",null,null,null,null,null,null,null,"Rate Rider for Deferral/Variance Account Disposition (2013) - effective until April 30, 2014",null,null,null,null,null,null,null,null,null,null,null,null,null,null,null,null,null,"Layout fees",null,null,null,null,null,null,null,null,null,null,"Kashechewan Power Corporation","Hydro 2000 Inc.",null,"GENERAL SERVICE DEMAND BILLED (50 KW AND ABOVE) [GSD]","kW"]
["GENERAL SERVICE DEMAND BILLED (50 KW AND ABOVE) [GSD]",null,null,null,null,null,null,null,"Rate Rider for Deferral/Variance Account Disposition (2014) - effective until April 28, 2016",null,null,null,null,null,null,null,null,null,null,null,null,null,null,null,null,null,"Meter dispute charge plus Measurement Canada fees (if meter found correct)",null,null,null,null,null,null,null,null,null,null,"Kenora Hydro Electric Corporation Ltd.","Hydro Hawkesbury Inc.",null,"GENERAL SERVICE ENERGY BILLED (LESS THAN 50 KW) [GSE-METERED]","kWh"]
["GENERAL SERVICE ENERGY BILLED (LESS THAN 50 KW) [GSE-METERED]",null,null,null,null,null,null,null,"Rate Rider for Deferral/Variance Account Disposition (2014) - effective until April 30, 2015",null,null,null,null,null,null,null,null,null,null,null,null,null,null,null,null,null,"Meter Interrogation Charge",null,null,null,null,null,null,null,null,null,null,"Kingston Hydro Corporation","Hydro One Brampton Networks Inc.",null,"GENERAL SERVICE ENERGY BILLED (LESS THAN TO 50 KW) [GSE-UNMETERED]","kWh"]
["GENERAL SERVICE ENERGY BILLED (LESS THAN TO 50 KW) [GSE-UNMETERED]",null,null,null,null,null,null,null,"Rate Rider for Deferral/Variance Account Disposition (2014) - effective until Decembeer 31, 2015",null,null,null,null,null,null,null,null,null,null,null,null,null,null,null,null,null,"Missed Service Appointment",null,null,null,null,null,null,null,null,null,null,"Kitchener-Wilmot Hydro Inc.","Hydro One Networks Inc.",null,"GENERAL SERVICE EQUAL TO OR GREATER THAN 1,500 KW - INTERVAL METERED","kW"]
["GENERAL SERVICE EQUAL TO OR GREATER THAN 1,500 KW",null,null,null,null,null,null,null,"Rate Rider for Deferral/Variance Account Disposition (2014) - effective until December 30, 2015",null,null,null,null,null,null,null,null,null,null,null,null,null,null,null,null,null,"Norfolk Pole Rentals – Billed",null,null,null,null,null,null,null,null,null,null,"Lakefront Utilities Inc.","Hydro Ottawa Limited",null,"GENERAL SERVICE EQUAL TO OR GREATER THAN 1,500 KW","kW"]
["GENERAL SERVICE EQUAL TO OR GREATER THAN 1,500 KW - INTERVAL METERED",null,null,null,null,null,null,null,"Rate Rider for Deferral/Variance Account Disposition (2014) - effective until December 31, 2014",null,null,null,null,null,null,null,null,null,null,null,null,null,null,null,null,null,"Optional Interval/TOU Meter charge $/month",null,null,null,null,null,null,null,null,null,null,"Lakeland Power Distribution Ltd.","Innisfil Hydro Distribution Systems Limited",null,"GENERAL SERVICE GREATER THAN 1,000 KW","kW"]
["GENERAL SERVICE GREATER THAN 1,000 KW",null,null,null,null,null,null,null,"Rate Rider for Deferral/Variance Account Disposition (2014) - effective until December 31, 2015",null,null,null,null,null,null,null,null,null,null,null,null,null,null,null,null,null,"Overtime Locate",null,null,null,null,null,null,null,null,null,null,"London Hydro Inc.","Kashechewan Power Corporation",null,"GENERAL SERVICE INTERMEDIATE 1,000 TO 4,999 KW","kW"]
["GENERAL SERVICE GREATER THAN 50 kW - WMP",null,null,null,null,null,null,null,"Rate Rider for Deferral/Variance Account Dispositon (2012) - effective until April 30, 2016",null,null,null,null,null,null,null,null,null,null,null,null,null,null,null,null,null,"Owner Requested Disconnection/Reconnection – after regular hours",null,null,null,null,null,null,null,null,null,null,"Midland Power Utility Corporation","Kenora Hydro Electric Corporation Ltd.",null,"GENERAL SERVICE INTERMEDIATE RATE CLASS 1,000 TO 4,999 KW (FORMERLY GENERAL SERVICE > 50 KW CUSTOMERS)","kW"]
["GENERAL SERVICE INTERMEDIATE 1,000 TO 4,999 KW",null,null,null,null,null,null,null,"Rate Rider for Disposition of Accounting Changes Under CGAAP Account 1576 - effective until April 30, 2016",null,null,null,null,null,null,null,null,null,null,null,null,null,null,null,null,null,"Owner Requested Disconnection/Reconnection – during regular hours",null,null,null,null,null,null,null,null,null,null,"Milton Hydro Distribution inc.","Kingston Hydro Corporation",null,"GENERAL SERVICE INTERMEDIATE RATE CLASS 1,000 TO 4,999 KW (FORMERLY LARGE USE CUSTOMERS)","kW"]
["GENERAL SERVICE INTERMEDIATE RATE CLASS 1,000 TO 4,999 KW (FORMERLY GENERAL SERVICE > 50 KW CUSTOMERS)",null,null,null,null,null,null,null,"Rate Rider for Disposition of Deferral/Variance Accounts (2010) - effective until December 31, 2014",null,null,null,null,null,null,null,null,null,null,null,null,null,null,null,null,null,"Returned cheque (plus bank charges)",null,null,null,null,null,null,null,null,null,null,"Newmarket - Tay Power Distribution Ltd.","Kitchener-Wilmot Hydro Inc.",null,"GENERAL SERVICE LESS THAN 50 KW - SINGLE PHASE ENERGY-BILLED [G1]","kWh"]
["GENERAL SERVICE INTERMEDIATE RATE CLASS 1,000 TO 4,999 KW (FORMERLY LARGE USE CUSTOMERS)",null,null,null,null,null,null,null,"Rate Rider for Disposition of Deferral/Variance Accounts (2011) - effective until April 30, 2015",null,null,null,null,null,null,null,null,null,null,null,null,null,null,null,null,null,"Rural system expansion / line connection fee",null,null,null,null,null,null,null,null,null,null,"Niagara Peninsula Energy Inc.","Lakefront Utilities Inc.",null,"GENERAL SERVICE LESS THAN 50 KW - THREE PHASE ENERGY-BILLED [G3]","kWh"]
["GENERAL SERVICE LESS THAN 50 KW",null,null,null,null,null,null,null,"Rate Rider for Disposition of Deferral/Variance Accounts (2011) - effective until April 30, 2016",null,null,null,null,null,null,null,null,null,null,null,null,null,null,null,null,null,"Same Day Open Trench",null,null,null,null,null,null,null,null,null,null,"Niagara-on-the-Lake Hydro Inc.","Lakeland Power Distribution Ltd.",null,"GENERAL SERVICE LESS THAN 50 KW - TRANSMISSION CLASS ENERGY-BILLED [T]","kWh"]
["GENERAL SERVICE LESS THAN 50 KW - SINGLE PHASE ENERGY-BILLED [G1]",null,null,null,null,null,null,null,"Rate Rider for Disposition of Deferral/Variance Accounts (2012) - effective until April 30, 2014",null,null,null,null,null,null,null,null,null,null,null,null,null,null,null,null,null,"Scheduled Day Open Trench",null,null,null,null,null,null,null,null,null,null,"Norfolk Power Distribution Inc.","London Hydro Inc.",null,"GENERAL SERVICE LESS THAN 50 KW - URBAN ENERGY-BILLED [UG]","kWh"]
["GENERAL SERVICE LESS THAN 50 KW - THREE PHASE ENERGY-BILLED [G3]",null,null,null,null,null,null,null,"Rate Rider for Disposition of Deferral/Variance Accounts (2012) - effective until April 30, 2015",null,null,null,null,null,null,null,null,null,null,null,null,null,null,null,null,null,"Service call – after regular hours",null,null,null,null,null,null,null,null,null,null,"North Bay Hydro Distribution Limited","Midland Power Utility Corporation",null,"GENERAL SERVICE LESS THAN 50 KW","kWh"]
["GENERAL SERVICE LESS THAN 50 KW - TRANSMISSION CLASS ENERGY-BILLED [T]",null,null,null,null,null,null,null,"Rate Rider for Disposition of Deferral/Variance Accounts (2012) - effective until April 30, 2016",null,null,null,null,null,null,null,null,null,null,null,null,null,null,null,null,null,"Service call – customer owned equipment",null,null,null,null,null,null,null,null,null,null,"Northern Ontario Wires Inc.","Milton Hydro Distribution inc.",null,"GENERAL SERVICE SINGLE PHASE - G1","kW"]
["GENERAL SERVICE LESS THAN 50 KW - URBAN ENERGY-BILLED [UG]",null,null,null,null,null,null,null,"Rate Rider for Disposition of Deferral/Variance Accounts (2012) - effective until August 31, 2014",null,null,null,null,null,null,null,null,null,null,null,null,null,null,null,null,null,"Service Call – Customer-owned Equipment – After Regular Hours",null,null,null,null,null,null,null,null,null,null,"Oakville Hydro Electricity Distribution Inc.","Newmarket - Tay Power Distribution Ltd. - Newmarket",null,"GENERAL SERVICE THREE PHASE - G3","kW"]
["GENERAL SERVICE SINGLE PHASE - G1",null,null,null,null,null,null,null,"Rate Rider for Disposition of Deferral/Variance Accounts (2012) - effective until December 31, 2015",null,null,null,null,null,null,null,null,null,null,null,null,null,null,null,null,null,"Service Call – Customer-owned Equipment – During Regular Hours",null,null,null,null,null,null,null,null,null,null,"Orangeville Hydro Limited","Newmarket - Tay Power Distribution Ltd. - Tay",null,"INTERMEDIATE USERS","kW"]
["GENERAL SERVICE THREE PHASE - G3",null,null,null,null,null,null,null,"Rate Rider for Disposition of Deferral/Variance Accounts (2012) - effective until December 31, 2016 Applicable only in the former service area of Clinton Power",null,null,null,null,null,null,null,null,null,null,null,null,null,null,null,null,null,"Service Charge for onsite interrogation of interval meter due to customer phone line failure - required weekly until line repaired $ 6",null,null,null,null,null,null,null,null,null,null,"Orillia Power Distribution Corporation","Niagara Peninsula Energy Inc. - Niagara Falls",null,"INTERMEDIATE WITH SELF GENERATION","kW"]
["INTERMEDIATE USERS",null,null,null,null,null,null,null,"Rate Rider for Disposition of Deferral/Variance Accounts (2012) – effective until December 31, 2016 Applicable only in the former service area of Clinton Power",null,null,null,null,null,null,null,null,null,null,null,null,null,null,null,null,null,"Service Layout - Commercial",null,null,null,null,null,null,null,null,null,null,"Oshawa PUC Networks Inc.","Niagara Peninsula Energy Inc. - Peninsula West",null,"LARGE USE - 3TS","kW"]
["INTERMEDIATE WITH SELF GENERATION",null,null,null,null,null,null,null,"Rate Rider for Disposition of Deferral/Variance Accounts (2012) - effective until January 31, 2014",null,null,null,null,null,null,null,null,null,null,null,null,null,null,null,null,null,"Service Layout - ResidentiaI",null,null,null,null,null,null,null,null,null,null,"Ottawa River Power Corporation","Niagara-on-the-Lake Hydro Inc.",null,"LARGE USE - FORD ANNEX","kW"]
["LARGE USE",null,null,null,null,null,null,null,"Rate Rider for Disposition of Deferral/Variance Accounts (2012) - effective until June 30, 2014",null,null,null,null,null,null,null,null,null,null,null,null,null,null,null,null,null,"Special Billing Service (sub-metering charge per meter)",null,null,null,null,null,null,null,null,null,null,"Parry Sound Power Corporation","Norfolk Power Distribution Inc.",null,"LARGE USE - REGULAR","kW"]
["LARGE USE - 3TS",null,null,null,null,null,null,null,"Rate Rider for Disposition of Deferral/Variance Accounts (2013) - Applicable only to Wholesale Market Participants - effective until April 30, 2015",null,null,null,null,null,null,null,null,null,null,null,null,null,null,null,null,null,"Special meter reads",null,null,null,null,null,null,null,null,null,null,"Peterborough Distribution Incorporated","North Bay Hydro Distribution Limited",null,"LARGE USE > 5000 KW","kW"]
["LARGE USE - FORD ANNEX",null,null,null,null,null,null,null,"Rate Rider for Disposition of Deferral/Variance Accounts (2013) - effective until April 30, 2014",null,null,null,null,null,null,null,null,null,null,null,null,null,null,null,null,null,"Specific Charge for Access to the Power Poles - $/pole/year",null,null,null,null,null,null,null,null,null,null,"PowerStream Inc.","Northern Ontario Wires Inc.",null,"LARGE USE","kW"]
["LARGE USE - REGULAR",null,null,null,null,null,null,null,"Rate Rider for Disposition of Deferral/Variance Accounts (2013) - effective until April 30, 2015",null,null,null,null,null,null,null,null,null,null,null,null,null,null,null,null,null,"Specific Charge for Bell Canada Access to the Power Poles – per pole/year",null,null,null,null,null,null,null,null,null,null,"PUC Distribution Inc.","Oakville Hydro Electricity Distribution Inc.",null,"microFIT","$"]
["LARGE USE > 5000 KW",null,null,null,null,null,null,null,"Rate Rider for Disposition of Deferral/Variance Accounts (2013) - effective until April 30, 2015, not applicable to Wholesale Market Participants",null,null,null,null,null,null,null,null,null,null,null,null,null,null,null,null,null,"Switching for company maintenance – Charge based on Time and Materials",null,null,null,null,null,null,null,null,null,null,"Renfrew Hydro Inc.","Orangeville Hydro Limited",null,"RESIDENTIAL - HENSALL","kWh"]
["microFIT",null,null,null,null,null,null,null,"Rate Rider for Disposition of Deferral/Variance Accounts (2013) - effective until April 30, 2017",null,null,null,null,null,null,null,null,null,null,null,null,null,null,null,null,null,"Temporary Service – Install & remove – overhead – no transformer",null,null,null,null,null,null,null,null,null,null,"Rideau St. Lawrence Distribution Inc.","Orillia Power Distribution Corporation",null,"RESIDENTIAL - HIGH DENSITY [R1]","kWh"]
["RESIDENTIAL",null,null,null,null,null,null,null,"Rate Rider for Disposition of Deferral/Variance Accounts (2013) - effective until August 31, 2014",null,null,null,null,null,null,null,null,null,null,null,null,null,null,null,null,null,"Temporary Service – Install & remove – overhead – with transformer",null,null,null,null,null,null,null,null,null,null,"Sioux Lookout Hydro Inc.","Oshawa PUC Networks Inc.",null,"RESIDENTIAL - LOW DENSITY [R2]","kWh"]
["RESIDENTIAL - HENSALL",null,null,null,null,null,null,null,"Rate Rider for Disposition of Deferral/Variance Accounts (2013) - effective until December 31, 2014",null,null,null,null,null,null,null,null,null,null,null,null,null,null,null,null,null,"Temporary Service – Install & remove – underground – no transformer",null,null,null,null,null,null,null,null,null,null,"St. Thomas Energy Inc.","Ottawa River Power Corporation",null,"RESIDENTIAL - MEDIUM DENSITY [R1]","kWh"]
["RESIDENTIAL - HIGH DENSITY [R1]",null,null,null,null,null,null,null,"Rate Rider for Disposition of Deferral/Variance Accounts (2013) - effective until May 31, 2014",null,null,null,null,null,null,null,null,null,null,null,null,null,null,null,null,null,"Temporary service install & remove – overhead – no transformer",null,null,null,null,null,null,null,null,null,null,"Thunder Bay Hydro Electricity Distribution Inc.","Parry Sound Power Corporation",null,"RESIDENTIAL - NORMAL DENSITY [R2]","kWh"]
["RESIDENTIAL - LOW DENSITY [R2]",null,null,null,null,null,null,null,"Rate Rider for Disposition of Deferred PILs Variance Account 1562 - effective until March 31, 2016",null,null,null,null,null,null,null,null,null,null,null,null,null,null,null,null,null,"Temporary Service Install & Remove – Overhead – With Transformer",null,null,null,null,null,null,null,null,null,null,"Tillsonburg Hydro Inc.","Peterborough Distribution Incorporated",null,"RESIDENTIAL - TIME OF USE","kWh"]
["RESIDENTIAL - MEDIUM DENSITY [R1]",null,null,null,null,null,null,null,"Rate Rider for Disposition of Deferred PILs Variance Account 1562 (2012) - effective until April 30, 2015",null,null,null,null,null,null,null,null,null,null,null,null,null,null,null,null,null,"Temporary Service Install & Remove – Underground – No Transformer",null,null,null,null,null,null,null,null,null,null,"Toronto Hydro-Electric System Limited","PowerStream Inc. - Barrie",null,"RESIDENTIAL - URBAN [UR]","kWh"]
["RESIDENTIAL - NORMAL DENSITY [R2]",null,null,null,null,null,null,null,"Rate Rider for Disposition of Deferred PILs Variance Account 1562 (2012) - effective until April 30, 2016",null,null,null,null,null,null,null,null,null,null,null,null,null,null,null,null,null,"Temporary service installation and removal – overhead – no transformer",null,null,null,null,null,null,null,null,null,null,"Veridian Connections Inc.","PowerStream Inc. - South",null,"RESIDENTIAL REGULAR","kWh"]
["RESIDENTIAL - TIME OF USE",null,null,null,null,null,null,null,"Rate Rider for Disposition of Deferred PILs Variance Account 1562 (2nd Installment - 2012) - effective until April 30, 2016",null,null,null,null,null,null,null,null,null,null,null,null,null,null,null,null,null,"Temporary service installation and removal – overhead – with transformer",null,null,null,null,null,null,null,null,null,null,"Wasaga Distribution Inc.","PUC Distribution Inc.",null,"RESIDENTIAL","kWh"]
["RESIDENTIAL - URBAN [UR]",null,null,null,null,null,null,null,"Rate Rider for Disposition of Deferred PILs Variance Account 1562 (per connection) (2012) - effective until April 30, 2015",null,null,null,null,null,null,null,null,null,null,null,null,null,null,null,null,null,"Temporary service installation and removal – underground – no transformer",null,null,null,null,null,null,null,null,null,null,"Waterloo North Hydro Inc.","Renfrew Hydro Inc.",null,"RESIDENTIAL SUBURBAN SEASONAL","kWh"]
["RESIDENTIAL REGULAR",null,null,null,null,null,null,null,"Rate Rider for Disposition of Deferred PILs Variance Account 1562 (per connection) (2012) - effective until April 30, 2016",null,null,null,null,null,null,null,null,null,null,null,null,null,null,null,null,null,null,null,null,null,null,null,null,null,null,null,null,"Welland Hydro-Electric System Corp.","Rideau St. Lawrence Distribution Inc.",null,"RESIDENTIAL SUBURBAN","kWh"]
["RESIDENTIAL SUBURBAN",null,null,null,null,null,null,null,"Rate Rider for Disposition of Global Adjustment Sub-Account (2011) - effective until April 30, 2015 Applicable only for Non-RPP Customers",null,null,null,null,null,null,null,null,null,null,null,null,null,null,null,null,null,null,null,null,null,null,null,null,null,null,null,null,"Wellington North Power Inc.","Sioux Lookout Hydro Inc.",null,"RESIDENTIAL SUBURBAN YEAR ROUND","kWh"]
["RESIDENTIAL SUBURBAN SEASONAL",null,null,null,null,null,null,null,"Rate Rider for Disposition of Global Adjustment Sub-Account (2011) - effective until April 30, 2016 Applicable only for Non-RPP Customers",null,null,null,null,null,null,null,null,null,null,null,null,null,null,null,null,null,null,null,null,null,null,null,null,null,null,null,null,"West Coast Huron Energy Inc.","St. Thomas Energy Inc.",null,"RESIDENTIAL URBAN","kWh"]
["RESIDENTIAL SUBURBAN YEAR ROUND",null,null,null,null,null,null,null,"Rate Rider for Disposition of Global Adjustment Sub-Account (2012) - effective until April 30, 2014 Applicable only for Non-RPP Customers",null,null,null,null,null,null,null,null,null,null,null,null,null,null,null,null,null,null,null,null,null,null,null,null,null,null,null,null,"West Perth Power Inc.","Thunder Bay Hydro Electricity Distribution Inc.",null,"RESIDENTIAL URBAN YEAR-ROUND","kWh"]
["RESIDENTIAL URBAN",null,null,null,null,null,null,null,"Rate Rider for Disposition of Global Adjustment Sub-Account (2012) - effective until April 30, 2015 Applicable only for Non-RPP Customers",null,null,null,null,null,null,null,null,null,null,null,null,null,null,null,null,null,null,null,null,null,null,null,null,null,null,null,null,"Westario Power Inc.","Tillsonburg Hydro Inc.",null,"SEASONAL RESIDENTIAL - HIGH DENSITY [R3]","kWh"]
["RESIDENTIAL URBAN YEAR-ROUND",null,null,null,null,null,null,null,"Rate Rider for Disposition of Global Adjustment Sub-Account (2012) - effective until April 30, 2015 Applicatble only for Non-RPP Customers",null,null,null,null,null,null,null,null,null,null,null,null,null,null,null,null,null,null,null,null,null,null,null,null,null,null,null,null,"Whitby Hydro Electric Corporation","Toronto Hydro-Electric System Limited",null,"SEASONAL RESIDENTIAL - NORMAL DENSITY [R4]","kWh"]
["SEASONAL RESIDENTIAL",null,null,null,null,null,null,null,"Rate Rider for Disposition of Global Adjustment Sub-Account (2012) - effective until April 30, 2016 Applicable only for Non-RPP Customers",null,null,null,null,null,null,null,null,null,null,null,null,null,null,null,null,null,null,null,null,null,null,null,null,null,null,null,null,"Woodstock Hydro Services Inc.","Veridian Connections Inc.",null,"SEASONAL RESIDENTIAL","kWh"]
["SEASONAL RESIDENTIAL - HIGH DENSITY [R3]",null,null,null,null,null,null,null,"Rate Rider for Disposition of Global Adjustment Sub-Account (2012) - effective until January 31, 2014. Applicable only for Non-RPP Customers",null,null,null,null,null,null,null,null,null,null,null,null,null,null,null,null,null,null,null,null,null,null,null,null,null,null,null,null,null,"Veridian Connections Inc. - Gravenhurst",null,"SENTINEL LIGHTING","kW"]
["SEASONAL RESIDENTIAL - NORMAL DENSITY [R4]",null,null,null,null,null,null,null,"Rate Rider for Disposition of Global Adjustment Sub-Account (2012) - effective until June 30, 2014 Applicable only for Non-RPP Customers",null,null,null,null,null,null,null,null,null,null,null,null,null,null,null,null,null,null,null,null,null,null,null,null,null,null,null,null,null,"Wasaga Distribution Inc.",null,"SMALL COMMERCIAL AND USL - PER CONNECTION","kW"]
["SENTINEL LIGHTING",null,null,null,null,null,null,null,"Rate Rider for Disposition of Global Adjustment Sub-Account (2012) Applicable only for Non-RPP Customers - effective until August 31, 2014",null,null,null,null,null,null,null,null,null,null,null,null,null,null,null,null,null,null,null,null,null,null,null,null,null,null,null,null,null,"Waterloo North Hydro Inc.",null,"SMALL COMMERCIAL AND USL - PER METER","kW"]
["SMALL COMMERCIAL AND USL - PER CONNECTION",null,null,null,null,null,null,null,"Rate Rider for Disposition of Global Adjustment Sub-Account (2012) Applicable only to Non-RPP Customers - effective until August 31, 2014",null,null,null,null,null,null,null,null,null,null,null,null,null,null,null,null,null,null,null,null,null,null,null,null,null,null,null,null,null,"Welland Hydro-Electric System Corp.",null,"STANDARD A GENERAL SERVICE AIR ACCESS","kW"]
["SMALL COMMERCIAL AND USL - PER METER",null,null,null,null,null,null,null,"Rate Rider for Disposition of Global Adjustment Sub-Account (2013) - effective until April 30, 2014 Applicable only for Non-RPP Customers",null,null,null,null,null,null,null,null,null,null,null,null,null,null,null,null,null,null,null,null,null,null,null,null,null,null,null,null,null,"Wellington North Power Inc.",null,"STANDARD A GENERAL SERVICE ROAD/RAIL","kW"]
["STANDARD A GENERAL SERVICE AIR ACCESS",null,null,null,null,null,null,null,"Rate Rider for Disposition of Global Adjustment Sub-Account (2013) - effective until April 30, 2015 Applicable only for Non-RPP Customers",null,null,null,null,null,null,null,null,null,null,null,null,null,null,null,null,null,null,null,null,null,null,null,null,null,null,null,null,null,"West Coast Huron Energy Inc.",null,"STANDARD A RESIDENTIAL AIR ACCESS","kW"]
["STANDARD A GENERAL SERVICE ROAD/RAIL",null,null,null,null,null,null,null,"Rate Rider for Disposition of Global Adjustment Sub-Account (2013) - effective until April 30, 2015 Applicable only for Non-RPP Customers and excluding Wholesale Market Participants",null,null,null,null,null,null,null,null,null,null,null,null,null,null,null,null,null,null,null,null,null,null,null,null,null,null,null,null,null,"West Perth Power Inc.",null,"STANDARD A RESIDENTIAL ROAD/RAIL","kW"]
["STANDARD A GRID CONNECTED",null,null,null,null,null,null,null,"Rate Rider for Disposition of Global Adjustment Sub-Account (2013) - effective until April 30, 2017 Applicable only for Non-RPP Customers",null,null,null,null,null,null,null,null,null,null,null,null,null,null,null,null,null,null,null,null,null,null,null,null,null,null,null,null,null,"Westario Power Inc.",null,"STANDBY - GENERAL SERVICE 1,000 - 5,000 KW","kW"]
["STANDARD A RESIDENTIAL AIR ACCESS",null,null,null,null,null,null,null,"Rate Rider For Disposition of Global Adjustment Sub-Account (2013) - effective until August 31, 2014 Applicable only for Non-RPP Customers",null,null,null,null,null,null,null,null,null,null,null,null,null,null,null,null,null,null,null,null,null,null,null,null,null,null,null,null,null,"Whitby Hydro Electric Corporation",null,"STANDBY - GENERAL SERVICE 50 - 1,000 KW","kW"]
["STANDARD A RESIDENTIAL ROAD/RAIL",null,null,null,null,null,null,null,"Rate Rider for Disposition of Global Adjustment Sub-Account (2013) - effective until December 31, 2014 Applicable only for Non-RPP Customers",null,null,null,null,null,null,null,null,null,null,null,null,null,null,null,null,null,null,null,null,null,null,null,null,null,null,null,null,null,"Woodstock Hydro Services Inc.",null,"STANDBY - LARGE USE","kW"]
["STANDBY - GENERAL SERVICE 1,000 - 5,000 KW",null,null,null,null,null,null,null,"Rate Rider for Disposition of Global Adjustment Sub-Account (2013) - effective until May 31, 2014 Applicable only for Non-RPP Customers",null,null,null,null,null,null,null,null,null,null,null,null,null,null,null,null,null,null,null,null,null,null,null,null,null,null,null,null,null,null,null,"STANDBY DISTRIBUTION SERVICE","kW"]
["STANDBY - GENERAL SERVICE 50 - 1,000 KW",null,null,null,null,null,null,null,"Rate Rider for Disposition of Global Adjustment Sub-Account (2014) - effective until December 31, 2014. Applicable only for Non-RPP - Class B Customers",null,null,null,null,null,null,null,null,null,null,null,null,null,null,null,null,null,null,null,null,null,null,null,null,null,null,null,null,null,null,null,"STANDBY POWER - APPROVED ON AN INTERIM BASIS","kW"]
["STANDBY - LARGE USE",null,null,null,null,null,null,null,"Rate Rider for Disposition of Global Adjustment Sub-Account (2014) - effective until December 31, 2014. Applicable only for Non-RPP Customers",null,null,null,null,null,null,null,null,null,null,null,null,null,null,null,null,null,null,null,null,null,null,null,null,null,null,null,null,null,null,null,"STANDBY POWER GENERAL SERVICE 1,500 TO 4,999 KW","kW"]
["STANDBY DISTRIBUTION SERVICE",null,null,null,null,null,null,null,"Rate Rider for Disposition of Global Adjustment Sub-Account (2014) - effective until December 31, 2014. Applicable only for Non-RPP Customers - Class A Customers",null,null,null,null,null,null,null,null,null,null,null,null,null,null,null,null,null,null,null,null,null,null,null,null,null,null,null,null,null,null,null,"STANDBY POWER GENERAL SERVICE 50 TO 1,499 KW","kW"]
["STANDBY POWER",null,null,null,null,null,null,null,"Rate Rider for Disposition of Global Adjustment Sub-Account (2014) - effective until December 31, 2014. Applicable only for Non-RPP Customers - Interval Metered",null,null,null,null,null,null,null,null,null,null,null,null,null,null,null,null,null,null,null,null,null,null,null,null,null,null,null,null,null,null,null,"STANDBY POWER GENERAL SERVICE LARGE USE","kW"]
["STANDBY POWER - APPROVED ON AN INTERIM BASIS",null,null,null,null,null,null,null,"Rate Rider for Disposition of Global Adjustment Sub-Account (2014) - effective until December 31, 2014. Applicable only for Non-RPP Customers - Non Interval Metered",null,null,null,null,null,null,null,null,null,null,null,null,null,null,null,null,null,null,null,null,null,null,null,null,null,null,null,null,null,null,null,"STANDBY POWER","kW"]
["STANDBY POWER GENERAL SERVICE 1,500 TO 4,999 KW",null,null,null,null,null,null,null,"Rate Rider for Disposition of Post Retirement Actuarial Gain - effective until March 31, 2025",null,null,null,null,null,null,null,null,null,null,null,null,null,null,null,null,null,null,null,null,null,null,null,null,null,null,null,null,null,null,null,"STREET LIGHTING","kWh"]
["STANDBY POWER GENERAL SERVICE 50 TO 1,499 KW",null,null,null,null,null,null,null,"Rate Rider for Disposition of Residual Hisotrical Smart Meter Costs - effective until April 30, 2015",null,null,null,null,null,null,null,null,null,null,null,null,null,null,null,null,null,null,null,null,null,null,null,null,null,null,null,null,null,null,null,"SUB TRANSMISSION [ST]","kW"]
["STANDBY POWER GENERAL SERVICE LARGE USE",null,null,null,null,null,null,null,"Rate Rider for Disposition of Residual Hisotrical Smart Meter Costs - effective until April 30, 2017",null,null,null,null,null,null,null,null,null,null,null,null,null,null,null,null,null,null,null,null,null,null,null,null,null,null,null,null,null,null,null,"UNMETERED SCATTERED LOAD","kWh"]
["STREET LIGHTING",null,null,null,null,null,null,null,"Rate Rider for Disposition of Residual Historical Smart Meter Costs - effective until April 30, 2014",null,null,null,null,null,null,null,null,null,null,null,null,null,null,null,null,null,null,null,null,null,null,null,null,null,null,null,null,null,null,null,"URBAN GENERAL SERVICE DEMAND BILLED (50 KW AND ABOVE) [UGD]","kW"]
["SUB TRANSMISSION [ST]",null,null,null,null,null,null,null,"Rate Rider for Disposition of Residual Historical Smart Meter Costs - effective until April 30, 2016",null,null,null,null,null,null,null,null,null,null,null,null,null,null,null,null,null,null,null,null,null,null,null,null,null,null,null,null,null,null,null,"URBAN GENERAL SERVICE ENERGY BILLED (LESS THAN 50 KW) [UGE]","kWh"]
["UNMETERED SCATTERED LOAD",null,null,null,null,null,null,null,"Rate Rider for Disposition of Residual Historical Smart Meter Costs - effective until August 31, 2014",null,null,null,null,null,null,null,null,null,null,null,null,null,null,null,null,null,null,null,null,null,null,null,null,null,null,null,null,null,null,null,"WESTPORT SEWAGE TREATMENT PLANT","kW"]
["URBAN GENERAL SERVICE DEMAND BILLED (50 KW AND ABOVE) [UGD]",null,null,null,null,null,null,null,"Rate Rider for Disposition of Residual Historical Smart Meter Costs - effective until August 31, 2015",null,null,null,null,null,null,null,null,null,null,null,null,null,null,null,null,null,null,null,null,null,null,null,null,null,null,null,null,null,null,null,"YEAR-ROUND RESIDENTIAL - R2","kWh"]
["URBAN GENERAL SERVICE ENERGY BILLED (LESS THAN 50 KW) [UGE]",null,null,null,null,null,null,null,"Rate Rider for Disposition of Residual Historical Smart Meter Costs - effective until December 31, 2014"]
["WESTPORT SEWAGE TREATMENT PLANT",null,null,null,null,null,null,null,"Rate Rider for Disposition of Residual Historical Smart Meter Costs – effective until December 31, 2014"]
["YEAR-ROUND RESIDENTIAL - R2",null,null,null,null,null,null,null,"Rate Rider for Disposition of Residual Historical Smart Meter Costs - effective until December 31, 2015"]
[null,null,null,null,null,null,null,null,"Rate Rider for Disposition of Residual Historical Smart Meter Costs - effective until December 31, 2016"]
[null,null,null,null,null,null,null,null,"Rate Rider for Disposition of Residual Historical Smart Meter Costs - effective until October 31, 2014"]
[null,null,null,null,null,null,null,null,"Rate Rider for Disposition of Residual Historical Smart Meter Costs - effective until September 30, 2014"]
[null,null,null,null,null,null,null,null,"Rate Rider for Disposition of Residual Historical Smart Meter Costs - Non-Interval Metered \n - effective until April 30, 2014"]
[null,null,null,null,null,null,null,null,"Rate Rider for Disposition of Residual Historical Smart Meter Costs 2 - in effect until the effective \n date of the next cost of service-based rate order"]
[null,null,null,null,null,null,null,null,"Rate Rider for Disposition of Residual Historical Smart Meter Costs 3 - in effect until the effective \n date of the next cost of service-based rate order"]
[null,null,null,null,null,null,null,null,"Rate Rider for Disposition of Residual Incremental Historical Smart Meter Costs - \n effective until August 31, 2015"]
[null,null,null,null,null,null,null,null,"Rate Rider for Disposition of Stranded Meter costs - effective until April 30, 2015"]
[null,null,null,null,null,null,null,null,"Rate Rider for Disposition of Stranded Meter Costs - effective until April 30, 2016"]
[null,null,null,null,null,null,null,null,"Rate Rider for Disposition of Stranded Meter Costs - effective until April 30, 2017"]
[null,null,null,null,null,null,null,null,"Rate Rider for Global Adjustment Sub Account Disposition - effective until April 30, 2016 Applicable only for Non RPP Customers"]
[null,null,null,null,null,null,null,null,"Rate Rider for Global Adjustment Sub-Account Disposition \n Applicable only for Non-RPP Customers – effective until April 30, 2015"]
[null,null,null,null,null,null,null,null,"Rate Rider for Global Adjustment Sub-Account Disposition (2014) - effective until April 28, 2016 Applicable only for Non-RPP Customers"]
[null,null,null,null,null,null,null,null,"Rate Rider for Global Adjustment Sub-Account Disposition (2014) - effective until April 30, 2015 Applicable only for Non-RPP Customers"]
[null,null,null,null,null,null,null,null,"Rate Rider for Global Adjustment Sub-Account Disposition (2014) - effective until December 30, 2015 Applicable only for Non-RPP Customers"]
[null,null,null,null,null,null,null,null,"Rate Rider for Global Adjustment Sub-Account Disposition (2014) - effective until December 31, 2014 Applicable only for Non-RPP Customers"]
[null,null,null,null,null,null,null,null,"Rate Rider for Global Adjustment Sub-Account Disposition (2014) - effective until December 31, 2015 Applicable only for Non-RPP Customers"]
[null,null,null,null,null,null,null,null,"Rate Rider for Global Adjustment Sub-Account Disposition (2014) - effective until December, 2015 Applicable only for Non-RPP Customers"]
[null,null,null,null,null,null,null,null,"Rate Rider for Incremental Capital - Distribution Volumetric - effective until April 30, 2016"]
[null,null,null,null,null,null,null,null,"Rate Rider for Incremental Capital - Service Charge - effective until April 30, 2016"]
[null,null,null,null,null,null,null,null,"Rate Rider for Incremental Capital (2012) - effective until April 30, 2015"]
[null,null,null,null,null,null,null,null,"Rate Rider for Lost Revenue Adjustment Mechanism Variance Account (LRAMVA) Recovery \n (2012 CDM Activities) - effective until April 30, 2015"]
[null,null,null,null,null,null,null,null,"Rate Rider for Recover of Residual Historical Smart meter Costs - effective until June 30, 2014"]
[null,null,null,null,null,null,null,null,"Rate Rider for Recovery of CGAAP/CWIP Differential - in effect until December 31, 2016"]
[null,null,null,null,null,null,null,null,"Rate Rider for Recovery of Foregone Revenue - effective until April 30, 2015"]
[null,null,null,null,null,null,null,null,"Rate Rider for Recovery of Forgone Revenue - effective until April 30, 2015"]
[null,null,null,null,null,null,null,null,"Rate Rider for Recovery of Forgone Revenue - effective until December 31, 2014"]
[null,null,null,null,null,null,null,null,"Rate Rider for Recovery of Green Energy Act related costs - effective until December 31, 2014"]
[null,null,null,null,null,null,null,null,"Rate Rider for Recovery of Incremental Capital (2013) - in effect until the effective date of the next cost of service-based rate order"]
[null,null,null,null,null,null,null,null,"Rate Rider for Recovery of Incremental Capital (2013) - in effect until the effective date of the\n next cost of service-based rate order"]
[null,null,null,null,null,null,null,null,"Rate Rider for Recovery of Incremental Capital (2013) (per connection) - in effect until the effective date of \n the next cost of service-based rate order"]
[null,null,null,null,null,null,null,null,"Rate Rider for Recovery of Incremental Capital (2013) (per connection)- in effect until the effective date of the next cost of service-based rate order"]
[null,null,null,null,null,null,null,null,"Rate Rider for Recovery of Incremental Capital Costs"]
[null,null,null,null,null,null,null,null,"Rate Rider for Recovery of Incremental Capital Costs - effective until April 30, 2015"]
[null,null,null,null,null,null,null,null,"Rate Rider for Recovery of Lost Revenue Adjustment Mechanism ( LRAM)/Shared Savings Mechanism (SSM) (2012) - effective until August 31, 2014"]
[null,null,null,null,null,null,null,null,"Rate Rider for Recovery of Lost Revenue Adjustment Mechanism (2013) - effective until December 31, 2014"]
[null,null,null,null,null,null,null,null,"Rate Rider for Recovery of Lost Revenue Adjustment Mechanism (LRAM) - effective until April 30, 2016"]
[null,null,null,null,null,null,null,null,"Rate Rider for Recovery of Lost Revenue Adjustment Mechanism (LRAM) (pre-2011 CDM Activities) - effective until April 30, 2015"]
[null,null,null,null,null,null,null,null,"Rate Rider for Recovery of Lost Revenue Adjustment Mechanism (LRAM) (pre-2011 CDM Activities) (2013) - effective until April 30, 2015"]
[null,null,null,null,null,null,null,null,"Rate Rider for Recovery of Lost Revenue Adjustment Mechanism (LRAM)/Shared Savings"]
[null,null,null,null,null,null,null,null,"Rate Rider for Recovery of Lost Revenue Adjustment Mechanism (LRAM)/Shared Savings Mechanism (SSM) - effective until December 31, 2014 and applicable in the service area excluding the former service area of Clinton Power"]
[null,null,null,null,null,null,null,null,"Rate Rider for Recovery of Lost Revenue Adjustment Mechanism (LRAM)/Shared Savings Mechanism (SSM) - effective until December 31, 2014 and applicable in the service area excluding the former service areas of Clinton Power and West Perth Power"]
[null,null,null,null,null,null,null,null,"Rate Rider for Recovery of Lost Revenue Adjustment Mechanism (LRAM)/Shared Savings Mechanism (SSM) - effective until December 31, 2014 and applicable only in the former service area of Clinton Power"]
[null,null,null,null,null,null,null,null,"Rate Rider for Recovery of Lost Revenue Adjustment Mechanism (LRAM)/Shared Savings Mechanism (SSM) - effective until December 31, 2014 and applicable only in the former service area of West Perth Power"]
[null,null,null,null,null,null,null,null,"Rate Rider for Recovery of Lost Revenue Adjustment Mechanism (LRAM)/Shared Savings Mechanism (SSM) - effective until March 31, 2016"]
[null,null,null,null,null,null,null,null,"Rate Rider for Recovery of Lost Revenue Adjustment Mechanism (LRAM)/Shared Savings Mechanism (SSM) (2012) - effective until August 31, 2014"]
[null,null,null,null,null,null,null,null,"Rate Rider for Recovery of Lost Revenue Adjustment Mechanism (LRAM)/Shared Savings Mechanism (SSM) Recovery - effective until April 30, 2015"]
[null,null,null,null,null,null,null,null,"Rate Rider for Recovery of Lost Revenue Adjustment Mechanism Variance Account (LRAMVA) (2014) - effective until April 30, 2015"]
[null,null,null,null,null,null,null,null,"Rate Rider for Recovery of Residual Historical Smart Meter Costs - effective July 1, 2012 - April 30, 2016"]
[null,null,null,null,null,null,null,null,"Rate Rider for Recovery of Smart Meter Incremental Revenue Requirement - effective until the date of the next cost of service-based rate order"]
[null,null,null,null,null,null,null,null,"Rate Rider for Recovery of Smart Meter Incremental Revenue Requirement - effective until the effective date of the next cost of service-based rate order, or October 31, 2017, whichever occurs earlier"]
[null,null,null,null,null,null,null,null,"Rate Rider for Recovery of Smart Meter Incremental Revenue Requirement - in effect until the effective date of the next cost of service-based rate order"]
[null,null,null,null,null,null,null,null,"Rate Rider for Recovery of Smart Meter Incremental Revenue Requirement - Non-Interval Metered - in effect until the effective date of the next cost of service-based rate order"]
[null,null,null,null,null,null,null,null,"Rate Rider for Recovery of Smart Meter Incremental Revenue Requirements - in effect until the effective date of the next cost of service application"]
[null,null,null,null,null,null,null,null,"Rate Rider for Recovery of Smart Meter Stranded Assets - effective until April 30, 2016"]
[null,null,null,null,null,null,null,null,"Rate Rider for Recovery of Storm Damage Costs - effective until August 31, 2017"]
[null,null,null,null,null,null,null,null,"Rate Rider for Recovery of Stranded Assets - effective until April 30, 2016"]
[null,null,null,null,null,null,null,null,"Rate Rider for Recovery of Stranded Meter Assets - effective July 1, 2012 - April 30, 2016"]
[null,null,null,null,null,null,null,null,"Rate Rider for Recovery of Stranded Meter Assets – effective until April 30, 2015"]
[null,null,null,null,null,null,null,null,"Rate Rider for Recovery of Stranded Meter Assets - effective until April 30, 2016"]
[null,null,null,null,null,null,null,null,"Rate Rider for Recovery of Stranded Meter Assets - effective until April 30, 2017"]
[null,null,null,null,null,null,null,null,"Rate Rider for Recovery of Stranded Meter Assets - effective until August 31, 2015"]
[null,null,null,null,null,null,null,null,"Rate Rider for Recovery of Stranded Meter Assets - effective until August 31, 2017"]
[null,null,null,null,null,null,null,null,"Rate Rider for Recovery of Stranded Meter Assets - effective until December 31, 2014"]
[null,null,null,null,null,null,null,null,"Rate Rider for Recovery of Stranded Meter Assets - effective until December 31, 2015"]
[null,null,null,null,null,null,null,null,"Rate Rider for Recovery of Stranded Meter Assets - effective until June 30, 2016"]
[null,null,null,null,null,null,null,null,"Rate Rider for Recovery of Stranded Meter Assets - effective until March 31, 2016"]
[null,null,null,null,null,null,null,null,"Rate Rider for Recovery of Stranded Meter Assets - effective until May 31, 2014"]
[null,null,null,null,null,null,null,null,"Rate Rider for Reversal of Deferral/Variance Account Disposition (2011) - effective until April 30, 2015"]
[null,null,null,null,null,null,null,null,"Rate Rider for Smart Meter Disposition - effective until April 30, 2016"]
[null,null,null,null,null,null,null,null,"Rate Rider for Smart Meter Incremental Revenue Requirement - in effect until the effective date of the next cost of service-based rate order"]
[null,null,null,null,null,null,null,null,"Rate Rider for Smart Metering Entity Charge - effective until October 31, 2018"]
[null,null,null,null,null,null,null,null,"Rate Rider for Stranded Meter Cost Recovery - effective until April 30, 2017"]
[null,null,null,null,null,null,null,null,"Rate Rider for Tax Change"]
[null,null,null,null,null,null,null,null,"Rate Rider for Tax Change - effective until April 30, 2015"]
[null,null,null,null,null,null,null,null,"Rate Rider for Tax Change (2014) - effective until April 30, 2015"]
[null,null,null,null,null,null,null,null,"Retail Transmission Rate - Line and Transformation Connection Service Rate"]
[null,null,null,null,null,null,null,null,"Retail Transmission Rate - Line and Transformation Connection Service Rate - (less than 1,000 kW)"]
[null,null,null,null,null,null,null,null,"Retail Transmission Rate - Line and Transformation Connection Service Rate - Interval Metered"]
[null,null,null,null,null,null,null,null,"Retail Transmission Rate - Line and Transformation Connection Service Rate - Interval Metered (1,000 to 4,999 kW)"]
[null,null,null,null,null,null,null,null,"Retail Transmission Rate - Line and Transformation Connection Service Rate - Interval Metered (less than 1,000 kW)"]
[null,null,null,null,null,null,null,null,"Retail Transmission Rate - Line and Transformation Connection Service Rate - Interval Metered < 1,000 kW"]
[null,null,null,null,null,null,null,null,"Retail Transmission Rate - Line and Transformation Connection Service Rate - Interval Metered > 1,000 kW"]
[null,null,null,null,null,null,null,null,"Retail Transmission Rate - Line and Transformation Connection Service Rate FOR ALL SERVICE AREAS EXCEPT HENSALL"]
[null,null,null,null,null,null,null,null,"Retail Transmission Rate - Line Connection Service Rate"]
[null,null,null,null,null,null,null,null,"Retail Transmission Rate - Network Service Rate"]
[null,null,null,null,null,null,null,null,"Retail Transmission Rate - Network Service Rate - (less than 1,000 kW)"]
[null,null,null,null,null,null,null,null,"Retail Transmission Rate - Network Service Rate - Interval Metered"]
[null,null,null,null,null,null,null,null,"Retail Transmission Rate - Network Service Rate - Interval Metered (1,000 to 4,999 kW)"]
[null,null,null,null,null,null,null,null,"Retail Transmission Rate - Network Service Rate - Interval Metered (less than 1,000 kW)"]
[null,null,null,null,null,null,null,null,"Retail Transmission Rate - Network Service Rate - Interval Metered > 1,000 kW"]
[null,null,null,null,null,null,null,null,"Retail Transmission Rate - Transformation Connection Service Rate"]
[null,null,null,null,null,null,null,null,"Rider for Global Adjustment Sub-Account Disposition (2012) - effective until April 30, 2016 Applicable only for Non-RPP Customers"]
[null,null,null,null,null,null,null,null,"Rural or Remote Electricity Rate Protection Charge (RRRP)"]
[null,null,null,null,null,null,null,null,"Sentinel lights (dusk-to-dawn) connected to unmetered wires will have a flat rate monthly energy charge added to the regular customer bill. Further servicing details are available in the distributor’s Conditions of Service."]
[null,null,null,null,null,null,null,null,"Service Charge"]
[null,null,null,null,null,null,null,null,"Service Charge (per connection)"]
[null,null,null,null,null,null,null,null,"Service Charge (per customer)"]
[null,null,null,null,null,null,null,null,"Service Charge (per light)"]
[null,null,null,null,null,null,null,null,"Smart Grid Funding Adder (2014) - in effect until December 31, 2014"]
[null,null,null,null,null,null,null,null,"Smart Meter Disposition Rider"]
[null,null,null,null,null,null,null,null,"Smart Meter Entity Charge"]
[null,null,null,null,null,null,null,null,"Smart Meter Incremental Revenue Requirement Rate Rider"]
[null,null,null,null,null,null,null,null,"Standard Supply Service - Administrative Charge (if applicable)"]
[null,null,null,null,null,null,null,null,"Standby Charge - for a month where standby power is not provided, the charge is based on the applicable General Service 50 to 4,999 kW or Large Use Distribution Volumetric Charge applied to the contracted amount (e.g. Nameplate rating of generating facility)."]
[null,null,null,null,null,null,null,null,"Standby Charge - for a month where standby power is not provided. The charge is applied to the amount of reserved load transfer capacity contracted or the amount of monthly peak load displaced by a generating facility"]
[null,null,null,null,null,null,null,null,"Standby Charge - for a month where standby power is not provided. The charge is applied to the contracted amount (e.g. nameplate rating of the generation facility)."]
[null,null,null,null,null,null,null,null,"Wholesale Market Service Rate"]

{"sheet":"lists2","index":61,"n_rows":187,"n_cols":4,"rows_kept":187,"cut":false,"hidden":true,"merged":[[0,0,0,3],[48,0,48,5],[94,0,94,1],[95,0,95,1],[96,0,96,1],[97,0,97,1],[125,0,125,1],[126,0,126,1],[127,0,127,1],[2,0,2,3],[5,0,5,3],[6,0,6,3],[7,0,7,3],[8,0,8,3],[37,0,37,1],[38,0,38,1],[39,0,39,1],[40,0,40,1],[41,0,41,1],[45,0,45,1],[47,0,47,1],[30,0,30,1],[31,0,31,1],[32,0,32,1],[192,0,192,1],[193,0,193,1],[194,0,194,1],[186,0,186,3],[186,4,186,7],[160,0,160,3],[160,4,160,7],[161,0,161,3],[161,4,161,7],[162,0,162,3],[162,4,162,7],[163,0,163,3],[163,4,163,7],[164,0,164,3],[164,4,164,7],[165,0,165,3],[165,4,165,7],[166,0,166,3],[166,4,166,7],[167,0,167,3],[181,0,181,1],[182,0,182,1],[189,0,189,1],[167,4,167,7],[191,0,191,1],[144,0,144,1],[145,0,145,1],[146,0,146,1],[147,0,147,1],[168,0,168,3],[178,0,178,1],[179,0,179,1],[180,0,180,1],[175,0,175,1],[176,0,176,1],[177,0,177,1],[172,0,172,1],[173,0,173,1],[174,0,174,1],[33,0,33,1],[34,0,34,1],[35,0,35,1],[54,0,54,1],[190,0,190,1],[110,0,110,1],[111,0,111,1],[112,0,112,1],[113,0,113,1],[114,0,114,1],[115,0,115,1],[116,0,116,1],[117,0,117,1],[118,0,118,1],[119,0,119,1],[120,0,120,1],[121,0,121,1],[122,0,122,1],[123,0,123,1],[124,0,124,1],[55,0,55,1],[56,0,56,1],[57,0,57,1],[63,0,63,3],[12,0,12,1],[13,0,13,1],[14,0,14,1],[15,0,15,1],[16,0,16,1],[17,0,17,1],[18,0,18,1],[19,0,19,1],[20,0,20,1],[21,0,21,1],[22,0,22,1],[23,0,23,1],[24,0,24,1],[25,0,25,1],[26,0,26,1],[27,0,27,1],[28,0,28,1],[29,0,29,1],[36,0,36,1],[46,0,46,1],[65,0,65,3],[65,4,65,7],[67,0,67,3],[67,4,67,7],[71,0,71,1],[72,0,72,1],[73,0,73,1],[74,0,74,1],[75,0,75,1],[76,0,76,1],[77,0,77,1],[78,0,78,1],[79,0,79,1],[80,0,80,1],[81,0,81,1],[82,0,82,1],[83,0,83,1],[84,0,84,1],[85,0,85,1],[86,0,86,1],[87,0,87,1],[88,0,88,1],[89,0,89,1],[90,0,90,1],[91,0,91,1],[92,0,92,1],[93,0,93,1],[98,0,98,1],[99,0,99,1],[100,0,100,1],[101,0,101,1],[102,0,102,1],[103,0,103,1],[104,0,104,1],[105,0,105,1],[109,0,109,1],[137,0,137,1],[138,0,138,1],[139,0,139,1],[140,0,140,1],[141,0,141,1],[142,0,142,1],[143,0,143,1],[129,0,129,1],[130,0,130,1],[132,0,132,1],[133,0,133,1],[131,0,131,1],[128,0,128,1],[136,0,136,1],[168,4,168,7],[170,0,170,1],[170,4,170,5],[171,0,171,1],[148,0,148,1],[149,0,149,1],[150,0,150,1],[151,0,151,1],[153,0,153,1],[154,0,154,1],[155,0,155,1],[156,0,156,1],[152,0,152,1]]}
["RESIDENTIAL Service Classification"]
[]
[]
["APPLICATION"]
[]
[]
[]
[]
[]
[]
["MONTHLY RATES AND CHARGES - Delivery Component"]
[]
[]
[]
[]
[]
[]
[]
[]
[]
[]
[]
[]
[]
[]
[]
[]
[]
[]
[]
[]
[]
[]
[]
[]
[]
[]
[]
[]
[]
[]
[]
[]
["MONTHLY RATES AND CHARGES - Regulatory Component"]
[]
["Wholesale Market Service Rate",null,"$/kWh",4.4000000000000003E-3]
["Rural Rate Protection Charge",null,"$/kWh",1.2999999999999999E-3]
["Standard Supply Service - Administrative Charge (if applicable)",null,"$",0.25]
[]
[]
[]
[]
["ALLOWANCES"]
[]
["Transformer Allowance for Ownership - per kW of billing demand/month"]
[]
[]
["Primary Metering Allowance for transformer losses – applied to measured demand and energy"]
[]
["SPECIFIC SERVICE CHARGES"]
[]
["APPLICATION"]
[]
["The application of these rates and charges shall be in accordance with the Licence of the Distributor and any Code or Order of the Board, and amendments thereto as approved by the Board, which may be applicable to the administration of this schedule."]
[]
["No charges to meet the costs of any work or service done or furnished for the purpose of the distribution of electricity shall be made except as permitted by this schedule, unless required by the Distributor’s Licence or a Code or Order of the Board, and amendments thereto as approved by the Board, or as specified herein."]
[]
["It should be noted that this schedule does not list any charges, assessments or credits that are required by law to be invoiced by a distributor and that are not subject to Board approval, such as the Debt Retirement Charge, the Global Adjustment, the Ontario Clean Energy Benefit and the HST."]
[]
["Customer Administration"]
[]
[]
[]
[]
[]
[]
[]
[]
[]
[]
[]
[]
[]
[]
[]
[]
[]
[]
[]
[]
[]
[]
[]
[]
[]
[]
[]
[]
[]
[]
[]
[]
[]
[]
[]
[]
[]
["Non-Payment of Account"]
[]
[]
[]
[]
[]
[]
[]
[]
[]
[]
[]
[]
[]
[]
[]
[]
[]
[]
[]
[]
[]
[]
[]
[]
[]
[]
[]
[]
[]
[]
[]
[]
[]
[]
[]
[]
[]
[]
[]
[]
[]
[]
[]
[]
[]
[]
[]
[]
[]
[]
["RETAIL SERVICE CHARGES (if applicable)"]
[]
["The application of these rates and charges shall be in accordance with the Licence of the Distributor and any Code or Order of the Board, and amendments thereto as approved by the Board, which may be applicable to the administration of this schedule."]
[]
["No rates and charges for the distribution of electricity and charges to meet the costs of any work or service done or furnished for the purpose of the distribution of electricity shall be made except as permitted by this schedule, unless required by the Distributor’s Licence or a Code or Order of the Board, and amendments thereto as approved by the Board, or as specified herein."]
[]
["Unless specifically noted, this schedule does not contain any charges for the electricity commodity, be it under the Regulated Price Plan, a contract with a retailer or the wholesale market price, as applicable."]
[]
["It should be noted that this schedule does not list any charges, assessments or credits that are required by law to be invoiced by a distributor and that are not subject to Board approval, such as the Debt Retirement Charge, the Global Adjustment, the Ontario Clean Energy Benefit and the HST."]
[]
["Retail Service Charges refer to services provided by a distributor to retailers or customers related to the supply of competitive electricity."]
[]
["One-time charge, per retailer, to establish the service agreement between the distributor and the retailer",null,"$",100]
["Monthly Fixed Charge, per retailer",null,"$",20]
["Monthly Variable Charge, per customer, per retailer",null,"$/cust.",0.5]
["Distributor-consolidated billing monthly charge, per customer, per retailer",null,"$/cust.",0.3]
["Retailer-consolidated billing monthly credit, per customer, per retailer",null,"$/cust.",-0.3]
["Service Transaction Requests (STR) "]
["Request fee, per request, applied to the requesting party",null,"$",0.25]
["Processing fee, per request, applied to the requesting party",null,"$",0.5]
["Request for customer information as outlined in Section 10.6.3 and Chapter 11 of the Retail"]
["Settlement Code directly to retailers and customers, if not delivered electronically through the"]
["Electronic Business Transaction (EBT) system, applied to the requesting party "]
["Up to twice a year",null,"$","no charge"]
["More than twice a year, per request (plus incremental delivery costs)",null,"$",2]
[]
["LOSS FACTORS"]
[]
["If the distributor is not capable of prorating changed loss factors jointly with distribution rates, the revised loss factors will be implemented upon the first subsequent billing for each billing cycle."]

{"sheet":"Sheet19","index":62,"n_rows":72,"n_cols":9,"rows_kept":72,"cut":false,"hidden":true,"merged":[]}
[null,"CGAAP","CGAAP","CGAAP","MIFRS","USGAAP","ASPE","ASPE","ASPE"]
[null,"N/A",2012,2013,null,null,"N/A",2012,2013]
["LDC Info","x","x","x","x","x","x","x","x"]
["Table of Contents","x","x","x","x","x","x","x","x"]
["COS Flowchart","x","x","x","x","x","x","x","x"]
["List of Key References","x","x","x","x","x","x","x","x"]
["App.2-AA_Capital Projects","x","x","x","x","x","x","x","x"]
["App.2-AB_Capital Expenditures","x","x","x","x","x","x","x","x"]
["App.2-BA1_Fix Asset Cont.CGAAP","x","x","x","n","x","x","x","x"]
["App.2-BA2_Fix Asset Cont.MIFRS","n","n","n","x","n","n","n","n"]
["Appendix 2-BB Service Life Comp","x","x","x","x","x","x","x","x"]
["Instruction for App. 2-C MIFRS","n","n","n","x","n","n","n","n"]
["App.2-CA_CGAAP_DepExp_2011","n","n","n","x","n","n","n","n"]
["App.2-CB_MIFRS_DepExp_2011","n","n","n","x","n","n","n","n"]
["App.2-CC_MIFRS_DepExp_2012","n","n","n","x","n","n","n","n"]
["App.2-CD_MIFRS_DepExp_2013","n","n","n","x","n","n","n","n"]
["App.2-CE_MIFRS_DepExp_2014","n","n","n","x","n","n","n","n"]
["App.2-CF_CGAAP_DepExp_2012","n","n","n","x","n","n","n","n"]
["App.2-CG_MIFRS_DepExp_2012","n","n","n","x","n","n","n","n"]
["App.2-CH_MIFRS_DepExp_2013","n","n","n","x","n","n","n","n"]
["App.2-CI_MIFRS_DepExp_2014","n","n","n","x","n","n","n","n"]
["App.2-CJ_CGAAP_DepExp_2012","n","n","n","x","n","n","n","n"]
["App.2-CK_CGAAP_DepExp_2013","n","n","n","x","n","n","n","n"]
["App.2-CL_MIFRS_DepExp_2013","n","n","n","x","n","n","n","n"]
["App.2-CM_MIFRS_DepExp_2014","n","n","n","x","n","n","n","n"]
["Instruction for App. 2-C CGAAP","x","x","x","n","n","x","x","x"]
["App.2-CN_OldCGAAP_DepExp_2012","x","x","n","n","n","x","x","n"]
["App.2-CO_NewCGAAP_DepExp_2012","x","x","n","n","n","x","x","n"]
["App.2-CP_NewCGAAP_DepExp_2013","x","x","n","n","n","x","x","n"]
["App.2-CQ NewCGAAP_DepExp_2014","x","x","n","n","n","x","x","n"]
["App.2-CR_OldCGAAP_DepExp_2012","x","n","x","n","n","x","n","x"]
["App.2-CS_OldCGAAP_DepExp_2013","x","n","x","n","n","x","n","x"]
["App.2-CT_NewCGAAP_DepExp_2013","x","n","x","n","n","x","n","x"]
["App.2-CU_NewCGAAP_DepExp_2014","x","n","x","n","n","x","n","x"]
["App.2-CV_USGAAP_DepExp","n","n","n","n","x","n","n","n"]
["App.2-DA_Overhead","n","n","n","x","n","n","n","n"]
["App.2-DB_Overhead","x","x","x","n","n","x","x","x"]
["App.2-EA_PP&E Deferral Account","n","n","n","x","x","n","n","n"]
["App.2-EB_PP&E Deferral Account","n","n","n","x","x","n","n","n"]
["App.2-EC_PP&E Deferral Account","n","n","n","x","x","n","n","n"]
["App.2-ED_Account 1576 (2012)","x","x","n","x","x","x","x","n"]
["App.2-EE_Account 1576 (2013)","x","n","x","x","x","x","n","x"]
["App.2-FA Proposed REG Invest.","o","o","o","o","o","o","o","o"]
["App.2-FB Calc of REG Improvemnt","o","o","o","o","o","o","o","o"]
["App.2-FC Calc of REG Expansion","o","o","o","o","o","o","o","o"]
["App.2-G SQI","x","x","x","x","x","x","x","x"]
["App.2-H_Other_Oper_Rev","x","x","x","x","x","x","x","x"]
["App.2-I LF_CDM_WF","x","x","x","x","x","x","x","x"]
["App.2-JA_OM&A_Summary_Analys","x","x","x","x","x","x","x","x"]
["App.2-JB_OM&A_Cost _Drivers","x","x","x","x","x","x","x","x"]
["App.2-JC_OMA Programs","x","x","x","x","x","x","x","x"]
["App.2-K_Employee Costs","x","x","x","x","x","x","x","x"]
["App.2-L_OM&A_per_Cust_FTEE","x","x","x","x","x","x","x","x"]
["App.2-M_Regulatory_Costs","x","x","x","x","x","x","x","x"]
["App.2-N_Corp_Cost_Allocation","x","x","x","x","x","x","x","x"]
["App.2-OA Capital Structure","x","x","x","x","x","x","x","x"]
["App.2-OB_Debt Instruments","x","x","x","x","x","x","x","x"]
["App.2-P_Cost_Allocation","x","x","x","x","x","x","x","x"]
["App.2-Q_Cost of Serv. Emb. Dx","e","e","e","e","e","e","e","e"]
["App.2-R_Loss Factors","x","x","x","x","x","x","x","x"]
["App.2-S_Stranded Meters","x","x","x","x","x","x","x","x"]
["App.2-TA_1592_Tax_Variance","x","x","x","x","x","x","x","x"]
["App.2-TB_1592_HST-OVAT","x","x","x","x","x","x","x","x"]
["App.2-U_IFRS Transition Costs","x","x","x","x","x","x","x","x"]
["App.2-V_Rev_Reconciliation","x","x","x","x","x","x","x","x"]
["App.2-W_Bill Impacts","x","x","x","x","x","x","x","x"]
["App.2-YA_MIFRS Summary Impacts","n","n","n","x","n","n","n","n"]
["App. 2-YB_CGAAP Summary Impacts","x","x","x","n","n","x","x","x"]
["App. 2-Z_Tariff","x","x","x","x","x","x","x","x"]
["lists","n","n","n","n","n","n","n","n"]
["lists2","n","n","n","n","n","n","n","n"]
["Sheet19","n","n","n","n","n","n","n","n"]