{"text_format":"1","workbook":"xlsx","n_sheets":57,"sheets":["LDC Info","Index","COS Flowchart","List of Key References","App.2-AA_Capital Projects","App.2-AB_Capital Expenditures","App. 2-AC_Customer Engagement","App.2-B_Acct Instructions","App.2-BA_Fixed Asset Cont","Appendix 2-BB Service Life  ","App.2-CA_OldCGAAP_DepExp_2012","App.2-CB_NewCGAAP_DepExp_2012","App.2-CC_NewCGAAP_DepExp_2013","App.2-CD_MIFRS_DepExp_2014","App.2-CE_MIFRS_DepExp_2015","App.2-CF_MIFRS_DepExp_2016","App.2-CG_OldCGAAP_DepExp_2013","App.2-CH_NewCGAAP_DepExp_2013","App.2-CI_MIFRS_DepExp_2014","App.2-CJ MIFRS_DepExp_2015","App.2-CK MIFRS_DepExp_2016","App.2-D_Overhead","App.2-EA_Account 1575 (2015)","App.2-EB_Account 1576 (2012)","App.2-EC_Account 1576 (2013)","App.2-FA Proposed REG Invest.","App.2-FB Calc of REG Improvemnt","App.2-FC Calc of REG Expansion","App.2-G SQI","App.2-H_Other_Oper_Rev","App_2-I LF_CDM","App.2-IA_Act_Frcst_Data","App.2-JA_OM&A_Summary_Analys","App.2-JB_OM&A_Cost _Drivers","App.2-JC_OMA Programs","App.2-K_Employee Costs","App.2-L_OM&A_per_Cust_FTEE","App.2-M_Regulatory_Costs","App.2-N_Corp_Cost_Allocation","App.2-OA Capital Structure","App.2-OB_Debt Instruments","App.2-P_Cost_Allocation","App.2-PA_Res_Rate_Design","App.2-Q_Cost of Serv. Emb. Dx","App.2-R_Loss Factors","App.2-S_Stranded Meters","App.2-TA_1592_Tax_Variance","App.2-TB_1592_HST-OVAT","App.2-U_IFRS Transition Costs","App.2-V_Rev_Reconciliation","App.2-W_Bill Impacts","App.2-W_Bill Impacts_hidden","App.2-Y_MIFRS Summary Impacts","App. 2-Z_Tariff","lists","lists2","Sheet19"],"not_rendered":{"charts":0,"images":4,"macros":1,"external_links":11,"defined_names":726,"comments":3,"pivot_tables":0},"unopened":[],"bounds":{"document_bytes":16777216,"sheet_cells":100000,"rows_first":2000,"rows_last":500,"rows_between":2000,"halvings":0,"cell_chars":16384,"cell_head_chars":4096},"cells_cut":0,"cells_raw":0,"read":"whole","date_system":"1900"}

{"sheet":"LDC Info","index":0,"n_rows":78,"n_cols":27,"rows_kept":78,"cut":false,"hidden":false,"merged":[[17,4,17,10],[13,4,13,10],[15,4,15,8],[19,4,19,8],[25,4,25,6],[23,4,23,6],[27,4,27,6],[30,4,30,6],[29,0,30,3],[42,0,43,3],[38,0,39,3],[39,4,39,6],[32,0,33,3],[33,4,33,6],[35,0,36,3],[45,4,45,6],[45,0,45,3],[50,2,50,11],[54,2,54,12],[52,2,52,13]]}
[]
[]
[null,null,null,null,null,null,null,null,null,null,null,null,null,null,null,null,null,null,null,null,null,null,null,null,null,null,"Algoma Power Inc."]
[null,null,null,null,null,null,null,null,null,null,null,null,null,null,null,null,null,null,null,null,null,null,null,null,null,null,"Atikokan Hydro Inc."]
[null,null,null,null,null,null,null,null,null,null,null,null,null,null,null,null,null,null,null,null,null,null,null,null,null,null,"Attawapiskat Power Corporation"]
[null,null,null,null,null,null,null,null,null,null,null,null,null,null,null,null,null,null,null,null,null,null,null,null,null,null,"Bluewater Power Distribution Corporation"]
[null,null,null,null,null,null,null,null,null,null,null,null,null,null,null,null,null,null,null,null,null,null,null,null,null,null,"Brant County Power Inc."]
[null,null,null,null,null,null,null,null,null,null,null,null,null,null,null,null,null,null,null,null,null,null,null,null,null,null,"Brantford Power Inc."]
[null,null,null,null,null,null,null,null,null,null,null,null,null,null,null,null,null,null,null,null,null,null,null,null,null,null,"Burlington Hydro Inc."]
[null,null,null,null,null,null,null,null,null,null,null,null,null,null,null,null,null,null,null,null,null,null,null,null,null,null,"Cambridge and North Dumfries Hydro Inc."]
[null,null,null,null,null,null,null,null,null,null,null,null,null,null,null,null,null,null,null,null,null,null,null,null,null,null,"Canadian Niagara Power Inc."]
[null,null,null,null,null,null,null,null,null,null,null,null,null,null,null,null,null,null,null,null,null,null,null,null,null,null,"Centre Wellington Hydro Ltd."]
[null,null,null,null,null,null,null,null,null,null,null,null,null,null,null,null,null,null,null,null,null,null,null,null,null,null,"Chapleau Public Utilities Corporation"]
[null,null,null,"Utility Name   ","Brantford Power Inc.",null,null,null,null,null,null,null,null,null,null,null,null,null,null,null,null,null,null,null,null,null,"COLLUS PowerStream Corp."]
[null,null,null,null,null,null,null,null,null,null,null,null,null,null,null,null,null,null,null,null,null,null,null,null,null,null,"Cooperative Hydro Embrun Inc."]
[null,null,null,"Assigned EB Number",null,null,null,null,null,null,null,null,null,null,null,null,null,null,null,null,null,null,null,null,null,null,"E.L.K. Energy Inc."]
[null,null,null,null,null,null,null,null,null,null,null,null,null,null,null,null,null,null,null,null,null,null,null,null,null,null,"Enersource Hydro Mississauga Inc."]
[null,null,null,"Name of Contact and Title",null,null,null,null,null,null,null,null,null,null,null,null,null,null,null,null,null,null,null,null,null,null,"Entegrus Powerlines Inc."]
[null,null,null,null,null,null,null,null,null,null,null,null,null,null,null,null,null,null,null,null,null,null,null,null,null,null,"EnWin Utilities Ltd."]
[null,null,null,"Phone Number   ",null,null,null,null,null,null,null,null,null,null,null,null,null,null,null,null,null,null,null,null,null,null,"Erie Thames Powerlines Corporation"]
[null,null,null,null,null,null,null,null,null,null,null,null,null,null,null,null,null,null,null,null,null,null,null,null,null,null,"Espanola Regional Hydro Distribution Corporation"]
[null,null,null,"Email Address   ",null,null,null,null,null,null,null,null,null,null,null,null,null,null,null,null,null,null,null,null,null,null,"Essex Powerlines Corporation"]
[null,null,null,null,null,null,null,null,null,null,null,null,null,null,null,null,null,null,null,null,null,null,null,null,null,null,"Festival Hydro Inc."]
[null,null,null,"Test Year",2017,null,null,null,null,null,null,null,null,null,null,null,null,null,null,null,null,null,null,null,null,null,"Fort Albany Power Corporation"]
[null,null,null,null,null,null,null,null,null,null,null,null,null,null,null,null,null,null,null,null,null,null,null,null,null,null,"Fort Frances Power Corporation"]
[null,null,null,"Bridge Year",{"$f":"IF(ISBLANK(E24), \"\", E24-1)","v":2016},null,null,null,null,null,null,null,null,null,null,null,null,null,null,null,null,null,null,null,null,null,"Greater Sudbury Hydro Inc."]
[null,null,null,null,null,null,null,null,null,null,null,null,null,null,null,null,null,null,null,null,null,null,null,null,null,null,"Grimsby Power Inc."]
[null,null,null,"Last Rebasing Year",2011,null,null,null,null,null,null,null,null,null,null,null,null,null,null,null,null,null,null,null,null,null,"Guelph Hydro Electric Systems Inc."]
[null,null,null,null,null,null,null,null,null,null,null,null,null,null,null,null,null,null,null,null,null,null,null,null,null,null,"Haldimand County Hydro Inc."]
["Identify the accounting standard used for the test year",null,null,null,null,null,null,null,null,null,null,null,null,null,null,null,null,null,null,null,null,null,null,null,null,null,"Halton Hills Hydro Inc."]
[null,null,null,null,"MIFRS",null,null,null,null,null,null,null,null,null,null,null,null,null,null,null,null,null,null,null,null,null,"Hearst Power Distribution Company Limited"]
[null,null,null,null,null,null,null,null,null,null,null,null,null,null,null,null,null,null,null,null,null,null,null,null,null,null,"Horizon Utilities Corporation"]
["Did you update your depreciation and capitalization policies?",null,null,null,null,null,null,null,null,null,null,null,null,null,null,null,null,null,null,null,null,null,null,null,null,null,"Hydro 2000 Inc."]
[null,null,null,null,"Yes",null,null,null,null,null,null,null,null,null,null,null,null,null,null,null,null,null,null,null,null,null,"Hydro Hawkesbury Inc."]
[null,null,null,null,null,null,null,null,null,null,null,null,null,null,null,null,null,null,null,null,null,null,null,null,null,null,"Hydro One Brampton Networks Inc."]
["When did you update your depreciation and capitalization policies?",null,null,null,null,null,null,null,null,null,null,null,null,null,null,null,null,null,null,null,null,null,null,null,null,null,"Hydro One Networks Inc."]
[null,null,null,null,"2001-01-01",null,null,null,null,null,null,null,null,null,null,null,null,null,null,null,null,null,null,null,null,null,"Hydro One Remote Communities Inc."]
[null,null,null,null,null,null,null,null,null,null,null,null,null,null,null,null,null,null,null,null,null,null,null,null,null,null,"Hydro Ottawa Limited"]
["Identify the year that the applicant has adopted or is expected to adopt IFRS for financial reporting purposes",null,null,null,null,null,null,null,null,null,null,null,null,null,null,null,null,null,null,null,null,null,null,null,null,null,"Innpower Corporation"]
[null,null,null,null,"2015 or Later",null,null,null,null,null,null,null,null,null,null,null,null,null,null,null,null,null,null,null,null,null,"Kashechewan Power Corporation"]
[null,null,null,null,null,null,null,null,null,null,null,null,null,null,null,null,null,null,null,null,null,null,null,null,null,null,"Kenora Hydro Electric Corporation Ltd."]
[null,null,null,null,null,null,null,null,null,null,null,null,null,null,null,null,null,null,null,null,null,null,null,null,null,null,"Kingston Hydro Corporation"]
["Are you applying for cost recovery for the test and/or future year(s) for Green Energy initiatives?",null,null,null,null,null,null,null,null,null,null,null,null,null,null,null,null,null,null,null,null,null,null,null,null,null,"Kitchener-Wilmot Hydro Inc."]
[null,null,null,null,null,null,null,null,null,null,null,null,null,null,null,null,null,null,null,null,null,null,null,null,null,null,"Lakefront Utilities Inc."]
[null,null,null,null,null,null,null,null,null,null,null,null,null,null,null,null,null,null,null,null,null,null,null,null,null,null,"Lakeland Power Distribution Ltd."]
[{"$f":"\"Is \" & E14 & \" an embedded distributor?\"","v":"Is Brantford Power Inc. an embedded distributor?"},null,null,null,null,null,null,null,null,null,null,null,null,null,null,null,null,null,null,null,null,null,null,null,null,null,"London Hydro Inc."]
[null,null,null,null,null,null,null,null,null,null,null,null,null,null,null,null,null,null,null,null,null,null,null,null,null,null,"Midland Power Utility Corporation"]
[null,null,null,null,null,null,null,null,null,null,null,null,null,null,null,null,null,null,null,null,null,null,null,null,null,null,"Milton Hydro Distribution Inc."]
[null,"Notes",null,null,null,null,null,null,null,null,null,null,null,null,null,null,null,null,null,null,null,null,null,null,null,null,"Newmarket-Tay Power Distribution Ltd."]
[null,null,null,null,null,null,null,null,null,null,null,null,null,null,null,null,null,null,null,null,null,null,null,null,null,null,"Niagara Peninsula Energy Inc."]
[null,null,"Pale green cells represent input cells.",null,null,null,null,null,null,null,null,null,null,null,null,null,null,null,null,null,null,null,null,null,null,null,"Niagara-on-the-Lake Hydro Inc."]
[null,null,null,null,null,null,null,null,null,null,null,null,null,null,null,null,null,null,null,null,null,null,null,null,null,null,"Norfolk Power Distribution Inc."]
[null,null,"Pale blue cells represent drop-down lists.  The applicant should select the appropriate item from the drop-down list.",null,null,null,null,null,null,null,null,null,null,null,null,null,null,null,null,null,null,null,null,null,null,null,"North Bay Hydro Distribution Limited"]
[null,null,null,null,null,null,null,null,null,null,null,null,null,null,null,null,null,null,null,null,null,null,null,null,null,null,"Northern Ontario Wires Inc."]
[null,null,"White cells contain fixed values, automatically generated values or formulae. ",null,null,null,null,null,null,null,null,null,null,null,null,null,null,null,null,null,null,null,null,null,null,null,"Oakville Hydro Electricity Distribution Inc."]
[null,null,null,null,null,null,null,null,null,null,null,null,null,null,null,null,null,null,null,null,null,null,null,null,null,null,"Orangeville Hydro Limited"]
[null,null,null,null,null,null,null,null,null,null,null,null,null,null,null,null,null,null,null,null,null,null,null,null,null,null,"Orillia Power Distribution Corporation"]
[null,null,null,null,null,null,null,null,null,null,null,null,null,null,null,null,null,null,null,null,null,null,null,null,null,null,"Oshawa PUC Networks Inc."]
[null,null,null,null,null,null,null,null,null,null,null,null,null,null,null,null,null,null,null,null,null,null,null,null,null,null,"Ottawa River Power Corporation"]
[null,null,null,null,null,null,null,null,null,null,null,null,null,null,null,null,null,null,null,null,null,null,null,null,null,null,"Peterborough Distribution Incorporated"]
[null,null,null,null,null,null,null,null,null,null,null,null,null,null,null,null,null,null,null,null,null,null,null,null,null,null,"PowerStream Inc."]
[null,null,null,null,null,null,null,null,null,null,null,null,null,null,null,null,null,null,null,null,null,null,null,null,null,null,"PUC Distribution Inc."]
[null,null,null,null,null,null,null,null,null,null,null,null,null,null,null,null,null,null,null,null,null,null,null,null,null,null,"Renfrew Hydro Inc."]
[null,null,null,null,null,null,null,null,null,null,null,null,null,null,null,null,null,null,null,null,null,null,null,null,null,null,"Rideau St. Lawrence Distribution Inc."]
[null,null,null,null,null,null,null,null,null,null,null,null,null,null,null,null,null,null,null,null,null,null,null,null,null,null,"Sioux Lookout Hydro Inc."]
[null,null,null,null,null,null,null,null,null,null,null,null,null,null,null,null,null,null,null,null,null,null,null,null,null,null,"St. Thomas Energy Inc."]
[null,null,null,null,null,null,null,null,null,null,null,null,null,null,null,null,null,null,null,null,null,null,null,null,null,null,"Thunder Bay Hydro Electricity Distribution Inc."]
[null,null,null,null,null,null,null,null,null,null,null,null,null,null,null,null,null,null,null,null,null,null,null,null,null,null,"Tillsonburg Hydro Inc."]
[null,null,null,null,null,null,null,null,null,null,null,null,null,null,null,null,null,null,null,null,null,null,null,null,null,null,"Toronto Hydro-Electric System Limited"]
[null,null,null,null,null,null,null,null,null,null,null,null,null,null,null,null,null,null,null,null,null,null,null,null,null,null,"Veridian Connections Inc."]
[null,null,null,null,null,null,null,null,null,null,null,null,null,null,null,null,null,null,null,null,null,null,null,null,null,null,"Wasaga Distribution Inc."]
[null,null,null,null,null,null,null,null,null,null,null,null,null,null,null,null,null,null,null,null,null,null,null,null,null,null,"Waterloo North Hydro Inc."]
[null,null,null,null,null,null,null,null,null,null,null,null,null,null,null,null,null,null,null,null,null,null,null,null,null,null,"Welland Hydro-Electric System Corp."]
[null,null,null,null,null,null,null,null,null,null,null,null,null,null,null,null,null,null,null,null,null,null,null,null,null,null,"Wellington North Power Inc."]
[null,null,null,null,null,null,null,null,null,null,null,null,null,null,null,null,null,null,null,null,null,null,null,null,null,null,"West Coast Huron Energy Inc."]
[null,null,null,null,null,null,null,null,null,null,null,null,null,null,null,null,null,null,null,null,null,null,null,null,null,null,"Westario Power Inc."]
[null,null,null,null,null,null,null,null,null,null,null,null,null,null,null,null,null,null,null,null,null,null,null,null,null,null,"Whitby Hydro Electric Corporation"]
[null,null,null,null,null,null,null,null,null,null,null,null,null,null,null,null,null,null,null,null,null,null,null,null,null,null,"Woodstock Hydro Services Inc."]

{"sheet":"Index","index":1,"n_rows":42,"n_cols":6,"rows_kept":42,"cut":false,"hidden":false,"merged":[]}
[]
[]
[]
[]
[]
[]
[]
[]
[]
[]
[]
[]
[]
[]
[1,"LDC Information Sheet",null,null,28,"App.2-G: Service Reliability Indicators"]
[2,"Index",null,null,29,"App.2-H: Other Operating Revenue"]
[3,"Cost of Service Application Flowchart",null,null,30,"App.2-I: Load Forecast CDM Adjustment Workform"]
[4,"List of Key References",null,null,31,"App.2-IA:  Actual and Forecast Load and Customer Data"]
[5,"App.2-AA: Capital Projects Table",null,null,32,"App.2-JA: OM&A Summary Analysis"]
[6,"App.2-AB: Capital Expenditures",null,null,33,"App.2-JB: Recoverable OM&A Cost Driver Table"]
[7,"App. 2-AC: Customer Engagement Worksheet",null,null,34,"App.2-JC: OM&A Programs Table"]
[8,"App.2-B: General Accounting Instructions",null,null,35,"App.2-K: Employee Costs"]
[9,"App.2-BA: Fixed Asset Continuity Schedule",null,null,36,"App.2-L: Recoverable OM&A Cost per Customer and per FTE"]
[10,"Appendix 2-BB: Service Life Comparison",null,null,37,"App.2-M: Regulatory Costs Schedule"]
[11,"App.2-CA: 2012 Depreciation and Amortization Expense (Old CGAAP)",null,null,38,"App.2-N: Shared Servcies and Corporate Cost Allocation"]
[12,"App.2-CB: 2012 Depreciation and Amortization Expense (New CGAAP)",null,null,39,"App.2-OA: Capital Structure and Cost of Capital"]
[13,"App.2-CC: 2013 Depreciation and Amortization Expense (New CGAAP)",null,null,40,"App.2-OB: Debt Instruments"]
[14,"App.2-CD: 2014 Depreciation and Amortization Expense (MIFRS)",null,null,41,"App.2-P: Cost Allocation"]
[15,"App.2-CE: 2015 Depreciation and Amortization Expense (MIFRS)",null,null,42,"App.2-PA:  New Rate Design Policy For Residential Customers"]
[16,"App.2-CF: 2015 Depreciation and Amortization Expense (MIFRS)",null,null,43,"App.2-Q: Cost of Serving Embedded Distributor(s)"]
[17,"App.2-CG: 2013 Depreciation and Amortization Expense (Old CGAAP)",null,null,44,"App.2-R: Loss Factors"]
[18,"App.2-CH: 2013 Depreciation and Amortization Expense (New CGAAP)",null,null,45,"App.2-S: Stranded Meter Treatment"]
[19,"App.2-CI: 2014 Depreciation and Amortization Expense (MIFRS)",null,null,46,"App.2-TA: Account 1592, PILs and Tax Variances"]
[20,"App.2-CJ: 2015 Depreciation and Amortization Expense (MIFRS)",null,null,47,"App.2-TB: Account 1592, HST-OVAT Input Tax Credits"]
[21,"App.2-CK: 2016 Depreciation and Amortization Expense (MIFRS)",null,null,48,"App.2-U: One-Time Incremental IFRS Transition Costs"]
[22,"App.2-D: Overhead Expenses",null,null,49,"App.2-V: Revenue Reconciliation"]
[23,"App.2-EA: Account 1575 PP&E Deferral Account (2015 IFRS Adopters)",null,null,50,"App.2-W: Bill Impacts"]
[24,"App.2-EB: Account 1576 - Accounting Changes Under CGAAP (2012 Changes)",null,null,51,"App.2-Y: Transition to MIFRS Summary Impact"]
[25,"App.2-EC: Account 1576 - Accounting Changes Under CGAAP (2013 Changes)",null,null,52,"App. 2-Z: Tariff Schedule"]
[26,"App.2-FA: Renewable Generation Connection Investment Summary"]
[27,"App.2-FB: Calculation of Renewable Generation Connection Direct Benefits/Provincial Amount: Renewable Enabling Improvement Investments"]
[28,"App.2-FC: Calculation of Renewable Generation Connection Direct Benefits/Provincial Amount: Renewable Expansion Investments"]

{"sheet":"COS Flowchart","index":2,"n_rows":6,"n_cols":2,"rows_kept":6,"cut":false,"hidden":false,"merged":[[5,1,5,6],[2,1,2,6],[3,1,3,6]]}
[]
[]
[]
[null,"Cost of Service Rate Application Schematic"]
[]
[null,"The Cost of Service Rate Application Schematic is a flowchart appended to Chapter 2 of the Filing Requirements as a guide for the components of an application and how demand and costs interrelate to derive the revenue requirement and then how the revenue requirement is allocated between classes and through fixed/variable splits to derive rates that will be compensatory for the annual revenue requirement, based on the the forecasted demand.  There is no form to be filled out; therefore, this Schedule is not required to be filed. "]

{"sheet":"List of Key References","index":3,"n_rows":5,"n_cols":2,"rows_kept":5,"cut":false,"hidden":false,"merged":[[2,1,2,11],[4,0,4,11]]}
[]
[]
[null,"List of Key References"]
[]
["A list of key references for understanding the Filing Requirements has been embedded in the document below. To access the list of references and associated hyperlinks double-click the icon below."]

{"sheet":"App.2-AA_Capital Projects","index":4,"n_rows":51,"n_cols":8,"rows_kept":51,"cut":false,"hidden":false,"merged":[[11,0,11,7],[53,0,54,8],[9,0,9,7],[8,0,8,7],[49,0,49,7],[51,0,51,7],[50,0,50,7]]}
[null,null,null,null,null,null,"File Number:",{"$f":"EBNUMBER","v":0}]
[null,null,null,null,null,null,"Exhibit:"]
[null,null,null,null,null,null,"Tab:"]
[null,null,null,null,null,null,"Schedule:"]
[null,null,null,null,null,null,"Page:"]
[]
[null,null,null,null,null,null,"Date:"]
[]
["Appendix 2-AA"]
["Capital Projects Table"]
[]
[]
["Projects",{"$f":"C13-1","v":2012},{"$f":"D13-1","v":2013},{"$f":"E13-1","v":2014},{"$f":"BridgeYear - 1","v":2015},{"$f":"BridgeYear & \" Bridge Year\"","v":"2016 Bridge Year"},{"$f":"TestYear & \" Test Year\"","v":"2017 Test Year"}]
["Reporting Basis"]
["Project Name #1"]
[]
[]
[]
[]
[]
["Sub-Total",{"$f":"SUM(B16:B20)","v":0},0,0,0,0,0]
["Project Name #2"]
[]
[]
[]
[]
[]
["Sub-Total",{"$f":"SUM(B23:B27)","v":0},0,0,0,0,0]
["Project Name #3"]
[]
[]
[]
[]
[]
["Sub-Total",{"$f":"SUM(B30:B34)","v":0},0,0,0,0,0]
["Project Name #4"]
[]
[]
[]
[]
[]
["Sub-Total",{"$f":"SUM(B37:B41)","v":0},0,0,0,0,0]
["Miscellaneous"]
["Total",{"$f":"SUMPRODUCT(--($A15:$A43=\"Sub-Total\"), B$15:B$43)+B43","v":0},0,0,0,0,0]
["Less Renewable Generation Facility Assets and Other Non-Rate-Regulated Utility Assets (input as negative)"]
["Total",{"$f":"B44+B45","v":0},0,0,0,0,0]
[]
["Notes:"]
[]
["1   Please provide a breakdown of the major components of each capital project undertaken in each year.  Please ensure that all projects below the materiality threshold are included in the miscellaneous line.  Add more projects as required."]
["2   The applicant should group projects appropriately and avoid presentations that result in classification of significant components of the capital budget in the miscellaneous category."]

{"sheet":"App.2-AB_Capital Expenditures","index":5,"n_rows":35,"n_cols":21,"rows_kept":35,"cut":false,"hidden":false,"merged":[[8,0,8,20],[9,0,9,20],[13,7,13,9],[13,10,13,12],[13,13,13,15],[13,16,14,16],[13,17,14,17],[15,16,15,20],[12,0,15,0],[12,1,12,15],[15,1,15,2],[15,4,15,5],[15,7,15,8],[15,10,15,11],[15,13,15,14],[12,16,12,20],[13,1,13,3],[13,4,13,6],[13,18,14,18],[13,19,14,19],[13,20,14,20],[32,0,33,20],[35,0,36,20],[34,0,34,20],[27,0,27,20],[28,0,28,20],[29,0,30,20],[31,0,31,20]]}
[null,null,null,null,null,null,null,null,null,null,null,null,null,null,null,null,null,null,"File Number:",null,{"$f":"EBNUMBER","v":0}]
[null,null,null,null,null,null,null,null,null,null,null,null,null,null,null,null,null,null,"Exhibit:"]
[null,null,null,null,null,null,null,null,null,null,null,null,null,null,null,null,null,null,"Tab:"]
[null,null,null,null,null,null,null,null,null,null,null,null,null,null,null,null,null,null,"Schedule:"]
[null,null,null,null,null,null,null,null,null,null,null,null,null,null,null,null,null,null,"Page:"]
[]
[null,null,null,null,null,null,null,null,null,null,null,null,null,null,null,null,null,null,"Date:"]
[]
["Appendix 2-AB"]
["Table 2 - Capital Expenditure Summary from Chapter 5 Consolidated\nDistribution System Plan Filing Requirements"]
[]
["First year of Forecast Period:",{"$f":"TestYear","v":2017}]
["CATEGORY","Historical Period (previous plan1 & actual)",null,null,null,null,null,null,null,null,null,null,null,null,null,null,"Forecast Period (planned)"]
[null,{"$f":"E14-1","v":2012},null,null,{"$f":"H14-1","v":2013},null,null,{"$f":"K14-1","v":2014},null,null,{"$f":"N14-1","v":2015},null,null,{"$f":"Q14-1","v":2016},null,null,{"$f":"B12","v":2017},{"$f":"Q14+1","v":2018},{"$f":"R14+1","v":2019},2020,2021]
[null,"Plan","Actual","Var","Plan","Actual","Var","Plan","Actual","Var","Plan","Actual","Var","Plan","Actual2","Var"]
[null,"$ '000",null,"%","$ '000",null,"%","$ '000",null,"%","$ '000",null,"%","$ '000",null,"%","$ '000"]
["System Access",null,null,{"$f":"IF(ISERROR((C17-B17)/B17),\"--\",(C17-B17)/B17)","v":"--"},null,null,{"$f":"IF(ISERROR((F17-E17)/E17),\"--\",(F17-E17)/E17)","v":"--"},null,null,{"$f":"IF(ISERROR((I17-H17)/H17),\"--\",(I17-H17)/H17)","v":"--"},null,null,{"$f":"IF(ISERROR((L17-K17)/K17),\"--\",(L17-K17)/K17)","v":"--"},null,null,{"$f":"IF(ISERROR((O17-N17)/N17),\"--\",(O17-N17)/N17)","v":"--"}]
["System Renewal",null,null,{"$f":"IF(ISERROR((C18-B18)/B18),\"--\",(C18-B18)/B18)","v":"--"},null,null,{"$f":"IF(ISERROR((F18-E18)/E18),\"--\",(F18-E18)/E18)","v":"--"},null,null,{"$f":"IF(ISERROR((I18-H18)/H18),\"--\",(I18-H18)/H18)","v":"--"},null,null,{"$f":"IF(ISERROR((L18-K18)/K18),\"--\",(L18-K18)/K18)","v":"--"},null,null,{"$f":"IF(ISERROR((O18-N18)/N18),\"--\",(O18-N18)/N18)","v":"--"}]
["System Service",null,null,"--",null,null,"--",null,null,"--",null,null,"--",null,null,"--"]
["General Plant",null,null,"--",null,null,"--",null,null,"--",null,null,"--",null,null,"--"]
["TOTAL EXPENDITURE",{"$f":"SUM(B17:B20)","v":0},{"$f":"SUM(C17:C20)","v":0},"--",0,0,"--",0,0,"--",0,0,"--",0,0,"--",0,0,0,0,{"$f":"SUM(U17:U20)","v":0}]
["System O&M",null,null,"--",null,null,"--",null,null,"--",null,null,"--",null,null,"--"]
[]
["Notes to the Table:"]
["1.  Historical “previous plan” data is not required unless a plan has previously been filed"]
["2.  Indicate the number of months of 'actual' data included in the last year of the Historical Period (normally a 'bridge' year):"]
[]
["Explanatory Notes on Variances (complete only if applicable)"]
["Notes on shifts in forecast vs. historical budgets by category"]
[]
[]
["Notes on year over year Plan vs. Actual variances for Total Expenditures"]
[]
[]
["Notes on Plan vs. Actual variance trends for individual expenditure categories"]

{"sheet":"App. 2-AC_Customer Engagement","index":6,"n_rows":45,"n_cols":3,"rows_kept":45,"cut":false,"hidden":false,"merged":[[9,0,9,2],[8,0,8,2]]}
[null,"File Number:",{"$f":"EBNUMBER","v":0}]
[null,"Exhibit:"]
[null,"Tab:"]
[null,"Schedule:"]
[null,"Page:"]
[]
[null,"Date:"]
[]
["Appendix 2-AC"]
["Customer Engagement Activities Summary"]
[]
["Provide a list of customer engagement activities","Provide a list of customer needs and preferences identified through each engagement activity","Actions taken to respond to identified needs and preferences.  If no action was taken, explain why."]
[]
[]
[]
[]
[]
[]
[]
[]
[]
[]
[]
[]
[]
[]
[]
[]
[]
[]
[]
[]
[]
[]
[]
[]
[]
[]
[]
[]
[]
[]
[]
[]
["Note:  Use \"ALT-ENTER\" to go to the next line within a cell"]

{"sheet":"App.2-B_Acct Instructions","index":7,"n_rows":67,"n_cols":6,"rows_kept":67,"cut":false,"hidden":false,"merged":[[111,0,111,10],[111,11,111,18],[112,0,112,10],[112,11,112,18],[113,0,113,10],[113,11,113,18],[108,0,108,10],[108,11,108,18],[109,0,109,10],[109,11,109,18],[110,0,110,10],[110,11,110,18],[117,0,117,10],[117,11,117,18],[118,0,118,10],[118,11,118,18],[119,0,119,10],[119,11,119,18],[114,0,114,10],[114,11,114,18],[115,0,115,10],[115,11,115,18],[116,0,116,10],[116,11,116,18],[126,0,126,10],[126,11,126,18],[123,0,123,10],[123,11,123,18],[124,0,124,10],[124,11,124,18],[125,0,125,10],[125,11,125,18],[120,0,120,10],[120,11,120,18],[121,0,121,10],[121,11,121,18],[122,0,122,10],[122,11,122,18],[105,0,105,10],[105,11,105,18],[106,0,106,10],[106,11,106,18],[107,0,107,10],[107,11,107,18],[102,0,102,10],[102,11,102,18],[103,0,103,10],[103,11,103,18],[104,0,104,10],[104,11,104,18],[99,0,99,10],[99,11,99,18],[100,0,100,10],[100,11,100,18],[101,0,101,10],[101,11,101,18],[96,0,96,10],[96,11,96,18],[97,0,97,10],[97,11,97,18],[98,0,98,10],[98,11,98,18],[93,11,93,18],[94,0,94,10],[94,11,94,18],[95,0,95,10],[95,11,95,18],[91,11,91,18],[92,0,92,10],[92,11,92,18],[89,0,89,10],[89,11,89,18],[91,0,91,10],[82,11,82,18],[90,0,90,10],[90,11,90,18],[88,0,88,10],[88,11,88,18],[86,0,86,10],[86,11,86,18],[87,0,87,10],[87,11,87,18],[73,0,73,10],[73,11,73,18],[74,0,74,10],[74,11,74,18],[83,0,83,10],[83,11,83,18],[84,0,84,10],[84,11,84,18],[85,0,85,10],[75,11,75,18],[75,0,75,10],[76,11,76,18],[77,0,77,10],[77,11,77,18],[78,0,78,10],[78,11,78,18],[79,0,79,10],[79,11,79,18],[85,11,85,18],[80,0,80,10],[80,11,80,18],[81,0,81,10],[81,11,81,18],[82,0,82,10],[58,0,58,13],[60,0,60,13],[0,0,0,10],[1,0,1,10],[66,0,68,10],[5,0,5,10],[9,4,9,5],[17,0,19,10],[20,0,22,10],[25,0,25,18],[34,0,36,10],[34,11,36,18],[42,0,44,10],[42,11,44,18],[28,0,30,10],[53,0,53,13],[56,0,56,18],[10,0,15,0]]}
["General Instructions to MIFRS Appendices"]
["Types of Schedules to File"]
[]
["The purpose of this tab is to provide general instructions.  The specific instructions to each appendix are listed in footnotes of each appendix."]
[]
["The typical applicant is expected to have made capitalization and depreciation policy changes under CGAAP as permitted by the Board on January 1, 2012 or mandated by the Board by January 1, 2013, and adopted IFRS for reporting purposes on January 1, 2015 (transition date January 1, 2014).  In general, applicants under the two scenarios should provide the following information in the appendices:"]
[]
[]
[null,null,null,null,"Accounting Policy Changes in 2012 and Adopted IFRS in 2015","Accounting Policy Changes in 2013 and Adopted IFRS in 2015"]
[null,null,null,null,"(Date of Transition to IFRS 2014)"]
["Information to be filed in 2016 CoS Application",2016,"Test",null,"MIFRS","MIFRS"]
[null,2015,"Bridge",null,"MIFRS","MIFRS"]
[null,2014,"Historical",null," MIFRS and Revised CGAAP*"," MIFRS and Revised CGAAP*"]
[null,2013,"Historical",null,"Revised CGAAP","CGAAP and Revised CGAAP"]
[null,2012,"Historical",null,"CGAAP and Revised CGAAP","CGAAP"]
[null,"2011 and Prior","Historical",null,"CGAAP","CGAAP"]
[]
["1) For the year that the applicant implemented changes to its capitalization and depreciation policies (2012 or 2013), the applicant must file two appendices, one before and one after the policy changes."]
[]
[]
["2)  For the transition year (2014), the applicant may file two appendices, one under Revised CGAAP and one under MIFRS, depending on the materiality of impacts.  See the specific instructions under each appendix below for further details."]
[]
[]
[]
[]
["Appendix 2-BA - Fixed Asset Schedule "]
[]
["Applicants are to provide Appendix 2-BA in accordance with the years and corresponding accounting standards noted in the above table to provide a year over year continuity in fixed assets."]
["*For the transition year (2014), the applicant should file two appendices, one under Revised CGAAP and one under MIFRS if the change between Revised CGAAP and MIFRS is material.  If the change from the accounting standards is not material, the applicant may choose to only provide one appendix under MIFRS.  However, the applicant must also indicate the fixed asset net book value balance under Revised CGAAP, the total dollar value of the change and explain why it is not material."]
[]
[]
[]
["Regulatory Gross Assets of Property, Plant and Equipment"]
[]
["For an applicant that adopted IFRS on January 1, 2015 for financial reporting purposes, the applicant must establish the continuity of historic cost by using the December 31, 2013 regulatory gross assets of property, plant and equipment as the opening January 1, 2014 regulatory gross assets.  The applicant must provide schedules (including Appendix 2-BA, Fixed Asset Continuity Schedule) which must identify the following details to substantiate the continuity of historic cost for regulatory purposes: "]
[]
[]
["·         December 31, 2013 regulatory gross assets of property, plant and equipment, by asset class; and"]
["·         January 1, 2014 regulatory gross assets of property, plant and equipment, by asset class."]
[]
["Accumulated Depreciation"]
[]
["For an applicant that adopted IFRS on January 1, 2015 for financial reporting purposes, the applicant must establish the continuity of historic cost by using the December 31, 2013 regulatory accumulated depreciation as the opening January 1, 2014 regulatory accumulated depreciation.  The applicant must provide schedules (including Appendix 2-BA, Fixed Asset Continuity Schedule) which must identify the following details to substantiate the continuity of historic cost for regulatory purposes: "]
[]
[]
["·         December 31, 2013 regulatory accumulated depreciation, by asset class; and"]
["·         January 1, 2014 regulatory accumulated depreciation, by asset class."]
[]
["Appendix 2-C - Depreciation and Amortization "]
[]
["Applicants are to provide Appendix 2-C starting in the year capitalization and depreciation policy changes were implemented in accordance with the years and corresponding accounting standards listed in the above table.  "]
["If an applicant changed capitalization and depreciation policies effective January 1, 2012 and adopted IFRS for reporting purposes effective January 1, 2015, the applicant must complete Appendix 2-CA to 2-CF (inclusive)."]
["If an applicant changed capitalization and depreciation policies effective January 1, 2013 and adopted IFRS for reporting purposes effective January 1, 2015, the applicant must complete Appendix 2-CG to 2-CK (inclusive)."]
["*Depreciation accounting policy changes were mandated by the Board by January 1, 2013.  These accounting changes should be implemented consistent with the Board’s regulatory accounting policies as set out for MIFRS as contained in the Report of the Board, Transition to International Financial Reporting Standards (EB-2008-0408), the Depreciation Study for Use by Electricity Distributors (EB-2010-0178) and the Revised 2012 Accounting Procedures Handbook for Electricity Distributors.  In general, no further changes to an applicant's depreciation policy (i.e.  assets' service lives) are expected after the Board mandated changes by January 1, 2013.  The set of Appendix CA to CK assumes this to be the case.  If the applicant has made any changes to its depreciation policy subsequent to the Board mandated changes,  applicants must identify the change, explain the nature of the change, the reason for the change, quantify the impact of the change, and quantify the depreciation expense before and after the change."]
[]
[]
["Appendix 2-E - Account 1575, IFRS-CGAAP Transitional PP&E Amounts (2-EA), Account 1576, Accounting Changes Under CGAAP (2-EB, 2-EC)"]
[]
["If an applicant changed capitalization and depreciation policies effective January 1, 2012 and  adopted IFRS for reporting purposes effective January 1, 2015, the applicant must complete Appendix 2-EA and 2-EB.  If the applicant did not make any further PP&E accounting policy changes beyond the capitalization and depreciation policy changes as permitted by the Board on January 1, 2012 (i.e. no further changes made on transition to IFRS), the applicant must indicate this and does not need to complete Appendix 2-EA."]
[]
["If an applicant changed capitalization and depreciation policies effective January 1, 2013 and adopted IFRS for reporting purposes effective January 1, 2015, the applicant must complete Appendix 2-EA  and 2-EC.   If the applicant did not make any further PP&E accounting policy changes beyond the capitalization and depreciation policy changes as mandated by the Board by January 1, 2013 (i.e. no further changes made on transition to IFRS), the applicant must indicate this and does not need to complete Appendix 2-EA."]
[]
["Please refer to section 2.12.4 and 2.12.5 of the Filing Requirements for further details."]
[]
["Appendix 2-YA - Summary of Impacts to Revenue Requirement from Transition to MIFRS"]
[]
["For  applicants adopting MIFRS, the applicants must provide a summary of the dollar impacts of  MIFRS to each component of the revenue requirement (e.g. rate base, operating costs, etc), including the overall impact on the proposed revenue requirement.  Accordingly, the applicants must identify financial differences and resulting revenue requirement impacts arising from the adoption of  MIFRS  as compared to CGAAP prior to capitalization and depreciation policy changes.  "]

{"sheet":"App.2-BA_Fixed Asset Cont","index":8,"n_rows":83,"n_cols":13,"rows_kept":83,"cut":false,"hidden":false,"merged":[[82,1,83,12],[73,1,74,12],[76,1,76,12],[8,0,8,12],[9,0,9,12],[14,3,14,6],[60,2,60,8],[61,2,61,8],[70,1,71,12]]}
[null,null,null,null,null,null,null,null,null,null,null,"File Number:",{"$f":"EBNUMBER","v":0}]
[null,null,null,null,null,null,null,null,null,null,null,"Exhibit:"]
[null,null,null,null,null,null,null,null,null,null,null,"Tab:"]
[null,null,null,null,null,null,null,null,null,null,null,"Schedule:"]
[null,null,null,null,null,null,null,null,null,null,null,"Page:"]
[]
[null,null,null,null,null,null,null,null,null,null,null,"Date:"]
[]
["Appendix 2-BA"]
["Fixed Asset Continuity Schedule 1 "]
[]
[null,null,null,null,"Accounting Standard","MIFRS"]
[null,null,null,null,"Year "]
[]
[null,null,null,"Cost",null,null,null,null,null,"Accumulated Depreciation"]
["CCA Class 2","OEB Account 3","Description 3","Opening Balance","Additions 4","Disposals","Closing Balance",null,"Opening Balance","Additions","Disposals","Closing Balance","Net Book Value"]
[12,1611,"Computer Software (Formally known as Account 1925)",null,null,null,{"$f":"D17+E17+F17","v":0},null,null,null,null,{"$f":"I17+J17+K17","v":0},{"$f":"G17+L17","v":0}]
["CEC",1612,"Land Rights (Formally known as Account 1906)",null,null,null,{"$f":"D18+E18+F18","v":0},null,null,null,null,{"$f":"I18+J18+K18","v":0},{"$f":"G18+L18","v":0}]
["N/A",1805,"Land",null,null,null,{"$f":"D19+E19+F19","v":0},null,null,null,null,{"$f":"I19+J19+K19","v":0},{"$f":"G19+L19","v":0}]
[47,1808,"Buildings",null,null,null,{"$f":"D20+E20+F20","v":0},null,null,null,null,{"$f":"I20+J20+K20","v":0},{"$f":"G20+L20","v":0}]
[13,1810,"Leasehold Improvements",null,null,null,0,null,null,null,null,0,0]
[47,1815,"Transformer Station Equipment >50 kV",null,null,null,0,null,null,null,null,0,0]
[47,1820,"Distribution Station Equipment <50 kV",null,null,null,0,null,null,null,null,0,0]
[47,1825,"Storage Battery Equipment",null,null,null,0,null,null,null,null,0,0]
[47,1830,"Poles, Towers & Fixtures",null,null,null,0,null,null,null,null,0,0]
[47,1835,"Overhead Conductors & Devices",null,null,null,0,null,null,null,null,0,0]
[47,1840,"Underground Conduit",null,null,null,0,null,null,null,null,0,0]
[47,1845,"Underground Conductors & Devices",null,null,null,0,null,null,null,null,0,0]
[47,1850,"Line Transformers",null,null,null,0,null,null,null,null,0,0]
[47,1855,"Services (Overhead & Underground)",null,null,null,0,null,null,null,null,0,0]
[47,1860,"Meters",null,null,null,0,null,null,null,null,0,0]
[47,1860,"Meters (Smart Meters)",null,null,null,0,null,null,null,null,0,0]
["N/A",1905,"Land",null,null,null,0,null,null,null,null,0,0]
[47,1908,"Buildings & Fixtures",null,null,null,0,null,null,null,null,0,0]
[13,1910,"Leasehold Improvements",null,null,null,0,null,null,null,null,0,0]
[8,1915,"Office Furniture & Equipment (10 years)",null,null,null,0,null,null,null,null,0,0]
[8,1915,"Office Furniture & Equipment (5 years)",null,null,null,0,null,null,null,null,0,0]
[10,1920,"Computer Equipment - Hardware",null,null,null,0,null,null,null,null,0,0]
[45,1920,"Computer Equip.-Hardware(Post Mar. 22/04)",null,null,null,0,null,null,null,null,0,0]
[45.1,1920,"Computer Equip.-Hardware(Post Mar. 19/07)",null,null,null,0,null,null,null,null,0,0]
[10,1930,"Transportation Equipment",null,null,null,0,null,null,null,null,0,0]
[8,1935,"Stores Equipment",null,null,null,0,null,null,null,null,0,0]
[8,1940,"Tools, Shop & Garage Equipment",null,null,null,0,null,null,null,null,0,0]
[8,1945,"Measurement & Testing Equipment",null,null,null,0,null,null,null,null,0,0]
[8,1950,"Power Operated Equipment",null,null,null,0,null,null,null,null,0,0]
[8,1955,"Communications Equipment",null,null,null,0,null,null,null,null,0,0]
[8,1955,"Communication Equipment (Smart Meters)",null,null,null,0,null,null,null,null,0,0]
[8,1960,"Miscellaneous Equipment ",null,null,null,0,null,null,null,null,0,0]
[47,1970,"Load Management Controls Customer Premises",null,null,null,0,null,null,null,null,0,0]
[47,1975,"Load Management Controls Utility Premises",null,null,null,0,null,null,null,null,0,0]
[47,1980,"System Supervisor Equipment",null,null,null,0,null,null,null,null,0,0]
[47,1985,"Miscellaneous Fixed Assets",null,null,null,0,null,null,null,null,0,0]
[47,1990,"Other Tangible Property",null,null,null,0,null,null,null,null,0,0]
[47,1995,"Contributions & Grants",null,null,null,0,null,null,null,null,0,0]
[47,2440,"Deferred Revenue5"]
[null,null,null,null,null,null,0,null,null,null,null,0,0]
[null,null,"Sub-Total",{"$f":"SUM(D17:D56)","v":0},{"$f":"SUM(E17:E56)","v":0},{"$f":"SUM(F17:F56)","v":0},{"$f":"SUM(G17:G56)","v":0},null,{"$f":"SUM(I17:I56)","v":0},{"$f":"SUM(J17:J56)","v":0},{"$f":"SUM(K17:K56)","v":0},{"$f":"SUM(L17:L56)","v":0},{"$f":"SUM(M17:M56)","v":0}]
[null,null,"Less Socialized Renewable Energy Generation Investments (input as negative)",null,null,null,{"$f":"D58+E58+F58","v":0},null,null,null,null,{"$f":"I58+J58+K58","v":0},{"$f":"G58+L58","v":0}]
[null,null,"Less Other Non Rate-Regulated Utility Assets (input as negative)",null,null,null,0,null,null,null,null,0,0]
[null,null,"Total PP&E",{"$f":"SUM(D57:D59)","v":0},{"$f":"SUM(E57:E59)","v":0},0,0,null,{"$f":"SUM(I57:I59)","v":0},0,0,0,0]
[null,null,"Depreciation Expense adj. from gain or loss on the retirement of assets (pool of like assets), if applicable6"]
[null,null,"Total",null,null,null,null,null,null,{"$f":"J60+J61","v":0}]
[]
[null,null,null,null,null,null,null,null,"Less: Fully Allocated Depreciation"]
[10,null,"Transportation",null,null,null,null,null,"Transportation"]
[8,null,"Stores Equipment",null,null,null,null,null,"Stores Equipment"]
[null,null,null,null,null,null,null,null,"Net Depreciation",null,{"$f":"J62-K65-K66","v":0}]
[]
["Notes:"]
[]
[1,"Tables in the format outlined above covering all fixed asset accounts should be submitted for the Test Year, Bridge Year and all relevant historical years.  At a minimum , the applicant must provide data for the earlier of: 1) all historical years back to its last rebasing; or 2) at least three years of historical actuals, in addition to Bridge Year and Test Year forecasts."]
[]
[]
[2,"The \"CCA Class\" for fixed assets should agree with the CCA Class used for tax purposes in Tax Returns. Fixed Assets sub-components may be used where the underlying asset components are classified under multiple CCA Classes for tax purposes. If an applicant uses any different classes from those shown in the table, an explanation should be provided. (also see note 3)."]
[]
[]
[3,"The table may need to be customized for a utility's asset categories or for any new asset accounts announced or authorized by the Board."]
[]
[4,"The additions in column (E) must not include construction work in progress (CWIP)."]
[]
[5,"Effective on the date of IFRS adoption, customer contributions will no longer be recorded in Account 1995 Contributions & Grants, but will be recorded in Account 2440, Deferred Revenues.  "]
[]
[6,"Where a distributor for general financial reporting purposes under IFRS has accounted for the amount of gain or loss on the retirement of assets in a pool of like assets as a charge or credit to income, for reporting and rate application filings, the distributor shall reclassify such gains and losses as depreciation expense, and disclose the amount separately."]

{"sheet":"Appendix 2-BB Service Life  ","index":9,"n_rows":107,"n_cols":17,"rows_kept":107,"cut":false,"hidden":false,"merged":[[14,11,14,12],[14,13,14,14],[31,2,31,4],[32,2,32,4],[14,2,14,4],[14,5,14,7],[14,9,15,9],[14,10,15,10],[8,0,8,16],[9,0,9,16],[10,0,10,16],[14,15,14,16],[15,2,15,4],[35,3,35,4],[36,2,36,4],[37,2,37,4],[16,0,32,0],[16,1,18,1],[16,2,18,2],[16,3,16,4],[17,3,18,3],[25,2,25,4],[26,2,26,4],[27,2,27,4],[28,2,28,4],[29,2,29,4],[30,2,30,4],[19,1,21,1],[19,2,21,2],[19,3,19,4],[20,3,21,3],[22,1,24,1],[22,2,24,2],[22,3,22,4],[23,3,24,3],[48,2,48,4],[56,2,56,4],[57,1,58,1],[57,2,58,2],[57,3,57,4],[58,3,58,4],[38,1,40,1],[38,2,40,2],[38,3,38,4],[39,3,39,4],[40,3,40,4],[41,1,42,1],[41,3,41,4],[42,3,42,4],[59,2,59,4],[49,2,49,4],[50,0,68,0],[50,2,50,4],[51,2,51,4],[52,2,52,4],[53,2,53,4],[54,2,54,4],[55,2,55,4],[64,2,64,4],[65,2,65,4],[66,2,66,4],[67,2,67,4],[68,2,68,4],[33,0,49,0],[33,1,35,1],[33,2,35,2],[33,3,33,4],[34,3,34,4],[43,2,43,4],[44,2,44,4],[45,2,45,4],[46,2,46,4],[47,2,47,4],[72,0,72,7],[74,2,74,4],[74,5,75,7],[74,9,75,9],[78,6,78,7],[79,3,79,4],[79,6,79,7],[69,2,69,4],[60,2,60,4],[61,2,61,4],[62,1,63,1],[62,2,63,2],[62,3,62,4],[63,3,63,4],[77,1,79,1],[77,2,79,2],[77,3,77,4],[80,2,80,4],[80,6,80,7],[81,2,81,4],[81,5,81,7],[74,13,74,14],[74,15,74,16],[75,2,75,4],[76,2,76,4],[76,6,76,7],[74,10,75,10],[74,11,74,12],[77,6,77,7],[78,3,78,4],[86,1,87,1],[86,2,87,2],[86,3,86,4],[86,6,86,7],[87,3,87,4],[87,6,87,7],[82,1,85,1],[82,2,85,2],[82,3,82,4],[82,6,82,7],[83,3,83,4],[83,6,83,7],[84,3,84,4],[84,6,84,7],[85,3,85,4],[85,6,85,7],[88,1,91,1],[88,2,91,2],[88,3,88,4],[88,6,88,7],[89,3,89,4],[89,6,89,7],[90,3,90,4],[90,6,90,7],[91,3,91,4],[91,6,91,7],[94,2,94,4],[94,6,94,7],[95,2,95,4],[95,6,95,7],[96,2,96,4],[96,6,96,7],[92,1,93,1],[92,2,93,2],[92,3,92,4],[92,6,92,7],[93,3,93,4],[93,6,93,7],[100,2,100,4],[100,6,100,7],[103,0,103,7],[97,2,97,4],[97,6,97,7],[98,2,98,4],[98,6,98,7],[99,2,99,4],[99,6,99,7]]}
[null,null,null,null,null,null,null,null,null,null,null,null,"File Number:",null,0]
[null,null,null,null,null,null,null,null,null,null,null,null,"Exhibit:"]
[null,null,null,null,null,null,null,null,null,null,null,null,"Tab:"]
[null,null,null,null,null,null,null,null,null,null,null,null,"Schedule:"]
[null,null,null,null,null,null,null,null,null,null,null,null,"Page:"]
[]
[null,null,null,null,null,null,null,null,null,null,null,null,"Date:"]
[]
["Appendix 2-BB"]
["Service Life Comparison"]
["Table F-1 from Kinetrics Report1"]
[]
[]
[]
[null,null,"Asset Details",null,null,"Useful Life",null,null,null,"USoA Account Number","USoA Account Description","Current",null,"Proposed",null,"Outside Range of Min, Max TUL?"]
["Parent*","#","Category| Component | Type",null,null,"MIN UL","TUL","MAX UL",null,null,null,"Years","Rate","Years","Rate","Below Min TUL","Above Max TUL"]
["OH",1,"Fully Dressed Wood Poles","Overall",null,35,45,75,null,null,null,null,{"$f":"IF(ISERROR(1/L17), \"\", 1/L17)","v":""},null,{"$f":"IF(ISERROR(1/N17), \"\", 1/N17)","v":""},{"$f":"IF(ISBLANK(N17),\"\",IF(N17<F17,\"Yes\",\"No\"))","v":""},{"$f":"IF(ISBLANK(N17),\"\",IF(N17>H17,\"Yes\",\"No\"))","v":""}]
[null,null,null,"Cross Arm","Wood",20,40,55,null,null,null,null,{"$f":"IF(ISERROR(1/L18), \"\", 1/L18)","v":""},null,{"$f":"IF(ISERROR(1/N18), \"\", 1/N18)","v":""},{"$f":"IF(ISBLANK(N18),\"\",IF(N18<F18,\"Yes\",\"No\"))","v":""},{"$f":"IF(ISBLANK(N18),\"\",IF(N18>H18,\"Yes\",\"No\"))","v":""}]
[null,null,null,null,"Steel",30,70,95,null,null,null,null,"",null,"","",""]
[null,2,"Fully Dressed Concrete Poles","Overall",null,50,60,80,null,null,null,null,"",null,"","",""]
[null,null,null,"Cross Arm","Wood",20,40,55,null,null,null,null,"",null,"","",""]
[null,null,null,null,"Steel",30,70,95,null,null,null,null,"",null,"","",""]
[null,3,"Fully Dressed Steel Poles","Overall",null,60,60,80,null,null,null,null,"",null,"","",""]
[null,null,null,"Cross Arm","Wood",20,40,55,null,null,null,null,"",null,"","",""]
[null,null,null,null,"Steel",30,70,95,null,null,null,null,"",null,"","",""]
[null,4,"OH Line Switch",null,null,30,45,55,null,null,null,null,"",null,"","",""]
[null,5,"OH Line Switch Motor",null,null,15,25,25,null,null,null,null,"",null,"","",""]
[null,6,"OH Line Switch RTU",null,null,15,20,20,null,null,null,null,"",null,"","",""]
[null,7,"OH Integral Switches",null,null,35,45,60,null,null,null,null,"",null,"","",""]
[null,8,"OH Conductors",null,null,50,60,75,null,null,null,null,"",null,"","",""]
[null,9,"OH Transformers & Voltage Regulators",null,null,30,40,60,null,null,null,null,"",null,"","",""]
[null,10,"OH Shunt Capacitor Banks",null,null,25,30,40,null,null,null,null,"",null,"","",""]
[null,11,"Reclosers",null,null,25,40,55,null,null,null,null,"",null,"","",""]
["TS & MS",12,"Power Transformers","Overall",null,30,45,60,null,null,null,null,"",null,"","",""]
[null,null,null,"Bushing",null,10,20,30,null,null,null,null,"",null,"","",""]
[null,null,null,"Tap Changer",null,20,30,60,null,null,null,null,"",null,"","",""]
[null,13,"Station Service Transformer",null,null,30,45,55,null,null,null,null,"",null,"","",""]
[null,14,"Station Grounding Transformer",null,null,30,40,40,null,null,null,null,"",null,"","",""]
[null,15,"Station DC System","Overall",null,10,20,30,null,null,null,null,"",null,"","",""]
[null,null,null,"Battery Bank",null,10,15,15,null,null,null,null,"",null,"","",""]
[null,null,null,"Charger",null,20,20,30,null,null,null,null,"",null,"","",""]
[null,16,"Station Metal Clad Switchgear","Overall",null,30,40,60,null,null,null,null,"",null,"","",""]
[null,null,null,"Removable Breaker",null,25,40,60,null,null,null,null,"",null,"","",""]
[null,17,"Station Independent Breakers",null,null,35,45,65,null,null,null,null,"",null,"","",""]
[null,18,"Station Switch",null,null,30,50,60,null,null,null,null,"",null,"","",""]
[null,19,"Electromechanical Relays",null,null,25,35,50,null,null,null,null,"",null,"","",""]
[null,20,"Solid State Relays",null,null,10,30,45,null,null,null,null,"",null,"","",""]
[null,21,"Digital & Numeric Relays",null,null,15,20,20,null,null,null,null,"",null,"","",""]
[null,22,"Rigid Busbars",null,null,30,55,60,null,null,null,null,"",null,"","",""]
[null,23,"Steel Structure",null,null,35,50,90,null,null,null,null,"",null,"","",""]
["UG",24,"Primary Paper Insulated Lead Covered (PILC) Cables",null,null,60,65,75,null,null,null,null,"",null,"","",""]
[null,25,"Primary Ethylene-Propylene Rubber (EPR) Cables",null,null,20,25,25,null,null,null,null,"",null,"","",""]
[null,26,"Primary Non-Tree Retardant (TR) Cross Linked \nPolyethylene (XLPE) Cables Direct Buried",null,null,20,25,30,null,null,null,null,"",null,"","",""]
[null,27,"Primary Non-TR XLPE Cables in Duct",null,null,20,25,30,null,null,null,null,"",null,"","",""]
[null,30,"Secondary PILC Cables",null,null,70,75,80,null,null,null,null,"",null,"","",""]
[null,31,"Secondary Cables Direct Buried",null,null,25,35,40,null,null,null,null,"",null,"","",""]
[null,32,"Secondary Cables in Duct",null,null,35,40,60,null,null,null,null,"",null,"","",""]
[null,33,"Network Tranformers","Overall",null,20,35,50,null,null,null,null,"",null,"","",""]
[null,null,null,"Protector",null,20,35,40,null,null,null,null,"",null,"","",""]
[null,34,"Pad-Mounted Transformers",null,null,25,40,45,null,null,null,null,"",null,"","",""]
[null,35,"Submersible/Vault Transformers",null,null,25,35,45,null,null,null,null,"",null,"","",""]
[null,36,"UG Foundation",null,null,35,55,70,null,null,null,null,"",null,"","",""]
[null,37,"UG Vaults","Overall",null,40,60,80,null,null,null,null,"",null,"","",""]
[null,null,null,"Roof",null,20,30,45,null,null,null,null,"",null,"","",""]
[null,38,"UG Vault Switches",null,null,20,35,50,null,null,null,null,"",null,"","",""]
[null,39,"Pad-Mounted Switchgear",null,null,20,30,45,null,null,null,null,"",null,"","",""]
[null,40,"Ducts",null,null,30,50,85,null,null,null,null,"",null,"","",""]
[null,41,"Concrete Encased Duct Banks",null,null,35,55,80,null,null,null,null,"",null,"","",""]
[null,42,"Cable Chambers",null,null,50,60,80,null,null,null,null,"",null,"","",""]
["S",43,"Remote SCADA",null,null,15,20,30,null,null,null,null,"",null,"","",""]
[]
[]
["Table F-2 from Kinetrics Report1"]
[]
[null,null,"Asset Details",null,null,"Useful Life Range",null,null,null,"USoA Account Number","USoA Account Description","Current",null,"Proposed",null,"Outside Range of Min, Max TUL?"]
[null,"#","Category| Component | Type",null,null,null,null,null,null,null,null,"Years","Rate","Years","Rate","Below Min Range","Above Max Range"]
[null,1,"Office Equipment",null,null,5,15,null,null,null,null,null,{"$f":"IF(ISERROR(1/L77), \"\", 1/L77)","v":""},null,{"$f":"IF(ISERROR(1/N77), \"\", 1/N77)","v":""},{"$f":"IF(ISBLANK(N77),\"\",IF(N77<F77,\"Yes\",\"No\"))","v":""},{"$f":"IF(ISBLANK(N77),\"\",IF(N77>G77,\"Yes\",\"No\"))","v":""}]
[null,2,"Vehicles","Trucks & Buckets",null,5,15,null,null,null,null,null,{"$f":"IF(ISERROR(1/L78), \"\", 1/L78)","v":""},null,{"$f":"IF(ISERROR(1/N78), \"\", 1/N78)","v":""},{"$f":"IF(ISBLANK(N78),\"\",IF(N78<F78,\"Yes\",\"No\"))","v":""},{"$f":"IF(ISBLANK(N78),\"\",IF(N78>G78,\"Yes\",\"No\"))","v":""}]
[null,null,null,"Trailers",null,5,20,null,null,null,null,null,"",null,"","",""]
[null,null,null,"Vans",null,5,10,null,null,null,null,null,"",null,"","",""]
[null,3,"Administrative Buildings",null,null,50,75,null,null,null,null,null,"",null,"","",""]
[null,4,"Leasehold Improvements",null,null,"Lease dependent",null,null,null,null,null,null,"",null,""]
[null,5,"Station Buildings","Station Buildings",null,50,75,null,null,null,null,null,"",null,"","",""]
[null,null,null,"Parking",null,25,30,null,null,null,null,null,"",null,"","",""]
[null,null,null,"Fence",null,25,60,null,null,null,null,null,"",null,"","",""]
[null,null,null,"Roof",null,20,30,null,null,null,null,null,"",null,"","",""]
[null,6,"Computer Equipment","Hardware",null,3,5,null,null,null,null,null,"",null,"","",""]
[null,null,null,"Software",null,2,5,null,null,null,null,null,"",null,"","",""]
[null,7,"Equipment","Power Operated",null,5,10,null,null,null,null,null,"",null,"","",""]
[null,null,null,"Stores",null,5,10,null,null,null,null,null,"",null,"","",""]
[null,null,null,"Tools, Shop, Garage Equipment",null,5,10,null,null,null,null,null,"",null,"","",""]
[null,null,null,"Measurement & Testing Equipment",null,5,10,null,null,null,null,null,"",null,"","",""]
[null,8,"Communication","Towers",null,60,70,null,null,null,null,null,"",null,"","",""]
[null,null,null,"Wireless",null,2,10,null,null,null,null,null,"",null,"","",""]
[null,9,"Residential Energy Meters",null,null,25,35,null,null,null,null,null,"",null,"","",""]
[null,10,"Industrial/Commercial Energy Meters",null,null,25,35,null,null,null,null,null,"",null,"","",""]
[null,11,"Wholesale Energy Meters",null,null,15,30,null,null,null,null,null,"",null,"","",""]
[null,12,"Current & Potential Transformer (CT & PT)",null,null,35,50,null,null,null,null,null,"",null,"","",""]
[null,13,"Smart Meters",null,null,5,15,null,null,null,null,null,"",null,"","",""]
[null,14,"Repeaters - Smart Metering",null,null,10,15,null,null,null,null,null,"",null,"","",""]
[null,15,"Data Collectors - Smart Metering",null,null,15,20,null,null,null,null,null,"",null,"","",""]
[]
[]
["* TS & MS = Transformer and Municipal Stations UG = Underground Systems S = Monitoring and Control Systems"]
[]
["Note 1:","Tables F-1 and F-2 above are to be used as a reference in order to complete columns J, K, L and N."]
[null,"See pages 17-19 of Kinetrics Report"]

{"sheet":"App.2-CA_OldCGAAP_DepExp_2012","index":10,"n_rows":62,"n_cols":12,"rows_kept":62,"cut":false,"hidden":false,"merged":[[58,1,58,11],[59,1,60,9],[61,1,62,11],[8,0,8,11],[9,0,9,11],[14,0,15,0],[14,1,15,1],[14,10,15,10],[10,1,10,10]]}
[null,null,null,null,null,null,null,null,null,null,"File Number:",{"$f":"EBNUMBER","v":0}]
[null,null,null,null,null,null,null,null,null,null,"Exhibit:"]
[null,null,null,null,null,null,null,null,null,null,"Tab:"]
[null,null,null,null,null,null,null,null,null,null,"Schedule:"]
[null,null,null,null,null,null,null,null,null,null,"Page:"]
[]
[null,null,null,null,null,null,null,null,null,null,"Date:"]
[]
["Appendix 2-CA"]
["Depreciation and Amortization Expense"]
[null,"Assumes the applicant made capitalization and depreciation expense accounting policy changes under CGAAP effective January 1, 2012 and has adopted IFRS for financial reporting purposes effective January 1, 2015."]
[]
[null,null,"Year",2012,"Former CGAAP"]
[]
["Account","Description","Opening Regulatory Gross PP&E as at Jan 1, 2012","Less Fully Depreciated","Net for Depreciation","Additions","Total for Depreciation 1","Years","Depreciation Rate","Depreciation Expense","2012 Depreciation Expense per Appendix 2-BA Fixed Assets, Column J \n (l)","Variance 2"]
[null,null,"(a)","(b)","(c)","(d)","(e) = (c) + ½ x (d) ","(f)","(g) = 1 / (f)","(h) = (e) / (f)",null,"(m) = (h) - (l)"]
[1611,"Computer Software (Formally known as Account 1925)",null,null,{"$f":"C17-D17","v":0},null,{"$f":"E17+0.5*F17","v":0},null,{"$f":"IF(H17=0,0,1/H17)","v":0},{"$f":"IF(H17=0,0,G17/H17)","v":0},null,{"$f":"IF(ISERROR(+J17-K17), 0, +J17-K17)","v":0}]
[1612,"Land Rights (Formally known as Account 1906)",null,null,{"$f":"C18-D18","v":0},null,{"$f":"E18+0.5*F18","v":0},null,0,0,null,0]
[1805,"Land",null,null,0,null,0,null,0,0,null,0]
[1808,"Buildings",null,null,0,null,0,null,0,0,null,0]
[1810,"Leasehold Improvements",null,null,0,null,0,null,0,0,null,0]
[1815,"Transformer Station Equipment >50 kV",null,null,0,null,0,null,0,0,null,0]
[1820,"Distribution Station Equipment <50 kV",null,null,0,null,0,null,0,0,null,0]
[1825,"Storage Battery Equipment",null,null,0,null,0,null,0,0,null,0]
[1830,"Poles, Towers & Fixtures",null,null,0,null,0,null,0,0,null,0]
[1835,"Overhead Conductors & Devices",null,null,0,null,0,null,0,0,null,0]
[1840,"Underground Conduit",null,null,0,null,0,null,0,0,null,0]
[1845,"Underground Conductors & Devices",null,null,0,null,0,null,0,0,null,0]
[1850,"Line Transformers",null,null,0,null,0,null,0,0,null,0]
[1855,"Services (Overhead & Underground)",null,null,0,null,0,null,0,0,null,0]
[1860,"Meters",null,null,0,null,0,null,0,0,null,0]
[1860,"Meters (Smart Meters)",null,null,0,null,0,null,0,0,null,0]
[1905,"Land",null,null,0,null,0,null,0,0,null,0]
[1908,"Buildings & Fixtures",null,null,0,null,0,null,0,0,null,0]
[1910,"Leasehold Improvements",null,null,0,null,0,null,0,0,null,0]
[1915,"Office Furniture & Equipment (10 years)",null,null,0,null,0,null,0,0,null,0]
[1915,"Office Furniture & Equipment (5 years)",null,null,0,null,0,null,0,0,null,0]
[1920,"Computer Equipment - Hardware",null,null,0,null,0,null,0,0,null,0]
[1920,"Computer Equip.-Hardware(Post Mar. 22/04)",null,null,0,null,0,null,0,0,null,0]
[1920,"Computer Equip.-Hardware(Post Mar. 19/07)",null,null,0,null,0,null,0,0,null,0]
[1930,"Transportation Equipment",null,null,0,null,0,null,0,0,null,0]
[1935,"Stores Equipment",null,null,0,null,0,null,0,0,null,0]
[1940,"Tools, Shop & Garage Equipment",null,null,0,null,0,null,0,0,null,0]
[1945,"Measurement & Testing Equipment",null,null,0,null,0,null,0,0,null,0]
[1950,"Power Operated Equipment",null,null,0,null,0,null,0,0,null,0]
[1955,"Communications Equipment",null,null,0,null,0,null,0,0,null,0]
[1955,"Communication Equipment (Smart Meters)",null,null,0,null,0,null,0,0,null,0]
[1960,"Miscellaneous Equipment ",null,null,0,null,0,null,0,0,null,0]
[1970,"Load Management Controls Customer Premises",null,null,0,null,0,null,0,0,null,0]
[1975,"Load Management Controls Utility Premises",null,null,0,null,0,null,0,0,null,0]
[1980,"System Supervisor Equipment",null,null,0,null,0,null,0,0,null,0]
[1985,"Miscellaneous Fixed Assets",null,null,0,null,0,null,0,0,null,0]
[1990,"Other Tangible Property",null,null,0,null,0,null,0,0,null,0]
[1995,"Contributions & Grants",null,null,0,null,0,null,0,0,null,0]
[null,"Total",{"$f":"SUM(C17:C54)","v":0},{"$f":"SUM(D17:D54)","v":0},{"$f":"SUM(E17:E54)","v":0},{"$f":"SUM(F17:F54)","v":0},{"$f":"SUM(G17:G54)","v":0},null,null,{"$f":"SUM(J17:J54)","v":0},{"$f":"SUM(K17:K54)","v":0},{"$f":"SUM(L17:L54)","v":0}]
[]
["Notes:"]
[]
[1,"Board policy of the \"half-year\" rule - the applicant must ensure that additions in the year attract a half-year depreciation expense in the first year.  Deviations from this standard practice must be supported in the application."]
[2,"The applicant must provide an explanation of material variances in evidence."]
[]
["General","Applicants must provide a breakdown of depreciation and amortization expense in the above format for all relevant accounts.  Asset Retirement Obligations (AROs), depreciation and accretion expense should be disclosed separately consistent with the Notes of historical Audited Financial Statements."]

{"sheet":"App.2-CB_NewCGAAP_DepExp_2012","index":11,"n_rows":66,"n_cols":15,"rows_kept":66,"cut":false,"hidden":false,"merged":[[65,1,66,14],[58,1,58,14],[59,1,59,14],[60,1,60,14],[61,1,61,14],[62,1,62,14],[63,1,63,14],[8,0,8,14],[9,0,9,14],[10,0,10,14],[14,0,15,0],[14,1,15,1],[14,10,15,10],[14,13,15,13]]}
[null,null,null,null,null,null,null,null,null,null,null,null,null,"File Number:",{"$f":"EBNUMBER","v":0}]
[null,null,null,null,null,null,null,null,null,null,null,null,null,"Exhibit:"]
[null,null,null,null,null,null,null,null,null,null,null,null,null,"Tab:"]
[null,null,null,null,null,null,null,null,null,null,null,null,null,"Schedule:"]
[null,null,null,null,null,null,null,null,null,null,null,null,null,"Page:"]
[]
[null,null,null,null,null,null,null,null,null,null,null,null,null,"Date:"]
[]
["Appendix 2-CB"]
["Depreciation and Amortization Expense"]
["Assumes the applicant made capitalization and depreciation expense accounting policy changes under CGAAP effective January 1, 2012 and has adopted IFRS for financial reporting purposes effective January 1, 2015."]
[]
[null,null,"Year",2012,"Revised CGAAP "]
[]
["Account","Description","Opening NBV as at Jan 1, 2012 5","Additions","Average Remaining Life of Opening NBV 4","Years (new additions only) 3","Depreciation Rate on New Additions","Depreciation Expense on Opening NBV","Depreciation Expense on Additions 1","2012 Depreciation Expense","2012 Depreciation Expense per Appendix 2-BA Fixed Assets, Column J \n (l)","Variance 2","Depreciation Expense on 2012 Full Year Additions","Less Depreciation Expense on Assets Fully Depreciated during the year\n(o)","2012 Full Year Depreciation 6"]
[null,null,"(a)","(d)","(i)","(f)","(g) = 1 / (f)","(j) = (a) / (i)","(h)=((d)*0.5)/(f) ","(k) = (j) + (h)",null,"(m) = (k) - (l)","(n) = (d)/(f) ",null,"(p) = (j) + (n) - (o)"]
[1611,"Computer Software (Formally known as Account 1925)",null,null,null,null,{"$f":"IF(F17=0,0,1/F17)","v":0},{"$f":"IF(E17=0,0,+C17/E17)","v":0},{"$f":"IF(F17=0,0,+(D17*0.5)/F17)","v":0},{"$f":"IF(ISERROR(+H17+I17), 0, +H17+I17)","v":0},null,{"$f":"IF(ISERROR(+J17-K17), 0, +J17-K17)","v":0},{"$f":"IF(F17=0,0,+(D17)/F17)","v":0},null,{"$f":"IF(ISERROR(+M17+H17-N17), 0, +M17+H17-N17)","v":0}]
[1612,"Land Rights (Formally known as Account 1906)",null,null,null,null,0,0,0,0,null,0,0,null,{"$f":"IF(ISERROR(+M18+H18-N18), 0, +M18+H18-N18)","v":0}]
[1805,"Land",null,null,null,null,0,0,0,0,null,0,0,null,0]
[1808,"Buildings",null,null,null,null,0,0,0,0,null,0,0,null,0]
[1810,"Leasehold Improvements",null,null,null,null,0,0,0,0,null,0,0,null,0]
[1815,"Transformer Station Equipment >50 kV",null,null,null,null,0,0,0,0,null,0,0,null,0]
[1820,"Distribution Station Equipment <50 kV",null,null,null,null,0,0,0,0,null,0,0,null,0]
[1825,"Storage Battery Equipment",null,null,null,null,0,0,0,0,null,0,0,null,0]
[1830,"Poles, Towers & Fixtures",null,null,null,null,0,0,0,0,null,0,0,null,0]
[1835,"Overhead Conductors & Devices",null,null,null,null,0,0,0,0,null,0,0,null,0]
[1840,"Underground Conduit",null,null,null,null,0,0,0,0,null,0,0,null,0]
[1845,"Underground Conductors & Devices",null,null,null,null,0,0,0,0,null,0,0,null,0]
[1850,"Line Transformers",null,null,null,null,0,0,0,0,null,0,0,null,0]
[1855,"Services (Overhead & Underground)",null,null,null,null,0,0,0,0,null,0,0,null,0]
[1860,"Meters",null,null,null,null,0,0,0,0,null,0,0,null,0]
[1860,"Meters (Smart Meters)",null,null,null,null,0,0,0,0,null,0,0,null,0]
[1905,"Land",null,null,null,null,0,0,0,0,null,0,0,null,0]
[1908,"Buildings & Fixtures",null,null,null,null,0,0,0,0,null,0,0,null,0]
[1910,"Leasehold Improvements",null,null,null,null,0,0,0,0,null,0,0,null,0]
[1915,"Office Furniture & Equipment (10 years)",null,null,null,null,0,0,0,0,null,0,0,null,0]
[1915,"Office Furniture & Equipment (5 years)",null,null,null,null,0,0,0,0,null,0,0,null,0]
[1920,"Computer Equipment - Hardware",null,null,null,null,0,0,0,0,null,0,0,null,0]
[1920,"Computer Equip.-Hardware(Post Mar. 22/04)",null,null,null,null,0,0,0,0,null,0,0,null,0]
[1920,"Computer Equip.-Hardware(Post Mar. 19/07)",null,null,null,null,0,0,0,0,null,0,0,null,0]
[1930,"Transportation Equipment",null,null,null,null,0,0,0,0,null,0,0,null,0]
[1935,"Stores Equipment",null,null,null,null,0,0,0,0,null,0,0,null,0]
[1940,"Tools, Shop & Garage Equipment",null,null,null,null,0,0,0,0,null,0,0,null,0]
[1945,"Measurement & Testing Equipment",null,null,null,null,0,0,0,0,null,0,0,null,0]
[1950,"Power Operated Equipment",null,null,null,null,0,0,0,0,null,0,0,null,0]
[1955,"Communications Equipment",null,null,null,null,0,0,0,0,null,0,0,null,0]
[1955,"Communication Equipment (Smart Meters)",null,null,null,null,0,0,0,0,null,0,0,null,0]
[1960,"Miscellaneous Equipment ",null,null,null,null,0,0,0,0,null,0,0,null,0]
[1970,"Load Management Controls Customer Premises",null,null,null,null,0,0,0,0,null,0,0,null,0]
[1975,"Load Management Controls Utility Premises",null,null,null,null,0,0,0,0,null,0,0,null,0]
[1980,"System Supervisor Equipment",null,null,null,null,0,0,0,0,null,0,0,null,0]
[1985,"Miscellaneous Fixed Assets",null,null,null,null,0,0,0,0,null,0,0,null,0]
[1990,"Other Tangible Property",null,null,null,null,0,0,0,0,null,0,0,null,0]
[1995,"Contributions & Grants",null,null,null,null,0,0,0,0,null,0,0,null,0]
[null,"Total",{"$f":"SUM(C17:C54)","v":0},{"$f":"SUM(D17:D54)","v":0},null,null,null,{"$f":"SUM(H17:H54)","v":0},0,0,0,0,0,0,0]
[]
["Notes:"]
[]
[1,"Board policy of the \"half-year\" rule - the applicant must ensure that additions in the year attract a half-year depreciation expense in the first year.  Deviations from this standard practice must be supported in the application."]
[2,"The applicant must provide an explanation of material variances in evidence."]
[3,"The applicant should ensure that the years for new additions of assets are the asset useful lives determined by management in accordance with the Board's regulatory accounting policies.   The capitalization and depreciation expense accounting changes should be implemented consistent with the Board’s regulatory accounting policies as set out for modified IFRS as contained in the Report of the Board, Transition to International Financial Reporting Standards, EB-2008-0408, the Kinectrics Report, and the Revised 2012 Accounting Procedures Handbook for Electricity Distributors (“APH”)."]
[4,"A recalculation should be performed to determine the average remaining life of opening balance of assets (i.e. excluding 2012 additions) under the change in policies under CGAAP.  For example, Asset A had a useful life of 20 years under CGAAP without the change in policies.  On January 1, 2012, the effective date of the changes in policies, Asset A was 3 years depreciated. As a result, Asset A would have a remaining service life of 17 years (20 years less 3 years) as of January 1, 2012.  Due to making the change in policies under CGAAP, management re-assessed the asset useful lives and concluded that the revised useful life of Asset A is now 30 years. Therefore, the average remaining useful life of the opening balance of Asset A is determined to be 27 years (30 years less 3 years) under the revised CGAAP as of January 1, 2012."]
[5," NBV must exclude assets still on the books but which have been fully amortized or depreciated."]
[6,"This column refers to the calculated full year depreciation but excludes the depreciation expense on assets fully depreciated during the year.  This column is used for the purpose of calculating depreciation expense in the following year on the next worksheet."]
[]
["General:","Applicants must provide a breakdown of depreciation and amortization expense in the above format for all relevant accounts.  Asset Retirement Obligations (AROs), depreciation and accretion expense should be disclosed separately consistent with the Notes of historical Audited Financial Statements."]

{"sheet":"App.2-CC_NewCGAAP_DepExp_2013","index":12,"n_rows":62,"n_cols":11,"rows_kept":62,"cut":false,"hidden":false,"merged":[[57,1,57,10],[58,1,58,10],[59,1,59,10],[61,1,62,10],[8,0,8,10],[9,0,9,10],[10,0,10,10],[14,0,15,0],[14,1,15,1],[14,6,15,6],[14,9,15,9]]}
[null,null,null,null,null,null,null,null,null,"File Number:",{"$f":"EBNUMBER","v":0}]
[null,null,null,null,null,null,null,null,null,"Exhibit:"]
[null,null,null,null,null,null,null,null,null,"Tab:"]
[null,null,null,null,null,null,null,null,null,"Schedule:"]
[null,null,null,null,null,null,null,null,null,"Page:"]
[]
[null,null,null,null,null,null,null,null,null,"Date:"]
[]
["Appendix 2-CC"]
["Depreciation and Amortization Expense"]
["Assumes the applicant made capitalization and depreciation expense accounting policy changes under CGAAP effective January 1, 2012 and has adopted IFRS for financial reporting purposes effective January 1, 2015."]
[]
[null,null,2013,"Revised CGAAP "]
[]
["Account","Description","Additions","Years (new additions only)","Depreciation Rate on New Additions","2013 Depreciation Expense 1","2013 Depreciation Expense per Apppendix 2-BA Fixed Assets, Column J\n (l)","Variance 2","Depreciation Expense on 2013 Full Year Additions","Less Depreciation Expense on Assets Fully Depreciated during the year\n(o)","2013 Full Year Depreciation 3"]
[null,null,"(d)","(f)","(g) = 1 / (f)","(h)=2012 Full Year Deprecation + ((d)*0.5)/(f) ",null,"(m) = (h) - (l)","(n)=((d))/(f) ",null,"(p) = 2012 Full Year Depreciation  + (n) - (o)"]
[1611,"Computer Software (Formally known as Account 1925)",null,null,{"$f":"IF(D17=0,0,1/D17)","v":0},{"$f":"IF(D17=0,+'App.2-CB_NewCGAAP_DepExp_2012'!O17,+'App.2-CB_NewCGAAP_DepExp_2012'!O17+((C17*0.5)/D17))","v":0},null,{"$f":"IF(ISERROR(+F17-G17), 0, +F17-G17)","v":0},{"$f":"IF(D17=0,0,+(C17)/D17)","v":0},null,{"$f":"IF(ISERROR(+I17+'App.2-CB_NewCGAAP_DepExp_2012'!O17-J17), 0, +I17+'App.2-CB_NewCGAAP_DepExp_2012'!O17-J17)","v":0}]
[1612,"Land Rights (Formally known as Account 1906)",null,null,0,{"$f":"IF(D18=0,+'App.2-CB_NewCGAAP_DepExp_2012'!O18,+'App.2-CB_NewCGAAP_DepExp_2012'!O18+((C18*0.5)/D18))","v":0},null,0,0,null,{"$f":"IF(ISERROR(+I18+'App.2-CB_NewCGAAP_DepExp_2012'!O18-J18), 0, +I18+'App.2-CB_NewCGAAP_DepExp_2012'!O18-J18)","v":0}]
[1805,"Land",null,null,0,{"$f":"IF(D19=0,+'App.2-CB_NewCGAAP_DepExp_2012'!O19,+'App.2-CB_NewCGAAP_DepExp_2012'!O19+((C19*0.5)/D19))","v":0},null,0,0,null,{"$f":"IF(ISERROR(+I19+'App.2-CB_NewCGAAP_DepExp_2012'!O19-J19), 0, +I19+'App.2-CB_NewCGAAP_DepExp_2012'!O19-J19)","v":0}]
[1808,"Buildings",null,null,0,{"$f":"IF(D20=0,+'App.2-CB_NewCGAAP_DepExp_2012'!O20,+'App.2-CB_NewCGAAP_DepExp_2012'!O20+((C20*0.5)/D20))","v":0},null,0,0,null,{"$f":"IF(ISERROR(+I20+'App.2-CB_NewCGAAP_DepExp_2012'!O20-J20), 0, +I20+'App.2-CB_NewCGAAP_DepExp_2012'!O20-J20)","v":0}]
[1810,"Leasehold Improvements",null,null,0,{"$f":"IF(D21=0,+'App.2-CB_NewCGAAP_DepExp_2012'!O21,+'App.2-CB_NewCGAAP_DepExp_2012'!O21+((C21*0.5)/D21))","v":0},null,0,0,null,{"$f":"IF(ISERROR(+I21+'App.2-CB_NewCGAAP_DepExp_2012'!O21-J21), 0, +I21+'App.2-CB_NewCGAAP_DepExp_2012'!O21-J21)","v":0}]
[1815,"Transformer Station Equipment >50 kV",null,null,0,{"$f":"IF(D22=0,+'App.2-CB_NewCGAAP_DepExp_2012'!O22,+'App.2-CB_NewCGAAP_DepExp_2012'!O22+((C22*0.5)/D22))","v":0},null,0,0,null,{"$f":"IF(ISERROR(+I22+'App.2-CB_NewCGAAP_DepExp_2012'!O22-J22), 0, +I22+'App.2-CB_NewCGAAP_DepExp_2012'!O22-J22)","v":0}]
[1820,"Distribution Station Equipment <50 kV",null,null,0,{"$f":"IF(D23=0,+'App.2-CB_NewCGAAP_DepExp_2012'!O23,+'App.2-CB_NewCGAAP_DepExp_2012'!O23+((C23*0.5)/D23))","v":0},null,0,0,null,{"$f":"IF(ISERROR(+I23+'App.2-CB_NewCGAAP_DepExp_2012'!O23-J23), 0, +I23+'App.2-CB_NewCGAAP_DepExp_2012'!O23-J23)","v":0}]
[1825,"Storage Battery Equipment",null,null,0,{"$f":"IF(D24=0,+'App.2-CB_NewCGAAP_DepExp_2012'!O24,+'App.2-CB_NewCGAAP_DepExp_2012'!O24+((C24*0.5)/D24))","v":0},null,0,0,null,{"$f":"IF(ISERROR(+I24+'App.2-CB_NewCGAAP_DepExp_2012'!O24-J24), 0, +I24+'App.2-CB_NewCGAAP_DepExp_2012'!O24-J24)","v":0}]
[1830,"Poles, Towers & Fixtures",null,null,0,{"$f":"IF(D25=0,+'App.2-CB_NewCGAAP_DepExp_2012'!O25,+'App.2-CB_NewCGAAP_DepExp_2012'!O25+((C25*0.5)/D25))","v":0},null,0,0,null,{"$f":"IF(ISERROR(+I25+'App.2-CB_NewCGAAP_DepExp_2012'!O25-J25), 0, +I25+'App.2-CB_NewCGAAP_DepExp_2012'!O25-J25)","v":0}]
[1835,"Overhead Conductors & Devices",null,null,0,{"$f":"IF(D26=0,+'App.2-CB_NewCGAAP_DepExp_2012'!O26,+'App.2-CB_NewCGAAP_DepExp_2012'!O26+((C26*0.5)/D26))","v":0},null,0,0,null,{"$f":"IF(ISERROR(+I26+'App.2-CB_NewCGAAP_DepExp_2012'!O26-J26), 0, +I26+'App.2-CB_NewCGAAP_DepExp_2012'!O26-J26)","v":0}]
[1840,"Underground Conduit",null,null,0,{"$f":"IF(D27=0,+'App.2-CB_NewCGAAP_DepExp_2012'!O27,+'App.2-CB_NewCGAAP_DepExp_2012'!O27+((C27*0.5)/D27))","v":0},null,0,0,null,{"$f":"IF(ISERROR(+I27+'App.2-CB_NewCGAAP_DepExp_2012'!O27-J27), 0, +I27+'App.2-CB_NewCGAAP_DepExp_2012'!O27-J27)","v":0}]
[1845,"Underground Conductors & Devices",null,null,0,{"$f":"IF(D28=0,+'App.2-CB_NewCGAAP_DepExp_2012'!O28,+'App.2-CB_NewCGAAP_DepExp_2012'!O28+((C28*0.5)/D28))","v":0},null,0,0,null,{"$f":"IF(ISERROR(+I28+'App.2-CB_NewCGAAP_DepExp_2012'!O28-J28), 0, +I28+'App.2-CB_NewCGAAP_DepExp_2012'!O28-J28)","v":0}]
[1850,"Line Transformers",null,null,0,{"$f":"IF(D29=0,+'App.2-CB_NewCGAAP_DepExp_2012'!O29,+'App.2-CB_NewCGAAP_DepExp_2012'!O29+((C29*0.5)/D29))","v":0},null,0,0,null,{"$f":"IF(ISERROR(+I29+'App.2-CB_NewCGAAP_DepExp_2012'!O29-J29), 0, +I29+'App.2-CB_NewCGAAP_DepExp_2012'!O29-J29)","v":0}]
[1855,"Services (Overhead & Underground)",null,null,0,{"$f":"IF(D30=0,+'App.2-CB_NewCGAAP_DepExp_2012'!O30,+'App.2-CB_NewCGAAP_DepExp_2012'!O30+((C30*0.5)/D30))","v":0},null,0,0,null,{"$f":"IF(ISERROR(+I30+'App.2-CB_NewCGAAP_DepExp_2012'!O30-J30), 0, +I30+'App.2-CB_NewCGAAP_DepExp_2012'!O30-J30)","v":0}]
[1860,"Meters",null,null,0,{"$f":"IF(D31=0,+'App.2-CB_NewCGAAP_DepExp_2012'!O31,+'App.2-CB_NewCGAAP_DepExp_2012'!O31+((C31*0.5)/D31))","v":0},null,0,0,null,{"$f":"IF(ISERROR(+I31+'App.2-CB_NewCGAAP_DepExp_2012'!O31-J31), 0, +I31+'App.2-CB_NewCGAAP_DepExp_2012'!O31-J31)","v":0}]
[1860,"Meters (Smart Meters)",null,null,0,{"$f":"IF(D32=0,+'App.2-CB_NewCGAAP_DepExp_2012'!O32,+'App.2-CB_NewCGAAP_DepExp_2012'!O32+((C32*0.5)/D32))","v":0},null,0,0,null,{"$f":"IF(ISERROR(+I32+'App.2-CB_NewCGAAP_DepExp_2012'!O32-J32), 0, +I32+'App.2-CB_NewCGAAP_DepExp_2012'!O32-J32)","v":0}]
[1905,"Land",null,null,0,{"$f":"IF(D33=0,+'App.2-CB_NewCGAAP_DepExp_2012'!O33,+'App.2-CB_NewCGAAP_DepExp_2012'!O33+((C33*0.5)/D33))","v":0},null,0,0,null,{"$f":"IF(ISERROR(+I33+'App.2-CB_NewCGAAP_DepExp_2012'!O33-J33), 0, +I33+'App.2-CB_NewCGAAP_DepExp_2012'!O33-J33)","v":0}]
[1908,"Buildings & Fixtures",null,null,0,{"$f":"IF(D34=0,+'App.2-CB_NewCGAAP_DepExp_2012'!O34,+'App.2-CB_NewCGAAP_DepExp_2012'!O34+((C34*0.5)/D34))","v":0},null,0,0,null,{"$f":"IF(ISERROR(+I34+'App.2-CB_NewCGAAP_DepExp_2012'!O34-J34), 0, +I34+'App.2-CB_NewCGAAP_DepExp_2012'!O34-J34)","v":0}]
[1910,"Leasehold Improvements",null,null,0,{"$f":"IF(D35=0,+'App.2-CB_NewCGAAP_DepExp_2012'!O35,+'App.2-CB_NewCGAAP_DepExp_2012'!O35+((C35*0.5)/D35))","v":0},null,0,0,null,{"$f":"IF(ISERROR(+I35+'App.2-CB_NewCGAAP_DepExp_2012'!O35-J35), 0, +I35+'App.2-CB_NewCGAAP_DepExp_2012'!O35-J35)","v":0}]
[1915,"Office Furniture & Equipment (10 years)",null,null,0,{"$f":"IF(D36=0,+'App.2-CB_NewCGAAP_DepExp_2012'!O36,+'App.2-CB_NewCGAAP_DepExp_2012'!O36+((C36*0.5)/D36))","v":0},null,0,0,null,{"$f":"IF(ISERROR(+I36+'App.2-CB_NewCGAAP_DepExp_2012'!O36-J36), 0, +I36+'App.2-CB_NewCGAAP_DepExp_2012'!O36-J36)","v":0}]
[1915,"Office Furniture & Equipment (5 years)",null,null,0,{"$f":"IF(D37=0,+'App.2-CB_NewCGAAP_DepExp_2012'!O37,+'App.2-CB_NewCGAAP_DepExp_2012'!O37+((C37*0.5)/D37))","v":0},null,0,0,null,{"$f":"IF(ISERROR(+I37+'App.2-CB_NewCGAAP_DepExp_2012'!O37-J37), 0, +I37+'App.2-CB_NewCGAAP_DepExp_2012'!O37-J37)","v":0}]
[1920,"Computer Equipment - Hardware",null,null,0,{"$f":"IF(D38=0,+'App.2-CB_NewCGAAP_DepExp_2012'!O38,+'App.2-CB_NewCGAAP_DepExp_2012'!O38+((C38*0.5)/D38))","v":0},null,0,0,null,{"$f":"IF(ISERROR(+I38+'App.2-CB_NewCGAAP_DepExp_2012'!O38-J38), 0, +I38+'App.2-CB_NewCGAAP_DepExp_2012'!O38-J38)","v":0}]
[1920,"Computer Equip.-Hardware(Post Mar. 22/04)",null,null,0,{"$f":"IF(D39=0,+'App.2-CB_NewCGAAP_DepExp_2012'!O39,+'App.2-CB_NewCGAAP_DepExp_2012'!O39+((C39*0.5)/D39))","v":0},null,0,0,null,{"$f":"IF(ISERROR(+I39+'App.2-CB_NewCGAAP_DepExp_2012'!O39-J39), 0, +I39+'App.2-CB_NewCGAAP_DepExp_2012'!O39-J39)","v":0}]
[1920,"Computer Equip.-Hardware(Post Mar. 19/07)",null,null,0,{"$f":"IF(D40=0,+'App.2-CB_NewCGAAP_DepExp_2012'!O40,+'App.2-CB_NewCGAAP_DepExp_2012'!O40+((C40*0.5)/D40))","v":0},null,0,0,null,{"$f":"IF(ISERROR(+I40+'App.2-CB_NewCGAAP_DepExp_2012'!O40-J40), 0, +I40+'App.2-CB_NewCGAAP_DepExp_2012'!O40-J40)","v":0}]
[1930,"Transportation Equipment",null,null,0,{"$f":"IF(D41=0,+'App.2-CB_NewCGAAP_DepExp_2012'!O41,+'App.2-CB_NewCGAAP_DepExp_2012'!O41+((C41*0.5)/D41))","v":0},null,0,0,null,{"$f":"IF(ISERROR(+I41+'App.2-CB_NewCGAAP_DepExp_2012'!O41-J41), 0, +I41+'App.2-CB_NewCGAAP_DepExp_2012'!O41-J41)","v":0}]
[1935,"Stores Equipment",null,null,0,{"$f":"IF(D42=0,+'App.2-CB_NewCGAAP_DepExp_2012'!O42,+'App.2-CB_NewCGAAP_DepExp_2012'!O42+((C42*0.5)/D42))","v":0},null,0,0,null,{"$f":"IF(ISERROR(+I42+'App.2-CB_NewCGAAP_DepExp_2012'!O42-J42), 0, +I42+'App.2-CB_NewCGAAP_DepExp_2012'!O42-J42)","v":0}]
[1940,"Tools, Shop & Garage Equipment",null,null,0,{"$f":"IF(D43=0,+'App.2-CB_NewCGAAP_DepExp_2012'!O43,+'App.2-CB_NewCGAAP_DepExp_2012'!O43+((C43*0.5)/D43))","v":0},null,0,0,null,{"$f":"IF(ISERROR(+I43+'App.2-CB_NewCGAAP_DepExp_2012'!O43-J43), 0, +I43+'App.2-CB_NewCGAAP_DepExp_2012'!O43-J43)","v":0}]
[1945,"Measurement & Testing Equipment",null,null,0,{"$f":"IF(D44=0,+'App.2-CB_NewCGAAP_DepExp_2012'!O44,+'App.2-CB_NewCGAAP_DepExp_2012'!O44+((C44*0.5)/D44))","v":0},null,0,0,null,{"$f":"IF(ISERROR(+I44+'App.2-CB_NewCGAAP_DepExp_2012'!O44-J44), 0, +I44+'App.2-CB_NewCGAAP_DepExp_2012'!O44-J44)","v":0}]
[1950,"Power Operated Equipment",null,null,0,{"$f":"IF(D45=0,+'App.2-CB_NewCGAAP_DepExp_2012'!O45,+'App.2-CB_NewCGAAP_DepExp_2012'!O45+((C45*0.5)/D45))","v":0},null,0,0,null,{"$f":"IF(ISERROR(+I45+'App.2-CB_NewCGAAP_DepExp_2012'!O45-J45), 0, +I45+'App.2-CB_NewCGAAP_DepExp_2012'!O45-J45)","v":0}]
[1955,"Communications Equipment",null,null,0,{"$f":"IF(D46=0,+'App.2-CB_NewCGAAP_DepExp_2012'!O46,+'App.2-CB_NewCGAAP_DepExp_2012'!O46+((C46*0.5)/D46))","v":0},null,0,0,null,{"$f":"IF(ISERROR(+I46+'App.2-CB_NewCGAAP_DepExp_2012'!O46-J46), 0, +I46+'App.2-CB_NewCGAAP_DepExp_2012'!O46-J46)","v":0}]
[1955,"Communication Equipment (Smart Meters)",null,null,0,{"$f":"IF(D47=0,+'App.2-CB_NewCGAAP_DepExp_2012'!O47,+'App.2-CB_NewCGAAP_DepExp_2012'!O47+((C47*0.5)/D47))","v":0},null,0,0,null,{"$f":"IF(ISERROR(+I47+'App.2-CB_NewCGAAP_DepExp_2012'!O47-J47), 0, +I47+'App.2-CB_NewCGAAP_DepExp_2012'!O47-J47)","v":0}]
[1960,"Miscellaneous Equipment ",null,null,0,{"$f":"IF(D48=0,+'App.2-CB_NewCGAAP_DepExp_2012'!O48,+'App.2-CB_NewCGAAP_DepExp_2012'!O48+((C48*0.5)/D48))","v":0},null,0,0,null,{"$f":"IF(ISERROR(+I48+'App.2-CB_NewCGAAP_DepExp_2012'!O48-J48), 0, +I48+'App.2-CB_NewCGAAP_DepExp_2012'!O48-J48)","v":0}]
[1970,"Load Management Controls Customer Premises",null,null,0,{"$f":"IF(D49=0,+'App.2-CB_NewCGAAP_DepExp_2012'!O49,+'App.2-CB_NewCGAAP_DepExp_2012'!O49+((C49*0.5)/D49))","v":0},null,0,0,null,{"$f":"IF(ISERROR(+I49+'App.2-CB_NewCGAAP_DepExp_2012'!O49-J49), 0, +I49+'App.2-CB_NewCGAAP_DepExp_2012'!O49-J49)","v":0}]
[1975,"Load Management Controls Utility Premises",null,null,0,{"$f":"IF(D50=0,+'App.2-CB_NewCGAAP_DepExp_2012'!O50,+'App.2-CB_NewCGAAP_DepExp_2012'!O50+((C50*0.5)/D50))","v":0},null,0,0,null,{"$f":"IF(ISERROR(+I50+'App.2-CB_NewCGAAP_DepExp_2012'!O50-J50), 0, +I50+'App.2-CB_NewCGAAP_DepExp_2012'!O50-J50)","v":0}]
[1980,"System Supervisor Equipment",null,null,0,{"$f":"IF(D51=0,+'App.2-CB_NewCGAAP_DepExp_2012'!O51,+'App.2-CB_NewCGAAP_DepExp_2012'!O51+((C51*0.5)/D51))","v":0},null,0,0,null,{"$f":"IF(ISERROR(+I51+'App.2-CB_NewCGAAP_DepExp_2012'!O51-J51), 0, +I51+'App.2-CB_NewCGAAP_DepExp_2012'!O51-J51)","v":0}]
[1985,"Miscellaneous Fixed Assets",null,null,0,{"$f":"IF(D52=0,+'App.2-CB_NewCGAAP_DepExp_2012'!O52,+'App.2-CB_NewCGAAP_DepExp_2012'!O52+((C52*0.5)/D52))","v":0},null,0,0,null,{"$f":"IF(ISERROR(+I52+'App.2-CB_NewCGAAP_DepExp_2012'!O52-J52), 0, +I52+'App.2-CB_NewCGAAP_DepExp_2012'!O52-J52)","v":0}]
[1990,"Other Tangible Property",null,null,0,{"$f":"IF(D53=0,+'App.2-CB_NewCGAAP_DepExp_2012'!O53,+'App.2-CB_NewCGAAP_DepExp_2012'!O53+((C53*0.5)/D53))","v":0},null,0,0,null,{"$f":"IF(ISERROR(+I53+'App.2-CB_NewCGAAP_DepExp_2012'!O53-J53), 0, +I53+'App.2-CB_NewCGAAP_DepExp_2012'!O53-J53)","v":0}]
[1995,"Contributions & Grants",null,null,0,{"$f":"IF(D54=0,+'App.2-CB_NewCGAAP_DepExp_2012'!O54,+'App.2-CB_NewCGAAP_DepExp_2012'!O54+((C54*0.5)/D54))","v":0},null,0,0,null,{"$f":"IF(ISERROR(+I54+'App.2-CB_NewCGAAP_DepExp_2012'!O54-J54), 0, +I54+'App.2-CB_NewCGAAP_DepExp_2012'!O54-J54)","v":0}]
[null,"Total",{"$f":"SUM(C17:C54)","v":0},null,null,{"$f":"SUM(F17:F54)","v":0},0,0,0,0,0]
[]
["Notes:"]
[1,"Board policy of the \"half-year\" rule - the applicant must ensure that additions in the year attract a half-year depreciation expense in the first year.  Deviations from this standard practice must be supported in the application."]
[2,"The applicant must provide an explanation of material variances in evidence."]
[3,"This column refers to the calculated full year depreciation but excludes the depreciation expense on assets fully depreciated during the year.  This column is used for the purpose of calculating depreciation expense in the following year on the next worksheet."]
[]
["General:","Applicants must provide a breakdown of depreciation and amortization expense in the above format for all relevant accounts.  Asset Retirement Obligations (AROs), depreciation and accretion expense should be disclosed separately consistent with the Notes of historical Audited Financial Statements."]

{"sheet":"App.2-CD_MIFRS_DepExp_2014","index":13,"n_rows":64,"n_cols":11,"rows_kept":64,"cut":false,"hidden":false,"merged":[[59,1,59,10],[60,1,60,10],[61,1,61,10],[63,1,64,10],[8,0,8,10],[9,0,9,10],[10,0,10,10],[14,0,15,0],[14,1,15,1],[14,6,15,6],[14,9,15,9]]}
[null,null,null,null,null,null,null,null,null,"File Number:",{"$f":"EBNUMBER","v":0}]
[null,null,null,null,null,null,null,null,null,"Exhibit:"]
[null,null,null,null,null,null,null,null,null,"Tab:"]
[null,null,null,null,null,null,null,null,null,"Schedule:"]
[null,null,null,null,null,null,null,null,null,"Page:"]
[]
[null,null,null,null,null,null,null,null,null,"Date:"]
[]
["Appendix 2-CD"]
["Depreciation and Amortization Expense"]
["Assumes the applicant made capitalization and depreciation expense accounting policy changes under CGAAP effective January 1, 2012 and has adopted IFRS for financial reporting purposes effective January 1, 2015."]
[]
[null,null,null,null,2014,"MIFRS"]
[]
["Account","Description","Additions","Years (new additions only)","Depreciation Rate on New Additions","2014 Depreciation Expense 1","2014 Depreciation Expense per Apppendix 2-BA Fixed Assets, Column J\n (l)","Variance 2","Depreciation Expense on 2014 Full Year Additions","Less Depreciation Expense on Assets Fully Depreciated during the year\n(o)","2014 Full Year Depreciation 3"]
[null,null,"(d)","(f)","(g) = 1 / (f)","(h)=2013 Full Year Deprecation + ((d)*0.5)/(f) ",null,"(m) = (h) - (l)","(n)=((d))/(f) ",null,"(p) = 2013 Full Year Depreciation  + (n) - (o)"]
[1611,"Computer Software (Formally known as Account 1925)",null,null,{"$f":"IF(D17=0,0,1/D17)","v":0},{"$f":"IF(D17=0,+'App.2-CC_NewCGAAP_DepExp_2013'!K17,+'App.2-CC_NewCGAAP_DepExp_2013'!K17+((C17*0.5)/D17))","v":0},null,{"$f":"IF(ISERROR(+F17-G17), 0, +F17-G17)","v":0},{"$f":"IF(D17=0,0,+(C17)/D17)","v":0},null,{"$f":"IF(ISERROR(+I17+'App.2-CC_NewCGAAP_DepExp_2013'!K17-J17), 0, +I17+'App.2-CC_NewCGAAP_DepExp_2013'!K17-J17)","v":0}]
[1612,"Land Rights (Formally known as Account 1906)",null,null,0,{"$f":"IF(D18=0,+'App.2-CC_NewCGAAP_DepExp_2013'!K18,+'App.2-CC_NewCGAAP_DepExp_2013'!K18+((C18*0.5)/D18))","v":0},null,0,{"$f":"IF(D18=0,0,+(C18)/D18)","v":0},null,{"$f":"IF(ISERROR(+I18+'App.2-CC_NewCGAAP_DepExp_2013'!K18-J18), 0, +I18+'App.2-CC_NewCGAAP_DepExp_2013'!K18-J18)","v":0}]
[1805,"Land",null,null,0,{"$f":"IF(D19=0,+'App.2-CC_NewCGAAP_DepExp_2013'!K19,+'App.2-CC_NewCGAAP_DepExp_2013'!K19+((C19*0.5)/D19))","v":0},null,0,0,null,{"$f":"IF(ISERROR(+I19+'App.2-CC_NewCGAAP_DepExp_2013'!K19-J19), 0, +I19+'App.2-CC_NewCGAAP_DepExp_2013'!K19-J19)","v":0}]
[1808,"Buildings",null,null,0,{"$f":"IF(D20=0,+'App.2-CC_NewCGAAP_DepExp_2013'!K20,+'App.2-CC_NewCGAAP_DepExp_2013'!K20+((C20*0.5)/D20))","v":0},null,0,0,null,{"$f":"IF(ISERROR(+I20+'App.2-CC_NewCGAAP_DepExp_2013'!K20-J20), 0, +I20+'App.2-CC_NewCGAAP_DepExp_2013'!K20-J20)","v":0}]
[1810,"Leasehold Improvements",null,null,0,{"$f":"IF(D21=0,+'App.2-CC_NewCGAAP_DepExp_2013'!K21,+'App.2-CC_NewCGAAP_DepExp_2013'!K21+((C21*0.5)/D21))","v":0},null,0,0,null,{"$f":"IF(ISERROR(+I21+'App.2-CC_NewCGAAP_DepExp_2013'!K21-J21), 0, +I21+'App.2-CC_NewCGAAP_DepExp_2013'!K21-J21)","v":0}]
[1815,"Transformer Station Equipment >50 kV",null,null,0,{"$f":"IF(D22=0,+'App.2-CC_NewCGAAP_DepExp_2013'!K22,+'App.2-CC_NewCGAAP_DepExp_2013'!K22+((C22*0.5)/D22))","v":0},null,0,0,null,{"$f":"IF(ISERROR(+I22+'App.2-CC_NewCGAAP_DepExp_2013'!K22-J22), 0, +I22+'App.2-CC_NewCGAAP_DepExp_2013'!K22-J22)","v":0}]
[1820,"Distribution Station Equipment <50 kV",null,null,0,{"$f":"IF(D23=0,+'App.2-CC_NewCGAAP_DepExp_2013'!K23,+'App.2-CC_NewCGAAP_DepExp_2013'!K23+((C23*0.5)/D23))","v":0},null,0,0,null,{"$f":"IF(ISERROR(+I23+'App.2-CC_NewCGAAP_DepExp_2013'!K23-J23), 0, +I23+'App.2-CC_NewCGAAP_DepExp_2013'!K23-J23)","v":0}]
[1825,"Storage Battery Equipment",null,null,0,{"$f":"IF(D24=0,+'App.2-CC_NewCGAAP_DepExp_2013'!K24,+'App.2-CC_NewCGAAP_DepExp_2013'!K24+((C24*0.5)/D24))","v":0},null,0,0,null,{"$f":"IF(ISERROR(+I24+'App.2-CC_NewCGAAP_DepExp_2013'!K24-J24), 0, +I24+'App.2-CC_NewCGAAP_DepExp_2013'!K24-J24)","v":0}]
[1830,"Poles, Towers & Fixtures",null,null,0,{"$f":"IF(D25=0,+'App.2-CC_NewCGAAP_DepExp_2013'!K25,+'App.2-CC_NewCGAAP_DepExp_2013'!K25+((C25*0.5)/D25))","v":0},null,0,0,null,{"$f":"IF(ISERROR(+I25+'App.2-CC_NewCGAAP_DepExp_2013'!K25-J25), 0, +I25+'App.2-CC_NewCGAAP_DepExp_2013'!K25-J25)","v":0}]
[1835,"Overhead Conductors & Devices",null,null,0,{"$f":"IF(D26=0,+'App.2-CC_NewCGAAP_DepExp_2013'!K26,+'App.2-CC_NewCGAAP_DepExp_2013'!K26+((C26*0.5)/D26))","v":0},null,0,0,null,{"$f":"IF(ISERROR(+I26+'App.2-CC_NewCGAAP_DepExp_2013'!K26-J26), 0, +I26+'App.2-CC_NewCGAAP_DepExp_2013'!K26-J26)","v":0}]
[1840,"Underground Conduit",null,null,0,{"$f":"IF(D27=0,+'App.2-CC_NewCGAAP_DepExp_2013'!K27,+'App.2-CC_NewCGAAP_DepExp_2013'!K27+((C27*0.5)/D27))","v":0},null,0,0,null,{"$f":"IF(ISERROR(+I27+'App.2-CC_NewCGAAP_DepExp_2013'!K27-J27), 0, +I27+'App.2-CC_NewCGAAP_DepExp_2013'!K27-J27)","v":0}]
[1845,"Underground Conductors & Devices",null,null,0,{"$f":"IF(D28=0,+'App.2-CC_NewCGAAP_DepExp_2013'!K28,+'App.2-CC_NewCGAAP_DepExp_2013'!K28+((C28*0.5)/D28))","v":0},null,0,0,null,{"$f":"IF(ISERROR(+I28+'App.2-CC_NewCGAAP_DepExp_2013'!K28-J28), 0, +I28+'App.2-CC_NewCGAAP_DepExp_2013'!K28-J28)","v":0}]
[1850,"Line Transformers",null,null,0,{"$f":"IF(D29=0,+'App.2-CC_NewCGAAP_DepExp_2013'!K29,+'App.2-CC_NewCGAAP_DepExp_2013'!K29+((C29*0.5)/D29))","v":0},null,0,0,null,{"$f":"IF(ISERROR(+I29+'App.2-CC_NewCGAAP_DepExp_2013'!K29-J29), 0, +I29+'App.2-CC_NewCGAAP_DepExp_2013'!K29-J29)","v":0}]
[1855,"Services (Overhead & Underground)",null,null,0,{"$f":"IF(D30=0,+'App.2-CC_NewCGAAP_DepExp_2013'!K30,+'App.2-CC_NewCGAAP_DepExp_2013'!K30+((C30*0.5)/D30))","v":0},null,0,0,null,{"$f":"IF(ISERROR(+I30+'App.2-CC_NewCGAAP_DepExp_2013'!K30-J30), 0, +I30+'App.2-CC_NewCGAAP_DepExp_2013'!K30-J30)","v":0}]
[1860,"Meters",null,null,0,{"$f":"IF(D31=0,+'App.2-CC_NewCGAAP_DepExp_2013'!K31,+'App.2-CC_NewCGAAP_DepExp_2013'!K31+((C31*0.5)/D31))","v":0},null,0,0,null,{"$f":"IF(ISERROR(+I31+'App.2-CC_NewCGAAP_DepExp_2013'!K31-J31), 0, +I31+'App.2-CC_NewCGAAP_DepExp_2013'!K31-J31)","v":0}]
[1860,"Meters (Smart Meters)",null,null,0,{"$f":"IF(D32=0,+'App.2-CC_NewCGAAP_DepExp_2013'!K32,+'App.2-CC_NewCGAAP_DepExp_2013'!K32+((C32*0.5)/D32))","v":0},null,0,0,null,{"$f":"IF(ISERROR(+I32+'App.2-CC_NewCGAAP_DepExp_2013'!K32-J32), 0, +I32+'App.2-CC_NewCGAAP_DepExp_2013'!K32-J32)","v":0}]
[1905,"Land",null,null,0,{"$f":"IF(D33=0,+'App.2-CC_NewCGAAP_DepExp_2013'!K33,+'App.2-CC_NewCGAAP_DepExp_2013'!K33+((C33*0.5)/D33))","v":0},null,0,0,null,{"$f":"IF(ISERROR(+I33+'App.2-CC_NewCGAAP_DepExp_2013'!K33-J33), 0, +I33+'App.2-CC_NewCGAAP_DepExp_2013'!K33-J33)","v":0}]
[1908,"Buildings & Fixtures",null,null,0,{"$f":"IF(D34=0,+'App.2-CC_NewCGAAP_DepExp_2013'!K34,+'App.2-CC_NewCGAAP_DepExp_2013'!K34+((C34*0.5)/D34))","v":0},null,0,0,null,{"$f":"IF(ISERROR(+I34+'App.2-CC_NewCGAAP_DepExp_2013'!K34-J34), 0, +I34+'App.2-CC_NewCGAAP_DepExp_2013'!K34-J34)","v":0}]
[1910,"Leasehold Improvements",null,null,0,{"$f":"IF(D35=0,+'App.2-CC_NewCGAAP_DepExp_2013'!K35,+'App.2-CC_NewCGAAP_DepExp_2013'!K35+((C35*0.5)/D35))","v":0},null,0,0,null,{"$f":"IF(ISERROR(+I35+'App.2-CC_NewCGAAP_DepExp_2013'!K35-J35), 0, +I35+'App.2-CC_NewCGAAP_DepExp_2013'!K35-J35)","v":0}]
[1915,"Office Furniture & Equipment (10 years)",null,null,0,{"$f":"IF(D36=0,+'App.2-CC_NewCGAAP_DepExp_2013'!K36,+'App.2-CC_NewCGAAP_DepExp_2013'!K36+((C36*0.5)/D36))","v":0},null,0,0,null,{"$f":"IF(ISERROR(+I36+'App.2-CC_NewCGAAP_DepExp_2013'!K36-J36), 0, +I36+'App.2-CC_NewCGAAP_DepExp_2013'!K36-J36)","v":0}]
[1915,"Office Furniture & Equipment (5 years)",null,null,0,{"$f":"IF(D37=0,+'App.2-CC_NewCGAAP_DepExp_2013'!K37,+'App.2-CC_NewCGAAP_DepExp_2013'!K37+((C37*0.5)/D37))","v":0},null,0,0,null,{"$f":"IF(ISERROR(+I37+'App.2-CC_NewCGAAP_DepExp_2013'!K37-J37), 0, +I37+'App.2-CC_NewCGAAP_DepExp_2013'!K37-J37)","v":0}]
[1920,"Computer Equipment - Hardware",null,null,0,{"$f":"IF(D38=0,+'App.2-CC_NewCGAAP_DepExp_2013'!K38,+'App.2-CC_NewCGAAP_DepExp_2013'!K38+((C38*0.5)/D38))","v":0},null,0,0,null,{"$f":"IF(ISERROR(+I38+'App.2-CC_NewCGAAP_DepExp_2013'!K38-J38), 0, +I38+'App.2-CC_NewCGAAP_DepExp_2013'!K38-J38)","v":0}]
[1920,"Computer Equip.-Hardware(Post Mar. 22/04)",null,null,0,{"$f":"IF(D39=0,+'App.2-CC_NewCGAAP_DepExp_2013'!K39,+'App.2-CC_NewCGAAP_DepExp_2013'!K39+((C39*0.5)/D39))","v":0},null,0,0,null,{"$f":"IF(ISERROR(+I39+'App.2-CC_NewCGAAP_DepExp_2013'!K39-J39), 0, +I39+'App.2-CC_NewCGAAP_DepExp_2013'!K39-J39)","v":0}]
[1920,"Computer Equip.-Hardware(Post Mar. 19/07)",null,null,0,{"$f":"IF(D40=0,+'App.2-CC_NewCGAAP_DepExp_2013'!K40,+'App.2-CC_NewCGAAP_DepExp_2013'!K40+((C40*0.5)/D40))","v":0},null,0,0,null,{"$f":"IF(ISERROR(+I40+'App.2-CC_NewCGAAP_DepExp_2013'!K40-J40), 0, +I40+'App.2-CC_NewCGAAP_DepExp_2013'!K40-J40)","v":0}]
[1930,"Transportation Equipment",null,null,0,{"$f":"IF(D41=0,+'App.2-CC_NewCGAAP_DepExp_2013'!K41,+'App.2-CC_NewCGAAP_DepExp_2013'!K41+((C41*0.5)/D41))","v":0},null,0,0,null,{"$f":"IF(ISERROR(+I41+'App.2-CC_NewCGAAP_DepExp_2013'!K41-J41), 0, +I41+'App.2-CC_NewCGAAP_DepExp_2013'!K41-J41)","v":0}]
[1935,"Stores Equipment",null,null,0,{"$f":"IF(D42=0,+'App.2-CC_NewCGAAP_DepExp_2013'!K42,+'App.2-CC_NewCGAAP_DepExp_2013'!K42+((C42*0.5)/D42))","v":0},null,0,0,null,{"$f":"IF(ISERROR(+I42+'App.2-CC_NewCGAAP_DepExp_2013'!K42-J42), 0, +I42+'App.2-CC_NewCGAAP_DepExp_2013'!K42-J42)","v":0}]
[1940,"Tools, Shop & Garage Equipment",null,null,0,{"$f":"IF(D43=0,+'App.2-CC_NewCGAAP_DepExp_2013'!K43,+'App.2-CC_NewCGAAP_DepExp_2013'!K43+((C43*0.5)/D43))","v":0},null,0,0,null,{"$f":"IF(ISERROR(+I43+'App.2-CC_NewCGAAP_DepExp_2013'!K43-J43), 0, +I43+'App.2-CC_NewCGAAP_DepExp_2013'!K43-J43)","v":0}]
[1945,"Measurement & Testing Equipment",null,null,0,{"$f":"IF(D44=0,+'App.2-CC_NewCGAAP_DepExp_2013'!K44,+'App.2-CC_NewCGAAP_DepExp_2013'!K44+((C44*0.5)/D44))","v":0},null,0,0,null,{"$f":"IF(ISERROR(+I44+'App.2-CC_NewCGAAP_DepExp_2013'!K44-J44), 0, +I44+'App.2-CC_NewCGAAP_DepExp_2013'!K44-J44)","v":0}]
[1950,"Power Operated Equipment",null,null,0,{"$f":"IF(D45=0,+'App.2-CC_NewCGAAP_DepExp_2013'!K45,+'App.2-CC_NewCGAAP_DepExp_2013'!K45+((C45*0.5)/D45))","v":0},null,0,0,null,{"$f":"IF(ISERROR(+I45+'App.2-CC_NewCGAAP_DepExp_2013'!K45-J45), 0, +I45+'App.2-CC_NewCGAAP_DepExp_2013'!K45-J45)","v":0}]
[1955,"Communications Equipment",null,null,0,{"$f":"IF(D46=0,+'App.2-CC_NewCGAAP_DepExp_2013'!K46,+'App.2-CC_NewCGAAP_DepExp_2013'!K46+((C46*0.5)/D46))","v":0},null,0,0,null,{"$f":"IF(ISERROR(+I46+'App.2-CC_NewCGAAP_DepExp_2013'!K46-J46), 0, +I46+'App.2-CC_NewCGAAP_DepExp_2013'!K46-J46)","v":0}]
[1955,"Communication Equipment (Smart Meters)",null,null,0,{"$f":"IF(D47=0,+'App.2-CC_NewCGAAP_DepExp_2013'!K47,+'App.2-CC_NewCGAAP_DepExp_2013'!K47+((C47*0.5)/D47))","v":0},null,0,0,null,{"$f":"IF(ISERROR(+I47+'App.2-CC_NewCGAAP_DepExp_2013'!K47-J47), 0, +I47+'App.2-CC_NewCGAAP_DepExp_2013'!K47-J47)","v":0}]
[1960,"Miscellaneous Equipment ",null,null,0,{"$f":"IF(D48=0,+'App.2-CC_NewCGAAP_DepExp_2013'!K48,+'App.2-CC_NewCGAAP_DepExp_2013'!K48+((C48*0.5)/D48))","v":0},null,0,0,null,{"$f":"IF(ISERROR(+I48+'App.2-CC_NewCGAAP_DepExp_2013'!K48-J48), 0, +I48+'App.2-CC_NewCGAAP_DepExp_2013'!K48-J48)","v":0}]
[1970,"Load Management Controls Customer Premises",null,null,0,{"$f":"IF(D49=0,+'App.2-CC_NewCGAAP_DepExp_2013'!K49,+'App.2-CC_NewCGAAP_DepExp_2013'!K49+((C49*0.5)/D49))","v":0},null,0,0,null,{"$f":"IF(ISERROR(+I49+'App.2-CC_NewCGAAP_DepExp_2013'!K49-J49), 0, +I49+'App.2-CC_NewCGAAP_DepExp_2013'!K49-J49)","v":0}]
[1975,"Load Management Controls Utility Premises",null,null,0,{"$f":"IF(D50=0,+'App.2-CC_NewCGAAP_DepExp_2013'!K50,+'App.2-CC_NewCGAAP_DepExp_2013'!K50+((C50*0.5)/D50))","v":0},null,0,0,null,{"$f":"IF(ISERROR(+I50+'App.2-CC_NewCGAAP_DepExp_2013'!K50-J50), 0, +I50+'App.2-CC_NewCGAAP_DepExp_2013'!K50-J50)","v":0}]
[1980,"System Supervisor Equipment",null,null,0,{"$f":"IF(D51=0,+'App.2-CC_NewCGAAP_DepExp_2013'!K51,+'App.2-CC_NewCGAAP_DepExp_2013'!K51+((C51*0.5)/D51))","v":0},null,0,0,null,{"$f":"IF(ISERROR(+I51+'App.2-CC_NewCGAAP_DepExp_2013'!K51-J51), 0, +I51+'App.2-CC_NewCGAAP_DepExp_2013'!K51-J51)","v":0}]
[1985,"Miscellaneous Fixed Assets",null,null,0,{"$f":"IF(D52=0,+'App.2-CC_NewCGAAP_DepExp_2013'!K52,+'App.2-CC_NewCGAAP_DepExp_2013'!K52+((C52*0.5)/D52))","v":0},null,0,0,null,{"$f":"IF(ISERROR(+I52+'App.2-CC_NewCGAAP_DepExp_2013'!K52-J52), 0, +I52+'App.2-CC_NewCGAAP_DepExp_2013'!K52-J52)","v":0}]
[1990,"Other Tangible Property",null,null,0,{"$f":"IF(D53=0,+'App.2-CC_NewCGAAP_DepExp_2013'!K53,+'App.2-CC_NewCGAAP_DepExp_2013'!K53+((C53*0.5)/D53))","v":0},null,0,0,null,{"$f":"IF(ISERROR(+I53+'App.2-CC_NewCGAAP_DepExp_2013'!K53-J53), 0, +I53+'App.2-CC_NewCGAAP_DepExp_2013'!K53-J53)","v":0}]
[1995,"Contributions & Grants",null,null,{"$f":"IF(D54=0,0,1/D54)","v":0},{"$f":"IF(D54=0,+'App.2-CC_NewCGAAP_DepExp_2013'!K54,+'App.2-CC_NewCGAAP_DepExp_2013'!K54+((C54*0.5)/D54))","v":0},null,0,0,null,{"$f":"IF(ISERROR(+I54+'App.2-CC_NewCGAAP_DepExp_2013'!K54-J54), 0, +I54+'App.2-CC_NewCGAAP_DepExp_2013'!K54-J54)","v":0}]
[null,"Total",{"$f":"SUM(C17:C54)","v":0},null,null,{"$f":"SUM(F17:F54)","v":0},0,0,0,0,0]
[null,"Depreciation exp. adj. from gain or loss on the retirement of assets (pool of like assets)"]
[null,"Total Depreciation Expense",null,null,null,{"$f":"+F56+F55","v":0}]
[]
["Notes:"]
[1,"Board policy of the \"half-year\" rule - the applicant must ensure that additions in the year attract a half-year depreciation expense in the first year.  Deviations from this standard practice must be supported in the application."]
[2,"The applicant must provide an explanation of material variances in evidence."]
[3,"This column refers to the calculated full year depreciation but excludes the depreciation expense on assets fully depreciated during the year.  This column is used for the purpose of calculating depreciation expense in the following year on the next worksheet."]
[]
["General:","Applicants must provide a breakdown of depreciation and amortization expense in the above format for all relevant accounts.  Asset Retirement Obligations (AROs), depreciation and accretion expense should be disclosed separately consistent with the Notes of historical Audited Financial Statements."]

{"sheet":"App.2-CE_MIFRS_DepExp_2015","index":14,"n_rows":63,"n_cols":11,"rows_kept":63,"cut":false,"hidden":false,"merged":[[14,9,15,9],[64,1,65,7],[8,0,8,8],[9,0,9,8],[14,1,15,1],[14,6,15,6],[56,1,56,4],[58,1,58,7],[59,1,59,8],[61,1,61,8],[62,1,63,7],[10,0,10,7],[60,1,60,10]]}
[null,null,null,null,null,null,"File Number:",{"$f":"EBNUMBER","v":0}]
[null,null,null,null,null,null,"Exhibit:"]
[null,null,null,null,null,null,"Tab:"]
[null,null,null,null,null,null,"Schedule:"]
[null,null,null,null,null,null,"Page:"]
[]
[null,null,null,null,null,null,"Date:"]
[]
["Appendix 2-CE"]
["Depreciation and Amortization Expense"]
["Assumes the applicant made capitalization and depreciation expense accounting policy changes under CGAAP effective January 1, 2012 and has adopted IFRS for financial reporting purposes effective January 1, 2015."]
[]
[null,null,2015,"MIFRS"]
[]
["Account","Description","Additions","Years (new additions only)","Depreciation Rate on New Additions","2015 Depreciation Expense 1","2015 Depreciation Expense per Appendix 2-BA Fixed Assets, Column J\n (l)","Variance 2","Depreciation Expense on 2015 Full Year Additions","Less Depreciation Expense on Assets Fully Depreciated during the year\n(o)","2015 Full Year Depreciation 3"]
[null,null,"(d)","(f)","(g) = 1 / (f)","(h)=2014 Full Year Depreciation + ((d)*0.5)/(f) ",null,"(m) = (h) - (l)","(n)=((d))/(f) ",null,"(p) = 2014 Full Year Depreciation  + (n) - (o)"]
[1611,"Computer Software (Formally known as Account 1925)",null,null,{"$f":"IF(D17=0,0,1/D17)","v":0},{"$f":"IF(D17=0,'App.2-CD_MIFRS_DepExp_2014'!K17,+'App.2-CD_MIFRS_DepExp_2014'!K17+((C17*0.5)/D17))","v":0},null,{"$f":"IF(ISERROR(+F17-G17), 0, +F17-G17)","v":0},{"$f":"IF(D17=0,0,+(C17)/D17)","v":0},null,{"$f":"IF(ISERROR(+I17+'App.2-CD_MIFRS_DepExp_2014'!K17-J17), 0, +I17+'App.2-CD_MIFRS_DepExp_2014'!K17-J17)","v":0}]
[1612,"Land Rights (Formally known as Account 1906)",null,null,0,{"$f":"IF(D18=0,'App.2-CD_MIFRS_DepExp_2014'!K18,+'App.2-CD_MIFRS_DepExp_2014'!K18+((C18*0.5)/D18))","v":0},null,0,{"$f":"IF(D18=0,0,+(C18)/D18)","v":0},null,{"$f":"IF(ISERROR(+I18+'App.2-CD_MIFRS_DepExp_2014'!K18-J18), 0, +I18+'App.2-CD_MIFRS_DepExp_2014'!K18-J18)","v":0}]
[1805,"Land",null,null,0,{"$f":"IF(D19=0,'App.2-CD_MIFRS_DepExp_2014'!K19,+'App.2-CD_MIFRS_DepExp_2014'!K19+((C19*0.5)/D19))","v":0},null,0,0,null,{"$f":"IF(ISERROR(+I19+'App.2-CD_MIFRS_DepExp_2014'!K19-J19), 0, +I19+'App.2-CD_MIFRS_DepExp_2014'!K19-J19)","v":0}]
[1808,"Buildings",null,null,0,{"$f":"IF(D20=0,'App.2-CD_MIFRS_DepExp_2014'!K20,+'App.2-CD_MIFRS_DepExp_2014'!K20+((C20*0.5)/D20))","v":0},null,0,0,null,{"$f":"IF(ISERROR(+I20+'App.2-CD_MIFRS_DepExp_2014'!K20-J20), 0, +I20+'App.2-CD_MIFRS_DepExp_2014'!K20-J20)","v":0}]
[1810,"Leasehold Improvements",null,null,0,{"$f":"IF(D21=0,'App.2-CD_MIFRS_DepExp_2014'!K21,+'App.2-CD_MIFRS_DepExp_2014'!K21+((C21*0.5)/D21))","v":0},null,0,0,null,{"$f":"IF(ISERROR(+I21+'App.2-CD_MIFRS_DepExp_2014'!K21-J21), 0, +I21+'App.2-CD_MIFRS_DepExp_2014'!K21-J21)","v":0}]
[1815,"Transformer Station Equipment >50 kV",null,null,0,{"$f":"IF(D22=0,'App.2-CD_MIFRS_DepExp_2014'!K22,+'App.2-CD_MIFRS_DepExp_2014'!K22+((C22*0.5)/D22))","v":0},null,0,0,null,{"$f":"IF(ISERROR(+I22+'App.2-CD_MIFRS_DepExp_2014'!K22-J22), 0, +I22+'App.2-CD_MIFRS_DepExp_2014'!K22-J22)","v":0}]
[1820,"Distribution Station Equipment <50 kV",null,null,0,{"$f":"IF(D23=0,'App.2-CD_MIFRS_DepExp_2014'!K23,+'App.2-CD_MIFRS_DepExp_2014'!K23+((C23*0.5)/D23))","v":0},null,0,0,null,{"$f":"IF(ISERROR(+I23+'App.2-CD_MIFRS_DepExp_2014'!K23-J23), 0, +I23+'App.2-CD_MIFRS_DepExp_2014'!K23-J23)","v":0}]
[1825,"Storage Battery Equipment",null,null,0,{"$f":"IF(D24=0,'App.2-CD_MIFRS_DepExp_2014'!K24,+'App.2-CD_MIFRS_DepExp_2014'!K24+((C24*0.5)/D24))","v":0},null,0,0,null,{"$f":"IF(ISERROR(+I24+'App.2-CD_MIFRS_DepExp_2014'!K24-J24), 0, +I24+'App.2-CD_MIFRS_DepExp_2014'!K24-J24)","v":0}]
[1830,"Poles, Towers & Fixtures",null,null,0,{"$f":"IF(D25=0,'App.2-CD_MIFRS_DepExp_2014'!K25,+'App.2-CD_MIFRS_DepExp_2014'!K25+((C25*0.5)/D25))","v":0},null,0,0,null,{"$f":"IF(ISERROR(+I25+'App.2-CD_MIFRS_DepExp_2014'!K25-J25), 0, +I25+'App.2-CD_MIFRS_DepExp_2014'!K25-J25)","v":0}]
[1835,"Overhead Conductors & Devices",null,null,0,{"$f":"IF(D26=0,'App.2-CD_MIFRS_DepExp_2014'!K26,+'App.2-CD_MIFRS_DepExp_2014'!K26+((C26*0.5)/D26))","v":0},null,0,0,null,{"$f":"IF(ISERROR(+I26+'App.2-CD_MIFRS_DepExp_2014'!K26-J26), 0, +I26+'App.2-CD_MIFRS_DepExp_2014'!K26-J26)","v":0}]
[1840,"Underground Conduit",null,null,0,{"$f":"IF(D27=0,'App.2-CD_MIFRS_DepExp_2014'!K27,+'App.2-CD_MIFRS_DepExp_2014'!K27+((C27*0.5)/D27))","v":0},null,0,0,null,{"$f":"IF(ISERROR(+I27+'App.2-CD_MIFRS_DepExp_2014'!K27-J27), 0, +I27+'App.2-CD_MIFRS_DepExp_2014'!K27-J27)","v":0}]
[1845,"Underground Conductors & Devices",null,null,0,{"$f":"IF(D28=0,'App.2-CD_MIFRS_DepExp_2014'!K28,+'App.2-CD_MIFRS_DepExp_2014'!K28+((C28*0.5)/D28))","v":0},null,0,0,null,{"$f":"IF(ISERROR(+I28+'App.2-CD_MIFRS_DepExp_2014'!K28-J28), 0, +I28+'App.2-CD_MIFRS_DepExp_2014'!K28-J28)","v":0}]
[1850,"Line Transformers",null,null,0,{"$f":"IF(D29=0,'App.2-CD_MIFRS_DepExp_2014'!K29,+'App.2-CD_MIFRS_DepExp_2014'!K29+((C29*0.5)/D29))","v":0},null,0,0,null,{"$f":"IF(ISERROR(+I29+'App.2-CD_MIFRS_DepExp_2014'!K29-J29), 0, +I29+'App.2-CD_MIFRS_DepExp_2014'!K29-J29)","v":0}]
[1855,"Services (Overhead & Underground)",null,null,0,{"$f":"IF(D30=0,'App.2-CD_MIFRS_DepExp_2014'!K30,+'App.2-CD_MIFRS_DepExp_2014'!K30+((C30*0.5)/D30))","v":0},null,0,0,null,{"$f":"IF(ISERROR(+I30+'App.2-CD_MIFRS_DepExp_2014'!K30-J30), 0, +I30+'App.2-CD_MIFRS_DepExp_2014'!K30-J30)","v":0}]
[1860,"Meters",null,null,0,{"$f":"IF(D31=0,'App.2-CD_MIFRS_DepExp_2014'!K31,+'App.2-CD_MIFRS_DepExp_2014'!K31+((C31*0.5)/D31))","v":0},null,0,0,null,{"$f":"IF(ISERROR(+I31+'App.2-CD_MIFRS_DepExp_2014'!K31-J31), 0, +I31+'App.2-CD_MIFRS_DepExp_2014'!K31-J31)","v":0}]
[1860,"Meters (Smart Meters)",null,null,0,{"$f":"IF(D32=0,'App.2-CD_MIFRS_DepExp_2014'!K32,+'App.2-CD_MIFRS_DepExp_2014'!K32+((C32*0.5)/D32))","v":0},null,0,0,null,{"$f":"IF(ISERROR(+I32+'App.2-CD_MIFRS_DepExp_2014'!K32-J32), 0, +I32+'App.2-CD_MIFRS_DepExp_2014'!K32-J32)","v":0}]
[1905,"Land",null,null,0,{"$f":"IF(D33=0,'App.2-CD_MIFRS_DepExp_2014'!K33,+'App.2-CD_MIFRS_DepExp_2014'!K33+((C33*0.5)/D33))","v":0},null,0,0,null,{"$f":"IF(ISERROR(+I33+'App.2-CD_MIFRS_DepExp_2014'!K33-J33), 0, +I33+'App.2-CD_MIFRS_DepExp_2014'!K33-J33)","v":0}]
[1908,"Buildings & Fixtures",null,null,0,{"$f":"IF(D34=0,'App.2-CD_MIFRS_DepExp_2014'!K34,+'App.2-CD_MIFRS_DepExp_2014'!K34+((C34*0.5)/D34))","v":0},null,0,0,null,{"$f":"IF(ISERROR(+I34+'App.2-CD_MIFRS_DepExp_2014'!K34-J34), 0, +I34+'App.2-CD_MIFRS_DepExp_2014'!K34-J34)","v":0}]
[1910,"Leasehold Improvements",null,null,0,{"$f":"IF(D35=0,'App.2-CD_MIFRS_DepExp_2014'!K35,+'App.2-CD_MIFRS_DepExp_2014'!K35+((C35*0.5)/D35))","v":0},null,0,0,null,{"$f":"IF(ISERROR(+I35+'App.2-CD_MIFRS_DepExp_2014'!K35-J35), 0, +I35+'App.2-CD_MIFRS_DepExp_2014'!K35-J35)","v":0}]
[1915,"Office Furniture & Equipment (10 years)",null,null,0,{"$f":"IF(D36=0,'App.2-CD_MIFRS_DepExp_2014'!K36,+'App.2-CD_MIFRS_DepExp_2014'!K36+((C36*0.5)/D36))","v":0},null,0,0,null,{"$f":"IF(ISERROR(+I36+'App.2-CD_MIFRS_DepExp_2014'!K36-J36), 0, +I36+'App.2-CD_MIFRS_DepExp_2014'!K36-J36)","v":0}]
[1915,"Office Furniture & Equipment (5 years)",null,null,0,{"$f":"IF(D37=0,'App.2-CD_MIFRS_DepExp_2014'!K37,+'App.2-CD_MIFRS_DepExp_2014'!K37+((C37*0.5)/D37))","v":0},null,0,0,null,{"$f":"IF(ISERROR(+I37+'App.2-CD_MIFRS_DepExp_2014'!K37-J37), 0, +I37+'App.2-CD_MIFRS_DepExp_2014'!K37-J37)","v":0}]
[1920,"Computer Equipment - Hardware",null,null,0,{"$f":"IF(D38=0,'App.2-CD_MIFRS_DepExp_2014'!K38,+'App.2-CD_MIFRS_DepExp_2014'!K38+((C38*0.5)/D38))","v":0},null,0,0,null,{"$f":"IF(ISERROR(+I38+'App.2-CD_MIFRS_DepExp_2014'!K38-J38), 0, +I38+'App.2-CD_MIFRS_DepExp_2014'!K38-J38)","v":0}]
[1920,"Computer Equip.-Hardware(Post Mar. 22/04)",null,null,0,{"$f":"IF(D39=0,'App.2-CD_MIFRS_DepExp_2014'!K39,+'App.2-CD_MIFRS_DepExp_2014'!K39+((C39*0.5)/D39))","v":0},null,0,0,null,{"$f":"IF(ISERROR(+I39+'App.2-CD_MIFRS_DepExp_2014'!K39-J39), 0, +I39+'App.2-CD_MIFRS_DepExp_2014'!K39-J39)","v":0}]
[1920,"Computer Equip.-Hardware(Post Mar. 19/07)",null,null,0,{"$f":"IF(D40=0,'App.2-CD_MIFRS_DepExp_2014'!K40,+'App.2-CD_MIFRS_DepExp_2014'!K40+((C40*0.5)/D40))","v":0},null,0,0,null,{"$f":"IF(ISERROR(+I40+'App.2-CD_MIFRS_DepExp_2014'!K40-J40), 0, +I40+'App.2-CD_MIFRS_DepExp_2014'!K40-J40)","v":0}]
[1930,"Transportation Equipment",null,null,0,{"$f":"IF(D41=0,'App.2-CD_MIFRS_DepExp_2014'!K41,+'App.2-CD_MIFRS_DepExp_2014'!K41+((C41*0.5)/D41))","v":0},null,0,0,null,{"$f":"IF(ISERROR(+I41+'App.2-CD_MIFRS_DepExp_2014'!K41-J41), 0, +I41+'App.2-CD_MIFRS_DepExp_2014'!K41-J41)","v":0}]
[1935,"Stores Equipment",null,null,0,{"$f":"IF(D42=0,'App.2-CD_MIFRS_DepExp_2014'!K42,+'App.2-CD_MIFRS_DepExp_2014'!K42+((C42*0.5)/D42))","v":0},null,0,0,null,{"$f":"IF(ISERROR(+I42+'App.2-CD_MIFRS_DepExp_2014'!K42-J42), 0, +I42+'App.2-CD_MIFRS_DepExp_2014'!K42-J42)","v":0}]
[1940,"Tools, Shop & Garage Equipment",null,null,0,{"$f":"IF(D43=0,'App.2-CD_MIFRS_DepExp_2014'!K43,+'App.2-CD_MIFRS_DepExp_2014'!K43+((C43*0.5)/D43))","v":0},null,0,0,null,{"$f":"IF(ISERROR(+I43+'App.2-CD_MIFRS_DepExp_2014'!K43-J43), 0, +I43+'App.2-CD_MIFRS_DepExp_2014'!K43-J43)","v":0}]
[1945,"Measurement & Testing Equipment",null,null,0,{"$f":"IF(D44=0,'App.2-CD_MIFRS_DepExp_2014'!K44,+'App.2-CD_MIFRS_DepExp_2014'!K44+((C44*0.5)/D44))","v":0},null,0,0,null,{"$f":"IF(ISERROR(+I44+'App.2-CD_MIFRS_DepExp_2014'!K44-J44), 0, +I44+'App.2-CD_MIFRS_DepExp_2014'!K44-J44)","v":0}]
[1950,"Power Operated Equipment",null,null,0,{"$f":"IF(D45=0,'App.2-CD_MIFRS_DepExp_2014'!K45,+'App.2-CD_MIFRS_DepExp_2014'!K45+((C45*0.5)/D45))","v":0},null,0,0,null,{"$f":"IF(ISERROR(+I45+'App.2-CD_MIFRS_DepExp_2014'!K45-J45), 0, +I45+'App.2-CD_MIFRS_DepExp_2014'!K45-J45)","v":0}]
[1955,"Communications Equipment",null,null,0,{"$f":"IF(D46=0,'App.2-CD_MIFRS_DepExp_2014'!K46,+'App.2-CD_MIFRS_DepExp_2014'!K46+((C46*0.5)/D46))","v":0},null,0,0,null,{"$f":"IF(ISERROR(+I46+'App.2-CD_MIFRS_DepExp_2014'!K46-J46), 0, +I46+'App.2-CD_MIFRS_DepExp_2014'!K46-J46)","v":0}]
[1955,"Communication Equipment (Smart Meters)",null,null,0,{"$f":"IF(D47=0,'App.2-CD_MIFRS_DepExp_2014'!K47,+'App.2-CD_MIFRS_DepExp_2014'!K47+((C47*0.5)/D47))","v":0},null,0,0,null,{"$f":"IF(ISERROR(+I47+'App.2-CD_MIFRS_DepExp_2014'!K47-J47), 0, +I47+'App.2-CD_MIFRS_DepExp_2014'!K47-J47)","v":0}]
[1960,"Miscellaneous Equipment ",null,null,0,{"$f":"IF(D48=0,'App.2-CD_MIFRS_DepExp_2014'!K48,+'App.2-CD_MIFRS_DepExp_2014'!K48+((C48*0.5)/D48))","v":0},null,0,0,null,{"$f":"IF(ISERROR(+I48+'App.2-CD_MIFRS_DepExp_2014'!K48-J48), 0, +I48+'App.2-CD_MIFRS_DepExp_2014'!K48-J48)","v":0}]
[1970,"Load Management Controls Customer Premises",null,null,0,{"$f":"IF(D49=0,'App.2-CD_MIFRS_DepExp_2014'!K49,+'App.2-CD_MIFRS_DepExp_2014'!K49+((C49*0.5)/D49))","v":0},null,0,0,null,{"$f":"IF(ISERROR(+I49+'App.2-CD_MIFRS_DepExp_2014'!K49-J49), 0, +I49+'App.2-CD_MIFRS_DepExp_2014'!K49-J49)","v":0}]
[1975,"Load Management Controls Utility Premises",null,null,0,{"$f":"IF(D50=0,'App.2-CD_MIFRS_DepExp_2014'!K50,+'App.2-CD_MIFRS_DepExp_2014'!K50+((C50*0.5)/D50))","v":0},null,0,0,null,{"$f":"IF(ISERROR(+I50+'App.2-CD_MIFRS_DepExp_2014'!K50-J50), 0, +I50+'App.2-CD_MIFRS_DepExp_2014'!K50-J50)","v":0}]
[1980,"System Supervisor Equipment",null,null,0,{"$f":"IF(D51=0,'App.2-CD_MIFRS_DepExp_2014'!K51,+'App.2-CD_MIFRS_DepExp_2014'!K51+((C51*0.5)/D51))","v":0},null,0,0,null,{"$f":"IF(ISERROR(+I51+'App.2-CD_MIFRS_DepExp_2014'!K51-J51), 0, +I51+'App.2-CD_MIFRS_DepExp_2014'!K51-J51)","v":0}]
[1985,"Miscellaneous Fixed Assets",null,null,0,{"$f":"IF(D52=0,'App.2-CD_MIFRS_DepExp_2014'!K52,+'App.2-CD_MIFRS_DepExp_2014'!K52+((C52*0.5)/D52))","v":0},null,0,0,null,{"$f":"IF(ISERROR(+I52+'App.2-CD_MIFRS_DepExp_2014'!K52-J52), 0, +I52+'App.2-CD_MIFRS_DepExp_2014'!K52-J52)","v":0}]
[1990,"Other Tangible Property",null,null,0,{"$f":"IF(D53=0,'App.2-CD_MIFRS_DepExp_2014'!K53,+'App.2-CD_MIFRS_DepExp_2014'!K53+((C53*0.5)/D53))","v":0},null,0,0,null,{"$f":"IF(ISERROR(+I53+'App.2-CD_MIFRS_DepExp_2014'!K53-J53), 0, +I53+'App.2-CD_MIFRS_DepExp_2014'!K53-J53)","v":0}]
[1995,"Contributions & Grants",null,null,0,{"$f":"IF(D54=0,'App.2-CD_MIFRS_DepExp_2014'!K54,+'App.2-CD_MIFRS_DepExp_2014'!K54+((C54*0.5)/D54))","v":0},null,0,0,null,{"$f":"IF(ISERROR(+I54+'App.2-CD_MIFRS_DepExp_2014'!K54-J54), 0, +I54+'App.2-CD_MIFRS_DepExp_2014'!K54-J54)","v":0}]
[null,"Total",{"$f":"SUM(C17:C54)","v":0},null,null,{"$f":"SUM(F17:F54)","v":0},{"$f":"SUM(G17:G54)","v":0},{"$f":"SUM(H17:H54)","v":0},{"$f":"SUM(I17:I54)","v":0},0,{"$f":"SUM(K17:K54)","v":0}]
[null,"Depreciation exp. adj. from gain or loss on the retirement of assets (pool of like assets)"]
[null,"Total Depreciation expense to be included in the test year revenue requirement",null,null,null,{"$f":"SUM(F55:F56)","v":0}]
["Notes:"]
[1,"Board policy of the \"half-year\" rule - the applicant must ensure that additions in the year attract a half-year depreciation expense in the first year.  Deviations from this standard practice must be supported in the application."]
[2,"The applicant must provide an explanation of material variances in evidence."]
[3,"This column refers to the calculated full year depreciation but excludes the depreciation expense on assets fully depreciated during the year.  This column is used for the purpose of calculating depreciation expense in the following year on the next worksheet."]
[]
["General:","Applicants must provide a breakdown of depreciation and amortization expense in the above format for all relevant accounts.  Asset Retirement Obligations (AROs), depreciation and accretion expense should be disclosed separately consistent with the Notes of historical Audited Financial Statements."]

{"sheet":"App.2-CF_MIFRS_DepExp_2016","index":15,"n_rows":63,"n_cols":8,"rows_kept":63,"cut":false,"hidden":false,"merged":[[58,1,58,7],[59,1,59,8],[61,1,61,8],[62,1,63,7],[64,1,65,7],[56,1,56,4],[8,0,8,8],[9,0,9,8],[10,0,10,7],[14,1,15,1],[14,6,15,6]]}
[null,null,null,null,null,null,"File Number:",{"$f":"EBNUMBER","v":0}]
[null,null,null,null,null,null,"Exhibit:"]
[null,null,null,null,null,null,"Tab:"]
[null,null,null,null,null,null,"Schedule:"]
[null,null,null,null,null,null,"Page:"]
[]
[null,null,null,null,null,null,"Date:"]
[]
["Appendix 2-CF"]
["Depreciation and Amortization Expense"]
["Assumes the applicant made capitalization and depreciation expense accounting policy changes under CGAAP effective January 1, 2012 and has adopted IFRS for financial reporting purposes effective January 1, 2015."]
[]
[null,null,2016,"MIFRS"]
[]
["Account","Description","Additions","Years (new additions only)","Depreciation Rate on New Additions","2016 Depreciation Expense 1","2016 Depreciation Expense per Appendix 2-BA Fixed Assets, Column J\n (l)","Variance 2"]
[null,null,"(d)","(f)","(g) = 1 / (f)","(h)=2015 Full Year Depreciation + ((d)*0.5)/(f) ",null,"(m) = (h) - (l)"]
[1611,"Computer Software (Formally known as Account 1925)",null,null,{"$f":"IF(D17=0,0,1/D17)","v":0},{"$f":"IF(D17=0,'App.2-CE_MIFRS_DepExp_2015'!K17,+'App.2-CE_MIFRS_DepExp_2015'!K17+((C17*0.5)/D17))","v":0},null,{"$f":"IF(ISERROR(+F17-G17), 0, +F17-G17)","v":0}]
[1612,"Land Rights (Formally known as Account 1906)",null,null,0,{"$f":"IF(D18=0,'App.2-CE_MIFRS_DepExp_2015'!K18,+'App.2-CE_MIFRS_DepExp_2015'!K18+((C18*0.5)/D18))","v":0},null,0]
[1805,"Land",null,null,0,{"$f":"IF(D19=0,'App.2-CE_MIFRS_DepExp_2015'!K19,+'App.2-CE_MIFRS_DepExp_2015'!K19+((C19*0.5)/D19))","v":0},null,0]
[1808,"Buildings",null,null,0,{"$f":"IF(D20=0,'App.2-CE_MIFRS_DepExp_2015'!K20,+'App.2-CE_MIFRS_DepExp_2015'!K20+((C20*0.5)/D20))","v":0},null,0]
[1810,"Leasehold Improvements",null,null,0,{"$f":"IF(D21=0,'App.2-CE_MIFRS_DepExp_2015'!K21,+'App.2-CE_MIFRS_DepExp_2015'!K21+((C21*0.5)/D21))","v":0},null,0]
[1815,"Transformer Station Equipment >50 kV",null,null,0,{"$f":"IF(D22=0,'App.2-CE_MIFRS_DepExp_2015'!K22,+'App.2-CE_MIFRS_DepExp_2015'!K22+((C22*0.5)/D22))","v":0},null,0]
[1820,"Distribution Station Equipment <50 kV",null,null,0,{"$f":"IF(D23=0,'App.2-CE_MIFRS_DepExp_2015'!K23,+'App.2-CE_MIFRS_DepExp_2015'!K23+((C23*0.5)/D23))","v":0},null,0]
[1825,"Storage Battery Equipment",null,null,0,{"$f":"IF(D24=0,'App.2-CE_MIFRS_DepExp_2015'!K24,+'App.2-CE_MIFRS_DepExp_2015'!K24+((C24*0.5)/D24))","v":0},null,0]
[1830,"Poles, Towers & Fixtures",null,null,0,{"$f":"IF(D25=0,'App.2-CE_MIFRS_DepExp_2015'!K25,+'App.2-CE_MIFRS_DepExp_2015'!K25+((C25*0.5)/D25))","v":0},null,0]
[1835,"Overhead Conductors & Devices",null,null,0,{"$f":"IF(D26=0,'App.2-CE_MIFRS_DepExp_2015'!K26,+'App.2-CE_MIFRS_DepExp_2015'!K26+((C26*0.5)/D26))","v":0},null,0]
[1840,"Underground Conduit",null,null,0,{"$f":"IF(D27=0,'App.2-CE_MIFRS_DepExp_2015'!K27,+'App.2-CE_MIFRS_DepExp_2015'!K27+((C27*0.5)/D27))","v":0},null,0]
[1845,"Underground Conductors & Devices",null,null,0,{"$f":"IF(D28=0,'App.2-CE_MIFRS_DepExp_2015'!K28,+'App.2-CE_MIFRS_DepExp_2015'!K28+((C28*0.5)/D28))","v":0},null,0]
[1850,"Line Transformers",null,null,0,{"$f":"IF(D29=0,'App.2-CE_MIFRS_DepExp_2015'!K29,+'App.2-CE_MIFRS_DepExp_2015'!K29+((C29*0.5)/D29))","v":0},null,0]
[1855,"Services (Overhead & Underground)",null,null,0,{"$f":"IF(D30=0,'App.2-CE_MIFRS_DepExp_2015'!K30,+'App.2-CE_MIFRS_DepExp_2015'!K30+((C30*0.5)/D30))","v":0},null,0]
[1860,"Meters",null,null,0,{"$f":"IF(D31=0,'App.2-CE_MIFRS_DepExp_2015'!K31,+'App.2-CE_MIFRS_DepExp_2015'!K31+((C31*0.5)/D31))","v":0},null,0]
[1860,"Meters (Smart Meters)",null,null,0,{"$f":"IF(D32=0,'App.2-CE_MIFRS_DepExp_2015'!K32,+'App.2-CE_MIFRS_DepExp_2015'!K32+((C32*0.5)/D32))","v":0},null,0]
[1905,"Land",null,null,0,{"$f":"IF(D33=0,'App.2-CE_MIFRS_DepExp_2015'!K33,+'App.2-CE_MIFRS_DepExp_2015'!K33+((C33*0.5)/D33))","v":0},null,0]
[1908,"Buildings & Fixtures",null,null,0,{"$f":"IF(D34=0,'App.2-CE_MIFRS_DepExp_2015'!K34,+'App.2-CE_MIFRS_DepExp_2015'!K34+((C34*0.5)/D34))","v":0},null,0]
[1910,"Leasehold Improvements",null,null,0,{"$f":"IF(D35=0,'App.2-CE_MIFRS_DepExp_2015'!K35,+'App.2-CE_MIFRS_DepExp_2015'!K35+((C35*0.5)/D35))","v":0},null,0]
[1915,"Office Furniture & Equipment (10 years)",null,null,0,{"$f":"IF(D36=0,'App.2-CE_MIFRS_DepExp_2015'!K36,+'App.2-CE_MIFRS_DepExp_2015'!K36+((C36*0.5)/D36))","v":0},null,0]
[1915,"Office Furniture & Equipment (5 years)",null,null,0,{"$f":"IF(D37=0,'App.2-CE_MIFRS_DepExp_2015'!K37,+'App.2-CE_MIFRS_DepExp_2015'!K37+((C37*0.5)/D37))","v":0},null,0]
[1920,"Computer Equipment - Hardware",null,null,0,{"$f":"IF(D38=0,'App.2-CE_MIFRS_DepExp_2015'!K38,+'App.2-CE_MIFRS_DepExp_2015'!K38+((C38*0.5)/D38))","v":0},null,0]
[1920,"Computer Equip.-Hardware(Post Mar. 22/04)",null,null,0,{"$f":"IF(D39=0,'App.2-CE_MIFRS_DepExp_2015'!K39,+'App.2-CE_MIFRS_DepExp_2015'!K39+((C39*0.5)/D39))","v":0},null,0]
[1920,"Computer Equip.-Hardware(Post Mar. 19/07)",null,null,0,{"$f":"IF(D40=0,'App.2-CE_MIFRS_DepExp_2015'!K40,+'App.2-CE_MIFRS_DepExp_2015'!K40+((C40*0.5)/D40))","v":0},null,0]
[1930,"Transportation Equipment",null,null,0,{"$f":"IF(D41=0,'App.2-CE_MIFRS_DepExp_2015'!K41,+'App.2-CE_MIFRS_DepExp_2015'!K41+((C41*0.5)/D41))","v":0},null,0]
[1935,"Stores Equipment",null,null,0,{"$f":"IF(D42=0,'App.2-CE_MIFRS_DepExp_2015'!K42,+'App.2-CE_MIFRS_DepExp_2015'!K42+((C42*0.5)/D42))","v":0},null,0]
[1940,"Tools, Shop & Garage Equipment",null,null,0,{"$f":"IF(D43=0,'App.2-CE_MIFRS_DepExp_2015'!K43,+'App.2-CE_MIFRS_DepExp_2015'!K43+((C43*0.5)/D43))","v":0},null,0]
[1945,"Measurement & Testing Equipment",null,null,0,{"$f":"IF(D44=0,'App.2-CE_MIFRS_DepExp_2015'!K44,+'App.2-CE_MIFRS_DepExp_2015'!K44+((C44*0.5)/D44))","v":0},null,0]
[1950,"Power Operated Equipment",null,null,0,{"$f":"IF(D45=0,'App.2-CE_MIFRS_DepExp_2015'!K45,+'App.2-CE_MIFRS_DepExp_2015'!K45+((C45*0.5)/D45))","v":0},null,0]
[1955,"Communications Equipment",null,null,0,{"$f":"IF(D46=0,'App.2-CE_MIFRS_DepExp_2015'!K46,+'App.2-CE_MIFRS_DepExp_2015'!K46+((C46*0.5)/D46))","v":0},null,0]
[1955,"Communication Equipment (Smart Meters)",null,null,0,{"$f":"IF(D47=0,'App.2-CE_MIFRS_DepExp_2015'!K47,+'App.2-CE_MIFRS_DepExp_2015'!K47+((C47*0.5)/D47))","v":0},null,0]
[1960,"Miscellaneous Equipment ",null,null,0,{"$f":"IF(D48=0,'App.2-CE_MIFRS_DepExp_2015'!K48,+'App.2-CE_MIFRS_DepExp_2015'!K48+((C48*0.5)/D48))","v":0},null,0]
[1970,"Load Management Controls Customer Premises",null,null,0,{"$f":"IF(D49=0,'App.2-CE_MIFRS_DepExp_2015'!K49,+'App.2-CE_MIFRS_DepExp_2015'!K49+((C49*0.5)/D49))","v":0},null,0]
[1975,"Load Management Controls Utility Premises",null,null,0,{"$f":"IF(D50=0,'App.2-CE_MIFRS_DepExp_2015'!K50,+'App.2-CE_MIFRS_DepExp_2015'!K50+((C50*0.5)/D50))","v":0},null,0]
[1980,"System Supervisor Equipment",null,null,0,{"$f":"IF(D51=0,'App.2-CE_MIFRS_DepExp_2015'!K51,+'App.2-CE_MIFRS_DepExp_2015'!K51+((C51*0.5)/D51))","v":0},null,0]
[1985,"Miscellaneous Fixed Assets",null,null,0,{"$f":"IF(D52=0,'App.2-CE_MIFRS_DepExp_2015'!K52,+'App.2-CE_MIFRS_DepExp_2015'!K52+((C52*0.5)/D52))","v":0},null,0]
[1990,"Other Tangible Property",null,null,0,{"$f":"IF(D53=0,'App.2-CE_MIFRS_DepExp_2015'!K53,+'App.2-CE_MIFRS_DepExp_2015'!K53+((C53*0.5)/D53))","v":0},null,0]
[1995,"Contributions & Grants",null,null,0,{"$f":"IF(D54=0,'App.2-CE_MIFRS_DepExp_2015'!K54,+'App.2-CE_MIFRS_DepExp_2015'!K54+((C54*0.5)/D54))","v":0},null,0]
[null,"Total",{"$f":"SUM(C17:C54)","v":0},null,null,{"$f":"SUM(F17:F54)","v":0},{"$f":"SUM(G17:G54)","v":0},{"$f":"SUM(H17:H54)","v":0}]
[null,"Depreciation exp. adj. from gain or loss on the retirement of assets (pool of like assets)"]
[null,"Total Depreciation expense to be included in the test year revenue requirement",null,null,null,{"$f":"SUM(F55:F56)","v":0}]
["Notes:"]
[1,"Board policy of the \"half-year\" rule - the applicant must ensure that additions in the year attract a half-year depreciation expense in the first year.  Deviations from this standard practice must be supported in the application."]
[2,"The applicant must provide an explanation of material variances in evidence."]
[]
[]
["General:","Applicants must provide a breakdown of depreciation and amortization expense in the above format for all relevant accounts.  Asset Retirement Obligations (AROs), depreciation and accretion expense should be disclosed separately consistent with the Notes of historical Audited Financial Statements."]

{"sheet":"App.2-CG_OldCGAAP_DepExp_2013","index":16,"n_rows":62,"n_cols":12,"rows_kept":62,"cut":false,"hidden":false,"merged":[[58,1,58,11],[59,1,60,9],[61,1,62,11],[8,0,8,11],[9,0,9,11],[14,0,15,0],[14,1,15,1],[14,10,15,10],[10,1,10,10]]}
[null,null,null,null,null,null,null,null,null,null,"File Number:",{"$f":"EBNUMBER","v":0}]
[null,null,null,null,null,null,null,null,null,null,"Exhibit:"]
[null,null,null,null,null,null,null,null,null,null,"Tab:"]
[null,null,null,null,null,null,null,null,null,null,"Schedule:"]
[null,null,null,null,null,null,null,null,null,null,"Page:"]
[]
[null,null,null,null,null,null,null,null,null,null,"Date:"]
[]
["Appendix 2-CG"]
["Depreciation and Amortization Expense"]
[null,"Assumes the applicant made capitalization and depreciation expense accounting policy changes under CGAAP effective January 1, 2013 and has adopted IFRS for financial reporting purposes effective January 1, 2015."]
[]
[null,null,"Year",2013,"Former CGAAP"]
[]
["Account","Description","Opening Regulatory Gross PP&E as at Jan 1, 2013","Less Fully Depreciated","Net for Depreciation","Additions","Total for Depreciation 1","Years","Depreciation Rate","Depreciation Expense","2013 Depreciation Expense per Appendix 2-BA Fixed Assets, Column J\n (l)","Variance 2"]
[null,null,"(a)","(b)","(c)","(d)","(e) = (c) + ½ x (d) ","(f)","(g) = 1 / (f)","(h) = (e) / (f)",null,"(m) = (h) - (l)"]
[1611,"Computer Software (Formally known as Account 1925)",null,null,{"$f":"C17-D17","v":0},null,{"$f":"E17+0.5*F17","v":0},null,{"$f":"IF(H17=0,0,1/H17)","v":0},{"$f":"IF(H17=0,0,G17/H17)","v":0},null,{"$f":"IF(ISERROR(+J17-K17), 0, +J17-K17)","v":0}]
[1612,"Land Rights (Formally known as Account 1906)",null,null,{"$f":"C18-D18","v":0},null,{"$f":"E18+0.5*F18","v":0},null,0,0,null,0]
[1805,"Land",null,null,0,null,0,null,0,0,null,0]
[1808,"Buildings",null,null,0,null,0,null,0,0,null,0]
[1810,"Leasehold Improvements",null,null,0,null,0,null,0,0,null,0]
[1815,"Transformer Station Equipment >50 kV",null,null,0,null,0,null,0,0,null,0]
[1820,"Distribution Station Equipment <50 kV",null,null,0,null,0,null,0,0,null,0]
[1825,"Storage Battery Equipment",null,null,0,null,0,null,0,0,null,0]
[1830,"Poles, Towers & Fixtures",null,null,0,null,0,null,0,0,null,0]
[1835,"Overhead Conductors & Devices",null,null,0,null,0,null,0,0,null,0]
[1840,"Underground Conduit",null,null,0,null,0,null,0,0,null,0]
[1845,"Underground Conductors & Devices",null,null,0,null,0,null,0,0,null,0]
[1850,"Line Transformers",null,null,0,null,0,null,0,0,null,0]
[1855,"Services (Overhead & Underground)",null,null,0,null,0,null,0,0,null,0]
[1860,"Meters",null,null,0,null,0,null,0,0,null,0]
[1860,"Meters (Smart Meters)",null,null,0,null,0,null,0,0,null,0]
[1905,"Land",null,null,0,null,0,null,0,0,null,0]
[1908,"Buildings & Fixtures",null,null,0,null,0,null,0,0,null,0]
[1910,"Leasehold Improvements",null,null,0,null,0,null,0,0,null,0]
[1915,"Office Furniture & Equipment (10 years)",null,null,0,null,0,null,0,0,null,0]
[1915,"Office Furniture & Equipment (5 years)",null,null,0,null,0,null,0,0,null,0]
[1920,"Computer Equipment - Hardware",null,null,0,null,0,null,0,0,null,0]
[1920,"Computer Equip.-Hardware(Post Mar. 22/04)",null,null,0,null,0,null,0,0,null,0]
[1920,"Computer Equip.-Hardware(Post Mar. 19/07)",null,null,0,null,0,null,0,0,null,0]
[1930,"Transportation Equipment",null,null,0,null,0,null,0,0,null,0]
[1935,"Stores Equipment",null,null,0,null,0,null,0,0,null,0]
[1940,"Tools, Shop & Garage Equipment",null,null,0,null,0,null,0,0,null,0]
[1945,"Measurement & Testing Equipment",null,null,0,null,0,null,0,0,null,0]
[1950,"Power Operated Equipment",null,null,0,null,0,null,0,0,null,0]
[1955,"Communications Equipment",null,null,0,null,0,null,0,0,null,0]
[1955,"Communication Equipment (Smart Meters)",null,null,0,null,0,null,0,0,null,0]
[1960,"Miscellaneous Equipment ",null,null,0,null,0,null,0,0,null,0]
[1970,"Load Management Controls - Customer Premises",null,null,0,null,0,null,0,0,null,0]
[1975,"Load Management Controls Utility Premises",null,null,0,null,0,null,0,0,null,0]
[1980,"System Supervisor Equipment",null,null,0,null,0,null,0,0,null,0]
[1985,"Miscellaneous Fixed Assets",null,null,0,null,0,null,0,0,null,0]
[1990,"Other Tangible Property",null,null,0,null,0,null,0,0,null,0]
[1995,"Contributions & Grants",null,null,0,null,0,null,0,0,null,0]
[null,"Total",{"$f":"SUM(C17:C54)","v":0},{"$f":"SUM(D17:D54)","v":0},{"$f":"SUM(E17:E54)","v":0},{"$f":"SUM(F17:F54)","v":0},{"$f":"SUM(G17:G54)","v":0},null,null,{"$f":"SUM(J17:J54)","v":0},{"$f":"SUM(K17:K54)","v":0},{"$f":"SUM(L17:L54)","v":0}]
[]
["Notes:"]
[]
[1,"Board policy of the \"half-year\" rule - the applicant must ensure that additions in the year attract a half-year depreciation expense in the first year.  Deviations from this standard practice must be supported in the application."]
[2,"The applicant must provide an explanation of material variances in evidence."]
[]
["General","Applicants must provide a breakdown of depreciation and amortization expense in the above format for all relevant accounts.  Asset Retirement Obligations (AROs), depreciation and accretion expense should be disclosed separately consistent with the Notes of historical Audited Financial Statements."]

{"sheet":"App.2-CH_NewCGAAP_DepExp_2013","index":17,"n_rows":66,"n_cols":15,"rows_kept":66,"cut":false,"hidden":false,"merged":[[8,0,8,14],[9,0,9,14],[14,0,15,0],[14,1,15,1],[14,10,15,10],[14,13,15,13],[10,0,10,14],[65,1,66,14],[58,1,58,14],[59,1,59,14],[60,1,60,14],[61,1,61,14],[62,1,62,14],[63,1,63,14]]}
[null,null,null,null,null,null,null,null,null,null,null,null,null,"File Number:",{"$f":"EBNUMBER","v":0}]
[null,null,null,null,null,null,null,null,null,null,null,null,null,"Exhibit:"]
[null,null,null,null,null,null,null,null,null,null,null,null,null,"Tab:"]
[null,null,null,null,null,null,null,null,null,null,null,null,null,"Schedule:"]
[null,null,null,null,null,null,null,null,null,null,null,null,null,"Page:"]
[]
[null,null,null,null,null,null,null,null,null,null,null,null,null,"Date:"]
[]
["Appendix 2-CH"]
["Depreciation and Amortization Expense"]
["Assumes the applicant made capitalization and depreciation expense accounting policy changes under CGAAP effective January 1, 2013 and has adopted IFRS for financial reporting purposes effective January 1, 2015."]
[]
[null,null,"Year",2013,"Revised CGAAP "]
[]
["Account","Description","Opening NBV as at Jan 1, 2013 5","Additions","Average Remaining Life of Opening NBV 4","Years (new additions only) 3","Depreciation Rate on New Additions","Depreciation Expense on Opening NBV","Depreciation Expense on Additions 1","2013 Depreciation Expense","2013 Depreciation Expense per Appendix 2-BA Fixed Assets, Column J\n (l)","Variance 2","Depreciation Expense on 2013 Full Year Additions","Less Depreciation Expense on Assets Fully Depreciated during the year\n(o)","2013 Full Year Depreciation 6"]
[null,null,"(a)","(d)","(i)","(f)","(g) = 1 / (f)","(j) = (a) / (i)","(h)=((d)*0.5)/(f) ","(k) = (j) + (h)",null,"(m) = (k) - (l)","(n) = (d)/(f) ",null,"(p) = (j) + (n) - (o)"]
[1611,"Computer Software (Formally known as Account 1925)",null,null,null,null,{"$f":"IF(F17=0,0,1/F17)","v":0},{"$f":"IF(E17=0,0,+C17/E17)","v":0},{"$f":"IF(F17=0,0,+(D17*0.5)/F17)","v":0},{"$f":"IF(ISERROR(+H17+I17), 0, +H17+I17)","v":0},null,{"$f":"IF(ISERROR(+J17-K17), 0, +J17-K17)","v":0},{"$f":"IF(F17=0,0,+(D17)/F17)","v":0},null,{"$f":"IF(ISERROR(+M17+H17-N17), 0, +M17+H17-N17)","v":0}]
[1612,"Land Rights (Formally known as Account 1906)",null,null,null,null,0,0,0,0,null,0,0,null,{"$f":"IF(ISERROR(+M18+H18-N18), 0, +M18+H18-N18)","v":0}]
[1805,"Land",null,null,null,null,0,0,0,0,null,0,0,null,0]
[1808,"Buildings",null,null,null,null,0,0,0,0,null,0,0,null,0]
[1810,"Leasehold Improvements",null,null,null,null,0,0,0,0,null,0,0,null,0]
[1815,"Transformer Station Equipment >50 kV",null,null,null,null,0,0,0,0,null,0,0,null,0]
[1820,"Distribution Station Equipment <50 kV",null,null,null,null,0,0,0,0,null,0,0,null,0]
[1825,"Storage Battery Equipment",null,null,null,null,0,0,0,0,null,0,0,null,0]
[1830,"Poles, Towers & Fixtures",null,null,null,null,0,0,0,0,null,0,0,null,0]
[1835,"Overhead Conductors & Devices",null,null,null,null,0,0,0,0,null,0,0,null,0]
[1840,"Underground Conduit",null,null,null,null,0,0,0,0,null,0,0,null,0]
[1845,"Underground Conductors & Devices",null,null,null,null,0,0,0,0,null,0,0,null,0]
[1850,"Line Transformers",null,null,null,null,0,0,0,0,null,0,0,null,0]
[1855,"Services (Overhead & Underground)",null,null,null,null,0,0,0,0,null,0,0,null,0]
[1860,"Meters",null,null,null,null,0,0,0,0,null,0,0,null,0]
[1860,"Meters (Smart Meters)",null,null,null,null,0,0,0,0,null,0,0,null,0]
[1905,"Land",null,null,null,null,0,0,0,0,null,0,0,null,0]
[1908,"Buildings & Fixtures",null,null,null,null,0,0,0,0,null,0,0,null,0]
[1910,"Leasehold Improvements",null,null,null,null,0,0,0,0,null,0,0,null,0]
[1915,"Office Furniture & Equipment (10 years)",null,null,null,null,0,0,0,0,null,0,0,null,0]
[1915,"Office Furniture & Equipment (5 years)",null,null,null,null,0,0,0,0,null,0,0,null,0]
[1920,"Computer Equipment - Hardware",null,null,null,null,0,0,0,0,null,0,0,null,0]
[1920,"Computer Equip.-Hardware(Post Mar. 22/04)",null,null,null,null,0,0,0,0,null,0,0,null,0]
[1920,"Computer Equip.-Hardware(Post Mar. 19/07)",null,null,null,null,0,0,0,0,null,0,0,null,0]
[1930,"Transportation Equipment",null,null,null,null,0,0,0,0,null,0,0,null,0]
[1935,"Stores Equipment",null,null,null,null,0,0,0,0,null,0,0,null,0]
[1940,"Tools, Shop & Garage Equipment",null,null,null,null,0,0,0,0,null,0,0,null,0]
[1945,"Measurement & Testing Equipment",null,null,null,null,0,0,0,0,null,0,0,null,0]
[1950,"Power Operated Equipment",null,null,null,null,0,0,0,0,null,0,0,null,0]
[1955,"Communications Equipment",null,null,null,null,0,0,0,0,null,0,0,null,0]
[1955,"Communication Equipment (Smart Meters)",null,null,null,null,0,0,0,0,null,0,0,null,0]
[1960,"Miscellaneous Equipment ",null,null,null,null,0,0,0,0,null,0,0,null,0]
[1970,"Load Management Controls - Customer Premises",null,null,null,null,0,0,0,0,null,0,0,null,0]
[1975,"Load Management Controls Utility Premises",null,null,null,null,0,0,0,0,null,0,0,null,0]
[1980,"System Supervisor Equipment",null,null,null,null,0,0,0,0,null,0,0,null,0]
[1985,"Miscellaneous Fixed Assets",null,null,null,null,0,0,0,0,null,0,0,null,0]
[1990,"Other Tangible Property",null,null,null,null,0,0,0,0,null,0,0,null,0]
[1995,"Contributions & Grants",null,null,null,null,0,0,0,0,null,0,0,null,0]
[null,"Total",{"$f":"SUM(C17:C54)","v":0},{"$f":"SUM(D17:D54)","v":0},null,null,null,{"$f":"SUM(H17:H54)","v":0},0,0,0,0,0,0,0]
[]
["Notes:"]
[]
[1,"Board policy of the \"half-year\" rule - the applicant must ensure that additions in the year attract a half-year depreciation expense in the first year.  Deviations from this standard practice must be supported in the application."]
[2,"The applicant must provide an explanation of material variances in evidence."]
[3,"The applicant should ensure that the years for new additions of assets are the asset useful lives determined by management in accordance with the Board's regulatory accounting policies.   The capitalization and depreciation expense accounting changes should be implemented consistent with the Board’s regulatory accounting policies as set out for MIFRS as contained in the Report of the Board, Transition to International Financial Reporting Standards, EB-2008-0408, the Kinectrics Report, and the Revised 2012 Accounting Procedures Handbook for Electricity Distributors."]
[4,"A recalculation should be performed to determine the average remaining life of opening balance of assets (i.e. excluding 2013 additions) under the change in policies under CGAAP.  For example, Asset A had a useful life of 20 years under CGAAP without the change in policies.  On January 1, 2013, the effective date of the changes in policies, Asset A was 3 years depreciated. As a result, Asset A would have a remaining service life of 17 years (20 years less 3 years) as of January 1, 2013.  Due to making the change in policies under CGAAP, management re-assessed the asset useful lives and concluded that the revised useful life of Asset A is now 30 years. Therefore, the average remaining useful life of the opening balance of Asset A is determined to be 27 years (30 years less 3 years) under the revised CGAAP as of January 1, 2013."]
[5," NBV must exclude assets still on the books but which have been fully amortized or depreciated."]
[6,"This column refers to the calculated full year depreciation but excludes the depreciation expense on assets fully depreciated during the year.  This column is used for the purpose of calculating depreciation expense in the following year on the next worksheet."]
[]
["General:","Applicants must provide a breakdown of depreciation and amortization expense in the above format for all relevant accounts.  Asset Retirement Obligations (AROs), depreciation and accretion expense should be disclosed separately consistent with the Notes of historical Audited Financial Statements."]

{"sheet":"App.2-CI_MIFRS_DepExp_2014","index":18,"n_rows":64,"n_cols":11,"rows_kept":64,"cut":false,"hidden":false,"merged":[[59,1,59,10],[60,1,60,10],[61,1,61,10],[63,1,64,10],[8,0,8,10],[9,0,9,10],[14,0,15,0],[14,1,15,1],[14,6,15,6],[14,9,15,9],[10,0,10,10],[56,1,56,4]]}
[null,null,null,null,null,null,null,null,null,"File Number:",{"$f":"EBNUMBER","v":0}]
[null,null,null,null,null,null,null,null,null,"Exhibit:"]
[null,null,null,null,null,null,null,null,null,"Tab:"]
[null,null,null,null,null,null,null,null,null,"Schedule:"]
[null,null,null,null,null,null,null,null,null,"Page:"]
[]
[null,null,null,null,null,null,null,null,null,"Date:"]
[]
["Appendix 2-CI"]
["Depreciation and Amortization Expense"]
["Assumes the applicant made capitalization and depreciation expense accounting policy changes under CGAAP effective January 1, 2013 and has adopted IFRS for financial reporting purposes effective January 1, 2015."]
[]
[null,null,null,null,2014,"MIFRS"]
[]
["Account","Description","Additions","Years (new additions only)","Depreciation Rate on New Additions","2014 Depreciation Expense 1","2014 Depreciation Expense per Apppendix 2-BA Fixed Assets, Column J\n (l)","Variance 2","Depreciation Expense on 2014 Full Year Additions","Less Depreciation Expense on Assets Fully Depreciated during the year\n(o)","2014 Full Year Depreciation 3"]
[null,null,"(d)","(f)","(g) = 1 / (f)","(h)=2013 Full Year Deprecation + ((d)*0.5)/(f) ",null,"(m) = (h) - (l)","(n)=((d))/(f) ",null,"(p) = 2013 Full Year Depreciation  + (n) - (o)"]
[1611,"Computer Software (Formally known as Account 1925)",null,null,{"$f":"IF(D17=0,0,1/D17)","v":0},{"$f":"IF(D17=0,+'App.2-CH_NewCGAAP_DepExp_2013'!O17,+'App.2-CH_NewCGAAP_DepExp_2013'!O17+((C17*0.5)/D17))","v":0},null,{"$f":"IF(ISERROR(+F17-G17), 0, +F17-G17)","v":0},{"$f":"IF(D17=0,0,+(C17)/D17)","v":0},null,{"$f":"IF(ISERROR(+I17+'App.2-CH_NewCGAAP_DepExp_2013'!O17-J17), 0, +I17+'App.2-CH_NewCGAAP_DepExp_2013'!O17-J17)","v":0}]
[1612,"Land Rights (Formally known as Account 1906)",null,null,0,{"$f":"IF(D18=0,+'App.2-CH_NewCGAAP_DepExp_2013'!O18,+'App.2-CH_NewCGAAP_DepExp_2013'!O18+((C18*0.5)/D18))","v":0},null,0,0,null,{"$f":"IF(ISERROR(+I18+'App.2-CH_NewCGAAP_DepExp_2013'!O18-J18), 0, +I18+'App.2-CH_NewCGAAP_DepExp_2013'!O18-J18)","v":0}]
[1805,"Land",null,null,0,{"$f":"IF(D19=0,+'App.2-CH_NewCGAAP_DepExp_2013'!O19,+'App.2-CH_NewCGAAP_DepExp_2013'!O19+((C19*0.5)/D19))","v":0},null,0,0,null,{"$f":"IF(ISERROR(+I19+'App.2-CH_NewCGAAP_DepExp_2013'!O19-J19), 0, +I19+'App.2-CH_NewCGAAP_DepExp_2013'!O19-J19)","v":0}]
[1808,"Buildings",null,null,0,{"$f":"IF(D20=0,+'App.2-CH_NewCGAAP_DepExp_2013'!O20,+'App.2-CH_NewCGAAP_DepExp_2013'!O20+((C20*0.5)/D20))","v":0},null,0,0,null,{"$f":"IF(ISERROR(+I20+'App.2-CH_NewCGAAP_DepExp_2013'!O20-J20), 0, +I20+'App.2-CH_NewCGAAP_DepExp_2013'!O20-J20)","v":0}]
[1810,"Leasehold Improvements",null,null,0,{"$f":"IF(D21=0,+'App.2-CH_NewCGAAP_DepExp_2013'!O21,+'App.2-CH_NewCGAAP_DepExp_2013'!O21+((C21*0.5)/D21))","v":0},null,0,0,null,{"$f":"IF(ISERROR(+I21+'App.2-CH_NewCGAAP_DepExp_2013'!O21-J21), 0, +I21+'App.2-CH_NewCGAAP_DepExp_2013'!O21-J21)","v":0}]
[1815,"Transformer Station Equipment >50 kV",null,null,0,{"$f":"IF(D22=0,+'App.2-CH_NewCGAAP_DepExp_2013'!O22,+'App.2-CH_NewCGAAP_DepExp_2013'!O22+((C22*0.5)/D22))","v":0},null,0,0,null,{"$f":"IF(ISERROR(+I22+'App.2-CH_NewCGAAP_DepExp_2013'!O22-J22), 0, +I22+'App.2-CH_NewCGAAP_DepExp_2013'!O22-J22)","v":0}]
[1820,"Distribution Station Equipment <50 kV",null,null,0,{"$f":"IF(D23=0,+'App.2-CH_NewCGAAP_DepExp_2013'!O23,+'App.2-CH_NewCGAAP_DepExp_2013'!O23+((C23*0.5)/D23))","v":0},null,0,0,null,{"$f":"IF(ISERROR(+I23+'App.2-CH_NewCGAAP_DepExp_2013'!O23-J23), 0, +I23+'App.2-CH_NewCGAAP_DepExp_2013'!O23-J23)","v":0}]
[1825,"Storage Battery Equipment",null,null,0,{"$f":"IF(D24=0,+'App.2-CH_NewCGAAP_DepExp_2013'!O24,+'App.2-CH_NewCGAAP_DepExp_2013'!O24+((C24*0.5)/D24))","v":0},null,0,0,null,{"$f":"IF(ISERROR(+I24+'App.2-CH_NewCGAAP_DepExp_2013'!O24-J24), 0, +I24+'App.2-CH_NewCGAAP_DepExp_2013'!O24-J24)","v":0}]
[1830,"Poles, Towers & Fixtures",null,null,0,{"$f":"IF(D25=0,+'App.2-CH_NewCGAAP_DepExp_2013'!O25,+'App.2-CH_NewCGAAP_DepExp_2013'!O25+((C25*0.5)/D25))","v":0},null,0,0,null,{"$f":"IF(ISERROR(+I25+'App.2-CH_NewCGAAP_DepExp_2013'!O25-J25), 0, +I25+'App.2-CH_NewCGAAP_DepExp_2013'!O25-J25)","v":0}]
[1835,"Overhead Conductors & Devices",null,null,0,{"$f":"IF(D26=0,+'App.2-CH_NewCGAAP_DepExp_2013'!O26,+'App.2-CH_NewCGAAP_DepExp_2013'!O26+((C26*0.5)/D26))","v":0},null,0,0,null,{"$f":"IF(ISERROR(+I26+'App.2-CH_NewCGAAP_DepExp_2013'!O26-J26), 0, +I26+'App.2-CH_NewCGAAP_DepExp_2013'!O26-J26)","v":0}]
[1840,"Underground Conduit",null,null,0,{"$f":"IF(D27=0,+'App.2-CH_NewCGAAP_DepExp_2013'!O27,+'App.2-CH_NewCGAAP_DepExp_2013'!O27+((C27*0.5)/D27))","v":0},null,0,0,null,{"$f":"IF(ISERROR(+I27+'App.2-CH_NewCGAAP_DepExp_2013'!O27-J27), 0, +I27+'App.2-CH_NewCGAAP_DepExp_2013'!O27-J27)","v":0}]
[1845,"Underground Conductors & Devices",null,null,0,{"$f":"IF(D28=0,+'App.2-CH_NewCGAAP_DepExp_2013'!O28,+'App.2-CH_NewCGAAP_DepExp_2013'!O28+((C28*0.5)/D28))","v":0},null,0,0,null,{"$f":"IF(ISERROR(+I28+'App.2-CH_NewCGAAP_DepExp_2013'!O28-J28), 0, +I28+'App.2-CH_NewCGAAP_DepExp_2013'!O28-J28)","v":0}]
[1850,"Line Transformers",null,null,0,{"$f":"IF(D29=0,+'App.2-CH_NewCGAAP_DepExp_2013'!O29,+'App.2-CH_NewCGAAP_DepExp_2013'!O29+((C29*0.5)/D29))","v":0},null,0,0,null,{"$f":"IF(ISERROR(+I29+'App.2-CH_NewCGAAP_DepExp_2013'!O29-J29), 0, +I29+'App.2-CH_NewCGAAP_DepExp_2013'!O29-J29)","v":0}]
[1855,"Services (Overhead & Underground)",null,null,0,{"$f":"IF(D30=0,+'App.2-CH_NewCGAAP_DepExp_2013'!O30,+'App.2-CH_NewCGAAP_DepExp_2013'!O30+((C30*0.5)/D30))","v":0},null,0,0,null,{"$f":"IF(ISERROR(+I30+'App.2-CH_NewCGAAP_DepExp_2013'!O30-J30), 0, +I30+'App.2-CH_NewCGAAP_DepExp_2013'!O30-J30)","v":0}]
[1860,"Meters",null,null,0,{"$f":"IF(D31=0,+'App.2-CH_NewCGAAP_DepExp_2013'!O31,+'App.2-CH_NewCGAAP_DepExp_2013'!O31+((C31*0.5)/D31))","v":0},null,0,0,null,{"$f":"IF(ISERROR(+I31+'App.2-CH_NewCGAAP_DepExp_2013'!O31-J31), 0, +I31+'App.2-CH_NewCGAAP_DepExp_2013'!O31-J31)","v":0}]
[1860,"Meters (Smart Meters)",null,null,0,{"$f":"IF(D32=0,+'App.2-CH_NewCGAAP_DepExp_2013'!O32,+'App.2-CH_NewCGAAP_DepExp_2013'!O32+((C32*0.5)/D32))","v":0},null,0,0,null,{"$f":"IF(ISERROR(+I32+'App.2-CH_NewCGAAP_DepExp_2013'!O32-J32), 0, +I32+'App.2-CH_NewCGAAP_DepExp_2013'!O32-J32)","v":0}]
[1905,"Land",null,null,0,{"$f":"IF(D33=0,+'App.2-CH_NewCGAAP_DepExp_2013'!O33,+'App.2-CH_NewCGAAP_DepExp_2013'!O33+((C33*0.5)/D33))","v":0},null,0,0,null,{"$f":"IF(ISERROR(+I33+'App.2-CH_NewCGAAP_DepExp_2013'!O33-J33), 0, +I33+'App.2-CH_NewCGAAP_DepExp_2013'!O33-J33)","v":0}]
[1908,"Buildings & Fixtures",null,null,0,{"$f":"IF(D34=0,+'App.2-CH_NewCGAAP_DepExp_2013'!O34,+'App.2-CH_NewCGAAP_DepExp_2013'!O34+((C34*0.5)/D34))","v":0},null,0,0,null,{"$f":"IF(ISERROR(+I34+'App.2-CH_NewCGAAP_DepExp_2013'!O34-J34), 0, +I34+'App.2-CH_NewCGAAP_DepExp_2013'!O34-J34)","v":0}]
[1910,"Leasehold Improvements",null,null,0,{"$f":"IF(D35=0,+'App.2-CH_NewCGAAP_DepExp_2013'!O35,+'App.2-CH_NewCGAAP_DepExp_2013'!O35+((C35*0.5)/D35))","v":0},null,0,0,null,{"$f":"IF(ISERROR(+I35+'App.2-CH_NewCGAAP_DepExp_2013'!O35-J35), 0, +I35+'App.2-CH_NewCGAAP_DepExp_2013'!O35-J35)","v":0}]
[1915,"Office Furniture & Equipment (10 years)",null,null,0,{"$f":"IF(D36=0,+'App.2-CH_NewCGAAP_DepExp_2013'!O36,+'App.2-CH_NewCGAAP_DepExp_2013'!O36+((C36*0.5)/D36))","v":0},null,0,0,null,{"$f":"IF(ISERROR(+I36+'App.2-CH_NewCGAAP_DepExp_2013'!O36-J36), 0, +I36+'App.2-CH_NewCGAAP_DepExp_2013'!O36-J36)","v":0}]
[1915,"Office Furniture & Equipment (5 years)",null,null,0,{"$f":"IF(D37=0,+'App.2-CH_NewCGAAP_DepExp_2013'!O37,+'App.2-CH_NewCGAAP_DepExp_2013'!O37+((C37*0.5)/D37))","v":0},null,0,0,null,{"$f":"IF(ISERROR(+I37+'App.2-CH_NewCGAAP_DepExp_2013'!O37-J37), 0, +I37+'App.2-CH_NewCGAAP_DepExp_2013'!O37-J37)","v":0}]
[1920,"Computer Equipment - Hardware",null,null,0,{"$f":"IF(D38=0,+'App.2-CH_NewCGAAP_DepExp_2013'!O38,+'App.2-CH_NewCGAAP_DepExp_2013'!O38+((C38*0.5)/D38))","v":0},null,0,0,null,{"$f":"IF(ISERROR(+I38+'App.2-CH_NewCGAAP_DepExp_2013'!O38-J38), 0, +I38+'App.2-CH_NewCGAAP_DepExp_2013'!O38-J38)","v":0}]
[1920,"Computer Equip.-Hardware(Post Mar. 22/04)",null,null,0,{"$f":"IF(D39=0,+'App.2-CH_NewCGAAP_DepExp_2013'!O39,+'App.2-CH_NewCGAAP_DepExp_2013'!O39+((C39*0.5)/D39))","v":0},null,0,0,null,{"$f":"IF(ISERROR(+I39+'App.2-CH_NewCGAAP_DepExp_2013'!O39-J39), 0, +I39+'App.2-CH_NewCGAAP_DepExp_2013'!O39-J39)","v":0}]
[1920,"Computer Equip.-Hardware(Post Mar. 19/07)",null,null,0,{"$f":"IF(D40=0,+'App.2-CH_NewCGAAP_DepExp_2013'!O40,+'App.2-CH_NewCGAAP_DepExp_2013'!O40+((C40*0.5)/D40))","v":0},null,0,0,null,{"$f":"IF(ISERROR(+I40+'App.2-CH_NewCGAAP_DepExp_2013'!O40-J40), 0, +I40+'App.2-CH_NewCGAAP_DepExp_2013'!O40-J40)","v":0}]
[1930,"Transportation Equipment",null,null,0,{"$f":"IF(D41=0,+'App.2-CH_NewCGAAP_DepExp_2013'!O41,+'App.2-CH_NewCGAAP_DepExp_2013'!O41+((C41*0.5)/D41))","v":0},null,0,0,null,{"$f":"IF(ISERROR(+I41+'App.2-CH_NewCGAAP_DepExp_2013'!O41-J41), 0, +I41+'App.2-CH_NewCGAAP_DepExp_2013'!O41-J41)","v":0}]
[1935,"Stores Equipment",null,null,0,{"$f":"IF(D42=0,+'App.2-CH_NewCGAAP_DepExp_2013'!O42,+'App.2-CH_NewCGAAP_DepExp_2013'!O42+((C42*0.5)/D42))","v":0},null,0,0,null,{"$f":"IF(ISERROR(+I42+'App.2-CH_NewCGAAP_DepExp_2013'!O42-J42), 0, +I42+'App.2-CH_NewCGAAP_DepExp_2013'!O42-J42)","v":0}]
[1940,"Tools, Shop & Garage Equipment",null,null,0,{"$f":"IF(D43=0,+'App.2-CH_NewCGAAP_DepExp_2013'!O43,+'App.2-CH_NewCGAAP_DepExp_2013'!O43+((C43*0.5)/D43))","v":0},null,0,0,null,{"$f":"IF(ISERROR(+I43+'App.2-CH_NewCGAAP_DepExp_2013'!O43-J43), 0, +I43+'App.2-CH_NewCGAAP_DepExp_2013'!O43-J43)","v":0}]
[1945,"Measurement & Testing Equipment",null,null,0,{"$f":"IF(D44=0,+'App.2-CH_NewCGAAP_DepExp_2013'!O44,+'App.2-CH_NewCGAAP_DepExp_2013'!O44+((C44*0.5)/D44))","v":0},null,0,0,null,{"$f":"IF(ISERROR(+I44+'App.2-CH_NewCGAAP_DepExp_2013'!O44-J44), 0, +I44+'App.2-CH_NewCGAAP_DepExp_2013'!O44-J44)","v":0}]
[1950,"Power Operated Equipment",null,null,0,{"$f":"IF(D45=0,+'App.2-CH_NewCGAAP_DepExp_2013'!O45,+'App.2-CH_NewCGAAP_DepExp_2013'!O45+((C45*0.5)/D45))","v":0},null,0,0,null,{"$f":"IF(ISERROR(+I45+'App.2-CH_NewCGAAP_DepExp_2013'!O45-J45), 0, +I45+'App.2-CH_NewCGAAP_DepExp_2013'!O45-J45)","v":0}]
[1955,"Communications Equipment",null,null,0,{"$f":"IF(D46=0,+'App.2-CH_NewCGAAP_DepExp_2013'!O46,+'App.2-CH_NewCGAAP_DepExp_2013'!O46+((C46*0.5)/D46))","v":0},null,0,0,null,{"$f":"IF(ISERROR(+I46+'App.2-CH_NewCGAAP_DepExp_2013'!O46-J46), 0, +I46+'App.2-CH_NewCGAAP_DepExp_2013'!O46-J46)","v":0}]
[1955,"Communication Equipment (Smart Meters)",null,null,0,{"$f":"IF(D47=0,+'App.2-CH_NewCGAAP_DepExp_2013'!O47,+'App.2-CH_NewCGAAP_DepExp_2013'!O47+((C47*0.5)/D47))","v":0},null,0,0,null,{"$f":"IF(ISERROR(+I47+'App.2-CH_NewCGAAP_DepExp_2013'!O47-J47), 0, +I47+'App.2-CH_NewCGAAP_DepExp_2013'!O47-J47)","v":0}]
[1960,"Miscellaneous Equipment ",null,null,0,{"$f":"IF(D48=0,+'App.2-CH_NewCGAAP_DepExp_2013'!O48,+'App.2-CH_NewCGAAP_DepExp_2013'!O48+((C48*0.5)/D48))","v":0},null,0,0,null,{"$f":"IF(ISERROR(+I48+'App.2-CH_NewCGAAP_DepExp_2013'!O48-J48), 0, +I48+'App.2-CH_NewCGAAP_DepExp_2013'!O48-J48)","v":0}]
[1970,"Load Management Controls - Customer Premises",null,null,0,{"$f":"IF(D49=0,+'App.2-CH_NewCGAAP_DepExp_2013'!O49,+'App.2-CH_NewCGAAP_DepExp_2013'!O49+((C49*0.5)/D49))","v":0},null,0,0,null,{"$f":"IF(ISERROR(+I49+'App.2-CH_NewCGAAP_DepExp_2013'!O49-J49), 0, +I49+'App.2-CH_NewCGAAP_DepExp_2013'!O49-J49)","v":0}]
[1975,"Load Management Controls Utility Premises",null,null,0,{"$f":"IF(D50=0,+'App.2-CH_NewCGAAP_DepExp_2013'!O50,+'App.2-CH_NewCGAAP_DepExp_2013'!O50+((C50*0.5)/D50))","v":0},null,0,0,null,{"$f":"IF(ISERROR(+I50+'App.2-CH_NewCGAAP_DepExp_2013'!O50-J50), 0, +I50+'App.2-CH_NewCGAAP_DepExp_2013'!O50-J50)","v":0}]
[1980,"System Supervisor Equipment",null,null,0,{"$f":"IF(D51=0,+'App.2-CH_NewCGAAP_DepExp_2013'!O51,+'App.2-CH_NewCGAAP_DepExp_2013'!O51+((C51*0.5)/D51))","v":0},null,0,0,null,{"$f":"IF(ISERROR(+I51+'App.2-CH_NewCGAAP_DepExp_2013'!O51-J51), 0, +I51+'App.2-CH_NewCGAAP_DepExp_2013'!O51-J51)","v":0}]
[1985,"Miscellaneous Fixed Assets",null,null,0,{"$f":"IF(D52=0,+'App.2-CH_NewCGAAP_DepExp_2013'!O52,+'App.2-CH_NewCGAAP_DepExp_2013'!O52+((C52*0.5)/D52))","v":0},null,0,0,null,{"$f":"IF(ISERROR(+I52+'App.2-CH_NewCGAAP_DepExp_2013'!O52-J52), 0, +I52+'App.2-CH_NewCGAAP_DepExp_2013'!O52-J52)","v":0}]
[1990,"Other Tangible Property",null,null,0,{"$f":"IF(D53=0,+'App.2-CH_NewCGAAP_DepExp_2013'!O53,+'App.2-CH_NewCGAAP_DepExp_2013'!O53+((C53*0.5)/D53))","v":0},null,0,0,null,{"$f":"IF(ISERROR(+I53+'App.2-CH_NewCGAAP_DepExp_2013'!O53-J53), 0, +I53+'App.2-CH_NewCGAAP_DepExp_2013'!O53-J53)","v":0}]
[1995,"Contributions & Grants",null,null,{"$f":"IF(D54=0,0,1/D54)","v":0},{"$f":"IF(D54=0,+'App.2-CH_NewCGAAP_DepExp_2013'!O54,+'App.2-CH_NewCGAAP_DepExp_2013'!O54+((C54*0.5)/D54))","v":0},null,0,0,null,{"$f":"IF(ISERROR(+I54+'App.2-CH_NewCGAAP_DepExp_2013'!O54-J54), 0, +I54+'App.2-CH_NewCGAAP_DepExp_2013'!O54-J54)","v":0}]
[null,"Total",{"$f":"SUM(C17:C54)","v":0},null,null,{"$f":"SUM(F17:F54)","v":0},0,0,0,0,0]
[null,"Depreciation exp. adj. from gain or loss on the retirement of assets (pool of like assets)"]
[null,"Total Depreciation Expense",null,null,null,{"$f":"SUM(F55:F56)","v":0}]
[]
["Notes:"]
[1,"Board policy of the \"half-year\" rule - the applicant must ensure that additions in the year attract a half-year depreciation expense in the first year.  Deviations from this standard practice must be supported in the application."]
[2,"The applicant must provide an explanation of material variances in evidence."]
[3,"This column refers to the calculated full year depreciation but excludes the depreciation expense on assets fully depreciated during the year.  This column is used for the purpose of calculating depreciation expense in the following year on the next worksheet."]
[]
["General:","Applicants must provide a breakdown of depreciation and amortization expense in the above format for all relevant accounts.  Asset Retirement Obligations (AROs), depreciation and accretion expense should be disclosed separately consistent with the Notes of historical Audited Financial Statements."]

{"sheet":"App.2-CJ MIFRS_DepExp_2015","index":19,"n_rows":64,"n_cols":11,"rows_kept":64,"cut":false,"hidden":false,"merged":[[8,0,8,7],[63,1,64,7],[58,1,58,7],[59,1,59,8],[56,1,56,4],[60,1,60,10],[14,9,15,9],[10,0,10,7],[9,0,9,8],[14,1,15,1],[14,6,15,6]]}
[null,null,null,null,null,null,"File Number:",{"$f":"EBNUMBER","v":0}]
[null,null,null,null,null,null,"Exhibit:"]
[null,null,null,null,null,null,"Tab:"]
[null,null,null,null,null,null,"Schedule:"]
[null,null,null,null,null,null,"Page:"]
[]
[null,null,null,null,null,null,"Date:"]
[]
["Appendix 2-CJ"]
["Depreciation and Amortization Expense"]
["Assumes the applicant made capitalization and depreciation expense accounting policy changes under CGAAP effective January 1, 2013 and has adopted IFRS for financial reporting purposes effective January 1, 2015."]
[]
[null,null,null,2015,"MIFRS"]
[]
["Account","Description","Additions","Years (new additions only)","Depreciation Rate on New Additions","2015 Depreciation Expense 1","2015 Depreciation Expense per Appendix 2-BA Fixed Assets, Column J\n (l)","Variance 2","Depreciation Expense on 2015 Full Year Additions","Less Depreciation Expense on Assets Fully Depreciated during the year\n(o)","2015 Full Year Depreciation 3"]
[null,null,"(d)","(f)","(g) = 1 / (f)","(h)=2014 Full Year Depreciation + ((d)*0.5)/(f) ",null,"(m) = (h) - (l)","(n)=((d))/(f) ",null,"(p) = 2014 Full Year Depreciation  + (n) - (o)"]
[1611,"Computer Software (Formally known as Account 1925)",null,null,{"$f":"IF(D17=0,0,1/D17)","v":0},{"$f":"IF(D17=0,'App.2-CI_MIFRS_DepExp_2014'!K17,+'App.2-CI_MIFRS_DepExp_2014'!K17+((C17*0.5)/D17))","v":0},null,{"$f":"IF(ISERROR(+F17-G17), 0, +F17-G17)","v":0},{"$f":"IF(D17=0,0,+(C17)/D17)","v":0},null,{"$f":"IF(ISERROR(+I17+'App.2-CI_MIFRS_DepExp_2014'!K17-J17), 0, +I17+'App.2-CI_MIFRS_DepExp_2014'!K17-J17)","v":0}]
[1612,"Land Rights (Formally known as Account 1906)",null,null,0,{"$f":"IF(D18=0,'App.2-CI_MIFRS_DepExp_2014'!K18,+'App.2-CI_MIFRS_DepExp_2014'!K18+((C18*0.5)/D18))","v":0},null,0,{"$f":"IF(D18=0,0,+(C18)/D18)","v":0},null,{"$f":"IF(ISERROR(+I18+'App.2-CI_MIFRS_DepExp_2014'!K18-J18), 0, +I18+'App.2-CI_MIFRS_DepExp_2014'!K18-J18)","v":0}]
[1805,"Land",null,null,0,{"$f":"IF(D19=0,'App.2-CI_MIFRS_DepExp_2014'!K19,+'App.2-CI_MIFRS_DepExp_2014'!K19+((C19*0.5)/D19))","v":0},null,0,0,null,{"$f":"IF(ISERROR(+I19+'App.2-CI_MIFRS_DepExp_2014'!K19-J19), 0, +I19+'App.2-CI_MIFRS_DepExp_2014'!K19-J19)","v":0}]
[1808,"Buildings",null,null,0,{"$f":"IF(D20=0,'App.2-CI_MIFRS_DepExp_2014'!K20,+'App.2-CI_MIFRS_DepExp_2014'!K20+((C20*0.5)/D20))","v":0},null,0,0,null,{"$f":"IF(ISERROR(+I20+'App.2-CI_MIFRS_DepExp_2014'!K20-J20), 0, +I20+'App.2-CI_MIFRS_DepExp_2014'!K20-J20)","v":0}]
[1810,"Leasehold Improvements",null,null,0,{"$f":"IF(D21=0,'App.2-CI_MIFRS_DepExp_2014'!K21,+'App.2-CI_MIFRS_DepExp_2014'!K21+((C21*0.5)/D21))","v":0},null,0,0,null,{"$f":"IF(ISERROR(+I21+'App.2-CI_MIFRS_DepExp_2014'!K21-J21), 0, +I21+'App.2-CI_MIFRS_DepExp_2014'!K21-J21)","v":0}]
[1815,"Transformer Station Equipment >50 kV",null,null,0,{"$f":"IF(D22=0,'App.2-CI_MIFRS_DepExp_2014'!K22,+'App.2-CI_MIFRS_DepExp_2014'!K22+((C22*0.5)/D22))","v":0},null,0,0,null,{"$f":"IF(ISERROR(+I22+'App.2-CI_MIFRS_DepExp_2014'!K22-J22), 0, +I22+'App.2-CI_MIFRS_DepExp_2014'!K22-J22)","v":0}]
[1820,"Distribution Station Equipment <50 kV",null,null,0,{"$f":"IF(D23=0,'App.2-CI_MIFRS_DepExp_2014'!K23,+'App.2-CI_MIFRS_DepExp_2014'!K23+((C23*0.5)/D23))","v":0},null,0,0,null,{"$f":"IF(ISERROR(+I23+'App.2-CI_MIFRS_DepExp_2014'!K23-J23), 0, +I23+'App.2-CI_MIFRS_DepExp_2014'!K23-J23)","v":0}]
[1825,"Storage Battery Equipment",null,null,0,{"$f":"IF(D24=0,'App.2-CI_MIFRS_DepExp_2014'!K24,+'App.2-CI_MIFRS_DepExp_2014'!K24+((C24*0.5)/D24))","v":0},null,0,0,null,{"$f":"IF(ISERROR(+I24+'App.2-CI_MIFRS_DepExp_2014'!K24-J24), 0, +I24+'App.2-CI_MIFRS_DepExp_2014'!K24-J24)","v":0}]
[1830,"Poles, Towers & Fixtures",null,null,0,{"$f":"IF(D25=0,'App.2-CI_MIFRS_DepExp_2014'!K25,+'App.2-CI_MIFRS_DepExp_2014'!K25+((C25*0.5)/D25))","v":0},null,0,0,null,{"$f":"IF(ISERROR(+I25+'App.2-CI_MIFRS_DepExp_2014'!K25-J25), 0, +I25+'App.2-CI_MIFRS_DepExp_2014'!K25-J25)","v":0}]
[1835,"Overhead Conductors & Devices",null,null,0,{"$f":"IF(D26=0,'App.2-CI_MIFRS_DepExp_2014'!K26,+'App.2-CI_MIFRS_DepExp_2014'!K26+((C26*0.5)/D26))","v":0},null,0,0,null,{"$f":"IF(ISERROR(+I26+'App.2-CI_MIFRS_DepExp_2014'!K26-J26), 0, +I26+'App.2-CI_MIFRS_DepExp_2014'!K26-J26)","v":0}]
[1840,"Underground Conduit",null,null,0,{"$f":"IF(D27=0,'App.2-CI_MIFRS_DepExp_2014'!K27,+'App.2-CI_MIFRS_DepExp_2014'!K27+((C27*0.5)/D27))","v":0},null,0,0,null,{"$f":"IF(ISERROR(+I27+'App.2-CI_MIFRS_DepExp_2014'!K27-J27), 0, +I27+'App.2-CI_MIFRS_DepExp_2014'!K27-J27)","v":0}]
[1845,"Underground Conductors & Devices",null,null,0,{"$f":"IF(D28=0,'App.2-CI_MIFRS_DepExp_2014'!K28,+'App.2-CI_MIFRS_DepExp_2014'!K28+((C28*0.5)/D28))","v":0},null,0,0,null,{"$f":"IF(ISERROR(+I28+'App.2-CI_MIFRS_DepExp_2014'!K28-J28), 0, +I28+'App.2-CI_MIFRS_DepExp_2014'!K28-J28)","v":0}]
[1850,"Line Transformers",null,null,0,{"$f":"IF(D29=0,'App.2-CI_MIFRS_DepExp_2014'!K29,+'App.2-CI_MIFRS_DepExp_2014'!K29+((C29*0.5)/D29))","v":0},null,0,0,null,{"$f":"IF(ISERROR(+I29+'App.2-CI_MIFRS_DepExp_2014'!K29-J29), 0, +I29+'App.2-CI_MIFRS_DepExp_2014'!K29-J29)","v":0}]
[1855,"Services (Overhead & Underground)",null,null,0,{"$f":"IF(D30=0,'App.2-CI_MIFRS_DepExp_2014'!K30,+'App.2-CI_MIFRS_DepExp_2014'!K30+((C30*0.5)/D30))","v":0},null,0,0,null,{"$f":"IF(ISERROR(+I30+'App.2-CI_MIFRS_DepExp_2014'!K30-J30), 0, +I30+'App.2-CI_MIFRS_DepExp_2014'!K30-J30)","v":0}]
[1860,"Meters",null,null,0,{"$f":"IF(D31=0,'App.2-CI_MIFRS_DepExp_2014'!K31,+'App.2-CI_MIFRS_DepExp_2014'!K31+((C31*0.5)/D31))","v":0},null,0,0,null,{"$f":"IF(ISERROR(+I31+'App.2-CI_MIFRS_DepExp_2014'!K31-J31), 0, +I31+'App.2-CI_MIFRS_DepExp_2014'!K31-J31)","v":0}]
[1860,"Meters (Smart Meters)",null,null,0,{"$f":"IF(D32=0,'App.2-CI_MIFRS_DepExp_2014'!K32,+'App.2-CI_MIFRS_DepExp_2014'!K32+((C32*0.5)/D32))","v":0},null,0,0,null,{"$f":"IF(ISERROR(+I32+'App.2-CI_MIFRS_DepExp_2014'!K32-J32), 0, +I32+'App.2-CI_MIFRS_DepExp_2014'!K32-J32)","v":0}]
[1905,"Land",null,null,0,{"$f":"IF(D33=0,'App.2-CI_MIFRS_DepExp_2014'!K33,+'App.2-CI_MIFRS_DepExp_2014'!K33+((C33*0.5)/D33))","v":0},null,0,0,null,{"$f":"IF(ISERROR(+I33+'App.2-CI_MIFRS_DepExp_2014'!K33-J33), 0, +I33+'App.2-CI_MIFRS_DepExp_2014'!K33-J33)","v":0}]
[1908,"Buildings & Fixtures",null,null,0,{"$f":"IF(D34=0,'App.2-CI_MIFRS_DepExp_2014'!K34,+'App.2-CI_MIFRS_DepExp_2014'!K34+((C34*0.5)/D34))","v":0},null,0,0,null,{"$f":"IF(ISERROR(+I34+'App.2-CI_MIFRS_DepExp_2014'!K34-J34), 0, +I34+'App.2-CI_MIFRS_DepExp_2014'!K34-J34)","v":0}]
[1910,"Leasehold Improvements",null,null,0,{"$f":"IF(D35=0,'App.2-CI_MIFRS_DepExp_2014'!K35,+'App.2-CI_MIFRS_DepExp_2014'!K35+((C35*0.5)/D35))","v":0},null,0,0,null,{"$f":"IF(ISERROR(+I35+'App.2-CI_MIFRS_DepExp_2014'!K35-J35), 0, +I35+'App.2-CI_MIFRS_DepExp_2014'!K35-J35)","v":0}]
[1915,"Office Furniture & Equipment (10 years)",null,null,0,{"$f":"IF(D36=0,'App.2-CI_MIFRS_DepExp_2014'!K36,+'App.2-CI_MIFRS_DepExp_2014'!K36+((C36*0.5)/D36))","v":0},null,0,0,null,{"$f":"IF(ISERROR(+I36+'App.2-CI_MIFRS_DepExp_2014'!K36-J36), 0, +I36+'App.2-CI_MIFRS_DepExp_2014'!K36-J36)","v":0}]
[1915,"Office Furniture & Equipment (5 years)",null,null,0,{"$f":"IF(D37=0,'App.2-CI_MIFRS_DepExp_2014'!K37,+'App.2-CI_MIFRS_DepExp_2014'!K37+((C37*0.5)/D37))","v":0},null,0,0,null,{"$f":"IF(ISERROR(+I37+'App.2-CI_MIFRS_DepExp_2014'!K37-J37), 0, +I37+'App.2-CI_MIFRS_DepExp_2014'!K37-J37)","v":0}]
[1920,"Computer Equipment - Hardware",null,null,0,{"$f":"IF(D38=0,'App.2-CI_MIFRS_DepExp_2014'!K38,+'App.2-CI_MIFRS_DepExp_2014'!K38+((C38*0.5)/D38))","v":0},null,0,0,null,{"$f":"IF(ISERROR(+I38+'App.2-CI_MIFRS_DepExp_2014'!K38-J38), 0, +I38+'App.2-CI_MIFRS_DepExp_2014'!K38-J38)","v":0}]
[1920,"Computer Equip.-Hardware(Post Mar. 22/04)",null,null,0,{"$f":"IF(D39=0,'App.2-CI_MIFRS_DepExp_2014'!K39,+'App.2-CI_MIFRS_DepExp_2014'!K39+((C39*0.5)/D39))","v":0},null,0,0,null,{"$f":"IF(ISERROR(+I39+'App.2-CI_MIFRS_DepExp_2014'!K39-J39), 0, +I39+'App.2-CI_MIFRS_DepExp_2014'!K39-J39)","v":0}]
[1920,"Computer Equip.-Hardware(Post Mar. 19/07)",null,null,0,{"$f":"IF(D40=0,'App.2-CI_MIFRS_DepExp_2014'!K40,+'App.2-CI_MIFRS_DepExp_2014'!K40+((C40*0.5)/D40))","v":0},null,0,0,null,{"$f":"IF(ISERROR(+I40+'App.2-CI_MIFRS_DepExp_2014'!K40-J40), 0, +I40+'App.2-CI_MIFRS_DepExp_2014'!K40-J40)","v":0}]
[1930,"Transportation Equipment",null,null,0,{"$f":"IF(D41=0,'App.2-CI_MIFRS_DepExp_2014'!K41,+'App.2-CI_MIFRS_DepExp_2014'!K41+((C41*0.5)/D41))","v":0},null,0,0,null,{"$f":"IF(ISERROR(+I41+'App.2-CI_MIFRS_DepExp_2014'!K41-J41), 0, +I41+'App.2-CI_MIFRS_DepExp_2014'!K41-J41)","v":0}]
[1935,"Stores Equipment",null,null,0,{"$f":"IF(D42=0,'App.2-CI_MIFRS_DepExp_2014'!K42,+'App.2-CI_MIFRS_DepExp_2014'!K42+((C42*0.5)/D42))","v":0},null,0,0,null,{"$f":"IF(ISERROR(+I42+'App.2-CI_MIFRS_DepExp_2014'!K42-J42), 0, +I42+'App.2-CI_MIFRS_DepExp_2014'!K42-J42)","v":0}]
[1940,"Tools, Shop & Garage Equipment",null,null,0,{"$f":"IF(D43=0,'App.2-CI_MIFRS_DepExp_2014'!K43,+'App.2-CI_MIFRS_DepExp_2014'!K43+((C43*0.5)/D43))","v":0},null,0,0,null,{"$f":"IF(ISERROR(+I43+'App.2-CI_MIFRS_DepExp_2014'!K43-J43), 0, +I43+'App.2-CI_MIFRS_DepExp_2014'!K43-J43)","v":0}]
[1945,"Measurement & Testing Equipment",null,null,0,{"$f":"IF(D44=0,'App.2-CI_MIFRS_DepExp_2014'!K44,+'App.2-CI_MIFRS_DepExp_2014'!K44+((C44*0.5)/D44))","v":0},null,0,0,null,{"$f":"IF(ISERROR(+I44+'App.2-CI_MIFRS_DepExp_2014'!K44-J44), 0, +I44+'App.2-CI_MIFRS_DepExp_2014'!K44-J44)","v":0}]
[1950,"Power Operated Equipment",null,null,0,{"$f":"IF(D45=0,'App.2-CI_MIFRS_DepExp_2014'!K45,+'App.2-CI_MIFRS_DepExp_2014'!K45+((C45*0.5)/D45))","v":0},null,0,0,null,{"$f":"IF(ISERROR(+I45+'App.2-CI_MIFRS_DepExp_2014'!K45-J45), 0, +I45+'App.2-CI_MIFRS_DepExp_2014'!K45-J45)","v":0}]
[1955,"Communications Equipment",null,null,0,{"$f":"IF(D46=0,'App.2-CI_MIFRS_DepExp_2014'!K46,+'App.2-CI_MIFRS_DepExp_2014'!K46+((C46*0.5)/D46))","v":0},null,0,0,null,{"$f":"IF(ISERROR(+I46+'App.2-CI_MIFRS_DepExp_2014'!K46-J46), 0, +I46+'App.2-CI_MIFRS_DepExp_2014'!K46-J46)","v":0}]
[1955,"Communication Equipment (Smart Meters)",null,null,0,{"$f":"IF(D47=0,'App.2-CI_MIFRS_DepExp_2014'!K47,+'App.2-CI_MIFRS_DepExp_2014'!K47+((C47*0.5)/D47))","v":0},null,0,0,null,{"$f":"IF(ISERROR(+I47+'App.2-CI_MIFRS_DepExp_2014'!K47-J47), 0, +I47+'App.2-CI_MIFRS_DepExp_2014'!K47-J47)","v":0}]
[1960,"Miscellaneous Equipment ",null,null,0,{"$f":"IF(D48=0,'App.2-CI_MIFRS_DepExp_2014'!K48,+'App.2-CI_MIFRS_DepExp_2014'!K48+((C48*0.5)/D48))","v":0},null,0,0,null,{"$f":"IF(ISERROR(+I48+'App.2-CI_MIFRS_DepExp_2014'!K48-J48), 0, +I48+'App.2-CI_MIFRS_DepExp_2014'!K48-J48)","v":0}]
[1970,"Load Management Controls - Customer Premises",null,null,0,{"$f":"IF(D49=0,'App.2-CI_MIFRS_DepExp_2014'!K49,+'App.2-CI_MIFRS_DepExp_2014'!K49+((C49*0.5)/D49))","v":0},null,0,0,null,{"$f":"IF(ISERROR(+I49+'App.2-CI_MIFRS_DepExp_2014'!K49-J49), 0, +I49+'App.2-CI_MIFRS_DepExp_2014'!K49-J49)","v":0}]
[1975,"Load Management Controls Utility Premises",null,null,0,{"$f":"IF(D50=0,'App.2-CI_MIFRS_DepExp_2014'!K50,+'App.2-CI_MIFRS_DepExp_2014'!K50+((C50*0.5)/D50))","v":0},null,0,0,null,{"$f":"IF(ISERROR(+I50+'App.2-CI_MIFRS_DepExp_2014'!K50-J50), 0, +I50+'App.2-CI_MIFRS_DepExp_2014'!K50-J50)","v":0}]
[1980,"System Supervisor Equipment",null,null,0,{"$f":"IF(D51=0,'App.2-CI_MIFRS_DepExp_2014'!K51,+'App.2-CI_MIFRS_DepExp_2014'!K51+((C51*0.5)/D51))","v":0},null,0,0,null,{"$f":"IF(ISERROR(+I51+'App.2-CI_MIFRS_DepExp_2014'!K51-J51), 0, +I51+'App.2-CI_MIFRS_DepExp_2014'!K51-J51)","v":0}]
[1985,"Miscellaneous Fixed Assets",null,null,0,{"$f":"IF(D52=0,'App.2-CI_MIFRS_DepExp_2014'!K52,+'App.2-CI_MIFRS_DepExp_2014'!K52+((C52*0.5)/D52))","v":0},null,0,0,null,{"$f":"IF(ISERROR(+I52+'App.2-CI_MIFRS_DepExp_2014'!K52-J52), 0, +I52+'App.2-CI_MIFRS_DepExp_2014'!K52-J52)","v":0}]
[1990,"Other Tangible Property",null,null,0,{"$f":"IF(D53=0,'App.2-CI_MIFRS_DepExp_2014'!K53,+'App.2-CI_MIFRS_DepExp_2014'!K53+((C53*0.5)/D53))","v":0},null,0,0,null,{"$f":"IF(ISERROR(+I53+'App.2-CI_MIFRS_DepExp_2014'!K53-J53), 0, +I53+'App.2-CI_MIFRS_DepExp_2014'!K53-J53)","v":0}]
[1995,"Contributions & Grants",null,null,0,{"$f":"IF(D54=0,'App.2-CI_MIFRS_DepExp_2014'!K54,+'App.2-CI_MIFRS_DepExp_2014'!K54+((C54*0.5)/D54))","v":0},null,0,0,null,{"$f":"IF(ISERROR(+I54+'App.2-CI_MIFRS_DepExp_2014'!K54-J54), 0, +I54+'App.2-CI_MIFRS_DepExp_2014'!K54-J54)","v":0}]
[null,"Total",{"$f":"SUM(C17:C54)","v":0},null,null,{"$f":"SUM(F17:F54)","v":0},{"$f":"SUM(G17:G54)","v":0},{"$f":"SUM(H17:H54)","v":0},{"$f":"SUM(I17:I54)","v":0},0,{"$f":"SUM(K17:K54)","v":0}]
[null,"Depreciation exp. adj. from gain or loss on the retirement of assets (pool of like assets)"]
[null,"Total Depreciation expense to be included in the test year revenue requirement",null,null,null,{"$f":"SUM(F55:F56)","v":0}]
["Notes:"]
[1,"Board policy of the \"half-year\" rule - the applicant must ensure that additions in the year attract a half-year depreciation expense in the first year.  Deviations from this standard practice must be supported in the application."]
[2,"The applicant must provide an explanation of material variances in evidence."]
[3,"This column refers to the calculated full year depreciation but excludes the depreciation expense on assets fully depreciated during the year.  This column is used for the purpose of calculating depreciation expense in the following year on the next worksheet."]
[]
[]
["General:","Applicants must provide a breakdown of depreciation and amortization expense in the above format for all relevant accounts.  Asset Retirement Obligations (AROs), depreciation and accretion expense should be disclosed separately consistent with the Notes of historical Audited Financial Statements."]

{"sheet":"App.2-CK MIFRS_DepExp_2016","index":20,"n_rows":62,"n_cols":8,"rows_kept":62,"cut":false,"hidden":false,"merged":[[58,1,58,7],[59,1,59,8],[60,1,60,8],[61,1,62,7],[8,0,8,7],[9,0,9,8],[10,0,10,7],[14,1,15,1],[14,6,15,6],[56,1,56,4]]}
[null,null,null,null,null,null,"File Number:",{"$f":"EBNUMBER","v":0}]
[null,null,null,null,null,null,"Exhibit:"]
[null,null,null,null,null,null,"Tab:"]
[null,null,null,null,null,null,"Schedule:"]
[null,null,null,null,null,null,"Page:"]
[]
[null,null,null,null,null,null,"Date:"]
[]
["Appendix 2-CK"]
["Depreciation and Amortization Expense"]
["Assumes the applicant made capitalization and depreciation expense accounting policy changes under CGAAP effective January 1, 2013 and has adopted IFRS for financial reporting purposes effective January 1, 2015."]
[]
[null,null,null,2016,"MIFRS"]
[]
["Account","Description","Additions","Years (new additions only)","Depreciation Rate on New Additions","2016 Depreciation Expense 1","2016 Depreciation Expense per Appendix 2-BA Fixed Assets, Column J\n (l)","Variance 2"]
[null,null,"(d)","(f)","(g) = 1 / (f)","(h)=2015 Full Year Depreciation + ((d)*0.5)/(f) ",null,"(m) = (h) - (l)"]
[1611,"Computer Software (Formally known as Account 1925)",null,null,{"$f":"IF(D17=0,0,1/D17)","v":0},{"$f":"IF(D17=0,'App.2-CJ MIFRS_DepExp_2015'!K17,+'App.2-CJ MIFRS_DepExp_2015'!K17+((C17*0.5)/D17))","v":0},null,{"$f":"IF(ISERROR(+F17-G17), 0, +F17-G17)","v":0}]
[1612,"Land Rights (Formally known as Account 1906)",null,null,0,{"$f":"IF(D18=0,'App.2-CJ MIFRS_DepExp_2015'!K18,+'App.2-CJ MIFRS_DepExp_2015'!K18+((C18*0.5)/D18))","v":0},null,0]
[1805,"Land",null,null,0,{"$f":"IF(D19=0,'App.2-CJ MIFRS_DepExp_2015'!K19,+'App.2-CJ MIFRS_DepExp_2015'!K19+((C19*0.5)/D19))","v":0},null,0]
[1808,"Buildings",null,null,0,{"$f":"IF(D20=0,'App.2-CJ MIFRS_DepExp_2015'!K20,+'App.2-CJ MIFRS_DepExp_2015'!K20+((C20*0.5)/D20))","v":0},null,0]
[1810,"Leasehold Improvements",null,null,0,{"$f":"IF(D21=0,'App.2-CJ MIFRS_DepExp_2015'!K21,+'App.2-CJ MIFRS_DepExp_2015'!K21+((C21*0.5)/D21))","v":0},null,0]
[1815,"Transformer Station Equipment >50 kV",null,null,0,{"$f":"IF(D22=0,'App.2-CJ MIFRS_DepExp_2015'!K22,+'App.2-CJ MIFRS_DepExp_2015'!K22+((C22*0.5)/D22))","v":0},null,0]
[1820,"Distribution Station Equipment <50 kV",null,null,0,{"$f":"IF(D23=0,'App.2-CJ MIFRS_DepExp_2015'!K23,+'App.2-CJ MIFRS_DepExp_2015'!K23+((C23*0.5)/D23))","v":0},null,0]
[1825,"Storage Battery Equipment",null,null,0,{"$f":"IF(D24=0,'App.2-CJ MIFRS_DepExp_2015'!K24,+'App.2-CJ MIFRS_DepExp_2015'!K24+((C24*0.5)/D24))","v":0},null,0]
[1830,"Poles, Towers & Fixtures",null,null,0,{"$f":"IF(D25=0,'App.2-CJ MIFRS_DepExp_2015'!K25,+'App.2-CJ MIFRS_DepExp_2015'!K25+((C25*0.5)/D25))","v":0},null,0]
[1835,"Overhead Conductors & Devices",null,null,0,{"$f":"IF(D26=0,'App.2-CJ MIFRS_DepExp_2015'!K26,+'App.2-CJ MIFRS_DepExp_2015'!K26+((C26*0.5)/D26))","v":0},null,0]
[1840,"Underground Conduit",null,null,0,{"$f":"IF(D27=0,'App.2-CJ MIFRS_DepExp_2015'!K27,+'App.2-CJ MIFRS_DepExp_2015'!K27+((C27*0.5)/D27))","v":0},null,0]
[1845,"Underground Conductors & Devices",null,null,0,{"$f":"IF(D28=0,'App.2-CJ MIFRS_DepExp_2015'!K28,+'App.2-CJ MIFRS_DepExp_2015'!K28+((C28*0.5)/D28))","v":0},null,0]
[1850,"Line Transformers",null,null,0,{"$f":"IF(D29=0,'App.2-CJ MIFRS_DepExp_2015'!K29,+'App.2-CJ MIFRS_DepExp_2015'!K29+((C29*0.5)/D29))","v":0},null,0]
[1855,"Services (Overhead & Underground)",null,null,0,{"$f":"IF(D30=0,'App.2-CJ MIFRS_DepExp_2015'!K30,+'App.2-CJ MIFRS_DepExp_2015'!K30+((C30*0.5)/D30))","v":0},null,0]
[1860,"Meters",null,null,0,{"$f":"IF(D31=0,'App.2-CJ MIFRS_DepExp_2015'!K31,+'App.2-CJ MIFRS_DepExp_2015'!K31+((C31*0.5)/D31))","v":0},null,0]
[1860,"Meters (Smart Meters)",null,null,0,{"$f":"IF(D32=0,'App.2-CJ MIFRS_DepExp_2015'!K32,+'App.2-CJ MIFRS_DepExp_2015'!K32+((C32*0.5)/D32))","v":0},null,0]
[1905,"Land",null,null,0,{"$f":"IF(D33=0,'App.2-CJ MIFRS_DepExp_2015'!K33,+'App.2-CJ MIFRS_DepExp_2015'!K33+((C33*0.5)/D33))","v":0},null,0]
[1908,"Buildings & Fixtures",null,null,0,{"$f":"IF(D34=0,'App.2-CJ MIFRS_DepExp_2015'!K34,+'App.2-CJ MIFRS_DepExp_2015'!K34+((C34*0.5)/D34))","v":0},null,0]
[1910,"Leasehold Improvements",null,null,0,{"$f":"IF(D35=0,'App.2-CJ MIFRS_DepExp_2015'!K35,+'App.2-CJ MIFRS_DepExp_2015'!K35+((C35*0.5)/D35))","v":0},null,0]
[1915,"Office Furniture & Equipment (10 years)",null,null,0,{"$f":"IF(D36=0,'App.2-CJ MIFRS_DepExp_2015'!K36,+'App.2-CJ MIFRS_DepExp_2015'!K36+((C36*0.5)/D36))","v":0},null,0]
[1915,"Office Furniture & Equipment (5 years)",null,null,0,{"$f":"IF(D37=0,'App.2-CJ MIFRS_DepExp_2015'!K37,+'App.2-CJ MIFRS_DepExp_2015'!K37+((C37*0.5)/D37))","v":0},null,0]
[1920,"Computer Equipment - Hardware",null,null,0,{"$f":"IF(D38=0,'App.2-CJ MIFRS_DepExp_2015'!K38,+'App.2-CJ MIFRS_DepExp_2015'!K38+((C38*0.5)/D38))","v":0},null,0]
[1920,"Computer Equip.-Hardware(Post Mar. 22/04)",null,null,0,{"$f":"IF(D39=0,'App.2-CJ MIFRS_DepExp_2015'!K39,+'App.2-CJ MIFRS_DepExp_2015'!K39+((C39*0.5)/D39))","v":0},null,0]
[1920,"Computer Equip.-Hardware(Post Mar. 19/07)",null,null,0,{"$f":"IF(D40=0,'App.2-CJ MIFRS_DepExp_2015'!K40,+'App.2-CJ MIFRS_DepExp_2015'!K40+((C40*0.5)/D40))","v":0},null,0]
[1930,"Transportation Equipment",null,null,0,{"$f":"IF(D41=0,'App.2-CJ MIFRS_DepExp_2015'!K41,+'App.2-CJ MIFRS_DepExp_2015'!K41+((C41*0.5)/D41))","v":0},null,0]
[1935,"Stores Equipment",null,null,0,{"$f":"IF(D42=0,'App.2-CJ MIFRS_DepExp_2015'!K42,+'App.2-CJ MIFRS_DepExp_2015'!K42+((C42*0.5)/D42))","v":0},null,0]
[1940,"Tools, Shop & Garage Equipment",null,null,0,{"$f":"IF(D43=0,'App.2-CJ MIFRS_DepExp_2015'!K43,+'App.2-CJ MIFRS_DepExp_2015'!K43+((C43*0.5)/D43))","v":0},null,0]
[1945,"Measurement & Testing Equipment",null,null,0,{"$f":"IF(D44=0,'App.2-CJ MIFRS_DepExp_2015'!K44,+'App.2-CJ MIFRS_DepExp_2015'!K44+((C44*0.5)/D44))","v":0},null,0]
[1950,"Power Operated Equipment",null,null,0,{"$f":"IF(D45=0,'App.2-CJ MIFRS_DepExp_2015'!K45,+'App.2-CJ MIFRS_DepExp_2015'!K45+((C45*0.5)/D45))","v":0},null,0]
[1955,"Communications Equipment",null,null,0,{"$f":"IF(D46=0,'App.2-CJ MIFRS_DepExp_2015'!K46,+'App.2-CJ MIFRS_DepExp_2015'!K46+((C46*0.5)/D46))","v":0},null,0]
[1955,"Communication Equipment (Smart Meters)",null,null,0,{"$f":"IF(D47=0,'App.2-CJ MIFRS_DepExp_2015'!K47,+'App.2-CJ MIFRS_DepExp_2015'!K47+((C47*0.5)/D47))","v":0},null,0]
[1960,"Miscellaneous Equipment ",null,null,0,{"$f":"IF(D48=0,'App.2-CJ MIFRS_DepExp_2015'!K48,+'App.2-CJ MIFRS_DepExp_2015'!K48+((C48*0.5)/D48))","v":0},null,0]
[1970,"Load Management Controls - Customer Premises",null,null,0,{"$f":"IF(D49=0,'App.2-CJ MIFRS_DepExp_2015'!K49,+'App.2-CJ MIFRS_DepExp_2015'!K49+((C49*0.5)/D49))","v":0},null,0]
[1975,"Load Management Controls Utility Premises",null,null,0,{"$f":"IF(D50=0,'App.2-CJ MIFRS_DepExp_2015'!K50,+'App.2-CJ MIFRS_DepExp_2015'!K50+((C50*0.5)/D50))","v":0},null,0]
[1980,"System Supervisor Equipment",null,null,0,{"$f":"IF(D51=0,'App.2-CJ MIFRS_DepExp_2015'!K51,+'App.2-CJ MIFRS_DepExp_2015'!K51+((C51*0.5)/D51))","v":0},null,0]
[1985,"Miscellaneous Fixed Assets",null,null,0,{"$f":"IF(D52=0,'App.2-CJ MIFRS_DepExp_2015'!K52,+'App.2-CJ MIFRS_DepExp_2015'!K52+((C52*0.5)/D52))","v":0},null,0]
[1990,"Other Tangible Property",null,null,0,{"$f":"IF(D53=0,'App.2-CJ MIFRS_DepExp_2015'!K53,+'App.2-CJ MIFRS_DepExp_2015'!K53+((C53*0.5)/D53))","v":0},null,0]
[1995,"Contributions & Grants",null,null,0,{"$f":"IF(D54=0,'App.2-CJ MIFRS_DepExp_2015'!K54,+'App.2-CJ MIFRS_DepExp_2015'!K54+((C54*0.5)/D54))","v":0},null,0]
[null,"Total",{"$f":"SUM(C17:C54)","v":0},null,null,{"$f":"SUM(F17:F54)","v":0},{"$f":"SUM(G17:G54)","v":0},{"$f":"SUM(H17:H54)","v":0}]
[null,"Depreciation exp. adj. from gain or loss on the retirement of assets (pool of like assets)"]
[null,"Total Depreciation expense to be included in the test year revenue requirement",null,null,null,{"$f":"SUM(F55:F56)","v":0}]
["Notes:"]
[1,"Board policy of the \"half-year\" rule - the applicant must ensure that additions in the year attract a half-year depreciation expense in the first year.  Deviations from this standard practice must be supported in the application."]
[2,"The applicant must provide an explanation of material variances in evidence."]
[]
["General:","Applicants must provide a breakdown of depreciation and amortization expense in the above format for all relevant accounts.  Asset Retirement Obligations (AROs), depreciation and accretion expense should be disclosed separately consistent with the Notes of historical Audited Financial Statements."]

{"sheet":"App.2-D_Overhead","index":21,"n_rows":49,"n_cols":8,"rows_kept":49,"cut":false,"hidden":false,"merged":[[63,0,64,0],[49,0,50,0],[49,1,50,1],[52,0,53,0],[55,0,56,0],[58,0,61,0],[8,0,8,7],[9,0,9,7],[13,0,15,0],[30,0,32,0],[30,7,32,7],[11,0,11,5],[28,0,28,5]]}
[null,null,null,null,null,"File Number:",{"$f":"EBNUMBER","v":0}]
[null,null,null,null,null,"Exhibit:"]
[null,null,null,null,null,"Tab:"]
[null,null,null,null,null,"Schedule:"]
[null,null,null,null,null,"Page:"]
[]
[null,null,null,null,null,"Date:"]
[]
["Appendix 2-D"]
["Overhead Expense"]
[]
["Applicants are to provide a breakdown of OM&A before capitalization in the below table.  OM&A before capitalization may be broken down by cost center, program, drivers or another format best suited to focus on capitalized vs. uncapitalized OM&A."]
[]
[" OM&A Before Capitalization"]
[null,2012,2013,2014,2015,2016]
[null,"Historical Year","Historical Year","Historical Year","Bridge Year","Test Year"]
[]
[]
[]
[]
[]
[]
[]
[]
[]
[]
["Total OM&A Before Capitalization (B)",{"$f":"SUM(B17:B26)","v":0},{"$f":"SUM(C17:C26)","v":0},0,0,0]
[]
["Applicants are to provide a breakdown of capitalized OM&A in the below table.  Capitalized OM&A may be broken down using the categories listed in the table below if possible.  Otherwise, applicants are to provide its own break down of capitalized OM&A."]
[]
["Capitalized OM&A",null,null,null,null,null,"Directly","Explanation for Change in Overhead Capitalized"]
[null,2012,2013,2014,2015,2016,"Attributable?"]
[null,"Historical Year","Historical Year","Historical Year","Bridge Year","Test Year","(Y/N)"]
["employee benefits"]
["costs of site preparation"]
["initial delivery and handling costs"]
["costs of testing whether the asset is functioning properly"]
["professional fees"]
[]
["costs of opening a new facility"]
["costs of introducing a new product or service (including costs of advertising and promotional activities)"]
["costs of conducting business in a new location or with a new class of customer (including costs of staff training)"]
["administration and other general overhead costs"]
[]
["Insert description of additional item(s) and new rows if needed"]
[]
["Total Capitalized OM&A (A)",{"$f":"SUM(B34:B46)","v":0},{"$f":"SUM(C34:C46)","v":0},{"$f":"SUM(D34:D46)","v":0},{"$f":"SUM(E34:E46)","v":0},{"$f":"SUM(F34:F46)","v":0}]
[]
["% of Capitalized OM&A (=A/B)",{"$f":"IF(ISERROR(B47/B27),\"0%\",B47/B27)","v":"0%"},{"$f":"IF(ISERROR(C47/C27),\"0%\",C47/C27)","v":"0%"},"0%","0%","0%"]

{"sheet":"App.2-EA_Account 1575 (2015)","index":22,"n_rows":47,"n_cols":10,"rows_kept":47,"cut":false,"hidden":false,"merged":[[47,0,47,10],[52,0,53,9],[25,1,26,6],[31,1,31,6],[37,7,38,8],[37,9,38,9],[20,1,20,6],[8,0,8,9],[9,0,9,9],[10,0,10,9],[12,0,12,9],[14,0,14,9]]}
[null,null,null,null,null,null,null,null,"File Number:",{"$f":"EBNUMBER","v":0}]
[null,null,null,null,null,null,null,null,"Exhibit:"]
[null,null,null,null,null,null,null,null,"Tab:"]
[null,null,null,null,null,null,null,null,"Schedule:"]
[null,null,null,null,null,null,null,null,"Page:"]
[]
[null,null,null,null,null,null,null,null,"Date:"]
[]
["Appendix 2-EA"]
["Account 1575 - IFRS-CGAAP Transitional PP&E Amounts"]
["2015 Adopters of IFRS for Financial Reporting Purposes"]
[]
["For applicants that adopted IFRS on January 1, 2015 for financial reporting purposes"]
[]
[]
[]
[null,{"$f":"RebaseYear &\" Rebasing Year\"","v":"2011 Rebasing Year"},2012,2013,2014,2015,"2016 Rebasing Year"]
["Reporting Basis","CGAAP","CGAAP","CGAAP","CGAAP","MIFRS","MIFRS"]
[null,"Forecast","Actual","Actual","Actual","Forecast","Forecast"]
[null,null,null,null,"$","$"]
["PP&E Values under CGAAP"]
["            Opening net PP&E - Note 1",null,null,null,null,{"$f":"+E25","v":0}]
["            Net Additions - Note 4"]
["            Net Depreciation (amounts should be negative) - Note 4"]
["            Closing net PP&E (1)",null,null,null,{"$f":"E22+E23+E24","v":0},{"$f":"SUM(F22:F24)","v":0}]
[]
["PP&E Values under MIFRS (Starts from 2014, the transition year)"]
["            Opening net PP&E  - Note 1",null,null,null,null,{"$f":"+E31","v":0}]
["            Net Additions - Note 4"]
["            Net Depreciation (amounts should be negative) - Note 4"]
["            Closing net PP&E (2)",null,null,null,{"$f":"SUM(E28:E30)","v":0},{"$f":"SUM(F28:F30)","v":0}]
[]
["Difference in Closing net PP&E, former CGAAP vs. revised CGAAP ",null,null,null,{"$f":"E25-E31","v":0},{"$f":"F25-F31","v":0}]
[]
[]
["Effect on Deferral and Variance Account Rate Riders"]
["Closing balance in Account 1576",null,null,null,null,null,{"$f":"IF(ISERROR(F33), 0, F33)","v":0},null,"WACC"]
["Return on Rate Base Associated with Account 1576 balance at WACC  - Note 2",null,null,null,null,null,{"$f":"F33*J37*J38","v":0},"# of years of rate rider disposition period"]
["     Amount included in Deferral and Variance Account Rate Rider Calculation",null,null,null,null,null,{"$f":"G37+G38","v":0}]
[]
["Notes:"]
["1  For an applicant that adopted IFRS on January 1, 2015, the PP&E values as of January 1, 2014 under both CGAAP and MIFRS should be the same. "]
["2 Return on rate base associated with deferred balance is calculated as:"]
["     the deferral account closing balance as of 2015 rebasing year x WACC X # of years of rate rider disposition period"]
["     * Please note that the calculation should be adjusted once WACC is updated and finalized in the rate application."]
["3  The  PP&E deferral account is cleared by including the total balance in the deferral and variance account rate rider calculation."]
["4  Net additions are additions net of disposals; Net depreciation is additions to depreciation net of disposals."]

{"sheet":"App.2-EB_Account 1576 (2012)","index":23,"n_rows":47,"n_cols":10,"rows_kept":47,"cut":false,"hidden":false,"merged":[[45,0,45,8],[41,0,41,10],[31,1,31,6],[25,1,26,6],[20,1,20,6],[37,7,38,8],[37,9,38,9],[8,0,8,9],[9,0,9,9],[10,0,10,9],[14,0,14,9],[12,0,12,9]]}
[null,null,null,null,null,null,null,null,"File Number:",{"$f":"EBNUMBER","v":0}]
[null,null,null,null,null,null,null,null,"Exhibit:"]
[null,null,null,null,null,null,null,null,"Tab:"]
[null,null,null,null,null,null,null,null,"Schedule:"]
[null,null,null,null,null,null,null,null,"Page:"]
[]
[null,null,null,null,null,null,null,null,"Date:"]
[]
["Appendix 2-EB"]
["Account 1576 - Accounting Changes under CGAAP"]
["2012 Changes in Accounting Policies under CGAAP"]
[]
["For applicants that made capitalization and depreciation expense accounting policy changes under CGAAP effective January 1, 2012"]
[]
[]
[]
[null,{"$f":"RebaseYear &\" Rebasing Year\"","v":"2011 Rebasing Year"},2012,2013,2014,2015,"2016 Rebasing Year"]
["Reporting Basis","CGAAP","CGAAP","CGAAP","CGAAP","MIFRS","MIFRS"]
[null,"Forecast","Actual","Actual","Actual","Forecast","Forecast"]
[null,null,"$","$","$","$"]
["PP&E Values under former CGAAP"]
["            Opening net PP&E - Note 1",null,null,{"$f":"+C25","v":0},{"$f":"+D25","v":0},{"$f":"+E25","v":0}]
["            Net Additions - Note 4"]
["            Net Depreciation (amounts should be negative) - Note 4"]
["            Closing net PP&E (1)",null,{"$f":"C22+C23+C24","v":0},{"$f":"D22+D23+D24","v":0},{"$f":"E22+E23+E24","v":0},{"$f":"F22+F23+F24","v":0}]
[]
["PP&E Values under revised CGAAP (Starts from 2012)"]
["            Opening net PP&E  - Note 1",null,null,{"$f":"+C31","v":0},{"$f":"+D31","v":0},{"$f":"+E31","v":0}]
["            Net Additions - Note 4"]
["            Net Depreciation (amounts should be negative) - Note 4"]
["            Closing net PP&E (2)",null,{"$f":"SUM(C28:C30)","v":0},{"$f":"SUM(D28:D30)","v":0},{"$f":"SUM(E28:E30)","v":0},{"$f":"SUM(F28:F30)","v":0}]
[]
["Difference in Closing net PP&E, former CGAAP vs. revised CGAAP ",null,{"$f":"C25-C31","v":0},{"$f":"D25-D31","v":0},{"$f":"E25-E31","v":0},{"$f":"F25-F31","v":0}]
[]
[]
["Effect on Deferral and Variance Account Rate Riders"]
["Closing balance in Account 1576",null,null,null,null,null,{"$f":"IF(ISERROR(F33), 0, F33)","v":0},null,"WACC"]
["Return on Rate Base Associated with Account 1576 balance at WACC  - Note 2",null,null,null,null,null,{"$f":"F33*J37*J38","v":0},"# of years of rate rider disposition period"]
["     Amount included in Deferral and Variance Account Rate Rider Calculation",null,null,null,null,null,{"$f":"G37+G38","v":0}]
[]
["Notes:"]
["1  For an applicant that made the capitalization and depreciation expense accounting policy changes on January 1, 2012, the PP&E values as of January 1, 2012 under both former CGAAP and revised CGAAP should be the same. "]
["2 Return on rate base associated with Account 1576 balance is calculated as:"]
["     the variance account ending balance as of 2015 rebasing year x WACC X # of years of rate rider disposition period"]
["     * Please note that the calculation should be adjusted once WACC is updated and finalized in the rate application."]
["3  Account 1576 is cleared by including the total balance in the deferral and variance account rate rider calculation."]
["4  Net additions are additions net of disposals; Net depreciation is additions to depreciation net of disposals."]

{"sheet":"App.2-EC_Account 1576 (2013)","index":24,"n_rows":47,"n_cols":10,"rows_kept":47,"cut":false,"hidden":false,"merged":[[45,0,45,8],[20,1,20,6],[25,1,26,6],[31,1,31,6],[37,7,38,8],[37,9,38,9],[41,0,41,10],[8,0,8,9],[9,0,9,9],[10,0,10,9],[12,0,12,9],[14,0,14,9],[19,1,19,2]]}
[null,null,null,null,null,null,null,null,"File Number:",{"$f":"EBNUMBER","v":0}]
[null,null,null,null,null,null,null,null,"Exhibit:"]
[null,null,null,null,null,null,null,null,"Tab:"]
[null,null,null,null,null,null,null,null,"Schedule:"]
[null,null,null,null,null,null,null,null,"Page:"]
[]
[null,null,null,null,null,null,null,null,"Date:"]
[]
["Appendix 2-EC"]
["Account 1576 - Accounting Changes under CGAAP"]
["2013 Changes in Accounting Policies under CGAAP"]
[]
["For applicants that made capitalization and depreciation expense accounting policy changes under CGAAP effective January 1, 2013"]
[]
[]
[]
[null,{"$f":"RebaseYear &\" Rebasing Year\"","v":"2011 Rebasing Year"},2012,2013,2014,2015,"2016 Rebasing Year"]
["Reporting Basis","CGAAP","CGAAP","CGAAP","CGAAP","MIFRS","MIFRS"]
[null,"Forecast","Actual","Actual","Actual","Forecast","Forecast"]
[null,null,null,"$","$","$"]
["PP&E Values under former CGAAP"]
["            Opening net PP&E - Note 1",null,null,null,{"$f":"+D25","v":0},{"$f":"+E25","v":0}]
["            Net Additions - Note 4"]
["            Net Depreciation (amounts should be negative) - Note 4"]
["            Closing net PP&E (1)",null,null,{"$f":"D22+D23+D24","v":0},{"$f":"E22+E23+E24","v":0},{"$f":"F22+F23+F24","v":0}]
[]
["PP&E Values under revised CGAAP (Starts from 2012)"]
["            Opening net PP&E  - Note 1",null,null,null,{"$f":"+D31","v":0},{"$f":"+E31","v":0}]
["            Net Additions - Note 4"]
["            Net Depreciation (amounts should be negative) - Note 4"]
["            Closing net PP&E (2)",null,null,{"$f":"SUM(D28:D30)","v":0},{"$f":"SUM(E28:E30)","v":0},{"$f":"SUM(F28:F30)","v":0}]
[]
["Difference in Closing net PP&E, former CGAAP vs. revised CGAAP ",null,null,{"$f":"D25-D31","v":0},{"$f":"E25-E31","v":0},{"$f":"F25-F31","v":0}]
[]
[]
["Effect on Deferral and Variance Account Rate Riders"]
["Closing balance in Account 1576",null,null,null,null,null,{"$f":"IF(ISERROR(F33), 0, F33)","v":0},null,"WACC"]
["Return on Rate Base Associated with Account 1576 balance at WACC  - Note 2",null,null,null,null,null,{"$f":"F33*J37*J38","v":0},"# of years of rate rider disposition period"]
["     Amount included in Deferral and Variance Account Rate Rider Calculation",null,null,null,null,null,{"$f":"G37+G38","v":0}]
[]
["Notes:"]
["1  For an applicant that made the capitalization and depreciation expense accounting policy changes on January 1, 2013, the PP&E values as of January 1, 2013 under both former CGAAP and revised CGAAP should be the same. "]
["2 Return on rate base associated with Account 1576 balance is calculated as:"]
["     the variance account ending balance as of 2015 rebasing year x WACC X # of years of rate rider disposition period"]
["     * Please note that the calculation should be adjusted once WACC is updated and finalized in the rate application."]
["3  Account 1576 is cleared by including the total balance in the deferral and variance account rate rider calculation."]
["4  Net additions are additions net of disposals; Net depreciation is additions to depreciation net of disposals."]

{"sheet":"App.2-FA Proposed REG Invest.","index":25,"n_rows":101,"n_cols":11,"rows_kept":101,"cut":false,"hidden":false,"merged":[[8,0,8,10],[17,0,17,8],[16,0,16,9],[12,0,12,6],[13,0,13,5],[14,0,14,5],[11,0,11,6],[9,0,9,10]]}
[null,null,null,null,null,null,null,null,null,"File Number:",{"$f":"EBNUMBER","v":0}]
[null,null,null,null,null,null,null,null,null,"Exhibit:"]
[null,null,null,null,null,null,null,null,null,"Tab:"]
[null,null,null,null,null,null,null,null,null,"Schedule:"]
[null,null,null,null,null,null,null,null,null,"Page:"]
[]
[null,null,null,null,null,null,null,null,null,"Date:"]
[]
["Appendix 2-FA"]
["Renewable Generation Connection Investment Summary (past investments or over the future rate setting period)"]
[]
["Enter the details of the Renewable Generation Connection projects as described in the appropriate section of the Filing Requirements."]
["All costs entered on this page will be transferred to the appropriate cells in the appendices that follow."]
["For Part A, Renewable Enabling Improvements (REI), these amounts will be transferred to Appendix 2 - FB"]
["For Part B, Expansions, these amounts will be transferred to Appendix 2 - FC"]
[]
["If there are more than five projects proposed to be in-service in a certain year, please amend the tables below and ensure that the formulae for the Total Amounts in any given rate year are updated."]
["Based on the current methodology and allocation, amounts allocated represent 6% for REI Connection Investments and 17% for Expansion Investments. (EB-2009-0349, 6-10-2010, p. 15, note 9)"]
[]
["There are two scenarios described below.  Separate sets of spreadsheets (2-FA, 2-FB, 2-FC) should be submited for each scenario as required."]
["Scenario 1:  Past Investments with No Recovery.  The distributor has made investments in the past (during the IRM Years), but has not received approval for these projects and therefore did not receive"]
["revenue from the IESO under Regulation 330/09 and did not receive ratepayer revenue for the direct benefit portion of the investment."]
["The WCA percentage, debt percentages, interest rates, kWh, tax rates, amortization period, CCA Class and percentage should correspond to the distributor's last Cost of Service approval. "]
["The Direct Benefit portion of the calculated Revenue Requirement for each year should be summed and can be applied for recovery from the distributor's ratepayers through a rate rider."]
["The Provincial Recovery portion of the calculated Revenue Requirement for each year should be summed and can be applied for recovery from the IESO through a separate order."]
[]
["Scenario 2:  Investments in the Test Year and Beyond.  Distributor plans to make investments in 2016 and/or beyond.  These investments should be added to 2-FA in the appropriate year."]
["The WCA percentage, debt percentages, interest rates, kWh, tax rates, amortization period, CCA Class and percentage should correspond to the distributor's current application. "]
[]
["Part A",null,null,null,null,null,"Test Year"]
["REI Investments (Direct Benefit at 6%)",null,2012,2013,2014,2015,2016,{"$f":"G31+1","v":2017},{"$f":"H31+1","v":2018},2019,2020]
["Project 1"]
["Name: REI Connection Project"]
["Capital Costs",null,0,0,0,0,0,0,0,0,0]
["OM&A (Start-Up)",null,0,0,0,0,0,0,0,0,0]
["OM&A (Ongoing)",null,0,0,0,0,0,0,0,0,0]
[]
["Project 2"]
["Name: REI Connection Project"]
["Capital Costs",null,0,0,0,0,0,0,0,0,0]
["OM&A (Start-Up)",null,0,0,0,0,0,0,0,0,0]
["OM&A (Ongoing)",null,0,0,0,0,0,0,0,0,0]
[]
["Project 3"]
["Name: REI Connection Project"]
["Capital Costs",null,0,0,0,0,0,0,0,0,0]
["OM&A (Start-Up)",null,0,0,0,0,0,0,0,0,0]
["OM&A (Ongoing)",null,0,0,0,0,0,0,0,0,0]
[]
["Project 4"]
["Name: REI Connection Project"]
["Capital Costs",null,0,0,0,0,0,0,0,0,0]
["OM&A (Start-Up)",null,0,0,0,0,0,0,0,0,0]
["OM&A (Ongoing)",null,0,0,0,0,0,0,0,0,0]
[]
["Project 5"]
["Name: REI Connection Project"]
["Capital Costs",null,0,0,0,0,0,0,0,0,0]
["OM&A (Start-Up)",null,0,0,0,0,0,0,0,0,0]
["OM&A (Ongoing)",null,0,0,0,0,0,0,0,0,0]
[]
["Total Capital Costs",null,{"$f":"SUM(C58,C52,C46,C40,C34)","v":0},0,0,0,{"$f":"SUM(G58,G52,G46,G40,G34)","v":0},{"$f":"SUM(H58,H52,H46,H40,H34)","v":0},0,0,0]
["Total OM&A (Start-Up)",null,0,0,0,0,{"$f":"SUM(G59,G53,G47,G41,G35)","v":0},0,0,0,0]
["Total OM&A (Ongoing)",null,0,0,0,0,{"$f":"SUM(G60,G54,G48,G42,G36)","v":0},0,0,0,0]
[]
[]
["Part B",null,null,null,null,null,"Test Year"]
["Expansion Investments (Direct Benefit at 17%)",null,2012,2013,2014,2015,2016,{"$f":"G68+1","v":2017},{"$f":"H68+1","v":2018},2019,2020]
["Project 1"]
["Name: Expansion Connection Project"]
["Capital Costs",null,0,0,0,0,0,0,0,0,0]
["OM&A (Start-Up)",null,0,0,0,0,0,0,0,0,0]
["OM&A (Ongoing)",null,0,0,0,0,0,0,0,0,0]
[]
["Project 2"]
["Name: Expansion Connection Project"]
["Capital Costs",null,0,0,0,0,0,0,0,0,0]
["OM&A (Start-Up)",null,0,0,0,0,0,0,0,0,0]
["OM&A (Ongoing)",null,0,0,0,0,0,0,0,0,0]
[]
["Project 3"]
["Name: Expansion Connection Project"]
["Capital Costs",null,0,0,0,0,0,0,0,0,0]
["OM&A (Start-Up)",null,0,0,0,0,0,0,0,0,0]
["OM&A (Ongoing)",null,0,0,0,0,0,0,0,0,0]
[]
["Project 4"]
["Name: Expansion Connection Project"]
["Capital Costs",null,0,0,0,0,0,0,0,0,0]
["OM&A (Start-Up)",null,0,0,0,0,0,0,0,0,0]
["OM&A (Ongoing)",null,0,0,0,0,0,0,0,0,0]
[]
["Project 5"]
["Name: Expansion Connection Project"]
["Capital Costs",null,0,0,0,0,0,0,0,0,0]
["OM&A (Start-Up)",null,0,0,0,0,0,0,0,0,0]
["OM&A (Ongoing)",null,0,0,0,0,0,0,0,0,0]
[]
["Total Capital Costs",null,{"$f":"SUM(C95,C89,C83,C77,C71)","v":0},0,0,0,{"$f":"SUM(G95,G89,G83,G77,G71)","v":0},{"$f":"SUM(H95,H89,H83,H77,H71)","v":0},0,0,0]
["Total OM&A (Start-Up)",null,0,0,0,0,{"$f":"SUM(G96,G90,G84,G78,G72)","v":0},0,0,0,0]
["Total OM&A (Ongoing)",null,0,0,0,0,{"$f":"SUM(G97,G91,G85,G79,G73)","v":0},0,0,0,0]

{"sheet":"App.2-FB Calc of REG Improvemnt","index":26,"n_rows":95,"n_cols":29,"rows_kept":95,"cut":false,"hidden":false,"merged":[[16,26,16,28],[8,0,8,17],[9,0,9,17],[11,0,11,17],[12,0,12,17],[14,0,14,17],[46,0,46,22],[16,14,16,16],[16,17,16,19],[16,20,16,22],[16,23,16,25],[16,11,16,13],[16,8,16,10],[16,5,16,7],[16,2,16,4],[51,24,51,25],[51,27,51,28],[48,0,48,22],[49,0,49,1],[51,15,51,16],[51,18,51,19],[51,21,51,22],[51,12,51,13],[51,9,51,10],[51,6,51,7],[51,3,51,4]]}
[null,null,null,null,null,null,null,null,null,null,null,null,null,"File Number:",{"$f":"EBNUMBER","v":0}]
[null,null,null,null,null,null,null,null,null,null,null,null,null,"Exhibit:"]
[null,null,null,null,null,null,null,null,null,null,null,null,null,"Tab:"]
[null,null,null,null,null,null,null,null,null,null,null,null,null,"Schedule:"]
[null,null,null,null,null,null,null,null,null,null,null,null,null,"Page:"]
[]
[null,null,null,null,null,null,null,null,null,null,null,null,null,"Date:"]
[]
["Appendix 2-FB"]
["Calculation of Renewable Generation Connection Direct Benefits/Provincial Amount: Renewable Enabling Improvement Investments"]
[]
["This table will calculate the distributor/provincial shares of the investments entered in Part A of Appendix 2-FA."]
["Enter values in green shaded cells: WCA percentage, debt percentages, interest rates, kWh, tax rates, amortization period, CCA Class and percentage."]
["For historical investments, enter these variables for your last cost of service test year.  For 2016 and beyond, enter variables as in the application."]
["Rate Riders are not calculated for Test Year as these assets and costs are already in the distributor's rate base/revenue requirement."]
[]
[null,null,2012,null,null,2013,null,null,2014,null,null,2015,null,null,"2016 Test Year",null,null,2017,null,null,2018,2016,null,2019,null,null,2020]
[null,null,null,"Direct Benefit","Provincial",null,"Direct Benefit","Provincial",null,"Direct Benefit","Provincial",null,"Direct Benefit","Provincial",null,"Direct Benefit","Provincial",null,"Direct Benefit","Provincial",null,"Direct Benefit","Provincial",null,"Direct Benefit","Provincial",null,"Direct Benefit","Provincial"]
[null,null,"Total",0.06,0.94,"Total",0.06,0.94,"Total",0.06,0.94,"Total",0.06,0.94,"Total",0.06,0.94,"Total",0.06,0.94,"Total",0.06,0.94,"Total",0.06,0.94,"Total",0.06,0.94]
["Net Fixed Assets (average)",null,{"$f":"D82","v":0},{"$f":"C20*D19","v":0},{"$f":"C20*E19","v":0},{"$f":"E82","v":0},{"$f":"F20*G19","v":0},{"$f":"F20*H19","v":0},{"$f":"F82","v":0},{"$f":"I20*J19","v":0},{"$f":"I20*K19","v":0},{"$f":"G82","v":0},{"$f":"L20*M19","v":0},{"$f":"L20*N19","v":0},{"$f":"H82","v":0},{"$f":"O20*P19","v":0},{"$f":"O20*Q19","v":0},{"$f":"I82","v":0},{"$f":"R20*S19","v":0},{"$f":"R20*T19","v":0},{"$f":"J82","v":0},{"$f":"U20*V19","v":0},{"$f":"U20*W19","v":0},{"$f":"K82","v":0},{"$f":"X20*Y19","v":0},{"$f":"X20*Z19","v":0},{"$f":"L82","v":0},{"$f":"AA20*AB19","v":0},{"$f":"AA20*AC19","v":0}]
["Incremental OM&A (on-going, N/A for Provincial Recovery)",null,{"$f":"'App.2-FA Proposed REG Invest.'!C64","v":0},{"$f":"C21","v":0},null,{"$f":"'App.2-FA Proposed REG Invest.'!D64","v":0},{"$f":"F21","v":0},null,{"$f":"'App.2-FA Proposed REG Invest.'!E64","v":0},{"$f":"I21","v":0},null,{"$f":"'App.2-FA Proposed REG Invest.'!F64","v":0},{"$f":"L21","v":0},null,{"$f":"'App.2-FA Proposed REG Invest.'!G64","v":0},{"$f":"O21","v":0},null,{"$f":"'App.2-FA Proposed REG Invest.'!H64","v":0},{"$f":"R21","v":0},null,{"$f":"'App.2-FA Proposed REG Invest.'!I64","v":0},{"$f":"U21","v":0},null,{"$f":"'App.2-FA Proposed REG Invest.'!J64","v":0},{"$f":"X21","v":0},null,{"$f":"'App.2-FA Proposed REG Invest.'!K64","v":0},{"$f":"AA21","v":0}]
["Incremental OM&A (start-up, applicable for Provincial Recovery)",null,{"$f":"'App.2-FA Proposed REG Invest.'!C63","v":0},{"$f":"C22*D19","v":0},{"$f":"C22*E19","v":0},{"$f":"'App.2-FA Proposed REG Invest.'!D63","v":0},{"$f":"F22*G19","v":0},{"$f":"F22*H19","v":0},{"$f":"'App.2-FA Proposed REG Invest.'!E63","v":0},{"$f":"I22*J19","v":0},{"$f":"I22*K19","v":0},{"$f":"'App.2-FA Proposed REG Invest.'!F63","v":0},{"$f":"L22*M19","v":0},{"$f":"L22*N19","v":0},{"$f":"'App.2-FA Proposed REG Invest.'!G63","v":0},{"$f":"O22*P19","v":0},{"$f":"O22*Q19","v":0},{"$f":"'App.2-FA Proposed REG Invest.'!H63","v":0},{"$f":"R22*S19","v":0},{"$f":"R22*T19","v":0},{"$f":"'App.2-FA Proposed REG Invest.'!I63","v":0},{"$f":"U22*V19","v":0},{"$f":"U22*W19","v":0},{"$f":"'App.2-FA Proposed REG Invest.'!J63","v":0},{"$f":"X22*Y19","v":0},{"$f":"X22*Z19","v":0},{"$f":"'App.2-FA Proposed REG Invest.'!K63","v":0},{"$f":"AA22*AB19","v":0},{"$f":"AA22*AC19","v":0}]
["WCA",null,null,{"$f":"(D21+D22)*$B$23","v":0},{"$f":"E22*$B$23","v":0},null,{"$f":"(G21+G22)*$B$23","v":0},{"$f":"H22*$B$23","v":0},null,{"$f":"(J21+J22)*$B$23","v":0},{"$f":"K22*$B$23","v":0},null,{"$f":"(M21+M22)*$B$23","v":0},{"$f":"N22*$B$23","v":0},null,{"$f":"(P21+P22)*$B$23","v":0},{"$f":"Q22*$B$23","v":0},null,{"$f":"(S21+S22)*$B$23","v":0},{"$f":"T22*$B$23","v":0},null,{"$f":"(V21+V22)*$B$23","v":0},{"$f":"W22*$B$23","v":0},null,{"$f":"(Y21+Y22)*$B$23","v":0},{"$f":"Z22*$B$23","v":0},null,{"$f":"(AB21+AB22)*$B$23","v":0},{"$f":"AC22*$B$23","v":0}]
["Rate Base",null,null,{"$f":"SUM(D20+D23)","v":0},{"$f":"SUM(E20+E23)","v":0},null,{"$f":"SUM(G20+G23)","v":0},{"$f":"SUM(H20+H23)","v":0},null,{"$f":"SUM(J20+J23)","v":0},{"$f":"SUM(K20+K23)","v":0},null,{"$f":"SUM(M20+M23)","v":0},{"$f":"SUM(N20+N23)","v":0},null,{"$f":"SUM(P20+P23)","v":0},{"$f":"SUM(Q20+Q23)","v":0},null,{"$f":"SUM(S20+S23)","v":0},{"$f":"SUM(T20+T23)","v":0},null,{"$f":"SUM(V20+V23)","v":0},{"$f":"SUM(W20+W23)","v":0},null,{"$f":"SUM(Y20+Y23)","v":0},{"$f":"SUM(Z20+Z23)","v":0},null,{"$f":"SUM(AB20+AB23)","v":0},{"$f":"SUM(AC20+AC23)","v":0}]
[]
[]
["Deemed ST Debt",null,null,{"$f":"D24*$B$27","v":0},{"$f":"E24*$B$27","v":0},null,{"$f":"G24*$B$27","v":0},{"$f":"H24*$B$27","v":0},null,{"$f":"J24*$B$27","v":0},{"$f":"K24*$B$27","v":0},null,{"$f":"M24*$B$27","v":0},{"$f":"N24*$B$27","v":0},null,{"$f":"P24*$B$27","v":0},{"$f":"Q24*$B$27","v":0},null,{"$f":"S24*$B$27","v":0},{"$f":"T24*$B$27","v":0},null,{"$f":"V24*$B$27","v":0},{"$f":"W24*$B$27","v":0},null,{"$f":"Y24*$B$27","v":0},{"$f":"Z24*$B$27","v":0},null,{"$f":"AB24*$B$27","v":0},{"$f":"AC24*$B$27","v":0}]
["Deemed LT Debt",null,null,{"$f":"D24*$B$28","v":0},{"$f":"E24*$B$28","v":0},null,{"$f":"G24*$B$28","v":0},{"$f":"H24*$B$28","v":0},null,{"$f":"J24*$B$28","v":0},{"$f":"K24*$B$28","v":0},null,{"$f":"M24*$B$28","v":0},{"$f":"N24*$B$28","v":0},null,{"$f":"P24*$B$28","v":0},{"$f":"Q24*$B$28","v":0},null,{"$f":"S24*$B$28","v":0},{"$f":"T24*$B$28","v":0},null,{"$f":"V24*$B$28","v":0},{"$f":"W24*$B$28","v":0},null,{"$f":"Y24*$B$28","v":0},{"$f":"Z24*$B$28","v":0},null,{"$f":"AB24*$B$28","v":0},{"$f":"AC24*$B$28","v":0}]
["Deemed Equity",null,null,{"$f":"D24*$B$29","v":0},{"$f":"E24*$B$29","v":0},null,{"$f":"G24*$B$29","v":0},{"$f":"H24*$B$29","v":0},null,{"$f":"J24*$B$29","v":0},{"$f":"K24*$B$29","v":0},null,{"$f":"M24*$B$29","v":0},{"$f":"N24*$B$29","v":0},null,{"$f":"P24*$B$29","v":0},{"$f":"Q24*$B$29","v":0},null,{"$f":"S24*$B$29","v":0},{"$f":"T24*$B$29","v":0},null,{"$f":"V24*$B$29","v":0},{"$f":"W24*$B$29","v":0},null,{"$f":"Y24*$B$29","v":0},{"$f":"Z24*$B$29","v":0},null,{"$f":"AB24*$B$29","v":0},{"$f":"AC24*$B$29","v":0}]
[]
["ST Interest",null,null,{"$f":"D27*$B31","v":0},{"$f":"E27*$B31","v":0},null,{"$f":"G27*$B31","v":0},{"$f":"H27*$B31","v":0},null,{"$f":"J27*$B31","v":0},{"$f":"K27*$B31","v":0},null,{"$f":"M27*$B31","v":0},{"$f":"N27*$B31","v":0},null,{"$f":"P27*$B31","v":0},{"$f":"Q27*$B31","v":0},null,{"$f":"S27*$B31","v":0},{"$f":"T27*$B31","v":0},null,{"$f":"V27*$B31","v":0},{"$f":"W27*$B31","v":0},null,{"$f":"Y27*$B31","v":0},{"$f":"Z27*$B31","v":0},null,{"$f":"AB27*$B31","v":0},{"$f":"AC27*$B31","v":0}]
["LT Interest",null,null,{"$f":"D28*$B32","v":0},0,null,{"$f":"G28*$B32","v":0},0,null,{"$f":"J28*$B32","v":0},0,null,{"$f":"M28*$B32","v":0},0,null,{"$f":"P28*$B32","v":0},0,null,{"$f":"S28*$B32","v":0},0,null,{"$f":"V28*$B32","v":0},0,null,{"$f":"Y28*$B32","v":0},0,null,{"$f":"AB28*$B32","v":0},0]
["ROE",null,null,0,0,null,0,0,null,0,0,null,0,0,null,0,0,null,0,0,null,0,0,null,0,0,null,0,0]
["Cost of Capital Total",null,null,{"$f":"SUM(D31:D33)","v":0},{"$f":"SUM(E31:E33)","v":0},null,{"$f":"SUM(G31:G33)","v":0},{"$f":"SUM(H31:H33)","v":0},null,{"$f":"SUM(J31:J33)","v":0},{"$f":"SUM(K31:K33)","v":0},null,{"$f":"SUM(M31:M33)","v":0},{"$f":"SUM(N31:N33)","v":0},null,{"$f":"SUM(P31:P33)","v":0},{"$f":"SUM(Q31:Q33)","v":0},null,{"$f":"SUM(S31:S33)","v":0},{"$f":"SUM(T31:T33)","v":0},null,{"$f":"SUM(V31:V33)","v":0},{"$f":"SUM(W31:W33)","v":0},null,{"$f":"SUM(Y31:Y33)","v":0},{"$f":"SUM(Z31:Z33)","v":0},null,{"$f":"SUM(AB31:AB33)","v":0},{"$f":"SUM(AC31:AC33)","v":0}]
[]
["OM&A",null,null,{"$f":"D21+D22","v":0},{"$f":"E22","v":0},null,{"$f":"G21+G22","v":0},{"$f":"H22","v":0},null,{"$f":"J21+J22","v":0},{"$f":"K22","v":0},null,{"$f":"M21+M22","v":0},{"$f":"N22","v":0},null,{"$f":"P21+P22","v":0},{"$f":"Q22","v":0},null,{"$f":"S21+S22","v":0},{"$f":"T22","v":0},null,{"$f":"V21+V22","v":0},{"$f":"W22","v":0},null,{"$f":"Y21+Y22","v":0},{"$f":"Z22","v":0},null,{"$f":"AB21+AB22","v":0},{"$f":"AC22","v":0}]
["Amortization",null,{"$f":"D77","v":0},{"$f":"C37*D$19","v":0},{"$f":"C37*E$19","v":0},{"$f":"E77","v":0},{"$f":"F37*G$19","v":0},{"$f":"F37*H$19","v":0},{"$f":"F77","v":0},{"$f":"I37*J$19","v":0},{"$f":"I37*K$19","v":0},{"$f":"G77","v":0},{"$f":"L37*M$19","v":0},{"$f":"L37*N$19","v":0},{"$f":"H77","v":0},{"$f":"O37*P$19","v":0},{"$f":"O37*Q$19","v":0},{"$f":"I76+I77","v":0},{"$f":"R37*S$19","v":0},{"$f":"R37*T$19","v":0},{"$f":"J76+J77","v":0},{"$f":"U37*V$19","v":0},{"$f":"U37*W$19","v":0},{"$f":"K76+K77","v":0},{"$f":"X37*Y$19","v":0},{"$f":"X37*Z$19","v":0},{"$f":"L76+L77","v":0},{"$f":"AA37*AB$19","v":0},{"$f":"AA37*AC$19","v":0}]
["Grossed-up PILs",null,null,{"$f":"D65","v":0},{"$f":"E65","v":0},null,{"$f":"G65","v":0},{"$f":"H65","v":0},null,{"$f":"J65","v":0},{"$f":"K65","v":0},null,{"$f":"M65","v":0},{"$f":"N65","v":0},null,{"$f":"P65","v":0},{"$f":"Q65","v":0},null,{"$f":"S65","v":0},{"$f":"T65","v":0},null,{"$f":"V65","v":0},{"$f":"W65","v":0},null,{"$f":"Y65","v":0},{"$f":"Z65","v":0},null,{"$f":"AB65","v":0},{"$f":"AC65","v":0}]
[]
["Revenue Requirement",null,null,{"$f":"SUM(D34:D38)","v":0},{"$f":"SUM(E34:E38)","v":0},null,{"$f":"SUM(G34:G38)","v":0},{"$f":"SUM(H34:H38)","v":0},null,{"$f":"SUM(J34:J38)","v":0},{"$f":"SUM(K34:K38)","v":0},null,{"$f":"SUM(M34:M38)","v":0},{"$f":"SUM(N34:N38)","v":0},null,{"$f":"SUM(P34:P38)","v":0},{"$f":"SUM(Q34:Q38)","v":0},null,{"$f":"SUM(S34:S38)","v":0},{"$f":"SUM(T34:T38)","v":0},null,{"$f":"SUM(V34:V38)","v":0},{"$f":"SUM(W34:W38)","v":0},null,{"$f":"SUM(Y34:Y38)","v":0},{"$f":"SUM(Z34:Z38)","v":0},null,{"$f":"SUM(AB34:AB38)","v":0},{"$f":"SUM(AC34:AC38)","v":0}]
[]
[]
["Provincial Rate Protection",null,null,null,{"$f":"E40","v":0},null,null,{"$f":"H40","v":0},null,null,{"$f":"K40","v":0},null,null,{"$f":"N40","v":0},null,null,{"$f":"Q40","v":0},null,null,{"$f":"T40","v":0},null,null,{"$f":"W40","v":0},null,null,{"$f":"Z40","v":0},null,null,{"$f":"AC40","v":0}]
[]
["Monthly Amount Paid by IESO",null,null,null,{"$f":"E43/12","v":0},null,null,{"$f":"H43/12","v":0},null,null,{"$f":"K43/12","v":0},null,null,{"$f":"N43/12","v":0},null,null,{"$f":"Q43/12","v":0},null,null,{"$f":"T43/12","v":0},null,null,{"$f":"W43/12","v":0},null,null,{"$f":"Z43/12","v":0},null,null,{"$f":"AC43/12","v":0}]
[]
["Note 1: The difference between the actual costs of approved eligible investments and revenue received from the IESO should be recorded in a variance account.  The Board may provide "]
["regulatory accounting guidance regarding a variance account either in an individual proceeding or on a generic basis."]
["Note 2: For the 2016 Test Year, Costs and Revenues of the Direct Benefit are to be included in the test year applicant Rate Base and Revenues.  "]
[]
["PILs Calculation"]
[null,null,null,2012,null,null,2013,null,null,2014,null,null,2015,null,null,2016,null,null,{"$f":"P52+1","v":2017},null,null,{"$f":"S52+1","v":2018},null,null,{"$f":"V52+1","v":2019},null,null,{"$f":"Y52+1","v":2020}]
["Income Tax",null,null,"Direct Benefit","Provincial",null,"Direct Benefit","Provincial",null,"Direct Benefit","Provincial",null,"Direct Benefit","Provincial",null,"Direct Benefit","Provincial",null,"Direct Benefit","Provincial",null,"Direct Benefit","Provincial",null,"Direct Benefit","Provincial",null,"Direct Benefit","Provincial"]
[null,null,null,null,null,null,null,null,null,null,null,null,null,null,null,null,null,null,null,null,null,null,null,"Total",null,null,"Total"]
["Net Income - ROE on Rate Base",null,null,{"$f":"D33","v":0},{"$f":"E33","v":0},null,{"$f":"G33","v":0},{"$f":"H33","v":0},null,{"$f":"J33","v":0},{"$f":"K33","v":0},null,{"$f":"M33","v":0},{"$f":"N33","v":0},null,{"$f":"P33","v":0},{"$f":"Q33","v":0},null,{"$f":"S33","v":0},{"$f":"T33","v":0},null,{"$f":"V33","v":0},{"$f":"W33","v":0},null,{"$f":"Y33","v":0},{"$f":"Z33","v":0},null,{"$f":"AB33","v":0},{"$f":"AC33","v":0}]
["Amortization (6% DB and 94% P)",null,null,{"$f":"D37","v":0},{"$f":"E37","v":0},null,{"$f":"G37","v":0},{"$f":"H37","v":0},null,{"$f":"J37","v":0},{"$f":"K37","v":0},null,{"$f":"M37","v":0},{"$f":"N37","v":0},null,{"$f":"P37","v":0},{"$f":"Q37","v":0},null,{"$f":"S37","v":0},{"$f":"T37","v":0},null,{"$f":"V37","v":0},{"$f":"W37","v":0},null,{"$f":"Y37","v":0},{"$f":"Z37","v":0},null,{"$f":"AB37","v":0},{"$f":"AC37","v":0}]
["CCA (6% DB and 94% P)",null,null,{"$f":"-D94*D$19","v":0},{"$f":"-D94*E$19","v":0},null,{"$f":"-E94*G19","v":0},{"$f":"-E94*H$19","v":0},null,{"$f":"-F94*J$19","v":0},{"$f":"-F94*K$19","v":0},null,{"$f":"-G94*M$19","v":0},{"$f":"-G94*N$19","v":0},null,{"$f":"-H94*P$19","v":0},{"$f":"-H94*Q$19","v":0},null,{"$f":"-I94*S$19","v":0},{"$f":"-I94*T$19","v":0},null,{"$f":"-J94*V$19","v":0},{"$f":"-J94*W$19","v":0},null,{"$f":"-K94*Y$19","v":0},{"$f":"-K94*Z$19","v":0},null,{"$f":"-L94*AB$19","v":0},{"$f":"-L94*AC$19","v":0}]
["Taxable income",null,null,{"$f":"SUM(D55:D57)","v":0},{"$f":"SUM(E55:E57)","v":0},null,{"$f":"SUM(G55:G57)","v":0},{"$f":"SUM(H55:H57)","v":0},null,{"$f":"SUM(J55:J57)","v":0},{"$f":"SUM(K55:K57)","v":0},null,{"$f":"SUM(M55:M57)","v":0},{"$f":"SUM(N55:N57)","v":0},null,{"$f":"SUM(P55:P57)","v":0},{"$f":"SUM(Q55:Q57)","v":0},null,{"$f":"SUM(S55:S57)","v":0},{"$f":"SUM(T55:T57)","v":0},null,{"$f":"SUM(V55:V57)","v":0},{"$f":"SUM(W55:W57)","v":0},null,{"$f":"SUM(Y55:Y57)","v":0},{"$f":"SUM(Z55:Z57)","v":0},null,{"$f":"SUM(AB55:AB57)","v":0},{"$f":"SUM(AC55:AC57)","v":0}]
[]
["Tax Rate  (to be entered)"]
[]
["Income Taxes Payable",null,null,{"$f":"D58*D60","v":0},{"$f":"E58*E60","v":0},null,{"$f":"G58*G60","v":0},{"$f":"H58*H60","v":0},null,{"$f":"J58*J60","v":0},{"$f":"K58*K60","v":0},null,{"$f":"M58*M60","v":0},{"$f":"N58*N60","v":0},null,{"$f":"P58*P60","v":0},{"$f":"Q58*Q60","v":0},null,{"$f":"S58*S60","v":0},{"$f":"T58*T60","v":0},null,{"$f":"V58*V60","v":0},{"$f":"W58*W60","v":0},null,{"$f":"Y58*Y60","v":0},{"$f":"Z58*Z60","v":0},null,{"$f":"AB58*AB60","v":0},{"$f":"AC58*AC60","v":0}]
["Gross Up"]
["Income Taxes Payable",null,null,{"$f":"D62/(1-D60)","v":0},{"$f":"E62/(1-E60)","v":0},null,{"$f":"G62/(1-G60)","v":0},{"$f":"H62/(1-H60)","v":0},null,{"$f":"J62/(1-J60)","v":0},{"$f":"K62/(1-K60)","v":0},null,{"$f":"M62/(1-M60)","v":0},{"$f":"N62/(1-N60)","v":0},null,{"$f":"P62/(1-P60)","v":0},{"$f":"Q62/(1-Q60)","v":0},null,{"$f":"S62/(1-S60)","v":0},{"$f":"T62/(1-T60)","v":0},null,{"$f":"V62/(1-V60)","v":0},{"$f":"W62/(1-W60)","v":0},null,{"$f":"Y62/(1-Y60)","v":0},{"$f":"Z62/(1-Z60)","v":0},null,{"$f":"AB62/(1-AB60)","v":0},{"$f":"AC62/(1-AC60)","v":0}]
["Grossed Up PILs",null,null,{"$f":"SUM(D64:D64)","v":0},{"$f":"SUM(E64:E64)","v":0},null,{"$f":"SUM(G64:G64)","v":0},{"$f":"SUM(H64:H64)","v":0},null,{"$f":"SUM(J64:J64)","v":0},{"$f":"SUM(K64:K64)","v":0},null,{"$f":"SUM(M64:M64)","v":0},{"$f":"SUM(N64:N64)","v":0},null,{"$f":"SUM(P64:P64)","v":0},{"$f":"SUM(Q64:Q64)","v":0},null,{"$f":"SUM(S64:S64)","v":0},{"$f":"SUM(T64:T64)","v":0},null,{"$f":"SUM(V64:V64)","v":0},{"$f":"SUM(W64:W64)","v":0},null,{"$f":"SUM(Y64:Y64)","v":0},{"$f":"SUM(Z64:Z64)","v":0},null,{"$f":"SUM(AB64:AB64)","v":0},{"$f":"SUM(AC64:AC64)","v":0}]
[]
[]
[null,null,null,2012,2013,2014,2015,2016,{"$f":"H68+1","v":2017},{"$f":"I68+1","v":2018},2019,2020]
["Net Fixed Assets"]
[null,"Enter applicable amortization in years:",25]
["Opening Gross Fixed Assets",null,null,null,{"$f":"D73","v":0},0,0,0,{"$f":"H73","v":0},{"$f":"I73","v":0},{"$f":"J73","v":0},{"$f":"K73","v":0}]
["Gross Capital Additions",null,null,{"$f":"'App.2-FA Proposed REG Invest.'!C62","v":0},{"$f":"'App.2-FA Proposed REG Invest.'!D62","v":0},{"$f":"'App.2-FA Proposed REG Invest.'!E62","v":0},{"$f":"'App.2-FA Proposed REG Invest.'!F62","v":0},{"$f":"'App.2-FA Proposed REG Invest.'!G62","v":0},{"$f":"'App.2-FA Proposed REG Invest.'!H62","v":0},{"$f":"'App.2-FA Proposed REG Invest.'!I62","v":0},{"$f":"'App.2-FA Proposed REG Invest.'!J62","v":0},{"$f":"'App.2-FA Proposed REG Invest.'!K62","v":0}]
["Closing Gross Fixed Assets",null,null,{"$f":"SUM(D71:D72)","v":0},0,0,0,{"$f":"SUM(H71:H72)","v":0},{"$f":"SUM(I71:I72)","v":0},0,0,0]
[]
["Opening Accumulated Amortization",null,null,null,{"$f":"+D78","v":0},{"$f":"E78","v":0},0,0,0,0,0,0]
["Current Year Amortization (before additions)",null,null,{"$f":"IF(ISERROR(D71/$C$70), 0, D71/$C$70)","v":0},0,0,0,0,{"$f":"IF(ISERROR(I71/$C$70), 0, I71/$C$70)","v":0},{"$f":"IF(ISERROR(J71/$C$70), 0, J71/$C$70)","v":0},{"$f":"IF(ISERROR(K71/$C$70), 0, K71/$C$70)","v":0},{"$f":"IF(ISERROR(L71/$C$70), 0, L71/$C$70)","v":0}]
["Additions (half year)",null,null,{"$f":"D72/$C$70/2","v":0},{"$f":"E72/$C$70/2","v":0},{"$f":"F72/$C$70/2","v":0},0,{"$f":"H72/$C$70/2","v":0},{"$f":"I72/C70/2","v":0},{"$f":"J72/C70/2","v":0},{"$f":"K72/C70/2","v":0},{"$f":"L72/C70/2","v":0}]
["Closing Accumulated Amortization",null,null,{"$f":"SUM(D75+D76+D77)","v":0},{"$f":"SUM(E75+E76+E77)","v":0},{"$f":"SUM(F75+F76+F77)","v":0},{"$f":"SUM(G75+G76+G77)","v":0},{"$f":"SUM(H75+H76+H77)","v":0},{"$f":"SUM(I75:I77)","v":0},{"$f":"SUM(J75:J77)","v":0},{"$f":"SUM(K75:K77)","v":0},{"$f":"SUM(L75:L77)","v":0}]
[]
["Opening Net Fixed Assets",null,null,{"$f":"D71-D75","v":0},0,{"$f":"F71-F75","v":0},0,{"$f":"H71-H75","v":0},{"$f":"H81","v":0},{"$f":"I81","v":0},{"$f":"J81","v":0},{"$f":"K81","v":0}]
["Closing Net Fixed Assets",null,null,{"$f":"D73-D78","v":0},{"$f":"E73-E78","v":0},0,0,{"$f":"H73-H78","v":0},{"$f":"I73-I78","v":0},{"$f":"J73-J78","v":0},{"$f":"K73-K78","v":0},{"$f":"L73-L78","v":0}]
["Average Net Fixed Assets",null,null,{"$f":"SUM(D80:D81)/2","v":0},0,0,0,{"$f":"SUM(H80:H81)/2","v":0},{"$f":"SUM(I80:I81)/2","v":0},{"$f":"SUM(J80:J81)/2","v":0},{"$f":"SUM(K80:K81)/2","v":0},{"$f":"SUM(L80:L81)/2","v":0}]
[]
["UCC for PILs Calculation"]
[null,null,null,2012,2013,2014,2015,2016,{"$f":"H85+1","v":2017},{"$f":"I85+1","v":2018},2019,2020]
[]
["Opening UCC",null,null,null,{"$f":"D95","v":0},0,0,0,0,0,0,0]
["Capital Additions (from Appendix 2-FA)",null,null,{"$f":"D72","v":0},0,0,0,{"$f":"H72","v":0},{"$f":"I72","v":0},0,0,0]
["UCC Before Half Year Rule",null,null,{"$f":"SUM(D87:D88)","v":0},0,0,0,{"$f":"SUM(H87:H88)","v":0},{"$f":"SUM(I87:I88)","v":0},{"$f":"SUM(J87:J88)","v":0},{"$f":"SUM(K87:K88)","v":0},{"$f":"SUM(L87:L88)","v":0}]
["Half Year Rule (1/2 Additions - Disposals)",null,null,{"$f":"D88/2","v":0},0,0,0,{"$f":"H88/2","v":0},{"$f":"I88/2","v":0},{"$f":"J88/2","v":0},{"$f":"K88/2","v":0},{"$f":"L88/2","v":0}]
["Reduced UCC",null,null,{"$f":"D89-D90","v":0},0,0,0,{"$f":"H89-H90","v":0},{"$f":"I89-I90","v":0},{"$f":"J89-J90","v":0},{"$f":"K89-K90","v":0},{"$f":"L89-L90","v":0}]
["CCA Rate Class (to be entered)",null,47,{"$f":"C92","v":47},{"$f":"D92","v":47},47,47,47,47,47,47,47]
["CCA Rate  (to be entered)",null,0.08,{"$f":"C93","v":0.08},0.08,0.08,0.08,0.08,0.08,0.08,0.08,0.08]
["CCA",null,null,{"$f":"D91*D93","v":0},0,0,0,{"$f":"H91*H93","v":0},{"$f":"I91*I93","v":0},0,0,{"$f":"L91*L93","v":0}]
["Closing UCC",null,null,{"$f":"D89-D94","v":0},0,0,0,{"$f":"H89-H94","v":0},{"$f":"I89-I94","v":0},{"$f":"J89-J94","v":0},{"$f":"K89-K94","v":0},{"$f":"L89-L94","v":0}]

{"sheet":"App.2-FC Calc of REG Expansion","index":27,"n_rows":95,"n_cols":30,"rows_kept":95,"cut":false,"hidden":false,"merged":[[8,0,8,14],[9,0,9,14],[11,0,11,14],[12,0,12,14],[14,0,14,14],[17,3,17,5],[17,6,17,8],[17,9,17,11],[17,12,17,14],[17,15,17,17],[17,18,17,20],[17,21,17,23],[17,24,17,26],[17,27,17,29],[52,22,52,23],[52,25,52,26],[52,28,52,29],[47,0,47,20],[49,0,49,21],[50,0,50,1],[52,4,52,5],[52,7,52,8],[52,10,52,11],[52,13,52,14],[52,16,52,17],[52,19,52,20]]}
[null,null,null,null,null,null,null,null,null,null,null,null,null,"File Number:",{"$f":"EBNUMBER","v":0}]
[null,null,null,null,null,null,null,null,null,null,null,null,null,"Exhibit:"]
[null,null,null,null,null,null,null,null,null,null,null,null,null,"Tab:"]
[null,null,null,null,null,null,null,null,null,null,null,null,null,"Schedule:"]
[null,null,null,null,null,null,null,null,null,null,null,null,null,"Page:"]
[]
[null,null,null,null,null,null,null,null,null,null,null,null,null,"Date:"]
[]
["Appendix 2-FC"]
["Calculation of Renewable Generation Connection Direct Benefits/Provincial Amount: Renewable Expansion Investments"]
[]
["This table will calculate the distributor/provincial shares of the investments entered in Part B of Appendix 2-FA."]
["Enter values in green shaded cells: WCA percentage, debt percentages, interest rates, kWh, tax rates, amortization period, CCA Class and percentage."]
["For historical investments, enter these variables for your last cost of service test year.  For 2016 and beyond, enter variables as in the application."]
["Rate Riders are not calculated for Test Year as these assets and costs are already in the distributor's rate base."]
[]
[]
[null,null,null,2012,null,null,2013,null,null,2014,null,null,2015,null,null,"2016 TEST YEAR",null,null,2017,2016,null,2018,null,null,2019,null,null,2020]
[null,null,null,null,"Direct Benefit","Provincial",null,"Direct Benefit","Provincial",null,"Direct Benefit","Provincial",null,"Direct Benefit","Provincial",null,"Direct Benefit","Provincial",null,"Direct Benefit","Provincial",null,"Direct Benefit","Provincial",null,"Direct Benefit","Provincial",null,"Direct Benefit","Provincial"]
[null,null,null,"Total",0.17,0.83,"Total",0.17,0.83,"Total",0.17,0.83,"Total",0.17,0.83,"Total",0.17,0.83,"Total",0.17,0.83,"Total",0.17,0.83,"Total",0.17,0.83,"Total",0.17,0.83]
["Net Fixed Assets (average)",null,null,{"$f":"D82","v":0},{"$f":"D21*E20","v":0},{"$f":"D21*F20","v":0},{"$f":"E82","v":0},{"$f":"G21*H20","v":0},{"$f":"G21*I20","v":0},{"$f":"F82","v":0},{"$f":"J21*K20","v":0},{"$f":"J21*L20","v":0},{"$f":"G82","v":0},{"$f":"M21*N20","v":0},{"$f":"M21*O20","v":0},{"$f":"H82","v":0},{"$f":"P21*Q20","v":0},{"$f":"P21*R20","v":0},{"$f":"I82","v":0},{"$f":"S21*T20","v":0},{"$f":"S21*U20","v":0},{"$f":"J82","v":0},{"$f":"V21*W20","v":0},{"$f":"V21*X20","v":0},{"$f":"K82","v":0},{"$f":"Y21*Z20","v":0},{"$f":"Y21*AA20","v":0},{"$f":"L82","v":0},{"$f":"AB21*AC20","v":0},{"$f":"AB21*AD20","v":0}]
["Incremental OM&A (on-going, N/A for Provincial Recovery)",null,null,{"$f":"'App.2-FA Proposed REG Invest.'!C101","v":0},{"$f":"D22","v":0},null,{"$f":"'App.2-FA Proposed REG Invest.'!D$101","v":0},{"$f":"G22","v":0},null,{"$f":"'App.2-FA Proposed REG Invest.'!E$101","v":0},{"$f":"J22","v":0},null,{"$f":"'App.2-FA Proposed REG Invest.'!F$101","v":0},{"$f":"M22","v":0},null,{"$f":"'App.2-FA Proposed REG Invest.'!G$101","v":0},{"$f":"P22","v":0},null,{"$f":"'App.2-FA Proposed REG Invest.'!H$101","v":0},{"$f":"S22","v":0},null,{"$f":"'App.2-FA Proposed REG Invest.'!I$101","v":0},{"$f":"V22","v":0},null,{"$f":"'App.2-FA Proposed REG Invest.'!J$101","v":0},{"$f":"Y22","v":0},null,{"$f":"'App.2-FA Proposed REG Invest.'!K$101","v":0},{"$f":"AB22","v":0}]
["Incremental OM&A (start-up, applicable for Provincial Recovery)",null,null,{"$f":"'App.2-FA Proposed REG Invest.'!C100","v":0},{"$f":"D23*E20","v":0},{"$f":"D23*F20","v":0},{"$f":"'App.2-FA Proposed REG Invest.'!D$100","v":0},{"$f":"G23*H20","v":0},{"$f":"G23*I20","v":0},{"$f":"'App.2-FA Proposed REG Invest.'!E$100","v":0},{"$f":"J23*K20","v":0},{"$f":"J23*L20","v":0},{"$f":"'App.2-FA Proposed REG Invest.'!F$100","v":0},{"$f":"M23*N20","v":0},{"$f":"M23*O20","v":0},{"$f":"'App.2-FA Proposed REG Invest.'!G$100","v":0},{"$f":"P23*Q20","v":0},{"$f":"P23*R20","v":0},{"$f":"'App.2-FA Proposed REG Invest.'!H$100","v":0},{"$f":"S23*T20","v":0},{"$f":"S23*U20","v":0},{"$f":"'App.2-FA Proposed REG Invest.'!I$100","v":0},{"$f":"V23*W20","v":0},{"$f":"V23*X20","v":0},{"$f":"'App.2-FA Proposed REG Invest.'!J$100","v":0},{"$f":"Y23*Z20","v":0},{"$f":"Y23*AA20","v":0},{"$f":"'App.2-FA Proposed REG Invest.'!K$100","v":0},{"$f":"AB23*AC20","v":0},{"$f":"AB23*AD20","v":0}]
["WCA",null,null,null,{"$f":"(E22+E23)*$B$24","v":0},{"$f":"F23*$B$24","v":0},null,{"$f":"(H22+H23)*$B$24","v":0},{"$f":"I23*$B$24","v":0},null,{"$f":"(K22+K23)*$B$24","v":0},{"$f":"L23*$B$24","v":0},null,{"$f":"(N22+N23)*$B$24","v":0},{"$f":"O23*$B$24","v":0},null,{"$f":"(Q22+Q23)*$B$24","v":0},{"$f":"R23*$B$24","v":0},null,{"$f":"(T22+T23)*$B$24","v":0},{"$f":"U23*$B$24","v":0},null,{"$f":"(W22+W23)*$B$24","v":0},{"$f":"X23*$B$24","v":0},null,{"$f":"(Z22+Z23)*$B$24","v":0},{"$f":"AA23*$B$24","v":0},null,{"$f":"(AC22+AC23)*$B$24","v":0},{"$f":"AD23*$B$24","v":0}]
["Rate Base",null,null,null,{"$f":"SUM(E21+E24)","v":0},{"$f":"SUM(F21+F24)","v":0},null,{"$f":"SUM(H21+H24)","v":0},{"$f":"SUM(I21+I24)","v":0},null,{"$f":"SUM(K21+K24)","v":0},{"$f":"SUM(L21+L24)","v":0},null,{"$f":"SUM(N21+N24)","v":0},{"$f":"SUM(O21+O24)","v":0},null,{"$f":"SUM(Q21+Q24)","v":0},{"$f":"SUM(R21+R24)","v":0},null,{"$f":"SUM(T21+T24)","v":0},{"$f":"SUM(U21+U24)","v":0},null,{"$f":"SUM(W21+W24)","v":0},{"$f":"SUM(X21+X24)","v":0},null,{"$f":"SUM(Z21+Z24)","v":0},{"$f":"SUM(AA21+AA24)","v":0},null,{"$f":"SUM(AC21+AC24)","v":0},{"$f":"SUM(AD21+AD24)","v":0}]
[]
[]
["Deemed ST Debt",null,null,null,{"$f":"E25*$B$28","v":0},{"$f":"F25*$B$28","v":0},null,{"$f":"H25*$B$28","v":0},{"$f":"I25*$B$28","v":0},null,{"$f":"K25*$B$28","v":0},{"$f":"L25*$B$28","v":0},null,{"$f":"N25*$B$28","v":0},{"$f":"O25*$B$28","v":0},null,{"$f":"Q25*$B$28","v":0},{"$f":"R25*$B$28","v":0},null,{"$f":"T25*$B$28","v":0},{"$f":"U25*$B$28","v":0},null,{"$f":"W25*$B$28","v":0},{"$f":"X25*$B$28","v":0},null,{"$f":"Z25*$B$28","v":0},{"$f":"AA25*$B$28","v":0},null,{"$f":"AC25*$B$28","v":0},{"$f":"AD25*$B$28","v":0}]
["Deemed LT Debt",null,null,null,{"$f":"E25*$B$29","v":0},{"$f":"F25*$B$29","v":0},null,{"$f":"H25*$B$29","v":0},{"$f":"I25*$B$29","v":0},null,{"$f":"K25*$B$29","v":0},{"$f":"L25*$B$29","v":0},null,{"$f":"N25*$B$29","v":0},{"$f":"O25*$B$29","v":0},null,{"$f":"Q25*$B$29","v":0},{"$f":"R25*$B$29","v":0},null,{"$f":"T25*$B$29","v":0},{"$f":"U25*$B$29","v":0},null,{"$f":"W25*$B$29","v":0},{"$f":"X25*$B$29","v":0},null,{"$f":"Z25*$B$29","v":0},{"$f":"AA25*$B$29","v":0},null,{"$f":"AC25*$B$29","v":0},{"$f":"AD25*$B$29","v":0}]
["Deemed Equity",null,null,null,{"$f":"E25*$B$30","v":0},{"$f":"F25*$B$30","v":0},null,{"$f":"H25*$B$30","v":0},{"$f":"I25*$B$30","v":0},null,{"$f":"K25*$B$30","v":0},{"$f":"L25*$B$30","v":0},null,{"$f":"N25*$B$30","v":0},{"$f":"O25*$B$30","v":0},null,{"$f":"Q25*$B$30","v":0},{"$f":"R25*$B$30","v":0},null,{"$f":"T25*$B$30","v":0},{"$f":"U25*$B$30","v":0},null,{"$f":"W25*$B$30","v":0},{"$f":"X25*$B$30","v":0},null,{"$f":"Z25*$B$30","v":0},{"$f":"AA25*$B$30","v":0},null,{"$f":"AC25*$B$30","v":0},{"$f":"AD25*$B$30","v":0}]
[]
["ST Interest",null,null,null,{"$f":"E28*$B$32","v":0},{"$f":"F28*$B$32","v":0},null,{"$f":"H28*$B$32","v":0},{"$f":"I28*$B$32","v":0},null,{"$f":"K28*$B$32","v":0},{"$f":"L28*$B$32","v":0},null,{"$f":"N28*$B$32","v":0},{"$f":"O28*$B$32","v":0},null,{"$f":"Q28*$B$32","v":0},{"$f":"R28*$B$32","v":0},null,{"$f":"T28*$B$32","v":0},{"$f":"U28*$B$32","v":0},null,{"$f":"W28*$B$32","v":0},{"$f":"X28*$B$32","v":0},null,{"$f":"Z28*$B$32","v":0},{"$f":"AA28*$B$32","v":0},null,{"$f":"AC28*$B$32","v":0},{"$f":"AD28*$B$32","v":0}]
["LT Interest",null,null,null,{"$f":"E29*$B$33","v":0},{"$f":"F29*$B$33","v":0},null,{"$f":"H29*$B$33","v":0},{"$f":"I29*$B$33","v":0},null,{"$f":"K29*$B$33","v":0},{"$f":"L29*$B$33","v":0},null,{"$f":"N29*$B$33","v":0},{"$f":"O29*$B$33","v":0},null,{"$f":"Q29*$B$33","v":0},{"$f":"R29*$B$33","v":0},null,{"$f":"T29*$B$33","v":0},{"$f":"U29*$B$33","v":0},null,{"$f":"W29*$B$33","v":0},{"$f":"X29*$B$33","v":0},null,{"$f":"Z29*$B$33","v":0},{"$f":"AA29*$B$33","v":0},null,{"$f":"AC29*$B$33","v":0},{"$f":"AD29*$B$33","v":0}]
["ROE",null,null,null,{"$f":"E30*$B$34","v":0},{"$f":"F30*$B$34","v":0},null,{"$f":"H30*$B$34","v":0},{"$f":"I30*$B$34","v":0},null,{"$f":"K30*$B$34","v":0},{"$f":"L30*$B$34","v":0},null,{"$f":"N30*$B$34","v":0},{"$f":"O30*$B$34","v":0},null,{"$f":"Q30*$B$34","v":0},{"$f":"R30*$B$34","v":0},null,{"$f":"T30*$B$34","v":0},{"$f":"U30*$B$34","v":0},null,{"$f":"W30*$B$34","v":0},{"$f":"X30*$B$34","v":0},null,{"$f":"Z30*$B$34","v":0},{"$f":"AA30*$B$34","v":0},null,{"$f":"AC30*$B$34","v":0},{"$f":"AD30*$B$34","v":0}]
["Cost of Capital Total",null,null,null,{"$f":"SUM(E32:E34)","v":0},{"$f":"SUM(F32:F34)","v":0},null,{"$f":"SUM(H32:H34)","v":0},{"$f":"SUM(I32:I34)","v":0},null,{"$f":"SUM(K32:K34)","v":0},{"$f":"SUM(L32:L34)","v":0},null,{"$f":"SUM(N32:N34)","v":0},{"$f":"SUM(O32:O34)","v":0},null,{"$f":"SUM(Q32:Q34)","v":0},{"$f":"SUM(R32:R34)","v":0},null,{"$f":"SUM(T32:T34)","v":0},{"$f":"SUM(U32:U34)","v":0},null,{"$f":"SUM(W32:W34)","v":0},{"$f":"SUM(X32:X34)","v":0},null,{"$f":"SUM(Z32:Z34)","v":0},{"$f":"SUM(AA32:AA34)","v":0},null,{"$f":"SUM(AC32:AC34)","v":0},{"$f":"SUM(AD32:AD34)","v":0}]
[]
["OM&A",null,null,null,{"$f":"E22+E23","v":0},{"$f":"F23","v":0},null,{"$f":"H22+H23","v":0},{"$f":"I23","v":0},null,{"$f":"K22+K23","v":0},{"$f":"L23","v":0},null,{"$f":"N22+N23","v":0},{"$f":"O23","v":0},null,{"$f":"Q22+Q23","v":0},{"$f":"R23","v":0},null,{"$f":"T22+T23","v":0},{"$f":"U23","v":0},null,{"$f":"W22+W23","v":0},{"$f":"X23","v":0},null,{"$f":"Z22+Z23","v":0},{"$f":"AA23","v":0},null,{"$f":"AC22+AC23","v":0},{"$f":"AD23","v":0}]
["Amortization",null,null,{"$f":"D78","v":0},{"$f":"D38*E$20","v":0},{"$f":"D38*F$20","v":0},{"$f":"E78","v":0},{"$f":"G38*H$20","v":0},{"$f":"G38*I$20","v":0},{"$f":"F78","v":0},{"$f":"J38*K$20","v":0},{"$f":"J38*L$20","v":0},{"$f":"G78","v":0},{"$f":"M38*N$20","v":0},{"$f":"M38*O$20","v":0},{"$f":"H76+H77","v":0},{"$f":"P38*Q$20","v":0},{"$f":"P38*R$20","v":0},{"$f":"I76+I77","v":0},{"$f":"S38*T$20","v":0},{"$f":"S38*U$20","v":0},{"$f":"J76+J77","v":0},{"$f":"V38*W$20","v":0},{"$f":"V38*X$20","v":0},{"$f":"K76+K77","v":0},{"$f":"Y38*Z$20","v":0},{"$f":"Y38*AA$20","v":0},{"$f":"L76+L77","v":0},{"$f":"AB38*AC$20","v":0},{"$f":"AB38*AD$20","v":0}]
["Grossed-up PILs",null,null,null,{"$f":"E66","v":0},{"$f":"F66","v":0},null,{"$f":"H66","v":0},{"$f":"I66","v":0},null,{"$f":"K66","v":0},{"$f":"L66","v":0},null,{"$f":"N66","v":0},{"$f":"O66","v":0},null,{"$f":"Q66","v":0},{"$f":"R66","v":0},null,{"$f":"T66","v":0},{"$f":"U66","v":0},null,{"$f":"W66","v":0},{"$f":"X66","v":0},null,{"$f":"Z66","v":0},{"$f":"AA66","v":0},null,{"$f":"AC66","v":0},{"$f":"AD66","v":0}]
[]
["Revenue Requirement",null,null,null,{"$f":"SUM(E35:E39)","v":0},{"$f":"SUM(F35:F39)","v":0},null,{"$f":"SUM(H35:H39)","v":0},{"$f":"SUM(I35:I39)","v":0},null,{"$f":"SUM(K35:K39)","v":0},{"$f":"SUM(L35:L39)","v":0},null,{"$f":"SUM(N35:N39)","v":0},{"$f":"SUM(O35:O39)","v":0},null,{"$f":"SUM(Q35:Q39)","v":0},{"$f":"SUM(R35:R39)","v":0},null,{"$f":"SUM(T35:T39)","v":0},{"$f":"SUM(U35:U39)","v":0},null,{"$f":"SUM(W35:W39)","v":0},{"$f":"SUM(X35:X39)","v":0},null,{"$f":"SUM(Z35:Z39)","v":0},{"$f":"SUM(AA35:AA39)","v":0},null,{"$f":"SUM(AC35:AC39)","v":0},{"$f":"SUM(AD35:AD39)","v":0}]
[]
[]
["Provincial Rate Protection",null,null,null,null,{"$f":"F41","v":0},null,null,{"$f":"I41","v":0},null,null,{"$f":"L41","v":0},null,null,{"$f":"O41","v":0},null,null,{"$f":"R41","v":0},null,null,{"$f":"U41","v":0},null,null,{"$f":"X41","v":0},null,null,{"$f":"AA41","v":0},null,null,{"$f":"AD41","v":0}]
[]
["Monthly Amount Paid by IESO",null,null,null,null,{"$f":"F44/12","v":0},null,null,{"$f":"I44/12","v":0},null,null,{"$f":"L44/12","v":0},null,null,{"$f":"O44/12","v":0},null,null,{"$f":"R44/12","v":0},null,null,{"$f":"U44/12","v":0},null,null,{"$f":"X44/12","v":0},null,null,{"$f":"AA44/12","v":0},null,null,{"$f":"AD44/12","v":0}]
[]
["Note 1: The difference between the actual costs of approved eligible investments and revenue received from the IESO should be recorded in a variance account.  The Board may provide "]
["regulatory accounting guidance regarding a variance account either in an individual proceeding or on a generic basis."]
["Note 2: For the 2016 Test Year, Costs and Revenues of the Direct Benefit are to be included in the test year applicant Rate Base and Revenues."]
[]
["PILs Calculation"]
[null,null,null,null,2012,null,null,2013,null,null,2014,null,null,2015,null,null,"2016 TEST YEAR",null,null,2017,null,null,2018,null,null,2019,null,null,2020]
["Income Tax",null,null,null,"Direct Benefit","Provincial",null,"Direct Benefit","Provincial",null,"Direct Benefit","Provincial",null,"Direct Benefit","Provincial",null,"Direct Benefit","Provincial",null,"Direct Benefit","Provincial",null,"Direct Benefit","Provincial",null,"Direct Benefit","Provincial",null,"Direct Benefit","Provincial"]
[null,null,null,null,null,null,null,null,null,null,null,null,null,null,null,null,null,null,null,null,null,"Total",null,null,"Total",null,null,"Total"]
["Net Income - ROE on Rate Base",null,null,null,{"$f":"E34","v":0},{"$f":"F34","v":0},null,{"$f":"H34","v":0},{"$f":"I34","v":0},null,{"$f":"K34","v":0},{"$f":"L34","v":0},null,{"$f":"N34","v":0},{"$f":"O34","v":0},null,{"$f":"Q34","v":0},{"$f":"R34","v":0},null,{"$f":"T34","v":0},{"$f":"U34","v":0},null,{"$f":"W34","v":0},{"$f":"X34","v":0},null,{"$f":"Z34","v":0},{"$f":"AA34","v":0},null,{"$f":"AC34","v":0},{"$f":"AD34","v":0}]
["Amortization (17% DB and 83% P)",null,null,null,{"$f":"E38","v":0},{"$f":"F38","v":0},null,{"$f":"H38","v":0},{"$f":"I38","v":0},null,{"$f":"K38","v":0},{"$f":"L38","v":0},null,{"$f":"N38","v":0},{"$f":"O38","v":0},null,{"$f":"Q38","v":0},{"$f":"R38","v":0},null,{"$f":"T38","v":0},{"$f":"U38","v":0},null,{"$f":"W38","v":0},{"$f":"X38","v":0},null,{"$f":"Z38","v":0},{"$f":"AA38","v":0},null,{"$f":"AC38","v":0},{"$f":"AD38","v":0}]
["CCA (17% DB and 83% P)",null,null,null,{"$f":"-D94*E$20","v":0},{"$f":"-D94*F$20","v":0},null,{"$f":"-E94*H$20","v":0},{"$f":"-E94*I$20","v":0},null,{"$f":"-F94*K$20","v":0},{"$f":"-F94*L$20","v":0},null,{"$f":"-G94*N$20","v":0},{"$f":"-G94*O$20","v":0},null,{"$f":"-H94*Q$20","v":0},{"$f":"-H94*R$20","v":0},null,{"$f":"-I94*T$20","v":0},{"$f":"-I94*U$20","v":0},null,{"$f":"-J94*W$20","v":0},{"$f":"-J94*X$20","v":0},null,{"$f":"-K94*Z$20","v":0},{"$f":"-K94*AA$20","v":0},null,{"$f":"-L94*AC$20","v":0},{"$f":"-L94*AD$20","v":0}]
["Taxable income",null,null,null,{"$f":"SUM(E56:E58)","v":0},{"$f":"SUM(F56:F58)","v":0},null,{"$f":"SUM(H56:H58)","v":0},{"$f":"SUM(I56:I58)","v":0},null,{"$f":"SUM(K56:K58)","v":0},{"$f":"SUM(L56:L58)","v":0},null,{"$f":"SUM(N56:N58)","v":0},{"$f":"SUM(O56:O58)","v":0},null,{"$f":"SUM(Q56:Q58)","v":0},{"$f":"SUM(R56:R58)","v":0},null,{"$f":"SUM(T56:T58)","v":0},{"$f":"SUM(U56:U58)","v":0},null,{"$f":"SUM(W56:W58)","v":0},{"$f":"SUM(X56:X58)","v":0},null,{"$f":"SUM(Z56:Z58)","v":0},{"$f":"SUM(AA56:AA58)","v":0},null,{"$f":"SUM(AC56:AC58)","v":0},{"$f":"SUM(AD56:AD58)","v":0}]
[]
["Tax Rate  (to be entered)"]
[]
["Income Taxes Payable",null,null,null,{"$f":"E59*E61","v":0},{"$f":"F59*F61","v":0},null,{"$f":"H59*H61","v":0},{"$f":"I59*I61","v":0},null,{"$f":"K59*K61","v":0},{"$f":"L59*L61","v":0},null,{"$f":"N59*N61","v":0},{"$f":"O59*O61","v":0},null,{"$f":"Q59*Q61","v":0},{"$f":"R59*R61","v":0},null,{"$f":"T59*T61","v":0},{"$f":"U59*U61","v":0},null,{"$f":"W59*W61","v":0},{"$f":"X59*X61","v":0},null,{"$f":"Z59*Z61","v":0},{"$f":"AA59*AA61","v":0},null,{"$f":"AC59*AC61","v":0},{"$f":"AD59*AD61","v":0}]
["Gross Up"]
["Income Taxes Payable",null,null,null,{"$f":"E63/(1-E61)","v":0},{"$f":"F63/(1-F61)","v":0},null,{"$f":"H63/(1-H61)","v":0},{"$f":"I63/(1-I61)","v":0},null,{"$f":"K63/(1-K61)","v":0},{"$f":"L63/(1-L61)","v":0},null,{"$f":"N63/(1-N61)","v":0},{"$f":"O63/(1-O61)","v":0},null,{"$f":"Q63/(1-Q61)","v":0},{"$f":"R63/(1-R61)","v":0},null,{"$f":"T63/(1-T61)","v":0},{"$f":"U63/(1-U61)","v":0},null,{"$f":"W63/(1-W61)","v":0},{"$f":"X63/(1-X61)","v":0},null,{"$f":"Z63/(1-Z61)","v":0},{"$f":"AA63/(1-AA61)","v":0},null,{"$f":"AC63/(1-AC61)","v":0},{"$f":"AD63/(1-AD61)","v":0}]
["Grossed Up PILs",null,null,null,{"$f":"SUM(E65:E65)","v":0},{"$f":"SUM(F65:F65)","v":0},null,{"$f":"SUM(H65:H65)","v":0},{"$f":"SUM(I65:I65)","v":0},null,{"$f":"SUM(K65:K65)","v":0},{"$f":"SUM(L65:L65)","v":0},null,{"$f":"SUM(N65:N65)","v":0},{"$f":"SUM(O65:O65)","v":0},null,{"$f":"SUM(Q65:Q65)","v":0},{"$f":"SUM(R65:R65)","v":0},null,{"$f":"SUM(T65:T65)","v":0},{"$f":"SUM(U65:U65)","v":0},null,{"$f":"SUM(W65:W65)","v":0},{"$f":"SUM(X65:X65)","v":0},null,{"$f":"SUM(Z65:Z65)","v":0},{"$f":"SUM(AA65:AA65)","v":0},null,{"$f":"SUM(AC65:AC65)","v":0},{"$f":"SUM(AD65:AD65)","v":0}]
[]
[]
["Net Fixed Assets",null,null,2011,2012,2013,2014,2015,2016,2017,2018,2019]
[null,"Enter applicable amortization in years:",25]
["Opening Gross Fixed Assets",null,null,null,{"$f":"D73","v":0},0,0,0,0,0,0,0]
["Gross Capital Additions",null,null,{"$f":"'App.2-FA Proposed REG Invest.'!C99","v":0},{"$f":"'App.2-FA Proposed REG Invest.'!D99","v":0},{"$f":"'App.2-FA Proposed REG Invest.'!E99","v":0},{"$f":"'App.2-FA Proposed REG Invest.'!F99","v":0},{"$f":"'App.2-FA Proposed REG Invest.'!G99","v":0},{"$f":"'App.2-FA Proposed REG Invest.'!H99","v":0},{"$f":"'App.2-FA Proposed REG Invest.'!I99","v":0},{"$f":"'App.2-FA Proposed REG Invest.'!J99","v":0},{"$f":"'App.2-FA Proposed REG Invest.'!K99","v":0}]
["Closing Gross Fixed Assets",null,null,{"$f":"SUM(D71:D72)","v":0},0,0,0,0,0,0,0,0]
[]
["Opening Accumulated Amortization",null,null,null,{"$f":"+D78","v":0},{"$f":"E78","v":0},0,{"$f":"G78","v":0},{"$f":"H78","v":0},{"$f":"I78","v":0},{"$f":"J78","v":0},{"$f":"K78","v":0}]
["Current Year Amortization (before additions)",null,null,null,{"$f":"IF(ISERROR(E71/$C$70), 0, E71/$C$70)","v":0},0,0,{"$f":"H71/$C$70","v":0},{"$f":"I71/$C$70","v":0},{"$f":"J71/$C$70","v":0},{"$f":"K71/$C$70","v":0},{"$f":"L71/$C$70","v":0}]
["Additions (half year)",null,null,{"$f":"D72/C70/2","v":0},{"$f":"E72/C70/2","v":0},{"$f":"F72/C70/2","v":0},{"$f":"G72/C70/2","v":0},{"$f":"H72/C70/2","v":0},{"$f":"I72/C70/2","v":0},{"$f":"J72/C70/2","v":0},{"$f":"K72/C70/2","v":0},{"$f":"L72/C70/2","v":0}]
["Closing Accumulated Amortization",null,null,{"$f":"SUM(D75+D77)","v":0},{"$f":"SUM(E75:E77)","v":0},0,0,0,0,0,0,0]
[]
["Opening Net Fixed Assets",null,null,{"$f":"D71-D75","v":0},{"$f":"E71-E75","v":0},{"$f":"F71-F75","v":0},{"$f":"G71-G75","v":0},{"$f":"G81","v":0},{"$f":"H81","v":0},{"$f":"I81","v":0},{"$f":"J81","v":0},{"$f":"K81","v":0}]
["Closing Net Fixed Assets",null,null,{"$f":"D73-D78","v":0},0,0,0,0,0,0,0,0]
["Average Net Fixed Assets",null,null,{"$f":"SUM(D80:D81)/2","v":0},0,0,0,0,0,0,0,0]
[]
["UCC for PILs Calculation"]
[null,null,null,2014,2014,2014,2014,2015,2016,2017,2018,2019]
[]
["Opening UCC",null,null,null,{"$f":"D95","v":0},0,0,0,0,0,0,0]
["Capital Additions (from Appendix 2-FA)",null,null,{"$f":"D72","v":0},0,0,0,0,0,0,0,0]
["UCC Before Half Year Rule",null,null,{"$f":"SUM(D87:D88)","v":0},0,0,0,0,0,0,0,0]
["Half Year Rule (1/2 Additions - Disposals)",null,null,{"$f":"D88/2","v":0},0,0,0,0,0,0,0,0]
["Reduced UCC",null,null,{"$f":"D89-D90","v":0},0,0,0,0,0,0,0,0]
["CCA Rate Class (to be entered)",null,47,{"$f":"$C$92","v":47},{"$f":"$C$92","v":47},47,47,47,47,47,47,47]
["CCA Rate  (to be entered)",null,0.08,{"$f":"$C$93","v":0.08},{"$f":"$C$93","v":0.08},0.08,0.08,0.08,0.08,0.08,0.08,0.08]
["CCA",null,null,{"$f":"D91*D$93","v":0},{"$f":"E91*E$93","v":0},{"$f":"F91*F$93","v":0},{"$f":"G91*G$93","v":0},{"$f":"H91*H$93","v":0},0,0,0,0]
["Closing UCC",null,null,{"$f":"D89-D94","v":0},0,0,0,0,0,0,0,0]

{"sheet":"App.2-G SQI","index":28,"n_rows":37,"n_cols":11,"rows_kept":37,"cut":false,"hidden":false,"merged":[[18,1,18,4],[18,6,18,9],[21,0,21,10],[22,0,22,10],[17,0,17,10],[19,1,19,4],[19,6,19,9],[8,0,8,10],[9,0,9,10],[10,0,10,10],[12,0,13,0],[12,1,12,5],[12,6,12,10],[25,0,25,1],[26,0,26,1],[27,0,27,1],[33,0,33,1],[34,0,34,1],[35,0,35,1],[36,0,36,1],[28,0,28,1],[29,0,29,1],[30,0,30,1],[31,0,31,1],[32,0,32,1]]}
[null,null,null,null,null,null,null,null,"File Number:",null,{"$f":"EBNUMBER","v":0}]
[null,null,null,null,null,null,null,null,"Exhibit:"]
[null,null,null,null,null,null,null,null,"Tab:"]
[null,null,null,null,null,null,null,null,"Schedule:"]
[null,null,null,null,null,null,null,null,"Page:"]
[]
[null,null,null,null,null,null,null,null,"Date:"]
[]
["Appendix 2-G"]
["Service Reliability Indicators"]
["2010 - 2014"]
[]
["Index","Including outages caused by loss of supply",null,null,null,null,"Excluding outages caused by loss of supply"]
[null,2010,2011,2012,2013,2014,2010,2011,2012,2013,2014]
["SAIDI "]
["SAIFI"]
[]
["5 Year Historical Average"]
["SAIDI ",null,null,null,null,{"$f":"IF(ISERROR(AVERAGE(B15:F15)), \"\", AVERAGE(B15:F15))","v":""},null,null,null,null,{"$f":"IF(ISERROR(AVERAGE(G15:K15)), \"\", AVERAGE(G15:K15))","v":""}]
["SAIFI",null,null,null,null,{"$f":"IF(ISERROR(AVERAGE(B16:F16)), \"\", AVERAGE(B16:F16))","v":""},null,null,null,null,{"$f":"IF(ISERROR(AVERAGE(G16:K16)), \"\", AVERAGE(G16:K16))","v":""}]
[]
["SAIDI = System Average Interruption Duration Index"]
["SAIFI = System Average Interruption Frequency Index "]
[]
[]
["Indicator",null,"OEB Minimum Standard",2010,2011,2012,2013,2014]
["Low Voltage Connections",null,0.9]
["High Voltage Connections",null,0.9]
["Telephone Accessibility",null,0.65]
["Appointments Met",null,0.9]
["Written Response to Enquires",null,0.8]
["Emergency Urban Response",null,0.8]
["Emergency Rural Response",null,0.8]
["Telephone Call Abandon Rate",null,0.1]
["Appointment Scheduling",null,0.9]
["Rescheduling a Missed Appointment",null,1]
["Reconnection Performance Standard",null,0.85]

{"sheet":"App.2-H_Other_Oper_Rev","index":29,"n_rows":57,"n_cols":8,"rows_kept":57,"cut":false,"hidden":false,"merged":[[62,1,62,7],[60,1,60,7],[61,1,61,7],[46,0,46,1],[39,0,40,7],[45,0,45,1],[51,0,51,1],[47,0,47,1],[48,0,48,1],[49,0,49,1],[50,0,50,1],[56,1,56,7],[36,0,36,7],[23,0,23,1],[24,0,24,1],[8,0,8,7],[9,0,9,7],[21,0,21,7],[22,0,22,1],[31,2,31,7],[32,2,33,7],[25,0,25,1],[26,0,26,1],[29,0,29,1],[30,0,30,1],[31,0,31,1],[32,0,32,1]]}
[null,null,null,null,null,null,"File Number:",{"$f":"EBNUMBER","v":0}]
[null,null,null,null,null,null,"Exhibit:"]
[null,null,null,null,null,null,"Tab:"]
[null,null,null,null,null,null,"Schedule:"]
[null,null,null,null,null,null,"Page:"]
[]
[null,null,null,null,null,null,"Date:"]
[]
["Appendix 2-H"]
["Other Operating Revenue"]
[]
["USoA #","USoA Description",{"$f":"F13-3 & \" Actual\"","v":"2012 Actual"},{"$f":"F13-2 & \" Actual\"","v":"2013 Actual"},{"$f":"F13-1 & \" Actual\" & CHAR(178)","v":"2014 Actual²"},{"$f":"\"Actual Year\" & CHAR(178)","v":"Actual Year²"},{"$f":"\"Bridge Year\" & CHAR(178)","v":"Bridge Year²"},"Test Year"]
[null,null,{"$f":"D13-3","v":2010},{"$f":"E13-2","v":2013},{"$f":"F13","v":2015},{"$f":"G13-1","v":2015},{"$f":"BridgeYear","v":2016},{"$f":"TestYear","v":2017}]
[null,"Reporting Basis"]
[4235,"Specific Service Charges"]
[4225,"Late Payment Charges"]
[4082,"Retail Services Revenues"]
["etc."]
[]
[]
[]
[]
["Specific Service Charges",null,{"$f":"C15","v":0},0,0,0,{"$f":"G15","v":0},{"$f":"H15","v":0}]
["Late Payment Charges",null,0,0,0,0,{"$f":"G16","v":0},{"$f":"H16","v":0}]
["Other Operating Revenues"]
["Other Income or Deductions"]
["Total",null,{"$f":"SUM(C23:C26)","v":0},0,0,0,0,0]
[]
["Description",null,"Account(s)"]
["Specific Service Charges:",null,4235]
["Late Payment Charges:",null,4225]
["Other Distribution Revenues:",null,"4080, 4082, 4084, 4090, 4205, 4210, 4215, 4220, 4240, 4245"]
["Other Income and Expenses:",null,"4305, 4310, 4315, 4320, 4325, 4330, 4335, 4340, 4345, 4350, 4355, 4360, 4365, 4370, 4375, 4380, 4385, 4390, 4395, 4398, 4405, 4415"]
[]
[]
["Note: Add all applicable accounts listed above to the table and include all relevant information."]
[]
["Account Breakdown Details"]
[]
["For each \"Other Operating Revenue\" and \"Other Income or Deductions\" Account, a detailed breakdown of the account components is required.  See the example below for Account 4405, Interest and Dividend Income."]
[]
[]
["Account 4405 - Interest and Dividend Income"]
[null,null,{"$f":"C12","v":"2012 Actual"},{"$f":"D12","v":"2013 Actual"},"2014 Actual²","Actual Year²",{"$f":"G12","v":"Bridge Year²"},"Test Year"]
[null,null,null,null,null,{"$f":"F13","v":2015},{"$f":"G13","v":2016},{"$f":"H13","v":2017}]
["Reporting Basis",null,{"$f":"IF(C14=0, \"\", C14)","v":""},{"$f":"IF(D14=0, \"\", D14)","v":""},"","","",""]
["Short-term Investment Interest"]
["Bank Deposit Interest"]
["Miscellaneous Interest Revenue"]
["etc.1"]
[]
["Total",null,{"$f":"SUM(C47:C51)","v":0},0,0,0,0,0]
[]
[]
["Notes:"]
[1,"List and specify any other interest revenue."]
[2,"In the transition year to IFRS, the applicant is to present information in both MIFRS and CGAAP.  For the typical applicant that adopted IFRS on January 1, 2015, 2014 must be presented in both a CGAAP and MIFRS basis."]

{"sheet":"App_2-I LF_CDM","index":30,"n_rows":127,"n_cols":14,"rows_kept":127,"cut":false,"hidden":false,"merged":[[17,0,17,7],[8,0,8,7],[9,0,9,7],[11,0,11,7],[13,0,13,7],[15,0,15,7],[51,0,51,7],[19,0,19,7],[21,0,21,7],[23,0,23,7],[25,0,25,7],[27,0,27,7],[30,0,30,7],[32,0,32,5],[33,0,33,5],[40,0,40,5],[47,0,47,5],[49,0,49,7],[29,0,29,7],[32,6,33,7],[92,0,92,7],[52,0,52,7],[54,0,54,7],[62,0,62,7],[71,0,71,7],[73,0,73,7],[75,0,75,7],[77,0,77,5],[79,0,79,4],[82,0,82,1],[88,0,88,1],[90,0,90,7],[109,0,109,7],[111,0,111,7],[126,0,126,7],[94,0,94,5],[99,0,99,7],[101,0,101,7],[103,0,103,7],[105,0,105,7],[107,0,107,7]]}
[null,null,null,null,null,null,"File Number:",{"$f":"EBNUMBER","v":0}]
[null,null,null,null,null,null,"Exhibit:"]
[null,null,null,null,null,null,"Tab:"]
[null,null,null,null,null,null,"Schedule:"]
[null,null,null,null,null,null,"Page:"]
[]
[null,null,null,null,null,null,"Date:"]
[]
["Appendix 2-I"]
["Load Forecast CDM Adjustment Work Form (2016)"]
[]
["2014 is the last year of the current four year (2011-2014) CDM program, and 2015 is the first year of a new six year (2015-2020) CDM program, per the Ministerial directives of March 31, 2014.  With 2016, there is a need to recognize the full year impact of the current 2011-2014 CDM program, as well as to estimate reasonable impacts for each year for the new 2015-2020 CDM program.  These are combined to estimate the adjustment for CDM program impacts on the 2016 load forecast.  "]
[]
["Appendix 2-I was developed to help determine what would be the amount of CDM savings needed in each year to cumulatively achieve the four year 2011-2014 CDM target.  This then determined the amount of kWh (and with translation, kW of demand) savings that were converted in dollars balances for the LRAMVA, and also to determine the related adjustment to the load forecast to account for OPA-reported savings.  Beginning for the 2015 year, it has been adjusted because of the persistence of 2011-2014 CDM programs will be an adjustment to the load forecast in addition to the estimated savings for the first year (2015) for the new 2015-2020 CDM plan."]
[]
["It is assumed that the new six year (2015-2020) CDM program will work similar to the existing 2011-2014 CDM program, meaning that distributors will offer programs each year that, cumulatively over the six years (from January 1, 2015 to December 31, 2020) will cumulatively achieve the new six year CDM target.  This is the approach contemplated in the Ministerial directive letters of March 31, 2014 to the Board and to the OPA.  Thus, distributors will be able to offer programs on a basis so that cumulatively over the period, the impacts, including persistence, of the CDM programs will accumulate towards achieving each distributor's 2015-2020 CDM target."]
[]
["With this approach, it is necessary to account for estimated savings for the last year of the current program, particularly the estimated savings for new CDM programs offered in 2014, as well as the estimated savings for new CDM programs that the distributor will offer in 2015 towards achievement of the new six year (2015-2020) CDM program.   This necessitates expansion of this Appendix 2-I to deal with both the 2011-2014 and 2015-2020 CDM plans.  It is expected that this approach will be updated each year. "]
[]
["2011-2014 CDM Program - 2014, last year of the current CDM plan"]
[]
["Input the 2011-2014 CDM target in Cell B21."]
[]
["Input the measured results for 2011 CDM programs for each of the years 2011 and persistence into 2012, 2013 and 2014 into cells B31 to E31.  These results are taken from the final 2011 CDM Report issued by the OPA for that distributor in the fall of 2012."]
[]
["Measured results for 2012 CDM programs for each of the years 2012 and persistence into 2013 and 2014 are input into cells C32 to E32.  These results are taken from the final 2012 CDM Report issued by the OPA for that distributor in the fall of 2013."]
[]
["Measured results for 2013 CDM programs for each of the years 2013 and persistence into 2014 are input into cells C33 to E33.  These results are taken from the final 2013 CDM Report issued by the OPA for that distributor in the fall of 2014.  Until that report is issued, the distributor should use the results from the preliminary 2013 CDM Report issued in the spring of 2014."]
[]
["Measured results for 2014 CDM programs for each of the years 2013 and persistence into 2014 are input into cells C33 to E33.  These results are taken from the final 2013 CDM Report issued by the OPA for that distributor in the fall of 2014.  Until that report is issued, the distributor should use the results from the preliminary 2013 CDM Report issued in the spring of 2014. The distributor also needs to input the persistence of 2014 CDM programs into 2015 and 2016 in cells G45 and G46."]
[]
[]
["4 Year (2011-2014) kWh Target:",null,null,null,null,null,"Persistence of 2014 CDM Program into 2015 and 2016"]
[100000]
[null,2011,2012,2013,2014,"Total",2015,2016,null,null,{"$f":"B35","v":2011},{"$f":"C35","v":2012},{"$f":"D35","v":2013},{"$f":"E35","v":2014}]
["2011 CDM Programs",{"$f":"B42/$F$46","v":0.1000010000100001},{"$f":"C42/$F$46","v":0.1000010000100001},0.1000010000100001,9.5000950009500096E-2,{"$f":"SUM(B36:E36)","v":0.3950039500395004},null,null,null,{"$f":"A36","v":"2011 CDM Programs"},{"$f":"50%","v":0.5},1,1,1]
["2012 CDM Programs",null,0.12000120001200013,0.11950119501195013,0.11000110001100011,{"$f":"SUM(B37:E37)","v":0.34950349503495037},null,null,null,{"$f":"A37","v":"2012 CDM Programs"},null,0.5,1,1]
["2013 CDM Programs",null,null,8.0000800008000084E-2,7.8000780007800072E-2,0.15800158001580017,null,null,null,{"$f":"A38","v":"2013 CDM Programs"},null,null,0.5,1]
["2014 CDM Programs",null,null,null,9.7490974909749104E-2,9.7490974909749104E-2,null,null,null,{"$f":"A39","v":"2014 CDM Programs"},null,null,null,0.5]
["Total in Year",{"$f":"SUM(B36:B39)","v":0.1000010000100001},{"$f":"SUM(C36:C39)","v":0.22000220002200022},0.29950299502995031,0.38049380493804941,{"$f":"SUM(B40:E40)","v":1}]
["kWh"]
["2011 CDM Programs",10000,10000,10000,9500,{"$f":"SUM(B42:E42)","v":39500}]
["2012 CDM Programs",null,12000,11950,11000,{"$f":"SUM(B43:E43)","v":34950}]
["2013 CDM Programs",null,null,8000,7800,15800]
["2014 CDM Programs",null,null,null,9749,9749]
["Total in Year",{"$f":"SUM(B42:B45)","v":10000},{"$f":"SUM(C42:C45)","v":22000},29950,38049,{"$f":"SUM(F42:F45)","v":99999}]
[]
["2015-2020 CDM Program - 2016, second year of the current CDM plan"]
[]
["For the first year of the new 2015-2020 CDM plan, it is assumed that each year's program will achieve an equal amount of new CDM savings.  The new targets for 2015-2020 do not take into account persistence beyond the first year, but the IESO will encourage distributors to promote and implement  CDM plans that will have longer term persistence of savings.  This results in each year's program being about 1/6 (18.67%) of the cumulative 2015-2020 CDM target for kWh savings.  A distributor may propose an alternative approach but would be expected to document in its application why it believes that its proposal is more reasonable.  In its proposal, the distributor should ensure that the sum of the results for each year's CDM program from 2015 to 2020 add up to its 2015-2020 CDM target as established by the IESO."]
[]
["6 Year (2015-2020) kWh Target:"]
[125000]
[null,2015,2016,2017,2018,2019,2020,"Total"]
["%"]
["2015 CDM Programs",{"$f":"B64/$H$70","v":0.16666666666666666},null,null,null,null,null,{"$f":"SUM(B56:G56)","v":0.16666666666666666}]
["2016 CDM Programs",null,{"$f":"C65/$H$70","v":0.16666666666666666},null,null,null,null,{"$f":"SUM(B57:G57)","v":0.16666666666666666}]
["2017 CDM Programs",null,null,0.16666666666666666,null,null,null,{"$f":"SUM(B58:G58)","v":0.16666666666666666}]
["2018 CDM Programs",null,null,null,0.16666666666666666,null,null,{"$f":"SUM(E59:G59)","v":0.16666666666666666}]
["2019 CDM Programs",null,null,null,null,0.16666666666666666,null,{"$f":"SUM(F60:G60)","v":0.16666666666666666}]
["2020 CDM Programs",null,null,null,null,null,{"$f":"G69/$H$70","v":0.16666666666666666},{"$f":"SUM(B61:G61)","v":0.16666666666666666}]
["Total in Year",{"$f":"SUM(B56:B61)","v":0.16666666666666666},{"$f":"SUM(C56:C61)","v":0.16666666666666666},{"$f":"SUM(D56:D61)","v":0.16666666666666666},{"$f":"SUM(E56:E59)","v":0.16666666666666666},{"$f":"SUM(F56:F60)","v":0.16666666666666666},{"$f":"SUM(G56:G61)","v":0.16666666666666666},{"$f":"SUM(B62:G62)","v":0.99999999999999989}]
["kWh"]
[{"$f":"A56","v":"2015 CDM Programs"},{"$f":"1/6*A53","v":20833.333333333332},{"$f":"B64","v":20833.333333333332},null,null,null,null,{"$f":"SUM(B64:G64)","v":41666.666666666664}]
["2016 CDM Programs",null,{"$f":"B64","v":20833.333333333332},null,null,null,null,{"$f":"SUM(B65:G65)","v":20833.333333333332}]
["2017 CDM Programs",null,null,{"$f":"C65","v":20833.333333333332},null,null,null,{"$f":"SUM(B66:G66)","v":20833.333333333332}]
["2018 CDM Programs",null,null,null,{"$f":"D66","v":20833.333333333332},null,null,{"$f":"SUM(E67:G67)","v":20833.333333333332}]
["2019 CDM Programs",null,null,null,null,{"$f":"E67","v":20833.333333333332},null,{"$f":"SUM(F68:G68)","v":20833.333333333332}]
["2020 CDM Programs",null,null,null,null,null,{"$f":"F68","v":20833.333333333332},{"$f":"SUM(B69:G69)","v":20833.333333333332}]
["Total in Year",{"$f":"SUM(B64:B69)","v":20833.333333333332},{"$f":"SUM(C64:C69)","v":41666.666666666664},20833.333333333332,{"$f":"SUM(E64:E67)","v":20833.333333333332},{"$f":"SUM(F64:F68)","v":20833.333333333332},{"$f":"SUM(G64:G69)","v":20833.333333333332},{"$f":"A53","v":125000}]
[]
["Determination of 2016 Load Forecast Adjustment"]
[]
["The Board has determined that the \"net\" number should be used in its Decision and Order with respect to Centre Wellington Hydro Ltd.'s 2013 Cost of Service rates (EB-2012-0113).  This approach has also been used in Settlement Agreements accepted by the Board in other 2013 and 2-14 applications.  The distributor should select whether the adjustment is done on a \"net\" or \"gross\" basis, but must support a proposal for the adjustment being done on a \"gross\" basis.  Sheet 2-I defaults to the adjustment being done on a \"net\" basis consistent with Board policy and practice."]
[]
["From each of the 2006-2010 CDM Final Report,  and the 2011, 2012, 2013 and 2014 CDM Final Reports, issued by the OPA (now IESO) for the distributor, the distributor should input the \"gross\" and \"net\" results of the cumulative CDM savings for 2014 into cells D84 to E88.  The model will calculate the cumulative savings for all programs from 2006 to 2012 and determine the \"net\" to \"gross\" factor \"g\"."]
[]
["Net-to-Gross Conversion"]
[]
["Is CDM adjustment being done on a \"net\" or \"gross\" basis?",null,null,null,null,"net"]
[]
[null,null,"\"Gross\"","\"Net\"","Difference","\"Net-to-Gross\" Conversion Factor"]
["Persistence of Historical CDM programs to 2014",null,"kWh","kWh","kWh","('g')"]
["2006-2010 CDM programs"]
["2011 CDM program"]
["2012 CDM program"]
["2013 CDM program"]
["2014 CDM program"]
["2006 to 2014 OPA CDM programs:  Persistence to 2016",null,{"$f":"SUM(C84:C88)","v":0},{"$f":"SUM(D84:D88)","v":0},{"$f":"C89-D89","v":0},{"$f":"IF(D89=0,0,IF(F80=\"net\",0,E89/D89))","v":0}]
[]
["The default values represent the factor that each year's CDM program is factored into the manual CDM adjustment.  Distributors can choose alternative weights of \"0\", \"0.5\" or \"1\" from the drop-down menu for each cell, but must support its alternatives."]
[]
["These factors do not mean that CDM programs are excluded, but the assumption that impacts of previous year CDM programs are already implicitly reflected in the actual data for the historical years that are the basis for the load forecast prior to any manual CDM adjustment for the 2016 test year."]
[]
["Weight Factor for Inclusion in CDM Adjustment to 2014 Load Forecast"]
[null,2011,2012,2013,2014,2015,2015]
["Weight Factor for each year's CDM program impact on 2014 load forecast",0,0,0,0.5,1,0.5,"Distributor can select \"0\", \"0.5\", or \"1\" from drop-down list"]
["Default Value selection rationale.  ","Full year persistence of 2011 CDM programs on 2015 load forecast.  Full impact assumed because of 50% impact in 2011 (first year) but full year persistence impact on 2012 and 2013, and thus reflected in base forecast before the CDM adjustment.","Full year persistence of 2012 CDM programs on 2015 load forecast.  Full impact assumed because of 50% impact in 2012 (first year) but full year persistence impact on 2013, and thus reflected in base forecast before the CDM adjustment.","Default is 0, but one option is for full year impact of persistence of 2013 CDM programs on 2015 load forecast, but 50% impact in base forecast (first year impact of 2013 CDM programs on 2013 load forecast, which is part of the data for the load forecast.","Default is 0, but one option is for full year impact of persistence of 2014 CDM programs on 2014 load forecast, but 50% impact in base forecast (first year impact of 2014 CDM programs on 2014 actuals, which is part of the data for the load forecast.","Full year impact of persistence of 2015 programs on 2015 load forecast.  2015 CDM program impacts are not in the base forecast.","Only 50% of 2016 CDM programs are assumed to impact the 2016 load forecast based on the \"half-year\" rule."]
[]
["2011-2014 and 2015-2020 LRAMVA and 2015 CDM adjustment to Load Forecast"]
[]
["One manual adjustment for CDM impacts to the 2015 load forecast is made.  However, the distributor will have two associated annualized CDM impacts, one for the 2011-2014 CDM program and the second for the 2015-2020 CDM plan.  In addition, the distributor needs to reflect the CDM adjustment that was explicitly factored into its 2011 load forecast in its 2011 cost of service application (assuming that it rebased in that year).  this amount, and equal persistence for 2012, 2013 and 2014 is used as an offset to determine what the net balance of the 2011-2014 LRAMVA balance should be for disposition."]
[]
["The Amount used for the CDM threshold of the LRAMVA is the kWh that will be used to determine the base amount for the LRAMVA balance for 2014, for assessing performance against the four-year target.  The base amount for 2011-2013 is 0 (zero) for 2014 Cost of Service applications, as the utility rebased prior to the 2011-2014 CDM programs, and there was no adjustment to reflect the impacts of the 2011-2014 programs on the load forecast used to determine their last cost of service-based rates."]
[]
["The proposed loss factor should correspond with the loss factor calculated in Appendix 2-R "]
[]
["The Manual Adjustment for the 2016 Load Forecast is the amount manually subtracted from the load forecast derived from the base forecast from historical data. "]
[]
["If the distributor has developed their load forecast on a system purchased basis, then the manual adjustment should be on system purchased basis, including the adjustment for losses.  If the load forecast has been developed on a billed basis, either on a system basis or on a class-specific basis, the manual adjustment should be on a billed basis, excluding losses."]
[]
["The distributor should determine the allocation of the savings to all customer classes in a reasonable manner (e.g. taking into account what programs and what OPA-measured impacts were directed at specific customer classes), for both the LRAMVA and for the load forecast adjustment."]
[]
[null,2011,2012,2013,2014,2015,2016,"Total for 2016"]
[null,"kWh"]
["Amount used for CDM threshold for LRAMVA (2014)",{"$f":"E42","v":9500},{"$f":"E43","v":11000},{"$f":"E44","v":7800},{"$f":"E45","v":9749}]
[]
["CDM adjustment for test year forecast (per Board Decision in distributor's most recent Cost of Service Application) (enter as negative)",-8000,{"$f":"B118","v":-8000},{"$f":"B118","v":-8000},{"$f":"B118","v":-8000}]
[]
["Amount used for CDM threshold for LRAMVA (2016)",null,null,null,{"$f":"H45","v":0},{"$f":"C64","v":20833.333333333332},{"$f":"C65","v":20833.333333333332},{"$f":"SUM(B120:G120)","v":41666.666666666664}]
[]
["Manual Adjustment for 2016 Load Forecast (billed basis)",{"$f":"B116*(1+F89)*B97","v":0},{"$f":"C116*(1+F89)*C97","v":0},{"$f":"D116*(1+F89)*D97","v":0},{"$f":"E116*(1+F89)*E97","v":4874.5},{"$f":"F120*(1+F89)*F97","v":20833.333333333332},{"$f":"G120*(1+F89)*G97","v":10416.666666666666},{"$f":"SUM(B122:G122)","v":36124.5}]
[]
["Proposed Loss Factor (TLF)",3.2500000000000001E-2," Format: X.XX%"]
["Manual Adjustment for 2016 Load Forecast (system purchased basis)",{"$f":"B122*(1+$B124)","v":0},{"$f":"C122*(1+$B124)","v":0},0,5032.9212499999994,21510.416666666664,10755.208333333332,{"$f":"SUM(B125:G125)","v":37298.546249999999}]
[]
["Manual adjustment uses \"gross\" versus \"net\" (i.e. numbers multiplied by (1 + g).  The Weight factor is also used calculate the impact of each year's program on the CDM adjustment to the 2016 load forecast."]

{"sheet":"App.2-IA_Act_Frcst_Data","index":31,"n_rows":114,"n_cols":7,"rows_kept":114,"cut":false,"hidden":false,"merged":[[8,0,8,6],[9,0,9,6]]}
[null,null,null,null,null,"File Number:",{"$f":"EBNUMBER","v":0}]
[null,null,null,null,null,"Exhibit:"]
[null,null,null,null,null,"Tab:"]
[null,null,null,null,null,"Schedule:"]
[null,null,null,null,null,"Page:"]
[]
[null,null,null,null,null,"Date:"]
[]
["Appendix 2-IA"]
["Summary and Variances of Actual and Forecast Data"]
[]
["Replace \"Rate Class #\" with the appropriate rate classification."]
[]
[null,{"$f":"RebaseYear & \" Board Approved\"","v":"2011 Board Approved"},{"$f":"TestYear - 4","v":2013},{"$f":"TestYear - 3","v":2014},{"$f":"TestYear - 2","v":2015},{"$f":"TestYear -1  &\" Bridge\"","v":"2016 Bridge"},{"$f":"TestYear&\" Test\"","v":"2017 Test"}]
["Rate Class 1"]
["# of Customers"]
["kWh"]
["kW"]
["Variance Analysis"]
[{"$f":"A16","v":"# of Customers"},null,{"$f":"IF(ISERROR((C16-$B16)/$B16), 0, (C16-$B16)/$B16)","v":0},{"$f":"IF(ISERROR((D16-$B16)/$B16), 0, (D16-$B16)/$B16)","v":0},0,0,0]
["kWh",null,{"$f":"IF(ISERROR((C17-$B17)/$B17), 0, (C17-$B17)/$B17)","v":0},0,0,0,0]
["kW",null,{"$f":"IF(ISERROR((C18-$B18)/$B18), 0, (C18-$B18)/$B18)","v":0},0,0,0,0]
[]
["Rate Class 2"]
["# of Customers"]
["kWh"]
["kW"]
["Variance Analysis"]
[{"$f":"A25","v":"# of Customers"},null,{"$f":"IF(ISERROR((C25-$B25)/$B25), 0, (C25-$B25)/$B25)","v":0},{"$f":"IF(ISERROR((D25-$B25)/$B25), 0, (D25-$B25)/$B25)","v":0},0,0,0]
["kWh",null,{"$f":"IF(ISERROR((C26-$B26)/$B26), 0, (C26-$B26)/$B26)","v":0},0,0,0,0]
["kW",null,{"$f":"IF(ISERROR((C27-$B27)/$B27), 0, (C27-$B27)/$B27)","v":0},0,0,0,0]
[]
["Rate Class 3"]
["# of Customers"]
["kWh"]
["kW"]
["Variance Analysis"]
[{"$f":"A34","v":"# of Customers"},null,{"$f":"IF(ISERROR((C34-$B34)/$B34), 0, (C34-$B34)/$B34)","v":0},{"$f":"IF(ISERROR((D34-$B34)/$B34), 0, (D34-$B34)/$B34)","v":0},0,0,0]
["kWh",null,{"$f":"IF(ISERROR((C35-$B35)/$B35), 0, (C35-$B35)/$B35)","v":0},0,0,0,0]
["kW",null,{"$f":"IF(ISERROR((C36-$B36)/$B36), 0, (C36-$B36)/$B36)","v":0},0,0,0,0]
[]
["Rate Class 4"]
["# of Customers"]
["kWh"]
["kW"]
["Variance Analysis"]
[{"$f":"A43","v":"# of Customers"},null,{"$f":"IF(ISERROR((C43-$B43)/$B43), 0, (C43-$B43)/$B43)","v":0},{"$f":"IF(ISERROR((D43-$B43)/$B43), 0, (D43-$B43)/$B43)","v":0},0,0,0]
["kWh",null,{"$f":"IF(ISERROR((C44-$B44)/$B44), 0, (C44-$B44)/$B44)","v":0},0,0,0,0]
["kW",null,{"$f":"IF(ISERROR((C45-$B45)/$B45), 0, (C45-$B45)/$B45)","v":0},0,0,0,0]
[]
["Rate Class 5"]
["# of Customers"]
["kWh"]
["kW"]
["Variance Analysis"]
[{"$f":"A52","v":"# of Customers"},null,{"$f":"IF(ISERROR((C52-$B52)/$B52), 0, (C52-$B52)/$B52)","v":0},{"$f":"IF(ISERROR((D52-$B52)/$B52), 0, (D52-$B52)/$B52)","v":0},0,0,0]
["kWh",null,{"$f":"IF(ISERROR((C53-$B53)/$B53), 0, (C53-$B53)/$B53)","v":0},0,0,0,0]
["kW",null,{"$f":"IF(ISERROR((C54-$B54)/$B54), 0, (C54-$B54)/$B54)","v":0},0,0,0,0]
[]
["Rate Class 6"]
["# of Customers"]
["kWh"]
["kW"]
["Variance Analysis"]
[{"$f":"A61","v":"# of Customers"},null,{"$f":"IF(ISERROR((C61-$B61)/$B61), 0, (C61-$B61)/$B61)","v":0},{"$f":"IF(ISERROR((D61-$B61)/$B61), 0, (D61-$B61)/$B61)","v":0},0,0,0]
["kWh",null,{"$f":"IF(ISERROR((C62-$B62)/$B62), 0, (C62-$B62)/$B62)","v":0},0,0,0,0]
["kW",null,{"$f":"IF(ISERROR((C63-$B63)/$B63), 0, (C63-$B63)/$B63)","v":0},0,0,0,0]
[]
["Rate Class 7"]
["# of Customers"]
["kWh"]
["kW"]
["Variance Analysis"]
[{"$f":"A70","v":"# of Customers"},null,{"$f":"IF(ISERROR((C70-$B70)/$B70), 0, (C70-$B70)/$B70)","v":0},{"$f":"IF(ISERROR((D70-$B70)/$B70), 0, (D70-$B70)/$B70)","v":0},0,0,0]
["kWh",null,{"$f":"IF(ISERROR((C71-$B71)/$B71), 0, (C71-$B71)/$B71)","v":0},0,0,0,0]
["kW",null,{"$f":"IF(ISERROR((C72-$B72)/$B72), 0, (C72-$B72)/$B72)","v":0},0,0,0,0]
[]
["Rate Class 8"]
["# of Customers"]
["kWh"]
["kW"]
["Variance Analysis"]
[{"$f":"A79","v":"# of Customers"},null,{"$f":"IF(ISERROR((C79-$B79)/$B79), 0, (C79-$B79)/$B79)","v":0},{"$f":"IF(ISERROR((D79-$B79)/$B79), 0, (D79-$B79)/$B79)","v":0},0,0,0]
["kWh",null,{"$f":"IF(ISERROR((C80-$B80)/$B80), 0, (C80-$B80)/$B80)","v":0},0,0,0,0]
["kW",null,{"$f":"IF(ISERROR((C81-$B81)/$B81), 0, (C81-$B81)/$B81)","v":0},0,0,0,0]
[]
["Rate Class 9"]
["# of Customers"]
["kWh"]
["kW"]
["Variance Analysis"]
[{"$f":"A88","v":"# of Customers"},null,{"$f":"IF(ISERROR((C88-$B88)/$B88), 0, (C88-$B88)/$B88)","v":0},{"$f":"IF(ISERROR((D88-$B88)/$B88), 0, (D88-$B88)/$B88)","v":0},0,0,0]
["kWh",null,{"$f":"IF(ISERROR((C89-$B89)/$B89), 0, (C89-$B89)/$B89)","v":0},0,0,0,0]
["kW",null,{"$f":"IF(ISERROR((C90-$B90)/$B90), 0, (C90-$B90)/$B90)","v":0},0,0,0,0]
[]
["Rate Class 10"]
["# of Customers"]
["kWh"]
["kW"]
["Variance Analysis"]
[{"$f":"A97","v":"# of Customers"},null,{"$f":"IF(ISERROR((C97-$B97)/$B97), 0, (C97-$B97)/$B97)","v":0},{"$f":"IF(ISERROR((D97-$B97)/$B97), 0, (D97-$B97)/$B97)","v":0},0,0,0]
["kWh",null,{"$f":"IF(ISERROR((C98-$B98)/$B98), 0, (C98-$B98)/$B98)","v":0},0,0,0,0]
["kW",null,{"$f":"IF(ISERROR((C99-$B99)/$B99), 0, (C99-$B99)/$B99)","v":0},0,0,0,0]
[]
[]
["Totals"]
["Customers / Connections",{"$f":"SUM(B16,B25,B34,B43,B52,B61,B70,B79,B88,B97)","v":0},{"$f":"SUM(C16,C25,C34,C43,C52,C61,C70,C79,C88,C97)","v":0},0,0,0,0]
["kWh",{"$f":"SUM(B17,B26,B35,B44,B53,B62,B71,B80,B89,B98)","v":0},0,0,0,0,0]
["kW from applicable classes",0,0,0,0,0,0]
[]
["Totals - Variance"]
["Customers / Connections",null,{"$f":"IF(ISERROR((C107-$B107)/$B107), 0, (C107-$B107)/$B107)","v":0},0,0,0,0]
["kWh",null,0,0,0,0,0]
["kW from applicable classes",null,0,0,0,0,0]

{"sheet":"App.2-JA_OM&A_Summary_Analys","index":32,"n_rows":61,"n_cols":12,"rows_kept":61,"cut":false,"hidden":false,"merged":[[63,1,64,5],[58,0,59,11],[8,0,8,6],[9,0,9,6],[12,7,12,8]]}
[null,null,null,null,null,null,null,null,null,null,"File Number:",{"$f":"EBNUMBER","v":0}]
[null,null,null,null,null,null,null,null,null,null,"Exhibit:"]
[null,null,null,null,null,null,null,null,null,null,"Tab:"]
[null,null,null,null,null,null,null,null,null,null,"Schedule:"]
[null,null,null,null,null,null,null,null,null,null,"Page:"]
[]
[null,null,null,null,null,null,null,null,null,null,"Date:"]
[]
["Appendix 2-JA"]
["Summary of Recoverable OM&A Expenses"]
[]
[]
[null,{"$f":"\"Last Rebasing Year (\" & RebaseYear & \" Board-Approved)\"","v":"Last Rebasing Year (2011 Board-Approved)"},{"$f":"\"Last Rebasing Year (\" & RebaseYear & \" Actuals)\"","v":"Last Rebasing Year (2011 Actuals)"},{"$f":"BridgeYear -2 & \" Actuals\"","v":"2014 Actuals"},{"$f":"BridgeYear -1 & \" Actuals\"","v":"2015 Actuals"},{"$f":"BridgeYear & \" Bridge Year\"","v":"2016 Bridge Year"},{"$f":"TestYear & \" Test Year\"","v":"2017 Test Year"}]
["Reporting Basis"]
["Operations"]
["Maintenance"]
["SubTotal",{"$f":"SUM(B15:B16)","v":0},{"$f":"SUM(C15:C16)","v":0},0,0,0,0]
["%Change (year over year)",null,null,{"$f":"IF(ISERROR((D17-C17)/C17), \"\", (D17-C17)/C17)","v":""},{"$f":"IF(ISERROR((E17-D17)/D17), \"\", (E17-D17)/D17)","v":""},"",""]
["%Change (Test Year vs \nLast Rebasing Year - Actual)",null,null,null,null,null,{"$f":"IF(ISERROR((G17-C17)/C17), \"\", (G17-C17)/C17)","v":""}]
["Billing and Collecting"]
["Community Relations"]
["Administrative and General"]
["SubTotal",{"$f":"SUM(B20:B22)","v":0},{"$f":"SUM(C20:C22)","v":0},0,0,0,0]
["%Change (year over year)",null,null,{"$f":"IF(ISERROR((D23-C23)/C23), \"\", (D23-C23)/C23)","v":""},{"$f":"IF(ISERROR((E23-D23)/D23), \"\", (E23-D23)/D23)","v":""},{"$f":"IF(ISERROR((F23-E23)/E23), \"\", (F23-E23)/E23)","v":""},{"$f":"IF(ISERROR((G23-F23)/F23), \"\", (G23-F23)/F23)","v":""}]
["%Change (Test Year vs \nLast Rebasing Year - Actual)",null,null,null,null,null,{"$f":"IF(ISERROR((G23-C23)/C23), \"\", (G23-C23)/C23)","v":""}]
["Total",{"$f":"SUM(B23,B17)","v":0},{"$f":"SUM(C23,C17)","v":0},0,0,0,0]
["%Change (year over year)",null,null,{"$f":"IF(ISERROR((D26-C26)/C26), \"\", (D26-C26)/C26)","v":""},{"$f":"IF(ISERROR((E26-D26)/D26), \"\", (E26-D26)/D26)","v":""},{"$f":"IF(ISERROR((F26-E26)/E26), \"\", (F26-E26)/E26)","v":""},{"$f":"IF(ISERROR((G26-F26)/F26), \"\", (G26-F26)/F26)","v":""}]
[]
[]
[null,{"$f":"B13","v":"Last Rebasing Year (2011 Board-Approved)"},{"$f":"C13","v":"Last Rebasing Year (2011 Actuals)"},"2014 Actuals","2015 Actuals","2016 Bridge Year","2017 Test Year"]
["Operations",{"$f":"B15","v":0},{"$f":"C15","v":0},0,0,0,0]
["Maintenance",{"$f":"B16","v":0},{"$f":"C16","v":0},0,0,0,0]
["Billing and Collecting",{"$f":"B20","v":0},{"$f":"C20","v":0},0,0,0,0]
["Community Relations",{"$f":"B21","v":0},{"$f":"C21","v":0},0,0,0,0]
["Administrative and General",{"$f":"B22","v":0},{"$f":"C22","v":0},0,0,0,0]
["Total",{"$f":"SUM(B31:B35)","v":0},{"$f":"SUM(C31:C35)","v":0},0,0,0,0]
["%Change (year over year)",null,null,{"$f":"IF(ISERROR((D36-C36)/C36), \"\", (D36-C36)/C36)","v":""},{"$f":"IF(ISERROR((E36-D36)/D36), \"\", (E36-D36)/D36)","v":""},{"$f":"IF(ISERROR((F36-E36)/E36), \"\", (F36-E36)/E36)","v":""},{"$f":"IF(ISERROR((G36-F36)/F36), \"\", (G36-F36)/F36)","v":""}]
[]
[]
[null,{"$f":"B13","v":"Last Rebasing Year (2011 Board-Approved)"},{"$f":"C13","v":"Last Rebasing Year (2011 Actuals)"},{"$f":"\"Variance \" & 'LDC Info'!E28 & \"  BA – \" & 'LDC Info'!E28 & \" Actuals\"","v":"Variance 2011  BA – 2011 Actuals"},{"$f":"D13","v":"2014 Actuals"},{"$f":"\"Variance \" & 'LDC Info'!E26 -2 & \" Actuals vs. \" &  'LDC Info'!E28 & \" Actuals\"","v":"Variance 2014 Actuals vs. 2011 Actuals"},{"$f":"E13","v":"2015 Actuals"},{"$f":"\"Variance \" & 'LDC Info'!E26 -1 & \" Actuals vs. \" &  'LDC Info'!E26-2 & \" Actuals\"","v":"Variance 2015 Actuals vs. 2014 Actuals"},{"$f":"F13","v":"2016 Bridge Year"},{"$f":"\"Variance \" & 'LDC Info'!E26 & \" Bridge vs. \" & 'LDC Info'!E26 -1 & \" Actuals\"","v":"Variance 2016 Bridge vs. 2015 Actuals"},{"$f":"G13","v":"2017 Test Year"},{"$f":"\"Variance \" & TestYear & \" Test vs. \" & BridgeYear & \" Bridge\"","v":"Variance 2017 Test vs. 2016 Bridge"}]
["Operations",{"$f":"B15","v":0},0,{"$f":"B41-C41","v":0},{"$f":"D15","v":0},{"$f":"E41-C41","v":0},{"$f":"E15","v":0},{"$f":"G41-E41","v":0},{"$f":"F15","v":0},{"$f":"I41-G41","v":0},{"$f":"G15","v":0},{"$f":"K41-I41","v":0}]
["Maintenance ",0,0,{"$f":"B42-C42","v":0},{"$f":"D16","v":0},{"$f":"E42-C42","v":0},{"$f":"E16","v":0},{"$f":"G42-E42","v":0},{"$f":"F16","v":0},0,{"$f":"G16","v":0},0]
["Billing and Collecting ",{"$f":"B20","v":0},0,0,{"$f":"D20","v":0},0,{"$f":"E20","v":0},0,{"$f":"F20","v":0},0,{"$f":"G20","v":0},0]
["Community Relations ",0,0,0,{"$f":"D21","v":0},0,{"$f":"E21","v":0},0,{"$f":"F21","v":0},0,{"$f":"G21","v":0},0]
["Administrative and General ",0,0,0,0,0,0,0,0,0,0,0]
["Total OM&A Expenses ",{"$f":"SUM(B41:B45)","v":0},{"$f":"SUM(C41:C45)","v":0},0,0,0,0,0,0,0,0,0]
["Adjustments for Total non-recoverable items (from Appendices 2-JA and 2-JB)"]
["Total Recoverable OM&A Expenses ",{"$f":"B46-B47","v":0},{"$f":"C46-C47","v":0},0,0,0,0,0,0,0,0,0]
["Variance from previous year ",null,null,null,{"$f":"E48-C48","v":0},null,{"$f":"G48-E48","v":0},null,{"$f":"I48-G48","v":0},null,{"$f":"K48-I48","v":0}]
["Percent change (year over year) ",null,null,null,{"$f":"IF(ISERROR(E49/C48), \"\", E49/C48)","v":""},null,{"$f":"IF(ISERROR(G49/E48), \"\", G49/E48)","v":""},null,{"$f":"IF(ISERROR(I49/G48), \"\", I49/G48)","v":""},null,{"$f":"IF(ISERROR(K49/I48), \"\", K49/I48)","v":""}]
["Percent Change:                                                    Test year vs. Most Current Actual ",null,null,null,null,null,{"$f":"IF(ISERROR((K48-G48)/G48), \"\", (K48-G48)/G48)","v":""}]
["Simple average of % variance for all years",null,null,null,null,null,{"$f":"IF(ISERROR((K46-C46)/C46), \"\", (K46-C46)/C46)","v":""},null,null,null,null,{"$f":"IF(ISERROR(AVERAGE(E50,G50,I50,K50)), \"\", AVERAGE(E50,G50,I50,K50))","v":""}]
["Compound Annual Growth Rate for all years",null,null,null,null,null,{"$f":"IF(ISERROR((K49-C49)/C49), \"\", (K49-C49)/C49)","v":""},null,null,null,null,{"$f":"IF((K48-C48)=0, \"\", (K48/C48)^(1/5)-1)","v":""}]
[{"$f":"\"Compound Growth Rate                                                            (\" & E13 & \" vs. \" & 'LDC Info'!E28 & \" Actuals)\"","v":"Compound Growth Rate                                                            (2015 Actuals vs. 2011 Actuals)"},null,null,null,null,null,{"$f":"IF(ISERROR((G48/C48)^(1/(3)) - 1), \"\", (G48/C48)^(1/(3)) - 1)","v":""}]
[]
["Note:"]
[]
["1     \"BA\" = Board-Approved"]
["2     If it has been more than three years since the applicant last filed a cost of service application, additional years of historical actuals should be incorporated into the table, as necessary, to go back to the last cost of service application.  If the applicant last filed a cost of service application less than three years ago, a minimum of three years of actual information is required."]
[]
["3     Recoverable OM&A that is included on these tables should be identical to the recoverable OM&A that is shown for the corresponding periods on Appendix 2-JB."]

{"sheet":"App.2-JB_OM&A_Cost _Drivers","index":33,"n_rows":31,"n_cols":7,"rows_kept":31,"cut":false,"hidden":false,"merged":[[9,0,9,6],[10,0,10,6],[27,1,29,6],[30,1,31,6],[26,1,26,6]]}
[null,null,null,null,null,"File Number:",{"$f":"EBNUMBER","v":0}]
[null,null,null,null,null,"Exhibit:"]
[null,null,null,null,null,"Tab:"]
[null,null,null,null,null,"Schedule:"]
[null,null,null,null,null,"Page:"]
[]
[null,null,null,null,null,"Date:"]
[]
[]
["Appendix 2-JB"]
["Recoverable OM&A Cost Driver Table"]
[]
["OM&A",{"$f":"\"Last Rebasing Year (\" & RebaseYear & \" Actuals)\"","v":"Last Rebasing Year (2011 Actuals)"},"2009 Actuals",{"$f":"BridgeYear -2 & \" Actuals\"","v":"2014 Actuals"},{"$f":"BridgeYear -1 & \" Actuals\"","v":"2015 Actuals"},{"$f":"BridgeYear & \" Bridge Year\"","v":"2016 Bridge Year"},{"$f":"TestYear & \" Test Year\"","v":"2017 Test Year"}]
["Reporting Basis"]
["Opening Balance",null,{"$f":"B22","v":0},{"$f":"B22","v":0},{"$f":"D22","v":0},0,0]
["Cost Driver # 1"]
["Cost Driver # 2"]
["Cost Driver # 3"]
["Cost Driver # 4"]
["etc. (Insert additional rows as needed)"]
[]
["Closing Balance",{"$f":"SUM(B15:B21)","v":0},{"$f":"SUM(C15:C21)","v":0},0,0,0,0]
[]
["Notes:"]
[]
[1,"For each year, a detailed explanation for each cost driver and associated amount is requied in Exhibit 4."]
[2,"For purposes of assessing incremental cost drivers, the closing balance for each year becomes the opening balance for the next year."]
[3,"If it has been more than three years since the applicant last filed a cost of service application, additional years of historical actuals should be incorporated into the table, as necessary, to go back to the last cost of service application.  If the applicant last filed a cost of service application less than three years ago, a minimum of three years of actual information is required."]
[]
[]
[4,"Opening Balance for \"Last Rebasing Year\" (cell B15) should be equal to the Board-Approved amount."]

{"sheet":"App.2-JC_OMA Programs","index":34,"n_rows":56,"n_cols":9,"rows_kept":56,"cut":false,"hidden":false,"merged":[[58,0,59,8],[8,0,8,7],[9,0,9,7],[11,0,11,7],[56,0,56,7],[54,0,54,8],[55,0,55,8]]}
[null,null,null,null,null,null,null,"File Number:",{"$f":"EBNUMBER","v":0}]
[null,null,null,null,null,null,null,"Exhibit:"]
[null,null,null,null,null,null,null,"Tab:"]
[null,null,null,null,null,null,null,"Schedule:"]
[null,null,null,null,null,null,null,"Page:"]
[]
[null,null,null,null,null,null,null,"Date:"]
[]
["Appendix 2-JC"]
["OM&A Programs Table"]
[]
[]
["Programs",{"$f":"\"Last Rebasing Year (\" & RebaseYear & \" Board-Approved)\"","v":"Last Rebasing Year (2011 Board-Approved)"},{"$f":"\"Last Rebasing Year (\" & RebaseYear & \" Actuals)\"","v":"Last Rebasing Year (2011 Actuals)"},{"$f":"BridgeYear -2 & \" Actuals\"","v":"2014 Actuals"},{"$f":"BridgeYear -1 & \" Actuals\"","v":"2015 Actuals"},{"$f":"BridgeYear & \" Bridge Year\"","v":"2016 Bridge Year"},{"$f":"TestYear & \" Test Year\"","v":"2017 Test Year"},{"$f":"\"Variance \n(Test Year vs. \" & E13 &\")\"","v":"Variance \n(Test Year vs. 2015 Actuals)"},{"$f":"\"Variance \n(Test Year vs. \" & B13","v":"Variance \n(Test Year vs. Last Rebasing Year (2011 Board-Approved)"}]
["Reporting Basis"]
["Program Name #1"]
[null,null,null,null,null,null,null,{"$f":"G16-E16","v":0},{"$f":"G16-B16","v":0}]
[null,null,null,null,null,null,null,{"$f":"G17-E17","v":0},{"$f":"G17-B17","v":0}]
[null,null,null,null,null,null,null,0,0]
[null,null,null,null,null,null,null,0,0]
[null,null,null,null,null,null,null,0,0]
["Sub-Total",{"$f":"SUM(B16:B20)","v":0},{"$f":"SUM(C16:C20)","v":0},0,0,0,0,0,0]
["Program Name #2"]
[null,null,null,null,null,null,null,0,{"$f":"G23-B23","v":0}]
[null,null,null,null,null,null,null,0,{"$f":"G24-B24","v":0}]
[null,null,null,null,null,null,null,0,0]
[null,null,null,null,null,null,null,0,0]
[null,null,null,null,null,null,null,0,0]
["Sub-Total",{"$f":"SUM(B23:B27)","v":0},0,0,0,0,0,0,0]
["Program Name #3"]
[null,null,null,null,null,null,null,0,{"$f":"G30-B30","v":0}]
[null,null,null,null,null,null,null,0,{"$f":"G31-B31","v":0}]
[null,null,null,null,null,null,null,0,0]
[null,null,null,null,null,null,null,0,0]
[null,null,null,null,null,null,null,0,0]
["Sub-Total",{"$f":"SUM(B30:B34)","v":0},0,0,0,0,0,0,0]
["Program Name #4"]
[null,null,null,null,null,null,null,0,{"$f":"G37-B37","v":0}]
[null,null,null,null,null,null,null,0,{"$f":"G38-B38","v":0}]
[null,null,null,null,null,null,null,0,0]
[null,null,null,null,null,null,null,0,0]
[null,null,null,null,null,null,null,0,0]
["Sub-Total",{"$f":"SUM(B37:B41)","v":0},0,0,0,0,0,0,0]
["Program Name #5"]
[null,null,null,null,null,null,null,{"$f":"G44-E44","v":0},{"$f":"G44-B44","v":0}]
[null,null,null,null,null,null,null,0,{"$f":"G45-B45","v":0}]
[null,null,null,null,null,null,null,0,0]
[null,null,null,null,null,null,null,0,0]
[null,null,null,null,null,null,null,0,0]
["Sub-Total",{"$f":"SUM(B44:B48)","v":0},0,0,0,0,0,0,0]
["Miscellaneous",null,null,null,null,null,null,0,{"$f":"G50-B50","v":0}]
["Total",{"$f":"SUMPRODUCT(--($A15:$A50=\"Sub-Total\"), B$15:B$50)+B50","v":0},{"$f":"SUMPRODUCT(--($A15:$A50=\"Sub-Total\"), C$15:C$50)+C50","v":0},0,0,0,0,{"$f":"G51-E51","v":0},{"$f":"G51-B51","v":0}]
[]
["Notes:"]
[]
["1   Please provide a breakdown of the major components of each OM&A Program undertaken in each year.  Please ensure that all Programs below the materiality threshold are included in the miscellaneous line.  Add more Programs as required."]
["2   The applicant should group projects appropriately and avoid presentations that result in classification of significant components of the OM&A budget in the miscellaneous category"]

{"sheet":"App.2-K_Employee Costs","index":35,"n_rows":31,"n_cols":7,"rows_kept":31,"cut":false,"hidden":false,"merged":[[24,0,24,6],[8,0,8,6],[9,0,9,6],[12,0,12,6],[16,0,16,6],[20,0,20,6]]}
[null,null,null,null,null,"File Number:",{"$f":"EBNUMBER","v":0}]
[null,null,null,null,null,"Exhibit:"]
[null,null,null,null,null,"Tab:"]
[null,null,null,null,null,"Schedule:"]
[null,null,null,null,null,"Page:"]
[]
[null,null,null,null,null,"Date:"]
[]
["Appendix 2-K"]
["Employee Costs"]
[]
[null,{"$f":"\"Last Rebasing Year - \"&RebaseYear&\"- Board Approved\"","v":"Last Rebasing Year - 2011- Board Approved"},{"$f":"\"Last Rebasing Year - \"&RebaseYear&\"-  Actual\"","v":"Last Rebasing Year - 2011-  Actual"},{"$f":"BridgeYear -2 & \" Actuals\"","v":"2014 Actuals"},{"$f":"BridgeYear -1 & \" Actuals\"","v":"2015 Actuals"},{"$f":"BridgeYear & \" Bridge Year\"","v":"2016 Bridge Year"},{"$f":"TestYear & \" Test Year\"","v":"2017 Test Year"}]
["Number of Employees (FTEs including Part-Time)1"]
["Management (including executive)"]
["Non-Management (union and non-union)"]
["Total",{"$f":"SUM(B14:B15)","v":0},0,0,0,0,0]
["Total Salary and Wages including ovetime and incentive pay"]
["Management (including executive)"]
["Non-Management (union and non-union)"]
["Total",{"$f":"SUM(B18:B19)","v":0},0,0,0,0,0]
["Total Benefits (Current + Accrued)"]
["Management (including executive)"]
["Non-Management (union and non-union)"]
["Total",{"$f":"SUM(B22:B23)","v":0},{"$f":"SUM(C22:C23)","v":0},0,0,0,0]
["Total Compensation (Salary, Wages, & Benefits)"]
["Management (including executive)",{"$f":"B18+B22","v":0},0,0,0,0,0]
["Non-Management (union and non-union)",0,0,0,0,0,0]
["Total",0,0,0,0,0,0]
[]
["Note:"]
["1 If an applicant wishes to use headcount, it must also file the same schedule on an FTE basis."]

{"sheet":"App.2-L_OM&A_per_Cust_FTEE","index":36,"n_rows":28,"n_cols":8,"rows_kept":28,"cut":false,"hidden":false,"merged":[[22,1,24,7],[27,1,28,7],[8,0,8,7],[9,0,9,7],[25,1,25,6],[26,1,26,6],[15,0,15,1],[16,0,16,1],[17,0,17,1],[18,0,18,1],[13,0,13,1],[14,0,14,1],[12,0,12,1]]}
[null,null,null,null,null,null,"File Number:",{"$f":"EBNUMBER","v":0}]
[null,null,null,null,null,null,"Exhibit:"]
[null,null,null,null,null,null,"Tab:"]
[null,null,null,null,null,null,"Schedule:"]
[null,null,null,null,null,null,"Page:"]
[]
[null,null,null,null,null,null,"Date:"]
[]
["Appendix 2-L"]
["Recoverable OM&A Cost per Customer and per FTE 1"]
[]
[null,null,{"$f":"\"Last Rebasing Year - \"&RebaseYear&\"- Board Approved\"","v":"Last Rebasing Year - 2011- Board Approved"},{"$f":"\"Last Rebasing Year - \"&RebaseYear&\"-  Actual\"","v":"Last Rebasing Year - 2011-  Actual"},{"$f":"BridgeYear -2 & \" Actuals\"","v":"2014 Actuals"},{"$f":"BridgeYear -1 & \" Actuals\"","v":"2015 Actuals"},{"$f":"BridgeYear & \" Bridge Year\"","v":"2016 Bridge Year"},{"$f":"TestYear & \" Test Year\"","v":"2017 Test Year"}]
["Reporting Basis"]
["Number of Customers 2,4"]
["Total Recoverable OM&A from Appendix 2-JB"]
["OM&A cost per customer",null,{"$f":"IF(C14=0,\"\",C15/C14)","v":""},"","","","",""]
["Number of FTEs 3,4"]
["Customers/FTEs",null,{"$f":"IF(C17=0,\"\",C14/C17)","v":""},"","","","",""]
["OM&A Cost per FTE",null,{"$f":"IF(C17=0,\"\",C15/C17)","v":""},"","","","",""]
[]
["Notes:"]
[]
[1,"If it has been more than three years since the applicant last filed a cost of service application, additional years of historical actuals should be incorporated into the table, as necessary, to go back to the last cost of service application.  If the applicant last filed a cost of service application less than three years ago, a minimum of three years of actual information is required."]
[]
[]
[2,"The method of calculating the number of customers must be identified."]
[3,"The method of calculating the number of FTEs must be identified.  See also Appendix 2-K"]
[4,"The number of customers and the number of FTEs should correspond to mid-year or average of January 1 and December 31 figures."]

{"sheet":"App.2-M_Regulatory_Costs","index":37,"n_rows":46,"n_cols":11,"rows_kept":46,"cut":false,"hidden":false,"merged":[[12,0,12,1],[13,0,13,1],[8,0,8,10],[9,0,9,10]]}
[null,null,null,null,null,null,null,null,null,"File Number:",{"$f":"EBNUMBER","v":0}]
[null,null,null,null,null,null,null,null,null,"Exhibit:"]
[null,null,null,null,null,null,null,null,null,"Tab:"]
[null,null,null,null,null,null,null,null,null,"Schedule:"]
[null,null,null,null,null,null,null,null,null,"Page:"]
[]
[null,null,null,null,null,null,null,null,null,"Date:"]
[]
["Appendix 2-M"]
["Regulatory Cost Schedule"]
[]
[]
["Regulatory Cost Category",null,"USoA Account","USoA Account Balance","Ongoing or One-time Cost? 2",{"$f":"\"Last Rebasing Year (\" & RebaseYear & \" Board Approved)\"","v":"Last Rebasing Year (2011 Board Approved)"},{"$f":"\"Most Current Actuals               Year \" & TestYear - 2","v":"Most Current Actuals               Year 2015"},{"$f":"TestYear -1 & \" Bridge Year\"","v":"2016 Bridge Year"},"Annual % Change",{"$f":"TestYear & \" Test Year\"","v":"2017 Test Year"},"Annual % Change"]
["(A)",null,"(B)","(C )","(D)","(E)","(F)","(G)","(H) = [(G)-(F)]/(F)","(I)","(J) = [(I)-(G)]/(G)"]
[1,"OEB Annual Assessment",null,null,null,null,null,null,{"$f":"IF(G15=0,\"\",(H15-G15)/G15)","v":""},null,{"$f":"IF(H15=0,\"\",(J15-H15)/H15)","v":""}]
[2,"OEB Section 30 Costs (Applicant-originated)",null,null,null,null,null,null,{"$f":"IF(G16=0,\"\",(H16-G16)/G16)","v":""},null,{"$f":"IF(H16=0,\"\",(J16-H16)/H16)","v":""}]
[3,"OEB Section 30 Costs (OEB-initiated)",null,null,null,null,null,null,"",null,""]
[4,"Expert Witness costs for regulatory matters",null,null,null,null,null,null,"",null,""]
[5,"Legal costs for regulatory matters",null,null,null,null,null,null,"",null,""]
[6,"Consultants' costs for regulatory matters",null,null,null,null,null,null,"",null,""]
[7,"Operating expenses associated with staff resources allocated to regulatory matters",null,null,null,null,null,null,"",null,""]
[8,"Operating expenses associated with other resources allocated to regulatory matters 1",null,null,null,null,null,null,"",null,""]
[9,"Other regulatory agency fees or assessments",null,null,null,null,null,null,"",null,""]
[10,"Any other costs for regulatory matters (please define)",null,null,null,null,null,null,"",null,""]
[11,"Intervenor costs",null,null,null,null,null,null,"",null,""]
[12,"Sub-total - Ongoing Costs 3",null,{"$f":"SUMIF($E15:$E25,$E11,D15:D25)","v":0},null,{"$f":"SUMIF($E15:$E25,$E11,F15:F25)","v":0},{"$f":"SUMIF($E15:$E25,$E11,G15:G25)","v":0},{"$f":"SUMIF($E15:$E25,$E11,H15:H25)","v":0},"",{"$f":"SUMIF($E15:$E25,$E11,J15:J25)","v":0},""]
[13,"Sub-total - One-time Costs 4",null,{"$f":"SUMIF($E15:$E25,$E12,D15:D25)","v":0},null,{"$f":"SUMIF($E15:$E25,$E12,F15:F25)","v":0},{"$f":"SUMIF($E15:$E25,$E12,G15:G25)","v":0},{"$f":"SUMIF($E15:$E25,$E12,H15:H25)","v":0},"",{"$f":"SUMIF($E15:$E25,$E12,J15:J25)","v":0},""]
[14,"Total",null,{"$f":"D26+D27","v":0},null,{"$f":"F26+F27","v":0},{"$f":"G26+G27","v":0},{"$f":"H26+H27","v":0},"",{"$f":"J26+J27","v":0},""]
[]
[]
["Please fill out the following table for all one-time costs related to this cost of service application to be amortized over the test year plus the IRM period."]
[]
[null,null,"Historical Year(s)",{"$f":"H13","v":"2016 Bridge Year"},{"$f":"J13","v":"2017 Test Year"}]
[4,"Expert Witness costs"]
[5,"Legal costs"]
[6,"Consultants' costs"]
[7,"Incremental operating expenses associated with staff resources allocated to this application."]
[8,"Incremental operating expenses associated with other resources allocated to this application. 1"]
[11,"Intervenor costs"]
[]
["Notes:"]
[]
["1","Please identify the resources involved."]
["2","Where a category's costs include both one-time and ongoing costs, the applicant should prove a separate breakdown between one-time and ongoing costs."]
["3","Sum of all ongoing costs identified in rows 1 to 11 inclusive."]
["4","Sum of all one-time costs identified in rows 1 to 11 inclusive."]

{"sheet":"App.2-N_Corp_Cost_Allocation","index":38,"n_rows":53,"n_cols":7,"rows_kept":53,"cut":false,"hidden":false,"merged":[[15,6,16,6],[29,0,29,1],[29,2,31,2],[29,3,31,3],[29,5,30,5],[29,4,30,4],[30,0,31,0],[30,1,31,1],[27,0,27,5],[46,0,46,5],[49,0,49,5],[52,0,52,5],[13,0,13,5],[8,0,8,5],[9,0,9,5],[42,1,43,5],[16,0,17,0],[16,1,17,1],[15,2,17,2],[15,3,17,3],[15,0,15,1],[15,4,16,4],[15,5,16,5]]}
[null,null,null,null,null,"File Number:",{"$f":"EBNUMBER","v":0}]
[null,null,null,null,null,"Exhibit:"]
[null,null,null,null,null,"Tab:"]
[null,null,null,null,null,"Schedule:"]
[null,null,null,null,null,"Page:"]
[]
[null,null,null,null,null,"Date:"]
[]
["Appendix 2-N"]
["Shared Services and Corporate Cost Allocation 1"]
[]
[null,"Year:"]
[]
["Shared Services"]
[]
["Name of Company",null,"Service Offered","Pricing Methodology","Price for the Service","Cost for the Service"]
["From","To"]
[null,null,null,null,"$","$"]
[]
[]
[]
[]
[]
[]
[]
[]
[]
["Corporate Cost Allocation"]
[]
["Name of Company",null,"Service Offered","Pricing Methodology","% of Corporate Costs Allocated","Amount Allocated"]
["From","To"]
[null,null,null,null,"%","$"]
["eg: parent company","eg: regulated entity"]
[]
[]
[]
[]
[]
[]
[]
[]
["Note: "]
[1,"This appendix must be completed in relation to each service provided or received for the Historical (actuals), Bridge and Test years. The required information includes:"]
[]
[]
["·         Type of Service:"]
["Services such as billing, accounting, payroll, etc.  The applicant must identify any costs related to the Board of Directors of the parent company that are allocated to the applicant."]
[]
["·         Pricing Methodology:"]
["Pricing Methodology includes approaches such as cost-base, market-base, tendering, etc.  The applicant must provide evidence demonstrating the pricing methodology used.  The applicant must also provide a description of why that pricing methodology was chosen, whether or not it is in conformity with ARC, and why it is appropriate."]
[]
["·         % Allocation:"]
["The applicant must provide the percentage of the costs allocated to the entity for the service being offered.  The Applicant must also provide a description of the allocator and why it is an appropriate allocator."]

{"sheet":"App.2-OA Capital Structure","index":39,"n_rows":35,"n_cols":15,"rows_kept":35,"cut":false,"hidden":false,"merged":[[40,2,40,14],[12,0,12,14],[34,2,34,14],[35,2,35,14],[36,2,36,14],[37,2,37,14],[38,2,38,14],[39,2,39,14],[33,0,33,14],[9,2,9,14],[10,2,10,14],[16,0,17,0],[17,4,17,8],[14,7,14,9]]}
[null,null,null,null,null,null,null,null,null,null,"File Number:",null,null,null,{"$f":"EBNUMBER","v":0}]
[null,null,null,null,null,null,null,null,null,null,"Exhibit:"]
[null,null,null,null,null,null,null,null,null,null,"Tab:"]
[null,null,null,null,null,null,null,null,null,null,"Schedule:"]
[null,null,null,null,null,null,null,null,null,null,"Page:"]
[]
[null,null,null,null,null,null,null,null,null,null,"Date:"]
[]
[]
[null,null,"Appendix 2-OA"]
[null,null,"Capital Structure and Cost of Capital"]
[]
["This table must be completed for the last Board approved year and the test year."]
[]
[null,null,null,null,null,null,"Year:"]
[]
["Line No."]
[null,null,"Particulars",null,"Capitalization Ratio",null,null,null,null,null,"Cost Rate",null,null,null,"Return"]
[]
[null,null,null,null,"(%)",null,null,null,"($)",null,"(%)",null,null,null,"($)"]
[null,null,"Debt"]
[1,null,"  Long-term Debt",null,null,null,null,null,{"$f":"$I$31*E22","v":0},null,null,null,null,null,{"$f":"K22*I22","v":0}]
[2,null,"  Short-term Debt",null,0.04,null,"(1)",null,{"$f":"$I$31*E23","v":0},null,null,null,null,null,{"$f":"K23*I23","v":0}]
[3,null,"Total Debt",null,{"$f":"SUM(E22:E23)","v":0.04},null,null,null,{"$f":"SUM(I22:I23)","v":0},null,{"$f":"IF(E24=0,0,SUMPRODUCT(E22:E23,K22:K23)/E24)","v":0},null,null,null,{"$f":"SUM(O22:O23)","v":0}]
[]
[null,null,"Equity"]
[4,null,"  Common Equity",null,null,null,null,null,{"$f":"$I$31*E27","v":0},null,null,null,null,null,{"$f":"K27*I27","v":0}]
[5,null,"  Preferred Shares",null,null,null,null,null,{"$f":"$I$31*E28","v":0},null,null,null,null,null,{"$f":"K28*I28","v":0}]
[6,null,"Total Equity",null,{"$f":"SUM(E27:E28)","v":0},null,null,null,{"$f":"SUM(I27:I28)","v":0},null,{"$f":"IF(E29=0,0,SUMPRODUCT(E27:E28,K27:K28)/E29)","v":0},null,null,null,{"$f":"SUM(O27:O28)","v":0}]
[]
[7,null,"Total",null,1,null,null,null,null,null,{"$f":"(K24*E24)+(K29*E29)","v":0},null,null,null,{"$f":"O24+O29","v":0}]
[]
[]
["Notes"]
["(1)",null,"4.0% unless an applicant has proposed or been approved for a different amount."]

{"sheet":"App.2-OB_Debt Instruments","index":40,"n_rows":36,"n_cols":11,"rows_kept":36,"cut":false,"hidden":false,"merged":[[35,1,35,10],[9,0,9,10],[10,0,10,10],[10,11,10,14],[12,0,12,10],[34,1,34,10],[33,1,33,10]]}
[null,null,null,null,null,null,null,null,null,"File Number:",{"$f":"EBNUMBER","v":0}]
[null,null,null,null,null,null,null,null,null,"Exhibit:"]
[null,null,null,null,null,null,null,null,null,"Tab:"]
[null,null,null,null,null,null,null,null,null,"Schedule:"]
[null,null,null,null,null,null,null,null,null,"Page:"]
[]
[null,null,null,null,null,null,null,null,null,"Date:"]
[]
[]
["Appendix 2-OB"]
["Debt Instruments"]
[]
["This table must be completed for all required historical years, the bridge year and the test year."]
[null,null,null,"Year"]
[]
["Row","Description","Lender","Affiliated or Third-Party Debt?","Fixed or Variable-Rate?","Start Date","Term              (years)","Principal                         ($)","Rate (%) 2","Interest ($) 1","Additional Comments, if any"]
[1,null,null,null,null,null,null,null,null,{"$f":"H17*I17","v":0}]
[2,null,null,null,null,null,null,null,null,{"$f":"H18*I18","v":0}]
[3,null,null,null,null,null,null,null,null,0]
[4,null,null,null,null,null,null,null,null,0]
[5,null,null,null,null,null,null,null,null,0]
[6,null,null,null,null,null,null,null,null,0]
[7,null,null,null,null,null,null,null,null,0]
[8,null,null,null,null,null,null,null,null,0]
[9,null,null,null,null,null,null,null,null,0]
[10,null,null,null,null,null,null,null,null,0]
[11,null,null,null,null,null,null,null,null,0]
[12,null,null,null,null,null,null,null,null,0]
[]
["Total",null,null,null,null,null,null,{"$f":"SUM(H17:H28)","v":0},{"$f":"IF(H30=0,\"\",J30/H30)","v":""},{"$f":"SUM(J17:J28)","v":0}]
[]
["Notes"]
[]
[1,"If financing is in place only part of the year, separately calculate the pro-rated interest in the year and input in the cell."]
[2,"Input actual or deemed long-term debt rate in accordance with the guidelines in The Report of the Board on the Cost of Capital for Ontario's Regulated Utilities, issued December 11, 2009, or with any subsequent update issued by the Board."]
[3,"Add more lines above row 12 if necessary."]

{"sheet":"App.2-P_Cost_Allocation","index":41,"n_rows":118,"n_cols":6,"rows_kept":118,"cut":false,"hidden":false,"merged":[[113,0,113,1],[122,0,124,5],[106,0,106,1],[107,0,107,1],[108,0,108,1],[109,0,109,1],[110,0,110,1],[111,0,111,1],[117,0,120,5],[112,0,112,1],[105,0,105,1],[100,0,102,1],[100,2,100,4],[100,5,101,5],[103,0,103,1],[86,0,86,1],[87,0,87,1],[88,0,88,1],[67,0,68,5],[104,0,104,1],[70,0,71,5],[93,0,94,5],[96,0,96,5],[89,0,89,1],[84,0,84,1],[85,0,85,1],[75,0,77,1],[75,5,77,5],[76,3,77,3],[76,4,77,4],[78,0,78,1],[62,0,63,5],[54,0,54,1],[55,0,55,1],[56,0,56,1],[57,0,57,1],[58,0,58,1],[83,0,83,1],[65,0,65,5],[79,0,79,1],[80,0,80,1],[81,0,81,1],[82,0,82,1],[42,1,42,5],[44,0,44,1],[45,3,46,3],[45,4,46,4],[45,5,46,5],[52,0,52,1],[53,0,53,1],[45,0,46,1],[45,2,46,2],[48,0,48,1],[49,0,49,1],[50,0,50,1],[51,0,51,1],[47,0,47,1],[31,0,32,4],[34,0,36,4],[38,0,39,4],[8,0,8,5],[9,0,9,5]]}
[null,null,null,null,"File Number:",{"$f":"EBNUMBER","v":0}]
[null,null,null,null,"Exhibit:"]
[null,null,null,null,"Tab:"]
[null,null,null,null,"Schedule:"]
[null,null,null,null,"Page:"]
[]
[null,null,null,null,"Date:"]
[]
["Appendix 2-P"]
["Cost Allocation"]
[]
["Please complete the following four tables."]
[]
["A)  Allocated Costs"]
[]
["Classes","Costs Allocated from Previous Study","%","Costs Allocated in Test Year Study                    (Column 7A)","%"]
["Residential",null,{"$f":"IF(B$28=0,\"\",B17/B$28)","v":""},null,{"$f":"IF(D$28=0,\"\",D17/D$28)","v":""}]
["GS < 50 kW",null,{"$f":"IF(B$28=0,\"\",B18/B$28)","v":""},null,""]
["GS > 50 kW (or 50 kW < GS < xxx kW, if applicable)",null,"",null,""]
["GS > xxx kW, if applicable",null,"",null,""]
["Large User, if applicable",null,"",null,""]
["Street Lighting",null,"",null,""]
["Sentinel Lighting",null,"",null,""]
["Unmetered Scattered Load (USL)",null,"",null,""]
["Other class, if applicable",null,"",null,""]
[null,null,"",null,""]
["Embedded distributor class",null,"",null,""]
["Total",{"$f":"SUM(B17:B27)","v":0},{"$f":"SUM(C17:C27)","v":0},{"$f":"SUM(D17:D27)","v":0},{"$f":"SUM(E17:E27)","v":0}]
[]
["Notes:"]
[]
["1     Customer Classification - If proposed rate classes differ from those in place in the previous Cost Allocation study, modify the rate classes to match the current application as closely as possible."]
[]
[]
["2     Host Distributors -  Provide information on embedded distributor(s) as a separate class, if applicable.   If embedded distributor(s) are billed as customers in a General Service class, include the allocated costs and revenues of the embedded distributor(s) in the applicable class.  Also complete Appendix 2-Q."]
[]
[]
["  "]
["3     Class Revenue Requirements - If using the Board-issued model, in column 7A enter the results from Worksheet O-1, Revenue Requirement (row 40 in the 2013 model).  This excludes costs in deferral and variance accounts.  Note to Embedded Distributor(s), it also does not include Account 4750 - Low Voltage (LV) Costs. "]
[]
[]
[]
["B)  Calculated Class Revenues"]
[]
[null,null,"Column 7B","Column 7C","Column 7D","Column 7E"]
["Classes (same as previous table)",null,"Load Forecast (LF) X current approved rates","L.F. X current approved rates X (1 + d)","LF X proposed rates","Miscellaneous Revenue"]
[]
[{"$f":"A17","v":"Residential"}]
["GS < 50 kW"]
["GS > 50 kW (or 50 kW < GS < xxx kW, if applicable)"]
["GS > xxx kW, if applicable"]
["Large User, if applicable"]
["Street Lighting"]
["Sentinel Lighting"]
["Unmetered Scattered Load (USL)"]
["Other class, if applicable"]
[]
[{"$f":"A27","v":"Embedded distributor class"}]
[{"$f":"A28","v":"Total"},null,{"$f":"SUM(C48:C58)","v":0},{"$f":"SUM(D48:D58)","v":0},{"$f":"SUM(E48:E58)","v":0},{"$f":"SUM(F48:F58)","v":0}]
[]
["Notes:"]
[]
["1     Columns 7B to 7D - LF means Load Forecast of Annual Billing Quantities (i.e. customers or connections X 12, (kWh or kW, as applicable).  Revenue Quantities should be net of Transfomrer Ownership Allowance.  Exclude revenue from rate adders and rate riders.  "]
[]
[]
["2     Columns 7C and 7D - Column total in each column should equal the Base Revenue Requirement"]
[]
["3     Columns 7C - The Board cost allocation model calculates \"1+d\" in worksheet O-1, cell C21. \"d\" is defined as Revenue Deficiency/ Revenue at Current Rates."]
[]
[]
["4     Columns 7E - If using the Board-issued Cost Allocation model, enter Miscellaneous Revenue as it appears in Worksheet O-1, row 19."]
[]
[]
["C)  Rebalancing Revenue-to-Cost (R/C) Ratios"]
[]
["Class",null,"Previously Approved Ratios","Status Quo Ratios","Proposed Ratios","Policy Range"]
[null,null,"Most Recent Year:","(7C + 7E) / (7A)","(7D + 7E) / (7A)"]
[null,null,"20XX"]
[null,null,"%","%","%","%"]
[{"$f":"A48","v":"Residential"},null,null,{"$f":"IF(D17=0,\"\",(D48+F48)/D17*100)","v":""},{"$f":"IF(D17=0,\"\",(E48+F48)/D17*100)","v":""},"85 - 115"]
["GS < 50 kW",null,null,{"$f":"IF(D18=0,\"\",(D49+F49)/D18*100)","v":""},"","80 - 120"]
["GS > 50 kW (or 50 kW < GS < xxx kW, if applicable)",null,null,"","","80 - 120"]
["GS > xxx kW, if applicable",null,null,"","","80 - 120"]
["Large User, if applicable",null,null,"","","85 - 115"]
["Street Lighting",null,null,"","","80 - 120"]
["Sentinel Lighting",null,null,"","","80 - 120"]
["Unmetered Scattered Load (USL)",null,null,"","","80 - 120"]
["Other class, if applicable",null,null,"",""]
[null,null,null,"",""]
[{"$f":"A58","v":"Embedded distributor class"},null,null,"",""]
[]
["Notes:"]
[]
["1     Previously Approved Revenue-to-Cost Ratios - For most applicants, Most Recent Year would be the third year of the IRM 3 period,  e.g. if the applicant rebased in 2009 with further adjustments over 2 years, the Most recent year is 2011.  For applicants whose most recent rebasing year is 2006, the applicant should enter the ratios from their Informational Filing."]
[]
[]
["2     Status Quo Ratios - The Board's updated Cost Allocation Model yields the Status Quo Ratios in Worksheet O-1.  Status Quo means \"Before Rebalancing\"."]
[]
["D)  Proposed Revenue-to-Cost Ratios"]
[]
["Class",null,"Proposed Revenue-to-Cost Ratios",null,null,"Policy Range"]
[null,null,{"$f":"TestYear","v":2017},{"$f":"C102+1","v":2018},{"$f":"D102+1","v":2019}]
[null,null,"%","%","%","%"]
[{"$f":"A80","v":"Residential"},null,{"$f":"E80","v":""},null,null,{"$f":"F80","v":"85 - 115"}]
[{"$f":"A81","v":"GS < 50 kW"},null,{"$f":"E81","v":""},null,null,{"$f":"F81","v":"80 - 120"}]
["GS > 50 kW (or 50 kW < GS < xxx kW, if applicable)",null,"",null,null,"80 - 120"]
["GS > xxx kW, if applicable",null,"",null,null,"80 - 120"]
["Large User, if applicable",null,"",null,null,"85 - 115"]
["Street Lighting",null,"",null,null,"80 - 120"]
["Sentinel Lighting",null,"",null,null,"80 - 120"]
["Unmetered Scattered Load (USL)",null,"",null,null,"80 - 120"]
["Other class, if applicable",null,"",null,null,{"$f":"F88","v":0}]
[null,null,"",null,null,{"$f":"F89","v":0}]
["Embedded distributor class",null,""]
[]
["Note:"]
[]
["1     The applicant should complete Table D if it is applying for approval of a revenue to cost ratio in 2014 that is outside the Board’s policy range for any customer class. Table (d) will show the information that the distributor would likely enter in the IRM model) in 2016.  In 2017 Table (d), enter the planned ratios for the classes that will be ‘Change’ and ‘No Change’ in 2016 (in the current Revenue Cost Ratio Adjustment Workform, Worksheet C1.1 ‘Decision – Cost Revenue Adjustment’, column d), and enter TBD for class(es) that will be entered as ‘Rebalance’. "]

{"sheet":"App.2-PA_Res_Rate_Design","index":42,"n_rows":60,"n_cols":6,"rows_kept":60,"cut":false,"hidden":false,"merged":[[53,0,54,4],[56,0,58,4],[59,0,60,4],[8,0,8,5],[9,0,9,5],[15,0,15,1],[21,0,21,1],[46,0,46,1],[48,0,49,0]]}
[null,null,null,null,"File Number:",0]
[null,null,null,null,"Exhibit:"]
[null,null,null,null,"Tab:"]
[null,null,null,null,"Schedule:"]
[null,null,null,null,"Page:"]
[]
[null,null,null,null,"Date:"]
[]
["Appendix 2-PA"]
["New Rate Design Policy For Residential Customers"]
[]
["Please complete the following tables."]
[]
["A)  Data Inputs"]
[]
["Test Year Billing Determinants for Residential Class"]
["Customers"]
["kWh"]
[]
["Proposed Residential Class Specific Revenue Requirement1"]
[]
["Residential Base Rates on Current Tariff"]
["Monthly Fixed Charge ($)"]
["Distribution Volumetric Rate ($/kWh)"]
[]
["B) Current Fixed/Variable Split"]
[]
[null,"Base Rates","Billing Determinants","Revenue","% of Total Revenue"]
["Fixed",{"$f":"IF(B23=\"\",\"\",B23)","v":""},{"$f":"IF(B17=\"\",\"\",B17)","v":""},{"$f":"IF(ISERROR(B29*C29*12),\"\",B29*C29*12)","v":""},{"$f":"IF(ISERROR(D29/D31),\"\",D29/D31)","v":""}]
["Variable",{"$f":"IF(B24=\"\",\"\",B24)","v":""},{"$f":"IF(B18=\"\",\"\",B18)","v":""},{"$f":"IF(ISERROR(B30*C30),\"\",B30*C30)","v":""},{"$f":"IF(ISERROR(D30/D31),\"\",D30/D31)","v":""}]
["TOTAL","-","-",{"$f":"IF(ISERROR(D29+D30),\"\",D29+D30)","v":""},"-"]
[]
["C) Calculating Test Year Base Rates"]
[]
["Number of Required Rate Design Policy Transition Years2"]
[]
[null,"Test Year Revenue @ Current F/V Split","Test Year Base Rates @ Current F/V Split","Reconciliation - Test Year Base Rates @ Current F/V Split"]
["Fixed",{"$f":"IF(ISERROR(B$20*E29),\"\",B$20*E29)","v":""},{"$f":"IF(ISERROR(ROUND(B38/B17/12,2)),\"\",ROUND(B38/B17/12,2))","v":""},{"$f":"IF(ISERROR(C38*B17*12),\"\",C38*B17*12)","v":""}]
["Variable",{"$f":"IF(ISERROR(B$20*E30),\"\",B$20*E30)","v":""},{"$f":"IF(ISERROR(ROUND(B39/B18,4)),\"\",ROUND(B39/B18,4))","v":""},{"$f":"IF(ISERROR(C39*B18),\"\",C39*B18)","v":""}]
["TOTAL",{"$f":"IF(ISERROR(B38+B39),\"\",B38+B39)","v":""},"-",{"$f":"IF(ISERROR(D38+D39),\"\",D38+D39)","v":""}]
[]
[null,"New F/V Split","Revenue @ new\n F/V Split","Final Adjusted \nBase Rates","Revenue Reconciliation @ Adjusted Rates"]
["Fixed",{"$f":"IF(ISERROR(((1-E29)/B35)+E29),\"\",((1-E29)/B35)+E29)","v":""},{"$f":"IF(ISERROR(B43*B$20),\"\",B43*B$20)","v":""},{"$f":"IF(ISERROR(ROUND(C43/B17/12,2)),\"\",ROUND(C43/B17/12,2))","v":""},{"$f":"IF(ISERROR(D43*12*B17),\"\",D43*12*B17)","v":""}]
["Variable",{"$f":"IF(ISERROR(1-B43),\"\",1-B43)","v":""},{"$f":"IF(ISERROR(B44*B$20),\"\",B44*B$20)","v":""},{"$f":"IF(ISERROR(ROUND(C44/B18,4)),\"\",ROUND(C44/B18,4))","v":""},{"$f":"IF(ISERROR(D44*B18),\"\",D44*B18)","v":""}]
["TOTAL","-",{"$f":"IF(ISERROR(SUM(C43:C44)),\"\",SUM(C43:C44))","v":0},"-",{"$f":"IF(ISERROR(E43+E44),\"\",E43+E44)","v":""}]
[]
["Checks3"]
["Change in Fixed Rate",{"$f":"IF(ISERROR(D43-C38),\"\",D43-C38)","v":""}]
["Difference Between Revenues @ Proposed Rates and Class Specific Revenue Requirement",{"$f":"IF(ISERROR((D43*12*B17)+(D44*B18)-B20),\"\",(D43*12*B17)+(D44*B18)-B20)","v":""}]
[null,{"$f":"IF(ISERROR(B49/B20), \"\", B49/B20)","v":""}]
[]
["Notes:"]
[]
["1     The final residential class specific revenue requirement, as shown in Appendix 2-P, should be used (i.e. the revenue requirement after any proposed adjustments to R/C ratios)."]
[]
[]
["2     Default number of transition years for rate design policy change is 4. Where the change in the residential rate design will result in the fixed charge increasing by more than $4/year, a distributor may propose an additional transition year."]
[]
[]
["3     Change in fixed rate due to rate design policy should be less than $4. The difference between the proposed class revenue requirement and the revenue at calculated base rates should be minimal (i.e. should be reasonably considered as a rounding error)"]

{"sheet":"App.2-Q_Cost of Serv. Emb. Dx","index":43,"n_rows":60,"n_cols":7,"rows_kept":60,"cut":false,"hidden":false,"merged":[[9,7,9,11],[12,0,12,6],[11,0,11,6],[58,3,59,3],[58,4,59,4],[53,4,54,4],[8,0,8,6],[9,0,9,6],[15,0,15,1],[15,2,15,3],[53,3,54,3]]}
[null,null,null,null,null,"File Number:",{"$f":"EBNUMBER","v":0}]
[null,null,null,null,null,"Exhibit:"]
[null,null,null,null,null,"Tab:"]
[null,null,null,null,null,"Schedule:"]
[null,null,null,null,null,"Page:"]
[]
[null,null,null,null,null,"Date:"]
[]
["Appendix 2-Q"]
["Cost of Serving Embedded Distributor(s) "]
[]
["To be completed by Host Distributors ONLY"]
["(Not required if Host Distributor has an Embedded Distributor rate class, i.e. a separate row in Appendix 2-P.)"]
[]
[]
["Proposed Rate Class for Billing Embedded Distributor(s)"]
[]
["Host's Distribution Facilities used by Embedded Distributor(s)"]
[]
["(1)","(2)","(3)","(4)","(5)","(6) = '(3) + (4)"]
["Asset Class","Total OM&A costs asociated with asset class ","Original cost of asset class ","Accumulated amortization of asset class","Annual amortization of asset class","Net Book Value of asset class"]
["Totals for Host Distributor:","($)","($)","($)","($)"]
["Distribution Stations",null,null,null,null,{"$f":"C23+D23","v":0}]
["Low Voltage Line",null,null,null,null,0]
["LV Line category # 2 (if applcable)",null,null,null,null,0]
["TS (owned by host)",null,null,null,null,0]
["add rows if necessary... ",null,null,null,null,0]
[null,null,null,null,null,0]
[null,null,null,null,null,0]
[]
["(1)","(7)","(8)","(9)","(10)","(11)"]
[{"$f":"A21","v":"Asset Class"},"Total line length or station capacity in asset class","Line length or capacity required to provide LV service to Embedded Distributor(s)","Annual total demand on station/line providing LV services (sum of 12 monthly peaks)","Annual billed Embedded Distributor demand on station/line providing LV services","Embedded Distributor(s)' Responsibility Share "]
["Embedded Distributor's share:","kW or kVa; km","kW or kVA; km","kW or kVA","kW or kVA","percent"]
["Distribution Stations",null,null,null,null,{"$f":"IF(D34=0,0,(C34/B34)*(E34/D34))","v":0}]
["Low Voltage Line",null,null,null,null,{"$f":"IF(D35=0,0,(C35/B35)*(E35/D35))","v":0}]
["LV Line # 2 (if applicable) ",null,null,null,null,{"$f":"IF(D36=0,0,(C36/B36)*(E36/D36))","v":0}]
["TS (owned by host)",null,null,null,null,{"$f":"IF(D37=0,0,(C37/B37)*(E37/D37))","v":0}]
["add rows if necessary ",null,null,null,null,{"$f":"IF(D38=0,0,(C38/B38)*(E38/D38))","v":0}]
[]
["(1)","(12)","(12a)","(13)","(14)","(15)","(16)"]
[{"$f":"A32","v":"Asset Class"},"Return on Assets used to Provide LV services","Taxes/PILs","Annual amortization on assets used to provide LV services","OM&A costs with burden associated with assets used to provide LV services","Total annual cost associated with assets used to provide LV services","Monthly cost associated with the delivery of LV services"]
[null,"($)","($)","($)","($)","($)","$/kW or $/kVA"]
["Distribution Stations",{"$f":"E$54*(F23+B23*E$59)*F34","v":0},{"$f":"(B43-(B$54*C$54*F34*(F23+B23*E57)+B$55*C$55*F34*(F23+B23*E$57)))*E$57/(1-E$57)","v":0},{"$f":"E23*F34","v":0},{"$f":"B23*F34","v":0},{"$f":"SUM(B43:E43)","v":0},{"$f":"IF(E34=0,0,(D43/E34))","v":0}]
["Low Voltage Line",{"$f":"E$54*(F24+B24*E$59)*F35","v":0},{"$f":"(B44-(B$54*C$54*F35*(F24+B24*E58)+B$55*C$55*F35*(F24+B24*E58)))*E$57/(1-E$57)","v":0},{"$f":"E24*F35","v":0},{"$f":"B24*F35","v":0},{"$f":"SUM(B44:E44)","v":0},{"$f":"IF(E35=0,0,(D44/E35))","v":0}]
["LV Line # 2 (if applicable) ",{"$f":"E$54*(F25+B25*E$59)*F36","v":0},{"$f":"(B45-(B$54*C$54*F36*(F25+B25*E59)+B$55*C$55*F36*(F25+B25*E$59)))*E$57/(1-E$57)","v":0},{"$f":"E25*F36","v":0},{"$f":"B25*F36","v":0},{"$f":"SUM(B45:E45)","v":0},{"$f":"IF(E36=0,0,(D45/E36))","v":0}]
["TS (owned by host)",{"$f":"E$54*(F26+B26*E$59)*F37","v":0},{"$f":"(B46-(B$54*C$54*F37*(F26+B26*E60)+B$55*C$55*F37*(F26+B26*E60)))*E$57/(1-E$57)","v":0},{"$f":"E26*F37","v":0},{"$f":"B26*F37","v":0},{"$f":"SUM(B46:E46)","v":0},{"$f":"IF(E37=0,0,(D46/E37))","v":0}]
["add rows if necessary ",{"$f":"E$54*(F27+B27*E$59)*F38","v":0},{"$f":"(B47-(B$54*C$54*F38*(F27+B27*I61)+B$55*C$55*F38*(F27+B27*I61)))*E$57/(1-E$57)","v":0},{"$f":"E27*F38","v":0},{"$f":"B27*F38","v":0},{"$f":"SUM(B47:E47)","v":0},{"$f":"IF(E38=0,0,(D47/E38))","v":0}]
[]
["Total",null,null,null,null,{"$f":"SUM(F43:F47)","v":0},{"$f":"SUM(G43:G47)","v":0}]
[]
["(17)","(18)","(19)","(20)","(21)"]
[null,"Capital Structure","Cost Rate"]
[null,"(%)","(%)",null,"(%)"]
["Long-Term Debt",null,null,"Weighted Average Cost of Capital",{"$f":"IF(B60=0%,0,SUMPRODUCT(B54:B58,C54:C58)/B60)","v":0}]
["Short-term Debt"]
[]
["Common Equity",null,null,"Tax/PILs Rate"]
["Preferred Shares"]
[null,null,null,"Working Capital Allowance Factor"]
["Total",{"$f":"SUM(B54:B58)","v":0}]

{"sheet":"App.2-R_Loss Factors","index":44,"n_rows":71,"n_cols":8,"rows_kept":71,"cut":false,"hidden":false,"merged":[[56,1,57,7],[59,1,59,7],[31,1,33,7],[69,1,69,7],[61,1,61,7],[63,1,63,7],[65,1,67,6],[51,1,51,7],[14,1,14,7],[23,1,23,7],[25,1,25,7],[53,1,54,7],[35,1,38,7],[42,1,44,7],[46,1,49,7],[8,0,8,7],[9,0,9,7],[10,0,10,7],[12,0,13,1],[12,2,12,6],[12,7,13,7]]}
[null,null,null,null,null,null,"File Number:",{"$f":"EBNUMBER","v":0}]
[null,null,null,null,null,null,"Exhibit:"]
[null,null,null,null,null,null,"Tab:"]
[null,null,null,null,null,null,"Schedule:"]
[null,null,null,null,null,null,"Page:"]
[]
[null,null,null,null,null,null,"Date:"]
[]
["Appendix 2-R"]
["Loss Factors"]
[]
[]
[null,null,"Historical Years",null,null,null,null,"5-Year Average"]
[null,null,{"$f":"IF(ISBLANK('LDC Info'!E26-5), \"Year 5\", 'LDC Info'!E26-5)","v":2011},{"$f":"IF(ISBLANK('LDC Info'!E26-4), \"Year 5\", 'LDC Info'!E26-4)","v":2012},{"$f":"IF(ISBLANK('LDC Info'!E26-3), \"Year 5\", 'LDC Info'!E26-3)","v":2013},{"$f":"IF(ISBLANK('LDC Info'!E26-2), \"Year 5\", 'LDC Info'!E26-2)","v":2014},{"$f":"IF(ISBLANK('LDC Info'!E26-1), \"Year 5\", 'LDC Info'!E26-1)","v":2015}]
[null,"Losses Within Distributor's System"]
["A(1)","\"Wholesale\" kWh delivered to distributor (higher value)",null,null,null,null,null,{"$f":"IF(SUM(C16:G16)=0,0,AVERAGE(C16:G16))","v":0}]
["A(2)","\"Wholesale\" kWh delivered to distributor (lower value)",null,null,null,null,null,{"$f":"IF(SUM(C17:G17)=0,0,AVERAGE(C17:G17))","v":0}]
["B","Portion of \"Wholesale\" kWh delivered to distributor for its Large Use Customer(s)",null,null,null,null,null,{"$f":"IF(SUM(C18:G18)=0,0,AVERAGE(C18:G18))","v":0}]
["C","Net \"Wholesale\" kWh delivered to distributor  = A(2) - B",{"$f":"C17-C18","v":0},0,0,0,0,0]
["D","\"Retail\" kWh delivered by distributor",null,null,null,null,null,{"$f":"IF(SUM(C20:G20)=0,0,AVERAGE(C20:G20))","v":0}]
["E","Portion of \"Retail\" kWh delivered by distributor to its Large Use Customer(s)",null,null,null,null,null,{"$f":"IF(SUM(C21:G21)=0,0,AVERAGE(C21:G21))","v":0}]
["F","Net \"Retail\" kWh delivered by distributor = D - E",{"$f":"C20-C21","v":0},0,0,0,0,0]
["G","Loss Factor in Distributor's system = C / F",{"$f":"IF(C22=0,\"\",C19/C22)","v":""},"","","","",""]
[null,"Losses Upstream of Distributor's System"]
["H","Supply Facilities Loss Factor",null,null,null,null,null,{"$f":"IF(SUM(C25:G25)=0,0,AVERAGE(C25:G25))","v":0}]
[null,"Total Losses"]
["I","Total Loss Factor = G x H",{"$f":"IF(C23=\"\",\"\",C23*C25)","v":""},"","","","",""]
[]
["Notes:"]
[]
[]
["A(1)","If directly connected to the IESO-controlled grid, kWh pertains to the virtual meter on the primary or high voltage side of the transformer at the interface with the transmission grid.  This corresponds to the \"With Losses\" kWh value provided by the IESO's MV-WEB.  It is the higher of the two values provided by MV-WEB."]
[]
[]
[]
[null,"If fully embedded within a host distributor, kWh pertains to the virtual meter on the primary or high voltage side of the transformer, at the interface between the host distributor and the transmission grid.  For example, if the host distributor is Hydro One Networks Inc., kWh from the Hydro One Networks' invoice corresponding to \"Total kWh w Losses\" should be reported.  This corresponds to the higher of the two kWh values provided in Hydro One Networks' invoice."]
[]
[]
[]
[]
[null,"If partially embedded, kWh pertains to the sum of the above."]
[]
["A(2)","If directly connected to the IESO-controlled grid, kWh pertains to a metering installation on the secondary or low voltage side of the transformer at the interface with the transmission grid.  This corresponds to the \"Without Losses\" kWh value provided by the IESO's MV-WEB.  It is the lower of the two kWh values provided by MV-WEB."]
[]
[]
[]
[null,"If fully embedded with the host distributor, kWh pertains to a metering installation on the secondary or low voltage side of the transformer at the interface between the embedded distributor and the host distributor.  For example, if the host distributor is Hydro One Networks Inc., kWh from the Hydro One Networks' invoice corresponding to \"Total kWh\" should be reported.  This corresponds to the lower of the two kWh values provided in Hydro One Networks' invoice."]
[]
[]
[]
[]
[null,"If partially embedded, kWh pertains to the sum of the above."]
[]
[null,"Additionally, kWh pertaining to distributed generation directly connected to the distributor's own distribution network should be included in A(2)."]
[]
[]
["B","If a Large Use Customer is metered on the secondary or low voltage side of the transformer, the default loss is 1%                         (i.e., B = 1.01 X E)."]
[]
[]
["D","kWh corresponding to D should equal metered or estimated kWh at the customer’s delivery point."]
[]
["G and I","These loss factors pertain to secondary-metered customers with demand less than 5,000 kW."]
[]
["H","If directly connected to the IESO-controlled grid, SFLF = 1.0045."]
[]
[null,"If fully embedded within a host distributor, SFLF = loss factor re losses in transformer at grid interface X loss factor re losses in host distributor's system.  If the host distributor is Hydro One Networks Inc., SFLF = 1.0060 X 1.0278 = 1.0340. If partially embedded, SFLF should be calculated as the weighted average of above."]
[]
[]
[]
[null,"Distributors that wish to propose a different SFLF should provide appropriate justification for any such proposal including supporting"]
[null,"calculations and any other relevant material."]

{"sheet":"App.2-S_Stranded Meters","index":45,"n_rows":91,"n_cols":8,"rows_kept":91,"cut":false,"hidden":false,"merged":[[8,0,8,7],[9,0,9,7],[28,0,31,7],[33,0,34,7],[53,2,54,7],[61,2,63,7],[65,0,66,7],[36,1,37,7],[39,1,41,7],[43,1,46,7],[48,1,51,7],[56,2,59,7],[90,0,93,7],[83,1,85,7],[87,1,88,7],[68,1,69,7],[75,1,77,7],[79,1,81,7],[71,1,73,7]]}
[null,null,null,null,null,null,"File Number:",{"$f":"EBNUMBER","v":0}]
[null,null,null,null,null,null,"Exhibit:"]
[null,null,null,null,null,null,"Tab:"]
[null,null,null,null,null,null,"Schedule:"]
[null,null,null,null,null,null,"Page:"]
[]
[null,null,null,null,null,null,"Date:"]
[]
["Appendix 2-S"]
["Stranded Meter Treatment"]
[]
["Year","Notes","Gross Asset Value","Accumulated Amortization","Contributed Capital (Net of Amortization)","Net Asset","Proceeds on Disposition","Residual Net Book Value"]
[null,null,"(A)","(B)","(C)","(D ) = (A) - (B) - (C)","(E)","(F) = (D) - (E)"]
[2006,null,null,null,null,{"$f":"C14-D14-E14","v":0},null,{"$f":"F14-G14","v":0}]
[2007,null,null,null,null,0,null,0]
[2008,null,null,null,null,0,null,0]
[2009,null,null,null,null,0,null,0]
[2010,null,null,null,null,0,null,0]
[2011,null,null,null,null,0,null,0]
[2012,null,null,null,null,0,null,0]
[2013,null,null,null,null,{"$f":"C21-D21-E21","v":0},null,{"$f":"F21-G21","v":0}]
[2014,null,null,null,null,0,null,0]
[2015,"(1)",null,null,null,0,null,0]
[]
["Notes:"]
[]
["(1)","For 2015, please indicate whether the amounts provided are on a forecast or actual basis."]
[]
["Some distributors have transferred the cost of stranded meters from Account 1860 - Meters to \"Sub-account Stranded Meter Costs of Account 1555\", while in some cases distributors have left these costs in Account 1860.  Depending on which treatment the applicant has chosen. please provide the information under either of the two scenarios (A and B below), as applicable."]
[]
[]
[]
[]
["Scenario A:  If the stranded meter costs were transferred to \"Sub-account Stranded Meter Costs\" of Account 1555, the above table should be completed and the following information should be provided in Exhibit 9."]
[]
[]
[1,"A description of the accounting treatment followed by the applicant on stranded meter costs for financial accounting and reporting purposes."]
[]
[]
[2,"The amount of the pooled residual net book value of the removed from service stranded meters, less any contributed capital (net of accumulated amortization), and less any net proceeds from sales, which were transferred to this sub-account as of December 31, 2010."]
[]
[]
[]
[3,"A statement as to whether or not, since transferring the removed stranded meter costs to the sub-account, the recording of depreciation expenses was continued in order to reduce the net book value through accumulated depreciation.  If so, the total depreciation expense amount for the period from the time the costs for the stranded meters were transferred to the sub-account to December 31, 2010 should be provided."]
[]
[]
[]
[]
[null,"If no depreciation expenses were recorded to reduce the net book value of stranded meter costs through accumulated depreciation, the total depreciation expense amount that would have been applicable from the time that the stranded meter costs were transferred to the sub-account of Account 1555 to December 31, 2010 should be provided.  In addition, the following information should be provided:"]
[]
[]
[]
[]
[null,"a)","Whether or not carrying charges were recorded for the stranded meter cost balances in the sub-account, and if so, the total carrying charges recorded to December 31, 2010."]
[]
[]
[null,"b)","The estimated amount of the pooled residual net book value of the removed from service meters, less any net proceeds from sales and contributed capital, at the time when the smart meters will have been fully deployed (e.g., as of December 31, 2010).  If the smart meters have been fully deployed, the actual amount should be provided."]
[]
[]
[]
[]
[null,"c)","A description as to how the applicant intends to recover in rates the remaining costs for stranded meters, including the proposed accounting treatment, the proposed disposition period, and the associated bill impacts."]
[]
[]
[]
["Scenario B:  If the stranded meter costs remained recorded in Account 1860, the above table should be completed and the following information should be provided in Exhibit 9:"]
[]
[]
[1,"A description of the accounting treatment followed by the applicant on stranded meter costs for financial accounting and reporting purposes."]
[]
[]
[2,"The amount of the pooled residual net book value of the removed from service stranded meters, less any contributed capital (net of accumulated amortization), and less any net proceeds from sales, as of December 31, 2010."]
[]
[]
[]
[3,"A statement as to whether or not the recording of depreciation expenses continued in order to reduce the net book value through accumulated depreciation.  If so, provision of the total (cumulative) depreciation expense for the period from the time that the meters became stranded to December 31, 2010."]
[]
[]
[]
[4,"If no depreciation expenses were recorded to reduce the net book value of stranded meters through accumulated depreciation, the total (cumulative) depreciation expense amount that would have been applicable for the period from the time that the meters became stranded to December 31, 2010."]
[]
[]
[]
[5,"The estimated amount of the pooled residual net book value of the removed from service meters, less any net proceeds from sales and contributed capital, at the time when smart meters will have been fully deployed.  If the smart meters have been fully deployed, please provide the actual amount."]
[]
[]
[]
[6,"A description as to how the applicant intends to recover in rates the costs for stranded meters, including the proposed accounting treatment, the proposed disposition period and the associated bill impacts."]
[]
[]
["Distributors should also provide the Net Book Value per class of meter as of December 31, 2010 as well as the number of meters that were removed / stranded.  In preparing this information, distributors should review the Board's letter of January 16, 2007 Stranded Meter Costs Related to the Installation of Smart Meters which stated that records were to be kept of the type and number of each meter to support the stranded meter costs."]

{"sheet":"App.2-TA_1592_Tax_Variance","index":46,"n_rows":56,"n_cols":5,"rows_kept":56,"cut":false,"hidden":false,"merged":[[17,0,17,2],[8,0,8,4],[9,0,9,4],[11,0,11,4],[13,0,15,2],[16,0,16,2],[33,0,33,2],[18,0,18,2],[19,0,19,2],[20,0,20,2],[21,0,21,2],[25,0,25,2],[26,0,26,2],[27,0,27,2],[28,0,28,2],[29,0,29,2],[30,0,30,2],[31,0,31,2],[22,0,22,2],[23,0,23,2],[24,0,24,2],[32,0,32,2],[34,0,34,2],[35,0,35,2],[39,0,40,0],[39,1,40,4],[42,0,43,0],[42,1,42,4],[55,0,56,0],[55,1,56,4],[44,0,45,0],[44,1,45,4],[47,0,48,0],[47,1,48,4],[50,0,53,0],[50,1,53,4]]}
[null,null,"File Number:",null,{"$f":"EBNUMBER","v":0}]
[null,null,"Exhibit:"]
[null,null,"Tab:"]
[null,null,"Schedule:"]
[null,null,"Page:"]
[]
[null,null,"Date:"]
[]
["Appendix 2-TA"]
["Account 1592, PILs and Tax Variances for 2006 and Subsequent Years\nand Subsequent Years"]
[]
["The following table should be completed based on the information requested below, in accordance with the notes following the table. An explanation should be provided for any blank entries."]
[]
["Tax Item",null,null,null,"Principal as of"]
[null,null,null,null,"December 31,"]
[null,null,null,null,"20XX"]
["Large Corporation Tax grossed-up proxy from 2006 EDR application PILs model for the period from May 1, 2006 to April 30, 2007"]
["Large Corporation Tax grossed-up proxy from 2006 EDR application PILs model for the period from January 1, 2006 to April 30, 2006 (4/12ths of the approved grossed-up proxy), if not recorded in PILs account 1562"]
["Ontario Capital Tax rate decrease and increase in capital deduction for 2007"]
["Ontario Capital Tax rate decrease and increase in capital deduction for 2008"]
["Ontario Capital Tax rate decrease and increase in capital deduction for 2009"]
["Ontario Capital Tax rate decrease and increase in capital deduction for 2010"]
["Ontario Capital Tax rate decrease and increase in capital deduction for 2011"]
["Ontario Capital Tax rate decrease and increase in capital deduction for 2012"]
["Ontario Capital Tax rate decrease and increase in capital deduction for 2013"]
["Capital Cost Allowance class changes from 2006 EDR application for 2006"]
["Capital Cost Allowance class changes from 2006 EDR application for 2007"]
["Capital Cost Allowance class changes from 2006 EDR application for 2008"]
["Capital Cost Allowance class changes from 2006 EDR application for 2009"]
["Capital Cost Allowance class changes from 2006 EDR application for 2010"]
["Capital Cost Allowance class changes from 2006 EDR application for 2011"]
["Capital Cost Allowance class changes from 2006 EDR application for 2012"]
["Capital Cost Allowance class changes from 2006 EDR application for 2013"]
["Capital Cost Allowance class changes from any prior application not recorded above.  Please provide details and explanation separately."]
["Insert description of additional item(s) and new rows if needed."]
["Total",null,null,null,{"$f":"SUM(E17:E35)","v":0}]
[]
["Notes:"]
[]
[1,"Revise the deferral and variance account continuity schedule to include account 1592 as a group 2 account and enter all relevant information for transactions, adjustments, etc., for all relevant years."]
[]
[]
[2,"Describe each type of tax item that has been recorded in account 1592."]
[]
[3,"Provide the calculations that show how each item was determined and provide any pertinent supporting evidence and documentation."]
[]
[]
[4,"Please state whether or not the applicant followed the guidance provided in the FAQ of July 2007.  If not, please provide an explanation."]
[]
[]
[5,"Identify the account balance as of December 31, 2012 as per the 2012 Audited Financial Statements.  Identify the account balance as of December 31, 2012 as per the April 2013 2.1.7 RRR filing to the Board.  Provide a reconciliation if the balances provided are not identical to each other and to the total shown on the continuity schedule."]
[]
[]
[]
[]
[6,"Complete the above table based on the answers to the previous.  Add rows as required to complete the analysis in an informative manner.  Please provide the completed table as a working Excel spreadsheet."]

{"sheet":"App.2-TB_1592_HST-OVAT","index":47,"n_rows":32,"n_cols":11,"rows_kept":32,"cut":false,"hidden":false,"merged":[[31,0,31,10],[8,0,8,9],[9,0,9,9],[10,0,10,9],[13,0,14,9],[16,0,16,9],[12,0,12,9]]}
[null,null,null,null,null,null,"File Number:",null,null,{"$f":"EBNUMBER","v":0}]
[null,null,null,null,null,null,"Exhibit:"]
[null,null,null,null,null,null,"Tab:"]
[null,null,null,null,null,null,null,null,null,"Schedule:"]
[null,null,null,null,null,null,null,null,null,"Page:"]
[]
[null,null,null,null,null,null,null,null,null,"Date:"]
[]
["Appendix 2-TB"]
["Account 1592, PILs and Tax Variances for 2006 and Subsequent Years,\nand Subsequent Years"]
["Sub-account HST/OVAT Input Tax Credits (ITCs)"]
[]
["The following table should be completed based on the information requested below.  An explanation should be provided for any blank entries."]
["100% of the balance in Account 1592,  PILs and Tax Variances for 2006 and Subsequent Years, Sub-account HST/OVAT Input Tax Credits (ITCs), should be recorded in this table."]
[]
[]
["Summary of PST Savings from 2009 Historic Year Analysis"]
[]
[null,null,"Principal \n2010","Principal \n2011","Principal \n2012","Principal \n2013","Principal \n2014","Principal \n2015","Principal \nJan-April 2016 1","Carrying Charges to April 30, 2016","Total Account 1592, sub-account HST/OVAT Balance"]
[]
[]
[]
["OM&A Expenses PST Savings",null,null,null,null,null,null,null,null,null,{"$f":"SUM(C23:J23)","v":0}]
["Capital Items PST Savings",null,null,null,null,null,null,null,null,null,{"$f":"SUM(C24:J24)","v":0}]
["Total Annual PST Savings 2",null,{"$f":"SUM(C23:C24)","v":0},0,0,0,null,null,0,0,0]
[]
["Notes:"]
[]
["1 Include January to April 30, 2016 PST savings if the rate year begins May 1, 2016.  If the rate year begins Jan 1, 2016, include PST savings to December 31, 2015."]
["2 Derived PST savings proxy for each year per 2009 historical year analysis"]
[]
["Note: Assumes level OM&A and Capital Spending year over year.  An alternative detailed transactional analysis may also be performed using actual expenditures from 2010 to the start of the rate year."]

{"sheet":"App.2-U_IFRS Transition Costs","index":48,"n_rows":35,"n_cols":17,"rows_kept":35,"cut":false,"hidden":false,"merged":[[16,0,16,2],[8,0,8,18],[9,0,9,18],[13,0,15,2],[13,16,15,16],[13,11,14,11],[13,12,14,12],[13,13,15,13],[13,14,15,14],[13,15,15,15],[11,0,11,16],[28,0,28,2],[17,0,17,2],[18,0,18,2],[19,0,19,2],[20,0,20,2],[21,0,21,2],[22,0,22,2],[23,0,23,2],[24,0,24,2],[25,0,25,2],[26,0,26,2],[27,0,27,2],[32,1,32,16],[40,0,43,0],[40,1,43,4],[45,0,46,0],[45,1,46,4],[33,1,33,4],[34,0,35,0],[37,0,38,0],[37,1,38,4],[34,1,34,16]]}
[]
[null,null,null,null,null,null,null,null,null,null,null,null,null,null,null,"File Number:",{"$f":"EBNUMBER","v":0}]
[null,null,null,null,null,null,null,null,null,null,null,null,null,null,null,"Exhibit:"]
[null,null,null,null,null,null,null,null,null,null,null,null,null,null,null,"Tab:"]
[null,null,null,null,null,null,null,null,null,null,null,null,null,null,null,"Schedule:"]
[null,null,null,null,null,null,null,null,null,null,null,null,null,null,null,"Page:"]
[]
[null,null,null,null,null,null,null,null,null,null,null,null,null,null,null,"Date:"]
["Appendix 2-U"]
["One-Time Incremental IFRS Transition Costs"]
[]
["The following table should be completed based on the information requested below. An explanation should be provided for any blank entries.  The entries should include one-time incremental IFRS transition costs that are currently included in Account 1508, Other Regulatory Assets, sub-account Deferred IFRS Transition Costs Account, or Account 1508, Other Regulatory Assets, sub-account IFRS Transition Costs Variance Account."]
[]
["Nature of One-Time Incremental IFRS Transition Costs 1",null,null,null,"Audited Actual","Audited Actual","Audited Actual","Audited Actual","Audited Actual","Audited Actual","Audited Carrying","Forecasted Costs ","Forecasted Costs ","Total Costs Including  Carrying Charges","Carrying Charges January 1, 2015 to December 31,2015/April 30, 2016 (As appropriate)","Total Costs and Carrying Charges","Reasons why the costs recorded meet the criteria of one-time IFRS administrative incremental costs"]
[null,null,null,null,"Costs Incurred","Costs Incurred","Costs Incurred","Costs Incurred","Costs Incurred","Costs Incurred","Charges"]
[null,null,null,null,2009,2010,2011,2012,2013,2014,"to Dec 31, 2014",2015,"2016 3"]
["professional accounting fees",null,null,null,null,null,null,null,null,null,null,null,null,{"$f":"SUM(E17:M17)","v":0},null,{"$f":"SUM(N17,O17)","v":0}]
["professional legal fees",null,null,null,null,null,null,null,null,null,null,null,null,{"$f":"SUM(E18:M18)","v":0},null,0]
["salaries, wages and benefits of staff added to support the transition to IFRS",null,null,null,null,null,null,null,null,null,null,null,null,0,null,0]
["associated staff training and development costs",null,null,null,null,null,null,null,null,null,null,null,null,0,null,0]
["costs related to system upgrades, or replacements or changes where IFRS was the major reason for conversion",null,null,null,null,null,null,null,null,null,null,null,null,0,null,0]
[null,null,null,null,null,null,null,null,null,null,null,null,null,0,null,0]
[null,null,null,null,null,null,null,null,null,null,null,null,null,0,null,0]
[null,null,null,null,null,null,null,null,null,null,null,null,null,0,null,0]
[null,null,null,null,null,null,null,null,null,null,null,null,null,0,null,0]
["Amounts, if any, included in previous Board approved rates (amounts should be negative) 3",null,null,null,null,null,null,null,null,null,null,null,null,0,null,0]
[null,null,null,null,null,null,null,null,null,null,null,null,null,0,null,0]
["Insert description of additional item(s) and new rows if needed.",null,null,null,null,null,null,null,null,null,null,null,null,0,null,0]
["Total",null,null,null,{"$f":"SUM(E17:E28)","v":0},{"$f":"SUM(F17:F28)","v":0},0,0,0,null,{"$f":"SUM(K17:K28)","v":0},0,0,{"$f":"SUM(N17:N28)","v":0},null,{"$f":"SUM(P17:P28)","v":0}]
[]
[]
["Note:"]
[1,"The Deferred IFRS Transition Costs Account and the IFRS Transition Costs Variance Account are exclusively for necessary, incremental transition costs and shall not include ongoing IFRS compliance costs or impacts arising from adopting accounting policy changes that reflect changes in the timing of the recognition of income. The incremental costs in these accounts shall not include costs related to system upgrades, or replacements or changes where IFRS was not the major reason for conversion. In addition, incremental IFRS costs shall not include capital assets or expenditures."]
[2,"If there were any amounts approved in previous Board approved rates, please state the EB #:"]
[3,"Any forecasted One-time costs past 2015 should be fully explained in the application, since distributors were required to adopt IFRS or an alternative accounting standard by January 1, 2015."]

{"sheet":"App.2-V_Rev_Reconciliation","index":49,"n_rows":35,"n_cols":16,"rows_kept":35,"cut":false,"hidden":false,"merged":[[34,0,35,13],[32,0,33,13],[8,0,8,15],[11,10,12,10],[9,0,9,15],[11,5,11,6],[11,2,11,4],[11,12,12,12],[11,13,12,13],[11,14,12,14],[11,15,12,15],[11,1,12,1],[12,8,12,9],[11,7,11,9]]}
[null,null,null,null,null,null,null,null,null,null,null,null,null,null,"File Number:",{"$f":"EBNUMBER","v":0}]
[null,null,null,null,null,null,null,null,null,null,null,null,null,null,"Exhibit:"]
[null,null,null,null,null,null,null,null,null,null,null,null,null,null,"Tab:"]
[null,null,null,null,null,null,null,null,null,null,null,null,null,null,"Schedule:"]
[null,null,null,null,null,null,null,null,null,null,null,null,null,null,"Page:"]
[]
[null,null,null,null,null,null,null,null,null,null,null,null,null,null,"Date:"]
[]
["Appendix 2-V"]
["Revenue Reconciliation"]
[]
["Rate Class","Customers/ Connections","Number of Customers/Connections",null,null,"Test Year Consumption",null,"Proposed Rates",null,null,"Revenues at Proposed Rates",null,"Class Specific Revenue Requirement","Transformer Allowance Credit","Total","Difference"]
[null,null,"Start of Test Year","End of Test Year","Average","kWh","kW","Monthly Service Charge","Volumetric"]
[]
["Residential","Customers",null,null,{"$f":"IF(SUM(C15:D15)=0,0,AVERAGE(C15:D15))","v":0},null,null,null,null,null,{"$f":"H15*E15*12+I15*F15+J15*G15","v":0},null,null,null,{"$f":"SUM(M15:N15)","v":0},{"$f":"O15-K15","v":0}]
["GS < 50 kW","Customers",null,null,0,null,null,null,null,null,0,null,null,null,0,0]
["GS > 50 to 4,999 kW","Customers",null,null,0,null,null,null,null,null,0,null,null,null,0,0]
["Large Use",null,null,null,0,null,null,null,null,null,0,null,null,null,0,0]
["Streetlighting","Customers",null,null,0,null,null,null,null,null,0,null,null,null,0,0]
["Sentinel Lighting","Connections",null,null,0,null,null,null,null,null,0,null,null,null,0,0]
["Unmetered Scattered Load","Connections",null,null,0,null,null,null,null,null,0,null,null,null,0,0]
["Standby Power",null,null,null,0,null,null,null,null,null,0,null,null,null,0,0]
["Embedded Distributor Class","Customers",null,null,0,null,null,null,null,null,0,null,null,null,0,0]
["etc.",null,null,null,0,null,null,null,null,null,0,null,null,null,0,0]
[null,null,null,null,0,null,null,null,null,null,0,null,null,null,0,0]
[null,null,null,null,0,null,null,null,null,null,0,null,null,null,0,0]
[null,null,null,null,0,null,null,null,null,null,0,null,null,null,0,0]
[]
["Total",null,null,null,null,null,null,null,null,null,{"$f":"SUM(K15:K27)","v":0},null,{"$f":"SUM(M15:M27)","v":0},{"$f":"SUM(N15:N27)","v":0},{"$f":"M29+N29","v":0},{"$f":"O29-K29","v":0}]
[]
["Note"]
[]
["1       The class specific revenue requirements in column N must be the amounts used in the final rate design process.  The total of column N should equate to the proposed base revenue requirement."]
[]
["2       Rates should be entered with the number of decimal places that will show on the Tariff of Rates and Charges."]

{"sheet":"App.2-W_Bill Impacts","index":50,"n_rows":775,"n_cols":21,"rows_kept":775,"cut":false,"hidden":false,"merged":[[760,3,760,4],[761,3,761,4],[766,3,766,4],[767,3,767,4],[772,3,772,4],[773,3,773,4],[702,3,702,4],[703,3,703,4],[707,4,707,6],[708,4,708,6],[715,5,715,7],[715,8,715,10],[715,11,715,12],[716,4,717,4],[716,11,717,11],[716,12,717,12],[645,8,645,10],[645,11,645,12],[646,4,647,4],[646,11,647,11],[646,12,647,12],[690,3,690,4],[691,3,691,4],[696,3,696,4],[697,3,697,4],[620,3,620,4],[621,3,621,4],[626,3,626,4],[627,3,627,4],[632,3,632,4],[633,3,633,4],[637,4,637,6],[638,4,638,6],[645,5,645,7],[563,3,563,4],[567,4,567,6],[568,4,568,6],[575,5,575,7],[575,8,575,10],[575,11,575,12],[576,4,577,4],[576,11,577,11],[576,12,577,12],[505,11,505,12],[506,4,507,4],[506,11,507,11],[506,12,507,12],[550,3,550,4],[551,3,551,4],[556,3,556,4],[557,3,557,4],[562,3,562,4],[481,3,481,4],[486,3,486,4],[487,3,487,4],[492,3,492,4],[493,3,493,4],[497,4,497,6],[498,4,498,6],[505,5,505,7],[505,8,505,10],[427,4,427,6],[428,4,428,6],[435,5,435,7],[435,8,435,10],[435,11,435,12],[436,4,437,4],[436,11,437,11],[436,12,437,12],[480,3,480,4],[423,3,423,4],[410,3,410,4],[411,3,411,4],[416,3,416,4],[417,3,417,4],[422,3,422,4],[358,4,358,6],[365,5,365,7],[365,8,365,10],[365,11,365,12],[366,4,367,4],[366,11,367,11],[366,12,367,12],[346,3,346,4],[347,3,347,4],[352,3,352,4],[353,3,353,4],[357,4,357,6],[296,4,297,4],[296,11,297,11],[296,12,297,12],[340,3,340,4],[341,3,341,4],[287,4,287,6],[288,4,288,6],[295,5,295,7],[295,8,295,10],[295,11,295,12],[271,3,271,4],[276,3,276,4],[277,3,277,4],[282,3,282,4],[283,3,283,4],[225,11,225,12],[226,4,227,4],[226,11,227,11],[226,12,227,12],[270,3,270,4],[213,3,213,4],[217,4,217,6],[218,4,218,6],[225,5,225,7],[225,8,225,10],[200,3,200,4],[201,3,201,4],[206,3,206,4],[207,3,207,4],[212,3,212,4],[148,4,148,6],[155,5,155,7],[155,8,155,10],[155,11,155,12],[156,4,157,4],[156,11,157,11],[156,12,157,12],[136,3,136,4],[137,3,137,4],[142,3,142,4],[143,3,143,4],[147,4,147,6],[86,4,87,4],[86,11,87,11],[86,12,87,12],[130,3,130,4],[131,3,131,4],[77,4,77,6],[78,4,78,6],[85,5,85,7],[85,8,85,10],[85,11,85,12],[73,3,73,5],[71,3,71,5],[63,3,63,5],[64,3,64,5],[69,3,69,5],[70,3,70,5],[72,3,72,5],[66,3,66,5],[67,3,67,5],[68,3,68,5],[65,3,65,5],[54,3,54,5],[55,3,55,5],[56,3,56,5],[57,3,57,5],[58,3,58,5],[59,3,59,5],[60,3,60,5],[61,3,61,5],[62,3,62,5],[51,6,53,6],[51,7,51,12],[51,13,51,14],[52,7,52,8],[52,9,52,10],[52,11,52,12],[52,13,52,14],[46,3,46,5],[35,3,35,5],[36,3,36,5],[37,3,37,5],[38,3,38,5],[39,3,39,5],[40,3,40,5],[41,3,41,5],[42,3,42,5],[43,3,43,5],[44,3,44,5],[45,3,45,5],[47,3,47,5],[48,3,48,5],[51,3,53,5],[34,3,34,5],[2,2,2,10],[9,3,9,12],[10,3,10,12],[10,13,10,14],[11,3,11,12],[28,3,28,5],[29,3,29,5],[30,3,30,5],[31,3,31,5],[32,3,32,5],[33,3,33,5]]}
[null,null,null,null,null,null,null,null,null,null,null,"File Number:",{"$f":"EBNUMBER","v":0},null,null,null,null,null,null,1]
[null,null,null,null,null,null,null,null,null,null,null,"Exhibit:"]
[null,null,null,null,null,null,null,null,null,null,null,"Tab:"]
[null,null,null,null,null,null,null,null,null,null,null,"Schedule:"]
[null,null,null,null,null,null,null,null,null,null,null,"Page:"]
[]
[null,null,null,null,null,null,null,null,null,null,null,"Date:"]
[]
[]
[null,null,null,"Appendix 2-W"]
[null,null,null,"Bill Impacts"]
[null,null,null,"The bill comparisons below must be provided for typical customers and consumption levels.  Bill impacts must be provided for residential customers consuming 800 kWh per month and general service customers consuming 2,000 kWh per month and having a monthly demand of less than 50 kW.  In addition, distributors must provide a range that is relevant to their service territory, class by class.  A general guideline of consumption is provided below:\n\nResidential (kWh) - 100, 250, 500, 800, 1000, 1500, 2000 (for customers on TOU and customers on retailer contracts)\nGS<50kW (kWh) - 1000, 2000, 5000, 10000, 15000 (for customers on TOU and customers on retailer contracts)\nGS>50kW (kW) - 60, 100, 500, 1000 \nLarge User - range appropriate for utility \nLighting Classes and USL - 150 kWh and 1 kW, range appropriate for utility.\n\nFor certain classes where one or more customers have unique consumption and demand patterns and which may be significantly impacted by the proposed rate changes, the distributor must show a typical comparison, and provide an explanation.\n\nNote: The Ontario Clean Energy Benefit is applicable to eligible customers only.  Refer to the Ontario Clean Energy Benefit Act, 2010.  Effective until December 31, 2015."]
[null,null,null,"Note that cells with the highlighted color shown to the left indicate quantities that are loss adjusted."]
[]
[]
[]
[]
[]
[]
[]
[]
[]
[]
[]
[]
[]
[]
[null,null,null,"Table 1"]
[null,null,null,"RATE CLASSES / CATEGORIES \n(eg: Residential TOU, Residential Retailer)",null,null,"Units","RPP?\nNon-RPP Retailer?\nNon-RPP\nOther?","OCEB Applicable?","Current \nLoss Factor \n(eg: 1.0351)","Proposed/\nApproved Loss Factor \n(eg: 1.0351)","Consumption (kWh)","Demand kW\n(if applicable)"]
[null,null,1,"Residential ",null,null,"kWh","RPP","No",1.0348999999999999,1.032,750,null,null,null,null,null,null,null,{"$f":"SUM(J30:M30)","v":752.06690000000003},78]
[null,null,2,"Residential ",null,null,"kWh","RPP","No",1.0348999999999999,1.032,277,null,null,null,null,null,null,null,{"$f":"SUM(J31:M31)","v":279.06689999999998},{"$f":"U30+68","v":146}]
[null,null,3,"Residential ",null,null,"kWh","Non-RPP (Retailer)","No",1.0348999999999999,1.032,800,null,null,null,null,null,null,null,802.06690000000003,{"$f":"U31+68","v":214}]
[null,null,4,"General Service Less than 50 kW ",null,null,"kWh","RPP","No",1.0348999999999999,1.032,2000,null,null,null,null,null,null,null,2002.0669,282]
[null,null,5,"General Service Less than 50 kW ",null,null,"kWh","RPP","No",1.0348999999999999,1.032,3000,null,null,null,null,null,null,null,3002.0668999999998,350]
[null,null,6,"General Service 50-4,999 kW",null,null,"kW","Non-RPP (Other)","No",1.0348999999999999,1.032,195000,500,null,null,null,null,null,null,195502.06690000001,418]
[null,null,7,"Street Lighting ",null,null,"kW","Non-RPP (Other)","No",1.0348999999999999,1.032,325,1,null,null,null,null,null,null,328.06689999999998,486]
[null,null,8,"Sentinal Lighting",null,null,"kW","RPP","No",1.0348999999999999,1.032,325,1,null,null,null,null,null,null,328.06689999999998,554]
[null,null,9,"Embedded Distributor ",null,null,"kW","Non-RPP (Other)","No",1.0348999999999999,1.032,1500000,4000,null,null,null,null,null,null,1504002.0669,622]
[null,null,10,"Unmetered Scatter Load",null,null,"kWh","RPP","No",1.0348999999999999,1.032,275,null,null,null,null,null,null,null,277.06689999999998,690]
[null,null,11,"Rate Class 11",null,null,null,null,null,null,null,null,null,null,null,null,null,null,null,0,758]
[null,null,12,"Rate Class 12",null,null,null,null,null,null,null,null,null,null,null,null,null,null,null,0,826]
[null,null,13,"Rate Class 13",null,null,null,null,null,null,null,null,null,null,null,null,null,null,null,0,894]
[null,null,14,"Rate Class 14",null,null,null,null,null,null,null,null,null,null,null,null,null,null,null,0,962]
[null,null,15,"Rate Class 15",null,null,null,null,null,null,null,null,null,null,null,null,null,null,null,0,1030]
[null,null,16,"Rate Class 16",null,null,null,null,null,null,null,null,null,null,null,null,null,null,null,0,1098]
[null,null,17,"Rate Class 17",null,null,null,null,null,null,null,null,null,null,null,null,null,null,null,0,1166]
[null,null,18,"Rate Class 18",null,null,null,null,null,null,null,null,null,null,null,null,null,null,null,0,1234]
[null,null,19,"Rate Class 19",null,null,null,null,null,null,null,null,null,null,null,null,null,null,null,0,1302]
[null,null,20,"Rate Class 20",null,null,null,null,null,null,null,null,null,null,null,null,null,null,null,0,1370]
[]
[null,null,null,"Table 2"]
[null,null,null,"RATE CLASSES / CATEGORIES \n(eg: Residential TOU, Residential Retailer)",null,null,"Units","Sub-Total",null,null,null,null,null,"Total"]
[null,null,null,null,null,null,null,"A",null,"B",null,"C",null,"A + B + C"]
[null,null,null,null,null,null,null,"$","%","$","%","$","%","$","%"]
[null,{"$f":"H30","v":"RPP"},1,{"$f":"IF(ISBLANK(D30), \"\", D30)","v":"Residential "},null,null,{"$f":"IF(ISBLANK(G30), \"\", G30)","v":"kWh"},{"$f":"IF(LEN($G55)>1, (SUMPRODUCT(--($C$78:$C$1000=$C55), --($A$78:$A$1000=$D55), --($B$78:$B$1000=\"ST_A\"), $L$78:$L$1000)), \"\")","v":4.1199999999999974},{"$f":"IF(LEN($G55)>1, (SUMPRODUCT(--($C$78:$C$1000=$C55),--($A$78:$A$1000=$D55), --($B$78:$B$1000=\"ST_A\"), $M$78:$M$1000)), \"\")","v":0.17224080267558517},{"$f":"IF(LEN($G55)>1, (SUMPRODUCT(--($C$78:$C$1000=$C55),--($A$78:$A$1000=$D55), --($B$78:$B$1000=\"ST_B\"), $L$78:$L$1000)), \"\")","v":1.8828455000000019},{"$f":"IF(LEN($G55)>1, (SUMPRODUCT(--($C$78:$C$1000=$C55),--($A$78:$A$1000=$D55), --($B$78:$B$1000=\"ST_B\"), $M$78:$M$1000)), \"\")","v":7.1095001382841472E-2},{"$f":"IF(LEN($G55)>1, (SUMPRODUCT(--($C$78:$C$1000=$C55),--($A$78:$A$1000=$D55), --($B$78:$B$1000=\"ST_C\"), $L$78:$L$1000)), \"\")","v":1.8528305000000032},{"$f":"IF(LEN($G55)>1, (SUMPRODUCT(--($C$78:$C$1000=$C55),--($A$78:$A$1000=$D55), --($B$78:$B$1000=\"ST_C\"), $M$78:$M$1000)), \"\")","v":4.9814329204894564E-2},{"$f":"IF(LEN($G55)>1, (SUMPRODUCT(--($C$78:$C$1000=$C55),--($A$78:$A$1000=$D55), --($B$78:$B$1000=$B55&\"_TOTAL\"), $L$78:$L$1000)), \"\")","v":2.0789519650000443},{"$f":"IF(LEN($G55)>1, (SUMPRODUCT(--($C$78:$C$1000=$C55),--($A$78:$A$1000=$D55), --($B$78:$B$1000=$B55&\"_TOTAL\"), $M$78:$M$1000)), \"\")","v":1.5498529298404895E-2}]
[null,{"$f":"H31","v":"RPP"},2,"Residential ",null,null,"kWh",{"$f":"IF(LEN($G56)>1, (SUMPRODUCT(--($C$78:$C$1000=$C56), --($A$78:$A$1000=$D56), --($B$78:$B$1000=\"ST_A\"), $L$78:$L$1000)), \"\")","v":5.1606000000000023},{"$f":"IF(LEN($G56)>1, (SUMPRODUCT(--($C$78:$C$1000=$C56),--($A$78:$A$1000=$D56), --($B$78:$B$1000=\"ST_A\"), $M$78:$M$1000)), \"\")","v":0.27571726238179212},{"$f":"IF(LEN($G56)>1, (SUMPRODUCT(--($C$78:$C$1000=$C56),--($A$78:$A$1000=$D56), --($B$78:$B$1000=\"ST_B\"), $L$78:$L$1000)), \"\")","v":4.43525093800001},{"$f":"IF(LEN($G56)>1, (SUMPRODUCT(--($C$78:$C$1000=$C56),--($A$78:$A$1000=$D56), --($B$78:$B$1000=\"ST_B\"), $M$78:$M$1000)), \"\")","v":0.2199805065723302},{"$f":"IF(LEN($G56)>1, (SUMPRODUCT(--($C$78:$C$1000=$C56),--($A$78:$A$1000=$D56), --($B$78:$B$1000=\"ST_C\"), $L$78:$L$1000)), \"\")","v":4.4241653980000137},{"$f":"IF(LEN($G56)>1, (SUMPRODUCT(--($C$78:$C$1000=$C56),--($A$78:$A$1000=$D56), --($B$78:$B$1000=\"ST_C\"), $M$78:$M$1000)), \"\")","v":0.183438116296092},{"$f":"IF(LEN($G56)>1, (SUMPRODUCT(--($C$78:$C$1000=$C56),--($A$78:$A$1000=$D56), --($B$78:$B$1000=$B56&\"_TOTAL\"), $L$78:$L$1000)), \"\")","v":4.9938605257400184},{"$f":"IF(LEN($G56)>1, (SUMPRODUCT(--($C$78:$C$1000=$C56),--($A$78:$A$1000=$D56), --($B$78:$B$1000=$B56&\"_TOTAL\"), $M$78:$M$1000)), \"\")","v":8.1266637115706197E-2}]
[null,"Non-RPP (Retailer)",3,"Residential ",null,null,"kWh",3.769999999999996,0.13824715804913809,1.4104799999999997,4.7811066156132377E-2,1.378464000000001,3.3681522467054067E-2,1.5419347199999436,8.7524666471534736E-3]
[null,"RPP",4,"General Service Less than 50 kW ",null,null,"kWh",8.6600000000000037,0.18204750893420232,2.6675880000000305,5.0247119140908882E-2,2.5968280000000306,3.3147780268940781E-2,2.8950916400000324,8.6763192971438252E-3]
[null,"RPP",5,"General Service Less than 50 kW ",null,null,"kWh",10.86,0.19937580319441894,1.8713820000000112,3.0012192630670675E-2,1.7652420000000149,1.7611666954899852E-2,1.9357374599999844,4.0256706185687842E-3]
[null,"Non-RPP (Other)",6,"General Service 50-4,999 kW",null,null,"kW",443.45999999999981,0.25111980656084887,-131.05409161847592,-5.9379218429173479E-2,-131.2540916184762,-3.0569208071061865E-2,-209.34305602887616,-7.8611825318342255E-3]
[null,"Non-RPP (Other)",7,"Street Lighting ",null,null,"kW",3.7113999999999998,1.0336721905027155,2.5930095000000044,0.41780074393395666,2.5901095000000041,0.25502163383090193,2.9216051125000106,6.2301731463267257E-2]
[null,"RPP",8,"Sentinal Lighting",null,null,"kW",4.1850999999999985,0.17774219715534334,3.1911330500000048,0.12695861327142138,3.1908330500000055,0.10990584752417318,3.5992511965000062,4.9385684987508678E-2]
[null,"Non-RPP (Other)",9,"Embedded Distributor ",null,null,"kW",3930.2999999999993,0.55178368361201191,2852.2999999999993,0.34739704938438504,2850.6999999999971,0.11447081891589413,2775.9466999999713,1.4839301657180741E-2]
[null,"RPP",10,"Unmetered Scatter Load",null,null,"kWh",2.6474999999999973,0.1770015042620757,1.7960433500000015,0.10934622753189802,0.963293850000003,4.8413104618007338E-2,1.0831150005000012,1.9191877966516245E-2]
[null,0,11,"Rate Class 11",null,null,null,"","","","","","","",""]
[null,0,12,"Rate Class 12",null,null,null,"","","","","","","",""]
[null,0,13,"Rate Class 13",null,null,null,"","","","","","","",""]
[null,0,14,"Rate Class 14",null,null,null,"","","","","","","",""]
[null,0,15,"Rate Class 15",null,null,null,"","","","","","","",""]
[null,0,16,"Rate Class 16",null,null,{"$f":"IF(ISBLANK(G45), \"\", G45)","v":""},"","","","","","","",""]
[null,0,17,"Rate Class 17",null,null,{"$f":"IF(ISBLANK(G46), \"\", G46)","v":""},"","","","","","","",""]
[null,0,18,"Rate Class 18",null,null,{"$f":"IF(ISBLANK(G47), \"\", G47)","v":""},"","","","","","","",""]
[null,0,19,"Rate Class 19",null,null,{"$f":"IF(ISBLANK(G48), \"\", G48)","v":""},"","","","","","","",""]
[null,0,20,"Rate Class 20",null,null,{"$f":"IF(ISBLANK(G49), \"\", G49)","v":""},"","","","","","","",""]
[]
[]
[]
[null,null,null,"Customer Class:",{"$f":"D30","v":"Residential "},null,null,null,null,null,null,null,null,null,null,null,null,null,null,"X"]
[null,null,null,"RPP / Non-RPP:",{"$f":"H30","v":"RPP"}]
[null,null,null,"Consumption",{"$f":"L30","v":750},"kWh"]
[null,null,null,"Demand",{"$f":"M30","v":0},"kW"]
[null,null,null,"Current Loss Factor",{"$f":"J30","v":1.0348999999999999}]
[null,null,null,"Proposed/Approved Loss Factor",{"$f":"K30","v":1.032}]
[null,null,null,"Ontario Clean Energy Benefit Applied?",{"$f":"I30","v":"No"}]
[]
[null,null,null,null,null,"Current Board-Approved",null,null,"Proposed",null,null,"Impact"]
[null,null,null,null,"Charge Unit","Rate","Volume","Charge","Rate","Volume","Charge","$ Change","% Change"]
[null,null,null,null,null,"($)",null,"($)","($)",null,"($)"]
[{"$f":"$E78","v":"Residential "},null,null,"Monthly Service Charge",null,14.64,1,{"$f":"G89*F89","v":14.64},{"$f":"'App. 2-Z_Tariff'!D57","v":19.829999999999998},1,{"$f":"J89*I89","v":19.829999999999998},{"$f":"K89-H89","v":5.1899999999999977},{"$f":"IF(ISERROR(L89/H89), \"\", L89/H89)","v":0.35450819672131129}]
[{"$f":"A89","v":"Residential "},null,null,"Smart Meter Rate Adder",null,null,1,{"$f":"G90*F90","v":0},null,1,{"$f":"J90*I90","v":0},0,{"$f":"IF(ISERROR(L90/H90), \"\", L90/H90)","v":""}]
[{"$f":"A90","v":"Residential "},null,null,"Rate Rider for Tax Change",null,0.04,1,0.04,{"$f":"'App. 2-Z_Tariff'!D58","v":0.05},1,{"$f":"J91*I91","v":0.05},1.0000000000000002E-2,0.25000000000000006]
["Residential ",null,null,"RR for residual Historical SM",null,-0.48,1,-0.48,{"$f":"'App. 2-Z_Tariff'!D59","v":-0.48},1,-0.48,0,0]
["Residential ",null,null,"RR for Recovery of Stranded Assets",null,1.47,1,1.47,{"$f":"'App. 2-Z_Tariff'!D60","v":1.47},1,1.47,0,0]
["Residential ",null,null,null,null,null,1,0,null,1,0,0,""]
["Residential ",null,null,"Distribution Volumetric Rate",null,1.0999999999999999E-2,{"$f":"IF($E81>0, $E81, $E80)","v":750},8.25,{"$f":"'App. 2-Z_Tariff'!D62","v":8.5000000000000006E-3},{"$f":"IF($E81>0, $E81, $E80)","v":750},6.3750000000000009,-1.8749999999999991,-0.22727272727272715]
["Residential ",null,null,"Smart Meter Disposition Rider",null,null,{"$f":"IF($E81>0, $E81, $E80)","v":750},0,null,{"$f":"IF($E81>0, $E81, $E80)","v":750},0,0,""]
["Residential ",null,null,"LRAM & SSM Rate Rider",null,null,{"$f":"IF($E81>0, $E81, $E80)","v":750},0,{"$f":"'App. 2-Z_Tariff'!D67","v":0},{"$f":"IF($E81>0, $E81, $E80)","v":750},0,0,""]
["Residential ",null,null,"LRAM (prior to 2011)",null,null,{"$f":"IF($E81>0, $E81, $E80)","v":750},0,{"$f":"'App. 2-Z_Tariff'!D68","v":2.9999999999999997E-4},{"$f":"IF($E81>0, $E81, $E80)","v":750},0.22499999999999998,0.22499999999999998,""]
["Residential ",null,null,"RR for DVA - Group 2",null,null,{"$f":"IF($E81>0, $E81, $E80)","v":750},0,{"$f":"'App. 2-Z_Tariff'!D66","v":0.56999999999999995},1,0.56999999999999995,0.56999999999999995,""]
["Residential ",null,null,null,null,null,{"$f":"IF($E81>0, $E81, $E80)","v":750},0,null,{"$f":"IF($E81>0, $E81, $E80)","v":750},0,0,""]
["Residential ",null,null,null,null,null,{"$f":"IF($E81>0, $E81, $E80)","v":750},0,null,{"$f":"IF($E81>0, $E81, $E80)","v":750},0,0,""]
["Residential ",null,null,null,null,null,{"$f":"IF($E81>0, $E81, $E80)","v":750},0,null,{"$f":"IF($E81>0, $E81, $E80)","v":750},0,0,""]
["Residential ",null,null,null,null,null,{"$f":"IF($E81>0, $E81, $E80)","v":750},0,null,{"$f":"IF($E81>0, $E81, $E80)","v":750},0,0,""]
["Residential ",null,null,null,null,null,{"$f":"IF($E81>0, $E81, $E80)","v":750},0,null,{"$f":"IF($E81>0, $E81, $E80)","v":750},0,0,""]
["Residential ","ST_A",{"$f":"C30","v":1},"Sub-Total A (excluding pass through)",null,null,null,{"$f":"SUM(H89:H104)","v":23.92},null,null,{"$f":"SUM(K89:K104)","v":28.04},4.1199999999999974,{"$f":"IF((H105)=0,\"\",(L105/H105))","v":0.17224080267558517}]
["Residential ",null,null,"Deferral/Variance Account Disposition Rate Rider - Group 1",null,5.0000000000000001E-4,{"$f":"IF($E81>0, $E81, $E80)","v":750},{"$f":"G106*F106","v":0.375},{"$f":"'App. 2-Z_Tariff'!D63","v":-2.9999999999999997E-4},{"$f":"IF($E81>0, $E81, $E80)","v":750},{"$f":"J106*I106","v":-0.22499999999999998},-0.6,-1.5999999999999999]
["Residential ",null,null,"DVA RR for Non-WMP",null,-1.6999999999999999E-3,{"$f":"IF($E81>0, $E81, $E80)","v":750},{"$f":"G107*F107","v":-1.2749999999999999},{"$f":"'App. 2-Z_Tariff'!D64","v":-3.8E-3},{"$f":"IF($E81>0, $E81, $E80)","v":750},{"$f":"J107*I107","v":-2.85},-1.5750000000000002,1.2352941176470591]
["Residential ",null,null,null,null,null,{"$f":"IF($E81>0, $E81, $E80)","v":750},0,null,{"$f":"IF($E81>0, $E81, $E80)","v":750},0,0,""]
["Residential ",null,null,"RR for change in accounting to IFRS",null,null,{"$f":"IF($E81>0, $E81, $E80)","v":750},0,{"$f":"'App. 2-Z_Tariff'!D69","v":0.16},1,0.16,0.16,""]
["Residential ",null,null,"Low Voltage Service Charge",null,null,{"$f":"IF($E81>0, $E81, $E80)","v":750},{"$f":"G110*F110","v":0},null,{"$f":"IF($E81>0, $E81, $E80)","v":750},{"$f":"J110*I110","v":0},0,""]
["Residential ",null,null,"Line Losses on Cost of Power",null,{"$f":"IF((E80*12>=150000), 0, IF(E79=\"RPP\",(F122*0.64+F123*0.18+F124*0.18),IF(E79=\"Non-RPP (Retailer)\",F125,F126)))","v":0.10214000000000001},{"$f":"IF(F111=0, 0, $E80*E82-E80)","v":26.174999999999955},2.6735144999999956,{"$f":"IF((E80*12>=150000), 0, IF(E79=\"RPP\",(I122*0.64+I123*0.18+I124*0.18),IF(E79=\"Non-RPP (Retailer)\",I125,I126)))","v":0.10214000000000001},{"$f":"IF(I111=0, 0, E80*E83-E80)","v":24},2.4513600000000002,-0.22215449999999537,-8.3094555873923906E-2]
["Residential ",null,null,"Smart Meter Entity Charge",null,0.79,1,{"$f":"G112*F112","v":0.79},{"$f":"'App. 2-Z_Tariff'!D61","v":0.79},1,{"$f":"J112*I112","v":0.79},0,0]
["Residential ","ST_B",{"$f":"C30","v":1},"Sub-Total B - Distribution (includes Sub-Total A)",null,null,null,{"$f":"SUM(H106:H112)+H105","v":26.483514499999998},null,null,{"$f":"SUM(K106:K112)+K105","v":28.36636},1.8828455000000019,{"$f":"IF((H113)=0,\"\",(L113/H113))","v":7.1095001382841472E-2}]
["Residential ",null,null,"RTSR - Network",null,8.2000000000000007E-3,{"$f":"IF($E81>0, $E81, $E80*$E82)","v":776.17499999999995},{"$f":"G114*F114","v":6.3646349999999998},{"$f":"'App. 2-Z_Tariff'!D70","v":8.0000000000000002E-3},{"$f":"IF($E81>0, $E81, $E80*$E83)","v":774},{"$f":"J114*I114","v":6.1920000000000002},-0.17263499999999965,-2.7124100596499195E-2]
["Residential ",null,null,"RTSR - Line and Transformation Connection",null,5.5999999999999999E-3,{"$f":"IF($E81>0, $E81, $E80*$E82)","v":776.17499999999995},{"$f":"G115*F115","v":4.3465799999999994},{"$f":"'App. 2-Z_Tariff'!D71","v":5.7999999999999996E-3},{"$f":"IF($E81>0, $E81, $E80*$E83)","v":774},{"$f":"J115*I115","v":4.4891999999999994},0.14261999999999997,3.281200392032356E-2]
["Residential ","ST_C",{"$f":"C30","v":1},"Sub-Total C - Delivery (including Sub-Total B)",null,null,null,{"$f":"SUM(H113:H115)","v":37.194729499999994},null,null,{"$f":"SUM(K113:K115)","v":39.047559999999997},1.8528305000000032,{"$f":"IF((H116)=0,\"\",(L116/H116))","v":4.9814329204894564E-2}]
["Residential ",null,null,"Wholesale Market Service Charge (WMSC)",null,3.5999999999999999E-3,{"$f":"E80*E82","v":776.17499999999995},{"$f":"G117*F117","v":2.7942299999999998},{"$f":"'App. 2-Z_Tariff'!D90","v":3.5999999999999999E-3},{"$f":"E80*E83","v":774},{"$f":"J117*I117","v":2.7864},-7.8299999999997816E-3,-2.8022031114116525E-3]
["Residential ",null,null,"Rural and Remote Rate Protection (RRRP)",null,1.2999999999999999E-3,{"$f":"E80*E82","v":776.17499999999995},1.0090275,{"$f":"'App. 2-Z_Tariff'!D91","v":1.2999999999999999E-3},{"$f":"E80*E83","v":774},1.0062,-2.8274999999999828E-3,-2.8022031114117137E-3]
["Residential ",null,null,"Standard Supply Service Charge",null,0.25,1,0.25,{"$f":"'App. 2-Z_Tariff'!D92","v":0.25},1,0.25,0,0]
["Residential ",null,null,"Debt Retirement Charge (DRC)",null,null,{"$f":"E80","v":750},0,null,{"$f":"IF(ISNUMBER(SEARCH(\"RESIDENTIAL\", UPPER(E78),1)), \"\", E80)","v":""},{"$f":"IF(ISNUMBER(SEARCH(\"RESIDENTIAL\", UPPER(E78),1)), \"\", J120*I120)","v":""},{"$f":"IF(ISNUMBER(SEARCH(\"RESIDENTIAL\", UPPER(E78),1)), \"\", K120-H120)","v":""},""]
["Residential ",null,null,"Ontario Electricity Support Program \n(OESP) ",null,1.1000000000000001E-3,{"$f":"G118","v":776.17499999999995},{"$f":"G121*F121","v":0.85379249999999995},1.1000000000000001E-3,{"$f":"E80*E83","v":774},{"$f":"J121*I121","v":0.85140000000000005},{"$f":"K121-H121","v":-2.3924999999999086E-3},-2.8022031114116235E-3]
[{"$f":"A120","v":"Residential "},"RPP",null,"TOU - Off Peak",null,0.08,{"$f":"IF(AND(E80*12>=150000),0.64*E80*E82,0.64*E80)","v":480},38.4,0.08,{"$f":"IF(AND(E80*12>=150000),0.64*E80*E83,0.64*E80)","v":480},38.4,0,0]
["Residential ","RPP",null,"TOU - Mid Peak",null,0.122,{"$f":"IF(AND(E80*12>=150000),0.18*E80*E82,0.18*E80)","v":135},16.47,0.122,{"$f":"IF(AND(E80*12>=150000),0.18*E80*E83,0.18*E80)","v":135},16.47,0,0]
["Residential ","RPP",null,"TOU - On Peak",null,0.161,{"$f":"IF(AND(E80*12>=150000),0.18*E80*E82,0.18*E80)","v":135},21.734999999999999,0.161,{"$f":"IF(AND(E80*12>=150000),0.18*E80*E83,0.18*E80)","v":135},21.734999999999999,0,0]
["Residential ","Non-RPP (Retailer)",null,"Non-RPP Retailer Avg. Price",null,8.5999999999999993E-2,{"$f":"IF(AND(E80*12>=150000),E80*E82,E80)","v":750},{"$f":"G125*F125","v":64.5},8.5999999999999993E-2,{"$f":"IF(AND(E80*12>=150000),E80*E83,E80)","v":750},{"$f":"J125*I125","v":64.5},0,0]
["Residential ","Non-RPP (Other)",null,"Average IESO Wholesale Market Price",null,{"$f":"0.0906","v":9.06E-2},{"$f":"IF(AND(E80*12>=150000),E80*E82,E80)","v":750},{"$f":"G126*F126","v":67.95},{"$f":"0.0906","v":9.06E-2},{"$f":"IF(AND(E80*12>=150000),E80*E83,E80)","v":750},{"$f":"J126*I126","v":67.95},0,0]
["Residential "]
["Residential ","RPP",null,"Total Bill on TOU (before Taxes)",null,null,null,{"$f":"SUM(H117:H124,H116)","v":118.70677949999998},null,null,{"$f":"SUM(K117:K124,K116)","v":120.54656},{"$f":"K128-H128","v":1.8397805000000176},{"$f":"IF((H128)=0,\"\",(L128/H128))","v":1.5498529298404713E-2}]
["Residential ","RPP",null,"HST",null,0.13,null,{"$f":"H128*F129","v":15.431881334999998},0.13,null,{"$f":"K128*I129","v":15.6710528},{"$f":"K129-H129","v":0.23917146500000186},{"$f":"IF((H129)=0,\"\",(L129/H129))","v":1.5498529298404683E-2}]
["Residential ","RPP",null,"Total Bill (including HST)",null,null,null,{"$f":"H128+H129","v":134.13866083499997},null,null,{"$f":"K128+K129","v":136.21761280000001},{"$f":"K130-H130","v":2.0789519650000443},{"$f":"IF((H130)=0,\"\",(L130/H130))","v":1.5498529298404895E-2}]
["Residential ","RPP",null,"Ontario Clean Energy Benefit 1"]
["Residential ","RPP_TOTAL",{"$f":"C30","v":1},"Total Bill on TOU",null,null,null,{"$f":"H130+H131","v":134.13866083499997},null,null,{"$f":"K130+K131","v":136.21761280000001},{"$f":"K132-H132","v":2.0789519650000443},{"$f":"IF((H132)=0,\"\",(L132/H132))","v":1.5498529298404895E-2}]
["Residential ","RPP"]
["Residential ","Non-RPP (Retailer)",null,"Total Bill on Non-RPP Avg. Price",null,null,null,{"$f":"SUM(H125,H116,H117:H122)","v":145.0017795},null,null,{"$f":"SUM(K125,K116,K117:K122)","v":146.84156000000002},{"$f":"K134-H134","v":1.8397805000000176},{"$f":"IF((H134)=0,\"\",(L134/H134))","v":1.2687985667100159E-2}]
["Residential ","Non-RPP (Retailer)",null,"HST",null,0.13,null,{"$f":"H134*F135","v":18.850231335},0.13,null,{"$f":"K134*I135","v":19.089402800000002},{"$f":"K135-H135","v":0.23917146500000186},{"$f":"IF((H135)=0,\"\",(L135/H135))","v":1.2687985667100136E-2}]
["Residential ","Non-RPP (Retailer)",null,"Total Bill (including HST)",null,null,null,{"$f":"H134+H135","v":163.85201083499999},null,null,{"$f":"K134+K135","v":165.93096280000003},{"$f":"K136-H136","v":2.0789519650000443},{"$f":"IF((H136)=0,\"\",(L136/H136))","v":1.2687985667100308E-2}]
["Residential ","Non-RPP (Retailer)",null,"Ontario Clean Energy Benefit 1"]
["Residential ","Non-RPP (Retailer)_TOTAL",null,"Total Bill on Non-RPP Avg. Price",null,null,null,{"$f":"SUM(H136:H137)","v":163.85201083499999},null,null,{"$f":"SUM(K136:K137)","v":165.93096280000003},{"$f":"K138-H138","v":2.0789519650000443},{"$f":"IF((H138)=0,\"\",(L138/H138))","v":1.2687985667100308E-2}]
["Residential ","Non-RPP (Retailer)"]
["Residential ","Non-RPP (Other)",null,"Total Bill on Average IESO Wholesale Market Price",null,null,null,{"$f":"SUM(H126,H116:H120)","v":109.197987},null,null,{"$f":"SUM(K126,K116:K120)","v":111.04016},{"$f":"K140-H140","v":1.8421730000000025},{"$f":"IF((H140)=0,\"\",(L140/H140))","v":1.6870027100408018E-2}]
["Residential ","Non-RPP (Other)",null,"HST",null,0.13,null,{"$f":"H140*F141","v":14.195738309999999},0.13,null,{"$f":"K140*I141","v":14.4352208},{"$f":"K141-H141","v":0.23948249000000033},{"$f":"IF((H141)=0,\"\",(L141/H141))","v":1.6870027100408018E-2}]
["Residential ","Non-RPP (Other)",null,"Total Bill (including HST)",null,null,null,{"$f":"H140+H141","v":123.39372530999999},null,null,{"$f":"K140+K141","v":125.4753808},{"$f":"K142-H142","v":2.0816554900000028},{"$f":"IF((H142)=0,\"\",(L142/H142))","v":1.6870027100408018E-2}]
["Residential ","Non-RPP (Other)",null,"Ontario Clean Energy Benefit 1"]
["Residential ","Non-RPP (Other)_TOTAL",null,"Total Bill on Average IESO Wholesale Market Price",null,null,null,{"$f":"SUM(H142:H143)","v":123.39372530999999},null,null,{"$f":"SUM(K142:K143)","v":125.4753808},{"$f":"K144-H144","v":2.0816554900000028},{"$f":"IF((H144)=0,\"\",(L144/H144))","v":1.6870027100408018E-2}]
["Residential ","Non-RPP (Other)"]
[]
[]
[null,null,null,"Customer Class:",{"$f":"D31","v":"Residential "},null,null,null,null,null,null,null,null,null,null,null,null,null,null,"X"]
[null,null,null,"RPP / Non-RPP:",{"$f":"H31","v":"RPP"}]
[null,null,null,"Consumption",{"$f":"L31","v":277},"kWh"]
[null,null,null,"Demand",{"$f":"M31","v":0},"kW"]
[null,null,null,"Current Loss Factor",{"$f":"J31","v":1.0348999999999999}]
[null,null,null,"Proposed/Approved Loss Factor",{"$f":"K31","v":1.032}]
[null,null,null,"Ontario Clean Energy Benefit Applied?",{"$f":"I31","v":"No"}]
[]
[null,null,null,null,null,"Current Board-Approved",null,null,"Proposed",null,null,"Impact"]
[null,null,null,null,"Charge Unit","Rate","Volume","Charge","Rate","Volume","Charge","$ Change","% Change"]
[null,null,null,null,null,"($)",null,"($)","($)",null,"($)"]
[{"$f":"$E148","v":"Residential "},null,null,"Monthly Service Charge",null,14.64,1,{"$f":"G159*F159","v":14.64},{"$f":"'App. 2-Z_Tariff'!D57","v":19.829999999999998},1,{"$f":"J159*I159","v":19.829999999999998},{"$f":"K159-H159","v":5.1899999999999977},{"$f":"IF(ISERROR(L159/H159), \"\", L159/H159)","v":0.35450819672131129}]
[{"$f":"A159","v":"Residential "},null,null,"Smart Meter Rate Adder",null,null,1,{"$f":"G160*F160","v":0},null,1,{"$f":"J160*I160","v":0},0,{"$f":"IF(ISERROR(L160/H160), \"\", L160/H160)","v":""}]
[{"$f":"A160","v":"Residential "},null,null,"Rate Rider for Tax Change",null,0.04,1,0.04,{"$f":"'App. 2-Z_Tariff'!D58","v":0.05},1,{"$f":"J161*I161","v":0.05},1.0000000000000002E-2,0.25000000000000006]
["Residential ",null,null,"RR for residual Historical SM",null,-0.48,1,-0.48,{"$f":"'App. 2-Z_Tariff'!D59","v":-0.48},1,-0.48,0,0]
["Residential ",null,null,"RR for Recovery of Stranded Assets",null,1.47,1,1.47,{"$f":"'App. 2-Z_Tariff'!D60","v":1.47},1,1.47,0,0]
["Residential ",null,null,null,null,null,1,0,null,1,0,0,""]
["Residential ",null,null,"Distribution Volumetric Rate",null,1.0999999999999999E-2,{"$f":"IF($E151>0, $E151, $E150)","v":277},3.0469999999999997,{"$f":"'App. 2-Z_Tariff'!D62","v":8.5000000000000006E-3},{"$f":"IF($E151>0, $E151, $E150)","v":277},2.3545000000000003,-0.69249999999999945,-0.22727272727272713]
["Residential ",null,null,"Smart Meter Disposition Rider",null,null,{"$f":"IF($E151>0, $E151, $E150)","v":277},0,null,{"$f":"IF($E151>0, $E151, $E150)","v":277},0,0,""]
["Residential ",null,null,"LRAM & SSM Rate Rider",null,null,{"$f":"IF($E151>0, $E151, $E150)","v":277},0,{"$f":"'App. 2-Z_Tariff'!D67","v":0},{"$f":"IF($E151>0, $E151, $E150)","v":277},0,0,""]
["Residential ",null,null,"LRAM & SSM Rate Rider (prior to 2011",null,null,{"$f":"IF($E151>0, $E151, $E150)","v":277},0,{"$f":"'App. 2-Z_Tariff'!D68","v":2.9999999999999997E-4},{"$f":"IF($E151>0, $E151, $E150)","v":277},8.3099999999999993E-2,8.3099999999999993E-2,""]
["Residential ",null,null,"RR for DVA - Group 2",null,null,{"$f":"IF($E151>0, $E151, $E150)","v":277},0,{"$f":"'App. 2-Z_Tariff'!D66","v":0.56999999999999995},1,0.56999999999999995,0.56999999999999995,""]
["Residential ",null,null,null,null,null,{"$f":"IF($E151>0, $E151, $E150)","v":277},0,null,{"$f":"IF($E151>0, $E151, $E150)","v":277},0,0,""]
["Residential ",null,null,null,null,null,{"$f":"IF($E151>0, $E151, $E150)","v":277},0,null,{"$f":"IF($E151>0, $E151, $E150)","v":277},0,0,""]
["Residential ",null,null,null,null,null,{"$f":"IF($E151>0, $E151, $E150)","v":277},0,null,{"$f":"IF($E151>0, $E151, $E150)","v":277},0,0,""]
["Residential ",null,null,null,null,null,{"$f":"IF($E151>0, $E151, $E150)","v":277},0,null,{"$f":"IF($E151>0, $E151, $E150)","v":277},0,0,""]
["Residential ",null,null,null,null,null,{"$f":"IF($E151>0, $E151, $E150)","v":277},0,null,{"$f":"IF($E151>0, $E151, $E150)","v":277},0,0,""]
["Residential ","ST_A",{"$f":"C31","v":2},"Sub-Total A (excluding pass through)",null,null,null,{"$f":"SUM(H159:H174)","v":18.716999999999999},null,null,{"$f":"SUM(K159:K174)","v":23.877600000000001},5.1606000000000023,{"$f":"IF((H175)=0,\"\",(L175/H175))","v":0.27571726238179212}]
["Residential ",null,null,"Deferral/Variance Account Disposition Rate Rider - Group 1",null,5.0000000000000001E-4,{"$f":"IF($E151>0, $E151, $E150)","v":277},{"$f":"G176*F176","v":0.13850000000000001},{"$f":"'App. 2-Z_Tariff'!D63","v":-2.9999999999999997E-4},{"$f":"IF($E151>0, $E151, $E150)","v":277},{"$f":"J176*I176","v":-8.3099999999999993E-2},-0.22160000000000002,-1.6]
["Residential ",null,null,"DVA RR for Non-WMP",null,-1.6999999999999999E-3,{"$f":"IF($E151>0, $E151, $E150)","v":277},{"$f":"G177*F177","v":-0.47089999999999999},{"$f":"'App. 2-Z_Tariff'!D64","v":-3.8E-3},{"$f":"IF($E151>0, $E151, $E150)","v":277},{"$f":"J177*I177","v":-1.0526},-0.58169999999999999,1.2352941176470589]
["Residential ",null,null,null,null,null,{"$f":"IF($E151>0, $E151, $E150)","v":277},0,null,1,0,0,""]
["Residential ",null,null,"RR for change in accounting to IFRS",null,null,{"$f":"IF($E151>0, $E151, $E150)","v":277},0,{"$f":"'App. 2-Z_Tariff'!D69","v":0.16},1,0.16,0.16,""]
["Residential ",null,null,"Low Voltage Service Charge",null,null,{"$f":"IF($E151>0, $E151, $E150)","v":277},{"$f":"G180*F180","v":0},null,{"$f":"IF($E151>0, $E151, $E150)","v":277},{"$f":"J180*I180","v":0},0,""]
["Residential ",null,null,"Line Losses on Cost of Power",null,{"$f":"IF((E150*12>=150000), 0, IF(E149=\"RPP\",(F192*0.64+F193*0.18+F194*0.18),IF(E149=\"Non-RPP (Retailer)\",F195,F196)))","v":0.10214000000000001},{"$f":"IF(F181=0, 0, $E150*E152-E150)","v":9.6672999999999547},0.98741802199999551,{"$f":"IF((E150*12>=150000), 0, IF(E149=\"RPP\",(I192*0.64+I193*0.18+I194*0.18),IF(E149=\"Non-RPP (Retailer)\",I195,I196)))","v":0.10214000000000001},{"$f":"IF(I181=0, 0, E150*E153-E150)","v":8.8640000000000327},0.90536896000000344,-8.2049061999992068E-2,-8.3094555873917841E-2]
["Residential ",null,null,"Smart Meter Entity Charge",null,0.79,1,{"$f":"G182*F182","v":0.79},0.79,1,{"$f":"J182*I182","v":0.79},0,0]
["Residential ","ST_B",{"$f":"C31","v":2},"Sub-Total B - Distribution (includes Sub-Total A)",null,null,null,{"$f":"SUM(H176:H182)+H175","v":20.162018021999994},null,null,{"$f":"SUM(K176:K182)+K175","v":24.597268960000005},4.43525093800001,{"$f":"IF((H183)=0,\"\",(L183/H183))","v":0.2199805065723302}]
["Residential ",null,null,"RTSR - Network",null,8.2000000000000007E-3,{"$f":"IF($E151>0, $E151, $E150*$E152)","v":286.66729999999995},{"$f":"G184*F184","v":2.3506718599999998},{"$f":"'App. 2-Z_Tariff'!D70","v":8.0000000000000002E-3},{"$f":"IF($E151>0, $E151, $E150*$E153)","v":285.86400000000003},{"$f":"J184*I184","v":2.2869120000000005},-6.3759859999999335E-2,-2.712410059649897E-2]
["Residential ",null,null,"RTSR - Line and Transformation Connection",null,5.5999999999999999E-3,{"$f":"IF($E151>0, $E151, $E150*$E152)","v":286.66729999999995},{"$f":"G185*F185","v":1.6053368799999996},{"$f":"'App. 2-Z_Tariff'!D71","v":5.7999999999999996E-3},{"$f":"IF($E151>0, $E151, $E150*$E153)","v":285.86400000000003},{"$f":"J185*I185","v":1.6580112},5.2674320000000385E-2,3.281200392032381E-2]
["Residential ","ST_C",{"$f":"C31","v":2},"Sub-Total C - Delivery (including Sub-Total B)",null,null,null,{"$f":"SUM(H183:H185)","v":24.118026761999992},null,null,{"$f":"SUM(K183:K185)","v":28.542192160000006},4.4241653980000137,{"$f":"IF((H186)=0,\"\",(L186/H186))","v":0.183438116296092}]
["Residential ",null,null,"Wholesale Market Service Charge (WMSC)",null,3.5999999999999999E-3,{"$f":"E150*E152","v":286.66729999999995},{"$f":"G187*F187","v":1.0320022799999997},{"$f":"'App. 2-Z_Tariff'!D90","v":3.5999999999999999E-3},{"$f":"E150*E153","v":285.86400000000003},{"$f":"J187*I187","v":1.0291104},-2.8918799999997358E-3,-2.8022031114114752E-3]
["Residential ",null,null,"Rural and Remote Rate Protection (RRRP)",null,1.2999999999999999E-3,{"$f":"E150*E152","v":286.66729999999995},0.37266748999999993,{"$f":"'App. 2-Z_Tariff'!D91","v":1.2999999999999999E-3},{"$f":"E150*E153","v":285.86400000000003},0.37162320000000004,-1.0442899999998922E-3,-2.8022031114114418E-3]
["Residential ",null,null,"Standard Supply Service Charge",null,0.25,1,0.25,{"$f":"'App. 2-Z_Tariff'!D92","v":0.25},1,0.25,0,0]
["Residential ",null,null,"Debt Retirement Charge (DRC)",null,null,{"$f":"E150","v":277},0,null,{"$f":"IF(ISNUMBER(SEARCH(\"RESIDENTIAL\", UPPER(E148),1)), \"\", E150)","v":""},{"$f":"IF(ISNUMBER(SEARCH(\"RESIDENTIAL\", UPPER(E148),1)), \"\", J190*I190)","v":""},{"$f":"IF(ISNUMBER(SEARCH(\"RESIDENTIAL\", UPPER(E148),1)), \"\", K190-H190)","v":""},""]
["Residential ",null,null,"Ontario Electricity Support Program \n(OESP) ",null,1.1000000000000001E-3,{"$f":"G188","v":286.66729999999995},{"$f":"G191*F191","v":0.31533402999999999},1.1000000000000001E-3,{"$f":"E150*E153","v":285.86400000000003},{"$f":"J191*I191","v":0.31445040000000007},{"$f":"K191-H191","v":-8.836299999999131E-4},-2.8022031114114552E-3]
[{"$f":"A190","v":"Residential "},"RPP",null,"TOU - Off Peak",null,0.08,{"$f":"IF(AND(E150*12>=150000),0.64*E150*E152,0.64*E150)","v":177.28},14.182400000000001,0.08,{"$f":"IF(AND(E150*12>=150000),0.64*E150*E153,0.64*E150)","v":177.28},14.182400000000001,0,0]
["Residential ","RPP",null,"TOU - Mid Peak",null,0.122,{"$f":"IF(AND(E150*12>=150000),0.18*E150*E152,0.18*E150)","v":49.86},6.0829199999999997,0.122,{"$f":"IF(AND(E150*12>=150000),0.18*E150*E153,0.18*E150)","v":49.86},6.0829199999999997,0,0]
["Residential ","RPP",null,"TOU - On Peak",null,0.161,{"$f":"IF(AND(E150*12>=150000),0.18*E150*E152,0.18*E150)","v":49.86},8.0274599999999996,0.161,{"$f":"IF(AND(E150*12>=150000),0.18*E150*E153,0.18*E150)","v":49.86},8.0274599999999996,0,0]
["Residential ","Non-RPP (Retailer)",null,"Non-RPP Retailer Avg. Price",null,8.5999999999999993E-2,{"$f":"IF(AND(E150*12>=150000),E150*E152,E150)","v":277},{"$f":"G195*F195","v":23.821999999999999},8.5999999999999993E-2,{"$f":"IF(AND(E150*12>=150000),E150*E153,E150)","v":277},{"$f":"J195*I195","v":23.821999999999999},0,0]
["Residential ","Non-RPP (Other)",null,"Average IESO Wholesale Market Price",null,{"$f":"0.0906","v":9.06E-2},{"$f":"IF(AND(E150*12>=150000),E150*E152,E150)","v":277},{"$f":"G196*F196","v":25.0962},{"$f":"0.0906","v":9.06E-2},{"$f":"IF(AND(E150*12>=150000),E150*E153,E150)","v":277},{"$f":"J196*I196","v":25.0962},0,0]
["Residential "]
["Residential ","RPP",null,"Total Bill on TOU (before Taxes)",null,null,null,{"$f":"SUM(H187:H194,H186)","v":54.380810561999994},null,null,{"$f":"SUM(K187:K194,K186)","v":58.800156160000007},{"$f":"K198-H198","v":4.4193455980000138},{"$f":"IF((H198)=0,\"\",(L198/H198))","v":8.1266637115706156E-2}]
["Residential ","RPP",null,"HST",null,0.13,null,{"$f":"H198*F199","v":7.0695053730599993},0.13,null,{"$f":"K198*I199","v":7.6440203008000012},{"$f":"K199-H199","v":0.5745149277400019},{"$f":"IF((H199)=0,\"\",(L199/H199))","v":8.126663711570617E-2}]
["Residential ","RPP",null,"Total Bill (including HST)",null,null,null,{"$f":"H198+H199","v":61.45031593505999},null,null,{"$f":"K198+K199","v":66.444176460800008},{"$f":"K200-H200","v":4.9938605257400184},{"$f":"IF((H200)=0,\"\",(L200/H200))","v":8.1266637115706197E-2}]
["Residential ","RPP",null,"Ontario Clean Energy Benefit 1"]
["Residential ","RPP_TOTAL",{"$f":"C31","v":2},"Total Bill on TOU",null,null,null,{"$f":"H200+H201","v":61.45031593505999},null,null,{"$f":"K200+K201","v":66.444176460800008},{"$f":"K202-H202","v":4.9938605257400184},{"$f":"IF((H202)=0,\"\",(L202/H202))","v":8.1266637115706197E-2}]
["Residential ","RPP"]
["Residential ","Non-RPP (Retailer)",null,"Total Bill on Non-RPP Avg. Price",null,null,null,{"$f":"SUM(H195,H186,H187:H192)","v":64.09243056199999},null,null,{"$f":"SUM(K195,K186,K187:K192)","v":68.511776160000011},{"$f":"K204-H204","v":4.4193455980000209},{"$f":"IF((H204)=0,\"\",(L204/H204))","v":6.8952691593197654E-2}]
["Residential ","Non-RPP (Retailer)",null,"HST",null,0.13,null,{"$f":"H204*F205","v":8.332015973059999},0.13,null,{"$f":"K204*I205","v":8.9065309008000018},{"$f":"K205-H205","v":0.57451492774000279},{"$f":"IF((H205)=0,\"\",(L205/H205))","v":6.8952691593197654E-2}]
["Residential ","Non-RPP (Retailer)",null,"Total Bill (including HST)",null,null,null,{"$f":"H204+H205","v":72.424446535059985},null,null,{"$f":"K204+K205","v":77.418307060800018},{"$f":"K206-H206","v":4.9938605257400326},{"$f":"IF((H206)=0,\"\",(L206/H206))","v":6.8952691593197779E-2}]
["Residential ","Non-RPP (Retailer)",null,"Ontario Clean Energy Benefit 1"]
["Residential ","Non-RPP (Retailer)_TOTAL",null,"Total Bill on Non-RPP Avg. Price",null,null,null,{"$f":"SUM(H206:H207)","v":72.424446535059985},null,null,{"$f":"SUM(K206:K207)","v":77.418307060800018},{"$f":"K208-H208","v":4.9938605257400326},{"$f":"IF((H208)=0,\"\",(L208/H208))","v":6.8952691593197779E-2}]
["Residential ","Non-RPP (Retailer)"]
["Residential ","Non-RPP (Other)",null,"Total Bill on Average IESO Wholesale Market Price",null,null,null,{"$f":"SUM(H196,H186:H190)","v":50.868896531999994},null,null,{"$f":"SUM(K196,K186:K190)","v":55.289125760000012},{"$f":"K210-H210","v":4.4202292280000179},{"$f":"IF((H210)=0,\"\",(L210/H210))","v":8.6894537317501935E-2}]
["Residential ","Non-RPP (Other)",null,"HST",null,0.13,null,{"$f":"H210*F211","v":6.6129565491599998},0.13,null,{"$f":"K210*I211","v":7.1875863488000018},{"$f":"K211-H211","v":0.57462979964000205},{"$f":"IF((H211)=0,\"\",(L211/H211))","v":8.689453731750188E-2}]
["Residential ","Non-RPP (Other)",null,"Total Bill (including HST)",null,null,null,{"$f":"H210+H211","v":57.481853081159997},null,null,{"$f":"K210+K211","v":62.476712108800015},{"$f":"K212-H212","v":4.9948590276400182},{"$f":"IF((H212)=0,\"\",(L212/H212))","v":8.6894537317501894E-2}]
["Residential ","Non-RPP (Other)",null,"Ontario Clean Energy Benefit 1"]
["Residential ","Non-RPP (Other)_TOTAL",null,"Total Bill on Average IESO Wholesale Market Price",null,null,null,{"$f":"SUM(H212:H213)","v":57.481853081159997},null,null,{"$f":"SUM(K212:K213)","v":62.476712108800015},{"$f":"K214-H214","v":4.9948590276400182},{"$f":"IF((H214)=0,\"\",(L214/H214))","v":8.6894537317501894E-2}]
["Residential ","Non-RPP (Other)"]
[]
[]
[null,null,null,"Customer Class:",{"$f":"D32","v":"Residential "},null,null,null,null,null,null,null,null,null,null,null,null,null,null,"X"]
[null,null,null,"RPP / Non-RPP:",{"$f":"H32","v":"Non-RPP (Retailer)"}]
[null,null,null,"Consumption",{"$f":"L32","v":800},"kWh"]
[null,null,null,"Demand",{"$f":"M32","v":0},"kW"]
[null,null,null,"Current Loss Factor",{"$f":"J32","v":1.0348999999999999}]
[null,null,null,"Proposed/Approved Loss Factor",{"$f":"K32","v":1.032}]
[null,null,null,"Ontario Clean Energy Benefit Applied?",{"$f":"I32","v":"No"}]
[]
[null,null,null,null,null,"Current Board-Approved",null,null,"Proposed",null,null,"Impact"]
[null,null,null,null,"Charge Unit","Rate","Volume","Charge","Rate","Volume","Charge","$ Change","% Change"]
[null,null,null,null,null,"($)",null,"($)","($)",null,"($)"]
[{"$f":"$E218","v":"Residential "},null,null,"Monthly Service Charge",null,14.64,1,{"$f":"G229*F229","v":14.64},{"$f":"'App. 2-Z_Tariff'!D57","v":19.829999999999998},1,{"$f":"J229*I229","v":19.829999999999998},{"$f":"K229-H229","v":5.1899999999999977},{"$f":"IF(ISERROR(L229/H229), \"\", L229/H229)","v":0.35450819672131129}]
[{"$f":"A229","v":"Residential "},null,null,"Smart Meter Rate Adder",null,null,1,{"$f":"G230*F230","v":0},null,1,{"$f":"J230*I230","v":0},0,{"$f":"IF(ISERROR(L230/H230), \"\", L230/H230)","v":""}]
[{"$f":"A230","v":"Residential "},null,null,"Rate Rider for Tax Change",null,0.04,1,0.04,{"$f":"'App. 2-Z_Tariff'!D58","v":0.05},1,{"$f":"J231*I231","v":0.05},1.0000000000000002E-2,0.25000000000000006]
["Residential ",null,null,"RR for residual Historical SM",null,-0.48,1,-0.48,{"$f":"'App. 2-Z_Tariff'!D59","v":-0.48},1,-0.48,0,0]
["Residential ",null,null,"RR for Recovery of Stranded Assets",null,1.47,1,1.47,{"$f":"'App. 2-Z_Tariff'!D60","v":1.47},1,1.47,0,0]
["Residential ",null,null,null,null,null,1,0,null,1,0,0,""]
["Residential ",null,null,"Distribution Volumetric Rate",null,1.0999999999999999E-2,{"$f":"IF($E221>0, $E221, $E220)","v":800},8.7999999999999989,{"$f":"'App. 2-Z_Tariff'!D62","v":8.5000000000000006E-3},{"$f":"IF($E221>0, $E221, $E220)","v":800},6.8000000000000007,-1.9999999999999982,-0.2272727272727271]
["Residential ",null,null,"Smart Meter Disposition Rider",null,null,{"$f":"IF($E221>0, $E221, $E220)","v":800},0,null,{"$f":"IF($E221>0, $E221, $E220)","v":800},0,0,""]
["Residential ",null,null,"LRAM & SSM Rate Rider",null,null,{"$f":"IF($E221>0, $E221, $E220)","v":800},0,{"$f":"'App. 2-Z_Tariff'!D67","v":0},{"$f":"IF($E221>0, $E221, $E220)","v":800},0,0,""]
["Residential ",null,null,"LRAM & SSM Rate Rider (prior to 2011",null,null,{"$f":"IF($E221>0, $E221, $E220)","v":800},0,{"$f":"'App. 2-Z_Tariff'!D68","v":2.9999999999999997E-4},{"$f":"IF($E221>0, $E221, $E220)","v":800},0.24,0.24,""]
["Residential ",null,null,"RR for GA - non-RPP only",null,3.5000000000000001E-3,{"$f":"IF($E221>0, $E221, $E220)","v":800},2.8000000000000003,{"$f":"'App. 2-Z_Tariff'!D65","v":3.2000000000000002E-3},{"$f":"IF($E221>0, $E221, $E220)","v":800},2.56,-0.24000000000000021,-8.5714285714285784E-2]
["Residential ",null,null,"RR for DVA - Group 2",null,null,{"$f":"IF($E221>0, $E221, $E220)","v":800},0,{"$f":"'App. 2-Z_Tariff'!D66","v":0.56999999999999995},1,0.56999999999999995,0.56999999999999995,""]
["Residential ",null,null,null,null,null,{"$f":"IF($E221>0, $E221, $E220)","v":800},0,null,{"$f":"IF($E221>0, $E221, $E220)","v":800},0,0,""]
["Residential ",null,null,null,null,null,{"$f":"IF($E221>0, $E221, $E220)","v":800},0,null,{"$f":"IF($E221>0, $E221, $E220)","v":800},0,0,""]
["Residential ",null,null,null,null,null,{"$f":"IF($E221>0, $E221, $E220)","v":800},0,null,{"$f":"IF($E221>0, $E221, $E220)","v":800},0,0,""]
["Residential ",null,null,null,null,null,{"$f":"IF($E221>0, $E221, $E220)","v":800},0,null,{"$f":"IF($E221>0, $E221, $E220)","v":800},0,0,""]
["Residential ","ST_A",{"$f":"C32","v":3},"Sub-Total A (excluding pass through)",null,null,null,{"$f":"SUM(H229:H244)","v":27.27},null,null,{"$f":"SUM(K229:K244)","v":31.039999999999996},3.769999999999996,{"$f":"IF((H245)=0,\"\",(L245/H245))","v":0.13824715804913809}]
["Residential ",null,null,"Deferral/Variance Account Disposition Rate Rider - Group 1",null,5.0000000000000001E-4,{"$f":"IF($E221>0, $E221, $E220)","v":800},{"$f":"G246*F246","v":0.4},{"$f":"'App. 2-Z_Tariff'!D63","v":-2.9999999999999997E-4},{"$f":"IF($E221>0, $E221, $E220)","v":800},{"$f":"J246*I246","v":-0.24},-0.64,-1.5999999999999999]
["Residential ",null,null,"DVA RR for Non-WMP",null,-1.6999999999999999E-3,{"$f":"IF($E221>0, $E221, $E220)","v":800},{"$f":"G247*F247","v":-1.3599999999999999},{"$f":"'App. 2-Z_Tariff'!D64","v":-3.8E-3},{"$f":"IF($E221>0, $E221, $E220)","v":800},{"$f":"J247*I247","v":-3.04},-1.6800000000000002,1.2352941176470591]
["Residential ",null,null,null,null,null,{"$f":"IF($E221>0, $E221, $E220)","v":800},0,null,1,0,0,""]
["Residential ",null,null,"RR for change in accounting to IFRS",null,null,{"$f":"IF($E221>0, $E221, $E220)","v":800},0,{"$f":"'App. 2-Z_Tariff'!D69","v":0.16},1,0.16,0.16,""]
["Residential ",null,null,"Low Voltage Service Charge",null,null,{"$f":"IF($E221>0, $E221, $E220)","v":800},{"$f":"G250*F250","v":0},null,{"$f":"IF($E221>0, $E221, $E220)","v":800},{"$f":"J250*I250","v":0},0,""]
["Residential ",null,null,"Line Losses on Cost of Power",null,{"$f":"IF((E220*12>=150000), 0, IF(E219=\"RPP\",(F262*0.64+F263*0.18+F264*0.18),IF(E219=\"Non-RPP (Retailer)\",F265,F266)))","v":8.5999999999999993E-2},{"$f":"IF(F251=0, 0, $E220*E222-E220)","v":27.919999999999959},2.4011199999999961,{"$f":"IF((E220*12>=150000), 0, IF(E219=\"RPP\",(I262*0.64+I263*0.18+I264*0.18),IF(E219=\"Non-RPP (Retailer)\",I265,I266)))","v":8.5999999999999993E-2},{"$f":"IF(I251=0, 0, E220*E223-E220)","v":25.600000000000023},2.2016000000000018,-0.19951999999999437,-8.3094555873923295E-2]
["Residential ",null,null,"Smart Meter Entity Charge",null,0.79,1,{"$f":"G252*F252","v":0.79},0.79,1,{"$f":"J252*I252","v":0.79},0,0]
["Residential ","ST_B",{"$f":"C32","v":3},"Sub-Total B - Distribution (includes Sub-Total A)",null,null,null,{"$f":"SUM(H246:H252)+H245","v":29.501119999999997},null,null,{"$f":"SUM(K246:K252)+K245","v":30.911599999999996},1.4104799999999997,{"$f":"IF((H253)=0,\"\",(L253/H253))","v":4.7811066156132377E-2}]
["Residential ",null,null,"RTSR - Network",null,8.2000000000000007E-3,{"$f":"IF($E221>0, $E221, $E220*$E222)","v":827.92},{"$f":"G254*F254","v":6.7889439999999999},{"$f":"'App. 2-Z_Tariff'!D70","v":8.0000000000000002E-3},{"$f":"IF($E221>0, $E221, $E220*$E223)","v":825.6},{"$f":"J254*I254","v":6.6048},-0.18414399999999986,-2.712410059649923E-2]
["Residential ",null,null,"RTSR - Line and Transformation Connection",null,5.5999999999999999E-3,{"$f":"IF($E221>0, $E221, $E220*$E222)","v":827.92},{"$f":"G255*F255","v":4.6363519999999996},{"$f":"'App. 2-Z_Tariff'!D71","v":5.7999999999999996E-3},{"$f":"IF($E221>0, $E221, $E220*$E223)","v":825.6},{"$f":"J255*I255","v":4.7884799999999998},0.15212800000000026,3.2812003920323622E-2]
["Residential ","ST_C",{"$f":"C32","v":3},"Sub-Total C - Delivery (including Sub-Total B)",null,null,null,{"$f":"SUM(H253:H255)","v":40.926415999999996},null,null,{"$f":"SUM(K253:K255)","v":42.304879999999997},1.378464000000001,{"$f":"IF((H256)=0,\"\",(L256/H256))","v":3.3681522467054067E-2}]
["Residential ",null,null,"Wholesale Market Service Charge (WMSC)",null,3.5999999999999999E-3,{"$f":"E220*E222","v":827.92},{"$f":"G257*F257","v":2.9805119999999996},{"$f":"'App. 2-Z_Tariff'!D90","v":3.5999999999999999E-3},{"$f":"E220*E223","v":825.6},{"$f":"J257*I257","v":2.9721600000000001},-8.351999999999471E-3,-2.8022031114115537E-3]
["Residential ",null,null,"Rural and Remote Rate Protection (RRRP)",null,1.2999999999999999E-3,{"$f":"E220*E222","v":827.92},1.0762959999999999,{"$f":"'App. 2-Z_Tariff'!D91","v":1.2999999999999999E-3},{"$f":"E220*E223","v":825.6},1.07328,-3.0159999999999076E-3,-2.8022031114116452E-3]
["Residential ",null,null,"Standard Supply Service Charge",null,0.25,1,0.25,{"$f":"'App. 2-Z_Tariff'!D92","v":0.25},1,0.25,0,0]
["Residential ",null,null,"Debt Retirement Charge (DRC)",null,null,{"$f":"E220","v":800},0,null,{"$f":"IF(ISNUMBER(SEARCH(\"RESIDENTIAL\", UPPER(E218),1)), \"\", E220)","v":""},{"$f":"IF(ISNUMBER(SEARCH(\"RESIDENTIAL\", UPPER(E218),1)), \"\", J260*I260)","v":""},{"$f":"IF(ISNUMBER(SEARCH(\"RESIDENTIAL\", UPPER(E218),1)), \"\", K260-H260)","v":""},""]
["Residential ",null,null,"Ontario Electricity Support Program \n(OESP) ",null,1.1000000000000001E-3,{"$f":"G258","v":827.92},{"$f":"G261*F261","v":0.91071199999999997},1.1000000000000001E-3,{"$f":"E220*E223","v":825.6},{"$f":"J261*I261","v":0.90816000000000008},{"$f":"K261-H261","v":-2.5519999999998877E-3},-2.8022031114116074E-3]
[{"$f":"A260","v":"Residential "},"RPP",null,"TOU - Off Peak",null,0.08,{"$f":"IF(AND(E220*12>=150000),0.64*E220*E222,0.64*E220)","v":512},40.96,0.08,{"$f":"IF(AND(E220*12>=150000),0.64*E220*E223,0.64*E220)","v":512},40.96,0,0]
["Residential ","RPP",null,"TOU - Mid Peak",null,0.122,{"$f":"IF(AND(E220*12>=150000),0.18*E220*E222,0.18*E220)","v":144},17.567999999999998,0.122,{"$f":"IF(AND(E220*12>=150000),0.18*E220*E223,0.18*E220)","v":144},17.567999999999998,0,0]
["Residential ","RPP",null,"TOU - On Peak",null,0.161,{"$f":"IF(AND(E220*12>=150000),0.18*E220*E222,0.18*E220)","v":144},23.184000000000001,0.161,{"$f":"IF(AND(E220*12>=150000),0.18*E220*E223,0.18*E220)","v":144},23.184000000000001,0,0]
["Residential ","Non-RPP (Retailer)",null,"Non-RPP Retailer Avg. Price",null,8.5999999999999993E-2,{"$f":"IF(AND(E220*12>=150000),E220*E222,E220)","v":800},{"$f":"G265*F265","v":68.8},8.5999999999999993E-2,{"$f":"IF(AND(E220*12>=150000),E220*E223,E220)","v":800},{"$f":"J265*I265","v":68.8},{"$f":"K265-H265","v":0},0]
["Residential ","Non-RPP (Other)",null,"Average IESO Wholesale Market Price",null,{"$f":"0.0906","v":9.06E-2},{"$f":"IF(AND(E220*12>=150000),E220*E222,E220)","v":800},{"$f":"G266*F266","v":72.48},{"$f":"0.0906","v":9.06E-2},{"$f":"IF(AND(E220*12>=150000),E220*E223,E220)","v":800},{"$f":"J266*I266","v":72.48},{"$f":"K266-H266","v":0},0]
["Residential "]
["Residential ","RPP",null,"Total Bill on TOU (before Taxes)",null,null,null,{"$f":"SUM(H257:H264,H256)","v":127.85593599999999},null,null,{"$f":"SUM(K257:K264,K256)","v":129.22048000000001},{"$f":"K268-H268","v":1.3645440000000235},{"$f":"IF((H268)=0,\"\",(L268/H268))","v":1.0672511912157318E-2}]
["Residential ","RPP",null,"HST",null,0.13,null,{"$f":"H268*F269","v":16.62127168},0.13,null,{"$f":"K268*I269","v":16.798662400000001},{"$f":"K269-H269","v":0.17739072000000178},{"$f":"IF((H269)=0,\"\",(L269/H269))","v":1.0672511912157239E-2}]
["Residential ","RPP",null,"Total Bill (including HST)",null,null,null,{"$f":"H268+H269","v":144.47720767999999},null,null,{"$f":"K268+K269","v":146.01914240000002},{"$f":"K270-H270","v":1.5419347200000288},{"$f":"IF((H270)=0,\"\",(L270/H270))","v":1.0672511912157333E-2}]
["Residential ","RPP",null,"Ontario Clean Energy Benefit 1"]
["Residential ","RPP_TOTAL",null,"Total Bill on TOU",null,null,null,{"$f":"H270+H271","v":144.47720767999999},null,null,{"$f":"K270+K271","v":146.01914240000002},{"$f":"K272-H272","v":1.5419347200000288},{"$f":"IF((H272)=0,\"\",(L272/H272))","v":1.0672511912157333E-2}]
["Residential ","RPP"]
["Residential ","Non-RPP (Retailer)",null,"Total Bill on Non-RPP Avg. Price",null,null,null,{"$f":"SUM(H265,H256,H257:H262)","v":155.90393600000002},null,null,{"$f":"SUM(K265,K256,K257:K262)","v":157.26847999999998},{"$f":"K274-H274","v":1.3645439999999667},{"$f":"IF((H274)=0,\"\",(L274/H274))","v":8.7524666471535811E-3}]
["Residential ","Non-RPP (Retailer)",null,"HST",null,0.13,null,{"$f":"H274*F275","v":20.267511680000002},0.13,null,{"$f":"K274*I275","v":20.4449024},{"$f":"K275-H275","v":0.17739071999999823},{"$f":"IF((H275)=0,\"\",(L275/H275))","v":8.7524666471537078E-3}]
["Residential ","Non-RPP (Retailer)",null,"Total Bill (including HST)",null,null,null,{"$f":"H274+H275","v":176.17144768000003},null,null,{"$f":"K274+K275","v":177.71338239999997},{"$f":"K276-H276","v":1.5419347199999436},{"$f":"IF((H276)=0,\"\",(L276/H276))","v":8.7524666471534736E-3}]
["Residential ","Non-RPP (Retailer)",null,"Ontario Clean Energy Benefit 1"]
["Residential ","Non-RPP (Retailer)_TOTAL",{"$f":"C32","v":3},"Total Bill on Non-RPP Avg. Price",null,null,null,{"$f":"SUM(H276:H277)","v":176.17144768000003},null,null,{"$f":"SUM(K276:K277)","v":177.71338239999997},{"$f":"K278-H278","v":1.5419347199999436},{"$f":"IF((H278)=0,\"\",(L278/H278))","v":8.7524666471534736E-3}]
["Residential ","Non-RPP (Retailer)"]
["Residential ","Non-RPP (Other)",null,"Total Bill on Average IESO Wholesale Market Price",null,null,null,{"$f":"SUM(H266,H256:H260)","v":117.71322400000001},null,null,{"$f":"SUM(K266,K256:K260)","v":119.08032},{"$f":"K280-H280","v":1.3670959999999894},{"$f":"IF((H280)=0,\"\",(L280/H280))","v":1.1613784361220021E-2}]
["Residential ","Non-RPP (Other)",null,"HST",null,0.13,null,{"$f":"H280*F281","v":15.302719120000003},0.13,null,{"$f":"K280*I281","v":15.480441600000001},{"$f":"K281-H281","v":0.17772247999999813},{"$f":"IF((H281)=0,\"\",(L281/H281))","v":1.1613784361219988E-2}]
["Residential ","Non-RPP (Other)",null,"Total Bill (including HST)",null,null,null,{"$f":"H280+H281","v":133.01594312},null,null,{"$f":"K280+K281","v":134.56076160000001},{"$f":"K282-H282","v":1.5448184800000035},{"$f":"IF((H282)=0,\"\",(L282/H282))","v":1.1613784361220139E-2}]
["Residential ","Non-RPP (Other)",null,"Ontario Clean Energy Benefit 1"]
["Residential ","Non-RPP (Other)_TOTAL",null,"Total Bill on Average IESO Wholesale Market Price",null,null,null,{"$f":"SUM(H282:H283)","v":133.01594312},null,null,{"$f":"SUM(K282:K283)","v":134.56076160000001},{"$f":"K284-H284","v":1.5448184800000035},{"$f":"IF((H284)=0,\"\",(L284/H284))","v":1.1613784361220139E-2}]
["Residential ","Non-RPP (Other)"]
[]
[]
[null,null,null,"Customer Class:",{"$f":"D33","v":"General Service Less than 50 kW "},null,null,null,null,null,null,null,null,null,null,null,null,null,null,"X"]
[null,null,null,"RPP / Non-RPP:",{"$f":"H33","v":"RPP"}]
[null,null,null,"Consumption",{"$f":"L33","v":2000},"kWh"]
[null,null,null,"Demand",{"$f":"M33","v":0},"kW"]
[null,null,null,"Current Loss Factor",{"$f":"J33","v":1.0348999999999999}]
[null,null,null,"Proposed/Approved Loss Factor",{"$f":"K33","v":1.032}]
[null,null,null,"Ontario Clean Energy Benefit Applied?",{"$f":"I33","v":"No"}]
[]
[null,null,null,null,null,"Current Board-Approved",null,null,"Proposed",null,null,"Impact"]
[null,null,null,null,"Charge Unit","Rate","Volume","Charge","Rate","Volume","Charge","$ Change","% Change"]
[null,null,null,null,null,"($)",null,"($)","($)",null,"($)"]
[{"$f":"$E288","v":"General Service Less than 50 kW "},null,null,"Monthly Service Charge",null,26.46,1,{"$f":"G299*F299","v":26.46},{"$f":"'App. 2-Z_Tariff'!D105","v":30.72},1,{"$f":"J299*I299","v":30.72},{"$f":"K299-H299","v":4.259999999999998},{"$f":"IF(ISERROR(L299/H299), \"\", L299/H299)","v":0.16099773242630377}]
[{"$f":"A299","v":"General Service Less than 50 kW "},null,null,"Smart Meter Rate Adder",null,null,1,{"$f":"G300*F300","v":0},null,1,{"$f":"J300*I300","v":0},0,{"$f":"IF(ISERROR(L300/H300), \"\", L300/H300)","v":""}]
[{"$f":"A300","v":"General Service Less than 50 kW "},null,null,"RR for Residual Historic SM Cost ",null,2.9,1,2.9,{"$f":"'App. 2-Z_Tariff'!D106","v":2.9},1,{"$f":"J301*I301","v":2.9},0,0]
["General Service Less than 50 kW ",null,null,"RR for Recovery of Stranded Assets ",null,4.41,1,4.41,{"$f":"'App. 2-Z_Tariff'!D107","v":4.41},1,4.41,0,0]
["General Service Less than 50 kW ",null,null,null,null,null,1,0,null,1,0,0,""]
["General Service Less than 50 kW ",null,null,null,null,null,1,0,null,1,0,0,""]
["General Service Less than 50 kW ",null,null,"Distribution Volumetric Rate",null,6.8999999999999999E-3,{"$f":"IF($E291>0, $E291, $E290)","v":2000},13.799999999999999,{"$f":"'App. 2-Z_Tariff'!D109","v":8.0000000000000002E-3},{"$f":"IF($E291>0, $E291, $E290)","v":2000},16,2.2000000000000011,0.15942028985507256]
["General Service Less than 50 kW ",null,null,"Smart Meter Disposition Rider",null,null,{"$f":"IF($E291>0, $E291, $E290)","v":2000},0,null,{"$f":"IF($E291>0, $E291, $E290)","v":2000},0,0,""]
["General Service Less than 50 kW ",null,null,"LRAM & SSM Rate Rider",null,null,{"$f":"IF($E291>0, $E291, $E290)","v":2000},0,{"$f":"'App. 2-Z_Tariff'!D114","v":0},{"$f":"IF($E291>0, $E291, $E290)","v":2000},0,0,""]
["General Service Less than 50 kW ",null,null,"LRAM & SSM Rate Rider (prior to 2011",null,null,{"$f":"IF($E291>0, $E291, $E290)","v":2000},0,{"$f":"'App. 2-Z_Tariff'!D115","v":2.0000000000000001E-4},{"$f":"IF($E291>0, $E291, $E290)","v":2000},0.4,0.4,""]
["General Service Less than 50 kW ",null,null,"Rate Rider for Tax Change",null,null,{"$f":"IF($E291>0, $E291, $E290)","v":2000},0,{"$f":"'App. 2-Z_Tariff'!D116","v":0},{"$f":"IF($E291>0, $E291, $E290)","v":2000},0,0,""]
["General Service Less than 50 kW ",null,null,"RR for DVA- Group 2",null,null,{"$f":"IF($E291>0, $E291, $E290)","v":2000},0,{"$f":"'App. 2-Z_Tariff'!D112","v":8.9999999999999998E-4},{"$f":"IF($E291>0, $E291, $E290)","v":2000},1.8,1.8,""]
["General Service Less than 50 kW ",null,null,null,null,null,{"$f":"IF($E291>0, $E291, $E290)","v":2000},0,null,{"$f":"IF($E291>0, $E291, $E290)","v":2000},0,0,""]
["General Service Less than 50 kW ",null,null,null,null,null,{"$f":"IF($E291>0, $E291, $E290)","v":2000},0,null,{"$f":"IF($E291>0, $E291, $E290)","v":2000},0,0,""]
["General Service Less than 50 kW ",null,null,null,null,null,{"$f":"IF($E291>0, $E291, $E290)","v":2000},0,null,{"$f":"IF($E291>0, $E291, $E290)","v":2000},0,0,""]
["General Service Less than 50 kW ",null,null,null,null,null,{"$f":"IF($E291>0, $E291, $E290)","v":2000},0,null,{"$f":"IF($E291>0, $E291, $E290)","v":2000},0,0,""]
["General Service Less than 50 kW ","ST_A",{"$f":"C33","v":4},"Sub-Total A (excluding pass through)",null,null,null,{"$f":"SUM(H299:H314)","v":47.569999999999993},null,null,{"$f":"SUM(K299:K314)","v":56.23},8.6600000000000037,{"$f":"IF((H315)=0,\"\",(L315/H315))","v":0.18204750893420232}]
["General Service Less than 50 kW ",null,null,"Deferral/Variance Account Disposition Rate Rider - Group 1",null,5.0000000000000001E-4,{"$f":"IF($E291>0, $E291, $E290)","v":2000},{"$f":"G316*F316","v":1},{"$f":"'App. 2-Z_Tariff'!D110","v":-2.9999999999999997E-4},{"$f":"IF($E291>0, $E291, $E290)","v":2000},{"$f":"J316*I316","v":-0.6},-1.6,-1.6]
["General Service Less than 50 kW ",null,null,"DVA RR for Non-WMP",null,-1.6999999999999999E-3,{"$f":"IF($E291>0, $E291, $E290)","v":2000},{"$f":"G317*F317","v":-3.4},{"$f":"'App. 2-Z_Tariff'!D111","v":-3.8E-3},{"$f":"IF($E291>0, $E291, $E290)","v":2000},{"$f":"J317*I317","v":-7.6},-4.1999999999999993,1.2352941176470587]
["General Service Less than 50 kW ",null,null,null,null,null,{"$f":"IF($E291>0, $E291, $E290)","v":2000},0,null,{"$f":"IF($E291>0, $E291, $E290)","v":2000},0,0,""]
["General Service Less than 50 kW ",null,null,"RR for change in accounting to IFRS",null,null,{"$f":"IF($E291>0, $E291, $E290)","v":2000},0,{"$f":"'App. 2-Z_Tariff'!D117","v":2.0000000000000001E-4},{"$f":"IF($E291>0, $E291, $E290)","v":2000},0.4,0.4,""]
["General Service Less than 50 kW ",null,null,"Low Voltage Service Charge",null,null,{"$f":"IF($E291>0, $E291, $E290)","v":2000},{"$f":"G320*F320","v":0},null,{"$f":"IF($E291>0, $E291, $E290)","v":2000},{"$f":"J320*I320","v":0},0,""]
["General Service Less than 50 kW ",null,null,"Line Losses on Cost of Power",null,{"$f":"IF((E290*12>=150000), 0, IF(E289=\"RPP\",(F332*0.64+F333*0.18+F334*0.18),IF(E289=\"Non-RPP (Retailer)\",F335,F336)))","v":0.10214000000000001},{"$f":"IF(F321=0, 0, $E290*E292-E290)","v":69.799999999999727},7.1293719999999725,{"$f":"IF((E290*12>=150000), 0, IF(E289=\"RPP\",(I332*0.64+I333*0.18+I334*0.18),IF(E289=\"Non-RPP (Retailer)\",I335,I336)))","v":0.10214000000000001},{"$f":"IF(I321=0, 0, E290*E293-E290)","v":64},6.5369600000000005,-0.59241199999997196,-8.3094555873921894E-2]
["General Service Less than 50 kW ",null,null,"Smart Meter Entity Charge",null,0.79,1,{"$f":"G322*F322","v":0.79},0.79,1,{"$f":"J322*I322","v":0.79},0,0]
["General Service Less than 50 kW ","ST_B",{"$f":"C33","v":4},"Sub-Total B - Distribution (includes Sub-Total A)",null,null,null,{"$f":"SUM(H316:H322)+H315","v":53.089371999999969},null,null,{"$f":"SUM(K316:K322)+K315","v":55.756959999999999},2.6675880000000305,{"$f":"IF((H323)=0,\"\",(L323/H323))","v":5.0247119140908882E-2}]
["General Service Less than 50 kW ",null,null,"RTSR - Network",null,7.3000000000000001E-3,{"$f":"IF($E291>0, $E291, $E290*$E292)","v":2069.7999999999997},{"$f":"G324*F324","v":15.109539999999997},{"$f":"'App. 2-Z_Tariff'!D118","v":7.1000000000000004E-3},{"$f":"IF($E291>0, $E291, $E290*$E293)","v":2064},{"$f":"J324*I324","v":14.654400000000001},-0.45513999999999655,-3.0122690697400228E-2]
["General Service Less than 50 kW ",null,null,"RTSR - Line and Transformation Connection",null,4.8999999999999998E-3,{"$f":"IF($E291>0, $E291, $E290*$E292)","v":2069.7999999999997},{"$f":"G325*F325","v":10.142019999999999},{"$f":"'App. 2-Z_Tariff'!D119","v":5.1000000000000004E-3},{"$f":"IF($E291>0, $E291, $E290*$E293)","v":2064},{"$f":"J325*I325","v":10.526400000000001},0.38438000000000194,3.7899747782000233E-2]
["General Service Less than 50 kW ","ST_C",{"$f":"C33","v":4},"Sub-Total C - Delivery (including Sub-Total B)",null,null,null,{"$f":"SUM(H323:H325)","v":78.340931999999967},null,null,{"$f":"SUM(K323:K325)","v":80.937759999999997},2.5968280000000306,{"$f":"IF((H326)=0,\"\",(L326/H326))","v":3.3147780268940781E-2}]
["General Service Less than 50 kW ",null,null,"Wholesale Market Service Charge (WMSC)",null,3.5999999999999999E-3,{"$f":"E290*E292","v":2069.7999999999997},{"$f":"G327*F327","v":7.4512799999999988},{"$f":"'App. 2-Z_Tariff'!D139","v":3.5999999999999999E-3},{"$f":"E290*E293","v":2064},{"$f":"J327*I327","v":7.4303999999999997},-2.0879999999999121E-2,-2.8022031114116131E-3]
["General Service Less than 50 kW ",null,null,"Rural and Remote Rate Protection (RRRP)",null,1.2999999999999999E-3,{"$f":"E290*E292","v":2069.7999999999997},2.6907399999999995,{"$f":"'App. 2-Z_Tariff'!D140","v":1.2999999999999999E-3},{"$f":"E290*E293","v":2064},2.6831999999999998,-7.5399999999996581E-3,-2.802203111411604E-3]
["General Service Less than 50 kW ",null,null,"Standard Supply Service Charge",null,0.25,1,0.25,{"$f":"'App. 2-Z_Tariff'!D141","v":0.25},1,0.25,0,0]
["General Service Less than 50 kW ",null,null,"Debt Retirement Charge (DRC)",null,null,{"$f":"E290","v":2000},0,null,{"$f":"IF(ISNUMBER(SEARCH(\"RESIDENTIAL\", UPPER(E288),1)), \"\", E290)","v":2000},{"$f":"IF(ISNUMBER(SEARCH(\"RESIDENTIAL\", UPPER(E288),1)), \"\", J330*I330)","v":0},{"$f":"IF(ISNUMBER(SEARCH(\"RESIDENTIAL\", UPPER(E288),1)), \"\", K330-H330)","v":0},""]
["General Service Less than 50 kW ",null,null,"Ontario Electricity Support Program \n(OESP) ",null,1.1000000000000001E-3,{"$f":"G328","v":2069.7999999999997},{"$f":"G331*F331","v":2.27678},1.1000000000000001E-3,{"$f":"E290*E293","v":2064},{"$f":"J331*I331","v":2.2704},{"$f":"K331-H331","v":-6.3800000000000523E-3},-2.8022031114117536E-3]
[{"$f":"A330","v":"General Service Less than 50 kW "},"RPP",null,"TOU - Off Peak",null,0.08,{"$f":"IF(AND(E290*12>=150000),0.64*E290*E292,0.64*E290)","v":1280},102.4,0.08,{"$f":"IF(AND(E290*12>=150000),0.64*E290*E293,0.64*E290)","v":1280},102.4,0,0]
["General Service Less than 50 kW ","RPP",null,"TOU - Mid Peak",null,0.122,{"$f":"IF(AND(E290*12>=150000),0.18*E290*E292,0.18*E290)","v":360},43.92,0.122,{"$f":"IF(AND(E290*12>=150000),0.18*E290*E293,0.18*E290)","v":360},43.92,0,0]
["General Service Less than 50 kW ","RPP",null,"TOU - On Peak",null,0.161,{"$f":"IF(AND(E290*12>=150000),0.18*E290*E292,0.18*E290)","v":360},57.96,0.161,{"$f":"IF(AND(E290*12>=150000),0.18*E290*E293,0.18*E290)","v":360},57.96,0,0]
["General Service Less than 50 kW ","Non-RPP (Retailer)",null,"Non-RPP Retailer Avg. Price",null,8.5999999999999993E-2,{"$f":"IF(AND(E290*12>=150000),E290*E292,E290)","v":2000},{"$f":"G335*F335","v":172},8.5999999999999993E-2,{"$f":"IF(AND(E290*12>=150000),E290*E293,E290)","v":2000},{"$f":"J335*I335","v":172},0,0]
["General Service Less than 50 kW ","Non-RPP (Other)",null,"Average IESO Wholesale Market Price",null,{"$f":"0.0906","v":9.06E-2},{"$f":"IF(AND(E290*12>=150000),E290*E292,E290)","v":2000},{"$f":"G336*F336","v":181.2},{"$f":"0.0906","v":9.06E-2},{"$f":"IF(AND(E290*12>=150000),E290*E293,E290)","v":2000},{"$f":"J336*I336","v":181.2},0,0]
["General Service Less than 50 kW "]
["General Service Less than 50 kW ","RPP",null,"Total Bill on TOU (before Taxes)",null,null,null,{"$f":"SUM(H327:H334,H326)","v":295.28973200000001},null,null,{"$f":"SUM(K327:K334,K326)","v":297.85176000000001},{"$f":"K338-H338","v":2.562027999999998},{"$f":"IF((H338)=0,\"\",(L338/H338))","v":8.6763192971437211E-3}]
["General Service Less than 50 kW ","RPP",null,"HST",null,0.13,null,{"$f":"H338*F339","v":38.387665160000005},0.13,null,{"$f":"K338*I339","v":38.720728800000003},{"$f":"K339-H339","v":0.33306363999999888},{"$f":"IF((H339)=0,\"\",(L339/H339))","v":8.6763192971436986E-3}]
["General Service Less than 50 kW ","RPP",null,"Total Bill (including HST)",null,null,null,{"$f":"H338+H339","v":333.67739716},null,null,{"$f":"K338+K339","v":336.57248880000003},{"$f":"K340-H340","v":2.8950916400000324},{"$f":"IF((H340)=0,\"\",(L340/H340))","v":8.6763192971438252E-3}]
["General Service Less than 50 kW ","RPP",null,"Ontario Clean Energy Benefit 1"]
["General Service Less than 50 kW ","RPP_TOTAL",{"$f":"C33","v":4},"Total Bill on TOU",null,null,null,{"$f":"H340+H341","v":333.67739716},null,null,{"$f":"K340+K341","v":336.57248880000003},{"$f":"K342-H342","v":2.8950916400000324},{"$f":"IF((H342)=0,\"\",(L342/H342))","v":8.6763192971438252E-3}]
["General Service Less than 50 kW ","RPP"]
["General Service Less than 50 kW ","Non-RPP (Retailer)",null,"Total Bill on Non-RPP Avg. Price",null,null,null,{"$f":"SUM(H335,H326,H327:H332)","v":365.40973199999996},null,null,{"$f":"SUM(K335,K326,K327:K332)","v":367.97176000000002},{"$f":"K344-H344","v":2.5620280000000548},{"$f":"IF((H344)=0,\"\",(L344/H344))","v":7.0113841412413587E-3}]
["General Service Less than 50 kW ","Non-RPP (Retailer)",null,"HST",null,0.13,null,{"$f":"H344*F345","v":47.503265159999998},0.13,null,{"$f":"K344*I345","v":47.836328800000004},{"$f":"K345-H345","v":0.33306364000000599},{"$f":"IF((H345)=0,\"\",(L345/H345))","v":7.0113841412413344E-3}]
["General Service Less than 50 kW ","Non-RPP (Retailer)",null,"Total Bill (including HST)",null,null,null,{"$f":"H344+H345","v":412.91299715999997},null,null,{"$f":"K344+K345","v":415.80808880000001},{"$f":"K346-H346","v":2.8950916400000324},{"$f":"IF((H346)=0,\"\",(L346/H346))","v":7.0113841412412867E-3}]
["General Service Less than 50 kW ","Non-RPP (Retailer)",null,"Ontario Clean Energy Benefit 1"]
["General Service Less than 50 kW ","Non-RPP (Retailer)_TOTAL",null,"Total Bill on Non-RPP Avg. Price",null,null,null,{"$f":"SUM(H346:H347)","v":412.91299715999997},null,null,{"$f":"SUM(K346:K347)","v":415.80808880000001},{"$f":"K348-H348","v":2.8950916400000324},{"$f":"IF((H348)=0,\"\",(L348/H348))","v":7.0113841412412867E-3}]
["General Service Less than 50 kW ","Non-RPP (Retailer)"]
["General Service Less than 50 kW ","Non-RPP (Other)",null,"Total Bill on Average IESO Wholesale Market Price",null,null,null,{"$f":"SUM(H336,H326:H330)","v":269.93295199999994},null,null,{"$f":"SUM(K336,K326:K330)","v":272.50135999999998},{"$f":"K350-H350","v":2.5684080000000336},{"$f":"IF((H350)=0,\"\",(L350/H350))","v":9.5149850396925011E-3}]
["General Service Less than 50 kW ","Non-RPP (Other)",null,"HST",null,0.13,null,{"$f":"H350*F351","v":35.091283759999996},0.13,null,{"$f":"K350*I351","v":35.425176799999996},{"$f":"K351-H351","v":0.33389303999999953},{"$f":"IF((H351)=0,\"\",(L351/H351))","v":9.5149850396923624E-3}]
["General Service Less than 50 kW ","Non-RPP (Other)",null,"Total Bill (including HST)",null,null,null,{"$f":"H350+H351","v":305.02423575999995},null,null,{"$f":"K350+K351","v":307.92653679999995},{"$f":"K352-H352","v":2.9023010399999976},{"$f":"IF((H352)=0,\"\",(L352/H352))","v":9.5149850396923693E-3}]
["General Service Less than 50 kW ","Non-RPP (Other)",null,"Ontario Clean Energy Benefit 1"]
["General Service Less than 50 kW ","Non-RPP (Other)_TOTAL",null,"Total Bill on Average IESO Wholesale Market Price",null,null,null,{"$f":"SUM(H352:H353)","v":305.02423575999995},null,null,{"$f":"SUM(K352:K353)","v":307.92653679999995},{"$f":"K354-H354","v":2.9023010399999976},{"$f":"IF((H354)=0,\"\",(L354/H354))","v":9.5149850396923693E-3}]
["General Service Less than 50 kW ","Non-RPP (Other)"]
[]
[]
[null,null,null,"Customer Class:",{"$f":"D34","v":"General Service Less than 50 kW "},null,null,null,null,null,null,null,null,null,null,null,null,null,null,"X"]
[null,null,null,"RPP / Non-RPP:",{"$f":"H34","v":"RPP"}]
[null,null,null,"Consumption",{"$f":"L34","v":3000},"kWh"]
[null,null,null,"Demand",{"$f":"M34","v":0},"kW"]
[null,null,null,"Current Loss Factor",{"$f":"J34","v":1.0348999999999999}]
[null,null,null,"Proposed/Approved Loss Factor",{"$f":"K34","v":1.032}]
[null,null,null,"Ontario Clean Energy Benefit Applied?",{"$f":"I34","v":"No"}]
[]
[null,null,null,null,null,"Current Board-Approved",null,null,"Proposed",null,null,"Impact"]
[null,null,null,null,"Charge Unit","Rate","Volume","Charge","Rate","Volume","Charge","$ Change","% Change"]
[null,null,null,null,null,"($)",null,"($)","($)",null,"($)"]
[{"$f":"$E358","v":"General Service Less than 50 kW "},null,null,"Monthly Service Charge",null,26.46,1,{"$f":"G369*F369","v":26.46},{"$f":"'App. 2-Z_Tariff'!D105","v":30.72},1,{"$f":"J369*I369","v":30.72},{"$f":"K369-H369","v":4.259999999999998},{"$f":"IF(ISERROR(L369/H369), \"\", L369/H369)","v":0.16099773242630377}]
[{"$f":"A369","v":"General Service Less than 50 kW "},null,null,"Smart Meter Rate Adder",null,null,1,{"$f":"G370*F370","v":0},null,1,{"$f":"J370*I370","v":0},0,{"$f":"IF(ISERROR(L370/H370), \"\", L370/H370)","v":""}]
[{"$f":"A370","v":"General Service Less than 50 kW "},null,null,"RR for Residual Historic SM Cost ",null,2.9,1,2.9,{"$f":"'App. 2-Z_Tariff'!D106","v":2.9},1,{"$f":"J371*I371","v":2.9},0,0]
["General Service Less than 50 kW ",null,null,"RR for Recovery of Stranded Assets ",null,4.41,1,4.41,{"$f":"'App. 2-Z_Tariff'!D107","v":4.41},1,4.41,0,0]
["General Service Less than 50 kW ",null,null,null,null,null,1,0,null,1,0,0,""]
["General Service Less than 50 kW ",null,null,null,null,null,1,0,null,1,0,0,""]
["General Service Less than 50 kW ",null,null,"Distribution Volumetric Rate",null,6.8999999999999999E-3,{"$f":"IF($E361>0, $E361, $E360)","v":3000},20.7,{"$f":"'App. 2-Z_Tariff'!D109","v":8.0000000000000002E-3},{"$f":"IF($E361>0, $E361, $E360)","v":3000},24,3.3000000000000007,0.15942028985507251]
["General Service Less than 50 kW ",null,null,"Smart Meter Disposition Rider",null,null,{"$f":"IF($E361>0, $E361, $E360)","v":3000},0,null,{"$f":"IF($E361>0, $E361, $E360)","v":3000},0,0,""]
["General Service Less than 50 kW ",null,null,"LRAM & SSM Rate Rider",null,null,{"$f":"IF($E361>0, $E361, $E360)","v":3000},0,{"$f":"'App. 2-Z_Tariff'!D114","v":0},{"$f":"IF($E361>0, $E361, $E360)","v":3000},0,0,""]
["General Service Less than 50 kW ",null,null,"LRAM & SSM Rate Rider",null,null,{"$f":"IF($E361>0, $E361, $E360)","v":3000},{"$f":"G378*F378","v":0},{"$f":"'App. 2-Z_Tariff'!D115","v":2.0000000000000001E-4},{"$f":"IF($E361>0, $E361, $E360)","v":3000},0.6,0.6,""]
["General Service Less than 50 kW ",null,null,"Rate Rider for Tax Change",null,null,{"$f":"IF($E361>0, $E361, $E360)","v":3000},{"$f":"G379*F379","v":0},{"$f":"'App. 2-Z_Tariff'!D116","v":0},{"$f":"IF($E361>0, $E361, $E360)","v":3000},0,0,""]
["General Service Less than 50 kW ",null,null,"RR for DVA- Group 2",null,null,{"$f":"IF($E361>0, $E361, $E360)","v":3000},0,{"$f":"'App. 2-Z_Tariff'!D112","v":8.9999999999999998E-4},{"$f":"IF($E361>0, $E361, $E360)","v":3000},2.6999999999999997,2.6999999999999997,""]
["General Service Less than 50 kW ",null,null,null,null,null,{"$f":"IF($E361>0, $E361, $E360)","v":3000},0,null,{"$f":"IF($E361>0, $E361, $E360)","v":3000},0,0,""]
["General Service Less than 50 kW ",null,null,null,null,null,{"$f":"IF($E361>0, $E361, $E360)","v":3000},0,null,{"$f":"IF($E361>0, $E361, $E360)","v":3000},0,0,""]
["General Service Less than 50 kW ",null,null,null,null,null,{"$f":"IF($E361>0, $E361, $E360)","v":3000},0,null,{"$f":"IF($E361>0, $E361, $E360)","v":3000},0,0,""]
["General Service Less than 50 kW ",null,null,null,null,null,{"$f":"IF($E361>0, $E361, $E360)","v":3000},0,null,{"$f":"IF($E361>0, $E361, $E360)","v":3000},0,0,""]
["General Service Less than 50 kW ","ST_A",{"$f":"C34","v":5},"Sub-Total A (excluding pass through)",null,null,null,{"$f":"SUM(H369:H384)","v":54.47},null,null,{"$f":"SUM(K369:K384)","v":65.33},10.86,{"$f":"IF((H385)=0,\"\",(L385/H385))","v":0.19937580319441894}]
["General Service Less than 50 kW ",null,null,"Deferral/Variance Account Disposition Rate Rider",null,5.0000000000000001E-4,{"$f":"IF($E361>0, $E361, $E360)","v":3000},{"$f":"G386*F386","v":1.5},{"$f":"'App. 2-Z_Tariff'!D110","v":-2.9999999999999997E-4},{"$f":"IF($E361>0, $E361, $E360)","v":3000},{"$f":"J386*I386","v":-0.89999999999999991},-2.4,-1.5999999999999999]
["General Service Less than 50 kW ",null,null,"DVA RR for Non-WMP",null,-1.6999999999999999E-3,{"$f":"IF($E361>0, $E361, $E360)","v":3000},{"$f":"G387*F387","v":-5.0999999999999996},{"$f":"'App. 2-Z_Tariff'!D111","v":-3.8E-3},{"$f":"IF($E361>0, $E361, $E360)","v":3000},{"$f":"J387*I387","v":-11.4},-6.3000000000000007,1.2352941176470591]
["General Service Less than 50 kW ",null,null,null,null,null,{"$f":"IF($E361>0, $E361, $E360)","v":3000},{"$f":"G388*F388","v":0},null,{"$f":"IF($E361>0, $E361, $E360)","v":3000},0,0,""]
["General Service Less than 50 kW ",null,null,"RR for change in accounting to IFRS",null,null,{"$f":"IF($E361>0, $E361, $E360)","v":3000},0,{"$f":"'App. 2-Z_Tariff'!D117","v":2.0000000000000001E-4},{"$f":"IF($E361>0, $E361, $E360)","v":3000},0.6,0.6,""]
["General Service Less than 50 kW ",null,null,"Low Voltage Service Charge",null,null,{"$f":"IF($E361>0, $E361, $E360)","v":3000},{"$f":"G390*F390","v":0},null,{"$f":"IF($E361>0, $E361, $E360)","v":3000},{"$f":"J390*I390","v":0},0,""]
["General Service Less than 50 kW ",null,null,"Line Losses on Cost of Power",null,{"$f":"IF((E360*12>=150000), 0, IF(E359=\"RPP\",(F402*0.64+F403*0.18+F404*0.18),IF(E359=\"Non-RPP (Retailer)\",F405,F406)))","v":0.10214000000000001},{"$f":"IF(F391=0, 0, $E360*E362-E360)","v":104.69999999999982},10.694057999999982,{"$f":"IF((E360*12>=150000), 0, IF(E359=\"RPP\",(I402*0.64+I403*0.18+I404*0.18),IF(E359=\"Non-RPP (Retailer)\",I405,I406)))","v":0.10214000000000001},{"$f":"IF(I391=0, 0, E360*E363-E360)","v":96},9.8054400000000008,-0.88861799999998148,-8.3094555873923906E-2]
["General Service Less than 50 kW ",null,null,"Smart Meter Entity Charge",null,0.79,1,{"$f":"G392*F392","v":0.79},0.79,1,{"$f":"J392*I392","v":0.79},0,0]
["General Service Less than 50 kW ","ST_B",{"$f":"C34","v":5},"Sub-Total B - Distribution (includes Sub-Total A)",null,null,null,{"$f":"SUM(H386:H392)+H385","v":62.354057999999981},null,null,{"$f":"SUM(K386:K392)+K385","v":64.225439999999992},1.8713820000000112,{"$f":"IF((H393)=0,\"\",(L393/H393))","v":3.0012192630670675E-2}]
["General Service Less than 50 kW ",null,null,"RTSR - Network",null,7.3000000000000001E-3,{"$f":"IF($E361>0, $E361, $E360*$E362)","v":3104.7},{"$f":"G394*F394","v":22.66431},{"$f":"'App. 2-Z_Tariff'!D118","v":7.1000000000000004E-3},{"$f":"IF($E361>0, $E361, $E360*$E363)","v":3096},{"$f":"J394*I394","v":21.9816},-0.68271000000000015,-3.0122690697400457E-2]
["General Service Less than 50 kW ",null,null,"RTSR - Line and Transformation Connection",null,4.8999999999999998E-3,{"$f":"IF($E361>0, $E361, $E360*$E362)","v":3104.7},{"$f":"G395*F395","v":15.213029999999998},{"$f":"'App. 2-Z_Tariff'!D119","v":5.1000000000000004E-3},{"$f":"IF($E361>0, $E361, $E360*$E363)","v":3096},{"$f":"J395*I395","v":15.789600000000002},0.5765700000000038,3.7899747782000288E-2]
["General Service Less than 50 kW ","ST_C",{"$f":"C34","v":5},"Sub-Total C - Delivery (including Sub-Total B)",null,null,null,{"$f":"SUM(H393:H395)","v":100.23139799999998},null,null,{"$f":"SUM(K393:K395)","v":101.99664},1.7652420000000149,{"$f":"IF((H396)=0,\"\",(L396/H396))","v":1.7611666954899852E-2}]
["General Service Less than 50 kW ",null,null,"Wholesale Market Service Charge (WMSC)",null,3.5999999999999999E-3,{"$f":"E360*E362","v":3104.7},{"$f":"G397*F397","v":11.176919999999999},{"$f":"'App. 2-Z_Tariff'!D139","v":3.5999999999999999E-3},{"$f":"E360*E363","v":3096},{"$f":"J397*I397","v":11.1456},-3.1319999999999126E-2,-2.8022031114116525E-3]
["General Service Less than 50 kW ",null,null,"Rural and Remote Rate Protection (RRRP)",null,1.2999999999999999E-3,{"$f":"E360*E362","v":3104.7},4.0361099999999999,{"$f":"'App. 2-Z_Tariff'!D140","v":1.2999999999999999E-3},{"$f":"E360*E363","v":3096},4.0247999999999999,-1.1309999999999931E-2,-2.8022031114117137E-3]
["General Service Less than 50 kW ",null,null,"Standard Supply Service Charge",null,0.25,1,0.25,{"$f":"'App. 2-Z_Tariff'!D141","v":0.25},1,0.25,0,0]
["General Service Less than 50 kW ",null,null,"Debt Retirement Charge (DRC)",null,null,{"$f":"E360","v":3000},0,null,{"$f":"IF(ISNUMBER(SEARCH(\"RESIDENTIAL\", UPPER(E358),1)), \"\", E360)","v":3000},{"$f":"IF(ISNUMBER(SEARCH(\"RESIDENTIAL\", UPPER(E358),1)), \"\", J400*I400)","v":0},{"$f":"IF(ISNUMBER(SEARCH(\"RESIDENTIAL\", UPPER(E358),1)), \"\", K400-H400)","v":0},""]
["General Service Less than 50 kW ",null,null,"Ontario Electricity Support Program \n(OESP) ",null,1.1000000000000001E-3,{"$f":"G398","v":3104.7},{"$f":"G401*F401","v":3.4151699999999998},1.1000000000000001E-3,{"$f":"E360*E363","v":3096},{"$f":"J401*I401","v":3.4056000000000002},{"$f":"K401-H401","v":-9.5699999999996344E-3},-2.8022031114116235E-3]
[{"$f":"A400","v":"General Service Less than 50 kW "},"RPP",null,"TOU - Off Peak",null,0.08,{"$f":"IF(AND(E360*12>=150000),0.64*E360*E362,0.64*E360)","v":1920},153.6,0.08,{"$f":"IF(AND(E360*12>=150000),0.64*E360*E363,0.64*E360)","v":1920},153.6,0,0]
["General Service Less than 50 kW ","RPP",null,"TOU - Mid Peak",null,0.122,{"$f":"IF(AND(E360*12>=150000),0.18*E360*E362,0.18*E360)","v":540},65.88,0.122,{"$f":"IF(AND(E360*12>=150000),0.18*E360*E363,0.18*E360)","v":540},65.88,0,0]
["General Service Less than 50 kW ","RPP",null,"TOU - On Peak",null,0.161,{"$f":"IF(AND(E360*12>=150000),0.18*E360*E362,0.18*E360)","v":540},86.94,0.161,{"$f":"IF(AND(E360*12>=150000),0.18*E360*E363,0.18*E360)","v":540},86.94,0,0]
["General Service Less than 50 kW ","Non-RPP (Retailer)",null,"Non-RPP Retailer Avg. Price",null,8.5999999999999993E-2,{"$f":"IF(AND(E360*12>=150000),E360*E362,E360)","v":3000},{"$f":"G405*F405","v":258},8.5999999999999993E-2,{"$f":"IF(AND(E360*12>=150000),E360*E363,E360)","v":3000},{"$f":"J405*I405","v":258},0,0]
["General Service Less than 50 kW ","Non-RPP (Other)",null,"Average IESO Wholesale Market Price",null,{"$f":"0.0906","v":9.06E-2},{"$f":"IF(AND(E360*12>=150000),E360*E362,E360)","v":3000},{"$f":"G406*F406","v":271.8},{"$f":"0.0906","v":9.06E-2},{"$f":"IF(AND(E360*12>=150000),E360*E363,E360)","v":3000},{"$f":"J406*I406","v":271.8},0,0]
["General Service Less than 50 kW "]
["General Service Less than 50 kW ","RPP",null,"Total Bill on TOU (before Taxes)",null,null,null,{"$f":"SUM(H397:H404,H396)","v":425.52959799999996},null,null,{"$f":"SUM(K397:K404,K396)","v":427.24263999999999},{"$f":"K408-H408","v":1.7130420000000299},{"$f":"IF((H408)=0,\"\",(L408/H408))","v":4.0256706185688874E-3}]
["General Service Less than 50 kW ","RPP",null,"HST",null,0.13,null,{"$f":"H408*F409","v":55.318847739999995},0.13,null,{"$f":"K408*I409","v":55.5415432},{"$f":"K409-H409","v":0.22269546000000418},{"$f":"IF((H409)=0,\"\",(L409/H409))","v":4.0256706185688926E-3}]
["General Service Less than 50 kW ","RPP",null,"Total Bill (including HST)",null,null,null,{"$f":"H408+H409","v":480.84844573999999},null,null,{"$f":"K408+K409","v":482.78418319999997},{"$f":"K410-H410","v":1.9357374599999844},{"$f":"IF((H410)=0,\"\",(L410/H410))","v":4.0256706185687842E-3}]
["General Service Less than 50 kW ","RPP",null,"Ontario Clean Energy Benefit 1"]
["General Service Less than 50 kW ","RPP_TOTAL",{"$f":"C34","v":5},"Total Bill on TOU",null,null,null,{"$f":"H410+H411","v":480.84844573999999},null,null,{"$f":"K410+K411","v":482.78418319999997},{"$f":"K412-H412","v":1.9357374599999844},{"$f":"IF((H412)=0,\"\",(L412/H412))","v":4.0256706185687842E-3}]
["General Service Less than 50 kW ","RPP"]
["General Service Less than 50 kW ","Non-RPP (Retailer)",null,"Total Bill on Non-RPP Avg. Price",null,null,null,{"$f":"SUM(H405,H396,H397:H402)","v":530.70959800000003},null,null,{"$f":"SUM(K405,K396,K397:K402)","v":532.42264},{"$f":"K414-H414","v":1.7130419999999731},{"$f":"IF((H414)=0,\"\",(L414/H414))","v":3.2278330869757003E-3}]
["General Service Less than 50 kW ","Non-RPP (Retailer)",null,"HST",null,0.13,null,{"$f":"H414*F415","v":68.99224774000001},0.13,null,{"$f":"K414*I415","v":69.214943200000008},{"$f":"K415-H415","v":0.22269545999999707},{"$f":"IF((H415)=0,\"\",(L415/H415))","v":3.2278330869757082E-3}]
["General Service Less than 50 kW ","Non-RPP (Retailer)",null,"Total Bill (including HST)",null,null,null,{"$f":"H414+H415","v":599.70184574000007},null,null,{"$f":"K414+K415","v":601.63758319999999},{"$f":"K416-H416","v":1.9357374599999275},{"$f":"IF((H416)=0,\"\",(L416/H416))","v":3.2278330869756301E-3}]
["General Service Less than 50 kW ","Non-RPP (Retailer)",null,"Ontario Clean Energy Benefit 1"]
["General Service Less than 50 kW ","Non-RPP (Retailer)_TOTAL",null,"Total Bill on Non-RPP Avg. Price",null,null,null,{"$f":"SUM(H416:H417)","v":599.70184574000007},null,null,{"$f":"SUM(K416:K417)","v":601.63758319999999},{"$f":"K418-H418","v":1.9357374599999275},{"$f":"IF((H418)=0,\"\",(L418/H418))","v":3.2278330869756301E-3}]
["General Service Less than 50 kW ","Non-RPP (Retailer)"]
["General Service Less than 50 kW ","Non-RPP (Other)",null,"Total Bill on Average IESO Wholesale Market Price",null,null,null,{"$f":"SUM(H406,H396:H400)","v":387.49442799999997},null,null,{"$f":"SUM(K406,K396:K400)","v":389.21704000000005},{"$f":"K420-H420","v":1.7226120000000833},{"$f":"IF((H420)=0,\"\",(L420/H420))","v":4.4455142462076474E-3}]
["General Service Less than 50 kW ","Non-RPP (Other)",null,"HST",null,0.13,null,{"$f":"H420*F421","v":50.37427564},0.13,null,{"$f":"K420*I421","v":50.598215200000006},{"$f":"K421-H421","v":0.22393956000000514},{"$f":"IF((H421)=0,\"\",(L421/H421))","v":4.4455142462075338E-3}]
["General Service Less than 50 kW ","Non-RPP (Other)",null,"Total Bill (including HST)",null,null,null,{"$f":"H420+H421","v":437.86870363999998},null,null,{"$f":"K420+K421","v":439.81525520000008},{"$f":"K422-H422","v":1.9465515600001027},{"$f":"IF((H422)=0,\"\",(L422/H422))","v":4.4455142462076665E-3}]
["General Service Less than 50 kW ","Non-RPP (Other)",null,"Ontario Clean Energy Benefit 1"]
["General Service Less than 50 kW ","Non-RPP (Other)_TOTAL",null,"Total Bill on Average IESO Wholesale Market Price",null,null,null,{"$f":"SUM(H422:H423)","v":437.86870363999998},null,null,{"$f":"SUM(K422:K423)","v":439.81525520000008},{"$f":"K424-H424","v":1.9465515600001027},{"$f":"IF((H424)=0,\"\",(L424/H424))","v":4.4455142462076665E-3}]
["General Service Less than 50 kW ","Non-RPP (Other)"]
[]
[]
[null,null,null,"Customer Class:",{"$f":"D35","v":"General Service 50-4,999 kW"},null,null,null,null,null,null,null,null,null,null,null,null,null,null,"X"]
[null,null,null,"RPP / Non-RPP:",{"$f":"H35","v":"Non-RPP (Other)"}]
[null,null,null,"Consumption",{"$f":"L35","v":195000},"kWh"]
[null,null,null,"Demand",{"$f":"M35","v":500},"kW"]
[null,null,null,"Current Loss Factor",{"$f":"J35","v":1.0348999999999999}]
[null,null,null,"Proposed/Approved Loss Factor",{"$f":"K35","v":1.032}]
[null,null,null,"Ontario Clean Energy Benefit Applied?",{"$f":"I35","v":"No"}]
[]
[null,null,null,null,null,"Current Board-Approved",null,null,"Proposed",null,null,"Impact"]
[null,null,null,null,"Charge Unit","Rate","Volume","Charge","Rate","Volume","Charge","$ Change","% Change"]
[null,null,null,null,null,"($)",null,"($)","($)",null,"($)"]
[{"$f":"$E428","v":"General Service 50-4,999 kW"},null,null,"Monthly Service Charge",null,232.03,1,{"$f":"G439*F439","v":232.03},{"$f":"'App. 2-Z_Tariff'!D154","v":261.64},1,{"$f":"J439*I439","v":261.64},{"$f":"K439-H439","v":29.609999999999985},{"$f":"IF(ISERROR(L439/H439), \"\", L439/H439)","v":0.12761280868853159}]
[{"$f":"A439","v":"General Service 50-4,999 kW"},null,null,"Smart Meter Rate Adder",null,null,1,{"$f":"G440*F440","v":0},null,1,{"$f":"J440*I440","v":0},0,{"$f":"IF(ISERROR(L440/H440), \"\", L440/H440)","v":""}]
[{"$f":"A440","v":"General Service 50-4,999 kW"},null,null,null,null,null,1,0,null,1,{"$f":"J441*I441","v":0},0,""]
["General Service 50-4,999 kW",null,null,null,null,null,1,0,null,1,0,0,""]
["General Service 50-4,999 kW",null,null,null,null,null,1,0,null,1,0,0,""]
["General Service 50-4,999 kW",null,null,null,null,null,1,0,null,1,0,0,""]
["General Service 50-4,999 kW",null,null,"Distribution Volumetric Rate",null,3.0605000000000002,{"$f":"IF($E431>0, $E431, $E430)","v":500},1530.25,{"$f":"'App. 2-Z_Tariff'!D155","v":3.4136000000000002},{"$f":"IF($E431>0, $E431, $E430)","v":500},1706.8000000000002,176.55000000000018,0.11537330501552046]
["General Service 50-4,999 kW",null,null,"Smart Meter Disposition Rider",null,null,{"$f":"IF($E431>0, $E431, $E430)","v":500},0,null,{"$f":"IF($E431>0, $E431, $E430)","v":500},0,0,""]
["General Service 50-4,999 kW",null,null,"LRAM & SSM Rate Rider",null,null,{"$f":"IF($E431>0, $E431, $E430)","v":500},0,{"$f":"'App. 2-Z_Tariff'!D160","v":0.11799999999999999},{"$f":"IF($E431>0, $E431, $E430)","v":500},59,59,""]
["General Service 50-4,999 kW",null,null,"LRAM & SSM Rate Rider (prior to 2011)",null,null,{"$f":"IF($E431>0, $E431, $E430)","v":500},0,{"$f":"'App. 2-Z_Tariff'!D161","v":2.06E-2},{"$f":"IF($E431>0, $E431, $E430)","v":500},10.3,10.3,""]
["General Service 50-4,999 kW",null,null,"Rate Rider for Tax Change",null,7.3000000000000001E-3,{"$f":"IF($E431>0, $E431, $E430)","v":500},3.65,{"$f":"'App. 2-Z_Tariff'!D159","v":8.6E-3},{"$f":"IF($E431>0, $E431, $E430)","v":500},4.3,0.64999999999999991,0.17808219178082191]
["General Service 50-4,999 kW",null,null,"Deferral/Variance Account Disposition Rate Rider - Group 2",null,null,{"$f":"IF($E431>0, $E431, $E430)","v":500},0,{"$f":"'App. 2-Z_Tariff'!D164","v":0.3347},{"$f":"IF($E431>0, $E431, $E430)","v":500},167.35,167.35,""]
["General Service 50-4,999 kW",null,null,null,null,null,{"$f":"IF($E431>0, $E431, $E430)","v":500},0,null,{"$f":"IF($E431>0, $E431, $E430)","v":500},0,0,""]
["General Service 50-4,999 kW",null,null,null,null,null,{"$f":"IF($E431>0, $E431, $E430)","v":500},0,null,{"$f":"IF($E431>0, $E431, $E430)","v":500},0,0,""]
["General Service 50-4,999 kW",null,null,null,null,null,{"$f":"IF($E431>0, $E431, $E430)","v":500},0,null,{"$f":"IF($E431>0, $E431, $E430)","v":500},0,0,""]
["General Service 50-4,999 kW",null,null,null,null,null,{"$f":"IF($E431>0, $E431, $E430)","v":500},0,null,{"$f":"IF($E431>0, $E431, $E430)","v":500},0,0,""]
["General Service 50-4,999 kW","ST_A",{"$f":"C35","v":6},"Sub-Total A (excluding pass through)",null,null,null,{"$f":"SUM(H439:H454)","v":1765.93},null,null,{"$f":"SUM(K439:K454)","v":2209.39},443.45999999999981,{"$f":"IF((H455)=0,\"\",(L455/H455))","v":0.25111980656084887}]
["General Service 50-4,999 kW",null,null,"Deferral/Variance Account Disposition Rate Rider  - Group 1",null,0.21229999999999999,{"$f":"IF($E431>0, $E431, $E430)","v":500},{"$f":"G456*F456","v":106.14999999999999},{"$f":"'App. 2-Z_Tariff'!D156","v":-0.1087},{"$f":"IF($E431>0, $E431, $E430)","v":500},{"$f":"J456*I456","v":-54.35},-160.5,-1.5120113047574189]
["General Service 50-4,999 kW",null,null,"RR Disposition of GA",null,1.2932999999999999,{"$f":"IF($E431>0, $E431, $E430)","v":500},{"$f":"G457*F457","v":646.65},{"$f":"'App. 2-Z_Tariff'!D158","v":1.236},{"$f":"IF($E431>0, $E431, $E430)","v":500},{"$f":"J457*I457","v":618},-28.649999999999977,-4.4305265599628822E-2]
["General Service 50-4,999 kW",null,null,"DVA RR for Non-WMP",null,-0.62490000000000001,{"$f":"IF($E431>0, $E431, $E430)","v":500},-312.45,{"$f":"'App. 2-Z_Tariff'!D157","v":-1.4903},{"$f":"IF($E431>0, $E431, $E430)","v":500},-745.15,-432.7,1.3848615778524564]
["General Service 50-4,999 kW",null,null,"RR for change in accounting to IFRS",null,null,{"$f":"IF($E431>0, $E431, $E430)","v":500},0,{"$f":"'App. 2-Z_Tariff'!D162","v":9.4671816763048838E-2},{"$f":"IF($E431>0, $E431, $E430)","v":500},47.335908381524419,47.335908381524419,""]
["General Service 50-4,999 kW",null,null,"Low Voltage Service Charge",null,null,{"$f":"IF($E431>0, $E431, $E430)","v":500},{"$f":"G460*F460","v":0},null,{"$f":"IF($E431>0, $E431, $E430)","v":500},{"$f":"J460*I460","v":0},0,""]
["General Service 50-4,999 kW",null,null,"Line Losses on Cost of Power",null,{"$f":"IF((E430*12>=150000), 0, IF(E429=\"RPP\",(F472*0.64+F473*0.18+F474*0.18),IF(E429=\"Non-RPP (Retailer)\",F475,F476)))","v":0},{"$f":"IF(F461=0, 0, $E430*E432-E430)","v":0},0,{"$f":"IF((E430*12>=150000), 0, IF(E429=\"RPP\",(I472*0.64+I473*0.18+I474*0.18),IF(E429=\"Non-RPP (Retailer)\",I475,I476)))","v":0},{"$f":"IF(I461=0, 0, E430*E433-E430)","v":0},0,0,""]
["General Service 50-4,999 kW",null,null,"Smart Meter Entity Charge",null,0.79,1,{"$f":"G462*F462","v":0.79},0.79,1,{"$f":"J462*I462","v":0.79},0,0]
["General Service 50-4,999 kW","ST_B",{"$f":"C35","v":6},"Sub-Total B - Distribution (includes Sub-Total A)",null,null,null,{"$f":"SUM(H456:H462)+H455","v":2207.0700000000002},null,null,{"$f":"SUM(K456:K462)+K455","v":2076.0159083815242},-131.05409161847592,{"$f":"IF((H463)=0,\"\",(L463/H463))","v":-5.9379218429173479E-2}]
["General Service 50-4,999 kW",null,null,"RTSR - Network",null,2.5047000000000001,{"$f":"IF($E431>0, $E431, $E430*$E432)","v":500},{"$f":"G464*F464","v":1252.3500000000001},{"$f":"'App. 2-Z_Tariff'!D166","v":2.4377},{"$f":"IF($E431>0, $E431, $E430*$E433)","v":500},{"$f":"J464*I464","v":1218.8499999999999},-33.500000000000227,-2.6749710544177126E-2]
["General Service 50-4,999 kW",null,null,"RTSR - Line and Transformation Connection",null,1.6685000000000001,{"$f":"IF($E431>0, $E431, $E430*$E432)","v":500},{"$f":"G465*F465","v":834.25},{"$f":"'App. 2-Z_Tariff'!D167","v":1.7351000000000001},{"$f":"IF($E431>0, $E431, $E430*$E433)","v":500},{"$f":"J465*I465","v":867.55000000000007},33.300000000000068,3.9916092298471761E-2]
["General Service 50-4,999 kW","ST_C",{"$f":"C35","v":6},"Sub-Total C - Delivery (including Sub-Total B)",null,null,null,{"$f":"SUM(H463:H465)","v":4293.67},null,null,{"$f":"SUM(K463:K465)","v":4162.4159083815239},-131.2540916184762,{"$f":"IF((H466)=0,\"\",(L466/H466))","v":-3.0569208071061865E-2}]
["General Service 50-4,999 kW",null,null,"Wholesale Market Service Charge (WMSC)",null,3.5999999999999999E-3,{"$f":"E430*E432","v":201805.5},{"$f":"G467*F467","v":726.49979999999994},{"$f":"'App. 2-Z_Tariff'!D187","v":3.5999999999999999E-3},{"$f":"E430*E433","v":201240},{"$f":"J467*I467","v":724.46399999999994},-2.0357999999999947,-2.8022031114117237E-3]
["General Service 50-4,999 kW",null,null,"Rural and Remote Rate Protection (RRRP)",null,1.2999999999999999E-3,{"$f":"E430*E432","v":201805.5},262.34715,{"$f":"'App. 2-Z_Tariff'!D188","v":1.2999999999999999E-3},{"$f":"E430*E433","v":201240},261.61199999999997,-0.73515000000003283,-2.8022031114118559E-3]
["General Service 50-4,999 kW",null,null,"Standard Supply Service Charge",null,0.25,1,0.25,{"$f":"'App. 2-Z_Tariff'!D189","v":0.25},1,0.25,0,0]
["General Service 50-4,999 kW",null,null,"Debt Retirement Charge (DRC)",null,null,{"$f":"E430","v":195000},0,null,{"$f":"IF(ISNUMBER(SEARCH(\"RESIDENTIAL\", UPPER(E428),1)), \"\", E430)","v":195000},{"$f":"IF(ISNUMBER(SEARCH(\"RESIDENTIAL\", UPPER(E428),1)), \"\", J470*I470)","v":0},{"$f":"IF(ISNUMBER(SEARCH(\"RESIDENTIAL\", UPPER(E428),1)), \"\", K470-H470)","v":0},""]
["General Service 50-4,999 kW",null,null,"Ontario Electricity Support Program \n(OESP) ",null,1.1000000000000001E-3,{"$f":"G468","v":201805.5},{"$f":"G471*F471","v":221.98605000000001},1.1000000000000001E-3,{"$f":"E430*E433","v":201240},{"$f":"J471*I471","v":221.364},-0.62205000000000155,-2.8022031114117375E-3]
[{"$f":"A470","v":"General Service 50-4,999 kW"},"RPP",null,"TOU - Off Peak",null,0.08,{"$f":"IF(AND(E430*12>=150000),0.64*E430*E432,0.64*E430)","v":129155.51999999999},10332.4416,0.08,{"$f":"IF(AND(E430*12>=150000),0.64*E430*E433,0.64*E430)","v":128793.60000000001},10303.488000000001,{"$f":"K472-H472","v":-28.953599999998914},-2.8022031114116257E-3]
["General Service 50-4,999 kW","RPP",null,"TOU - Mid Peak",null,0.122,{"$f":"IF(AND(E430*12>=150000),0.18*E430*E432,0.18*E430)","v":36324.99},4431.6487799999995,0.122,{"$f":"IF(AND(E430*12>=150000),0.18*E430*E433,0.18*E430)","v":36223.200000000004},4419.2304000000004,{"$f":"K473-H473","v":-12.418379999999161},-2.8022031114115415E-3]
["General Service 50-4,999 kW","RPP",null,"TOU - On Peak",null,0.161,{"$f":"IF(AND(E430*12>=150000),0.18*E430*E432,0.18*E430)","v":36324.99},5848.3233899999996,0.161,{"$f":"IF(AND(E430*12>=150000),0.18*E430*E433,0.18*E430)","v":36223.200000000004},5831.9352000000008,{"$f":"K474-H474","v":-16.388189999998758},-2.8022031114115185E-3]
["General Service 50-4,999 kW","Non-RPP (Retailer)",null,"Non-RPP Retailer Avg. Price",null,8.5999999999999993E-2,{"$f":"IF(AND(E430*12>=150000),E430*E432,E430)","v":201805.5},{"$f":"G475*F475","v":17355.272999999997},8.5999999999999993E-2,{"$f":"IF(AND(E430*12>=150000),E430*E433,E430)","v":201240},{"$f":"J475*I475","v":17306.64},{"$f":"K475-H475","v":-48.632999999997992},-2.8022031114116152E-3]
["General Service 50-4,999 kW","Non-RPP (Other)",null,"Average IESO Wholesale Market Price",null,{"$f":"0.0906","v":9.06E-2},{"$f":"IF(AND(E430*12>=150000),E430*E432,E430)","v":201805.5},{"$f":"G476*F476","v":18283.578300000001},{"$f":"0.0906","v":9.06E-2},{"$f":"IF(AND(E430*12>=150000),E430*E433,E430)","v":201240},{"$f":"J476*I476","v":18232.344000000001},{"$f":"K476-H476","v":-51.234300000000076},-2.8022031114117345E-3]
["General Service 50-4,999 kW"]
["General Service 50-4,999 kW","RPP",null,"Total Bill on TOU (before Taxes)",null,null,null,{"$f":"SUM(H467:H474,H466)","v":26117.166769999996},null,null,{"$f":"SUM(K467:K474,K466)","v":25924.759508381529},{"$f":"K478-H478","v":-192.4072616184676},{"$f":"IF((H478)=0,\"\",(L478/H478))","v":-7.3670801780643383E-3}]
["General Service 50-4,999 kW","RPP",null,"HST",null,0.13,null,{"$f":"H478*F479","v":3395.2316800999997},0.13,null,{"$f":"K478*I479","v":3370.2187360895987},{"$f":"K479-H479","v":-25.012944010401043},{"$f":"IF((H479)=0,\"\",(L479/H479))","v":-7.3670801780644129E-3}]
["General Service 50-4,999 kW","RPP",null,"Total Bill (including HST)",null,null,null,{"$f":"H478+H479","v":29512.398450099994},null,null,{"$f":"K478+K479","v":29294.978244471127},{"$f":"K480-H480","v":-217.42020562886682},{"$f":"IF((H480)=0,\"\",(L480/H480))","v":-7.3670801780642862E-3}]
["General Service 50-4,999 kW","RPP",null,"Ontario Clean Energy Benefit 1"]
["General Service 50-4,999 kW","RPP_TOTAL",null,"Total Bill on TOU",null,null,null,{"$f":"H480+H481","v":29512.398450099994},null,null,{"$f":"K480+K481","v":29294.978244471127},{"$f":"K482-H482","v":-217.42020562886682},{"$f":"IF((H482)=0,\"\",(L482/H482))","v":-7.3670801780642862E-3}]
["General Service 50-4,999 kW","RPP"]
["General Service 50-4,999 kW","Non-RPP (Retailer)",null,"Total Bill on Non-RPP Avg. Price",null,null,null,{"$f":"SUM(H475,H466,H467:H472)","v":33192.467600000004},null,null,{"$f":"SUM(K475,K466,K467:K472)","v":32980.233908381531},{"$f":"K484-H484","v":-212.23369161847222},{"$f":"IF((H484)=0,\"\",(L484/H484))","v":-6.3940317476870023E-3}]
["General Service 50-4,999 kW","Non-RPP (Retailer)",null,"HST",null,0.13,null,{"$f":"H484*F485","v":4315.0207880000007},0.13,null,{"$f":"K484*I485","v":4287.430408089599},{"$f":"K485-H485","v":-27.59037991040168},{"$f":"IF((H485)=0,\"\",(L485/H485))","v":-6.394031747687069E-3}]
["General Service 50-4,999 kW","Non-RPP (Retailer)",null,"Total Bill (including HST)",null,null,null,{"$f":"H484+H485","v":37507.488388000005},null,null,{"$f":"K484+K485","v":37267.664316471128},{"$f":"K486-H486","v":-239.82407152887754},{"$f":"IF((H486)=0,\"\",(L486/H486))","v":-6.3940317476871072E-3}]
["General Service 50-4,999 kW","Non-RPP (Retailer)",null,"Ontario Clean Energy Benefit 1"]
["General Service 50-4,999 kW","Non-RPP (Retailer)_TOTAL",null,"Total Bill on Non-RPP Avg. Price",null,null,null,{"$f":"SUM(H486:H487)","v":37507.488388000005},null,null,{"$f":"SUM(K486:K487)","v":37267.664316471128},{"$f":"K488-H488","v":-239.82407152887754},{"$f":"IF((H488)=0,\"\",(L488/H488))","v":-6.3940317476871072E-3}]
["General Service 50-4,999 kW","Non-RPP (Retailer)"]
["General Service 50-4,999 kW","Non-RPP (Other)",null,"Total Bill on Average IESO Wholesale Market Price",null,null,null,{"$f":"SUM(H476,H466:H470)","v":23566.345250000002},null,null,{"$f":"SUM(K476,K466:K470)","v":23381.085908381527},{"$f":"K490-H490","v":-185.25934161847545},{"$f":"IF((H490)=0,\"\",(L490/H490))","v":-7.8611825318342654E-3}]
["General Service 50-4,999 kW","Non-RPP (Other)",null,"HST",null,0.13,null,{"$f":"H490*F491","v":3063.6248825000002},0.13,null,{"$f":"K490*I491","v":3039.5411680895986},{"$f":"K491-H491","v":-24.083714410401626},{"$f":"IF((H491)=0,\"\",(L491/H491))","v":-7.8611825318342064E-3}]
["General Service 50-4,999 kW","Non-RPP (Other)",null,"Total Bill (including HST)",null,null,null,{"$f":"H490+H491","v":26629.970132500002},null,null,{"$f":"K490+K491","v":26420.627076471126},{"$f":"K492-H492","v":-209.34305602887616},{"$f":"IF((H492)=0,\"\",(L492/H492))","v":-7.8611825318342255E-3}]
["General Service 50-4,999 kW","Non-RPP (Other)",null,"Ontario Clean Energy Benefit 1"]
["General Service 50-4,999 kW","Non-RPP (Other)_TOTAL",{"$f":"C35","v":6},"Total Bill on Average IESO Wholesale Market Price",null,null,null,{"$f":"SUM(H492:H493)","v":26629.970132500002},null,null,{"$f":"SUM(K492:K493)","v":26420.627076471126},{"$f":"K494-H494","v":-209.34305602887616},{"$f":"IF((H494)=0,\"\",(L494/H494))","v":-7.8611825318342255E-3}]
["General Service 50-4,999 kW","Non-RPP (Other)"]
[]
[]
[null,null,null,"Customer Class:",{"$f":"D36","v":"Street Lighting "},null,null,null,null,null,null,null,null,null,null,null,null,null,null,"X"]
[null,null,null,"RPP / Non-RPP:",{"$f":"H36","v":"Non-RPP (Other)"}]
[null,null,null,"Consumption",{"$f":"L36","v":325},"kWh"]
[null,null,null,"Demand",{"$f":"M36","v":1},"kW"]
[null,null,null,"Current Loss Factor",{"$f":"J36","v":1.0348999999999999}]
[null,null,null,"Proposed/Approved Loss Factor",{"$f":"K36","v":1.032}]
[null,null,null,"Ontario Clean Energy Benefit Applied?",{"$f":"I36","v":"No"}]
[]
[null,null,null,null,null,"Current Board-Approved",null,null,"Proposed",null,null,"Impact"]
[null,null,null,null,"Charge Unit","Rate","Volume","Charge","Rate","Volume","Charge","$ Change","% Change"]
[null,null,null,null,null,"($)",null,"($)","($)",null,"($)"]
[{"$f":"$E498","v":"Street Lighting "},null,null,"Monthly Service Charge",null,{"$f":"0.69","v":0.69},1,{"$f":"G509*F509","v":0.69},{"$f":"'App. 2-Z_Tariff'!D345","v":1.33},1,{"$f":"J509*I509","v":1.33},{"$f":"K509-H509","v":0.64000000000000012},{"$f":"IF(ISERROR(L509/H509), \"\", L509/H509)","v":0.9275362318840582}]
[{"$f":"A509","v":"Street Lighting "},null,null,"Smart Meter Rate Adder",null,null,1,{"$f":"G510*F510","v":0},null,1,{"$f":"J510*I510","v":0},0,{"$f":"IF(ISERROR(L510/H510), \"\", L510/H510)","v":""}]
[{"$f":"A510","v":"Street Lighting "},null,null,null,null,null,1,0,null,1,{"$f":"J511*I511","v":0},0,""]
["Street Lighting ",null,null,null,null,null,1,0,null,1,0,0,""]
["Street Lighting ",null,null,null,null,null,1,0,null,1,0,0,""]
["Street Lighting ",null,null,null,null,null,1,0,null,1,0,0,""]
["Street Lighting ",null,null,"Distribution Volumetric Rate",null,2.8877000000000002,{"$f":"IF($E501>0, $E501, $E500)","v":1},2.8877000000000002,{"$f":"'App. 2-Z_Tariff'!D346","v":5.5708000000000002},{"$f":"IF($E501>0, $E501, $E500)","v":1},5.5708000000000002,2.6831,0.92914776465699345]
["Street Lighting ",null,null,"Smart Meter Disposition Rider",null,null,{"$f":"IF($E501>0, $E501, $E500)","v":1},0,null,{"$f":"IF($E501>0, $E501, $E500)","v":1},0,0,""]
["Street Lighting ",null,null,"LRAM & SSM Rate Rider",null,null,{"$f":"IF($E501>0, $E501, $E500)","v":1},0,null,{"$f":"IF($E501>0, $E501, $E500)","v":1},0,0,""]
["Street Lighting ",null,null,"RR for Tax change",null,1.2800000000000001E-2,{"$f":"IF($E501>0, $E501, $E500)","v":1},1.2800000000000001E-2,{"$f":"'App. 2-Z_Tariff'!D350","v":0.1202},{"$f":"IF($E501>0, $E501, $E500)","v":1},0.1202,0.1074,8.390625]
["Street Lighting ",null,null,"Deferral/Variance Account Disposition Rate Rider  - Group 2",null,null,{"$f":"IF($E501>0, $E501, $E500)","v":1},0,{"$f":"'App. 2-Z_Tariff'!D352","v":0.28089999999999998},{"$f":"IF($E501>0, $E501, $E500)","v":1},0.28089999999999998,0.28089999999999998,""]
["Street Lighting ",null,null,null,null,null,{"$f":"IF($E501>0, $E501, $E500)","v":1},0,null,{"$f":"IF($E501>0, $E501, $E500)","v":1},0,0,""]
["Street Lighting ",null,null,null,null,null,{"$f":"IF($E501>0, $E501, $E500)","v":1},0,null,{"$f":"IF($E501>0, $E501, $E500)","v":1},0,0,""]
["Street Lighting ",null,null,null,null,null,{"$f":"IF($E501>0, $E501, $E500)","v":1},0,null,{"$f":"IF($E501>0, $E501, $E500)","v":1},0,0,""]
["Street Lighting ",null,null,null,null,null,{"$f":"IF($E501>0, $E501, $E500)","v":1},0,null,{"$f":"IF($E501>0, $E501, $E500)","v":1},0,0,""]
["Street Lighting ",null,null,null,null,null,{"$f":"IF($E501>0, $E501, $E500)","v":1},0,null,{"$f":"IF($E501>0, $E501, $E500)","v":1},0,0,""]
["Street Lighting ","ST_A",{"$f":"C36","v":7},"Sub-Total A (excluding pass through)",null,null,null,{"$f":"SUM(H509:H524)","v":3.5905},null,null,{"$f":"SUM(K509:K524)","v":7.3018999999999998},3.7113999999999998,{"$f":"IF((H525)=0,\"\",(L525/H525))","v":1.0336721905027155}]
["Street Lighting ",null,null,"Deferral/Variance Account Disposition Rate Rider - Group 1",null,0.20710000000000001,{"$f":"IF($E501>0, $E501, $E500)","v":1},{"$f":"G526*F526","v":0.20710000000000001},{"$f":"'App. 2-Z_Tariff'!D347","v":-9.1700000000000004E-2},{"$f":"IF($E501>0, $E501, $E500)","v":1},{"$f":"J526*I526","v":-9.1700000000000004E-2},-0.29880000000000001,-1.4427812650893288]
["Street Lighting ",null,null,"Deferral/Variance Account Disposition Rate Rider - non-WMP",null,-0.56759999999999999,{"$f":"IF($E501>0, $E501, $E500)","v":1},{"$f":"G527*F527","v":-0.56759999999999999},{"$f":"'App. 2-Z_Tariff'!D348","v":-1.2552000000000001},{"$f":"IF($E501>0, $E501, $E500)","v":1},{"$f":"J527*I527","v":-1.2552000000000001},-0.6876000000000001,1.2114164904862581]
["Street Lighting ",null,null,"RR for Disposal of GA",null,1.1587000000000001,{"$f":"IF($E501>0, $E501, $E500)","v":1},1.1587000000000001,{"$f":"'App. 2-Z_Tariff'!D349","v":1.0326},{"$f":"IF($E501>0, $E501, $E500)","v":1},1.0326,-0.1261000000000001,-0.10882885992923112]
["Street Lighting ",null,null,"RR for change in accounting to IFRS",null,null,{"$f":"IF($E501>0, $E501, $E500)","v":1},0,{"$f":"'App. 2-Z_Tariff'!D351","v":7.9500000000000001E-2},{"$f":"IF($E501>0, $E501, $E500)","v":1},7.9500000000000001E-2,7.9500000000000001E-2,""]
["Street Lighting ",null,null,"Low Voltage Service Charge",null,null,{"$f":"IF($E501>0, $E501, $E500)","v":1},{"$f":"G530*F530","v":0},null,{"$f":"IF($E501>0, $E501, $E500)","v":1},{"$f":"J530*I530","v":0},0,""]
["Street Lighting ",null,null,"Line Losses on Cost of Power",null,{"$f":"IF((E500*12>=150000), 0, IF(E499=\"RPP\",(F542*0.64+F543*0.18+F544*0.18),IF(E499=\"Non-RPP (Retailer)\",F545,F546)))","v":9.06E-2},{"$f":"IF(F531=0, 0, $E500*E502-E500)","v":11.342499999999973},1.0276304999999974,{"$f":"IF((E500*12>=150000), 0, IF(E499=\"RPP\",(I542*0.64+I543*0.18+I544*0.18),IF(E499=\"Non-RPP (Retailer)\",I545,I546)))","v":9.06E-2},{"$f":"IF(I531=0, 0, E500*E503-E500)","v":10.400000000000034},0.94224000000000308,-8.5390499999994374E-2,-8.3094555873920228E-2]
["Street Lighting ",null,null,"Smart Meter Entity Charge",null,0.79,1,{"$f":"G532*F532","v":0.79},0.79,1,{"$f":"J532*I532","v":0.79},0,0]
["Street Lighting ","ST_B",{"$f":"C36","v":7},"Sub-Total B - Distribution (includes Sub-Total A)",null,null,null,{"$f":"SUM(H526:H532)+H525","v":6.2063304999999982},null,null,{"$f":"SUM(K526:K532)+K525","v":8.7993400000000026},2.5930095000000044,{"$f":"IF((H533)=0,\"\",(L533/H533))","v":0.41780074393395666}]
["Street Lighting ",null,null,"RTSR - Network",null,2.4098000000000002,{"$f":"IF($E501>0, $E501, $E500*$E502)","v":1},{"$f":"G534*F534","v":2.4098000000000002},{"$f":"'App. 2-Z_Tariff'!D354","v":2.3454000000000002},{"$f":"IF($E501>0, $E501, $E500*$E503)","v":1},{"$f":"J534*I534","v":2.3454000000000002},-6.4400000000000013E-2,-2.6724209477964979E-2]
["Street Lighting ",null,null,"RTSR - Line and Transformation Connection",null,1.5403,{"$f":"IF($E501>0, $E501, $E500*$E502)","v":1},{"$f":"G535*F535","v":1.5403},{"$f":"'App. 2-Z_Tariff'!D355","v":1.6017999999999999},{"$f":"IF($E501>0, $E501, $E500*$E503)","v":1},{"$f":"J535*I535","v":1.6017999999999999},6.1499999999999888E-2,3.9927286892163794E-2]
["Street Lighting ","ST_C",{"$f":"C36","v":7},"Sub-Total C - Delivery (including Sub-Total B)",null,null,null,{"$f":"SUM(H533:H535)","v":10.156430499999999},null,null,{"$f":"SUM(K533:K535)","v":12.746540000000003},2.5901095000000041,{"$f":"IF((H536)=0,\"\",(L536/H536))","v":0.25502163383090193}]
["Street Lighting ",null,null,"Wholesale Market Service Charge (WMSC)",null,3.5999999999999999E-3,{"$f":"E500*E502","v":336.34249999999997},{"$f":"G537*F537","v":1.2108329999999998},{"$f":"'App. 2-Z_Tariff'!D378","v":3.5999999999999999E-3},{"$f":"E500*E503","v":335.40000000000003},{"$f":"J537*I537","v":1.2074400000000001},-3.3929999999997573E-3,-2.8022031114115307E-3]
["Street Lighting ",null,null,"Rural and Remote Rate Protection (RRRP)",null,1.2999999999999999E-3,{"$f":"E500*E502","v":336.34249999999997},0.43724524999999992,{"$f":"'App. 2-Z_Tariff'!D379","v":1.2999999999999999E-3},{"$f":"E500*E503","v":335.40000000000003},0.43602000000000002,-1.2252499999999E-3,-2.8022031114115025E-3]
["Street Lighting ",null,null,"Standard Supply Service Charge",null,0.25,1,0.25,{"$f":"'App. 2-Z_Tariff'!D380","v":0.25},1,0.25,0,0]
["Street Lighting ",null,null,"Debt Retirement Charge (DRC)",null,null,{"$f":"E500","v":325},0,null,{"$f":"IF(ISNUMBER(SEARCH(\"RESIDENTIAL\", UPPER(E498),1)), \"\", E500)","v":325},{"$f":"IF(ISNUMBER(SEARCH(\"RESIDENTIAL\", UPPER(E498),1)), \"\", J540*I540)","v":0},{"$f":"IF(ISNUMBER(SEARCH(\"RESIDENTIAL\", UPPER(E498),1)), \"\", K540-H540)","v":0},""]
["Street Lighting ",null,null,"Ontario Electricity Support Program \n(OESP) ",null,1.1000000000000001E-3,{"$f":"G538","v":336.34249999999997},{"$f":"G541*F541","v":0.36997674999999997},1.1000000000000001E-3,{"$f":"E500*E503","v":335.40000000000003},{"$f":"J541*I541","v":0.36894000000000005},-1.0367499999999197E-3,-2.8022031114115138E-3]
[{"$f":"A540","v":"Street Lighting "},"RPP",null,"TOU - Off Peak",null,0.08,{"$f":"IF(AND(E500*12>=150000),0.64*E500*E502,0.64*E500)","v":208},16.64,0.08,{"$f":"IF(AND(E500*12>=150000),0.64*E500*E503,0.64*E500)","v":208},16.64,{"$f":"K542-H542","v":0},0]
["Street Lighting ","RPP",null,"TOU - Mid Peak",null,0.122,{"$f":"IF(AND(E500*12>=150000),0.18*E500*E502,0.18*E500)","v":58.5},7.1369999999999996,0.122,{"$f":"IF(AND(E500*12>=150000),0.18*E500*E503,0.18*E500)","v":58.5},7.1369999999999996,{"$f":"K543-H543","v":0},0]
["Street Lighting ","RPP",null,"TOU - On Peak",null,0.161,{"$f":"IF(AND(E500*12>=150000),0.18*E500*E502,0.18*E500)","v":58.5},9.4184999999999999,0.161,{"$f":"IF(AND(E500*12>=150000),0.18*E500*E503,0.18*E500)","v":58.5},9.4184999999999999,{"$f":"K544-H544","v":0},0]
["Street Lighting ","Non-RPP (Retailer)",null,"Non-RPP Retailer Avg. Price",null,8.5999999999999993E-2,{"$f":"IF(AND(E500*12>=150000),E500*E502,E500)","v":325},{"$f":"G545*F545","v":27.95},8.5999999999999993E-2,{"$f":"IF(AND(E500*12>=150000),E500*E503,E500)","v":325},{"$f":"J545*I545","v":27.95},{"$f":"K545-H545","v":0},0]
["Street Lighting ","Non-RPP (Other)",null,"Average IESO Wholesale Market Price",null,{"$f":"0.0906","v":9.06E-2},{"$f":"IF(AND(E500*12>=150000),E500*E502,E500)","v":325},{"$f":"G546*F546","v":29.445},{"$f":"0.0906","v":9.06E-2},{"$f":"IF(AND(E500*12>=150000),E500*E503,E500)","v":325},{"$f":"J546*I546","v":29.445},{"$f":"K546-H546","v":0},0]
["Street Lighting "]
["Street Lighting ","RPP",null,"Total Bill on TOU (before Taxes)",null,null,null,{"$f":"SUM(H537:H544,H536)","v":45.619985499999999},null,null,{"$f":"SUM(K537:K544,K536)","v":48.204440000000005},{"$f":"K548-H548","v":2.5844545000000068},{"$f":"IF((H548)=0,\"\",(L548/H548))","v":5.6651804503532931E-2}]
["Street Lighting ","RPP",null,"HST",null,0.13,null,{"$f":"H548*F549","v":5.9305981150000004},0.13,null,{"$f":"K548*I549","v":6.2665772000000013},{"$f":"K549-H549","v":0.33597908500000084},{"$f":"IF((H549)=0,\"\",(L549/H549))","v":5.6651804503532917E-2}]
["Street Lighting ","RPP",null,"Total Bill (including HST)",null,null,null,{"$f":"H548+H549","v":51.550583615000001},null,null,{"$f":"K548+K549","v":54.471017200000006},{"$f":"K550-H550","v":2.9204335850000049},{"$f":"IF((H550)=0,\"\",(L550/H550))","v":5.6651804503532875E-2}]
["Street Lighting ","RPP",null,"Ontario Clean Energy Benefit 1"]
["Street Lighting ","RPP_TOTAL",null,"Total Bill on TOU",null,null,null,{"$f":"H550+H551","v":51.550583615000001},null,null,{"$f":"K550+K551","v":54.471017200000006},{"$f":"K552-H552","v":2.9204335850000049},{"$f":"IF((H552)=0,\"\",(L552/H552))","v":5.6651804503532875E-2}]
["Street Lighting ","RPP"]
["Street Lighting ","Non-RPP (Retailer)",null,"Total Bill on Non-RPP Avg. Price",null,null,null,{"$f":"SUM(H545,H536,H537:H542)","v":57.014485499999999},null,null,{"$f":"SUM(K545,K536,K537:K542)","v":59.598939999999999},{"$f":"K554-H554","v":2.5844544999999997},{"$f":"IF((H554)=0,\"\",(L554/H554))","v":4.5329787287127228E-2}]
["Street Lighting ","Non-RPP (Retailer)",null,"HST",null,0.13,null,{"$f":"H554*F555","v":7.4118831150000002},0.13,null,{"$f":"K554*I555","v":7.7478622000000001},{"$f":"K555-H555","v":0.33597908499999996},{"$f":"IF((H555)=0,\"\",(L555/H555))","v":4.5329787287127228E-2}]
["Street Lighting ","Non-RPP (Retailer)",null,"Total Bill (including HST)",null,null,null,{"$f":"H554+H555","v":64.426368615000001},null,null,{"$f":"K554+K555","v":67.346802199999999},{"$f":"K556-H556","v":2.9204335849999978},{"$f":"IF((H556)=0,\"\",(L556/H556))","v":4.53297872871272E-2}]
["Street Lighting ","Non-RPP (Retailer)",null,"Ontario Clean Energy Benefit 1"]
["Street Lighting ","Non-RPP (Retailer)_TOTAL",null,"Total Bill on Non-RPP Avg. Price",null,null,null,{"$f":"SUM(H556:H557)","v":64.426368615000001},null,null,{"$f":"SUM(K556:K557)","v":67.346802199999999},{"$f":"K558-H558","v":2.9204335849999978},{"$f":"IF((H558)=0,\"\",(L558/H558))","v":4.53297872871272E-2}]
["Street Lighting ","Non-RPP (Retailer)"]
["Street Lighting ","Non-RPP (Other)",null,"Total Bill on Average IESO Wholesale Market Price",null,null,null,{"$f":"SUM(H546,H536:H540)","v":41.499508749999997},null,null,{"$f":"SUM(K546,K536:K540)","v":44.085000000000001},{"$f":"K560-H560","v":2.585491250000004},{"$f":"IF((H560)=0,\"\",(L560/H560))","v":6.2301731463267118E-2}]
["Street Lighting ","Non-RPP (Other)",null,"HST",null,0.13,null,{"$f":"H560*F561","v":5.3949361374999993},0.13,null,{"$f":"K560*I561","v":5.7310500000000006},{"$f":"K561-H561","v":0.3361138625000013},{"$f":"IF((H561)=0,\"\",(L561/H561))","v":6.2301731463267271E-2}]
["Street Lighting ","Non-RPP (Other)",null,"Total Bill (including HST)",null,null,null,{"$f":"H560+H561","v":46.894444887499994},null,null,{"$f":"K560+K561","v":49.816050000000004},{"$f":"K562-H562","v":2.9216051125000106},{"$f":"IF((H562)=0,\"\",(L562/H562))","v":6.2301731463267257E-2}]
["Street Lighting ","Non-RPP (Other)",null,"Ontario Clean Energy Benefit 1"]
["Street Lighting ","Non-RPP (Other)_TOTAL",{"$f":"C36","v":7},"Total Bill on Average IESO Wholesale Market Price",null,null,null,{"$f":"SUM(H562:H563)","v":46.894444887499994},null,null,{"$f":"SUM(K562:K563)","v":49.816050000000004},{"$f":"K564-H564","v":2.9216051125000106},{"$f":"IF((H564)=0,\"\",(L564/H564))","v":6.2301731463267257E-2}]
["Street Lighting ","Non-RPP (Other)"]
[]
[]
[null,null,null,"Customer Class:",{"$f":"D37","v":"Sentinal Lighting"},null,null,null,null,null,null,null,null,null,null,null,null,null,null,"X"]
[null,null,null,"RPP / Non-RPP:",{"$f":"H37","v":"RPP"}]
[null,null,null,"Consumption",{"$f":"L37","v":325},"kWh"]
[null,null,null,"Demand",{"$f":"M37","v":1},"kW"]
[null,null,null,"Current Loss Factor",{"$f":"J37","v":1.0348999999999999}]
[null,null,null,"Proposed/Approved Loss Factor",{"$f":"K37","v":1.032}]
[null,null,null,"Ontario Clean Energy Benefit Applied?",{"$f":"I37","v":"No"}]
[]
[null,null,null,null,null,"Current Board-Approved",null,null,"Proposed",null,null,"Impact"]
[null,null,null,null,"Charge Unit","Rate","Volume","Charge","Rate","Volume","Charge","$ Change","% Change"]
[null,null,null,null,null,"($)",null,"($)","($)",null,"($)"]
[{"$f":"$E568","v":"Sentinal Lighting"},null,null,"Monthly Service Charge",null,{"$f":"4.05","v":4.05},1,{"$f":"G579*F579","v":4.05},{"$f":"'App. 2-Z_Tariff'!D297","v":4.7},1,{"$f":"J579*I579","v":4.7},{"$f":"K579-H579","v":0.65000000000000036},{"$f":"IF(ISERROR(L579/H579), \"\", L579/H579)","v":0.16049382716049393}]
[{"$f":"A579","v":"Sentinal Lighting"},null,null,"Smart Meter Rate Adder",null,null,1,{"$f":"G580*F580","v":0},null,1,{"$f":"J580*I580","v":0},0,{"$f":"IF(ISERROR(L580/H580), \"\", L580/H580)","v":""}]
[{"$f":"A580","v":"Sentinal Lighting"},null,null,null,null,null,1,0,null,1,{"$f":"J581*I581","v":0},0,""]
["Sentinal Lighting",null,null,null,null,null,1,0,null,1,0,0,""]
["Sentinal Lighting",null,null,null,null,null,1,0,null,1,0,0,""]
["Sentinal Lighting",null,null,null,null,null,1,0,null,1,0,0,""]
["Sentinal Lighting",null,null,"Distribution Volumetric Rate",null,19.416699999999999,{"$f":"IF($E571>0, $E571, $E570)","v":1},19.416699999999999,{"$f":"'App. 2-Z_Tariff'!D298","v":22.540900000000001},{"$f":"IF($E571>0, $E571, $E570)","v":1},22.540900000000001,3.1242000000000019,0.16090272806398626]
["Sentinal Lighting",null,null,"Smart Meter Disposition Rider",null,null,{"$f":"IF($E571>0, $E571, $E570)","v":1},0,null,{"$f":"IF($E571>0, $E571, $E570)","v":1},0,0,""]
["Sentinal Lighting",null,null,"LRAM & SSM Rate Rider",null,null,{"$f":"IF($E571>0, $E571, $E570)","v":1},0,null,{"$f":"IF($E571>0, $E571, $E570)","v":1},0,0,""]
["Sentinal Lighting",null,null,"RR for Tax change",null,7.9200000000000007E-2,{"$f":"IF($E571>0, $E571, $E570)","v":1},7.9200000000000007E-2,{"$f":"'App. 2-Z_Tariff'!D302","v":0.21229999999999999},{"$f":"IF($E571>0, $E571, $E570)","v":1},0.21229999999999999,0.1331,1.6805555555555554]
["Sentinal Lighting",null,null,"Deferral/Ariance Account Dispostion Rate Rider - Group 2",null,null,{"$f":"IF($E571>0, $E571, $E570)","v":1},0,{"$f":"'App. 2-Z_Tariff'!D304","v":0.27779999999999999},{"$f":"IF($E571>0, $E571, $E570)","v":1},0.27779999999999999,0.27779999999999999,""]
["Sentinal Lighting",null,null,null,null,null,{"$f":"IF($E571>0, $E571, $E570)","v":1},0,null,{"$f":"IF($E571>0, $E571, $E570)","v":1},0,0,""]
["Sentinal Lighting",null,null,null,null,null,{"$f":"IF($E571>0, $E571, $E570)","v":1},0,null,{"$f":"IF($E571>0, $E571, $E570)","v":1},0,0,""]
["Sentinal Lighting",null,null,null,null,null,{"$f":"IF($E571>0, $E571, $E570)","v":1},0,null,{"$f":"IF($E571>0, $E571, $E570)","v":1},0,0,""]
["Sentinal Lighting",null,null,null,null,null,{"$f":"IF($E571>0, $E571, $E570)","v":1},0,null,{"$f":"IF($E571>0, $E571, $E570)","v":1},0,0,""]
["Sentinal Lighting",null,null,null,null,null,{"$f":"IF($E571>0, $E571, $E570)","v":1},0,null,{"$f":"IF($E571>0, $E571, $E570)","v":1},0,0,""]
["Sentinal Lighting","ST_A",{"$f":"C37","v":8},"Sub-Total A (excluding pass through)",null,null,null,{"$f":"SUM(H579:H594)","v":23.5459},null,null,{"$f":"SUM(K579:K594)","v":27.730999999999998},4.1850999999999985,{"$f":"IF((H595)=0,\"\",(L595/H595))","v":0.17774219715534334}]
["Sentinal Lighting",null,null,"Deferral/Variance Account Disposition Rate Rider - Group 1",null,0.2087,{"$f":"IF($E571>0, $E571, $E570)","v":1},{"$f":"G596*F596","v":0.2087},{"$f":"'App. 2-Z_Tariff'!D299","v":-9.4200000000000006E-2},{"$f":"IF($E571>0, $E571, $E570)","v":1},{"$f":"J596*I596","v":-9.4200000000000006E-2},-0.3029,-1.4513655965500718]
["Sentinal Lighting",null,null,"Deferral/Variance Account Disposition Rate Rider - non-WMP",null,-0.56789999999999996,{"$f":"IF($E571>0, $E571, $E570)","v":1},{"$f":"G597*F597","v":-0.56789999999999996},{"$f":"'App. 2-Z_Tariff'!D300","v":-1.2413000000000001},{"$f":"IF($E571>0, $E571, $E570)","v":1},{"$f":"J597*I597","v":-1.2413000000000001},-0.67340000000000011,1.1857721429829198]
["Sentinal Lighting",null,null,"RR for change in accounting to IFRS",null,null,{"$f":"IF($E571>0, $E571, $E570)","v":1},0,{"$f":"'App. 2-Z_Tariff'!D303","v":7.8600000000000003E-2},{"$f":"IF($E571>0, $E571, $E570)","v":1},7.8600000000000003E-2,7.8600000000000003E-2,""]
["Sentinal Lighting",null,null,null,null,null,{"$f":"IF($E571>0, $E571, $E570)","v":1},0,null,{"$f":"IF($E571>0, $E571, $E570)","v":1},0,0,""]
["Sentinal Lighting",null,null,"Low Voltage Service Charge",null,null,{"$f":"IF($E571>0, $E571, $E570)","v":1},{"$f":"G600*F600","v":0},null,{"$f":"IF($E571>0, $E571, $E570)","v":1},{"$f":"J600*I600","v":0},0,""]
["Sentinal Lighting",null,null,"Line Losses on Cost of Power",null,{"$f":"IF((E570*12>=150000), 0, IF(E569=\"RPP\",(F612*0.64+F613*0.18+F614*0.18),IF(E569=\"Non-RPP (Retailer)\",F615,F616)))","v":0.10214000000000001},{"$f":"IF(F601=0, 0, $E570*E572-E570)","v":11.342499999999973},1.1585229499999974,{"$f":"IF((E570*12>=150000), 0, IF(E569=\"RPP\",(I612*0.64+I613*0.18+I614*0.18),IF(E569=\"Non-RPP (Retailer)\",I615,I616)))","v":0.10214000000000001},{"$f":"IF(I601=0, 0, E570*E573-E570)","v":10.400000000000034},1.0622560000000036,-9.6266949999993745E-2,-8.3094555873920284E-2]
["Sentinal Lighting",null,null,"Smart Meter Entity Charge",null,0.79,1,{"$f":"G602*F602","v":0.79},0.79,1,{"$f":"J602*I602","v":0.79},0,0]
["Sentinal Lighting","ST_B",{"$f":"C37","v":8},"Sub-Total B - Distribution (includes Sub-Total A)",null,null,null,{"$f":"SUM(H596:H602)+H595","v":25.135222949999996},null,null,{"$f":"SUM(K596:K602)+K595","v":28.326356000000001},3.1911330500000048,{"$f":"IF((H603)=0,\"\",(L603/H603))","v":0.12695861327142138}]
["Sentinal Lighting",null,null,"RTSR - Network",null,2.3389000000000002,{"$f":"IF($E571>0, $E571, $E570*$E572)","v":1},{"$f":"G604*F604","v":2.3389000000000002},{"$f":"'App. 2-Z_Tariff'!D305","v":2.2764000000000002},{"$f":"IF($E571>0, $E571, $E570*$E573)","v":1},{"$f":"J604*I604","v":2.2764000000000002},-6.25E-2,-2.6721963316088757E-2]
["Sentinal Lighting",null,null,"RTSR - Line and Transformation Connection",null,1.5583,{"$f":"IF($E571>0, $E571, $E570*$E572)","v":1},{"$f":"G605*F605","v":1.5583},{"$f":"'App. 2-Z_Tariff'!D306","v":1.6205000000000001},{"$f":"IF($E571>0, $E571, $E570*$E573)","v":1},{"$f":"J605*I605","v":1.6205000000000001},6.2200000000000033E-2,3.9915292305717789E-2]
["Sentinal Lighting","ST_C",{"$f":"C37","v":8},"Sub-Total C - Delivery (including Sub-Total B)",null,null,null,{"$f":"SUM(H603:H605)","v":29.032422949999994},null,null,{"$f":"SUM(K603:K605)","v":32.223255999999999},3.1908330500000055,{"$f":"IF((H606)=0,\"\",(L606/H606))","v":0.10990584752417318}]
["Sentinal Lighting",null,null,"Wholesale Market Service Charge (WMSC)",null,3.5999999999999999E-3,{"$f":"E570*E572","v":336.34249999999997},{"$f":"G607*F607","v":1.2108329999999998},{"$f":"'App. 2-Z_Tariff'!D330","v":3.5999999999999999E-3},{"$f":"E570*E573","v":335.40000000000003},{"$f":"J607*I607","v":1.2074400000000001},-3.3929999999997573E-3,-2.8022031114115307E-3]
["Sentinal Lighting",null,null,"Rural and Remote Rate Protection (RRRP)",null,1.2999999999999999E-3,{"$f":"E570*E572","v":336.34249999999997},0.43724524999999992,{"$f":"'App. 2-Z_Tariff'!D331","v":1.2999999999999999E-3},{"$f":"E570*E573","v":335.40000000000003},0.43602000000000002,-1.2252499999999E-3,-2.8022031114115025E-3]
["Sentinal Lighting",null,null,"Standard Supply Service Charge",null,0.25,1,0.25,{"$f":"'App. 2-Z_Tariff'!D332","v":0.25},1,0.25,0,0]
["Sentinal Lighting",null,null,"Debt Retirement Charge (DRC)",null,null,{"$f":"E570","v":325},0,null,{"$f":"IF(ISNUMBER(SEARCH(\"RESIDENTIAL\", UPPER(E568),1)), \"\", E570)","v":325},{"$f":"IF(ISNUMBER(SEARCH(\"RESIDENTIAL\", UPPER(E568),1)), \"\", J610*I610)","v":0},{"$f":"IF(ISNUMBER(SEARCH(\"RESIDENTIAL\", UPPER(E568),1)), \"\", K610-H610)","v":0},""]
["Sentinal Lighting",null,null,"Ontario Electricity Support Program \n(OESP) ",null,1.1000000000000001E-3,{"$f":"G608","v":336.34249999999997},{"$f":"G611*F611","v":0.36997674999999997},1.1000000000000001E-3,{"$f":"E570*E573","v":335.40000000000003},{"$f":"J611*I611","v":0.36894000000000005},-1.0367499999999197E-3,-2.8022031114115138E-3]
[{"$f":"A610","v":"Sentinal Lighting"},"RPP",null,"TOU - Off Peak",null,0.08,{"$f":"IF(AND(E570*12>=150000),0.64*E570*E572,0.64*E570)","v":208},16.64,0.08,{"$f":"IF(AND(E570*12>=150000),0.64*E570*E573,0.64*E570)","v":208},16.64,{"$f":"K612-H612","v":0},0]
["Sentinal Lighting","RPP",null,"TOU - Mid Peak",null,0.122,{"$f":"IF(AND(E570*12>=150000),0.18*E570*E572,0.18*E570)","v":58.5},7.1369999999999996,0.122,{"$f":"IF(AND(E570*12>=150000),0.18*E570*E573,0.18*E570)","v":58.5},7.1369999999999996,{"$f":"K613-H613","v":0},0]
["Sentinal Lighting","RPP",null,"TOU - On Peak",null,0.161,{"$f":"IF(AND(E570*12>=150000),0.18*E570*E572,0.18*E570)","v":58.5},9.4184999999999999,0.161,{"$f":"IF(AND(E570*12>=150000),0.18*E570*E573,0.18*E570)","v":58.5},9.4184999999999999,{"$f":"K614-H614","v":0},0]
["Sentinal Lighting","Non-RPP (Retailer)",null,"Non-RPP Retailer Avg. Price",null,8.5999999999999993E-2,{"$f":"IF(AND(E570*12>=150000),E570*E572,E570)","v":325},{"$f":"G615*F615","v":27.95},8.5999999999999993E-2,{"$f":"IF(AND(E570*12>=150000),E570*E573,E570)","v":325},{"$f":"J615*I615","v":27.95},{"$f":"K615-H615","v":0},0]
["Sentinal Lighting","Non-RPP (Other)",null,"Average IESO Wholesale Market Price",null,{"$f":"0.0906","v":9.06E-2},{"$f":"IF(AND(E570*12>=150000),E570*E572,E570)","v":325},{"$f":"G616*F616","v":29.445},{"$f":"0.0906","v":9.06E-2},{"$f":"IF(AND(E570*12>=150000),E570*E573,E570)","v":325},{"$f":"J616*I616","v":29.445},{"$f":"K616-H616","v":0},0]
["Sentinal Lighting"]
["Sentinal Lighting","RPP",null,"Total Bill on TOU (before Taxes)",null,null,null,{"$f":"SUM(H607:H614,H606)","v":64.495977949999997},null,null,{"$f":"SUM(K607:K614,K606)","v":67.681156000000001},{"$f":"K618-H618","v":3.1851780500000046},{"$f":"IF((H618)=0,\"\",(L618/H618))","v":4.9385684987508664E-2}]
["Sentinal Lighting","RPP",null,"HST",null,0.13,null,{"$f":"H618*F619","v":8.384477133499999},0.13,null,{"$f":"K618*I619","v":8.7985502800000006},{"$f":"K619-H619","v":0.4140731465000016},{"$f":"IF((H619)=0,\"\",(L619/H619))","v":4.9385684987508789E-2}]
["Sentinal Lighting","RPP",null,"Total Bill (including HST)",null,null,null,{"$f":"H618+H619","v":72.880455083499996},null,null,{"$f":"K618+K619","v":76.479706280000002},{"$f":"K620-H620","v":3.5992511965000062},{"$f":"IF((H620)=0,\"\",(L620/H620))","v":4.9385684987508678E-2}]
["Sentinal Lighting","RPP",null,"Ontario Clean Energy Benefit 1"]
["Sentinal Lighting","RPP_TOTAL",{"$f":"C37","v":8},"Total Bill on TOU",null,null,null,{"$f":"H620+H621","v":72.880455083499996},null,null,{"$f":"K620+K621","v":76.479706280000002},{"$f":"K622-H622","v":3.5992511965000062},{"$f":"IF((H622)=0,\"\",(L622/H622))","v":4.9385684987508678E-2}]
["Sentinal Lighting","RPP"]
["Sentinal Lighting","Non-RPP (Retailer)",null,"Total Bill on Non-RPP Avg. Price",null,null,null,{"$f":"SUM(H615,H606,H607:H612)","v":75.89047794999999},null,null,{"$f":"SUM(K615,K606,K607:K612)","v":79.075655999999995},{"$f":"K624-H624","v":3.1851780500000046},{"$f":"IF((H624)=0,\"\",(L624/H624))","v":4.1970720649546323E-2}]
["Sentinal Lighting","Non-RPP (Retailer)",null,"HST",null,0.13,null,{"$f":"H624*F625","v":9.8657621334999988},0.13,null,{"$f":"K624*I625","v":10.27983528},{"$f":"K625-H625","v":0.4140731465000016},{"$f":"IF((H625)=0,\"\",(L625/H625))","v":4.1970720649546427E-2}]
["Sentinal Lighting","Non-RPP (Retailer)",null,"Total Bill (including HST)",null,null,null,{"$f":"H624+H625","v":85.756240083499989},null,null,{"$f":"K624+K625","v":89.355491279999995},{"$f":"K626-H626","v":3.5992511965000062},{"$f":"IF((H626)=0,\"\",(L626/H626))","v":4.1970720649546336E-2}]
["Sentinal Lighting","Non-RPP (Retailer)",null,"Ontario Clean Energy Benefit 1"]
["Sentinal Lighting","Non-RPP (Retailer)_TOTAL",null,"Total Bill on Non-RPP Avg. Price",null,null,null,{"$f":"SUM(H626:H627)","v":85.756240083499989},null,null,{"$f":"SUM(K626:K627)","v":89.355491279999995},{"$f":"K628-H628","v":3.5992511965000062},{"$f":"IF((H628)=0,\"\",(L628/H628))","v":4.1970720649546336E-2}]
["Sentinal Lighting","Non-RPP (Retailer)"]
["Sentinal Lighting","Non-RPP (Other)",null,"Total Bill on Average IESO Wholesale Market Price",null,null,null,{"$f":"SUM(H616,H606:H610)","v":60.375501199999988},null,null,{"$f":"SUM(K616,K606:K610)","v":63.561715999999997},{"$f":"K630-H630","v":3.186214800000009},{"$f":"IF((H630)=0,\"\",(L630/H630))","v":5.277330600445615E-2}]
["Sentinal Lighting","Non-RPP (Other)",null,"HST",null,0.13,null,{"$f":"H630*F631","v":7.8488151559999988},0.13,null,{"$f":"K630*I631","v":8.26302308},{"$f":"K631-H631","v":0.41420792400000117},{"$f":"IF((H631)=0,\"\",(L631/H631))","v":5.277330600445615E-2}]
["Sentinal Lighting","Non-RPP (Other)",null,"Total Bill (including HST)",null,null,null,{"$f":"H630+H631","v":68.224316355999989},null,null,{"$f":"K630+K631","v":71.824739080000001},{"$f":"K632-H632","v":3.600422724000012},{"$f":"IF((H632)=0,\"\",(L632/H632))","v":5.2773306004456177E-2}]
["Sentinal Lighting","Non-RPP (Other)",null,"Ontario Clean Energy Benefit 1"]
["Sentinal Lighting","Non-RPP (Other)_TOTAL",null,"Total Bill on Average IESO Wholesale Market Price",null,null,null,{"$f":"SUM(H632:H633)","v":68.224316355999989},null,null,{"$f":"SUM(K632:K633)","v":71.824739080000001},{"$f":"K634-H634","v":3.600422724000012},{"$f":"IF((H634)=0,\"\",(L634/H634))","v":5.2773306004456177E-2}]
["Sentinal Lighting","Non-RPP (Other)"]
[]
[]
[null,null,null,"Customer Class:",{"$f":"D38","v":"Embedded Distributor "},null,null,null,null,null,null,null,null,null,null,null,null,null,null,"X"]
[null,null,null,"RPP / Non-RPP:",{"$f":"H38","v":"Non-RPP (Other)"}]
[null,null,null,"Consumption",{"$f":"L38","v":1500000},"kWh"]
[null,null,null,"Demand",{"$f":"M38","v":4000},"kW"]
[null,null,null,"Current Loss Factor",{"$f":"J38","v":1.0348999999999999}]
[null,null,null,"Proposed/Approved Loss Factor",{"$f":"K38","v":1.032}]
[null,null,null,"Ontario Clean Energy Benefit Applied?",{"$f":"I38","v":"No"}]
[]
[null,null,null,null,null,"Current Board-Approved",null,null,"Proposed",null,null,"Impact"]
[null,null,null,null,"Charge Unit","Rate","Volume","Charge","Rate","Volume","Charge","$ Change","% Change"]
[null,null,null,null,null,"($)",null,"($)","($)",null,"($)"]
[{"$f":"$E638","v":"Embedded Distributor "},null,null,"Monthly Service Charge",null,286.5,1,{"$f":"G649*F649","v":286.5},{"$f":"'App. 2-Z_Tariff'!D202","v":448},1,{"$f":"J649*I649","v":448},{"$f":"K649-H649","v":161.5},{"$f":"IF(ISERROR(L649/H649), \"\", L649/H649)","v":0.56369982547993014}]
[{"$f":"A649","v":"Embedded Distributor "},null,null,"Smart Meter Rate Adder",null,null,1,{"$f":"G650*F650","v":0},null,1,{"$f":"J650*I650","v":0},0,{"$f":"IF(ISERROR(L650/H650), \"\", L650/H650)","v":""}]
[{"$f":"A650","v":"Embedded Distributor "},null,null,null,null,null,1,0,null,1,{"$f":"J651*I651","v":0},0,""]
["Embedded Distributor ",null,null,null,null,null,1,0,null,1,0,0,""]
["Embedded Distributor ",null,null,null,null,null,1,0,null,1,0,0,""]
["Embedded Distributor ",null,null,null,null,null,1,0,null,1,0,0,""]
["Embedded Distributor ",null,null,"Distribution Volumetric Rate",null,1.7059,{"$f":"IF($E641>0, $E641, $E640)","v":4000},6823.5999999999995,{"$f":"'App. 2-Z_Tariff'!D205","v":2.3292999999999999},{"$f":"IF($E641>0, $E641, $E640)","v":4000},9317.1999999999989,2493.5999999999995,0.36543759892139044]
["Embedded Distributor ",null,null,"Smart Meter Disposition Rider",null,null,{"$f":"IF($E641>0, $E641, $E640)","v":4000},0,null,{"$f":"IF($E641>0, $E641, $E640)","v":4000},0,0,""]
["Embedded Distributor ",null,null,"LRAM & SSM Rate Rider",null,null,{"$f":"IF($E641>0, $E641, $E640)","v":4000},0,null,{"$f":"IF($E641>0, $E641, $E640)","v":4000},0,0,""]
["Embedded Distributor ",null,null,"RR for Tax change",null,3.2000000000000002E-3,{"$f":"IF($E641>0, $E641, $E640)","v":4000},12.8,{"$f":"'App. 2-Z_Tariff'!D204","v":8.0000000000000002E-3},{"$f":"IF($E641>0, $E641, $E640)","v":4000},32,19.2,1.4999999999999998]
["Embedded Distributor ",null,null,"Deferral/Variance Account Disposition Rate Rider - Group 2",null,null,{"$f":"IF($E641>0, $E641, $E640)","v":4000},0,{"$f":"'App. 2-Z_Tariff'!D207","v":0.314},{"$f":"IF($E641>0, $E641, $E640)","v":4000},1256,1256,""]
["Embedded Distributor ",null,null,null,null,null,{"$f":"IF($E641>0, $E641, $E640)","v":4000},0,null,{"$f":"IF($E641>0, $E641, $E640)","v":4000},0,0,""]
["Embedded Distributor ",null,null,null,null,null,{"$f":"IF($E641>0, $E641, $E640)","v":4000},0,null,{"$f":"IF($E641>0, $E641, $E640)","v":4000},0,0,""]
["Embedded Distributor ",null,null,null,null,null,{"$f":"IF($E641>0, $E641, $E640)","v":4000},0,null,{"$f":"IF($E641>0, $E641, $E640)","v":4000},0,0,""]
["Embedded Distributor ",null,null,null,null,null,{"$f":"IF($E641>0, $E641, $E640)","v":4000},0,null,{"$f":"IF($E641>0, $E641, $E640)","v":4000},0,0,""]
["Embedded Distributor ",null,null,null,null,null,{"$f":"IF($E641>0, $E641, $E640)","v":4000},0,null,{"$f":"IF($E641>0, $E641, $E640)","v":4000},0,0,""]
["Embedded Distributor ","ST_A",{"$f":"C38","v":9},"Sub-Total A (excluding pass through)",null,null,null,{"$f":"SUM(H649:H664)","v":7122.9},null,null,{"$f":"SUM(K649:K664)","v":11053.199999999999},3930.2999999999993,{"$f":"IF((H665)=0,\"\",(L665/H665))","v":0.55178368361201191}]
["Embedded Distributor ",null,null,"Deferral/Variance Account Disposition Rate Rider - Group 1",null,0.2717,{"$f":"IF($E641>0, $E641, $E640)","v":4000},{"$f":"G666*F666","v":1086.8},{"$f":"'App. 2-Z_Tariff'!D203","v":-8.6599999999999996E-2},{"$f":"IF($E641>0, $E641, $E640)","v":4000},{"$f":"J666*I666","v":-346.4},-1433.1999999999998,-1.3187338976812659]
["Embedded Distributor ",null,null,"RR for change in accounting to IFRS",null,null,{"$f":"IF($E641>0, $E641, $E640)","v":4000},{"$f":"G667*F667","v":0},{"$f":"'App. 2-Z_Tariff'!D206","v":8.8800000000000004E-2},{"$f":"IF($E641>0, $E641, $E640)","v":4000},{"$f":"J667*I667","v":355.2},355.2,""]
["Embedded Distributor ",null,null,null,null,null,{"$f":"IF($E641>0, $E641, $E640)","v":4000},0,null,{"$f":"IF($E641>0, $E641, $E640)","v":4000},0,0,""]
["Embedded Distributor ",null,null,null,null,null,{"$f":"IF($E641>0, $E641, $E640)","v":4000},0,null,{"$f":"IF($E641>0, $E641, $E640)","v":4000},0,0,""]
["Embedded Distributor ",null,null,"Low Voltage Service Charge",null,null,{"$f":"IF($E641>0, $E641, $E640)","v":4000},{"$f":"G670*F670","v":0},null,{"$f":"IF($E641>0, $E641, $E640)","v":4000},{"$f":"J670*I670","v":0},0,""]
["Embedded Distributor ",null,null,"Line Losses on Cost of Power",null,{"$f":"IF((E640*12>=150000), 0, IF(E639=\"RPP\",(F682*0.64+F683*0.18+F684*0.18),IF(E639=\"Non-RPP (Retailer)\",F685,F686)))","v":0},{"$f":"IF(F671=0, 0, $E640*E642-E640)","v":0},0,{"$f":"IF((E640*12>=150000), 0, IF(E639=\"RPP\",(I682*0.64+I683*0.18+I684*0.18),IF(E639=\"Non-RPP (Retailer)\",I685,I686)))","v":0},{"$f":"IF(I671=0, 0, E640*E643-E640)","v":0},0,0,""]
["Embedded Distributor ",null,null,"Smart Meter Entity Charge",null,0.79,1,{"$f":"G672*F672","v":0.79},0.79,1,{"$f":"J672*I672","v":0.79},0,0]
["Embedded Distributor ","ST_B",{"$f":"C38","v":9},"Sub-Total B - Distribution (includes Sub-Total A)",null,null,null,{"$f":"SUM(H666:H672)+H665","v":8210.49},null,null,{"$f":"SUM(K666:K672)+K665","v":11062.789999999999},2852.2999999999993,{"$f":"IF((H673)=0,\"\",(L673/H673))","v":0.34739704938438504}]
["Embedded Distributor ",null,null,"RTSR - Network",null,2.5047000000000001,{"$f":"IF($E641>0, $E641, $E640*$E642)","v":4000},{"$f":"G674*F674","v":10018.800000000001},{"$f":"'App. 2-Z_Tariff'!D209","v":2.4377},{"$f":"IF($E641>0, $E641, $E640*$E643)","v":4000},{"$f":"J674*I674","v":9750.7999999999993},-268.00000000000182,-2.6749710544177126E-2]
["Embedded Distributor ",null,null,"RTSR - Line and Transformation Connection",null,1.6685000000000001,{"$f":"IF($E641>0, $E641, $E640*$E642)","v":4000},{"$f":"G675*F675","v":6674},{"$f":"'App. 2-Z_Tariff'!D210","v":1.7351000000000001},{"$f":"IF($E641>0, $E641, $E640*$E643)","v":4000},{"$f":"J675*I675","v":6940.4000000000005},266.40000000000055,3.9916092298471761E-2]
["Embedded Distributor ","ST_C",{"$f":"C38","v":9},"Sub-Total C - Delivery (including Sub-Total B)",null,null,null,{"$f":"SUM(H673:H675)","v":24903.29},null,null,{"$f":"SUM(K673:K675)","v":27753.989999999998},2850.6999999999971,{"$f":"IF((H676)=0,\"\",(L676/H676))","v":0.11447081891589413}]
["Embedded Distributor ",null,null,"Wholesale Market Service Charge (WMSC)",null,null,{"$f":"E640*E642","v":1552350},{"$f":"G677*F677","v":0},null,{"$f":"E640*E643","v":1548000},{"$f":"J677*I677","v":0},0,""]
["Embedded Distributor ",null,null,"Rural and Remote Rate Protection (RRRP)",null,null,{"$f":"E640*E642","v":1552350},0,null,{"$f":"E640*E643","v":1548000},0,0,""]
["Embedded Distributor ",null,null,"Standard Supply Service Charge",null,null,1,0,null,1,0,0,""]
["Embedded Distributor ",null,null,"Debt Retirement Charge (DRC)",null,null,{"$f":"E640","v":1500000},0,null,{"$f":"IF(ISNUMBER(SEARCH(\"RESIDENTIAL\", UPPER(E638),1)), \"\", E640)","v":1500000},{"$f":"IF(ISNUMBER(SEARCH(\"RESIDENTIAL\", UPPER(E638),1)), \"\", J680*I680)","v":0},{"$f":"IF(ISNUMBER(SEARCH(\"RESIDENTIAL\", UPPER(E638),1)), \"\", K680-H680)","v":0},""]
["Embedded Distributor ",null,null,"Ontario Electricity Support Program \n(OESP) ",null,null,null,null,null,{"$f":"E640*E643","v":1548000},{"$f":"J681*I681","v":0},null,""]
[{"$f":"A680","v":"Embedded Distributor "},"RPP",null,"TOU - Off Peak",null,0.08,{"$f":"IF(AND(E640*12>=150000),0.64*E640*E642,0.64*E640)","v":993503.99999999988},79480.319999999992,0.08,{"$f":"IF(AND(E640*12>=150000),0.64*E640*E643,0.64*E640)","v":990720},79257.600000000006,{"$f":"K682-H682","v":-222.71999999998661},-2.8022031114115623E-3]
["Embedded Distributor ","RPP",null,"TOU - Mid Peak",null,0.122,{"$f":"IF(AND(E640*12>=150000),0.18*E640*E642,0.18*E640)","v":279423},34089.606,0.122,{"$f":"IF(AND(E640*12>=150000),0.18*E640*E643,0.18*E640)","v":278640},33994.080000000002,{"$f":"K683-H683","v":-95.525999999998021},-2.8022031114116725E-3]
["Embedded Distributor ","RPP",null,"TOU - On Peak",null,0.161,{"$f":"IF(AND(E640*12>=150000),0.18*E640*E642,0.18*E640)","v":279423},44987.103000000003,0.161,{"$f":"IF(AND(E640*12>=150000),0.18*E640*E643,0.18*E640)","v":278640},44861.04,{"$f":"K684-H684","v":-126.06300000000192},-2.8022031114117731E-3]
["Embedded Distributor ","Non-RPP (Retailer)",null,"Non-RPP Retailer Avg. Price",null,8.5999999999999993E-2,{"$f":"IF(AND(E640*12>=150000),E640*E642,E640)","v":1552350},{"$f":"G685*F685","v":133502.09999999998},8.5999999999999993E-2,{"$f":"IF(AND(E640*12>=150000),E640*E643,E640)","v":1548000},{"$f":"J685*I685","v":133128},{"$f":"K685-H685","v":-374.09999999997672},-2.8022031114115567E-3]
["Embedded Distributor ","Non-RPP (Other)",null,"Average IESO Wholesale Market Price",null,{"$f":"0.0906","v":9.06E-2},{"$f":"IF(AND(E640*12>=150000),E640*E642,E640)","v":1552350},{"$f":"G686*F686","v":140642.91},{"$f":"0.0906","v":9.06E-2},{"$f":"IF(AND(E640*12>=150000),E640*E643,E640)","v":1548000},{"$f":"J686*I686","v":140248.79999999999},{"$f":"K686-H686","v":-394.11000000001513},-2.8022031114118382E-3]
["Embedded Distributor "]
["Embedded Distributor ","RPP",null,"Total Bill on TOU (before Taxes)",null,null,null,{"$f":"SUM(H677:H684,H676)","v":183460.31899999999},null,null,{"$f":"SUM(K677:K684,K676)","v":185866.71},{"$f":"K688-H688","v":2406.3910000000033},{"$f":"IF((H688)=0,\"\",(L688/H688))","v":1.3116683831777286E-2}]
["Embedded Distributor ","RPP",null,"HST",null,0.13,null,{"$f":"H688*F689","v":23849.841469999999},0.13,null,{"$f":"K688*I689","v":24162.672299999998},{"$f":"K689-H689","v":312.83082999999897},{"$f":"IF((H689)=0,\"\",(L689/H689))","v":1.3116683831777226E-2}]
["Embedded Distributor ","RPP",null,"Total Bill (including HST)",null,null,null,{"$f":"H688+H689","v":207310.16047},null,null,{"$f":"K688+K689","v":210029.3823},{"$f":"K690-H690","v":2719.221829999995},{"$f":"IF((H690)=0,\"\",(L690/H690))","v":1.3116683831777243E-2}]
["Embedded Distributor ","RPP",null,"Ontario Clean Energy Benefit 1"]
["Embedded Distributor ","RPP_TOTAL",null,"Total Bill on TOU",null,null,null,{"$f":"H690+H691","v":207310.16047},null,null,{"$f":"K690+K691","v":210029.3823},{"$f":"K692-H692","v":2719.221829999995},{"$f":"IF((H692)=0,\"\",(L692/H692))","v":1.3116683831777243E-2}]
["Embedded Distributor ","RPP"]
["Embedded Distributor ","Non-RPP (Retailer)",null,"Total Bill on Non-RPP Avg. Price",null,null,null,{"$f":"SUM(H685,H676,H677:H682)","v":237885.70999999996},null,null,{"$f":"SUM(K685,K676,K677:K682)","v":240139.59},{"$f":"K694-H694","v":2253.8800000000338},{"$f":"IF((H694)=0,\"\",(L694/H694))","v":9.4746338483300829E-3}]
["Embedded Distributor ","Non-RPP (Retailer)",null,"HST",null,0.13,null,{"$f":"H694*F695","v":30925.142299999996},0.13,null,{"$f":"K694*I695","v":31218.146700000001},{"$f":"K695-H695","v":293.00440000000526},{"$f":"IF((H695)=0,\"\",(L695/H695))","v":9.4746338483301107E-3}]
["Embedded Distributor ","Non-RPP (Retailer)",null,"Total Bill (including HST)",null,null,null,{"$f":"H694+H695","v":268810.85229999997},null,null,{"$f":"K694+K695","v":271357.73670000001},{"$f":"K696-H696","v":2546.884400000039},{"$f":"IF((H696)=0,\"\",(L696/H696))","v":9.4746338483300864E-3}]
["Embedded Distributor ","Non-RPP (Retailer)",null,"Ontario Clean Energy Benefit 1"]
["Embedded Distributor ","Non-RPP (Retailer)_TOTAL",null,"Total Bill on Non-RPP Avg. Price",null,null,null,{"$f":"SUM(H696:H697)","v":268810.85229999997},null,null,{"$f":"SUM(K696:K697)","v":271357.73670000001},{"$f":"K698-H698","v":2546.884400000039},{"$f":"IF((H698)=0,\"\",(L698/H698))","v":9.4746338483300864E-3}]
["Embedded Distributor ","Non-RPP (Retailer)"]
["Embedded Distributor ","Non-RPP (Other)",null,"Total Bill on Average IESO Wholesale Market Price",null,null,null,{"$f":"SUM(H686,H676:H680)","v":165546.20000000001},null,null,{"$f":"SUM(K686,K676:K680)","v":168002.78999999998},{"$f":"K700-H700","v":2456.5899999999674},{"$f":"IF((H700)=0,\"\",(L700/H700))","v":1.4839301657180698E-2}]
["Embedded Distributor ","Non-RPP (Other)",null,"HST",null,0.13,null,{"$f":"H700*F701","v":21521.006000000001},0.13,null,{"$f":"K700*I701","v":21840.362699999998},{"$f":"K701-H701","v":319.35669999999664},{"$f":"IF((H701)=0,\"\",(L701/H701))","v":1.4839301657180738E-2}]
["Embedded Distributor ","Non-RPP (Other)",null,"Total Bill (including HST)",null,null,null,{"$f":"H700+H701","v":187067.20600000001},null,null,{"$f":"K700+K701","v":189843.15269999998},{"$f":"K702-H702","v":2775.9466999999713},{"$f":"IF((H702)=0,\"\",(L702/H702))","v":1.4839301657180741E-2}]
["Embedded Distributor ","Non-RPP (Other)",null,"Ontario Clean Energy Benefit 1"]
["Embedded Distributor ","Non-RPP (Other)_TOTAL",{"$f":"C38","v":9},"Total Bill on Average IESO Wholesale Market Price",null,null,null,{"$f":"SUM(H702:H703)","v":187067.20600000001},null,null,{"$f":"SUM(K702:K703)","v":189843.15269999998},{"$f":"K704-H704","v":2775.9466999999713},{"$f":"IF((H704)=0,\"\",(L704/H704))","v":1.4839301657180741E-2}]
["Embedded Distributor ","Non-RPP (Other)"]
[]
[]
[null,null,null,"Customer Class:",{"$f":"D39","v":"Unmetered Scatter Load"},null,null,null,null,null,null,null,null,null,null,null,null,null,null,"X"]
[null,null,null,"RPP / Non-RPP:",{"$f":"H39","v":"RPP"}]
[null,null,null,"Consumption",{"$f":"L39","v":275},"kWh"]
[null,null,null,"Demand",{"$f":"M39","v":0},"kW"]
[null,null,null,"Current Loss Factor",{"$f":"J39","v":1.0348999999999999}]
[null,null,null,"Proposed/Approved Loss Factor",{"$f":"K39","v":1.032}]
[null,null,null,"Ontario Clean Energy Benefit Applied?",{"$f":"I39","v":"No"}]
[]
[null,null,null,null,null,"Current Board-Approved",null,null,"Proposed",null,null,"Impact"]
[null,null,null,null,"Charge Unit","Rate","Volume","Charge","Rate","Volume","Charge","$ Change","% Change"]
[null,null,null,null,null,"($)",null,"($)","($)",null,"($)"]
[{"$f":"$E708","v":"Unmetered Scatter Load"},null,null,"Monthly Service Charge",null,12.84,1,{"$f":"G719*F719","v":12.84},{"$f":"'App. 2-Z_Tariff'!D393","v":14.91},1,{"$f":"J719*I719","v":14.91},{"$f":"K719-H719","v":2.0700000000000003},{"$f":"IF(ISERROR(L719/H719), \"\", L719/H719)","v":0.16121495327102806}]
[{"$f":"A719","v":"Unmetered Scatter Load"},null,null,"Smart Meter Rate Adder",null,null,1,{"$f":"G720*F720","v":0},null,1,{"$f":"J720*I720","v":0},0,{"$f":"IF(ISERROR(L720/H720), \"\", L720/H720)","v":""}]
[{"$f":"A720","v":"Unmetered Scatter Load"},null,null,null,null,null,1,0,null,1,{"$f":"J721*I721","v":0},0,""]
["Unmetered Scatter Load",null,null,null,null,null,1,0,null,1,0,0,""]
["Unmetered Scatter Load",null,null,null,null,null,1,0,null,1,0,0,""]
["Unmetered Scatter Load",null,null,null,null,null,1,0,null,1,0,0,""]
["Unmetered Scatter Load",null,null,"Distribution Volumetric Rate",null,7.6E-3,{"$f":"IF($E711>0, $E711, $E710)","v":275},2.09,{"$f":"'App. 2-Z_Tariff'!D394","v":8.8000000000000005E-3},{"$f":"IF($E711>0, $E711, $E710)","v":275},2.42,0.33000000000000007,0.15789473684210531]
["Unmetered Scatter Load",null,null,"Smart Meter Disposition Rider",null,null,{"$f":"IF($E711>0, $E711, $E710)","v":275},0,null,{"$f":"IF($E711>0, $E711, $E710)","v":275},0,0,""]
["Unmetered Scatter Load",null,null,"LRAM & SSM Rate Rider",null,null,{"$f":"IF($E711>0, $E711, $E710)","v":275},0,null,{"$f":"IF($E711>0, $E711, $E710)","v":275},0,0,""]
["Unmetered Scatter Load",null,null,"RR for Tax Change",null,1E-4,{"$f":"IF($E711>0, $E711, $E710)","v":275},2.75E-2,{"$f":"'App. 2-Z_Tariff'!D397","v":1E-4},{"$f":"IF($E711>0, $E711, $E710)","v":275},2.75E-2,0,0]
["Unmetered Scatter Load",null,null,"Deferral/Variance Account Disposition Rate Rider - Group 2",null,null,{"$f":"IF($E711>0, $E711, $E710)","v":275},0,{"$f":"'App. 2-Z_Tariff'!D399","v":8.9999999999999998E-4},{"$f":"IF($E711>0, $E711, $E710)","v":275},0.2475,0.2475,""]
["Unmetered Scatter Load",null,null,null,null,null,{"$f":"IF($E711>0, $E711, $E710)","v":275},0,null,{"$f":"IF($E711>0, $E711, $E710)","v":275},0,0,""]
["Unmetered Scatter Load",null,null,null,null,null,{"$f":"IF($E711>0, $E711, $E710)","v":275},0,null,{"$f":"IF($E711>0, $E711, $E710)","v":275},0,0,""]
["Unmetered Scatter Load",null,null,null,null,null,{"$f":"IF($E711>0, $E711, $E710)","v":275},0,null,{"$f":"IF($E711>0, $E711, $E710)","v":275},0,0,""]
["Unmetered Scatter Load",null,null,null,null,null,{"$f":"IF($E711>0, $E711, $E710)","v":275},0,null,{"$f":"IF($E711>0, $E711, $E710)","v":275},0,0,""]
["Unmetered Scatter Load",null,null,null,null,null,{"$f":"IF($E711>0, $E711, $E710)","v":275},0,null,{"$f":"IF($E711>0, $E711, $E710)","v":275},0,0,""]
["Unmetered Scatter Load","ST_A",{"$f":"C39","v":10},"Sub-Total A (excluding pass through)",null,null,null,{"$f":"SUM(H719:H734)","v":14.9575},null,null,{"$f":"SUM(K719:K734)","v":17.604999999999997},2.6474999999999973,{"$f":"IF((H735)=0,\"\",(L735/H735))","v":0.1770015042620757}]
["Unmetered Scatter Load",null,null,"Deferral/Variance Account Disposition Rate Rider - Group 1",null,5.9999999999999995E-4,{"$f":"IF($E711>0, $E711, $E710)","v":275},{"$f":"G736*F736","v":0.16499999999999998},{"$f":"'App. 2-Z_Tariff'!D395","v":-2.9999999999999997E-4},{"$f":"IF($E711>0, $E711, $E710)","v":275},{"$f":"J736*I736","v":-8.249999999999999E-2},-0.24749999999999997,-1.5]
["Unmetered Scatter Load",null,null,"Deferral/Variance Account Disposition Rate Rider - non WMP",null,-1.6999999999999999E-3,{"$f":"IF($E711>0, $E711, $E710)","v":275},{"$f":"G737*F737","v":-0.46749999999999997},{"$f":"'App. 2-Z_Tariff'!D396","v":-3.8E-3},{"$f":"IF($E711>0, $E711, $E710)","v":275},{"$f":"J737*I737","v":-1.0449999999999999},-0.5774999999999999,1.2352941176470587]
["Unmetered Scatter Load",null,null,"RR for change in accounting to IFRS",null,null,{"$f":"IF($E711>0, $E711, $E710)","v":275},0,{"$f":"'App. 2-Z_Tariff'!D398","v":2.0000000000000001E-4},{"$f":"IF($E711>0, $E711, $E710)","v":275},5.5E-2,5.5E-2,""]
["Unmetered Scatter Load",null,null,null,null,null,{"$f":"IF($E711>0, $E711, $E710)","v":275},0,null,{"$f":"IF($E711>0, $E711, $E710)","v":275},0,0,""]
["Unmetered Scatter Load",null,null,"Low Voltage Service Charge",null,null,{"$f":"IF($E711>0, $E711, $E710)","v":275},{"$f":"G740*F740","v":0},null,{"$f":"IF($E711>0, $E711, $E710)","v":275},{"$f":"J740*I740","v":0},0,""]
["Unmetered Scatter Load",null,null,"Line Losses on Cost of Power",null,{"$f":"IF((E710*12>=150000), 0, IF(E709=\"RPP\",(F752*0.64+F753*0.18+F754*0.18),IF(E709=\"Non-RPP (Retailer)\",F755,F756)))","v":0.10214000000000001},{"$f":"IF(F741=0, 0, $E710*E712-E710)","v":9.5974999999999682},0.98028864999999688,{"$f":"IF((E710*12>=150000), 0, IF(E709=\"RPP\",(I752*0.64+I753*0.18+I754*0.18),IF(E709=\"Non-RPP (Retailer)\",I755,I756)))","v":0.10214000000000001},{"$f":"IF(I741=0, 0, E710*E713-E710)","v":8.8000000000000114},0.89883200000000119,-8.1456649999995689E-2,-8.3094555873921366E-2]
["Unmetered Scatter Load",null,null,"Smart Meter Entity Charge",null,0.79,1,{"$f":"G742*F742","v":0.79},0.79,1,{"$f":"J742*I742","v":0.79},0,0]
["Unmetered Scatter Load","ST_B",{"$f":"C39","v":10},"Sub-Total B - Distribution (includes Sub-Total A)",null,null,null,{"$f":"SUM(H736:H742)+H735","v":16.425288649999995},null,null,{"$f":"SUM(K736:K742)+K735","v":18.221331999999997},1.7960433500000015,{"$f":"IF((H743)=0,\"\",(L743/H743))","v":0.10934622753189802}]
["Unmetered Scatter Load",null,null,"RTSR - Network",null,7.3000000000000001E-3,{"$f":"IF($E711>0, $E711, $E710*$E712)","v":284.59749999999997},{"$f":"G744*F744","v":2.0775617499999997},{"$f":"'App. 2-Z_Tariff'!D401","v":4.1999999999999997E-3},{"$f":"IF($E711>0, $E711, $E710*$E713)","v":283.8},{"$f":"J744*I744","v":1.1919599999999999},-0.88560174999999974,-0.42626976069423683]
["Unmetered Scatter Load",null,null,"RTSR - Line and Transformation Connection",null,4.8999999999999998E-3,{"$f":"IF($E711>0, $E711, $E710*$E712)","v":284.59749999999997},{"$f":"G745*F745","v":1.3945277499999997},{"$f":"'App. 2-Z_Tariff'!D402","v":5.1000000000000004E-3},{"$f":"IF($E711>0, $E711, $E710*$E713)","v":283.8},{"$f":"J745*I745","v":1.4473800000000001},5.2852250000000378E-2,3.7899747782000316E-2]
["Unmetered Scatter Load","ST_C",{"$f":"C39","v":10},"Sub-Total C - Delivery (including Sub-Total B)",null,null,null,{"$f":"SUM(H743:H745)","v":19.897378149999994},null,null,{"$f":"SUM(K743:K745)","v":20.860671999999997},0.963293850000003,{"$f":"IF((H746)=0,\"\",(L746/H746))","v":4.8413104618007338E-2}]
["Unmetered Scatter Load",null,null,"Wholesale Market Service Charge (WMSC)",null,3.5999999999999999E-3,{"$f":"E710*E712","v":284.59749999999997},{"$f":"G747*F747","v":1.0245509999999998},{"$f":"'App. 2-Z_Tariff'!D426","v":3.5999999999999999E-3},{"$f":"E710*E713","v":283.8},{"$f":"J747*I747","v":1.0216799999999999},-2.8709999999998459E-3,-2.802203111411581E-3]
["Unmetered Scatter Load",null,null,"Rural and Remote Rate Protection (RRRP)",null,1.2999999999999999E-3,{"$f":"E710*E712","v":284.59749999999997},0.36997674999999997,{"$f":"'App. 2-Z_Tariff'!D427","v":1.2999999999999999E-3},{"$f":"E710*E713","v":283.8},0.36893999999999999,-1.0367499999999752E-3,-2.8022031114116638E-3]
["Unmetered Scatter Load",null,null,"Standard Supply Service Charge",null,0.25,1,0.25,{"$f":"'App. 2-Z_Tariff'!D428","v":0.25},1,0.25,0,0]
["Unmetered Scatter Load",null,null,"Debt Retirement Charge (DRC)",null,null,{"$f":"E710","v":275},0,null,{"$f":"IF(ISNUMBER(SEARCH(\"RESIDENTIAL\", UPPER(E708),1)), \"\", E710)","v":275},{"$f":"IF(ISNUMBER(SEARCH(\"RESIDENTIAL\", UPPER(E708),1)), \"\", J750*I750)","v":0},{"$f":"IF(ISNUMBER(SEARCH(\"RESIDENTIAL\", UPPER(E708),1)), \"\", K750-H750)","v":0},""]
["Unmetered Scatter Load",null,null,"Ontario Electricity Support Program \n(OESP) ",null,1.1000000000000001E-3,{"$f":"G748","v":284.59749999999997},{"$f":"G751*F751","v":0.31305725000000001},1.1000000000000001E-3,{"$f":"E710*E713","v":283.8},{"$f":"J751*I751","v":0.31218000000000001},{"$f":"K751-H751","v":-8.7724999999999609E-4},-2.802203111411718E-3]
[{"$f":"A750","v":"Unmetered Scatter Load"},"RPP",null,"TOU - Off Peak",null,0.08,{"$f":"IF(AND(E710*12>=150000),0.64*E710*E712,0.64*E710)","v":176},14.08,0.08,{"$f":"IF(AND(E710*12>=150000),0.64*E710*E713,0.64*E710)","v":176},14.08,0,0]
["Unmetered Scatter Load","RPP",null,"TOU - Mid Peak",null,0.122,{"$f":"IF(AND(E710*12>=150000),0.18*E710*E712,0.18*E710)","v":49.5},6.0389999999999997,0.122,{"$f":"IF(AND(E710*12>=150000),0.18*E710*E713,0.18*E710)","v":49.5},6.0389999999999997,0,0]
["Unmetered Scatter Load","RPP",null,"TOU - On Peak",null,0.161,{"$f":"IF(AND(E710*12>=150000),0.18*E710*E712,0.18*E710)","v":49.5},7.9695,0.161,{"$f":"IF(AND(E710*12>=150000),0.18*E710*E713,0.18*E710)","v":49.5},7.9695,0,0]
["Unmetered Scatter Load","Non-RPP (Retailer)",null,"Non-RPP Retailer Avg. Price",null,8.5999999999999993E-2,{"$f":"IF(AND(E710*12>=150000),E710*E712,E710)","v":275},{"$f":"G755*F755","v":23.65},8.5999999999999993E-2,{"$f":"IF(AND(E710*12>=150000),E710*E713,E710)","v":275},{"$f":"J755*I755","v":23.65},0,0]
["Unmetered Scatter Load","Non-RPP (Other)",null,"Average IESO Wholesale Market Price",null,{"$f":"0.0906","v":9.06E-2},{"$f":"IF(AND(E710*12>=150000),E710*E712,E710)","v":275},{"$f":"G756*F756","v":24.914999999999999},{"$f":"0.0906","v":9.06E-2},{"$f":"IF(AND(E710*12>=150000),E710*E713,E710)","v":275},{"$f":"J756*I756","v":24.914999999999999},0,0]
["Unmetered Scatter Load"]
["Unmetered Scatter Load","RPP",null,"Total Bill on TOU (before Taxes)",null,null,null,{"$f":"SUM(H747:H754,H746)","v":49.943463149999999},null,null,{"$f":"SUM(K747:K754,K746)","v":50.901972000000001},{"$f":"K758-H758","v":0.95850885000000119},{"$f":"IF((H758)=0,\"\",(L758/H758))","v":1.9191877966516249E-2}]
["Unmetered Scatter Load","RPP",null,"HST",null,0.13,null,{"$f":"H758*F759","v":6.4926502094999998},0.13,null,{"$f":"K758*I759","v":6.6172563600000007},{"$f":"K759-H759","v":0.1246061505000009},{"$f":"IF((H759)=0,\"\",(L759/H759))","v":1.9191877966516363E-2}]
["Unmetered Scatter Load","RPP",null,"Total Bill (including HST)",null,null,null,{"$f":"H758+H759","v":56.436113359499998},null,null,{"$f":"K758+K759","v":57.51922836},{"$f":"K760-H760","v":1.0831150005000012},{"$f":"IF((H760)=0,\"\",(L760/H760))","v":1.9191877966516245E-2}]
["Unmetered Scatter Load","RPP",null,"Ontario Clean Energy Benefit 1"]
["Unmetered Scatter Load","RPP_TOTAL",{"$f":"C39","v":10},"Total Bill on TOU",null,null,null,{"$f":"H760+H761","v":56.436113359499998},null,null,{"$f":"K760+K761","v":57.51922836},{"$f":"K762-H762","v":1.0831150005000012},{"$f":"IF((H762)=0,\"\",(L762/H762))","v":1.9191877966516245E-2}]
["Unmetered Scatter Load","RPP"]
["Unmetered Scatter Load","Non-RPP (Retailer)",null,"Total Bill on Non-RPP Avg. Price",null,null,null,{"$f":"SUM(H755,H746,H747:H752)","v":59.584963149999993},null,null,{"$f":"SUM(K755,K746,K747:K752)","v":60.543472000000001},{"$f":"K764-H764","v":0.95850885000000829},{"$f":"IF((H764)=0,\"\",(L764/H764))","v":1.6086421797174653E-2}]
["Unmetered Scatter Load","Non-RPP (Retailer)",null,"HST",null,0.13,null,{"$f":"H764*F765","v":7.7460452094999992},0.13,null,{"$f":"K764*I765","v":7.8706513600000001},{"$f":"K765-H765","v":0.1246061505000009},{"$f":"IF((H765)=0,\"\",(L765/H765))","v":1.6086421797174628E-2}]
["Unmetered Scatter Load","Non-RPP (Retailer)",null,"Total Bill (including HST)",null,null,null,{"$f":"H764+H765","v":67.33100835949999},null,null,{"$f":"K764+K765","v":68.414123360000005},{"$f":"K766-H766","v":1.0831150005000154},{"$f":"IF((H766)=0,\"\",(L766/H766))","v":1.6086421797174743E-2}]
["Unmetered Scatter Load","Non-RPP (Retailer)",null,"Ontario Clean Energy Benefit 1"]
["Unmetered Scatter Load","Non-RPP (Retailer)_TOTAL",null,"Total Bill on Non-RPP Avg. Price",null,null,null,{"$f":"SUM(H766:H767)","v":67.33100835949999},null,null,{"$f":"SUM(K766:K767)","v":68.414123360000005},{"$f":"K768-H768","v":1.0831150005000154},{"$f":"IF((H768)=0,\"\",(L768/H768))","v":1.6086421797174743E-2}]
["Unmetered Scatter Load","Non-RPP (Retailer)"]
["Unmetered Scatter Load","Non-RPP (Other)",null,"Total Bill on Average IESO Wholesale Market Price",null,null,null,{"$f":"SUM(H756,H746:H750)","v":46.456905899999995},null,null,{"$f":"SUM(K756,K746:K750)","v":47.416292000000006},{"$f":"K770-H770","v":0.95938610000001034},{"$f":"IF((H770)=0,\"\",(L770/H770))","v":2.0651097644451832E-2}]
["Unmetered Scatter Load","Non-RPP (Other)",null,"HST",null,0.13,null,{"$f":"H770*F771","v":6.0393977669999996},0.13,null,{"$f":"K770*I771","v":6.1641179600000013},{"$f":"K771-H771","v":0.1247201930000017},{"$f":"IF((H771)=0,\"\",(L771/H771))","v":2.0651097644451891E-2}]
["Unmetered Scatter Load","Non-RPP (Other)",null,"Total Bill (including HST)",null,null,null,{"$f":"H770+H771","v":52.496303666999992},null,null,{"$f":"K770+K771","v":53.580409960000004},{"$f":"K772-H772","v":1.084106293000012},{"$f":"IF((H772)=0,\"\",(L772/H772))","v":2.0651097644451839E-2}]
["Unmetered Scatter Load","Non-RPP (Other)",null,"Ontario Clean Energy Benefit 1"]
["Unmetered Scatter Load","Non-RPP (Other)_TOTAL",null,"Total Bill on Average IESO Wholesale Market Price",null,null,null,{"$f":"SUM(H772:H773)","v":52.496303666999992},null,null,{"$f":"SUM(K772:K773)","v":53.580409960000004},{"$f":"K774-H774","v":1.084106293000012},{"$f":"IF((H774)=0,\"\",(L774/H774))","v":2.0651097644451839E-2}]
["Unmetered Scatter Load","Non-RPP (Other)"]

{"sheet":"App.2-W_Bill Impacts_hidden","index":51,"n_rows":69,"n_cols":13,"rows_kept":69,"cut":false,"hidden":true,"merged":[[1,4,1,6],[2,4,2,6],[9,5,9,7],[9,8,9,10],[54,3,54,4],[9,11,9,12],[10,4,11,4],[10,11,11,11],[10,12,11,12],[67,3,67,4],[55,3,55,4],[60,3,60,4],[61,3,61,4],[66,3,66,4]]}
[]
[null,null,null,"Customer Class:"]
[null,null,null,"RPP / Non-RPP:"]
[null,null,null,"Consumption",null,"kWh"]
[null,null,null,"Demand",null,"kW"]
[null,null,null,"Current Loss Factor"]
[null,null,null,"Proposed/Approved Loss Factor"]
[null,null,null,"Ontario Clean Energy Benefit Applied?"]
[]
[null,null,null,null,null,"Current Board-Approved",null,null,"Proposed",null,null,"Impact"]
[null,null,null,null,"Charge Unit","Rate","Volume","Charge","Rate","Volume","Charge","$ Change","% Change"]
[null,null,null,null,null,"($)",null,"($)","($)",null,"($)"]
[{"$f":"$E2","v":0},null,null,"Monthly Service Charge",null,null,1,{"$f":"G13*F13","v":0},null,1,{"$f":"J13*I13","v":0},{"$f":"K13-H13","v":0},{"$f":"IF(ISERROR(L13/H13), \"\", L13/H13)","v":""}]
[{"$f":"A13","v":0},null,null,"Smart Meter Rate Adder",null,null,1,{"$f":"G14*F14","v":0},null,1,{"$f":"J14*I14","v":0},0,{"$f":"IF(ISERROR(L14/H14), \"\", L14/H14)","v":""}]
[{"$f":"A14","v":0},null,null,null,null,null,1,0,null,1,{"$f":"J15*I15","v":0},0,""]
[0,null,null,null,null,null,1,0,null,1,0,0,""]
[0,null,null,null,null,null,1,0,null,1,0,0,""]
[0,null,null,null,null,null,1,0,null,1,0,0,""]
[0,null,null,"Distribution Volumetric Rate",null,null,{"$f":"IF($E5>0, $E5, $E4)","v":0},0,null,{"$f":"IF($E5>0, $E5, $E4)","v":0},0,0,""]
[0,null,null,"Smart Meter Disposition Rider",null,null,{"$f":"IF($E5>0, $E5, $E4)","v":0},0,null,{"$f":"IF($E5>0, $E5, $E4)","v":0},0,0,""]
[0,null,null,"LRAM & SSM Rate Rider",null,null,{"$f":"IF($E5>0, $E5, $E4)","v":0},0,null,{"$f":"IF($E5>0, $E5, $E4)","v":0},0,0,""]
[0,null,null,null,null,null,{"$f":"IF($E5>0, $E5, $E4)","v":0},0,null,{"$f":"IF($E5>0, $E5, $E4)","v":0},0,0,""]
[0,null,null,null,null,null,{"$f":"IF($E5>0, $E5, $E4)","v":0},0,null,{"$f":"IF($E5>0, $E5, $E4)","v":0},0,0,""]
[0,null,null,null,null,null,{"$f":"IF($E5>0, $E5, $E4)","v":0},0,null,{"$f":"IF($E5>0, $E5, $E4)","v":0},0,0,""]
[0,null,null,null,null,null,{"$f":"IF($E5>0, $E5, $E4)","v":0},0,null,{"$f":"IF($E5>0, $E5, $E4)","v":0},0,0,""]
[0,null,null,null,null,null,{"$f":"IF($E5>0, $E5, $E4)","v":0},0,null,{"$f":"IF($E5>0, $E5, $E4)","v":0},0,0,""]
[0,null,null,null,null,null,{"$f":"IF($E5>0, $E5, $E4)","v":0},0,null,{"$f":"IF($E5>0, $E5, $E4)","v":0},0,0,""]
[0,null,null,null,null,null,{"$f":"IF($E5>0, $E5, $E4)","v":0},0,null,{"$f":"IF($E5>0, $E5, $E4)","v":0},0,0,""]
[0,"ST_A",null,"Sub-Total A (excluding pass through)",null,null,null,{"$f":"SUM(H13:H28)","v":0},null,null,{"$f":"SUM(K13:K28)","v":0},0,{"$f":"IF((H29)=0,\"\",(L29/H29))","v":""}]
[0,null,null,"Deferral/Variance Account Disposition Rate Rider",null,null,{"$f":"IF($E5>0, $E5, $E4)","v":0},{"$f":"G30*F30","v":0},null,{"$f":"IF($E5>0, $E5, $E4)","v":0},{"$f":"J30*I30","v":0},0,""]
[0,null,null,null,null,null,{"$f":"IF($E5>0, $E5, $E4)","v":0},{"$f":"G31*F31","v":0},null,{"$f":"IF($E5>0, $E5, $E4)","v":0},{"$f":"J31*I31","v":0},0,""]
[0,null,null,null,null,null,{"$f":"IF($E5>0, $E5, $E4)","v":0},0,null,{"$f":"IF($E5>0, $E5, $E4)","v":0},0,0,""]
[0,null,null,null,null,null,{"$f":"IF($E5>0, $E5, $E4)","v":0},0,null,{"$f":"IF($E5>0, $E5, $E4)","v":0},0,0,""]
[0,null,null,"Low Voltage Service Charge",null,null,{"$f":"IF($E5>0, $E5, $E4)","v":0},{"$f":"G34*F34","v":0},null,{"$f":"IF($E5>0, $E5, $E4)","v":0},{"$f":"J34*I34","v":0},0,""]
[0,null,null,"Line Losses on Cost of Power",null,{"$f":"IF((E4*12>=150000), 0, IF(E3=\"RPP\",(F46*0.64+F47*0.18+F48*0.18),IF(E3=\"Non-RPP (Retailer)\",F49,F50)))","v":9.06E-2},{"$f":"IF(F35=0, 0, $E4*E6-E4)","v":0},0,{"$f":"IF((E4*12>=150000), 0, IF(E3=\"RPP\",(I46*0.64+I47*0.18+I48*0.18),IF(E3=\"Non-RPP (Retailer)\",I49,I50)))","v":9.06E-2},{"$f":"IF(I35=0, 0, E4*E7-E4)","v":0},0,0,""]
[0,null,null,"Smart Meter Entity Charge",null,0.79,1,{"$f":"G36*F36","v":0.79},0.79,1,{"$f":"J36*I36","v":0.79},0,0]
[0,"ST_B",null,"Sub-Total B - Distribution (includes Sub-Total A)",null,null,null,{"$f":"SUM(H30:H36)+H29","v":0.79},null,null,{"$f":"SUM(K30:K36)+K29","v":0.79},0,{"$f":"IF((H37)=0,\"\",(L37/H37))","v":0}]
[0,null,null,"RTSR - Network",null,null,{"$f":"IF($E5>0, $E5, $E4*$E6)","v":0},{"$f":"G38*F38","v":0},null,{"$f":"IF($E5>0, $E5, $E4*$E7)","v":0},{"$f":"J38*I38","v":0},0,""]
[0,null,null,"RTSR - Line and Transformation Connection",null,null,{"$f":"IF($E5>0, $E5, $E4*$E6)","v":0},{"$f":"G39*F39","v":0},null,{"$f":"IF($E5>0, $E5, $E4*$E7)","v":0},{"$f":"J39*I39","v":0},0,""]
[0,"ST_C",null,"Sub-Total C - Delivery (including Sub-Total B)",null,null,null,{"$f":"SUM(H37:H39)","v":0.79},null,null,{"$f":"SUM(K37:K39)","v":0.79},0,{"$f":"IF((H40)=0,\"\",(L40/H40))","v":0}]
[0,null,null,"Wholesale Market Service Charge (WMSC)",null,null,{"$f":"E4*E6","v":0},{"$f":"G41*F41","v":0},null,{"$f":"E4*E7","v":0},{"$f":"J41*I41","v":0},0,""]
[0,null,null,"Rural and Remote Rate Protection (RRRP)",null,null,{"$f":"E4*E6","v":0},0,null,{"$f":"E4*E7","v":0},0,0,""]
[0,null,null,"Standard Supply Service Charge",null,null,1,0,null,1,0,0,""]
[0,null,null,"Debt Retirement Charge (DRC)",null,null,{"$f":"E4","v":0},0,null,{"$f":"IF(ISNUMBER(SEARCH(\"RESIDENTIAL\", UPPER(E2),1)), \"\", E4)","v":0},{"$f":"IF(ISNUMBER(SEARCH(\"RESIDENTIAL\", UPPER(E2),1)), \"\", J44*I44)","v":0},{"$f":"IF(ISNUMBER(SEARCH(\"RESIDENTIAL\", UPPER(E2),1)), \"\", K44-H44)","v":0},""]
[0,null,null,"Ontario Electricity Support Program \n(OESP) ",null,null,null,null,null,{"$f":"E4*E7","v":0},{"$f":"J45*I45","v":0},null,{"$f":"IF(ISERROR(L45/H45), \"\", L45/H45)","v":""}]
[{"$f":"A44","v":0},"RPP",null,"TOU - Off Peak",null,0.08,{"$f":"IF(AND(E4*12>=150000),0.64*E4*E6,0.64*E4)","v":0},0,0.08,{"$f":"IF(AND(E4*12>=150000),0.64*E4*E7,0.64*E4)","v":0},0,{"$f":"K46-H46","v":0},""]
[0,"RPP",null,"TOU - Mid Peak",null,0.122,{"$f":"IF(AND(E4*12>=150000),0.18*E4*E6,0.18*E4)","v":0},0,0.122,{"$f":"IF(AND(E4*12>=150000),0.18*E4*E7,0.18*E4)","v":0},0,{"$f":"K47-H47","v":0},""]
[0,"RPP",null,"TOU - On Peak",null,0.161,{"$f":"IF(AND(E4*12>=150000),0.18*E4*E6,0.18*E4)","v":0},0,0.161,{"$f":"IF(AND(E4*12>=150000),0.18*E4*E7,0.18*E4)","v":0},0,{"$f":"K48-H48","v":0},""]
[0,"Non-RPP (Retailer)",null,"Non-RPP Retailer Avg. Price",null,8.5999999999999993E-2,{"$f":"IF(AND(E4*12>=150000),E4*E6,E4)","v":0},{"$f":"G49*F49","v":0},8.5999999999999993E-2,{"$f":"IF(AND(E4*12>=150000),E4*E7,E4)","v":0},{"$f":"J49*I49","v":0},{"$f":"K49-H49","v":0},""]
[0,"Non-RPP (Other)",null,"Average IESO Wholesale Market Price",null,{"$f":"0.0906","v":9.06E-2},{"$f":"IF(AND(E4*12>=150000),E4*E6,E4)","v":0},{"$f":"G50*F50","v":0},{"$f":"0.0906","v":9.06E-2},{"$f":"IF(AND(E4*12>=150000),E4*E7,E4)","v":0},{"$f":"J50*I50","v":0},{"$f":"K50-H50","v":0},""]
[0]
[0,"RPP",null,"Total Bill on TOU (before Taxes)",null,null,null,{"$f":"SUM(H41:H48,H40)","v":0.79},null,null,{"$f":"SUM(K41:K48,K40)","v":0.79},{"$f":"K52-H52","v":0},{"$f":"IF((H52)=0,\"\",(L52/H52))","v":0}]
[0,"RPP",null,"HST",null,0.13,null,{"$f":"H52*F53","v":0.10270000000000001},0.13,null,{"$f":"K52*I53","v":0.10270000000000001},{"$f":"K53-H53","v":0},{"$f":"IF((H53)=0,\"\",(L53/H53))","v":0}]
[0,"RPP",null,"Total Bill (including HST)",null,null,null,{"$f":"H52+H53","v":0.89270000000000005},null,null,{"$f":"K52+K53","v":0.89270000000000005},{"$f":"K54-H54","v":0},{"$f":"IF((H54)=0,\"\",(L54/H54))","v":0}]
[0,"RPP",null,"Ontario Clean Energy Benefit 1"]
[0,"RPP_TOTAL",null,"Total Bill on TOU",null,null,null,{"$f":"H54+H55","v":0.89270000000000005},null,null,{"$f":"K54+K55","v":0.89270000000000005},{"$f":"K56-H56","v":0},{"$f":"IF((H56)=0,\"\",(L56/H56))","v":0}]
[0,"RPP"]
[0,"Non-RPP (Retailer)",null,"Total Bill on Non-RPP Avg. Price",null,null,null,{"$f":"SUM(H49,H40,H41:H46)","v":0.79},null,null,{"$f":"SUM(K49,K40,K41:K46)","v":0.79},{"$f":"K58-H58","v":0},{"$f":"IF((H58)=0,\"\",(L58/H58))","v":0}]
[0,"Non-RPP (Retailer)",null,"HST",null,0.13,null,{"$f":"H58*F59","v":0.10270000000000001},0.13,null,{"$f":"K58*I59","v":0.10270000000000001},{"$f":"K59-H59","v":0},{"$f":"IF((H59)=0,\"\",(L59/H59))","v":0}]
[0,"Non-RPP (Retailer)",null,"Total Bill (including HST)",null,null,null,{"$f":"H58+H59","v":0.89270000000000005},null,null,{"$f":"K58+K59","v":0.89270000000000005},{"$f":"K60-H60","v":0},{"$f":"IF((H60)=0,\"\",(L60/H60))","v":0}]
[0,"Non-RPP (Retailer)",null,"Ontario Clean Energy Benefit 1"]
[0,"Non-RPP (Retailer)_TOTAL",null,"Total Bill on Non-RPP Avg. Price",null,null,null,{"$f":"SUM(H60:H61)","v":0.89270000000000005},null,null,{"$f":"SUM(K60:K61)","v":0.89270000000000005},{"$f":"K62-H62","v":0},{"$f":"IF((H62)=0,\"\",(L62/H62))","v":0}]
[0,"Non-RPP (Retailer)"]
[0,"Non-RPP (Other)",null,"Total Bill on Average IESO Wholesale Market Price",null,null,null,{"$f":"SUM(H50,H40:H44)","v":0.79},null,null,{"$f":"SUM(K50,K40:K44)","v":0.79},{"$f":"K64-H64","v":0},{"$f":"IF((H64)=0,\"\",(L64/H64))","v":0}]
[0,"Non-RPP (Other)",null,"HST",null,0.13,null,{"$f":"H64*F65","v":0.10270000000000001},0.13,null,{"$f":"K64*I65","v":0.10270000000000001},{"$f":"K65-H65","v":0},{"$f":"IF((H65)=0,\"\",(L65/H65))","v":0}]
[0,"Non-RPP (Other)",null,"Total Bill (including HST)",null,null,null,{"$f":"H64+H65","v":0.89270000000000005},null,null,{"$f":"K64+K65","v":0.89270000000000005},{"$f":"K66-H66","v":0},{"$f":"IF((H66)=0,\"\",(L66/H66))","v":0}]
[0,"Non-RPP (Other)",null,"Ontario Clean Energy Benefit 1"]
[0,"Non-RPP (Other)_TOTAL",null,"Total Bill on Average IESO Wholesale Market Price",null,null,null,{"$f":"SUM(H66:H67)","v":0.89270000000000005},null,null,{"$f":"SUM(K66:K67)","v":0.89270000000000005},{"$f":"K68-H68","v":0},{"$f":"IF((H68)=0,\"\",(L68/H68))","v":0}]
[0,"Non-RPP (Other)"]

{"sheet":"App.2-Y_MIFRS Summary Impacts","index":52,"n_rows":38,"n_cols":9,"rows_kept":38,"cut":false,"hidden":false,"merged":[[8,0,8,8],[9,0,9,8],[10,0,10,8],[14,0,16,2],[14,6,14,8],[15,6,15,8],[15,4,16,4],[17,0,17,2],[17,6,17,8],[18,0,18,2],[18,6,18,8],[19,0,19,2],[19,6,19,8],[20,0,20,2],[20,6,20,8],[21,0,21,2],[21,6,21,8],[22,0,22,2],[22,3,22,5],[22,6,22,8],[23,0,23,2],[23,6,23,8],[24,0,24,2],[24,6,24,8],[25,0,25,2],[25,6,25,8],[26,0,26,2],[26,6,26,8],[27,0,27,2],[27,6,27,8],[28,0,28,2],[28,6,28,8],[29,0,29,2],[29,6,29,8],[30,0,30,2],[30,6,30,8],[31,0,31,2],[31,6,31,8],[37,0,41,8],[32,0,32,2],[32,6,32,8],[33,0,33,2],[33,6,33,8],[34,0,34,2],[34,6,34,8]]}
[null,null,null,null,null,null,null,"File Number:",{"$f":"EBNUMBER","v":0}]
[null,null,null,null,null,null,null,"Exhibit:"]
[null,null,null,null,null,null,null,"Tab:"]
[null,null,null,null,null,null,null,"Schedule:"]
[null,null,null,null,null,null,null,"Page:"]
[]
[null,null,null,null,null,null,null,"Date:"]
[]
["Appendix 2-Y"]
["Summary of Impacts to Revenue Requirement"]
["from Transition to MIFRS"]
[]
[]
[]
["Revenue Requirement Component",null,null,2016,2016,"Difference","Reasons why the revenue requirement "]
[null,null,null,"MIFRS","CGAAP without policy changes",null,"component is different under"]
[]
["Closing NBV 2015",null,null,null,null,{"$f":"+D18-E18","v":0}]
["Closing NBV 2016",null,null,null,null,0]
["Average NBV",null,null,{"$f":"(D18+D19)/2","v":0},{"$f":"(E18+E19)/2","v":0},0]
["Working Capital",null,null,null,null,{"$f":"+D21-E21","v":0}]
["Rate Base",null,null,{"$f":"SUM(D20:D21)","v":0},{"$f":"SUM(E20:E21)","v":0},{"$f":"+D22-E22","v":0}]
[null,null,null,null,null,{"$f":"+D23-E23","v":0}]
["Return on Rate Base",null,null,null,null,0]
[null,null,null,null,null,0]
["OM&A",null,null,null,null,0]
["Depreciation",null,null,null,null,0]
["PILs or Income Taxes",null,null,null,null,0]
[null,null,null,null,null,0]
["Less: Revenue Offsets",null,null,null,null,0]
[null,null,null,null,null,0]
[null,null,null,null,null,0]
[null,null,null,null,null,0]
["Insert description of additional item(s) and new rows if needed.",null,null,null,null,0]
["Total Base Revenue Requirement",null,null,{"$f":"SUM(D24:D34)","v":0},{"$f":"SUM(E24:E34)","v":0},{"$f":"SUM(F24:F34)","v":0}]
[]
[]
["Applicants must provide a summary of the dollar impacts of MIFRS to each component of the revenue requirement (e.g. rate base, operating costs, etc.), including the overall impact on the proposed revenue requirement.  Accordingly, the applicants must identify financial differences and resulting revenue requirement impacts arising from the adoption of  MIFRS as compared to CGAAP prior to capitalization and depreciation policy changes.  Applicants should explain the financial differences and may separate the differences arising from changes in capitalization and depreciation policy versus the adoption of IFRS.    "]

{"sheet":"App. 2-Z_Tariff","index":53,"n_rows":616,"n_cols":4,"rows_kept":616,"cut":false,"hidden":false,"merged":[[595,4,595,5],[611,0,611,3],[611,4,611,7],[589,0,589,3],[589,4,589,7],[590,0,590,3],[590,4,590,7],[591,0,591,3],[591,4,591,7],[592,0,592,3],[592,4,592,7],[593,0,593,3],[593,4,593,7],[595,0,595,1],[596,0,596,1],[597,0,597,1],[598,0,598,1],[599,0,599,1],[600,0,600,1],[479,0,479,1],[480,0,480,1],[481,0,481,1],[482,0,482,1],[488,0,488,3],[490,0,490,3],[490,4,490,7],[492,0,492,3],[492,4,492,7],[571,0,571,1],[518,0,518,1],[519,0,519,1],[520,0,520,1],[524,0,524,1],[525,0,525,1],[526,0,526,1],[527,0,527,1],[528,0,528,1],[529,0,529,1],[561,0,561,1],[562,0,562,1],[563,0,563,1],[564,0,564,1],[565,0,565,1],[569,0,569,1],[570,0,570,1],[567,0,567,1],[568,0,568,1],[566,0,566,1],[550,0,550,1],[551,0,551,1],[552,0,552,1],[553,0,553,1],[619,0,619,1],[614,0,614,1],[615,0,615,1],[616,0,616,1],[617,0,617,1],[618,0,618,1],[601,0,601,1],[602,0,602,1],[603,0,603,1],[604,0,604,1],[605,0,605,1],[606,0,606,1],[607,0,607,1],[575,0,575,1],[576,0,576,1],[577,0,577,1],[578,0,578,1],[586,0,586,3],[586,4,586,7],[588,0,588,3],[588,4,588,7],[572,0,572,1],[573,0,573,1],[574,0,574,1],[579,0,579,1],[580,0,580,1],[581,0,581,1],[585,0,585,3],[585,4,585,7],[587,0,587,3],[587,4,587,7],[554,0,554,1],[555,0,555,1],[556,0,556,1],[557,0,557,1],[558,0,558,1],[541,0,541,1],[542,0,542,1],[543,0,543,1],[544,0,544,1],[545,0,545,1],[546,0,546,1],[547,0,547,1],[548,0,548,1],[549,0,549,1],[536,0,536,1],[537,0,537,1],[538,0,538,1],[539,0,539,1],[540,0,540,1],[514,0,514,1],[515,0,515,1],[516,0,516,1],[517,0,517,1],[521,0,521,1],[522,0,522,1],[523,0,523,1],[530,0,530,1],[534,0,534,1],[535,0,535,1],[505,0,505,1],[506,0,506,1],[507,0,507,1],[508,0,508,1],[509,0,509,1],[510,0,510,1],[511,0,511,1],[512,0,512,1],[513,0,513,1],[496,0,496,1],[497,0,497,1],[498,0,498,1],[499,0,499,1],[500,0,500,1],[501,0,501,1],[502,0,502,1],[503,0,503,1],[504,0,504,1],[475,0,475,1],[460,0,460,1],[461,0,461,1],[462,0,462,1],[463,0,463,1],[464,0,464,1],[465,0,465,1],[466,0,466,1],[467,0,467,1],[468,0,468,1],[454,0,454,1],[455,0,455,1],[456,0,456,1],[457,0,457,1],[458,0,458,1],[459,0,459,1],[469,0,469,1],[473,0,473,1],[474,0,474,1],[445,0,445,1],[446,0,446,1],[447,0,447,1],[448,0,448,1],[449,0,449,1],[450,0,450,1],[451,0,451,1],[452,0,452,1],[453,0,453,1],[433,0,433,3],[434,0,434,3],[435,0,435,3],[436,0,436,3],[440,0,440,1],[441,0,441,1],[442,0,442,1],[443,0,443,1],[444,0,444,1],[418,0,418,1],[419,0,419,1],[420,0,420,1],[421,0,421,1],[425,0,425,1],[426,0,426,1],[427,0,427,1],[428,0,428,3],[430,0,430,3],[409,0,409,1],[410,0,410,1],[411,0,411,1],[412,0,412,1],[413,0,413,1],[414,0,414,1],[415,0,415,1],[416,0,416,1],[417,0,417,1],[400,0,400,1],[402,0,402,1],[403,0,403,1],[404,0,404,1],[405,0,405,1],[406,0,406,1],[407,0,407,1],[408,0,408,1],[387,0,387,3],[388,0,388,3],[392,0,392,1],[393,0,393,1],[394,0,394,1],[395,0,395,1],[396,0,396,1],[397,0,397,1],[398,0,398,1],[372,0,372,1],[373,0,373,1],[377,0,377,1],[378,0,378,1],[379,0,379,1],[380,0,380,3],[382,0,382,3],[385,0,385,3],[386,0,386,3],[363,0,363,1],[364,0,364,1],[365,0,365,1],[366,0,366,1],[367,0,367,1],[368,0,368,1],[369,0,369,1],[370,0,370,1],[371,0,371,1],[355,0,355,1],[356,0,356,1],[357,0,357,1],[358,0,358,1],[359,0,359,1],[360,0,360,1],[361,0,361,1],[362,0,362,1],[344,0,344,1],[345,0,345,1],[346,0,346,1],[347,0,347,1],[348,0,348,1],[349,0,349,1],[350,0,350,1],[351,0,351,1],[353,0,353,1],[329,0,329,1],[330,0,330,1],[331,0,331,1],[332,0,332,3],[334,0,334,3],[337,0,337,3],[338,0,338,3],[339,0,339,3],[340,0,340,3],[317,0,317,1],[318,0,318,1],[319,0,319,1],[320,0,320,1],[321,0,321,1],[322,0,322,1],[323,0,323,1],[324,0,324,1],[325,0,325,1],[308,0,308,1],[309,0,309,1],[310,0,310,1],[311,0,311,1],[312,0,312,1],[313,0,313,1],[314,0,314,1],[315,0,315,1],[316,0,316,1],[298,0,298,1],[299,0,299,1],[300,0,300,1],[301,0,301,1],[302,0,302,1],[303,0,303,1],[306,0,306,1],[307,0,307,1],[304,0,304,1],[277,0,277,1],[284,0,284,3],[286,0,286,3],[289,0,289,3],[290,0,290,3],[291,0,291,3],[292,0,292,3],[296,0,296,1],[297,0,297,1],[281,0,281,1],[282,0,282,1],[283,0,283,1],[274,0,274,1],[275,0,275,1],[276,0,276,1],[265,0,265,1],[266,0,266,1],[267,0,267,1],[268,0,268,1],[269,0,269,1],[270,0,270,1],[271,0,271,1],[255,0,255,1],[256,0,256,1],[248,0,248,1],[249,0,249,1],[236,0,236,3],[257,0,257,1],[258,0,258,1],[272,0,272,1],[273,0,273,1],[264,0,264,1],[259,0,259,1],[260,0,260,1],[261,0,261,1],[262,0,262,1],[263,0,263,1],[243,0,243,3],[187,0,187,1],[188,0,188,1],[244,0,244,3],[217,0,217,1],[218,0,218,1],[219,0,219,1],[220,0,220,1],[221,0,221,1],[222,0,222,1],[216,0,216,1],[201,0,201,1],[202,0,202,1],[210,0,210,1],[203,0,203,1],[225,0,225,1],[226,0,226,1],[227,0,227,1],[228,0,228,1],[229,0,229,1],[238,0,238,3],[241,0,241,3],[213,0,213,1],[211,0,211,1],[224,0,224,1],[176,0,176,1],[156,0,156,1],[157,0,157,1],[186,0,186,1],[181,0,181,1],[179,0,179,1],[180,0,180,1],[182,0,182,1],[177,0,177,1],[178,0,178,1],[163,0,163,1],[90,0,90,1],[91,0,91,1],[92,0,92,3],[94,0,94,3],[123,0,123,1],[110,0,110,1],[97,0,97,3],[98,0,98,3],[100,0,100,3],[104,0,104,1],[105,0,105,1],[106,0,106,1],[107,0,107,1],[111,0,111,1],[189,0,189,3],[191,0,191,3],[194,0,194,3],[195,0,195,3],[196,0,196,3],[205,0,205,1],[204,0,204,1],[206,0,206,1],[56,0,56,1],[168,0,168,1],[169,0,169,1],[171,0,171,1],[172,0,172,1],[173,0,173,1],[174,0,174,1],[170,0,170,1],[122,0,122,1],[65,0,65,1],[71,0,71,1],[83,0,83,1],[60,0,60,1],[61,0,61,1],[62,0,62,1],[125,0,125,1],[126,0,126,1],[124,0,124,1],[127,0,127,1],[128,0,128,1],[164,0,164,1],[165,0,165,1],[85,0,85,1],[233,0,233,1],[234,0,234,1],[129,0,129,1],[130,0,130,1],[131,0,131,1],[132,0,132,1],[133,0,133,1],[158,0,158,1],[161,0,161,1],[167,0,167,1],[197,0,197,3],[162,0,162,1],[139,0,139,1],[140,0,140,1],[146,0,146,3],[147,0,147,3],[148,0,148,3],[235,0,235,1],[212,0,212,1],[250,0,250,1],[251,0,251,1],[252,0,252,1],[253,0,253,1],[254,0,254,1],[223,0,223,1],[242,0,242,3],[214,0,214,1],[215,0,215,1],[149,0,149,3],[153,0,153,1],[154,0,154,1],[155,0,155,1],[141,0,141,3],[143,0,143,3],[134,0,134,1],[138,0,138,1],[175,0,175,1],[50,0,50,3],[51,0,51,3],[99,0,99,3],[119,0,119,1],[120,0,120,1],[121,0,121,1],[112,0,112,1],[89,0,89,1],[81,0,81,1],[82,0,82,1],[74,0,74,1],[75,0,75,1],[57,0,57,1],[58,0,58,1],[59,0,59,1],[76,0,76,1],[78,0,78,1],[79,0,79,1],[80,0,80,1],[63,0,63,1],[108,0,108,1],[109,0,109,1],[84,0,84,1],[52,0,52,3],[77,0,77,1],[64,0,64,1],[44,0,44,3],[46,0,46,3],[49,0,49,3],[2,2,2,3],[1,2,1,3],[3,2,3,3],[19,0,19,3],[36,0,36,3],[37,0,37,3],[38,0,38,3],[40,0,40,3],[41,0,41,3],[42,0,42,3],[20,0,20,3],[21,0,21,3],[22,0,22,3],[23,0,23,3],[24,0,24,3],[25,0,25,3],[26,0,26,3],[72,0,72,1],[73,0,73,1],[0,2,0,3],[9,0,9,3],[10,0,10,3],[12,0,12,1],[14,0,14,3],[18,0,18,3],[17,0,17,3],[6,2,6,3],[4,2,4,3],[7,0,7,3]]}
[null,"File Number:",{"$f":"EBNUMBER","v":0}]
[null,"Exhibit:"]
[null,"Tab:"]
[null,"Schedule:"]
[null,"Page:"]
[]
[null,"Date:"]
["Appendix 2-Z\nProposed Tariff of Rates and Charges"]
[]
["For each class, Applicants are required to copy and paste the class descriptions (located directly under the class name) and the description of the applicability of those rates (description is found under the class name and directly under the word \"APPLICATION\").  By using the drop-down lists located under the column labeled \"Rate Description\", please select the descriptions of the rates and charges that BEST MATCHES the descriptions on your most recent Board-Approved Tariff of Rates and Charges.  If the description is not found in the drop-down list, please enter the description in the green shaded cells under the correct class exactly as it appears on the tariff.   Please do not enter more than one \"Service Charge\" for each class for which a base monthly fixed charge applies.  All rate rider descriptions should begin with \"Rate Rider for...\"."]
["Select the appropriate rate classes as they appear on your most recent Board-Approved Tariff of Rates and Charges, including the MicroFit Class."]
[]
["How many classes are listed on your most recent Board-Approved Tariff of Rates and Charges?",null,9]
[]
["Identify Your Rate Classes in the Blue Cells below.  Rate class names can be selected from the pull-dwon menu.  Please ensure that a rate class is assigned to each shaded cell.\n"]
[]
[]
["List of Rate Classes"]
["RESIDENTIAL"]
["GENERAL SERVICE LESS THAN 50 KW"]
["GENERAL SERVICE 50 TO 4,999 KW"]
["EMBEDDED DISTRIBUTOR"]
["microFIT"]
["SENTINEL LIGHTING"]
["STREET LIGHTING"]
["UNMETERED SCATTERED LOAD"]
["STANDBY POWER"]
[]
[]
[]
[]
[]
[]
[]
["Once all blue shaded cells above are filled out, press the following button to create your tariff template"]
[]
[{"$f":"'LDC Info'!E14","v":"Brantford Power Inc."}]
["TARIFF OF RATES AND CHARGES"]
[{"$f":"\"Effective and Implementation Date January 1, 2017\"","v":"Effective and Implementation Date January 1, 2017"}]
[]
["This schedule supersedes and replaces all previously"]
["approved schedules of Rates, Charges and Loss Factors"]
[{"$f":"EBNUMBER","v":0}]
[]
["RESIDENTIAL SERVICE CLASSIFICATION"]
[]
["This classification refers to an account taking electricity at 750 volts or less where the electricity is used exclusively in a separately metered living accommodation. Customers shall be residing in single-dwelling units that consist of a detached house or one unit of a semi-detached, duplex, triplex or quadruplex house, with a residential zoning. Separately metered dwellings within a town house complex or apartment building also qualify as residential customers. Further servicing details are available in the distributor’s conditions of Service."]
["APPLICATION"]
[]
["The application of these rates and charges shall be in accordance with the Licence of the Distributor and any Code or Order of the Ontario Energy Board, and amendments thereto as approved by the Ontario Energy Board, which may be applicable to the administration of this schedule."]
["No rates and charges for the distribution of electricity and charges to meet the costs of any work or service done or furnished for the purpose of the distribution of electricity shall be made except as permitted by this schedule, unless required by the Distributor’s Licence or a Code or Order of the Ontario Energy Board, and amendments thereto as approved by the Ontario Energy Board, or as specified herein."]
["Unless specifically noted, this schedule does not contain any charges for the electricity commodity, be it under the Regulated Price Plan, a contract with a retailer or the wholesale market price, as applicable. In addition, the charges in the MONTHLY RATES AND CHARGES - Regulatory Component of this schedule do not apply to a customer that is an embedded wholesale market participant."]
["It should be noted that this schedule does not list any charges, assessments, or credits that are required by law to be invoiced by a distributor and that are not subject to Ontario Energy Board approval, such as the Debt Retirement Charge, the Global Adjustment and the HST."]
[]
["MONTHLY RATES AND CHARGES - Delivery Component"]
[]
["Service Charge",null,"$",19.829999999999998]
["Rate Rider for Application of Tax Change (2017) – effective until December 31, 2017",null,"$",0.05]
["Rate Rider for Disposition of Residual Historical Smart Meter Costs - effective until December 31, 2017",null,"$",-0.48]
["Rate Rider for Recovery of Stranded Meter Assets - effective until December 31, 2017",null,"$",1.47]
["Rate Rider for Smart Metering Entity Charge - effective until October 31, 2018",null,"$",0.79]
["Distribution Volumetric Rate",null,"$/kWh",8.5000000000000006E-3]
["Rate Rider for Disposition of Deferral/Variance Accounts (Group 1) - effective until December 31, 2017",null,"$/kWh",-2.9999999999999997E-4]
["Rate Rider for Disposition of Deferral/Variance Accounts (2017) - effective until December 31, 2017\nApplicable only for Non-Wholesale Market Participants",null,"$/kWh",-3.8E-3]
["Rate Rider for Disposition of Global Adjustment Account (2017) - effective until December 31, 2017\nApplicable only for Non-RPP Customers",null,"$/kWh",3.2000000000000002E-3]
["Rate Rider for Disposition of Deferral/Variance Accounts (Group 2) - effective until December 31, 2017",null,"$",0.56999999999999995]
["Rate Rider for Lost Revenue Adjustment Mechanism (LRAM)",null,"$/kWh",0]
["Rate Rider for Lost Revenue Adjustment Mechanism (LRAM - Prior to 2011)",null,"$/kWh",2.9999999999999997E-4]
["Rate Rider for Disposition of Accounting Changes to IFRS",null,"$",0.16]
["Retail Transmission Rate - Network Service Rate",null,"$/kWh",8.0000000000000002E-3]
["Retail Transmission Rate - Line and Transformation Connection Service Rate",null,"$/kWh",5.7999999999999996E-3]
[]
[]
[]
[]
[]
[]
[]
[]
[]
[]
[]
[]
[]
[]
[]
[]
["MONTHLY RATES AND CHARGES - Regulatory Component"]
[]
["Wholesale Market Service Rate",null,"$/kWh",3.5999999999999999E-3]
["Rural Rate Protection Charge",null,"$/kWh",1.2999999999999999E-3]
["Standard Supply Service - Administrative Charge (if applicable)",null,"$",0.25]
["GENERAL SERVICE LESS THAN 50 KW SERVICE CLASSIFICATION"]
[]
["This classification refers to a non residential account taking electricity at 750 volts or less whose monthly average peak demand is less than, or is forecast to be less than, 50 kW. Further servicing details are available in the distributor’s Conditions of Service."]
["APPLICATION"]
[]
["The application of these rates and charges shall be in accordance with the Licence of the Distributor and any Code or Order of the Ontario Energy Board, and amendments thereto as approved by the Ontario Energy Board, which may be applicable to the administration of this schedule."]
["No rates and charges for the distribution of electricity and charges to meet the costs of any work or service done or furnished for the purpose of the distribution of electricity shall be made except as permitted by this schedule, unless required by the Distributor’s Licence or a Code or Order of the Ontario Energy Board, and amendments thereto as approved by the Ontario Energy Board, or as specified herein."]
["Unless specifically noted, this schedule does not contain any charges for the electricity commodity, be it under the Regulated Price Plan, a contract with a retailer or the wholesale market price, as applicable. In addition, the charges in the MONTHLY RATES AND CHARGES - Regulatory Component of this schedule do not apply to a customer that is an embedded wholesale market participant."]
["It should be noted that this schedule does not list any charges, assessments, or credits that are required by law to be invoiced by a distributor and that are not subject to Ontario Energy Board approval, such as the Debt Retirement Charge, the Global Adjustment and the HST"]
[]
["MONTHLY RATES AND CHARGES - Delivery Component"]
[]
["Service Charge",null,"$",30.72]
["Rate Rider for Disposition of Residual Historical Smart Meter Costs - effective until December 31, 2017",null,"$",2.9]
["Rate Rider for Recovery of Stranded Meter Assets - effective until December 31, 2017",null,"$",4.41]
["Rate Rider for Smart Metering Entity Charge - effective until October 31, 2018",null,"$",0.79]
["Distribution Volumetric Rate",null,"$/kWh",8.0000000000000002E-3]
["Rate Rider for Disposition of Deferral/Variance Accounts (Group 1) - effective until December 31, 2017",null,"$/kWh",-2.9999999999999997E-4]
["Rate Rider for Disposition of Deferral/Variance Accounts (2017) - effective until December 31, 2017\nApplicable only for Non-Wholesale Market Participants",null,"$/kWh",-3.8E-3]
["Rate Rider for Disposition of Deferral/Variance Accounts (Group 2) - effective until December 31, 2017",null,"$/kWh",8.9999999999999998E-4]
["Rate Rider for Disposition of Global Adjustment Account (2017) - effective until December 31, 2017\nApplicable only for Non-RPP Customers",null,"$/kWh",3.2000000000000002E-3]
["Rate Rider for Lost Revenue Adjustment Mechanism (LRAM)",null,"$/kWh",0]
["Rate Rider for Lost Revenue Adjustment Mechanism (LRAM - Prior to 2011)",null,"$/kWh",2.0000000000000001E-4]
["Rate Rider for Application of Tax Change (2017) – effective until December 31, 2017",null,"$/kWh",0]
["Rate Rider for Disposition of Accounting Changes to IFRS",null,"$/kWh",2.0000000000000001E-4]
["Retail Transmission Rate - Network Service Rate",null,"$/kWh",7.1000000000000004E-3]
["Retail Transmission Rate - Line and Transformation Connection Service Rate",null,"$/kWh",5.1000000000000004E-3]
[]
[]
[]
[]
[]
[]
[]
[]
[]
[]
[]
[]
[]
[]
[]
[]
[]
["MONTHLY RATES AND CHARGES - Regulatory Component"]
[]
["Wholesale Market Service Rate",null,"$/kWh",3.5999999999999999E-3]
["Rural Rate Protection Charge",null,"$/kWh",1.2999999999999999E-3]
["Standard Supply Service - Administrative Charge (if applicable)",null,"$",0.25]
["GENERAL SERVICE 50 TO 4,999 KW SERVICE CLASSIFICATION"]
[]
["This classification applies to a non residential account whose average monthly maximum demand used for billing purposes is equal to or greater than, or is forecast to be equal to or greater than, 50 kW but less than 5,000 kW. Further servicing details are available in the distributor’s Conditions of Service."]
["APPLICATION"]
[]
["The application of these rates and charges shall be in accordance with the Licence of the Distributor and any Code or Order of the Ontario Energy Board, and amendments thereto as approved by the Ontario Energy Board, which may be applicable to the administration of this schedule."]
["No rates and charges for the distribution of electricity and charges to meet the costs of any work or service done or furnished for the purpose of the distribution of electricity shall be made except as permitted by this schedule, unless required by the Distributor’s Licence or a Code or Order of the Ontario Energy Board, and amendments thereto as approved by the Ontario Energy Board, or as specified herein."]
["Unless specifically noted, this schedule does not contain any charges for the electricity commodity, be it under the Regulated Price Plan, a contract with a retailer or the wholesale market price, as applicable. In addition, the charges in the MONTHLY RATES AND CHARGES - Regulatory Component of this schedule do not apply to a customer that is an embedded wholesale market participant."]
["It should be noted that this schedule does not list any charges, assessments, or credits that are required by law to be invoiced by a distributor and that are not subject to Ontario Energy Board approval, such as the Debt Retirement Charge, the Global Adjustment and the HST."]
[]
["MONTHLY RATES AND CHARGES - Delivery Component"]
[]
["Service Charge",null,"$",261.64]
["Distribution Volumetric Rate",null,"$/kW",3.4136000000000002]
["Rate Rider for Disposition of Deferral/Variance Accounts (Group 1) - effective until December 31, 2017",null,"$/kW",-0.1087]
["Rate Rider for Disposition of Deferral/Variance Accounts (2017) - effective until December 31, 2017\nApplicable only for Non-Wholesale Market Participants",null,"$/kW",-1.4903]
["Rate Rider for Disposition of Global Adjustment Account (2017) - effective until December 31, 2017\nApplicable only for Non-RPP Customers",null,"$/kW",1.236]
["Rate Rider for Application of Tax Change (2017) – effective until December 31, 2017",null,"$/kW",8.6E-3]
["Rate Rider for Lost Revenue Adjustment Mechanism (LRAM)",null,"$/kW",0.11799999999999999]
["Rate Rider for Lost Revenue Adjustment Mechanism (LRAM - Prior to 2011)",null,"$/kW",2.06E-2]
["Rate Rider for Disposition of Accounting Changes to IFRS",null,"$/kW",9.4671816763048838E-2]
["Rate Rider for RSVA - Global Adjustment, Class A, Non-WMP Customers only",null,"$/kW",2.665]
["Rate Rider for Disposition of Deferral/Variance Accounts (Group 2) - effective until December 31, 2017",null,"$/kW",0.3347]
[]
["Retail Transmission Rate - Network Service Rate",null,"$/kW",2.4377]
["Retail Transmission Rate - Line and Transformation Connection Service Rate",null,"$/kW",1.7351000000000001]
[]
[]
[]
[]
[]
[]
[]
[]
[]
[]
[]
[]
[]
[]
[]
[]
[]
["MONTHLY RATES AND CHARGES - Regulatory Component"]
[]
["Wholesale Market Service Rate",null,"$/kWh",3.5999999999999999E-3]
["Rural Rate Protection Charge",null,"$/kWh",1.2999999999999999E-3]
["Standard Supply Service - Administrative Charge (if applicable)",null,"$",0.25]
["EMBEDDED DISTRIBUTOR SERVICE CLASSIFICATION"]
[]
["This classification applies to an electricity distributor licensed by the Ontario Energy Board that is provided electricity by means of this distributor’s facilities. Further servicing details are available in the distributor’s Conditions of Service."]
["APPLICATION"]
[]
["The application of these rates and charges shall be in accordance with the Licence of the Distributor and any Code or Order of the Ontario Energy Board, and amendments thereto as approved by the Ontario Energy Board, which may be applicable to the administration of this schedule."]
["No rates and charges for the distribution of electricity and charges to meet the costs of any work or service done or furnished for the purpose of the distribution of electricity shall be made except as permitted by this schedule, unless required by the Distributor’s Licence or a Code or Order of the Ontario Energy Board, and amendments thereto as approved by the Ontario Energy Board, or as specified herein."]
["Unless specifically noted, this schedule does not contain any charges for the electricity commodity, be it under the Regulated Price Plan, a contract with a retailer or the wholesale market price, as applicable."]
["It should be noted that this schedule does not list any charges, assessments, or credits that are required by law to be invoiced by a distributor and that are not subject to Ontario Energy Board approval, such as the Debt Retirement Charge, the Global Adjustment and the HST."]
[]
["MONTHLY RATES AND CHARGES - Delivery Component"]
[]
["Service Charge",null,"$",448]
["Rate Rider for Disposition of Deferral/Variance Accounts (Group 1) - effective until December 31, 2017",null,"$/kW",-8.6599999999999996E-2]
["Rate Rider for Application of Tax Change (2017) – effective until December 31, 2017",null,"$/kW",8.0000000000000002E-3]
["Distribution Volumetric Rate",null,"$/kW",2.3292999999999999]
["Rate Rider for Disposition of Accounting Changes to IFRS",null,"$/kW",8.8800000000000004E-2]
["Rate Rider for Disposition of Deferral/Variance Accounts (Group 2) - effective until December 31, 2017",null,"$/kW",0.314]
[]
["Retail Transmission Rate - Network Service Rate",null,"$/kW",2.4377]
["Retail Transmission Rate - Line and Transformation Connection Service Rate",null,"$/kW",1.7351000000000001]
[]
[]
[]
[]
[]
[]
[]
[]
[]
[]
[]
[]
[]
[]
[]
[]
[]
[]
[]
[]
[]
["MONTHLY RATES AND CHARGES - Regulatory Component"]
[]
["Wholesale Market Service Rate",null,"$/kWh",3.5999999999999999E-3]
["Rural Rate Protection Charge",null,"$/kWh",1.2999999999999999E-3]
["Standard Supply Service - Administrative Charge (if applicable)",null,"$",0.25]
["microFIT SERVICE CLASSIFICATION"]
[]
["This classification applies to an electricity generation facility contracted under the Independent Electricity System Operator’s microFIT program and connected to the distributor’s distribution system. Further servicing details are available in the distributor’s Conditions of Service."]
["APPLICATION"]
[]
["The application of these rates and charges shall be in accordance with the Licence of the Distributor and any Code or Order of the Ontario Energy Board, and amendments thereto as approved by the Ontario Energy Board, which may be applicable to the administration of this schedule."]
["No rates and charges for the distribution of electricity and charges to meet the costs of any work or service done or furnished for the purpose of the distribution of electricity shall be made except as permitted by this schedule, unless required by the Distributor’s Licence or a Code or Order of the Ontario Energy Board, and amendments thereto as approved by the Ontario Energy Board, or as specified herein."]
["Unless specifically noted, this schedule does not contain any charges for the electricity commodity, be it under the Regulated Price Plan, a contract with a retailer or the wholesale market price, as applicable."]
["It should be noted that this schedule does not list any charges, assessments, or credits that are required by law to be invoiced by a distributor and that are not subject to Ontario Energy Board approval, such as the Debt Retirement Charge, the Global Adjustment and the HST."]
[]
["MONTHLY RATES AND CHARGES - Delivery Component"]
[]
["Service Charge",null,"$",5.4]
[]
[]
[]
[]
[]
[]
[]
[]
[]
[]
[]
[]
[]
[]
[]
[]
[]
[]
[]
[]
[]
[]
[]
[]
[]
[]
[]
[]
[]
[]
["MONTHLY RATES AND CHARGES - Regulatory Component"]
[]
["Wholesale Market Service Rate",null,"$/kWh",3.5999999999999999E-3]
["Rural Rate Protection Charge",null,"$/kWh",1.2999999999999999E-3]
["Standard Supply Service - Administrative Charge (if applicable)",null,"$",0.25]
["SENTINEL LIGHTING SERVICE CLASSIFICATION"]
[]
["This classification refers to accounts that are an unmetered lighting load supplied to a sentinel light. Further servicing details are available in the distributor’s Conditions of Service."]
["APPLICATION"]
[]
["The application of these rates and charges shall be in accordance with the Licence of the Distributor and any Code or Order of the Ontario Energy Board, and amendments thereto as approved by the Ontario Energy Board, which may be applicable to the administration of this schedule."]
["No rates and charges for the distribution of electricity and charges to meet the costs of any work or service done or furnished for the purpose of the distribution of electricity shall be made except as permitted by this schedule, unless required by the Distributor’s Licence or a Code or Order of the Ontario Energy Board, and amendments thereto as approved by the Ontario Energy Board, or as specified herein."]
["Unless specifically noted, this schedule does not contain any charges for the electricity commodity, be it under the Regulated Price Plan, a contract with a retailer or the wholesale market price, as applicable. In addition, the charges in the MONTHLY RATES AND CHARGES - Regulatory Component of this schedule do not apply to a customer that is an embedded wholesale market participant."]
["It should be noted that this schedule does not list any charges, assessments, or credits that are required by law to be invoiced by a distributor and that are not subject to Ontario Energy Board approval, such as the Debt Retirement Charge, the Global Adjustment and the HST."]
[]
["MONTHLY RATES AND CHARGES - Delivery Component"]
[]
["Service Charge (per connection)",null,"$",4.7]
["Distribution Volumetric Rate",null,"$/kW",22.540900000000001]
["Rate Rider for Disposition of Deferral/Variance Accounts (Group 1) - effective until December 31, 2017",null,"$/kW",-9.4200000000000006E-2]
["Rate Rider for Disposition of Deferral/Variance Accounts (2017) - effective until December 31, 2017\nApplicable only for Non-Wholesale Market Participants",null,"$/kW",-1.2413000000000001]
["Rate Rider for Disposition of Global Adjustment Account (2017) - effective until December 31, 2017\nApplicable only for Non-RPP Customers",null,"$/kW",1.0210999999999999]
["Rate Rider for Application of Tax Change (2017) – effective until December 31, 2017",null,"$/kW",0.21229999999999999]
["Rate Rider for Disposition of Accounting Changes to IFRS",null,"$/kW",7.8600000000000003E-2]
["Rate Rider for Disposition of Deferral/Variance Accounts (Group 2) - effective until December 31, 2017",null,"$/kW",0.27779999999999999]
["Retail Transmission Rate - Network Service Rate",null,"$/kW",2.2764000000000002]
["Retail Transmission Rate - Line and Transformation Connection Service Rate",null,"$/kW",1.6205000000000001]
[]
[]
[]
[]
[]
[]
[]
[]
[]
[]
[]
[]
[]
[]
[]
[]
[]
[]
[]
[]
[]
["MONTHLY RATES AND CHARGES - Regulatory Component"]
[]
["Wholesale Market Service Rate",null,"$/kWh",3.5999999999999999E-3]
["Rural Rate Protection Charge",null,"$/kWh",1.2999999999999999E-3]
["Standard Supply Service - Administrative Charge (if applicable)",null,"$",0.25]
["STREET LIGHTING SERVICE CLASSIFICATION"]
[]
["This classification refers to an account for roadway lighting with a Municipality, Regional Municipality, Ministry of\nTransportation and private roadway lighting operation, controlled by photocells. The consumption for these customers will be based on the calculated load times the required lighting times established in the approved Ontario Energy Board street lighting load shape template. Further servicing details are available in the distributor’s Conditions of Service."]
["APPLICATION"]
[]
["The application of these rates and charges shall be in accordance with the Licence of the Distributor and any Code or Order of the Ontario Energy Board, and amendments thereto as approved by the Ontario Energy Board, which may be applicable to the administration of this schedule."]
["No rates and charges for the distribution of electricity and charges to meet the costs of any work or service done or furnished for the purpose of the distribution of electricity shall be made except as permitted by this schedule, unless required by the Distributor’s Licence or a Code or Order of the Ontario Energy Board, and amendments thereto as approved by the Ontario Energy Board, or as specified herein."]
["Unless specifically noted, this schedule does not contain any charges for the electricity commodity, be it under the Regulated Price Plan, a contract with a retailer or the wholesale market price, as applicable. In addition, the charges in the MONTHLY RATES AND CHARGES - Regulatory Component of this schedule do not apply to a customer that is an embedded wholesale market participant."]
["It should be noted that this schedule does not list any charges, assessments, or credits that are required by law to be invoiced by a distributor and that are not subject to Ontario Energy Board approval, such as the Debt Retirement Charge, the Global Adjustment and the HST."]
[]
["MONTHLY RATES AND CHARGES - Delivery Component"]
[]
["Service Charge (per connection)",null,"$",1.33]
["Distribution Volumetric Rate",null,"$/kW",5.5708000000000002]
["Rate Rider for Disposition of Deferral/Variance Accounts (Group 1) - effective until December 31, 2017",null,"$/kW",-9.1700000000000004E-2]
["Rate Rider for Disposition of Deferral/Variance Accounts (2017) - effective until December 31, 2017\nApplicable only for Non-Wholesale Market Participants",null,"$/kW",-1.2552000000000001]
["Rate Rider for Disposition of Global Adjustment Account (2017) - effective until December 31, 2017\nApplicable only for Non-RPP Customers",null,"$/kW",1.0326]
["Rate Rider for Application of Tax Change (2017) – effective until December 31, 2017",null,"$/kW",0.1202]
["Rate Rider for Disposition of Accounting Changes to IFRS",null,"$/kW",7.9500000000000001E-2]
["Rate Rider for Disposition of Deferral/Variance Accounts (Group 2) - effective until December 31, 2017",null,"$/kW",0.28089999999999998]
[]
["Retail Transmission Rate - Network Service Rate",null,"$/kW",2.3454000000000002]
["Retail Transmission Rate - Line and Transformation Connection Service Rate",null,"$/kW",1.6017999999999999]
[]
[]
[]
[]
[]
[]
[]
[]
[]
[]
[]
[]
[]
[]
[]
[]
[]
[]
[]
[]
["MONTHLY RATES AND CHARGES - Regulatory Component"]
[]
["Wholesale Market Service Rate",null,"$/kWh",3.5999999999999999E-3]
["Rural Rate Protection Charge",null,"$/kWh",1.2999999999999999E-3]
["Standard Supply Service - Administrative Charge (if applicable)",null,"$",0.25]
["UNMETERED SCATTERED LOAD SERVICE CLASSIFICATION"]
[]
["This classification refers to an account taking electricity at 750 volts or less whose monthly average peak demand is less than, or is forecast to be less than, 50 kW and the consumption is unmetered. Such connections include cable TV power packs, bus shelters, telephone boots, traffic lights, railway crossings, etc. The customer will provide detailed manufacturer information/ documentation with regard to electrical demand/consumption of the proposed unmetered load. Further servicing details are available in the distributor’s Conditions of Service."]
["APPLICATION"]
[]
["The application of these rates and charges shall be in accordance with the Licence of the Distributor and any Code or Order of the Ontario Energy Board, and amendments thereto as approved by the Ontario Energy Board, which may be applicable to the administration of this schedule."]
["No rates and charges for the distribution of electricity and charges to meet the costs of any work or service done or furnished for the purpose of the distribution of electricity shall be made except as permitted by this schedule, unless required by the Distributor’s Licence or a Code or Order of the Ontario Energy Board, and amendments thereto as approved by the Ontario Energy Board, or as specified herein."]
["Unless specifically noted, this schedule does not contain any charges for the electricity commodity, be it under the Regulated Price Plan, a contract with a retailer or the wholesale market price, as applicable. In addition, the charges in the MONTHLY RATES AND CHARGES - Regulatory Component of this schedule do not apply to a customer that is an embedded wholesale market participant."]
["It should be noted that this schedule does not list any charges, assessments, or credits that are required by law to be invoiced by a distributor and that are not subject to Ontario Energy Board approval, such as the Debt Retirement Charge, the Global Adjustment and the HST."]
[]
["MONTHLY RATES AND CHARGES - Delivery Component"]
[]
["Service Charge (per connection)",null,"$",14.91]
["Distribution Volumetric Rate",null,"$/kWh",8.8000000000000005E-3]
["Rate Rider for Disposition of Deferral/Variance Accounts (Group 1) - effective until December 31, 2017",null,"$/kWh",-2.9999999999999997E-4]
["Rate Rider for Disposition of Deferral/Variance Accounts (2017) - effective until December 31, 2017\nApplicable only for Non-Wholesale Market Participants",null,"$/kWh",-3.8E-3]
["Rate Rider for Application of Tax Change (2017) – effective until December 31, 2017",null,"$/kWh",1E-4]
["Rate Rider for Disposition of Accounting Changes to IFRS",null,"$/kWh",2.0000000000000001E-4]
["Rate Rider for Disposition of Deferral/Variance Accounts (Group 2) - effective until December 31, 2017",null,"$/kWh",8.9999999999999998E-4]
[]
["Retail Transmission Rate - Network Service Rate",null,"$/kWh",4.1999999999999997E-3]
["Retail Transmission Rate - Line and Transformation Connection Service Rate",null,"$/kWh",5.1000000000000004E-3]
[]
[]
[]
[]
[]
[]
[]
[]
[]
[]
[]
[]
[]
[]
[]
[]
[]
[]
[]
[]
[]
["MONTHLY RATES AND CHARGES - Regulatory Component"]
[]
["Wholesale Market Service Rate",null,"$/kWh",3.5999999999999999E-3]
["Rural Rate Protection Charge",null,"$/kWh",1.2999999999999999E-3]
["Standard Supply Service - Administrative Charge (if applicable)",null,"$",0.25]
["STANDBY POWER SERVICE CLASSIFICATION"]
[]
["This classification refers to an account that has Load Displacement Generation and requires the distributor to provide back-up service. Further servicing details are available in the distributor’s Conditions of Service."]
["APPLICATION"]
[]
["The application of these rates and charges shall be in accordance with the Licence of the Distributor and any Code or Order of the Ontario Energy Board, and amendments thereto as approved by the Ontario Energy Board, which may be applicable to the administration of this schedule."]
["No rates and charges for the distribution of electricity and charges to meet the costs of any work or service done or furnished for the purpose of the distribution of electricity shall be made except as permitted by this schedule, unless required by the Distributor’s Licence or a Code or Order of the Ontario Energy Board, and amendments thereto as approved by the Ontario Energy Board, or as specified herein."]
["Unless specifically noted, this schedule does not contain any charges for the electricity commodity, be it under the Regulated Price Plan, a contract with a retailer or the wholesale market price, as applicable."]
["It should be noted that this schedule does not list any charges, assessments, or credits that are required by law to be invoiced by a distributor and that are not subject to Ontario Energy Board approval, such as the Debt Retirement Charge, the Global Adjustment and the HST."]
[]
["MONTHLY RATES AND CHARGES - Delivery Component"]
[]
["Standby Charge - for a month where standby power is not provided. The charge is applied to the contracted amount\n(e.g. nameplate rating of the generation facility).",null,"$/kW",1.7030000000000001]
[]
[]
[]
[]
[]
[]
[]
[]
[]
[]
[]
[]
[]
[]
[]
[]
[]
[]
[]
[]
[]
[]
[]
[]
[]
[]
[]
[]
[]
[]
["MONTHLY RATES AND CHARGES - Regulatory Component"]
[]
["Wholesale Market Service Rate",null,"$/kWh",3.5999999999999999E-3]
["Rural Rate Protection Charge",null,"$/kWh",1.2999999999999999E-3]
["Standard Supply Service - Administrative Charge (if applicable)",null,"$",0.25]
[]
["ALLOWANCES"]
[]
["Transformer Allowance for Ownership - per kW of billing demand/month",null,"$/kW",-0.6]
[]
[]
["Primary Metering Allowance for transformer losses – applied to measured demand and energy",null,"%",1]
[]
["SPECIFIC SERVICE CHARGES"]
[]
["APPLICATION"]
[]
["The application of these rates and charges shall be in accordance with the Licence of the Distributor and any Code or Order of the Board, and amendments thereto as approved by the Board, which may be applicable to the administration of this schedule."]
[]
["No charges to meet the costs of any work or service done or furnished for the purpose of the distribution of electricity shall be made except as permitted by this schedule, unless required by the Distributor’s Licence or a Code or Order of the Board, and amendments thereto as approved by the Board, or as specified herein."]
[]
["It should be noted that this schedule does not list any charges, assessments or credits that are required by law to be invoiced by a distributor and that are not subject to Board approval, such as the Debt Retirement Charge, the Global Adjustment, the Ontario Clean Energy Benefit and the HST."]
[]
["Customer Administration"]
[]
["Easement Letter",null,"$",15]
["Credit Reference/credit check (plus credit agency costs)",null,"$",15]
["Returned cheque (plus bank charges)",null,"$",15]
["Account set up charge/change of occupancy charge (plus credit agency costs if applicable)",null,"$",30]
["Meter dispute charge plus Measurement Canada fees (if meter found correct)",null,"$",30]
[]
[]
[]
[]
[]
[]
[]
[]
[]
[]
[]
[]
[]
[]
[]
[]
[]
[]
[]
[]
[]
[]
[]
[]
[]
[]
[]
[]
[]
[]
[]
["Non-Payment of Account"]
[]
["Late Payment – per month",null,"%",1.5]
["Late Payment – per annum",null,"%",19.559999999999999]
["Collection of account charge – no disconnection",null,"$",30]
["Disconnect/Reconnect at meter – during regular hours",null,"$",65]
["Disconnect/Reconnect at meter – after regular hours",null,"$",185]
["Disconnect/Reconnect at pole – during regular hours",null,"$",85]
["Disconnect/Reconnect at pole – after regular hours",null,"$",415]
["Install/Remove load control device – during regular hours",null,"$",65]
["Install/Remove load control device – after regular hours",null,"$",185]
[]
[]
[]
[]
[]
[]
[]
[]
[]
[]
[]
[]
[]
[]
[]
[]
[]
["Other"]
["Temporary service install & remove – overhead – no transformer",null,"$",500]
["Temporary Service – Install & remove – underground – no transformer",null,"$",300]
["Specific Charge for Access to the Power Poles - $/pole/year",null,"$",22.35]
[]
[]
[]
[]
[]
[]
[]
[]
[]
[]
[]
[]
[]
["Meter removal without authorization",null,"$",60]
[]
[]
[]
[]
[]
["RETAIL SERVICE CHARGES (if applicable)"]
[]
["The application of these rates and charges shall be in accordance with the Licence of the Distributor and any Code or Order of the Board, and amendments thereto as approved by the Board, which may be applicable to the administration of this schedule."]
[]
["No rates and charges for the distribution of electricity and charges to meet the costs of any work or service done or furnished for the purpose of the distribution of electricity shall be made except as permitted by this schedule, unless required by the Distributor’s Licence or a Code or Order of the Board, and amendments thereto as approved by the Board, or as specified herein."]
[]
["Unless specifically noted, this schedule does not contain any charges for the electricity commodity, be it under the Regulated Price Plan, a contract with a retailer or the wholesale market price, as applicable."]
[]
["It should be noted that this schedule does not list any charges, assessments or credits that are required by law to be invoiced by a distributor and that are not subject to Board approval, such as the Debt Retirement Charge, the Global Adjustment, the Ontario Clean Energy Benefit and the HST."]
[]
["Retail Service Charges refer to services provided by a distributor to retailers or customers related to the supply of competitive electricity."]
[]
["One-time charge, per retailer, to establish the service agreement between the distributor and the retailer",null,"$",100]
["Monthly Fixed Charge, per retailer",null,"$",20]
["Monthly Variable Charge, per customer, per retailer",null,"$/cust.",0.5]
["Distributor-consolidated billing monthly charge, per customer, per retailer",null,"$/cust.",0.3]
["Retailer-consolidated billing monthly credit, per customer, per retailer",null,"$/cust.",-0.3]
["Service Transaction Requests (STR) "]
["Request fee, per request, applied to the requesting party",null,"$",0.25]
["Processing fee, per request, applied to the requesting party",null,"$",0.5]
["Request for customer information as outlined in Section 10.6.3 and Chapter 11 of the Retail"]
["Settlement Code directly to retailers and customers, if not delivered electronically through the"]
["Electronic Business Transaction (EBT) system, applied to the requesting party "]
["Up to twice a year",null,"$","no charge"]
["More than twice a year, per request (plus incremental delivery costs)",null,"$",2]
[]
["LOSS FACTORS"]
[]
["If the distributor is not capable of prorating changed loss factors jointly with distribution rates, the revised loss factors will be implemented upon the first subsequent billing for each billing cycle."]
[]
[]
["Total Loss Factor – Secondary Metered Customer < 5,000 kW",null,null,1.032]
["Total Loss Factor – Primary Metered Customer < 5,000 kW",null,null,{"$f":"D615*0.99","v":1.0216799999999999}]

{"sheet":"lists","index":54,"n_rows":212,"n_cols":55,"rows_kept":212,"cut":false,"hidden":true,"merged":[[12,51,12,52],[11,51,11,52],[0,51,0,52],[1,51,1,52],[2,51,2,52],[3,51,3,52],[4,51,4,52],[5,51,5,52],[6,51,6,52],[7,51,7,52],[8,51,8,52],[9,51,9,52],[10,51,10,52],[13,51,13,52],[14,51,14,52],[15,51,15,52],[16,51,16,52],[17,51,17,52]]}
[null,"Embedded Distributor",{"$f":"COUNTA(B1:B17)","v":4},null,null,null,null,null,"A Standby Service Charge will be applied for a month where standby power is not provided. The applicable rate is the approved Distribution Volumetric Rate of the applicable service class and is applied to gross metered demand or contracted amount, whichever is greater. A monthly administration charge of $200, for simple metering arrangements, or $500, for complex metering arrangements, will also be applied.",null,null,"Loss Factors",null,"Units","Units1","Units2",null,null,null,null,null,null,null,null,null,"Account History","Account set up charge/change of occupancy charge (plus credit agency costs if applicable)","Total Loss Factor – Embedded Distributor – Hydro One Networks Inc.",null,null,null,null,null,null,null,null,null,"Algoma Power Inc.","Algoma Power Inc.",null,"DISTRIBUTED GENERATION [DGEN]","kW",null,null,null,"Sub-Total:  Delivery (Distribution and Retail Transmission)"]
["DISTRIBUTED GENERATION [DGEN]","General Service 3,000 to 4,999 kW",null,null,null,null,null,null,"Distribution Volumetric Rate",null,null,"Total Loss Factor – Primary Metered Customer",null,"$","$/kWh","$",null,null,null,null,null,null,null,null,null,"Account set up charge/change of occupancy charge","Administrative Billing Charge","Total Loss Factor – Primary Metered Customer",null,null,null,null,null,null,null,null,null,"Atikokan Hydro Inc.","Atikokan Hydro Inc.",null,"EMBEDDED DISTRIBUTOR","kW",null,null,null,"Wholesale Market Service Rate ",null,null,{"$f":"AU2*AV2","v":0},{"$f":"AU2","v":0},0,{"$f":"AX2*AY2","v":0},null,{"$f":"AZ2-AW2","v":0},{"$f":"BB2/AW2","v":{"$error":"#DIV/0!"}}]
["EMBEDDED DISTRIBUTOR","General Service 1,000 to 4,999 kW",null,null,null,null,null,null,"Distribution Volumetric Rate - $/kW of contracted amount",null,null,"Total Loss Factor – Primary Metered Customer < 5,000 kW",null,"$/kWh","$/kW","%",null,null,null,null,null,null,"MSC",null,null,"Account set up charge/change of occupancy charge (plus credit agency costs if applicable – Residential)","Bell Canada Pole Rentals","Total Loss Factor – Primary Metered Customer < 5,000 kW",null,null,null,null,null,null,null,null,null,"Attawapiskat Power Corp. ","Attawapiskat Power Corp. ",null,"EMBEDDED DISTRIBUTOR","kW",null,null,null,"Rural Rate Protection Charge",null,null,{"$f":"AU3*AV3","v":0},0,0,{"$f":"AX3*AY3","v":0},null,{"$f":"AZ3-AW3","v":0},{"$f":"BB3/AW3","v":{"$error":"#DIV/0!"}}]
["EMBEDDED DISTRIBUTOR","General Service Equal To Or Greater Than 1,500 kW - Interval Metered",null,null,null,null,null,null,"Distribution Wheeling Service Rate",null,null,"Total Loss Factor – Primary Metered Customer > 5,000 kW",null,"$/kW","$/kVA",null,null,null,null,null,null,null,"SM_Rate_Adder",null,null,"Account set up charge/change of occupancy charge (plus credit agency costs if applicable)","Clearance Pole Attachment charge $/pole/year","Total Loss Factor – Primary Metered Customer > 5,000 kW",null,null,null,null,null,null,null,null,null,"Bluewater Power Distribution Corporation","Bluewater Power Distribution Corporation",null,"FARMS - SINGLE PHASE ENERGY-BILLED [F1]","kWh",null,null,null,"Standard Supply Service – Administration Charge (if applicable)",null,null,{"$f":"AU4*AV4","v":0},0,0,{"$f":"AX4*AY4","v":0},null,{"$f":"AZ4-AW4","v":0},{"$f":"BB4/AW4","v":{"$error":"#DIV/0!"}}]
["FARMS - SINGLE PHASE ENERGY-BILLED [F1]",null,null,null,null,null,null,null,"Electricity Rate",null,null,"Total Loss Factor – Secondary Metered Customer",null,"$/kVA",null,null,null,null,null,null,null,null,"MSC_Rate_Rider_",null,null,"Arrears certificate","Collection of account charge – no disconnection","Total Loss Factor – Secondary Metered Customer",null,null,null,null,null,null,null,null,null,"Brant County Power Inc.","Brant County Power Inc.",null,"FARMS - THREE PHASE ENERGY-BILLED [F3]","kWh",null,null,null,"Sub-Total:  Regulatory",null,null,{"$f":"SUM(AW2:AW4)","v":0},null,null,{"$f":"SUM(AZ2:BA4)","v":0},null,{"$f":"AZ5-AW5","v":0},{"$f":"BB5/AW5","v":{"$error":"#DIV/0!"}}]
["FARMS - THREE PHASE ENERGY-BILLED [F3]",null,null,null,null,null,null,null,"Electricity Rate - All Additional kWh",null,null,"Total Loss Factor – Secondary Metered Customer < 5,000 kW",null,null,null,null,null,null,null,null,null,null,"VC",null,null,"Arrears certificate (credit reference)","Collection of account charge – no disconnection – after regular hours","Total Loss Factor – Secondary Metered Customer < 5,000 kW",null,null,null,null,null,null,null,null,null,"Brantford Power Inc.","Brantford Power Inc.",null,"GENERAL SERVICE - COMMERCIAL","kW",null,null,null,"Debt Retirement Charge (DRC)",null,null,{"$f":"AU6*AV6","v":0},{"$f":"AU6","v":0},{"$f":"AV6","v":0},{"$f":"AX6*AY6","v":0},null,{"$f":"AZ6-AW6","v":0},{"$f":"BB6/AW6","v":{"$error":"#DIV/0!"}}]
["GENERAL SERVICE - COMMERCIAL",null,null,null,null,null,null,null,"Electricity Rate - First 250 kWh",null,null,null,null,null,null,null,null,null,null,null,null,null,null,null,null,null,null,null,null,null,null,null,null,null,null,null,null,"Burlington Hydro Inc.","Burlington Hydro Inc.",null,"GENERAL SERVICE - INSTITUTIONAL","kW"]
["GENERAL SERVICE - INSTITUTIONAL",null,null,null,null,null,null,null,"Electricity Rate -All Additional kWh",null,null,"Total Loss Factor – Secondary Metered Customer > 5,000 kW",null,null,null,null,null,null,null,null,null,null,"VC_Rate_Rider_",null,null,"Charge to certify cheque","Collection of account charge – no disconnection - during regular business hours","Total Loss Factor – Secondary Metered Customer > 5,000 kW",null,null,null,null,null,null,null,null,null,"Cambridge and North Dumfries Hydro Inc.","Cambridge and North Dumfries Hydro Inc.",null,"GENERAL SERVICE 1,000 TO 2,999 KW","kW",null,null,null,"Total Bill on RPP (before taxes)",null,null,null,null,null,null,null,{"$f":"AZ8-AW8","v":0}]
["GENERAL SERVICE 1,000 TO 2,999 KW",null,null,null,null,null,null,null,"Electricity Rate First 1,000 kWh",null,null,"Distribution Loss Factor - Secondary Metered Customer < 5,000 kW",null,null,null,null,null,null,null,null,null,null,"VC_GA_Rate_Rider_kW_",null,null,"Collection of Account Charge – No Disconnection","Collection of account charge – no disconnection – during regular hours",null,null,null,null,null,null,null,null,null,null,"Canadian Niagara Power Inc.","Canadian Niagara Power Inc. - Eastern Ontario Power",null,"GENERAL SERVICE 1,000 TO 4,999 KW - INTERVAL METERS","kW",null,null,null,"HST",null,null,{"$f":"AV9*AW8","v":0},null,{"$f":"AV9","v":0},{"$f":"AY9*AZ8","v":0},null,{"$f":"AZ9-AW9","v":0},{"$f":"BB9/AW9","v":{"$error":"#DIV/0!"}}]
["GENERAL SERVICE 1,000 TO 4,999 KW",null,null,null,null,null,null,null,"Electricity Rate First 25,000 kWh",null,null,"Distribution Loss Factor - Secondary Metered Customer > 5,000 kW",null,null,null,null,null,null,null,null,null,null,"VC_LV_Rate",null,null,"Credit Card Convenience Charge","Collection/Disconnection/Load Limiter/Reconnection – if in Community",null,null,null,null,null,null,null,null,null,null,"Centre Wellington Hydro Ltd.","Canadian Niagara Power Inc. - Fort Erie",null,"GENERAL SERVICE 1,000 TO 4,999 KW (CO-GENERATION)","kW",null,null,null,"Total Bill (including HST)",null,null,{"$f":"AW9+AW8","v":0},null,null,{"$f":"AZ9+AZ8","v":0},null,{"$f":"AZ10-AW10","v":0},{"$f":"BB10/AW10","v":{"$error":"#DIV/0!"}}]
["GENERAL SERVICE 1,000 TO 4,999 KW - INTERVAL METERS",null,null,null,null,null,null,null,"Electricity Rate First 6,000 kWh",null,null,"Distribution Loss Factor - Primary Metered Customer < 5,000 kW",null,null,null,null,null,null,null,null,null,null,"RTSR_Network",null,null,"Credit check (plus credit agency costs)","Credit Card Convenience Charge",null,null,null,null,null,null,null,null,null,null,"Chapleau Public Utilities Corporation","Canadian Niagara Power Inc. - Port Colborne Hydro Inc.",null,"GENERAL SERVICE 1,000 TO 4,999 KW","kW",null,null,null,"Ontario Clean Energy Benefit (OCEB)",null,null,{"$f":"-0.1*AW10","v":0},null,{"$f":"AV11","v":0},{"$f":"-0.1*AZ10","v":0},null,{"$f":"AZ11-AW11","v":0},{"$f":"BB11/AW11","v":{"$error":"#DIV/0!"}}]
["GENERAL SERVICE 1,000 TO 4,999 KW (CO-GENERATION)",null,null,null,null,null,null,null,"Electricity Rate Next 1,500 kWh",null,null,"Distribution Loss Factor - Primary Metered Customer > 5,000 kW",null,null,null,null,null,null,null,null,null,null,"RTSR_Connection",null,null,"Credit reference Letter","Disconnect/Reconnect at meter – after regular hours",null,null,null,null,null,null,null,null,null,null,"Clinton Power Corporation","Centre Wellington Hydro Ltd.",null,"GENERAL SERVICE 1,500 TO 4,999 KW","kW",null,null,null,"Total Bill on RPP (including OCEB)",null,null,{"$f":"AW10+AW11","v":0},null,null,{"$f":"AZ10+AZ11","v":0},null,{"$f":"AZ12-AW12","v":0},{"$f":"BB12/AW12","v":{"$error":"#DIV/0!"}}]
["GENERAL SERVICE 1,500 TO 4,999 KW",null,null,null,null,null,null,null,"General Service 1,500 to 4,999 kW customer",null,null,null,null,null,null,null,null,null,null,null,null,null,null,null,null,null,null,null,null,null,null,null,null,null,null,null,null,"COLLUS Power Corporation","Chapleau Public Utilities Corporation",null,"GENERAL SERVICE 2,500 TO 4,999 KW","kW"]
["GENERAL SERVICE 2,500 TO 4,999 KW",null,null,null,null,null,null,null,"General Service 50 to 1,499 kW customer",null,null,"Total Loss Factor - Embedded Distributor",null,null,null,null,null,null,null,null,null,null,"RTSR_Network_Interval",null,null,"Credit reference/credit check (plus credit agency costs – General Service)","Disconnect/Reconnect at meter – during regular hours",null,null,null,null,null,null,null,null,null,null,"Cooperative Hydro Embrun Inc.","Clinton Power Corporation",null,"GENERAL SERVICE 3,000 TO 4,999 KW - INTERMEDIATE USE","kW",null,null,null,"Total Bill on TOU (before taxes)",null,null,null,null,null,null,null,{"$f":"AZ14-AW14","v":0}]
["GENERAL SERVICE 3,000 TO 4,999 KW",null,null,null,null,null,null,null,"General Service Large Use customer",null,null,"Total Loss Factor – Embedded Distributor – Hydro One Networks Inc.",null,null,null,null,null,null,null,null,null,null,"RTSR_Connection_Interval",null,null,"Credit Reference/credit check (plus credit agency costs)","Disconnect/Reconnect at pole – after regular hours",null,null,null,null,null,null,null,null,null,null,"E.L.K. Energy Inc.","COLLUS Power Corporation",null,"GENERAL SERVICE 3,000 TO 4,999 KW - INTERVAL METERED","kW",null,null,null,"HST",null,null,{"$f":"AV15*AW14","v":0},null,{"$f":"AV15","v":0},{"$f":"AY15*AZ14","v":0},null,{"$f":"AZ15-AW15","v":0},{"$f":"BB15/AW15","v":{"$error":"#DIV/0!"}}]
["GENERAL SERVICE 3,000 TO 4,999 KW - INTERMEDIATE USE",null,null,null,null,null,null,null,"Green Energy Act Initiatives Funding Adder - effective until the date of the next cost of service-based rate order",null,null,null,null,null,null,null,null,null,null,null,null,null,"RTSR_Network_Interval_GR1000kW",null,null,"Dispute Test – Commercial self contained -- MC","Disconnect/Reconnect at pole – during regular hours",null,null,null,null,null,null,null,null,null,null,"Enersource Hydro Mississauga Inc.","Cooperative Hydro Embrun Inc.",null,"GENERAL SERVICE 3,000 TO 4,999 KW - TIME OF USE","kW",null,null,null,"Total Bill (including HST)",null,null,{"$f":"AW15+AW14","v":0},null,null,{"$f":"AZ15+AZ14","v":0},null,{"$f":"AZ16-AW16","v":0},{"$f":"BB16/AW16","v":{"$error":"#DIV/0!"}}]
["GENERAL SERVICE 3,000 TO 4,999 KW - INTERVAL METERED",null,null,null,null,null,null,null,"Green Energy Act Plan Funding Adder",null,null,null,null,null,null,null,null,null,null,null,null,null,"RTSR_Connection_Interval_GR1000kW",null,null,"Dispute Test – Commercial TT -- MC","Disconnect/Reconnect Charge – At Meter – After Hours",null,null,null,null,null,null,null,null,null,null,"Entegrus Powerlines Inc.","E.L.K. Energy Inc.",null,"GENERAL SERVICE 3,000 TO 4,999 KW","kW",null,null,null,"Ontario Clean Energy Benefit (OCEB)",null,null,{"$f":"-0.1*AW16","v":0},null,{"$f":"AV17","v":0},{"$f":"-0.1*AZ16","v":0},null,{"$f":"AZ17-AW17","v":0},{"$f":"BB17/AW17","v":{"$error":"#DIV/0!"}}]
["GENERAL SERVICE 3,000 TO 4,999 KW - TIME OF USE",null,null,null,null,null,null,null,"Green Energy Act Plan Funding Adder - effective April 1, 2013 until March 31, 2014",null,null,null,null,null,null,null,null,null,null,null,null,null,"RTSR_Line_Connection",null,null,"Dispute Test – Residential","Disconnect/Reconnect Charge – At Meter – During Regular Hours",null,null,null,null,null,null,null,null,null,null,"ENWIN Utilities Ltd.","Enersource Hydro Mississauga Inc.",null,"GENERAL SERVICE 50 TO 1,000 KW - INTERVAL METERS","kW",null,null,null,"Total Bill on TOU (including OCEB)",null,null,{"$f":"AW16+AW17","v":0},null,null,{"$f":"AZ16+AZ17","v":0},null,{"$f":"AZ18-AW18","v":0},{"$f":"BB18/AW18","v":{"$error":"#DIV/0!"}}]
["GENERAL SERVICE 50 TO 1,000 KW",null,null,null,null,null,null,null,"Green Energy Act Plan Funding Adder - effective April 1, 2014 until March 31, 2015",null,null,null,null,null,null,null,null,null,null,null,null,null,"RTSR_Transformer_Connection",null,null,"Duplicate Invoices for previous billing","Disconnect/Reconnect Charge – At Pole – After Hours",null,null,null,null,null,null,null,null,null,null,"Erie Thames Powerlines Corporation","Entegrus Powerlines Inc. - Chatham-Kent",null,"GENERAL SERVICE 50 TO 1,000 KW - NON INTERVAL METERS","kW"]
["GENERAL SERVICE 50 TO 1,000 KW - INTERVAL METERS",null,null,null,null,null,null,null,"ICM Rate Rider (2014) - in effect until the effective date of the next cost of service rates",null,null,null,null,null,null,null,null,null,null,null,null,null,"WMSR",null,null,"Easement Letter","Disconnect/Reconnect Charge – At Pole – During Regular Hours",null,null,null,null,null,null,null,null,null,null,"Espanola Regional Hydro Distribution Corporation","Entegrus Powerlines Inc. - Dutton",null,"GENERAL SERVICE 50 TO 1,000 KW","kW"]
["GENERAL SERVICE 50 TO 1,000 KW - NON INTERVAL METERS",null,null,null,null,null,null,null,"Low Voltage Service Charge",null,null,null,null,null,null,null,null,null,null,null,null,null,"RRRP",null,null,"Income Tax Letter","Disconnect/Reconnect Charges for non payment of account - At Meter After Hours",null,null,null,null,null,null,null,null,null,null,"Essex Powerlines Corporation","Entegrus Powerlines Inc. - Newbury",null,"GENERAL SERVICE 50 TO 1,499 KW - INTERVAL METERED","kW"]
["GENERAL SERVICE 50 TO 1,499 KW",null,null,null,null,null,null,null,"Low Voltage Service Rate",null,null,null,null,null,null,null,null,null,null,null,null,null,"SPC",null,null,"Interval Meter Interrogation","Disconnect/Reconnect charges for non payment of account – at meter after regular hours",null,null,null,null,null,null,null,null,null,null,"Festival Hydro Inc.","Entegrus Powerlines Inc. - Strathroy, Mounth Brydges & Parkhill",null,"GENERAL SERVICE 50 TO 1,499 KW","kW"]
["GENERAL SERVICE 50 TO 1,499 KW - INTERVAL METERED",null,null,null,null,null,null,null,"Low Voltage Volumetric Rate",null,null,null,null,null,null,null,null,null,null,null,null,null,"DRC",null,null,"Interval meter request change","Disconnect/Reconnect Charges for non payment of account - At Meter During Regular Hours",null,null,null,null,null,null,null,null,null,null,"Fort Albany Power Corporation","ENWIN Utilities Ltd.",null,"GENERAL SERVICE 50 TO 2,499 KW","kW"]
["GENERAL SERVICE 50 TO 2,499 KW",null,null,null,null,null,null,null,"LRAM Rate Rider - Effective Until April 30, 2015",null,null,null,null,null,null,null,null,null,null,null,null,null,"SSS",null,null,"Legal letter","Disconnect/Reconnect charges for non payment of account – at meter during regular hours",null,null,null,null,null,null,null,null,null,null,"Fort Frances Power Corporation","Erie Thames Powerlines Corporation",null,"GENERAL SERVICE 50 TO 2,999 KW - INTERVAL METERED","kW"]
["GENERAL SERVICE 50 TO 2,999 KW",null,null,null,null,null,null,null,"Minimum Distribution Charge - per KW of maximum billing demand in the previous 11 months",null,null,null,null,null,null,null,null,null,null,null,null,null,"SFLF",null,null,"Legal letter charge","Disconnect/Reconnect charges for non payment of account – at pole after regular hours",null,null,null,null,null,null,null,null,null,null,"Greater Sudbury Hydro Inc.","Espanola Regional Hydro Distribution Corporation",null,"GENERAL SERVICE 50 TO 2,999 KW - TIME OF USE","kW"]
["GENERAL SERVICE 50 TO 2,999 KW - INTERVAL METERED","January",null,null,null,null,null,null,"Monthly Distribution Wheeling Service Rate - Dedicated LV Line",null,null,null,null,null,null,null,null,null,null,null,null,null,"DLF_Secondary_LT_5000kW",null,null,"Meter dispute charge plus Measurement Canada fees (if meter found correct)","Disconnect/Reconnect charges for non payment of account – at pole during regular hours",null,null,null,null,null,null,null,null,null,null,"Grimsby Power Inc.","Essex Powerlines Corporation",null,"GENERAL SERVICE 50 TO 2,999 KW","kW"]
["GENERAL SERVICE 50 TO 2,999 KW - TIME OF USE","February",null,null,null,null,null,null,"Monthly Distribution Wheeling Service Rate - Hydro One Networks",null,null,null,null,null,null,null,null,null,null,null,null,null,"DLF_Secondary_GT_5000kW",null,null,"Notification charge","Disconnect/Reconnection for >300 volts - after regular hours",null,null,null,null,null,null,null,null,null,null,"Guelph Hydro Electric Systems Inc.","Festival Hydro Inc.",null,"GENERAL SERVICE 50 TO 4,999 KW - INTERVAL METERED","kW"]
["GENERAL SERVICE 50 TO 4,999 KW","March",null,null,null,null,null,null,"Monthly Distribution Wheeling Service Rate - Shared LV Line",null,null,null,null,null,null,null,null,null,null,null,null,null,"DLF_Primary_LT_5000kW",null,null,"Pulling Post Dated Cheques","Disconnect/Reconnection for >300 volts - during regular hours",null,null,null,null,null,null,null,null,null,null,"Haldimand County Hydro Inc.","Festival Hydro Inc. - Hensall",null,"GENERAL SERVICE 50 TO 4,999 KW - TIME OF USE","kW"]
["GENERAL SERVICE 50 TO 4,999 KW - INTERVAL METERED","April",null,null,null,null,null,null,"Monthly Distribution Wheeling Service Rate - Waterloo North Hydro",null,null,null,null,null,null,null,null,null,null,null,null,null,"DLF_Primary_GT_5000kW",null,null,"Request for other billing information","Disposal of Concrete Poles",null,null,null,null,null,null,null,null,null,null,"Halton Hills Hydro Inc.","Fort Albany Power Corporation",null,"GENERAL SERVICE 50 TO 4,999 KW (COGENERATION)","kW"]
["GENERAL SERVICE 50 TO 4,999 KW - TIME OF USE","May",null,null,null,null,null,null,"Rate Rider for Application of Tax Change - effective until April 30, 2015",null,null,null,null,null,null,null,null,null,null,null,null,null,"TLF_Secondary_LT_5000kW",null,null,"Returned cheque (plus bank charges)","Dispute Test – Commercial TT -- MC",null,null,null,null,null,null,null,null,null,null,"Hearst Power Distribution Company Limited","Fort Frances Power Corporation",null,"GENERAL SERVICE 50 TO 4,999 KW (FORMERLY TIME OF USE)","kW"]
["GENERAL SERVICE 50 TO 4,999 KW (COGENERATION)","June",null,null,null,null,null,null,"Rate Rider for Application of Tax Change - effective until December 31, 2014",null,null,null,null,null,null,null,null,null,null,null,null,null,"TLF_Secondary_GT_5000kW",null,null,"Returned cheque charge (plus bank charges)","Install/Remove load control device – after regular hours",null,null,null,null,null,null,null,null,null,null,"Horizon Utilities Corporation","Greater Sudbury Hydro Inc.",null,"GENERAL SERVICE 50 TO 4,999 KW","kW"]
["GENERAL SERVICE 50 TO 4,999 KW (FORMERLY TIME OF USE)","July",null,null,null,null,null,null,"Rate Rider for Application of Tax Change (2014) - effective until April 30, 2015",null,null,null,null,null,null,null,null,null,null,null,null,null,"TLF_Primary_LT_5000kW",null,null,"Special Billing Service (aggregation)","Install/Remove load control device – during regular hours",null,null,null,null,null,null,null,null,null,null,"Hydro 2000 Inc.","Grimsby Power Inc.",null,"GENERAL SERVICE 50 TO 499 KW","kW"]
["GENERAL SERVICE 50 TO 499 KW","August",null,null,null,null,null,null,"Rate Rider for Application of Tax Change (per connection) - effective until April 30, 2015",null,null,null,null,null,null,null,null,null,null,null,null,null,"TLF_Primary_GT_5000kW",null,null,"Special Billing Service (sub-metering charge per meter)","Interval Meter Interrogation",null,null,null,null,null,null,null,null,null,null,"Hydro Hawkesbury Inc.","Guelph Hydro Electric Systems Inc.",null,"GENERAL SERVICE 50 TO 699 KW","kW"]
["GENERAL SERVICE 50 TO 699 KW","September",null,null,null,null,null,null,"Rate Rider for CGAAP Accounting Changes (2013) - effective until April 30, 2017",null,null,null,null,null,null,null,null,null,null,null,null,null,"TLF_EmbeddedDistributor",null,null,"Special meter reads","Interval Meter Load Management Tool Charge $/month",null,null,null,null,null,null,null,null,null,null,"Hydro One Brampton Networks Inc.","Haldimand County Hydro Inc.",null,"GENERAL SERVICE 50 TO 999 KW - INTERVAL METERED","kW"]
["GENERAL SERVICE 50 TO 999 KW","October",null,null,null,null,null,null,"Rate Rider for Deferral/Variance Account (2012) - effective unitl April 30, 2016",null,null,null,null,null,null,null,null,null,null,null,null,null,null,null,null,"Statement of Account","Interval meter request change",null,null,null,null,null,null,null,null,null,null,"Hydro One Networks Inc.","Halton Hills Hydro Inc.",null,"GENERAL SERVICE 50 TO 999 KW","kW"]
["GENERAL SERVICE 50 TO 999 KW - INTERVAL METERED","November",null,null,null,null,null,null,"Rate Rider for Deferral/Variance Account Disposition – effective until April 30, 2015",null,null,null,null,null,null,null,null,null,null,null,null,null,null,null,null,"Unprocessed Payment Charge (plus bank charges)","Late Payment – per annum",null,null,null,null,null,null,null,null,null,null,"Hydro Ottawa Limited","Hearst Power Distribution Company Limited",null,"GENERAL SERVICE 500 TO 4,999 KW","kW"]
["GENERAL SERVICE 500 TO 4,999 KW","December",null,null,null,null,null,null,"Rate Rider for Deferral/Variance Account Disposition (2012) - effective until April 30, 2016",null,null,null,null,null,null,null,null,null,null,null,null,null,null,null,null,null,"Late Payment – per month",null,null,null,null,null,null,null,null,null,null,"Innisfil Hydro Distribution Systems Limited","Horizon Utilities Corporation",null,"GENERAL SERVICE 700 TO 4,999 KW","kW"]
["GENERAL SERVICE 700 TO 4,999 KW",null,null,null,null,null,null,null,"Rate Rider for Deferral/Variance Account Disposition (2013) - effective until April 30, 2014",null,null,null,null,null,null,null,null,null,null,null,null,null,null,null,null,null,"Layout fees",null,null,null,null,null,null,null,null,null,null,"Kashechewan Power Corporation","Hydro 2000 Inc.",null,"GENERAL SERVICE DEMAND BILLED (50 KW AND ABOVE) [GSD]","kW"]
["GENERAL SERVICE DEMAND BILLED (50 KW AND ABOVE) [GSD]",null,null,null,null,null,null,null,"Rate Rider for Deferral/Variance Account Disposition (2014) - effective until April 28, 2016",null,null,null,null,null,null,null,null,null,null,null,null,null,null,null,null,null,"Meter dispute charge plus Measurement Canada fees (if meter found correct)",null,null,null,null,null,null,null,null,null,null,"Kenora Hydro Electric Corporation Ltd.","Hydro Hawkesbury Inc.",null,"GENERAL SERVICE ENERGY BILLED (LESS THAN 50 KW) [GSE-METERED]","kWh"]
["GENERAL SERVICE ENERGY BILLED (LESS THAN 50 KW) [GSE-METERED]",null,null,null,null,null,null,null,"Rate Rider for Deferral/Variance Account Disposition (2014) - effective until April 30, 2015",null,null,null,null,null,null,null,null,null,null,null,null,null,null,null,null,null,"Meter Interrogation Charge",null,null,null,null,null,null,null,null,null,null,"Kingston Hydro Corporation","Hydro One Brampton Networks Inc.",null,"GENERAL SERVICE ENERGY BILLED (LESS THAN TO 50 KW) [GSE-UNMETERED]","kWh"]
["GENERAL SERVICE ENERGY BILLED (LESS THAN TO 50 KW) [GSE-UNMETERED]",null,null,null,null,null,null,null,"Rate Rider for Deferral/Variance Account Disposition (2014) - effective until Decembeer 31, 2015",null,null,null,null,null,null,null,null,null,null,null,null,null,null,null,null,null,"Missed Service Appointment",null,null,null,null,null,null,null,null,null,null,"Kitchener-Wilmot Hydro Inc.","Hydro One Networks Inc.",null,"GENERAL SERVICE EQUAL TO OR GREATER THAN 1,500 KW - INTERVAL METERED","kW"]
["GENERAL SERVICE EQUAL TO OR GREATER THAN 1,500 KW",null,null,null,null,null,null,null,"Rate Rider for Deferral/Variance Account Disposition (2014) - effective until December 30, 2015",null,null,null,null,null,null,null,null,null,null,null,null,null,null,null,null,null,"Norfolk Pole Rentals – Billed",null,null,null,null,null,null,null,null,null,null,"Lakefront Utilities Inc.","Hydro Ottawa Limited",null,"GENERAL SERVICE EQUAL TO OR GREATER THAN 1,500 KW","kW"]
["GENERAL SERVICE EQUAL TO OR GREATER THAN 1,500 KW - INTERVAL METERED",null,null,null,null,null,null,null,"Rate Rider for Deferral/Variance Account Disposition (2014) - effective until December 31, 2014",null,null,null,null,null,null,null,null,null,null,null,null,null,null,null,null,null,"Optional Interval/TOU Meter charge $/month",null,null,null,null,null,null,null,null,null,null,"Lakeland Power Distribution Ltd.","Innisfil Hydro Distribution Systems Limited",null,"GENERAL SERVICE GREATER THAN 1,000 KW","kW"]
["GENERAL SERVICE GREATER THAN 1,000 KW",null,null,null,null,null,null,null,"Rate Rider for Deferral/Variance Account Disposition (2014) - effective until December 31, 2015",null,null,null,null,null,null,null,null,null,null,null,null,null,null,null,null,null,"Overtime Locate",null,null,null,null,null,null,null,null,null,null,"London Hydro Inc.","Kashechewan Power Corporation",null,"GENERAL SERVICE INTERMEDIATE 1,000 TO 4,999 KW","kW"]
["GENERAL SERVICE GREATER THAN 50 kW - WMP",null,null,null,null,null,null,null,"Rate Rider for Deferral/Variance Account Dispositon (2012) - effective until April 30, 2016",null,null,null,null,null,null,null,null,null,null,null,null,null,null,null,null,null,"Owner Requested Disconnection/Reconnection – after regular hours",null,null,null,null,null,null,null,null,null,null,"Midland Power Utility Corporation","Kenora Hydro Electric Corporation Ltd.",null,"GENERAL SERVICE INTERMEDIATE RATE CLASS 1,000 TO 4,999 KW (FORMERLY GENERAL SERVICE > 50 KW CUSTOMERS)","kW"]
["GENERAL SERVICE INTERMEDIATE 1,000 TO 4,999 KW",null,null,null,null,null,null,null,"Rate Rider for Disposition of Accounting Changes Under CGAAP Account 1576 - effective until April 30, 2016",null,null,null,null,null,null,null,null,null,null,null,null,null,null,null,null,null,"Owner Requested Disconnection/Reconnection – during regular hours",null,null,null,null,null,null,null,null,null,null,"Milton Hydro Distribution inc.","Kingston Hydro Corporation",null,"GENERAL SERVICE INTERMEDIATE RATE CLASS 1,000 TO 4,999 KW (FORMERLY LARGE USE CUSTOMERS)","kW"]
["GENERAL SERVICE INTERMEDIATE RATE CLASS 1,000 TO 4,999 KW (FORMERLY GENERAL SERVICE > 50 KW CUSTOMERS)",null,null,null,null,null,null,null,"Rate Rider for Disposition of Deferral/Variance Accounts (2010) - effective until December 31, 2014",null,null,null,null,null,null,null,null,null,null,null,null,null,null,null,null,null,"Returned cheque (plus bank charges)",null,null,null,null,null,null,null,null,null,null,"Newmarket - Tay Power Distribution Ltd.","Kitchener-Wilmot Hydro Inc.",null,"GENERAL SERVICE LESS THAN 50 KW - SINGLE PHASE ENERGY-BILLED [G1]","kWh"]
["GENERAL SERVICE INTERMEDIATE RATE CLASS 1,000 TO 4,999 KW (FORMERLY LARGE USE CUSTOMERS)",null,null,null,null,null,null,null,"Rate Rider for Disposition of Deferral/Variance Accounts (2011) - effective until April 30, 2015",null,null,null,null,null,null,null,null,null,null,null,null,null,null,null,null,null,"Rural system expansion / line connection fee",null,null,null,null,null,null,null,null,null,null,"Niagara Peninsula Energy Inc.","Lakefront Utilities Inc.",null,"GENERAL SERVICE LESS THAN 50 KW - THREE PHASE ENERGY-BILLED [G3]","kWh"]
["GENERAL SERVICE LESS THAN 50 KW",null,null,null,null,null,null,null,"Rate Rider for Disposition of Deferral/Variance Accounts (2011) - effective until April 30, 2016",null,null,null,null,null,null,null,null,null,null,null,null,null,null,null,null,null,"Same Day Open Trench",null,null,null,null,null,null,null,null,null,null,"Niagara-on-the-Lake Hydro Inc.","Lakeland Power Distribution Ltd.",null,"GENERAL SERVICE LESS THAN 50 KW - TRANSMISSION CLASS ENERGY-BILLED [T]","kWh"]
["GENERAL SERVICE LESS THAN 50 KW - SINGLE PHASE ENERGY-BILLED [G1]",null,null,null,null,null,null,null,"Rate Rider for Disposition of Deferral/Variance Accounts (2012) - effective until April 30, 2014",null,null,null,null,null,null,null,null,null,null,null,null,null,null,null,null,null,"Scheduled Day Open Trench",null,null,null,null,null,null,null,null,null,null,"Norfolk Power Distribution Inc.","London Hydro Inc.",null,"GENERAL SERVICE LESS THAN 50 KW - URBAN ENERGY-BILLED [UG]","kWh"]
["GENERAL SERVICE LESS THAN 50 KW - THREE PHASE ENERGY-BILLED [G3]",null,null,null,null,null,null,null,"Rate Rider for Disposition of Deferral/Variance Accounts (2012) - effective until April 30, 2015",null,null,null,null,null,null,null,null,null,null,null,null,null,null,null,null,null,"Service call – after regular hours",null,null,null,null,null,null,null,null,null,null,"North Bay Hydro Distribution Limited","Midland Power Utility Corporation",null,"GENERAL SERVICE LESS THAN 50 KW","kWh"]
["GENERAL SERVICE LESS THAN 50 KW - TRANSMISSION CLASS ENERGY-BILLED [T]",null,null,null,null,null,null,null,"Rate Rider for Disposition of Deferral/Variance Accounts (2012) - effective until April 30, 2016",null,null,null,null,null,null,null,null,null,null,null,null,null,null,null,null,null,"Service call – customer owned equipment",null,null,null,null,null,null,null,null,null,null,"Northern Ontario Wires Inc.","Milton Hydro Distribution inc.",null,"GENERAL SERVICE SINGLE PHASE - G1","kW"]
["GENERAL SERVICE LESS THAN 50 KW - URBAN ENERGY-BILLED [UG]",null,null,null,null,null,null,null,"Rate Rider for Disposition of Deferral/Variance Accounts (2012) - effective until August 31, 2014",null,null,null,null,null,null,null,null,null,null,null,null,null,null,null,null,null,"Service Call – Customer-owned Equipment – After Regular Hours",null,null,null,null,null,null,null,null,null,null,"Oakville Hydro Electricity Distribution Inc.","Newmarket - Tay Power Distribution Ltd. - Newmarket",null,"GENERAL SERVICE THREE PHASE - G3","kW"]
["GENERAL SERVICE SINGLE PHASE - G1",null,null,null,null,null,null,null,"Rate Rider for Disposition of Deferral/Variance Accounts (2012) - effective until December 31, 2015",null,null,null,null,null,null,null,null,null,null,null,null,null,null,null,null,null,"Service Call – Customer-owned Equipment – During Regular Hours",null,null,null,null,null,null,null,null,null,null,"Orangeville Hydro Limited","Newmarket - Tay Power Distribution Ltd. - Tay",null,"INTERMEDIATE USERS","kW"]
["GENERAL SERVICE THREE PHASE - G3",null,null,null,null,null,null,null,"Rate Rider for Disposition of Deferral/Variance Accounts (2012) - effective until December 31, 2016 Applicable only in the former service area of Clinton Power",null,null,null,null,null,null,null,null,null,null,null,null,null,null,null,null,null,"Service Charge for onsite interrogation of interval meter due to customer phone line failure - required weekly until line repaired $ 6",null,null,null,null,null,null,null,null,null,null,"Orillia Power Distribution Corporation","Niagara Peninsula Energy Inc. - Niagara Falls",null,"INTERMEDIATE WITH SELF GENERATION","kW"]
["INTERMEDIATE USERS",null,null,null,null,null,null,null,"Rate Rider for Disposition of Deferral/Variance Accounts (2012) – effective until December 31, 2016 Applicable only in the former service area of Clinton Power",null,null,null,null,null,null,null,null,null,null,null,null,null,null,null,null,null,"Service Layout - Commercial",null,null,null,null,null,null,null,null,null,null,"Oshawa PUC Networks Inc.","Niagara Peninsula Energy Inc. - Peninsula West",null,"LARGE USE - 3TS","kW"]
["INTERMEDIATE WITH SELF GENERATION",null,null,null,null,null,null,null,"Rate Rider for Disposition of Deferral/Variance Accounts (2012) - effective until January 31, 2014",null,null,null,null,null,null,null,null,null,null,null,null,null,null,null,null,null,"Service Layout - ResidentiaI",null,null,null,null,null,null,null,null,null,null,"Ottawa River Power Corporation","Niagara-on-the-Lake Hydro Inc.",null,"LARGE USE - FORD ANNEX","kW"]
["LARGE USE",null,null,null,null,null,null,null,"Rate Rider for Disposition of Deferral/Variance Accounts (2012) - effective until June 30, 2014",null,null,null,null,null,null,null,null,null,null,null,null,null,null,null,null,null,"Special Billing Service (sub-metering charge per meter)",null,null,null,null,null,null,null,null,null,null,"Parry Sound Power Corporation","Norfolk Power Distribution Inc.",null,"LARGE USE - REGULAR","kW"]
["LARGE USE - 3TS",null,null,null,null,null,null,null,"Rate Rider for Disposition of Deferral/Variance Accounts (2013) - Applicable only to Wholesale Market Participants - effective until April 30, 2015",null,null,null,null,null,null,null,null,null,null,null,null,null,null,null,null,null,"Special meter reads",null,null,null,null,null,null,null,null,null,null,"Peterborough Distribution Incorporated","North Bay Hydro Distribution Limited",null,"LARGE USE > 5000 KW","kW"]
["LARGE USE - FORD ANNEX",null,null,null,null,null,null,null,"Rate Rider for Disposition of Deferral/Variance Accounts (2013) - effective until April 30, 2014",null,null,null,null,null,null,null,null,null,null,null,null,null,null,null,null,null,"Specific Charge for Access to the Power Poles - $/pole/year",null,null,null,null,null,null,null,null,null,null,"PowerStream Inc.","Northern Ontario Wires Inc.",null,"LARGE USE","kW"]
["LARGE USE - REGULAR",null,null,null,null,null,null,null,"Rate Rider for Disposition of Deferral/Variance Accounts (2013) - effective until April 30, 2015",null,null,null,null,null,null,null,null,null,null,null,null,null,null,null,null,null,"Specific Charge for Bell Canada Access to the Power Poles – per pole/year",null,null,null,null,null,null,null,null,null,null,"PUC Distribution Inc.","Oakville Hydro Electricity Distribution Inc.",null,"microFIT","$"]
["LARGE USE > 5000 KW",null,null,null,null,null,null,null,"Rate Rider for Disposition of Deferral/Variance Accounts (2013) - effective until April 30, 2015, not applicable to Wholesale Market Participants",null,null,null,null,null,null,null,null,null,null,null,null,null,null,null,null,null,"Switching for company maintenance – Charge based on Time and Materials",null,null,null,null,null,null,null,null,null,null,"Renfrew Hydro Inc.","Orangeville Hydro Limited",null,"RESIDENTIAL - HENSALL","kWh"]
["microFIT",null,null,null,null,null,null,null,"Rate Rider for Disposition of Deferral/Variance Accounts (2013) - effective until April 30, 2017",null,null,null,null,null,null,null,null,null,null,null,null,null,null,null,null,null,"Temporary Service – Install & remove – overhead – no transformer",null,null,null,null,null,null,null,null,null,null,"Rideau St. Lawrence Distribution Inc.","Orillia Power Distribution Corporation",null,"RESIDENTIAL - HIGH DENSITY [R1]","kWh"]
["RESIDENTIAL",null,null,null,null,null,null,null,"Rate Rider for Disposition of Deferral/Variance Accounts (2013) - effective until August 31, 2014",null,null,null,null,null,null,null,null,null,null,null,null,null,null,null,null,null,"Temporary Service – Install & remove – overhead – with transformer",null,null,null,null,null,null,null,null,null,null,"Sioux Lookout Hydro Inc.","Oshawa PUC Networks Inc.",null,"RESIDENTIAL - LOW DENSITY [R2]","kWh"]
["RESIDENTIAL - HENSALL",null,null,null,null,null,null,null,"Rate Rider for Disposition of Deferral/Variance Accounts (2013) - effective until December 31, 2014",null,null,null,null,null,null,null,null,null,null,null,null,null,null,null,null,null,"Temporary Service – Install & remove – underground – no transformer",null,null,null,null,null,null,null,null,null,null,"St. Thomas Energy Inc.","Ottawa River Power Corporation",null,"RESIDENTIAL - MEDIUM DENSITY [R1]","kWh"]
["RESIDENTIAL - HIGH DENSITY [R1]",null,null,null,null,null,null,null,"Rate Rider for Disposition of Deferral/Variance Accounts (2013) - effective until May 31, 2014",null,null,null,null,null,null,null,null,null,null,null,null,null,null,null,null,null,"Temporary service install & remove – overhead – no transformer",null,null,null,null,null,null,null,null,null,null,"Thunder Bay Hydro Electricity Distribution Inc.","Parry Sound Power Corporation",null,"RESIDENTIAL - NORMAL DENSITY [R2]","kWh"]
["RESIDENTIAL - LOW DENSITY [R2]",null,null,null,null,null,null,null,"Rate Rider for Disposition of Deferred PILs Variance Account 1562 - effective until March 31, 2016",null,null,null,null,null,null,null,null,null,null,null,null,null,null,null,null,null,"Temporary Service Install & Remove – Overhead – With Transformer",null,null,null,null,null,null,null,null,null,null,"Tillsonburg Hydro Inc.","Peterborough Distribution Incorporated",null,"RESIDENTIAL - TIME OF USE","kWh"]
["RESIDENTIAL - MEDIUM DENSITY [R1]",null,null,null,null,null,null,null,"Rate Rider for Disposition of Deferred PILs Variance Account 1562 (2012) - effective until April 30, 2015",null,null,null,null,null,null,null,null,null,null,null,null,null,null,null,null,null,"Temporary Service Install & Remove – Underground – No Transformer",null,null,null,null,null,null,null,null,null,null,"Toronto Hydro-Electric System Limited","PowerStream Inc. - Barrie",null,"RESIDENTIAL - URBAN [UR]","kWh"]
["RESIDENTIAL - NORMAL DENSITY [R2]",null,null,null,null,null,null,null,"Rate Rider for Disposition of Deferred PILs Variance Account 1562 (2012) - effective until April 30, 2016",null,null,null,null,null,null,null,null,null,null,null,null,null,null,null,null,null,"Temporary service installation and removal – overhead – no transformer",null,null,null,null,null,null,null,null,null,null,"Veridian Connections Inc.","PowerStream Inc. - South",null,"RESIDENTIAL REGULAR","kWh"]
["RESIDENTIAL - TIME OF USE",null,null,null,null,null,null,null,"Rate Rider for Disposition of Deferred PILs Variance Account 1562 (2nd Installment - 2012) - effective until April 30, 2016",null,null,null,null,null,null,null,null,null,null,null,null,null,null,null,null,null,"Temporary service installation and removal – overhead – with transformer",null,null,null,null,null,null,null,null,null,null,"Wasaga Distribution Inc.","PUC Distribution Inc.",null,"RESIDENTIAL","kWh"]
["RESIDENTIAL - URBAN [UR]",null,null,null,null,null,null,null,"Rate Rider for Disposition of Deferred PILs Variance Account 1562 (per connection) (2012) - effective until April 30, 2015",null,null,null,null,null,null,null,null,null,null,null,null,null,null,null,null,null,"Temporary service installation and removal – underground – no transformer",null,null,null,null,null,null,null,null,null,null,"Waterloo North Hydro Inc.","Renfrew Hydro Inc.",null,"RESIDENTIAL SUBURBAN SEASONAL","kWh"]
["RESIDENTIAL REGULAR",null,null,null,null,null,null,null,"Rate Rider for Disposition of Deferred PILs Variance Account 1562 (per connection) (2012) - effective until April 30, 2016",null,null,null,null,null,null,null,null,null,null,null,null,null,null,null,null,null,null,null,null,null,null,null,null,null,null,null,null,"Welland Hydro-Electric System Corp.","Rideau St. Lawrence Distribution Inc.",null,"RESIDENTIAL SUBURBAN","kWh"]
["RESIDENTIAL SUBURBAN",null,null,null,null,null,null,null,"Rate Rider for Disposition of Global Adjustment Sub-Account (2011) - effective until April 30, 2015 Applicable only for Non-RPP Customers",null,null,null,null,null,null,null,null,null,null,null,null,null,null,null,null,null,null,null,null,null,null,null,null,null,null,null,null,"Wellington North Power Inc.","Sioux Lookout Hydro Inc.",null,"RESIDENTIAL SUBURBAN YEAR ROUND","kWh"]
["RESIDENTIAL SUBURBAN SEASONAL",null,null,null,null,null,null,null,"Rate Rider for Disposition of Global Adjustment Sub-Account (2011) - effective until April 30, 2016 Applicable only for Non-RPP Customers",null,null,null,null,null,null,null,null,null,null,null,null,null,null,null,null,null,null,null,null,null,null,null,null,null,null,null,null,"West Coast Huron Energy Inc.","St. Thomas Energy Inc.",null,"RESIDENTIAL URBAN","kWh"]
["RESIDENTIAL SUBURBAN YEAR ROUND",null,null,null,null,null,null,null,"Rate Rider for Disposition of Global Adjustment Sub-Account (2012) - effective until April 30, 2014 Applicable only for Non-RPP Customers",null,null,null,null,null,null,null,null,null,null,null,null,null,null,null,null,null,null,null,null,null,null,null,null,null,null,null,null,"West Perth Power Inc.","Thunder Bay Hydro Electricity Distribution Inc.",null,"RESIDENTIAL URBAN YEAR-ROUND","kWh"]
["RESIDENTIAL URBAN",null,null,null,null,null,null,null,"Rate Rider for Disposition of Global Adjustment Sub-Account (2012) - effective until April 30, 2015 Applicable only for Non-RPP Customers",null,null,null,null,null,null,null,null,null,null,null,null,null,null,null,null,null,null,null,null,null,null,null,null,null,null,null,null,"Westario Power Inc.","Tillsonburg Hydro Inc.",null,"SEASONAL RESIDENTIAL - HIGH DENSITY [R3]","kWh"]
["RESIDENTIAL URBAN YEAR-ROUND",null,null,null,null,null,null,null,"Rate Rider for Disposition of Global Adjustment Sub-Account (2012) - effective until April 30, 2015 Applicatble only for Non-RPP Customers",null,null,null,null,null,null,null,null,null,null,null,null,null,null,null,null,null,null,null,null,null,null,null,null,null,null,null,null,"Whitby Hydro Electric Corporation","Toronto Hydro-Electric System Limited",null,"SEASONAL RESIDENTIAL - NORMAL DENSITY [R4]","kWh"]
["SEASONAL RESIDENTIAL",null,null,null,null,null,null,null,"Rate Rider for Disposition of Global Adjustment Sub-Account (2012) - effective until April 30, 2016 Applicable only for Non-RPP Customers",null,null,null,null,null,null,null,null,null,null,null,null,null,null,null,null,null,null,null,null,null,null,null,null,null,null,null,null,"Woodstock Hydro Services Inc.","Veridian Connections Inc.",null,"SEASONAL RESIDENTIAL","kWh"]
["SEASONAL RESIDENTIAL - HIGH DENSITY [R3]",null,null,null,null,null,null,null,"Rate Rider for Disposition of Global Adjustment Sub-Account (2012) - effective until January 31, 2014. Applicable only for Non-RPP Customers",null,null,null,null,null,null,null,null,null,null,null,null,null,null,null,null,null,null,null,null,null,null,null,null,null,null,null,null,null,"Veridian Connections Inc. - Gravenhurst",null,"SENTINEL LIGHTING","kW"]
["SEASONAL RESIDENTIAL - NORMAL DENSITY [R4]",null,null,null,null,null,null,null,"Rate Rider for Disposition of Global Adjustment Sub-Account (2012) - effective until June 30, 2014 Applicable only for Non-RPP Customers",null,null,null,null,null,null,null,null,null,null,null,null,null,null,null,null,null,null,null,null,null,null,null,null,null,null,null,null,null,"Wasaga Distribution Inc.",null,"SMALL COMMERCIAL AND USL - PER CONNECTION","kW"]
["SENTINEL LIGHTING",null,null,null,null,null,null,null,"Rate Rider for Disposition of Global Adjustment Sub-Account (2012) Applicable only for Non-RPP Customers - effective until August 31, 2014",null,null,null,null,null,null,null,null,null,null,null,null,null,null,null,null,null,null,null,null,null,null,null,null,null,null,null,null,null,"Waterloo North Hydro Inc.",null,"SMALL COMMERCIAL AND USL - PER METER","kW"]
["SMALL COMMERCIAL AND USL - PER CONNECTION",null,null,null,null,null,null,null,"Rate Rider for Disposition of Global Adjustment Sub-Account (2012) Applicable only to Non-RPP Customers - effective until August 31, 2014",null,null,null,null,null,null,null,null,null,null,null,null,null,null,null,null,null,null,null,null,null,null,null,null,null,null,null,null,null,"Welland Hydro-Electric System Corp.",null,"STANDARD A GENERAL SERVICE AIR ACCESS","kW"]
["SMALL COMMERCIAL AND USL - PER METER",null,null,null,null,null,null,null,"Rate Rider for Disposition of Global Adjustment Sub-Account (2013) - effective until April 30, 2014 Applicable only for Non-RPP Customers",null,null,null,null,null,null,null,null,null,null,null,null,null,null,null,null,null,null,null,null,null,null,null,null,null,null,null,null,null,"Wellington North Power Inc.",null,"STANDARD A GENERAL SERVICE ROAD/RAIL","kW"]
["STANDARD A GENERAL SERVICE AIR ACCESS",null,null,null,null,null,null,null,"Rate Rider for Disposition of Global Adjustment Sub-Account (2013) - effective until April 30, 2015 Applicable only for Non-RPP Customers",null,null,null,null,null,null,null,null,null,null,null,null,null,null,null,null,null,null,null,null,null,null,null,null,null,null,null,null,null,"West Coast Huron Energy Inc.",null,"STANDARD A RESIDENTIAL AIR ACCESS","kW"]
["STANDARD A GENERAL SERVICE ROAD/RAIL",null,null,null,null,null,null,null,"Rate Rider for Disposition of Global Adjustment Sub-Account (2013) - effective until April 30, 2015 Applicable only for Non-RPP Customers and excluding Wholesale Market Participants",null,null,null,null,null,null,null,null,null,null,null,null,null,null,null,null,null,null,null,null,null,null,null,null,null,null,null,null,null,"West Perth Power Inc.",null,"STANDARD A RESIDENTIAL ROAD/RAIL","kW"]
["STANDARD A GRID CONNECTED",null,null,null,null,null,null,null,"Rate Rider for Disposition of Global Adjustment Sub-Account (2013) - effective until April 30, 2017 Applicable only for Non-RPP Customers",null,null,null,null,null,null,null,null,null,null,null,null,null,null,null,null,null,null,null,null,null,null,null,null,null,null,null,null,null,"Westario Power Inc.",null,"STANDBY - GENERAL SERVICE 1,000 - 5,000 KW","kW"]
["STANDARD A RESIDENTIAL AIR ACCESS",null,null,null,null,null,null,null,"Rate Rider For Disposition of Global Adjustment Sub-Account (2013) - effective until August 31, 2014 Applicable only for Non-RPP Customers",null,null,null,null,null,null,null,null,null,null,null,null,null,null,null,null,null,null,null,null,null,null,null,null,null,null,null,null,null,"Whitby Hydro Electric Corporation",null,"STANDBY - GENERAL SERVICE 50 - 1,000 KW","kW"]
["STANDARD A RESIDENTIAL ROAD/RAIL",null,null,null,null,null,null,null,"Rate Rider for Disposition of Global Adjustment Sub-Account (2013) - effective until December 31, 2014 Applicable only for Non-RPP Customers",null,null,null,null,null,null,null,null,null,null,null,null,null,null,null,null,null,null,null,null,null,null,null,null,null,null,null,null,null,"Woodstock Hydro Services Inc.",null,"STANDBY - LARGE USE","kW"]
["STANDBY - GENERAL SERVICE 1,000 - 5,000 KW",null,null,null,null,null,null,null,"Rate Rider for Disposition of Global Adjustment Sub-Account (2013) - effective until May 31, 2014 Applicable only for Non-RPP Customers",null,null,null,null,null,null,null,null,null,null,null,null,null,null,null,null,null,null,null,null,null,null,null,null,null,null,null,null,null,null,null,"STANDBY DISTRIBUTION SERVICE","kW"]
["STANDBY - GENERAL SERVICE 50 - 1,000 KW",null,null,null,null,null,null,null,"Rate Rider for Disposition of Global Adjustment Sub-Account (2014) - effective until December 31, 2014. Applicable only for Non-RPP - Class B Customers",null,null,null,null,null,null,null,null,null,null,null,null,null,null,null,null,null,null,null,null,null,null,null,null,null,null,null,null,null,null,null,"STANDBY POWER - APPROVED ON AN INTERIM BASIS","kW"]
["STANDBY - LARGE USE",null,null,null,null,null,null,null,"Rate Rider for Disposition of Global Adjustment Sub-Account (2014) - effective until December 31, 2014. Applicable only for Non-RPP Customers",null,null,null,null,null,null,null,null,null,null,null,null,null,null,null,null,null,null,null,null,null,null,null,null,null,null,null,null,null,null,null,"STANDBY POWER GENERAL SERVICE 1,500 TO 4,999 KW","kW"]
["STANDBY DISTRIBUTION SERVICE",null,null,null,null,null,null,null,"Rate Rider for Disposition of Global Adjustment Sub-Account (2014) - effective until December 31, 2014. Applicable only for Non-RPP Customers - Class A Customers",null,null,null,null,null,null,null,null,null,null,null,null,null,null,null,null,null,null,null,null,null,null,null,null,null,null,null,null,null,null,null,"STANDBY POWER GENERAL SERVICE 50 TO 1,499 KW","kW"]
["STANDBY POWER",null,null,null,null,null,null,null,"Rate Rider for Disposition of Global Adjustment Sub-Account (2014) - effective until December 31, 2014. Applicable only for Non-RPP Customers - Interval Metered",null,null,null,null,null,null,null,null,null,null,null,null,null,null,null,null,null,null,null,null,null,null,null,null,null,null,null,null,null,null,null,"STANDBY POWER GENERAL SERVICE LARGE USE","kW"]
["STANDBY POWER - APPROVED ON AN INTERIM BASIS",null,null,null,null,null,null,null,"Rate Rider for Disposition of Global Adjustment Sub-Account (2014) - effective until December 31, 2014. Applicable only for Non-RPP Customers - Non Interval Metered",null,null,null,null,null,null,null,null,null,null,null,null,null,null,null,null,null,null,null,null,null,null,null,null,null,null,null,null,null,null,null,"STANDBY POWER","kW"]
["STANDBY POWER GENERAL SERVICE 1,500 TO 4,999 KW",null,null,null,null,null,null,null,"Rate Rider for Disposition of Post Retirement Actuarial Gain - effective until March 31, 2025",null,null,null,null,null,null,null,null,null,null,null,null,null,null,null,null,null,null,null,null,null,null,null,null,null,null,null,null,null,null,null,"STREET LIGHTING","kWh"]
["STANDBY POWER GENERAL SERVICE 50 TO 1,499 KW",null,null,null,null,null,null,null,"Rate Rider for Disposition of Residual Hisotrical Smart Meter Costs - effective until April 30, 2015",null,null,null,null,null,null,null,null,null,null,null,null,null,null,null,null,null,null,null,null,null,null,null,null,null,null,null,null,null,null,null,"SUB TRANSMISSION [ST]","kW"]
["STANDBY POWER GENERAL SERVICE LARGE USE",null,null,null,null,null,null,null,"Rate Rider for Disposition of Residual Hisotrical Smart Meter Costs - effective until April 30, 2017",null,null,null,null,null,null,null,null,null,null,null,null,null,null,null,null,null,null,null,null,null,null,null,null,null,null,null,null,null,null,null,"UNMETERED SCATTERED LOAD","kWh"]
["STREET LIGHTING",null,null,null,null,null,null,null,"Rate Rider for Disposition of Residual Historical Smart Meter Costs - effective until April 30, 2014",null,null,null,null,null,null,null,null,null,null,null,null,null,null,null,null,null,null,null,null,null,null,null,null,null,null,null,null,null,null,null,"URBAN GENERAL SERVICE DEMAND BILLED (50 KW AND ABOVE) [UGD]","kW"]
["SUB TRANSMISSION [ST]",null,null,null,null,null,null,null,"Rate Rider for Disposition of Residual Historical Smart Meter Costs - effective until April 30, 2016",null,null,null,null,null,null,null,null,null,null,null,null,null,null,null,null,null,null,null,null,null,null,null,null,null,null,null,null,null,null,null,"URBAN GENERAL SERVICE ENERGY BILLED (LESS THAN 50 KW) [UGE]","kWh"]
["UNMETERED SCATTERED LOAD",null,null,null,null,null,null,null,"Rate Rider for Disposition of Residual Historical Smart Meter Costs - effective until August 31, 2014",null,null,null,null,null,null,null,null,null,null,null,null,null,null,null,null,null,null,null,null,null,null,null,null,null,null,null,null,null,null,null,"WESTPORT SEWAGE TREATMENT PLANT","kW"]
["URBAN GENERAL SERVICE DEMAND BILLED (50 KW AND ABOVE) [UGD]",null,null,null,null,null,null,null,"Rate Rider for Disposition of Residual Historical Smart Meter Costs - effective until August 31, 2015",null,null,null,null,null,null,null,null,null,null,null,null,null,null,null,null,null,null,null,null,null,null,null,null,null,null,null,null,null,null,null,"YEAR-ROUND RESIDENTIAL - R2","kWh"]
["URBAN GENERAL SERVICE ENERGY BILLED (LESS THAN 50 KW) [UGE]",null,null,null,null,null,null,null,"Rate Rider for Disposition of Residual Historical Smart Meter Costs - effective until December 31, 2014"]
["WESTPORT SEWAGE TREATMENT PLANT",null,null,null,null,null,null,null,"Rate Rider for Disposition of Residual Historical Smart Meter Costs – effective until December 31, 2014"]
["YEAR-ROUND RESIDENTIAL - R2",null,null,null,null,null,null,null,"Rate Rider for Disposition of Residual Historical Smart Meter Costs - effective until December 31, 2015"]
[null,null,null,null,null,null,null,null,"Rate Rider for Disposition of Residual Historical Smart Meter Costs - effective until December 31, 2016"]
[null,null,null,null,null,null,null,null,"Rate Rider for Disposition of Residual Historical Smart Meter Costs - effective until October 31, 2014"]
[null,null,null,null,null,null,null,null,"Rate Rider for Disposition of Residual Historical Smart Meter Costs - effective until September 30, 2014"]
[null,null,null,null,null,null,null,null,"Rate Rider for Disposition of Residual Historical Smart Meter Costs - Non-Interval Metered \n - effective until April 30, 2014"]
[null,null,null,null,null,null,null,null,"Rate Rider for Disposition of Residual Historical Smart Meter Costs 2 - in effect until the effective \n date of the next cost of service-based rate order"]
[null,null,null,null,null,null,null,null,"Rate Rider for Disposition of Residual Historical Smart Meter Costs 3 - in effect until the effective \n date of the next cost of service-based rate order"]
[null,null,null,null,null,null,null,null,"Rate Rider for Disposition of Residual Incremental Historical Smart Meter Costs - \n effective until August 31, 2015"]
[null,null,null,null,null,null,null,null,"Rate Rider for Disposition of Stranded Meter costs - effective until April 30, 2015"]
[null,null,null,null,null,null,null,null,"Rate Rider for Disposition of Stranded Meter Costs - effective until April 30, 2016"]
[null,null,null,null,null,null,null,null,"Rate Rider for Disposition of Stranded Meter Costs - effective until April 30, 2017"]
[null,null,null,null,null,null,null,null,"Rate Rider for Global Adjustment Sub Account Disposition - effective until April 30, 2016 Applicable only for Non RPP Customers"]
[null,null,null,null,null,null,null,null,"Rate Rider for Global Adjustment Sub-Account Disposition \n Applicable only for Non-RPP Customers – effective until April 30, 2015"]
[null,null,null,null,null,null,null,null,"Rate Rider for Global Adjustment Sub-Account Disposition (2014) - effective until April 28, 2016 Applicable only for Non-RPP Customers"]
[null,null,null,null,null,null,null,null,"Rate Rider for Global Adjustment Sub-Account Disposition (2014) - effective until April 30, 2015 Applicable only for Non-RPP Customers"]
[null,null,null,null,null,null,null,null,"Rate Rider for Global Adjustment Sub-Account Disposition (2014) - effective until December 30, 2015 Applicable only for Non-RPP Customers"]
[null,null,null,null,null,null,null,null,"Rate Rider for Global Adjustment Sub-Account Disposition (2014) - effective until December 31, 2014 Applicable only for Non-RPP Customers"]
[null,null,null,null,null,null,null,null,"Rate Rider for Global Adjustment Sub-Account Disposition (2014) - effective until December 31, 2015 Applicable only for Non-RPP Customers"]
[null,null,null,null,null,null,null,null,"Rate Rider for Global Adjustment Sub-Account Disposition (2014) - effective until December, 2015 Applicable only for Non-RPP Customers"]
[null,null,null,null,null,null,null,null,"Rate Rider for Incremental Capital - Distribution Volumetric - effective until April 30, 2016"]
[null,null,null,null,null,null,null,null,"Rate Rider for Incremental Capital - Service Charge - effective until April 30, 2016"]
[null,null,null,null,null,null,null,null,"Rate Rider for Incremental Capital (2012) - effective until April 30, 2015"]
[null,null,null,null,null,null,null,null,"Rate Rider for Lost Revenue Adjustment Mechanism Variance Account (LRAMVA) Recovery \n (2012 CDM Activities) - effective until April 30, 2015"]
[null,null,null,null,null,null,null,null,"Rate Rider for Recover of Residual Historical Smart meter Costs - effective until June 30, 2014"]
[null,null,null,null,null,null,null,null,"Rate Rider for Recovery of CGAAP/CWIP Differential - in effect until December 31, 2016"]
[null,null,null,null,null,null,null,null,"Rate Rider for Recovery of Foregone Revenue - effective until April 30, 2015"]
[null,null,null,null,null,null,null,null,"Rate Rider for Recovery of Forgone Revenue - effective until April 30, 2015"]
[null,null,null,null,null,null,null,null,"Rate Rider for Recovery of Forgone Revenue - effective until December 31, 2014"]
[null,null,null,null,null,null,null,null,"Rate Rider for Recovery of Green Energy Act related costs - effective until December 31, 2014"]
[null,null,null,null,null,null,null,null,"Rate Rider for Recovery of Incremental Capital (2013) - in effect until the effective date of the next cost of service-based rate order"]
[null,null,null,null,null,null,null,null,"Rate Rider for Recovery of Incremental Capital (2013) - in effect until the effective date of the\n next cost of service-based rate order"]
[null,null,null,null,null,null,null,null,"Rate Rider for Recovery of Incremental Capital (2013) (per connection) - in effect until the effective date of \n the next cost of service-based rate order"]
[null,null,null,null,null,null,null,null,"Rate Rider for Recovery of Incremental Capital (2013) (per connection)- in effect until the effective date of the next cost of service-based rate order"]
[null,null,null,null,null,null,null,null,"Rate Rider for Recovery of Incremental Capital Costs"]
[null,null,null,null,null,null,null,null,"Rate Rider for Recovery of Incremental Capital Costs - effective until April 30, 2015"]
[null,null,null,null,null,null,null,null,"Rate Rider for Recovery of Lost Revenue Adjustment Mechanism ( LRAM)/Shared Savings Mechanism (SSM) (2012) - effective until August 31, 2014"]
[null,null,null,null,null,null,null,null,"Rate Rider for Recovery of Lost Revenue Adjustment Mechanism (2013) - effective until December 31, 2014"]
[null,null,null,null,null,null,null,null,"Rate Rider for Recovery of Lost Revenue Adjustment Mechanism (LRAM) - effective until April 30, 2016"]
[null,null,null,null,null,null,null,null,"Rate Rider for Recovery of Lost Revenue Adjustment Mechanism (LRAM) (pre-2011 CDM Activities) - effective until April 30, 2015"]
[null,null,null,null,null,null,null,null,"Rate Rider for Recovery of Lost Revenue Adjustment Mechanism (LRAM) (pre-2011 CDM Activities) (2013) - effective until April 30, 2015"]
[null,null,null,null,null,null,null,null,"Rate Rider for Recovery of Lost Revenue Adjustment Mechanism (LRAM)/Shared Savings"]
[null,null,null,null,null,null,null,null,"Rate Rider for Recovery of Lost Revenue Adjustment Mechanism (LRAM)/Shared Savings Mechanism (SSM) - effective until December 31, 2014 and applicable in the service area excluding the former service area of Clinton Power"]
[null,null,null,null,null,null,null,null,"Rate Rider for Recovery of Lost Revenue Adjustment Mechanism (LRAM)/Shared Savings Mechanism (SSM) - effective until December 31, 2014 and applicable in the service area excluding the former service areas of Clinton Power and West Perth Power"]
[null,null,null,null,null,null,null,null,"Rate Rider for Recovery of Lost Revenue Adjustment Mechanism (LRAM)/Shared Savings Mechanism (SSM) - effective until December 31, 2014 and applicable only in the former service area of Clinton Power"]
[null,null,null,null,null,null,null,null,"Rate Rider for Recovery of Lost Revenue Adjustment Mechanism (LRAM)/Shared Savings Mechanism (SSM) - effective until December 31, 2014 and applicable only in the former service area of West Perth Power"]
[null,null,null,null,null,null,null,null,"Rate Rider for Recovery of Lost Revenue Adjustment Mechanism (LRAM)/Shared Savings Mechanism (SSM) - effective until March 31, 2016"]
[null,null,null,null,null,null,null,null,"Rate Rider for Recovery of Lost Revenue Adjustment Mechanism (LRAM)/Shared Savings Mechanism (SSM) (2012) - effective until August 31, 2014"]
[null,null,null,null,null,null,null,null,"Rate Rider for Recovery of Lost Revenue Adjustment Mechanism (LRAM)/Shared Savings Mechanism (SSM) Recovery - effective until April 30, 2015"]
[null,null,null,null,null,null,null,null,"Rate Rider for Recovery of Lost Revenue Adjustment Mechanism Variance Account (LRAMVA) (2014) - effective until April 30, 2015"]
[null,null,null,null,null,null,null,null,"Rate Rider for Recovery of Residual Historical Smart Meter Costs - effective July 1, 2012 - April 30, 2016"]
[null,null,null,null,null,null,null,null,"Rate Rider for Recovery of Smart Meter Incremental Revenue Requirement - effective until the date of the next cost of service-based rate order"]
[null,null,null,null,null,null,null,null,"Rate Rider for Recovery of Smart Meter Incremental Revenue Requirement - effective until the effective date of the next cost of service-based rate order, or October 31, 2017, whichever occurs earlier"]
[null,null,null,null,null,null,null,null,"Rate Rider for Recovery of Smart Meter Incremental Revenue Requirement - in effect until the effective date of the next cost of service-based rate order"]
[null,null,null,null,null,null,null,null,"Rate Rider for Recovery of Smart Meter Incremental Revenue Requirement - Non-Interval Metered - in effect until the effective date of the next cost of service-based rate order"]
[null,null,null,null,null,null,null,null,"Rate Rider for Recovery of Smart Meter Incremental Revenue Requirements - in effect until the effective date of the next cost of service application"]
[null,null,null,null,null,null,null,null,"Rate Rider for Recovery of Smart Meter Stranded Assets - effective until April 30, 2016"]
[null,null,null,null,null,null,null,null,"Rate Rider for Recovery of Storm Damage Costs - effective until August 31, 2017"]
[null,null,null,null,null,null,null,null,"Rate Rider for Recovery of Stranded Assets - effective until April 30, 2016"]
[null,null,null,null,null,null,null,null,"Rate Rider for Recovery of Stranded Meter Assets - effective July 1, 2012 - April 30, 2016"]
[null,null,null,null,null,null,null,null,"Rate Rider for Recovery of Stranded Meter Assets – effective until April 30, 2015"]
[null,null,null,null,null,null,null,null,"Rate Rider for Recovery of Stranded Meter Assets - effective until April 30, 2016"]
[null,null,null,null,null,null,null,null,"Rate Rider for Recovery of Stranded Meter Assets - effective until April 30, 2017"]
[null,null,null,null,null,null,null,null,"Rate Rider for Recovery of Stranded Meter Assets - effective until August 31, 2015"]
[null,null,null,null,null,null,null,null,"Rate Rider for Recovery of Stranded Meter Assets - effective until August 31, 2017"]
[null,null,null,null,null,null,null,null,"Rate Rider for Recovery of Stranded Meter Assets - effective until December 31, 2014"]
[null,null,null,null,null,null,null,null,"Rate Rider for Recovery of Stranded Meter Assets - effective until December 31, 2015"]
[null,null,null,null,null,null,null,null,"Rate Rider for Recovery of Stranded Meter Assets - effective until June 30, 2016"]
[null,null,null,null,null,null,null,null,"Rate Rider for Recovery of Stranded Meter Assets - effective until March 31, 2016"]
[null,null,null,null,null,null,null,null,"Rate Rider for Recovery of Stranded Meter Assets - effective until May 31, 2014"]
[null,null,null,null,null,null,null,null,"Rate Rider for Reversal of Deferral/Variance Account Disposition (2011) - effective until April 30, 2015"]
[null,null,null,null,null,null,null,null,"Rate Rider for Smart Meter Disposition - effective until April 30, 2016"]
[null,null,null,null,null,null,null,null,"Rate Rider for Smart Meter Incremental Revenue Requirement - in effect until the effective date of the next cost of service-based rate order"]
[null,null,null,null,null,null,null,null,"Rate Rider for Smart Metering Entity Charge - effective until October 31, 2018"]
[null,null,null,null,null,null,null,null,"Rate Rider for Stranded Meter Cost Recovery - effective until April 30, 2017"]
[null,null,null,null,null,null,null,null,"Rate Rider for Tax Change"]
[null,null,null,null,null,null,null,null,"Rate Rider for Tax Change - effective until April 30, 2015"]
[null,null,null,null,null,null,null,null,"Rate Rider for Tax Change (2014) - effective until April 30, 2015"]
[null,null,null,null,null,null,null,null,"Retail Transmission Rate - Line and Transformation Connection Service Rate"]
[null,null,null,null,null,null,null,null,"Retail Transmission Rate - Line and Transformation Connection Service Rate - (less than 1,000 kW)"]
[null,null,null,null,null,null,null,null,"Retail Transmission Rate - Line and Transformation Connection Service Rate - Interval Metered"]
[null,null,null,null,null,null,null,null,"Retail Transmission Rate - Line and Transformation Connection Service Rate - Interval Metered (1,000 to 4,999 kW)"]
[null,null,null,null,null,null,null,null,"Retail Transmission Rate - Line and Transformation Connection Service Rate - Interval Metered (less than 1,000 kW)"]
[null,null,null,null,null,null,null,null,"Retail Transmission Rate - Line and Transformation Connection Service Rate - Interval Metered < 1,000 kW"]
[null,null,null,null,null,null,null,null,"Retail Transmission Rate - Line and Transformation Connection Service Rate - Interval Metered > 1,000 kW"]
[null,null,null,null,null,null,null,null,"Retail Transmission Rate - Line and Transformation Connection Service Rate FOR ALL SERVICE AREAS EXCEPT HENSALL"]
[null,null,null,null,null,null,null,null,"Retail Transmission Rate - Line Connection Service Rate"]
[null,null,null,null,null,null,null,null,"Retail Transmission Rate - Network Service Rate"]
[null,null,null,null,null,null,null,null,"Retail Transmission Rate - Network Service Rate - (less than 1,000 kW)"]
[null,null,null,null,null,null,null,null,"Retail Transmission Rate - Network Service Rate - Interval Metered"]
[null,null,null,null,null,null,null,null,"Retail Transmission Rate - Network Service Rate - Interval Metered (1,000 to 4,999 kW)"]
[null,null,null,null,null,null,null,null,"Retail Transmission Rate - Network Service Rate - Interval Metered (less than 1,000 kW)"]
[null,null,null,null,null,null,null,null,"Retail Transmission Rate - Network Service Rate - Interval Metered > 1,000 kW"]
[null,null,null,null,null,null,null,null,"Retail Transmission Rate - Transformation Connection Service Rate"]
[null,null,null,null,null,null,null,null,"Rider for Global Adjustment Sub-Account Disposition (2012) - effective until April 30, 2016 Applicable only for Non-RPP Customers"]
[null,null,null,null,null,null,null,null,"Rural or Remote Electricity Rate Protection Charge (RRRP)"]
[null,null,null,null,null,null,null,null,"Sentinel lights (dusk-to-dawn) connected to unmetered wires will have a flat rate monthly energy charge added to the regular customer bill. Further servicing details are available in the distributor’s Conditions of Service."]
[null,null,null,null,null,null,null,null,"Service Charge"]
[null,null,null,null,null,null,null,null,"Service Charge (per connection)"]
[null,null,null,null,null,null,null,null,"Service Charge (per customer)"]
[null,null,null,null,null,null,null,null,"Service Charge (per light)"]
[null,null,null,null,null,null,null,null,"Smart Grid Funding Adder (2014) - in effect until December 31, 2014"]
[null,null,null,null,null,null,null,null,"Smart Meter Disposition Rider"]
[null,null,null,null,null,null,null,null,"Smart Meter Entity Charge"]
[null,null,null,null,null,null,null,null,"Smart Meter Incremental Revenue Requirement Rate Rider"]
[null,null,null,null,null,null,null,null,"Standard Supply Service - Administrative Charge (if applicable)"]
[null,null,null,null,null,null,null,null,"Standby Charge - for a month where standby power is not provided, the charge is based on the applicable General Service 50 to 4,999 kW or Large Use Distribution Volumetric Charge applied to the contracted amount (e.g. Nameplate rating of generating facility)."]
[null,null,null,null,null,null,null,null,"Standby Charge - for a month where standby power is not provided. The charge is applied to the amount of reserved load transfer capacity contracted or the amount of monthly peak load displaced by a generating facility"]
[null,null,null,null,null,null,null,null,"Standby Charge - for a month where standby power is not provided. The charge is applied to the contracted amount (e.g. nameplate rating of the generation facility)."]
[null,null,null,null,null,null,null,null,"Wholesale Market Service Rate"]

{"sheet":"lists2","index":55,"n_rows":187,"n_cols":4,"rows_kept":187,"cut":false,"hidden":true,"merged":[[0,0,0,3],[48,0,48,5],[94,0,94,1],[95,0,95,1],[96,0,96,1],[97,0,97,1],[125,0,125,1],[126,0,126,1],[127,0,127,1],[2,0,2,3],[5,0,5,3],[6,0,6,3],[7,0,7,3],[8,0,8,3],[37,0,37,1],[38,0,38,1],[39,0,39,1],[40,0,40,1],[41,0,41,1],[45,0,45,1],[47,0,47,1],[30,0,30,1],[31,0,31,1],[32,0,32,1],[192,0,192,1],[193,0,193,1],[194,0,194,1],[186,0,186,3],[186,4,186,7],[160,0,160,3],[160,4,160,7],[161,0,161,3],[161,4,161,7],[162,0,162,3],[162,4,162,7],[163,0,163,3],[163,4,163,7],[164,0,164,3],[164,4,164,7],[165,0,165,3],[165,4,165,7],[166,0,166,3],[166,4,166,7],[167,0,167,3],[181,0,181,1],[182,0,182,1],[189,0,189,1],[167,4,167,7],[191,0,191,1],[144,0,144,1],[145,0,145,1],[146,0,146,1],[147,0,147,1],[168,0,168,3],[178,0,178,1],[179,0,179,1],[180,0,180,1],[175,0,175,1],[176,0,176,1],[177,0,177,1],[172,0,172,1],[173,0,173,1],[174,0,174,1],[33,0,33,1],[34,0,34,1],[35,0,35,1],[54,0,54,1],[190,0,190,1],[110,0,110,1],[111,0,111,1],[112,0,112,1],[113,0,113,1],[114,0,114,1],[115,0,115,1],[116,0,116,1],[117,0,117,1],[118,0,118,1],[119,0,119,1],[120,0,120,1],[121,0,121,1],[122,0,122,1],[123,0,123,1],[124,0,124,1],[55,0,55,1],[56,0,56,1],[57,0,57,1],[63,0,63,3],[12,0,12,1],[13,0,13,1],[14,0,14,1],[15,0,15,1],[16,0,16,1],[17,0,17,1],[18,0,18,1],[19,0,19,1],[20,0,20,1],[21,0,21,1],[22,0,22,1],[23,0,23,1],[24,0,24,1],[25,0,25,1],[26,0,26,1],[27,0,27,1],[28,0,28,1],[29,0,29,1],[36,0,36,1],[46,0,46,1],[65,0,65,3],[65,4,65,7],[67,0,67,3],[67,4,67,7],[71,0,71,1],[72,0,72,1],[73,0,73,1],[74,0,74,1],[75,0,75,1],[76,0,76,1],[77,0,77,1],[78,0,78,1],[79,0,79,1],[80,0,80,1],[81,0,81,1],[82,0,82,1],[83,0,83,1],[84,0,84,1],[85,0,85,1],[86,0,86,1],[87,0,87,1],[88,0,88,1],[89,0,89,1],[90,0,90,1],[91,0,91,1],[92,0,92,1],[93,0,93,1],[98,0,98,1],[99,0,99,1],[100,0,100,1],[101,0,101,1],[102,0,102,1],[103,0,103,1],[104,0,104,1],[105,0,105,1],[109,0,109,1],[137,0,137,1],[138,0,138,1],[139,0,139,1],[140,0,140,1],[141,0,141,1],[142,0,142,1],[143,0,143,1],[129,0,129,1],[130,0,130,1],[132,0,132,1],[133,0,133,1],[131,0,131,1],[128,0,128,1],[136,0,136,1],[168,4,168,7],[170,0,170,1],[170,4,170,5],[171,0,171,1],[148,0,148,1],[149,0,149,1],[150,0,150,1],[151,0,151,1],[153,0,153,1],[154,0,154,1],[155,0,155,1],[156,0,156,1],[152,0,152,1]]}
["RESIDENTIAL Service Classification"]
[]
[]
["APPLICATION"]
[]
[]
[]
[]
[]
[]
["MONTHLY RATES AND CHARGES - Delivery Component"]
[]
[]
[]
[]
[]
[]
[]
[]
[]
[]
[]
[]
[]
[]
[]
[]
[]
[]
[]
[]
[]
[]
[]
[]
[]
[]
[]
[]
[]
[]
[]
[]
["MONTHLY RATES AND CHARGES - Regulatory Component"]
[]
["Wholesale Market Service Rate",null,"$/kWh",4.4000000000000003E-3]
["Rural Rate Protection Charge",null,"$/kWh",1.2999999999999999E-3]
["Standard Supply Service - Administrative Charge (if applicable)",null,"$",0.25]
[]
[]
[]
[]
["ALLOWANCES"]
[]
["Transformer Allowance for Ownership - per kW of billing demand/month"]
[]
[]
["Primary Metering Allowance for transformer losses – applied to measured demand and energy"]
[]
["SPECIFIC SERVICE CHARGES"]
[]
["APPLICATION"]
[]
["The application of these rates and charges shall be in accordance with the Licence of the Distributor and any Code or Order of the Board, and amendments thereto as approved by the Board, which may be applicable to the administration of this schedule."]
[]
["No charges to meet the costs of any work or service done or furnished for the purpose of the distribution of electricity shall be made except as permitted by this schedule, unless required by the Distributor’s Licence or a Code or Order of the Board, and amendments thereto as approved by the Board, or as specified herein."]
[]
["It should be noted that this schedule does not list any charges, assessments or credits that are required by law to be invoiced by a distributor and that are not subject to Board approval, such as the Debt Retirement Charge, the Global Adjustment, the Ontario Clean Energy Benefit and the HST."]
[]
["Customer Administration"]
[]
[]
[]
[]
[]
[]
[]
[]
[]
[]
[]
[]
[]
[]
[]
[]
[]
[]
[]
[]
[]
[]
[]
[]
[]
[]
[]
[]
[]
[]
[]
[]
[]
[]
[]
[]
[]
["Non-Payment of Account"]
[]
[]
[]
[]
[]
[]
[]
[]
[]
[]
[]
[]
[]
[]
[]
[]
[]
[]
[]
[]
[]
[]
[]
[]
[]
[]
[]
[]
[]
[]
[]
[]
[]
[]
[]
[]
[]
[]
[]
[]
[]
[]
[]
[]
[]
[]
[]
[]
[]
[]
["RETAIL SERVICE CHARGES (if applicable)"]
[]
["The application of these rates and charges shall be in accordance with the Licence of the Distributor and any Code or Order of the Board, and amendments thereto as approved by the Board, which may be applicable to the administration of this schedule."]
[]
["No rates and charges for the distribution of electricity and charges to meet the costs of any work or service done or furnished for the purpose of the distribution of electricity shall be made except as permitted by this schedule, unless required by the Distributor’s Licence or a Code or Order of the Board, and amendments thereto as approved by the Board, or as specified herein."]
[]
["Unless specifically noted, this schedule does not contain any charges for the electricity commodity, be it under the Regulated Price Plan, a contract with a retailer or the wholesale market price, as applicable."]
[]
["It should be noted that this schedule does not list any charges, assessments or credits that are required by law to be invoiced by a distributor and that are not subject to Board approval, such as the Debt Retirement Charge, the Global Adjustment, the Ontario Clean Energy Benefit and the HST."]
[]
["Retail Service Charges refer to services provided by a distributor to retailers or customers related to the supply of competitive electricity."]
[]
["One-time charge, per retailer, to establish the service agreement between the distributor and the retailer",null,"$",100]
["Monthly Fixed Charge, per retailer",null,"$",20]
["Monthly Variable Charge, per customer, per retailer",null,"$/cust.",0.5]
["Distributor-consolidated billing monthly charge, per customer, per retailer",null,"$/cust.",0.3]
["Retailer-consolidated billing monthly credit, per customer, per retailer",null,"$/cust.",-0.3]
["Service Transaction Requests (STR) "]
["Request fee, per request, applied to the requesting party",null,"$",0.25]
["Processing fee, per request, applied to the requesting party",null,"$",0.5]
["Request for customer information as outlined in Section 10.6.3 and Chapter 11 of the Retail"]
["Settlement Code directly to retailers and customers, if not delivered electronically through the"]
["Electronic Business Transaction (EBT) system, applied to the requesting party "]
["Up to twice a year",null,"$","no charge"]
["More than twice a year, per request (plus incremental delivery costs)",null,"$",2]
[]
["LOSS FACTORS"]
[]
["If the distributor is not capable of prorating changed loss factors jointly with distribution rates, the revised loss factors will be implemented upon the first subsequent billing for each billing cycle."]

{"sheet":"Sheet19","index":56,"n_rows":72,"n_cols":9,"rows_kept":72,"cut":false,"hidden":true,"merged":[]}
[null,"CGAAP","CGAAP","CGAAP","MIFRS","USGAAP","ASPE","ASPE","ASPE"]
[null,"N/A",2012,2013,null,null,"N/A",2012,2013]
["LDC Info","x","x","x","x","x","x","x","x"]
["Table of Contents","x","x","x","x","x","x","x","x"]
["COS Flowchart","x","x","x","x","x","x","x","x"]
["List of Key References","x","x","x","x","x","x","x","x"]
["App.2-AA_Capital Projects","x","x","x","x","x","x","x","x"]
["App.2-AB_Capital Expenditures","x","x","x","x","x","x","x","x"]
["App.2-BA1_Fix Asset Cont.CGAAP","x","x","x","n","x","x","x","x"]
["App.2-BA2_Fix Asset Cont.MIFRS","n","n","n","x","n","n","n","n"]
["Appendix 2-BB Service Life Comp","x","x","x","x","x","x","x","x"]
["Instruction for App. 2-C MIFRS","n","n","n","x","n","n","n","n"]
["App.2-CA_CGAAP_DepExp_2011","n","n","n","x","n","n","n","n"]
["App.2-CB_MIFRS_DepExp_2011","n","n","n","x","n","n","n","n"]
["App.2-CC_MIFRS_DepExp_2012","n","n","n","x","n","n","n","n"]
["App.2-CD_MIFRS_DepExp_2013","n","n","n","x","n","n","n","n"]
["App.2-CE_MIFRS_DepExp_2014","n","n","n","x","n","n","n","n"]
["App.2-CF_CGAAP_DepExp_2012","n","n","n","x","n","n","n","n"]
["App.2-CG_MIFRS_DepExp_2012","n","n","n","x","n","n","n","n"]
["App.2-CH_MIFRS_DepExp_2013","n","n","n","x","n","n","n","n"]
["App.2-CI_MIFRS_DepExp_2014","n","n","n","x","n","n","n","n"]
["App.2-CJ_CGAAP_DepExp_2012","n","n","n","x","n","n","n","n"]
["App.2-CK_CGAAP_DepExp_2013","n","n","n","x","n","n","n","n"]
["App.2-CL_MIFRS_DepExp_2013","n","n","n","x","n","n","n","n"]
["App.2-CM_MIFRS_DepExp_2014","n","n","n","x","n","n","n","n"]
["Instruction for App. 2-C CGAAP","x","x","x","n","n","x","x","x"]
["App.2-CN_OldCGAAP_DepExp_2012","x","x","n","n","n","x","x","n"]
["App.2-CO_NewCGAAP_DepExp_2012","x","x","n","n","n","x","x","n"]
["App.2-CP_NewCGAAP_DepExp_2013","x","x","n","n","n","x","x","n"]
["App.2-CQ NewCGAAP_DepExp_2014","x","x","n","n","n","x","x","n"]
["App.2-CR_OldCGAAP_DepExp_2012","x","n","x","n","n","x","n","x"]
["App.2-CS_OldCGAAP_DepExp_2013","x","n","x","n","n","x","n","x"]
["App.2-CT_NewCGAAP_DepExp_2013","x","n","x","n","n","x","n","x"]
["App.2-CU_NewCGAAP_DepExp_2014","x","n","x","n","n","x","n","x"]
["App.2-CV_USGAAP_DepExp","n","n","n","n","x","n","n","n"]
["App.2-DA_Overhead","n","n","n","x","n","n","n","n"]
["App.2-DB_Overhead","x","x","x","n","n","x","x","x"]
["App.2-EA_PP&E Deferral Account","n","n","n","x","x","n","n","n"]
["App.2-EB_PP&E Deferral Account","n","n","n","x","x","n","n","n"]
["App.2-EC_PP&E Deferral Account","n","n","n","x","x","n","n","n"]
["App.2-ED_Account 1576 (2012)","x","x","n","x","x","x","x","n"]
["App.2-EE_Account 1576 (2013)","x","n","x","x","x","x","n","x"]
["App.2-FA Proposed REG Invest.","o","o","o","o","o","o","o","o"]
["App.2-FB Calc of REG Improvemnt","o","o","o","o","o","o","o","o"]
["App.2-FC Calc of REG Expansion","o","o","o","o","o","o","o","o"]
["App.2-G SQI","x","x","x","x","x","x","x","x"]
["App.2-H_Other_Oper_Rev","x","x","x","x","x","x","x","x"]
["App.2-I LF_CDM_WF","x","x","x","x","x","x","x","x"]
["App.2-JA_OM&A_Summary_Analys","x","x","x","x","x","x","x","x"]
["App.2-JB_OM&A_Cost _Drivers","x","x","x","x","x","x","x","x"]
["App.2-JC_OMA Programs","x","x","x","x","x","x","x","x"]
["App.2-K_Employee Costs","x","x","x","x","x","x","x","x"]
["App.2-L_OM&A_per_Cust_FTEE","x","x","x","x","x","x","x","x"]
["App.2-M_Regulatory_Costs","x","x","x","x","x","x","x","x"]
["App.2-N_Corp_Cost_Allocation","x","x","x","x","x","x","x","x"]
["App.2-OA Capital Structure","x","x","x","x","x","x","x","x"]
["App.2-OB_Debt Instruments","x","x","x","x","x","x","x","x"]
["App.2-P_Cost_Allocation","x","x","x","x","x","x","x","x"]
["App.2-Q_Cost of Serv. Emb. Dx","e","e","e","e","e","e","e","e"]
["App.2-R_Loss Factors","x","x","x","x","x","x","x","x"]
["App.2-S_Stranded Meters","x","x","x","x","x","x","x","x"]
["App.2-TA_1592_Tax_Variance","x","x","x","x","x","x","x","x"]
["App.2-TB_1592_HST-OVAT","x","x","x","x","x","x","x","x"]
["App.2-U_IFRS Transition Costs","x","x","x","x","x","x","x","x"]
["App.2-V_Rev_Reconciliation","x","x","x","x","x","x","x","x"]
["App.2-W_Bill Impacts","x","x","x","x","x","x","x","x"]
["App.2-YA_MIFRS Summary Impacts","n","n","n","x","n","n","n","n"]
["App. 2-YB_CGAAP Summary Impacts","x","x","x","n","n","x","x","x"]
["App. 2-Z_Tariff","x","x","x","x","x","x","x","x"]
["lists","n","n","n","n","n","n","n","n"]
["lists2","n","n","n","n","n","n","n","n"]
["Sheet19","n","n","n","n","n","n","n","n"]