{"text_format":"1","workbook":"xlsx","n_sheets":9,"sheets":["Evaluations","Grade Structure","Job Matrix","Market Data","Public_Interp","Private_Interp","Participant List","Client Data","Job Matrix (blank)"],"not_rendered":{"charts":0,"images":4,"macros":0,"external_links":0,"defined_names":317,"comments":0,"pivot_tables":0},"unopened":[],"bounds":{"document_bytes":16777216,"sheet_cells":100000,"rows_first":2000,"rows_last":500,"rows_between":2000,"halvings":0,"cell_chars":16384,"cell_head_chars":4096},"cells_cut":0,"cells_raw":0,"read":"whole","date_system":"1900"}

{"sheet":"Evaluations","index":0,"n_rows":80,"n_cols":16,"rows_kept":80,"cut":false,"hidden":false,"merged":[[3,0,3,15],[4,0,5,0],[4,1,5,1],[4,2,4,5],[4,6,4,9],[4,10,4,13],[4,14,5,14],[4,15,5,15]]}
[]
[]
[]
["Evaluation Details"]
["Job Title","IESO Business Unit","KH",null,null,null,"PS",null,null,null,"AC",null,null,null,"Hay Pts","SP"]
[null,null,"PTK","POI","CIS","pts","TKE","TKC","%","pts","FTA","MAG","NOI","pts"]
["Director, Market Operations","Market & Systems Operations","F+","III-",3,528,"F",4,0.5,264,"F",5,"C",400,{"$f":"F7+J7+N7","v":1192},"A3"]
["Director, Power Systems Assessments","Market & Systems Operations","F+","III-",3,528,"F",4,0.5,264,"F",5,"C",400,1192,"A3"]
["Director, MACD","CEO","F+","III-",3,528,"F",4,0.5,264,"F",4,"C",304,1096,"A1"]
["Director, Contract Management","Market & Resource Development","F+","II",3,460,"F",4,0.5,230,"E+",5,"C",304,994,"A2"]
["Director, Human Resources","Corporate Services","F+","II",3,460,"F",4,0.5,230,"F",4,"C",304,994,"A2"]
["Director, Settlements","Corporate Services","F+","II",3,460,"F",4,0.5,230,"E+",5,"C",304,994,"A2"]
["Director, Smart Metering","Information & Technology Services","F+","II",3,460,"F",4,0.5,230,"E",5,"C",264,954,"A1"]
["General Counsel","Planning, Law & Aboriginal Relations","F+","II",3,460,"F",4,0.5,230,"F-",4,"C",264,954,"A1"]
["Director, Markets","Market & Resource Development","F","II",3,400,"F",4,0.5,200,"E",5,"C",264,864,"A2"]
["Manager, Stakeholder & Public Affairs","Conservation & Corporate Relations","F","II",3,400,"F",4,0.5,200,"F-",4,"C",264,864,"A2"]
["Corporate Controller","Corporate Services","F","II",3,400,"E+",4,0.5,200,"E+",4,"C",230,830,"A1"]
["Director, Clean Energy Procurement","Market & Resource Development","F","II",3,400,"E+",4,0.5,200,"E","5-","C",230,830,"A1"]
["Director, Corporate and Commercial Law Group","Planning, Law & Aboriginal Relations","F","II",3,400,"E+",4,0.5,200,"E+",4,"C",230,830,"A1"]
["Director, Financial Planning & Analysis","Corporate Services","F","II",3,400,"E+",4,0.5,200,"E+",4,"C",230,830,"A1"]
["Director, Policy & Analysis","Market & Resource Development","F","II",3,400,"F",4,0.5,200,"E",4,"C+",230,830,"A1"]
["Director, Renewables Procurement","Market & Resource Development","F","II",3,400,"E+",4,0.5,200,"E","5-","C",230,830,"A1"]
["Director, Resource Integration","Planning, Law & Aboriginal Relations","F","II",3,400,"E+",4,0.5,200,"E-",5,"C",230,830,"A1"]
["Director, Transmission Integration","Planning, Law & Aboriginal Relations","F","II",3,400,"E+",4,0.5,200,"E-",5,"C",230,830,"A1"]
["Manager, Business Solutions","Information & Technology Services","F","II",3,400,"F",4,0.5,200,"E","5-","C",230,830,"A1"]
["Manager, Internal Audit","CEO","F","II",3,400,"E+",4,0.5,200,"E+",4,"C",230,830,"A1"]
["Director, Business Development","Conservation & Corporate Relations","F","II",3,400,"E+",4,0.5,200,"E",4,"C+",230,830,"A1"]
["Director, Conservation Performance","Conservation & Corporate Relations","F","II",3,400,"E+",4,0.5,200,"E",4,"C+",230,830,"A1"]
["Manager Market Facilitation","Market & Systems Operations","F","II",3,400,"E",4,0.43,175,"E","5-","C",230,805,"A2"]
["Manager, Emergency Preparedness","Market & Systems Operations","F","II",3,400,"E",4,0.43,175,"E","5-","C",230,805,"A2"]
["Manager, Market Forecasts & Integration","Market & Systems Operations","F","II",3,400,"E",4,0.43,175,"E","5-","C",230,805,"A2"]
["Manager, Reliability Standards & Assessments","Market & Systems Operations","F","II",3,400,"E",4,0.43,175,"E","5-","C",230,805,"A2"]
["Manager, Shift Operations","Market & Systems Operations","F","II",3,400,"E",4,0.43,175,"E","5-","C",230,805,"A2"]
["Manager, Systems Performance & Models","Market & Systems Operations","F","II",3,400,"E",4,0.43,175,"E","5-","C",230,805,"A2"]
["Manager, Treasury & Pension Operations","Corporate Services","F","II",3,400,"E",4,0.43,175,"E+",4,"C",230,805,"A2"]
["Manager, Operations Change Initiatives","Market & Systems Operations","F","II",3,400,"E",4,0.43,175,"E","5-","C",230,805,"A2"]
["Manager, Organizational Governance & Support","Information & Technology Services","F","II",3,400,"E",4,0.43,175,"E",4,"C",200,775,"A1"]
["Manager, Technology Support","Information & Technology Services","F","II",3,400,"E",4,0.43,175,"E",4,"C",200,775,"A1"]
["Director, Strategic Engagement & Innovation","Conservation & Corporate Relations","F","II",3,400,"E",4,0.43,175,"E-",4,"C",175,750,"L"]
["Manager, Program Delivery & Partner Services","Conservation & Corporate Relations","F","II",3,400,"E",4,0.43,175,"E-",4,"C",175,750,"L"]
["Manager, Human Resources (Employee & Labour Relations)","Corporate Services","F","I+",3,350,"E","4-",0.43,152,"E",4,"C",200,702,"A2"]
["Manager, Meter Data Management","Corporate Services","F","I+",3,350,"E","4-",0.43,152,"E",2,"P",200,702,"A2"]
["Manager, Settlement Support","Corporate Services","F","I+",3,350,"E","4-",0.43,152,"E",2,"P",200,702,"A2"]
["Manager, Special Projects","Market & Resource Development","F","I+",3,350,"E",4,0.43,152,"E",4,"C",200,702,"A2"]
["Manager, First Nations","Planning, Law & Aboriginal Relations","F","I+",3,350,"E",4,0.43,152,"E","4-","C",175,677,"A1"]
["Manager, Human Resources (Total Rewards)","Corporate Services","F","I+",3,350,"E",4,0.43,152,"E","4-","C",175,677,"A1"]
["Manager, Regulatory Affairs","Planning, Law & Aboriginal Relations","F","I+",3,350,"E",4,0.43,152,"E-",4,"C",175,677,"A1"]
["Manager, Smart Metering","Information & Technology Services","F","II-",3,350,"E",4,0.43,152,"E-",2,"P",175,677,"A1"]
["Senior Counsel Manager","Planning, Law & Aboriginal Relations","F","I+",3,350,"E",4,0.43,152,"E",3,"C",152,654,"L"]
["Manager, Finance & Accounting","Corporate Services","F","I",3,304,"E",4,0.43,132,"D+",4,"C",152,588,"A1"]
["Manager, Learning & Organizational Development","Corporate Services","F","I",3,304,"E",4,0.43,132,"D+",4,"C",152,588,"A1"]
["Manager, RESOP/FIT","Market & Resource Development","F","I",3,304,"E",4,0.43,132,"D+",4,"C",152,{"$f":"F52+J52+N52","v":588},"A1"]
["Manager, FIT & microFIT","Market & Resource Development","F","I",3,304,"E",4,0.43,132,"D+",4,"C",152,588,"A1"]
["Manager, Contract Management (Commercial Services)","Market & Resource Development","F","I",3,304,"E",4,0.43,132,"D+",4,"C",152,588,"A1"]
["Manager, Contract Management (Vacant role)","Market & Resource Development","F","I",3,304,"E",4,0.43,132,"D+",4,"C",152,588,"A1"]
["Manager, Market Change Initiatives","Market & Resource Development","F","I",3,304,"E",4,0.43,132,"D+",4,"C",152,588,"A1"]
["Manager, Procurement Operations","Market & Resource Development","F","I",3,304,"E",4,0.43,132,"D+",4,"C",152,588,"A1"]
["Manager, Renewable Generation Procurement","Market & Resource Development","F","I",3,304,"E",4,0.43,132,"D+",4,"C",152,588,"A1"]
["Control Room Supervisor","Market & Systems Operations","F","I",3,304,"E",4,0.43,132,"D+",2,"P",152,588,"A1"]
["Section Head Communications","Conservation & Corporate Relations","E","II",3,304,"E",4,0.43,132,"D+",4,"C",152,588,"A1"]
["Manager Alliances","Conservation & Corporate Relations","E","II",3,304,"D+","4-",0.38,115,"D+",4,"C",152,571,"A2"]
["Superintendent Operations","Market & Systems Operations","F","I",3,304,"D",4,0.38,115,"D+",2,"P",152,{"$f":"F62+J62+N62","v":571},"A2"]
["Section Head Planning & Assessments","Market & Systems Operations","F","I",3,304,"D",4,0.38,115,"D+",2,"P",152,571,"A2"]
["Section Head Shift Operations Support","Market & Systems Operations","F","I",3,304,"D",4,0.38,115,"D+",2,"P",152,571,"A2"]
["Manager Technical Services","Conservation & Corporate Relations","E","II",3,304,"D+","4-",0.38,115,"D+",4,"C",152,571,"A2"]
["Market Transformation Manager","Conservation & Corporate Relations","E","II",3,304,"D+","4-",0.38,115,"D+",4,"C",152,571,"A2"]
["Section Head, ITI","Information & Technology Services","F","I",3,304,"D",4,0.38,115,"D+",4,"C",152,571,"A2"]
["Section Head, IT Operations","Information & Technology Services","F","I",3,304,"D",4,0.38,115,"D+",4,"C",152,571,"A2"]
["Manager Customer Relations","Conservation & Corporate Relations","E","II",3,304,"D+","4-",0.38,115,"D",4,"C",132,551,"A1"]
["Manager, Conservation Intelligence and Analytics","Conservation & Corporate Relations","E","II",3,304,"D+","4-",0.38,115,"D",4,"C",132,551,"A1"]
["Manager, Financial Planning & Analysis","Corporate Services","F","I",3,304,"E","3+",0.38,115,"D+","4-","C",132,551,"A1"]
["Manager, Human Resources (Business Partner)","Corporate Services","F-","I+",3,304,"E","3+",0.38,115,"D+","4-","C",132,551,"A1"]
["Manager, Procure to Pay","Corporate Services","E","II",3,304,"E","3+",0.38,115,"D+","4-","C",132,551,"A1"]
["Manager, Contract Management (Contract & Support Services)","Market & Resource Development","E+","I",3,264,"D",4,0.38,100,"D","4-","C",115,479,"A1"]
["Manager, IT Operations","Information & Technology Services","E+","I",3,264,"E","3+",0.38,100,"D+",3,"C",115,{"$f":"F75+J75+N75","v":479},"A1"]
["Manager, IT Solutions","Information & Technology Services","E+","I",3,264,"E","3+",0.38,100,"D+",3,"C",115,479,"A1"]
["Manager, Project & Portfolio","Market & Resource Development","E+","I",3,264,"D",4,0.38,100,"D","4-","C",115,479,"A1"]
["Section Head Corporate Business Management","Corporate Services","E+","I",3,264,"E","3+",0.38,100,"D+",3,"C",115,479,"A1"]
["Section Head-Talent Acquisition & Management","Corporate Services","E+","I",3,264,"E","3+",0.38,100,"D+",3,"C",115,479,"A1"]
["Manager Office and Facilities Management","Information & Technology Services","D+","I",3,200,"D",3,0.28999999999999998,57,"C",1,"P",66,323,"A1"]

{"sheet":"Grade Structure","index":1,"n_rows":82,"n_cols":14,"rows_kept":82,"cut":false,"hidden":false,"merged":[[1,0,1,4],[1,6,1,10],[1,11,1,13],[11,6,11,10]]}
["IESO Grading Structure"]
["Incumbent Data",null,null,null,null,null,"Grade Structure"]
["Title","Total Points","Grade","Pay Grade","Fit",null,"Start","Midpoint","End","Grade","Range Spread","bottom","top","tolerance #"]
[null,null,null,null,null,null,122,{"$f":"AVERAGE(G4,I4)","v":153},{"$f":"ROUND(G4*(1+K4),0)","v":184},8,0.51,{"$f":"G4+N4","v":125.1},{"$f":"I4-N4","v":180.9},{"$f":"(I4-G4)*J$28","v":3.1}]
[null,null,null,null,null,null,{"$f":"+I4+1","v":185},231.5,278,7,0.5,189.65,273.35000000000002,{"$f":"(I5-G5)*J$28","v":4.6500000000000004}]
[null,null,null,null,null,null,{"$f":"+I5+1","v":279},349,419,6,0.5,286,412,7]
[null,null,null,null,null,null,420,{"$f":"AVERAGE(G7,I7)","v":525},{"$f":"ROUND(G7*(1+K7),0)","v":630},5,0.5,{"$f":"G7+N7","v":430.5},{"$f":"I7-N7","v":619.5},{"$f":"(I7-G7)*J$28","v":10.5}]
[null,null,null,null,null,null,{"$f":"+I7+1","v":631},{"$f":"AVERAGE(G8,I8)","v":725.5},{"$f":"ROUND(G8*(1+K8),0)","v":820},4,0.3,{"$f":"G8+N8","v":640.45000000000005},{"$f":"I8-N8","v":810.55},{"$f":"(I8-G8)*J$28","v":9.4500000000000011}]
[null,null,null,null,null,null,{"$f":"+I8+1","v":821},1026.5,{"$f":"ROUND(G9*(1+K9),0)","v":1232},3,0.5,841.55,1211.45,{"$f":"(I9-G9)*J$28","v":20.55}]
[{"$f":"Evaluations!A7","v":"Director, Market Operations"},{"$f":"Evaluations!O7","v":1192},{"$f":"IFERROR(VLOOKUP($B10,$G$4:$J$10,4,1),\"\")","v":3},{"$f":"IFERROR(VLOOKUP($B10,$G$14:$J$26,4,1),\"\")","v":"3H"},{"$f":"IFERROR(IF(B10=\"\",\"\",IF(VLOOKUP($C10,J$4:N$10,3,0)>B10,\"L\",IF(VLOOKUP(C10,J$4:N$10,4,0)<B10,\"H\",\"\"))),\"\")","v":""},null,{"$f":"+I9+1","v":1233},{"$f":"AVERAGE(G10,I10)","v":1541.5},{"$f":"ROUND(G10*(1+K10),0)","v":1850},2,0.5,{"$f":"G10+N10","v":1263.8499999999999},{"$f":"I10-N10","v":1819.15},{"$f":"(I10-G10)*J$28","v":30.85}]
[{"$f":"Evaluations!A8","v":"Director, Power Systems Assessments"},{"$f":"Evaluations!O8","v":1192},3,"3H",""]
[{"$f":"Evaluations!A9","v":"Director, MACD"},{"$f":"Evaluations!O9","v":1096},3,"3H","",null,"Pay Structure"]
[{"$f":"Evaluations!A10","v":"Director, Contract Management"},{"$f":"Evaluations!O10","v":994},3,"3L","",null,"Start","Midpoint","End","Grade","Range Spread"]
[{"$f":"Evaluations!A11","v":"Director, Human Resources"},{"$f":"Evaluations!O11","v":994},3,"3L","",null,122,136,149,"8L",0.224]
[{"$f":"Evaluations!A12","v":"Director, Settlements"},{"$f":"Evaluations!O12","v":994},3,"3L","",null,150,167,184,"8H",0.224]
[{"$f":"Evaluations!A13","v":"Director, Smart Metering"},{"$f":"Evaluations!O13","v":954},3,"3L","",null,185,206,226,"7L",0.224]
[{"$f":"Evaluations!A14","v":"General Counsel"},{"$f":"Evaluations!O14","v":954},3,"3L","",null,227,253,278,"7H",0.224]
[{"$f":"Evaluations!A15","v":"Director, Markets"},{"$f":"Evaluations!O15","v":864},3,"3L","",null,279,310,341,"6L",0.224]
[{"$f":"Evaluations!A16","v":"Manager, Stakeholder & Public Affairs"},{"$f":"Evaluations!O16","v":864},3,"3L","",null,342,381,419,"6H",0.224]
[{"$f":"Evaluations!A17","v":"Corporate Controller"},{"$f":"Evaluations!O17","v":830},3,"3L","L",null,420,{"$f":"ROUND(AVERAGE(G20,I20),0)","v":467},{"$f":"ROUND(G20*(1+K20),0)","v":514},"5L",0.22420000000000001]
[{"$f":"Evaluations!A18","v":"Director, Clean Energy Procurement"},{"$f":"Evaluations!O18","v":830},3,"3L","L",null,{"$f":"+I20+1","v":515},{"$f":"ROUND(AVERAGE(G21,I21),0)","v":573},630,"5H",0.22420000000000001]
[{"$f":"Evaluations!A19","v":"Director, Corporate and Commercial Law Group"},{"$f":"Evaluations!O19","v":830},3,"3L","L",null,{"$f":"+I21+1","v":631},726,820,4,0.3]
[{"$f":"Evaluations!A20","v":"Director, Financial Planning & Analysis"},{"$f":"Evaluations!O20","v":830},3,"3L","L",null,{"$f":"+I22+1","v":821},913,1005,"3L",0.22420000000000001]
[{"$f":"Evaluations!A21","v":"Director, Policy & Analysis"},{"$f":"Evaluations!O21","v":830},3,"3L","L",null,1006,1119,1232,"3H",0.22420000000000001]
[{"$f":"Evaluations!A22","v":"Director, Renewables Procurement"},{"$f":"Evaluations!O22","v":830},3,"3L","L",null,{"$f":"+I24+1","v":1233},{"$f":"ROUND(AVERAGE(G25,I25),0)","v":1372},1510,"2L",0.2243]
[{"$f":"Evaluations!A23","v":"Director, Resource Integration"},{"$f":"Evaluations!O23","v":830},3,"3L","L",null,1511,1681,1850,"2H",0.2243]
[{"$f":"Evaluations!A24","v":"Director, Transmission Integration"},{"$f":"Evaluations!O24","v":830},3,"3L","L"]
[{"$f":"Evaluations!A25","v":"Manager, Business Solutions"},{"$f":"Evaluations!O25","v":830},3,"3L","L",null,null,null,"Fit tolerance %",0.05]
[{"$f":"Evaluations!A26","v":"Manager, Internal Audit"},{"$f":"Evaluations!O26","v":830},3,"3L","L",null,null,null,null,"n","%"]
[{"$f":"Evaluations!A27","v":"Director, Business Development"},{"$f":"Evaluations!O27","v":830},3,"3L","L",null,null,null,{"$f":"\"Jobs in top \"&J$28*100&\"%\"","v":"Jobs in top 5%"},{"$f":"COUNTIF(E4:E574,\"H\")","v":0},{"$f":"J30/SUM(J$30:J$32)","v":0}]
[{"$f":"Evaluations!A28","v":"Director, Conservation Performance"},{"$f":"Evaluations!O28","v":830},3,"3L","L",null,null,null,{"$f":"\"Jobs in middle \"&100-J28*200&\"%\"","v":"Jobs in middle 90%"},{"$f":"COUNT(C4:C574)-J30-J32","v":61},{"$f":"J31/SUM(J$30:J$32)","v":0.83561643835616439}]
[{"$f":"Evaluations!A29","v":"Manager Market Facilitation"},{"$f":"Evaluations!O29","v":805},4,4,"",null,null,null,{"$f":"\"Jobs in bottom \"&J$28*100&\"%\"","v":"Jobs in bottom 5%"},{"$f":"COUNTIF(E4:E574,\"L\")","v":12},{"$f":"J32/SUM(J$30:J$32)","v":0.16438356164383561}]
[{"$f":"Evaluations!A30","v":"Manager, Emergency Preparedness"},{"$f":"Evaluations!O30","v":805},4,4,""]
[{"$f":"Evaluations!A31","v":"Manager, Market Forecasts & Integration"},{"$f":"Evaluations!O31","v":805},4,4,""]
[{"$f":"Evaluations!A32","v":"Manager, Reliability Standards & Assessments"},{"$f":"Evaluations!O32","v":805},4,4,""]
[{"$f":"Evaluations!A33","v":"Manager, Shift Operations"},{"$f":"Evaluations!O33","v":805},4,4,""]
[{"$f":"Evaluations!A34","v":"Manager, Systems Performance & Models"},{"$f":"Evaluations!O34","v":805},4,4,""]
[{"$f":"Evaluations!A35","v":"Manager, Treasury & Pension Operations"},{"$f":"Evaluations!O35","v":805},4,4,""]
[{"$f":"Evaluations!A36","v":"Manager, Operations Change Initiatives"},{"$f":"Evaluations!O36","v":805},4,4,""]
[{"$f":"Evaluations!A37","v":"Manager, Organizational Governance & Support"},{"$f":"Evaluations!O37","v":775},4,4,""]
[{"$f":"Evaluations!A38","v":"Manager, Technology Support"},{"$f":"Evaluations!O38","v":775},4,4,""]
[{"$f":"Evaluations!A39","v":"Director, Strategic Engagement & Innovation"},{"$f":"Evaluations!O39","v":750},4,4,""]
[{"$f":"Evaluations!A40","v":"Manager, Program Delivery & Partner Services"},{"$f":"Evaluations!O40","v":750},4,4,""]
[{"$f":"Evaluations!A41","v":"Manager, Human Resources (Employee & Labour Relations)"},{"$f":"Evaluations!O41","v":702},4,4,""]
[{"$f":"Evaluations!A42","v":"Manager, Meter Data Management"},{"$f":"Evaluations!O42","v":702},4,4,""]
[{"$f":"Evaluations!A43","v":"Manager, Settlement Support"},{"$f":"Evaluations!O43","v":702},4,4,""]
[{"$f":"Evaluations!A44","v":"Manager, Special Projects"},{"$f":"Evaluations!O44","v":702},4,4,""]
[{"$f":"Evaluations!A45","v":"Manager, First Nations"},{"$f":"Evaluations!O45","v":677},4,4,""]
[{"$f":"Evaluations!A46","v":"Manager, Human Resources (Total Rewards)"},{"$f":"Evaluations!O46","v":677},4,4,""]
[{"$f":"Evaluations!A47","v":"Manager, Regulatory Affairs"},{"$f":"Evaluations!O47","v":677},4,4,""]
[{"$f":"Evaluations!A48","v":"Manager, Smart Metering"},{"$f":"Evaluations!O48","v":677},4,4,""]
[{"$f":"Evaluations!A49","v":"Senior Counsel Manager"},{"$f":"Evaluations!O49","v":654},4,4,""]
[{"$f":"Evaluations!A50","v":"Manager, Finance & Accounting"},{"$f":"Evaluations!O50","v":588},5,"5H",""]
[{"$f":"Evaluations!A51","v":"Manager, Learning & Organizational Development"},{"$f":"Evaluations!O51","v":588},5,"5H",""]
[{"$f":"Evaluations!A52","v":"Manager, RESOP/FIT"},{"$f":"Evaluations!O52","v":588},5,"5H",""]
[{"$f":"Evaluations!A53","v":"Manager, FIT & microFIT"},{"$f":"Evaluations!O53","v":588},5,"5H",""]
[{"$f":"Evaluations!A54","v":"Manager, Contract Management (Commercial Services)"},{"$f":"Evaluations!O54","v":588},5,"5H",""]
[{"$f":"Evaluations!A55","v":"Manager, Contract Management (Vacant role)"},{"$f":"Evaluations!O55","v":588},5,"5H",""]
[{"$f":"Evaluations!A56","v":"Manager, Market Change Initiatives"},{"$f":"Evaluations!O56","v":588},5,"5H",""]
[{"$f":"Evaluations!A57","v":"Manager, Procurement Operations"},{"$f":"Evaluations!O57","v":588},5,"5H",""]
[{"$f":"Evaluations!A58","v":"Manager, Renewable Generation Procurement"},{"$f":"Evaluations!O58","v":588},5,"5H",""]
[{"$f":"Evaluations!A59","v":"Control Room Supervisor"},{"$f":"Evaluations!O59","v":588},5,"5H",""]
[{"$f":"Evaluations!A60","v":"Section Head Communications"},{"$f":"Evaluations!O60","v":588},5,"5H",""]
[{"$f":"Evaluations!A61","v":"Manager Alliances"},{"$f":"Evaluations!O61","v":571},5,"5H",""]
[{"$f":"Evaluations!A62","v":"Superintendent Operations"},{"$f":"Evaluations!O62","v":571},5,"5H",""]
[{"$f":"Evaluations!A63","v":"Section Head Planning & Assessments"},{"$f":"Evaluations!O63","v":571},5,"5H",""]
[{"$f":"Evaluations!A64","v":"Section Head Shift Operations Support"},{"$f":"Evaluations!O64","v":571},5,"5H",""]
[{"$f":"Evaluations!A65","v":"Manager Technical Services"},{"$f":"Evaluations!O65","v":571},5,"5H",""]
[{"$f":"Evaluations!A66","v":"Market Transformation Manager"},{"$f":"Evaluations!O66","v":571},{"$f":"IFERROR(VLOOKUP($B69,$G$4:$J$10,4,1),\"\")","v":5},{"$f":"IFERROR(VLOOKUP($B69,$G$14:$J$26,4,1),\"\")","v":"5H"},{"$f":"IFERROR(IF(B69=\"\",\"\",IF(VLOOKUP($C69,J$4:N$10,3,0)>B69,\"L\",IF(VLOOKUP(C69,J$4:N$10,4,0)<B69,\"H\",\"\"))),\"\")","v":""}]
[{"$f":"Evaluations!A67","v":"Section Head, ITI"},{"$f":"Evaluations!O67","v":571},5,"5H",""]
[{"$f":"Evaluations!A68","v":"Section Head, IT Operations"},{"$f":"Evaluations!O68","v":571},5,"5H",""]
[{"$f":"Evaluations!A69","v":"Manager Customer Relations"},{"$f":"Evaluations!O69","v":551},5,"5H",""]
[{"$f":"Evaluations!A70","v":"Manager, Conservation Intelligence and Analytics"},{"$f":"Evaluations!O70","v":551},5,"5H",""]
[{"$f":"Evaluations!A71","v":"Manager, Financial Planning & Analysis"},{"$f":"Evaluations!O71","v":551},5,"5H",""]
[{"$f":"Evaluations!A72","v":"Manager, Human Resources (Business Partner)"},{"$f":"Evaluations!O72","v":551},5,"5H",""]
[{"$f":"Evaluations!A73","v":"Manager, Procure to Pay"},{"$f":"Evaluations!O73","v":551},5,"5H",""]
[{"$f":"Evaluations!A74","v":"Manager, Contract Management (Contract & Support Services)"},{"$f":"Evaluations!O74","v":479},5,"5L",""]
[{"$f":"Evaluations!A75","v":"Manager, IT Operations"},{"$f":"Evaluations!O75","v":479},5,"5L",""]
[{"$f":"Evaluations!A76","v":"Manager, IT Solutions"},{"$f":"Evaluations!O76","v":479},5,"5L",""]
[{"$f":"Evaluations!A77","v":"Manager, Project & Portfolio"},{"$f":"Evaluations!O77","v":479},5,"5L",""]
[{"$f":"Evaluations!A78","v":"Section Head Corporate Business Management"},{"$f":"Evaluations!O78","v":479},5,"5L",""]
[{"$f":"Evaluations!A79","v":"Section Head-Talent Acquisition & Management"},{"$f":"Evaluations!O79","v":479},5,"5L",""]

{"sheet":"Job Matrix","index":2,"n_rows":47,"n_cols":21,"rows_kept":47,"cut":false,"hidden":false,"merged":[[5,0,6,0],[5,1,6,1],[5,2,6,2],[5,3,6,3],[5,4,6,4],[8,0,9,0],[8,4,9,4],[12,0,14,0],[12,2,14,2],[12,5,14,5],[8,3,9,3],[8,5,9,5],[15,0,21,0],[15,1,21,1],[15,2,21,2],[15,3,21,3],[15,4,21,4],[26,7,28,7],[22,0,23,0],[22,1,23,1],[22,3,23,3],[22,4,23,4],[22,5,23,5],[22,6,23,6],[26,0,28,0],[26,2,28,2],[26,3,28,3],[26,4,28,4],[24,0,25,0],[45,0,46,0],[45,3,46,3],[45,5,46,5],[45,6,46,6],[29,7,30,7],[32,0,38,0],[32,2,38,2],[32,3,38,3],[32,5,38,5],[32,6,38,6],[32,7,38,7],[29,0,30,0],[29,1,30,1],[29,2,30,2],[29,4,30,4],[29,5,30,5],[45,7,46,7],[39,1,40,1],[39,3,40,3],[39,4,40,4],[39,6,40,6],[42,2,43,2],[42,3,43,3],[42,4,43,4],[42,5,43,5],[42,6,43,6],[39,0,41,0],[42,0,44,0],[1,10,1,14],[8,2,9,2],[22,7,23,7],[15,6,21,6],[15,7,17,7],[19,7,21,7],[12,6,14,6],[8,6,9,6],[5,6,6,6],[5,7,6,7],[8,7,9,7],[29,6,30,6],[26,5,28,5],[26,6,28,6]]}
["Job Ranking Matrix",null,null,null,null,null,null,null,null,null,null,null,null,null,null,1]
["Evaluation Points","Corporate Services","Information & Technology Services","Planning, Law & Aboriginal Relations","Market & Resource Development","Market & Systems Operations","CEO","Conservation & Corporate Relations"]
[null,null,null,null,null,null,null,null,1708]
[null,null,null,null,null,null,null,null,1628,null,null,null,null,null,null,null,{"$f":"five_grade","v":420},525,630,5,0.5]
[null,null,null,null,null,null,null,null,1418,null,null,null,null,null,null,null,631,725.5,820,4,0.3]
[1192,null,null,null,null,"Director, Market Operations",null,null,1192,null,null,null,null,null,null,null,821,1026.5,1232,3,0.5]
[null,null,null,null,null,"Director, Power Systems Assessments",null,null,1192,null,null,null,null,null,null,null,1233,1541.5,1850,2,0.5]
[1096,null,null,null,null,null,"Director, MACD",null,1096,null,{"$f":"IFERROR(Q8,\"\")","v":""},{"$f":"IFERROR(R8,\"\")","v":""},{"$f":"IFERROR(S8,\"\")","v":""},{"$f":"IFERROR(T8,\"\")","v":""},{"$f":"IFERROR(U8,\"\")","v":""},null,{"$error":"#N/A"},{"$error":"#N/A"},{"$error":"#N/A"},{"$error":"#N/A"},{"$error":"#N/A"}]
[994,"Director, Human Resources\r",null,null,"Director, Contract Management",null,null,null,994,null,"","","","","",null,{"$error":"#N/A"},{"$error":"#N/A"},{"$error":"#N/A"},{"$error":"#N/A"},{"$error":"#N/A"}]
[null,"Director, Settlements",null,null,null,null,null,null,994,null,null,null,null,null,null,null,{"$f":"'Grade Structure'!G13","v":"Start"},{"$f":"'Grade Structure'!H13","v":"Midpoint"},{"$f":"'Grade Structure'!I13","v":"End"},{"$f":"'Grade Structure'!J13","v":"Grade"},{"$f":"'Grade Structure'!K13","v":"Range Spread"}]
[954,null,"Director, Smart Metering","General Counsel",null,null,null,null,954,null,null,null,null,null,null,null,{"$f":"'Grade Structure'!G20","v":420},{"$f":"'Grade Structure'!H20","v":467},{"$f":"'Grade Structure'!I20","v":514},{"$f":"'Grade Structure'!J20","v":"5L"},{"$f":"'Grade Structure'!K20","v":0.22420000000000001}]
[864,null,null,null,"Director, Markets",null,null,"Manager, Stakeholder & Public Affairs",864,null,null,null,null,null,null,null,{"$f":"'Grade Structure'!G21","v":515},{"$f":"'Grade Structure'!H21","v":573},{"$f":"'Grade Structure'!I21","v":630},{"$f":"'Grade Structure'!J21","v":"5H"},{"$f":"'Grade Structure'!K21","v":0.22420000000000001}]
[830,"Corporate Controller\r","Manager, Business Solutions","Director, Corporate and Commercial Law Group\r","Director, Clean Energy Procurement\r",null,"Manager, Internal Audit","Director, Business Development",830,null,null,null,null,null,null,null,{"$f":"'Grade Structure'!G22","v":631},{"$f":"'Grade Structure'!H22","v":726},{"$f":"'Grade Structure'!I22","v":820},{"$f":"'Grade Structure'!J22","v":4},{"$f":"'Grade Structure'!K22","v":0.3}]
[null,"Director, Financial Planning & Analysis",null,"Director, Resource Integration","Director, Policy & Analysis",null,null,"Director, Conservation Performance",830,null,null,null,null,null,null,null,{"$f":"'Grade Structure'!G23","v":821},{"$f":"'Grade Structure'!H23","v":913},{"$f":"'Grade Structure'!I23","v":1005},{"$f":"'Grade Structure'!J23","v":"3L"},{"$f":"'Grade Structure'!K23","v":0.22420000000000001}]
[null,null,null,"Director, Transmission Integration","Director, Renewables Procurement",null,null,null,830,null,null,null,null,null,null,null,{"$f":"'Grade Structure'!G24","v":1006},{"$f":"'Grade Structure'!H24","v":1119},{"$f":"'Grade Structure'!I24","v":1232},{"$f":"'Grade Structure'!J24","v":"3H"},{"$f":"'Grade Structure'!K24","v":0.22420000000000001}]
[805,"Manager, Treasury & Pension Operations",null,null,null,"Manager Market Facilitation\r",null,null,805,null,null,null,null,null,null,null,{"$f":"'Grade Structure'!G25","v":1233},{"$f":"'Grade Structure'!H25","v":1372},{"$f":"'Grade Structure'!I25","v":1510},{"$f":"'Grade Structure'!J25","v":"2L"},{"$f":"'Grade Structure'!K25","v":0.2243}]
[null,null,null,null,null,"Manager, Emergency Preparedness",null,null,805,null,null,null,null,null,null,null,{"$f":"'Grade Structure'!G26","v":1511},{"$f":"'Grade Structure'!H26","v":1681},{"$f":"'Grade Structure'!I26","v":1850},{"$f":"'Grade Structure'!J26","v":"2H"},{"$f":"'Grade Structure'!K26","v":0.2243}]
[null,null,null,null,null,"Manager, Market Forecasts & Integration",null,null,805]
[null,null,null,null,null,"Manager, Operations Change Initiatives",null,null,805]
[null,null,null,null,null,"Manager, Reliability Standards & Assessments",null,null,805]
[null,null,null,null,null,"Manager, Shift Operations",null,null,805]
[null,null,null,null,null,"Manager, Systems Performance & Models",null,null,805]
[775,null,"Manager, Organizational Governance & Support\r",null,null,null,null,null,775]
[null,null,"Manager, Technology Support",null,null,null,null,null,775]
[750,null,null,null,null,null,null,"Director, Strategic Engagement & Innovation",750]
[null,null,null,null,null,null,null,"Manager, Program Delivery & Partner Services",750]
[702,"Manager, HR (Employee & Labour Relations)\r",null,null,"Manager, Special Projects",null,null,null,702]
[null,"Manager, Meter Data Management",null,null,null,null,null,null,702]
[null,"Manager, Settlement Support",null,null,null,null,null,null,702]
[677,"Manager, Human Resources (Total Rewards)\r","Manager, Smart Metering","Manager, First Nations",null,null,null,null,677]
[null,null,null,"Manager, Regulatory Affairs",null,null,null,null,677]
[654,null,null,"Senior Counsel Manager",null,null,null,null,654]
[588,"Manager, Finance & Accounting",null,null,"Manager, RESOP/FIT","Control Room Supervisor",null,"Section Head Communications",588]
[null,"Manager, Learning & Organizational Development",null,null,"Manager, FIT & microFIT",null,null,null,588]
[null,null,null,null,"Manager, Contract Mgmt (Commercial Services)",null,null,null,588]
[null,null,null,null,"Manager, Contract Management (Vacant role)",null,null,null,588]
[null,null,null,null,"Manager, Market Change Initiatives",null,null,null,588]
[null,null,null,null,"Manager, Procurement Operations",null,null,null,588]
[null,null,null,null,"Manager, Renewable Generation Procurement",null,null,null,588]
[571,null,"Section Head, ITI",null,null,"Section Head Planning & Assessments\r",null,"Manager Alliances\r",571]
[null,null,"Section Head, IT Operations",null,null,"Section Head Shift Operations Support",null,"Manager Technical Services",571]
[null,null,null,null,null,"Superintendent Operations",null,"Market Transformation Manager",571]
[551,"Manager, Financial Planning & Analysis",null,null,null,null,null,"Manager, Conservation Intelligence and Analytics",551]
[null,"Manager, Human Resources (Business Partner)",null,null,null,null,null,"Manager Customer Relations",551]
[null,"Manager, Procure to Pay",null,null,null,null,null,null,551]
[479,"Section Head Corporate Business Management","Manager, IT Operations",null,"Manager, Contract Mgmt (Contract & Support Services)\r",null,null,null,479]
[null,"Section Head-Talent Acquisition & Management","Manager, IT Solutions",null,"Manager, Project & Portfolio",null,null,null,479]

{"sheet":"Market Data","index":3,"n_rows":122,"n_cols":77,"rows_kept":122,"cut":false,"hidden":false,"merged":[[6,31,6,33],[6,34,6,36],[6,21,6,23],[6,7,6,9],[6,18,6,20],[6,14,6,16],[6,10,6,12],[6,24,6,26],[6,27,6,30],[28,40,28,43],[6,37,6,38],[6,72,6,76],[6,47,6,51],[6,52,6,56],[6,62,6,66],[6,67,6,71],[11,40,11,44],[6,57,6,61],[7,40,7,44]]}
[null,"Filed:  July 22, 2016, EB-2015-0275, Exhibit I, Tab 1.0, Schedule 10.05, Attachment 2"]
[null,"IESO - Market Pricing",null,null,null,null,null,null,null,null,null,null,null,null,null,null,null,null,null,null,null,null,null,null,null,null,null,null,null,null,null,null,"Hybrid Market - % Weighting"]
[null,null,null,null,null,null,null,null,null,null,null,null,null,null,null,null,null,null,null,null,null,null,null,null,"Public Market",null,null,"Private Market",null,null,null,null,"Public Market",0.5]
[null,null,null,null,null,null,null,null,null,null,null,null,null,null,null,null,null,null,null,null,null,null,null,null,"Percentile",null,null,"Percentile",null,null,null,null,"Private Market",{"$f":"1-AH3","v":0.5}]
[null,null,null,null,null,null,null,null,null,null,null,null,null,null,null,null,null,null,null,null,null,null,null,null,50,null,null,50,null,null,null,null,"Total",{"$f":"SUM(AH3:AH4)","v":1}]
[null,null,null,null,null,null,null,null,null,null,null,null,null,null,null,null,null,null,null,null,null,null,null,null,"*Between 25 to 75",null,null,"*Between 25 to 75",null,null,null,null,null,null,"* Please adjust min-mid-max %'s in cells AQ36 to AS48",null,null,null,null,null,null,null,null,null,null,null,null,15,null,14,null,13,23,null,22,null,21,39,null,38,null,37,15,null,14,null,13,23,null,22,null,21,39,null,38,null,37]
[null,"* Data is in thousands of Canadian dollars",null,null,null,null,null,"Compa Ratio\n(IESO Base Salary / \nMarket Base Salary)",null,null,"Compa Ratio \n(IESO Base Salary / \nMarket Target Total Direct)",null,null,null,"Compa Ratio\n(IESO Midpoint / \nMarket Target Total Cash)",null,null,null,"Compa Ratio\n(IESO Target Total Cash / \nMarket Target Total Cash)",null,null,"Compa Ratio \n(IESO Target Total Cash / \nMarket Target Total Direct)",null,null,{"$f":"\"Public Market - P\"&$Y$5","v":"Public Market - P50"},null,null,{"$f":"\"Private Market - P\"&$AB$5","v":"Private Market - P50"},null,null,null,{"$f":"\"Hybrid Market\n(\"&$AH$3*100&\"% Public / \"&$AH$4*100&\"% Private)\"","v":"Hybrid Market\n(50% Public / 50% Private)"},null,null,"Proposed Structure",null,null,"Implications of Salary Structure on Base Salaries",null,null,null,null,null,null,null,null,null,"Public Market - \nBase Salary",null,null,null,null,"Public Market - \nTarget Total Cash",null,null,null,null,"Public Market - \nTarget Total Direct",null,null,null,null,"Private Market - \nBase Salary",null,null,null,null,"Private Market - \nTarget Total Cash",null,null,null,null,"Public Market - \nTarget Total Direct"]
["IESO Title","Job Evaluation Title","Grade","Pay Grade","Pricing Point","Hay Points","IESO \nBase Salary","Public Market","Private Market","Hybrid Market","Public Market","Private Market","Hybrid Market","IESO \nMidpoint","Public Market","Private Market","Hybrid Market","IESO \nTarget Total Cash","Public Market","Private Market","Hybrid Market","Public Market","Private Market","Hybrid Market","Base Salary","Target Total Cash","Target Total Direct","Base Salary","Target Total Cash","LTI%","Target Total Direct","Base Salary","Target Total Cash","Target Total Direct","Min","Midpoint","Max","Below Min","Above Max",null,"Grade Structure",null,null,null,null,null,"Points","P25",{"$f":"\"P\"&$Y$5","v":"P50"},"P50",{"$f":"\"P\"&$Y$5","v":"P50"},"P75","P25",{"$f":"\"P\"&$Y$5","v":"P50"},"P50",{"$f":"\"P\"&$Y$5","v":"P50"},"P75","P25",{"$f":"\"P\"&$Y$5","v":"P50"},"P50",{"$f":"\"P\"&$Y$5","v":"P50"},"P75","P25",{"$f":"\"P\"&$AB$5","v":"P50"},"P50",{"$f":"\"P\"&$AB$5","v":"P50"},"P75","P25",{"$f":"\"P\"&$AB$5","v":"P50"},"P50",{"$f":"\"P\"&$AB$5","v":"P50"},"P75","P25",{"$f":"\"P\"&$Y$5","v":"P50"},"P50",{"$f":"\"P\"&$Y$5","v":"P50"},"P75"]
[null,"Director, Power Systems Assessments",null,"3H",1119,1192,"","*","*","*","*","*","*",253.3,1.1966740681249115,1.0845178969001541,1.1378388697976327,"","*","*","*","*","*","*",177.98,211.67,212.87,165.88,233.56,0.34717868338557978,291.14999999999998,171.93,222.61500000000001,252.01,214.20849999999999,252.01,315.01249999999999,"","",null,821,1026.5,1232,3,0.5,null,{"$f":"AP20","v":467},{"$f":"HLOOKUP($AU9,public_mkt,AV$6,0)","v":92.34},{"$f":"IF(AND($Y$5>25,$Y$5<50),((AX9-AV9)/25)*($Y$5-25)+AV9,\"*\")","v":"*"},{"$f":"HLOOKUP($AU9,public_mkt,AX$6,0)","v":100.16},{"$f":"IF(AND($Y$5>50,$Y$5<75),((AZ9-AX9)/25)*($Y$5-50)+AX9,\"*\")","v":"*"},{"$f":"HLOOKUP($AU9,public_mkt,AZ$6,0)","v":109.76},94.81,{"$f":"IF(AND($Y$5>25,$Y$5<50),((BC9-BA9)/25)*($Y$5-25)+BA9,\"*\")","v":"*"},{"$f":"HLOOKUP($AU9,public_mkt,BC$6,0)","v":109.36},{"$f":"IF(AND($Y$5>50,$Y$5<75),((BE9-BC9)/25)*($Y$5-50)+BC9,\"*\")","v":"*"},{"$f":"HLOOKUP($AU9,public_mkt,BE$6,0)","v":117.25},94.81,{"$f":"IF(AND($Y$5>25,$Y$5<50),((BH9-BF9)/25)*($Y$5-25)+BF9,\"*\")","v":"*"},{"$f":"HLOOKUP($AU9,public_mkt,BH$6,0)","v":109.36},{"$f":"IF(AND($Y$5>50,$Y$5<75),((BJ9-BH9)/25)*($Y$5-50)+BH9,\"*\")","v":"*"},{"$f":"HLOOKUP($AU9,public_mkt,BJ$6,0)","v":117.25},{"$f":"HLOOKUP($AU9,private_mkt,BK$6,0)","v":69.150000000000006},{"$f":"IF(AND($AB$5>25,$AB$5<50),((BM9-BK9)/25)*($AB$5-25)+BK9,\"*\")","v":"*"},{"$f":"HLOOKUP($AU9,private_mkt,BM$6,0)","v":82.01},{"$f":"IF(AND($AB$5>50,$AB$5<75),((BO9-BM9)/25)*($AB$5-50)+BM9,\"*\")","v":"*"},{"$f":"HLOOKUP($AU9,private_mkt,BO$6,0)","v":96.09},75.14,{"$f":"IF(AND($AB$5>25,$AB$5<50),((BR9-BP9)/25)*($AB$5-25)+BP9,\"*\")","v":"*"},{"$f":"HLOOKUP($AU9,private_mkt,BR$6,0)","v":90.47},{"$f":"IF(AND($AB$5>50,$AB$5<75),((BT9-BR9)/25)*($AB$5-50)+BR9,\"*\")","v":"*"},{"$f":"HLOOKUP($AU9,private_mkt,BT$6,0)","v":109.58},75.14,{"$f":"IF(AND($Y$5>25,$Y$5<50),((BW9-BU9)/25)*($Y$5-25)+BU9,\"*\")","v":"*"},{"$f":"HLOOKUP($AU9,private_mkt,BW$6,0)","v":90.47},{"$f":"IF(AND($Y$5>50,$Y$5<75),((BY9-BW9)/25)*($Y$5-50)+BW9,\"*\")","v":"*"},{"$f":"HLOOKUP($AU9,private_mkt,BY$6,0)","v":111.32}]
[null,"Director, MACD",null,"3H",1119,1096,"","*","*","*","*","*","*",253.3,1.1966740681249115,1.0845178969001541,1.1378388697976327,"","*","*","*","*","*","*",177.98,211.67,212.87,165.88,233.56,0.34717868338557978,291.14999999999998,171.93,222.61500000000001,252.01,214.20849999999999,252.01,315.01249999999999,"","",null,1233,1541.5,1850,2,0.5,null,573,101.43,{"$f":"IF(AND($Y$5>25,$Y$5<50),((AX10-AV10)/25)*($Y$5-25)+AV10,\"*\")","v":"*"},110.5,{"$f":"IF(AND($Y$5>50,$Y$5<75),((AZ10-AX10)/25)*($Y$5-50)+AX10,\"*\")","v":"*"},120.55,109.41,{"$f":"IF(AND($Y$5>25,$Y$5<50),((BC10-BA10)/25)*($Y$5-25)+BA10,\"*\")","v":"*"},121.61,{"$f":"IF(AND($Y$5>50,$Y$5<75),((BE10-BC10)/25)*($Y$5-50)+BC10,\"*\")","v":"*"},132.78,109.41,{"$f":"IF(AND($Y$5>25,$Y$5<50),((BH10-BF10)/25)*($Y$5-25)+BF10,\"*\")","v":"*"},121.61,{"$f":"IF(AND($Y$5>50,$Y$5<75),((BJ10-BH10)/25)*($Y$5-50)+BH10,\"*\")","v":"*"},132.78,82.64,"*",94.68,"*",114.17,91.31,"*",107.94,"*",134.26,91.33,{"$f":"IF(AND($Y$5>25,$Y$5<50),((BW10-BU10)/25)*($Y$5-25)+BU10,\"*\")","v":"*"},108.28,{"$f":"IF(AND($Y$5>50,$Y$5<75),((BY10-BW10)/25)*($Y$5-50)+BW10,\"*\")","v":"*"},136.01]
["Director, Operations","Director, Market Operations",null,"3H",1119,1192,214.01718,1.2024788178447017,1.2901927899686521,1.2447925318443551,1.0053891107248556,0.73507532199896963,0.8492408237768343,253.3,1.1966740681249115,1.0845178969001541,1.1378388697976327,214.01718,1.0110888647422875,0.91632634012673397,0.96137807425375643,1.0053891107248556,0.73507532199896963,0.8492408237768343,177.98,211.67,212.87,165.88,233.56,0.34717868338557978,291.14999999999998,171.93,222.61500000000001,252.01,214.20849999999999,252.01,315.01249999999999,-0.19131999999999039,"",null,null,null,null,null,null,null,726,108.98,"*",127.09,"*",140.03,126.05,{"$f":"IF(AND($Y$5>25,$Y$5<50),((BC11-BA11)/25)*($Y$5-25)+BA11,\"*\")","v":"*"},145.69999999999999,"*",163.30000000000001,126.05,"*",145.69999999999999,"*",165.33,99.67,"*",117.8,"*",143.91999999999999,116.93,"*",143.05000000000001,"*",177.96,117.37,"*",149.87,"*",187.84]
["Director Human Resources","Director, Human Resources",null,"3L",913,994,186.70099999999999,1.2758029246959135,1.3128542296603614,1.2940634205510309,1.0765828624149465,0.91970935960591127,0.99198236012964247,253.3,1.4628934449898932,1.4164290107923727,1.4392863230865389,186.70099999999999,1.0782616228703437,1.0440138679192528,1.0608614125802602,1.0765828624149465,0.91970935960591127,0.99198236012964247,146.34,173.15,173.42,142.21,178.83,0.16995991843049002,203,144.27500000000001,175.99,188.20999999999998,159.97849999999997,188.20999999999998,235.26249999999999,"","",null,"Pay Structure",null,null,null,null,null,913,133.52000000000001,"*",146.34,"*",162.96,151.80000000000001,{"$f":"IF(AND($Y$5>25,$Y$5<50),((BC12-BA12)/25)*($Y$5-25)+BA12,\"*\")","v":"*"},173.15,"*",202.99,152.27000000000001,"*",173.42,"*",208.85,123.05,"*",142.21,"*",168.98,156.1,"*",178.83,"*",217.46,169.22,"*",203,"*",245.91]
["Director, Contract Management","Director, Contract Management",null,"3L",913,994,186.85,1.2768211015443487,1.3139019759510582,1.2950961705077109,1.077442048206666,0.92044334975369457,0.99277402901014833,253.3,1.4628934449898932,1.4164290107923727,1.4392863230865389,186.85,1.0791221484262199,1.0448470614550129,1.0617080515938404,1.077442048206666,0.92044334975369457,0.99277402901014833,146.34,173.15,173.42,142.21,178.83,0.16995991843049002,203,144.27500000000001,175.99,188.20999999999998,159.97849999999997,188.20999999999998,235.26249999999999,"","",null,"Start","Midpoint","End","Grade","Range Spread",null,1119,166.66,{"$f":"IF(AND($Y$5>25,$Y$5<50),((AX13-AV13)/25)*($Y$5-25)+AV13,\"*\")","v":"*"},177.98,{"$f":"IF(AND($Y$5>50,$Y$5<75),((AZ13-AX13)/25)*($Y$5-50)+AX13,\"*\")","v":"*"},192.22,190.28,{"$f":"IF(AND($Y$5>25,$Y$5<50),((BC13-BA13)/25)*($Y$5-25)+BA13,\"*\")","v":"*"},211.67,{"$f":"IF(AND($Y$5>50,$Y$5<75),((BE13-BC13)/25)*($Y$5-50)+BC13,\"*\")","v":"*"},229.92,193.45,{"$f":"IF(AND($Y$5>25,$Y$5<50),((BH13-BF13)/25)*($Y$5-25)+BF13,\"*\")","v":"*"},212.87,{"$f":"IF(AND($Y$5>50,$Y$5<75),((BJ13-BH13)/25)*($Y$5-50)+BH13,\"*\")","v":"*"},239.7,146.44999999999999,{"$f":"IF(AND($AB$5>25,$AB$5<50),((BM13-BK13)/25)*($AB$5-25)+BK13,\"*\")","v":"*"},165.88,{"$f":"IF(AND($AB$5>50,$AB$5<75),((BO13-BM13)/25)*($AB$5-50)+BM13,\"*\")","v":"*"},203.87,197.37,{"$f":"IF(AND($AB$5>25,$AB$5<50),((BR13-BP13)/25)*($AB$5-25)+BP13,\"*\")","v":"*"},233.56,{"$f":"IF(AND($AB$5>50,$AB$5<75),((BT13-BR13)/25)*($AB$5-50)+BR13,\"*\")","v":"*"},285.3,231.66,{"$f":"IF(AND($Y$5>25,$Y$5<50),((BW13-BU13)/25)*($Y$5-25)+BU13,\"*\")","v":"*"},291.14999999999998,{"$f":"IF(AND($Y$5>50,$Y$5<75),((BY13-BW13)/25)*($Y$5-50)+BW13,\"*\")","v":"*"},327.7]
["Director-Settlements","Director, Settlements",null,"3L",913,994,210.03917999999999,1.4352820828208281,1.4769649110470429,1.4558251949402181,1.2111589205397302,1.034675763546798,1.1159831039795973,253.3,1.4628934449898932,1.4164290107923727,1.4392863230865389,210.03917999999999,1.2130475310424487,1.1745187049152825,1.1934722427410647,1.2111589205397302,1.034675763546798,1.1159831039795973,146.34,173.15,173.42,142.21,178.83,0.16995991843049002,203,144.27500000000001,175.99,188.20999999999998,159.97849999999997,188.20999999999998,235.26249999999999,"","",null,122,136,149,"8L",0.224,null,1372,199.82,"*",216.53,"*",233.8,243.84,"*",269.70999999999998,"*",288.06,244.04,"*",274.23,"*",299.42,171.34,"*",199.35,"*",238.43,258.19,"*",299.77999999999997,"*",355.1,348.46,"*",389.83,"*",459.68]
["Director - Smart Metering","Director, Smart Metering",null,"3L",913,954,238.86486000000002,1.632259532595326,1.6796628929048592,1.6556219719286087,1.377377811094453,1.1766741871921182,1.2691401094522079,253.3,1.4628934449898932,1.4164290107923727,1.4392863230865389,238.86486000000002,1.3795256136298009,1.3357091092098641,1.3572638218080573,1.377377811094453,1.1766741871921182,1.2691401094522079,146.34,173.15,173.42,142.21,178.83,0.16995991843049002,203,144.27500000000001,175.99,188.20999999999998,159.97849999999997,188.20999999999998,235.26249999999999,"",3.6023600000000329,null,150,167,184,"8H",0.224,null,1681,234.42,"*",253.55,"*",274.38,278.74,{"$f":"IF(AND($Y$5>25,$Y$5<50),((BC15-BA15)/25)*($Y$5-25)+BA15,\"*\")","v":"*"},315.18,"*",348.6,283.04000000000002,"*",324.61,"*",368.07,227.16,{"$f":"IF(AND($AB$5>25,$AB$5<50),((BM15-BK15)/25)*($AB$5-25)+BK15,\"*\")","v":"*"},254.62,{"$f":"IF(AND($AB$5>50,$AB$5<75),((BO15-BM15)/25)*($AB$5-50)+BM15,\"*\")","v":"*"},272.01,342.06,{"$f":"IF(AND($AB$5>25,$AB$5<50),((BR15-BP15)/25)*($AB$5-25)+BP15,\"*\")","v":"*"},378.31,{"$f":"IF(AND($AB$5>50,$AB$5<75),((BT15-BR15)/25)*($AB$5-50)+BR15,\"*\")","v":"*"},441.49,451.49,"*",580.1,"*",709.49]
["General Counsel & Secretary","General Counsel",null,"3L",913,954,255.64136000000002,1.7469000956676235,1.7976327965684551,1.7719033789637846,1.4741169415292357,1.2593170443349755,1.3582772435045962,253.3,1.4628934449898932,1.4164290107923727,1.4392863230865389,255.64136000000002,1.4764155934161132,1.4295216686238328,1.4525902608102734,1.4741169415292357,1.2593170443349755,1.3582772435045962,146.34,173.15,173.42,142.21,178.83,0.16995991843049002,203,144.27500000000001,175.99,188.20999999999998,159.97849999999997,188.20999999999998,235.26249999999999,"",20.378860000000032,null,185,206,226,"7L",0.224]
["Director-Markets","Director, Markets",null,"3L",913,864,235.05065999999999,1.6061955719557195,1.6528419942338792,1.6291849592791543,1.3553838080959522,1.1578850246305419,1.2488744487540515,253.3,1.4628934449898932,1.4164290107923727,1.4392863230865389,235.05065999999999,1.3574973144672249,1.3143804730749873,1.3355909994886073,1.3553838080959522,1.1578850246305419,1.2488744487540515,146.34,173.15,173.42,142.21,178.83,0.16995991843049002,203,144.27500000000001,175.99,188.20999999999998,159.97849999999997,188.20999999999998,235.26249999999999,"","",null,227,253,278,"7H",0.224,null,1,{"$f":"AU17+1","v":2},{"$f":"AV17+1","v":3},4,5,6,7,8,9,10,11,{"$f":"BE17+1","v":12},{"$f":"BF17+1","v":13},{"$f":"BG17+1","v":14},{"$f":"BH17+1","v":15},{"$f":"BI17+1","v":16},{"$f":"BJ17+1","v":17},{"$f":"BK17+1","v":18},{"$f":"BL17+1","v":19},{"$f":"BM17+1","v":20},{"$f":"BN17+1","v":21},{"$f":"BO17+1","v":22},{"$f":"BP17+1","v":23},{"$f":"BQ17+1","v":24},{"$f":"BR17+1","v":25},{"$f":"BS17+1","v":26},{"$f":"BT17+1","v":27},{"$f":"BU17+1","v":28},{"$f":"BV17+1","v":29},{"$f":"BW17+1","v":30},{"$f":"BX17+1","v":31}]
["Mgr-Stkhldr & Public Affairs","Manager, Stakeholder & Public Affairs",null,"3L",913,864,150.00023999999999,1.0250118901189011,1.0547798326418676,1.0396828279327672,0.86495352323838082,0.73891743842364532,0.79698336964029548,179.1,1.0343632688420443,1.0015098137896326,1.0176714586056026,150.00023999999999,0.86630228125902387,0.83878678074148627,0.85232251832490469,0.86495352323838082,0.73891743842364532,0.79698336964029548,146.34,173.15,173.42,142.21,178.83,0.16995991843049002,203,144.27500000000001,175.99,188.20999999999998,159.97849999999997,188.20999999999998,235.26249999999999,-9.9782599999999775,"",null,279,310,341,"6L",0.224]
["Corporate Controller","Corporate Controller",null,"3L",913,830,176.74852000000001,1.207793631269646,1.2428698403769074,1.2250807139143995,1.019193403298351,0.87068236453201975,0.93910270442590738,253.3,1.4628934449898932,1.4164290107923727,1.4392863230865389,176.74852000000001,1.0207826739820964,0.98836056590057597,1.0043100176146371,1.019193403298351,0.87068236453201975,0.93910270442590738,146.34,173.15,173.42,142.21,178.83,0.16995991843049002,203,144.27500000000001,175.99,188.20999999999998,159.97849999999997,188.20999999999998,235.26249999999999,"","",null,342,381,419,"6H",0.224]
["Director Business Development","Director, Business Development",null,"3L",913,830,180,1.2300123001230012,1.2657337739962027,1.247617397331485,1.0379425671779496,0.88669950738916259,0.95637851336273327,253.3,1.4628934449898932,1.4164290107923727,1.4392863230865389,180,1.0395610742131101,1.0065425264217414,1.0227853855332689,1.0379425671779496,0.88669950738916259,0.95637851336273327,146.34,173.15,173.42,142.21,178.83,0.16995991843049002,203,144.27500000000001,175.99,188.20999999999998,159.97849999999997,188.20999999999998,235.26249999999999,"","",null,420,467,514,"5L",0.22420000000000001,null,"Legend",null,null,"Legend"]
["Director Clean Energy Procurement","Director, Clean Energy Procurement",null,"3L",913,830,156,1.0660106601066011,1.0969692707967091,1.0812684110206203,0.89955022488755632,0.76847290640394084,0.82886137824770212,253.3,1.4628934449898932,1.4164290107923727,1.4392863230865389,156,0.90095293098469531,0.87233685623217572,0.8864140007954997,0.89955022488755632,0.76847290640394084,0.82886137824770212,146.34,173.15,173.42,142.21,178.83,0.16995991843049002,203,144.27500000000001,175.99,188.20999999999998,159.97849999999997,188.20999999999998,235.26249999999999,-3.9784999999999684,"",null,515,573,630,"5H",0.22420000000000001,null,"P25",0,null,"Public",{"$f":"IF($Y$5=25,0,IF(AND($Y$5>25,$Y$5<50),1,IF($Y$5=50,2,IF(AND($Y$5>50,$Y$5<75),3,IF($Y$5=75,4)))))","v":2}]
["Director Conservation Performance","Director, Conservation Performance",null,"3L",913,830,162,1.107011070110701,1.1391603965965824,1.1228556575983364,0.93414831046015456,0.79802955665024633,0.86074066202645994,253.3,1.4628934449898932,1.4164290107923727,1.4392863230865389,162,0.93560496679179894,0.90588827377956715,0.92050684697994201,0.93414831046015456,0.79802955665024633,0.86074066202645994,146.34,173.15,173.42,142.21,178.83,0.16995991843049002,203,144.27500000000001,175.99,188.20999999999998,159.97849999999997,188.20999999999998,235.26249999999999,"","",null,631,726,820,4,0.3,null,"P25 < x < P50",1,null,"Private",{"$f":"IF($AB$5=25,0,IF(AND($AB$5>25,$AB$5<50),1,IF($AB$5=50,2,IF(AND($AB$5>50,$AB$5<75),3,IF($AB$5=75,4)))))","v":2}]
["Director Corporate/Commercial Law Group","Director, Corporate and Commercial Law Group",null,"3L",913,830,183.5,1.2539292059587261,1.2903452640461288,1.2718766245018194,1.0581247837619652,0.90394088669950734,0.9749747622336753,253.3,1.4628934449898932,1.4164290107923727,1.4392863230865389,183.5,1.0597747617672537,1.0261141866577195,1.0426728791408602,1.0581247837619652,0.90394088669950734,0.9749747622336753,146.34,173.15,173.42,142.21,178.83,0.16995991843049002,203,144.27500000000001,175.99,188.20999999999998,159.97849999999997,188.20999999999998,235.26249999999999,"","",null,821,913,1005,"3L",0.22420000000000001,null,"P50",2]
["Director Policy & Analysis","Director, Policy & Analysis",null,"3L",913,830,161.46,1.103321033210332,1.135363195274594,1.1191128054063422,0.93103448275862077,0.79536945812807891,0.85787152648637177,253.3,1.4628934449898932,1.4164290107923727,1.4392863230865389,161.46,0.93248628356915975,0.90286864620030194,0.91743849082334228,0.93103448275862077,0.79536945812807891,0.85787152648637177,146.34,173.15,173.42,142.21,178.83,0.16995991843049002,203,144.27500000000001,175.99,188.20999999999998,159.97849999999997,188.20999999999998,235.26249999999999,"","",null,1006,1119,1232,"3H",0.22420000000000001,null,"P50 < x < P75",3]
["Director Renewables Procurement","Director, Renewables Procurement",null,"3L",913,830,158.875,1.0856566899002322,1.1171858519091484,1.1011956333391093,0.91612847422442634,0.7826354679802956,0.84413686839169022,253.3,1.4628934449898932,1.4164290107923727,1.4392863230865389,158.875,0.91755703147559919,0.88841357714030078,0.90275015625887833,0.91612847422442634,0.7826354679802956,0.84413686839169022,146.34,173.15,173.42,142.21,178.83,0.16995991843049002,203,144.27500000000001,175.99,188.20999999999998,159.97849999999997,188.20999999999998,235.26249999999999,-1.1034999999999684,"",null,1233,1372,1510,"2L",0.2243,null,"P75",4]
["Director Resource Integration","Director, Resource Integration",null,"3L",913,830,175.1,1.1965286319529862,1.2312776879263061,1.2136544792930166,1.0096874639603275,0.86256157635467978,0.93034376494341431,253.3,1.4628934449898932,1.4164290107923727,1.4392863230865389,175.1,1.0112619116373087,0.97914220209137159,0.99494289448264095,1.0096874639603275,0.86256157635467978,0.93034376494341431,146.34,173.15,173.42,142.21,178.83,0.16995991843049002,203,144.27500000000001,175.99,188.20999999999998,159.97849999999997,188.20999999999998,235.26249999999999,"","",null,1511,1681,1850,"2H",0.2243]
["Director Resource Integration","Director, Resource Integration",null,"3L",913,830,175.1,1.1965286319529862,1.2312776879263061,1.2136544792930166,1.0096874639603275,0.86256157635467978,0.93034376494341431,253.3,1.4628934449898932,1.4164290107923727,1.4392863230865389,162.75,0.93993647126768698,0.91008220097299108,0.92476845275299724,0.9384730711567294,0.80172413793103448,0.86472557249880466,146.34,173.15,173.42,142.21,178.83,0.16995991843049002,203,144.27500000000001,175.99,188.20999999999998,159.97849999999997,188.20999999999998,235.26249999999999,"","",null,"* Please adjust the above data in the \"Grade Structure\" tab"]
["Director Transmission Integration","Director, Transmission Integration",null,"3L",913,830,186.506,1.2744704113707803,1.3114830180718655,1.2927118350372553,1.075458424633837,0.91874876847290643,0.99094628340683288,253.3,1.4628934449898932,1.4164290107923727,1.4392863230865389,186.506,1.0771354317066126,1.0429234468489625,1.0597533950792659,1.075458424633837,0.91874876847290643,0.99094628340683288,146.34,173.15,173.42,142.21,178.83,0.16995991843049002,203,144.27500000000001,175.99,188.20999999999998,159.97849999999997,188.20999999999998,235.26249999999999,"",""]
["Director Transmission Integration","Director, Transmission Integration",null,"3L",913,830,186.506,1.2744704113707803,1.3114830180718655,1.2927118350372553,1.075458424633837,0.91874876847290643,0.99094628340683288,253.3,1.4628934449898932,1.4164290107923727,1.4392863230865389,184.61500000000001,1.0662142650880739,1.0323491584186097,1.0490084663901358,1.0645542613308732,0.90943349753694591,0.98089899580256112,146.34,173.15,173.42,142.21,178.83,0.16995991843049002,203,144.27500000000001,175.99,188.20999999999998,159.97849999999997,188.20999999999998,235.26249999999999,"","",null,"Range Spread"]
["Director, Financial Planning & Analysis and Office & Facility Services","Director, Financial Planning & Analysis",null,"3L",913,830,154,1.052343856771901,1.0829055621967512,1.0674059954947148,0.88801752969669023,0.75862068965517238,0.81823495032144955,253.3,1.4628934449898932,1.4164290107923727,1.4392863230865389,154,0.8894022523823274,0.86115305038304524,0.87504971873401893,0.88801752969669023,0.75862068965517238,0.81823495032144955,146.34,173.15,173.42,142.21,178.83,0.16995991843049002,203,144.27500000000001,175.99,188.20999999999998,159.97849999999997,188.20999999999998,235.26249999999999,-5.9784999999999684,"",null,"Grade","Min %","Midpoint %","Max %"]
["Mgr-Business Solutions","Manager, Business Solutions",null,"3L",913,830,184.39174,1.2600228235615689,1.2966158497995921,1.2780574597123548,1.0632668665667167,0.90833369458128077,0.97971276765315352,179.1,1.0343632688420443,1.0015098137896326,1.0176714586056026,184.39174,1.0649248628356915,1.0311007101716714,1.0477398715836126,1.0632668665667167,0.90833369458128077,0.97971276765315352,146.34,173.15,173.42,142.21,178.83,0.16995991843049002,203,144.27500000000001,175.99,188.20999999999998,159.97849999999997,188.20999999999998,235.26249999999999,"","",null,"8L",0.8,1,1.2]
["Mgr-Internal Audit","Manager, Internal Audit",null,"3L",913,830,178.53342000000001,1.219990569905699,1.2554209971169397,1.2374522266504939,1.0294857571214393,0.87947497536945818,0.94858626002869151,179.1,1.0343632688420443,1.0015098137896326,1.0176714586056026,178.53342000000001,1.0310910771007797,0.99834155343063247,1.0144520711404057,1.0294857571214393,0.87947497536945818,0.94858626002869151,146.34,173.15,173.42,142.21,178.83,0.16995991843049002,203,144.27500000000001,175.99,188.20999999999998,159.97849999999997,188.20999999999998,235.26249999999999,"","",null,"8H",0.8,1,1.2]
["Mgr Emergency Preprd","Manager, Emergency Preparedness",null,4,726,805,162.44383999999999,1.2781795577936894,1.3789799660441426,1.3266678100371596,1.1149199725463281,1.0838983118702876,1.0991903102479954,179.1,1.2292381606039808,1.2520097867878364,1.2405194805194806,162.44383999999999,1.1149199725463281,1.1355738552953512,1.1251521385281384,1.1149199725463281,1.0838983118702876,1.0991903102479954,127.09,145.69999999999999,145.69999999999999,117.8,143.05000000000001,5.7894736842105207E-2,149.87,122.44499999999999,144.375,147.785,118.22800000000001,147.785,177.34199999999998,"","",null,"7L",0.8,1,1.2]
["Mgr-Market Facilitn","Manager Market Facilitation",null,4,726,805,156,1.227476591391927,1.3242784380305603,1.2740414063457064,1.0706932052161977,1.0409021151664777,1.0555875088811448,179.1,1.2292381606039808,1.2520097867878364,1.2405194805194806,156,1.0706932052161977,1.0905277874868926,1.0805194805194804,1.0706932052161977,1.0409021151664777,1.0555875088811448,127.09,145.69999999999999,145.69999999999999,117.8,143.05000000000001,5.7894736842105207E-2,149.87,122.44499999999999,144.375,147.785,118.22800000000001,147.785,177.34199999999998,"","",null,"7H",0.8,1,1.2]
["Mgr-Mrkt Forecasts & Integ","Manager, Market Forecasts & Integration",null,4,726,805,172.97514000000001,1.3610444566842395,1.4683797962648557,1.4126762219772144,1.1872006863417983,1.1541678788283178,1.1704512636600468,179.1,1.2292381606039808,1.2520097867878364,1.2405194805194806,172.97514000000001,1.1872006863417983,1.209193568682279,1.1980962077922079,1.1872006863417983,1.1541678788283178,1.1704512636600468,127.09,145.69999999999999,145.69999999999999,117.8,143.05000000000001,5.7894736842105207E-2,149.87,122.44499999999999,144.375,147.785,118.22800000000001,147.785,177.34199999999998,"","",null,"6L",0.8,1,1.2]
["Mgr-Reliability Assessments","Manager, Reliability Standards & Assessments",null,4,726,805,150.00023999999999,1.1802678416869934,1.2733466893039049,1.2250417738576505,1.0295143445435828,1.0008690198171748,1.0149896132895759,179.1,1.2292381606039808,1.2520097867878364,1.2405194805194806,150.00023999999999,1.0295143445435828,1.0485860887801466,1.0389627012987013,1.0295143445435828,1.0008690198171748,1.0149896132895759,127.09,145.69999999999999,145.69999999999999,117.8,143.05000000000001,5.7894736842105207E-2,149.87,122.44499999999999,144.375,147.785,118.22800000000001,147.785,177.34199999999998,"","",null,"6H",0.8,1,1.2]
["Mgr-Shift Operations","Manager, Shift Operations",null,4,726,805,175.78782000000001,1.383175859627036,1.4922565365025469,1.4356471885336275,1.2065052848318465,1.1729353439647694,1.1894835064451739,179.1,1.2292381606039808,1.2520097867878364,1.2405194805194806,175.78782000000001,1.2065052848318465,1.2288557846906676,1.217577974025974,1.2065052848318465,1.1729353439647694,1.1894835064451739,127.09,145.69999999999999,145.69999999999999,117.8,143.05000000000001,5.7894736842105207E-2,149.87,122.44499999999999,144.375,147.785,118.22800000000001,147.785,177.34199999999998,"","",null,"5L",0.8,1,1.2]
["Mgr-System Perf & Models","Manager, Systems Performance & Models",null,4,726,805,168.57646,1.326433708395625,1.431039558573854,1.3767525011229531,1.1570107069320523,1.1248179088543404,1.1406872145346281,179.1,1.2292381606039808,1.2520097867878364,1.2405194805194806,168.57646,1.1570107069320523,1.1784443201677735,1.1676291601731601,1.1570107069320523,1.1248179088543404,1.1406872145346281,127.09,145.69999999999999,145.69999999999999,117.8,143.05000000000001,5.7894736842105207E-2,149.87,122.44499999999999,144.375,147.785,118.22800000000001,147.785,177.34199999999998,"","",null,"5H",0.8,1,1.2]
["Mgr-Treasury & Pension Oper","Manager, Treasury & Pension Operations",null,4,726,805,172.38,1.3563616334880793,1.4633276740237691,1.4078157540120055,1.1831159917638985,1.1501968372589577,1.1664241973136651,179.1,1.2292381606039808,1.2520097867878364,1.2405194805194806,172.38,1.1831159917638985,1.2050332051730164,1.1939740259740259,1.1831159917638985,1.1501968372589577,1.1664241973136651,127.09,145.69999999999999,145.69999999999999,117.8,143.05000000000001,5.7894736842105207E-2,149.87,122.44499999999999,144.375,147.785,118.22800000000001,147.785,177.34199999999998,"","",null,4,0.8,1,1.2]
[null,"Manager, Operations Change Initiatives",null,4,726,805,"","*","*","*","*","*","*",179.1,1.2292381606039808,1.2520097867878364,1.2405194805194806,"","*","*","*","*","*","*",127.09,145.69999999999999,145.69999999999999,117.8,143.05000000000001,5.7894736842105207E-2,149.87,122.44499999999999,144.375,147.785,118.22800000000001,147.785,177.34199999999998,"","",null,"3L",0.85,1,1.25]
[null,"Manager, Organizational Governance & Support",null,4,726,775,"","*","*","*","*","*","*",179.1,1.2292381606039808,1.2520097867878364,1.2405194805194806,"","*","*","*","*","*","*",127.09,145.69999999999999,145.69999999999999,117.8,143.05000000000001,5.7894736842105207E-2,149.87,122.44499999999999,144.375,147.785,118.22800000000001,147.785,177.34199999999998,"","",null,"3H",0.85,1,1.25]
[null,"Manager, Technology Support",null,4,726,775,"","*","*","*","*","*","*",179.1,1.2292381606039808,1.2520097867878364,1.2405194805194806,"","*","*","*","*","*","*",127.09,145.69999999999999,145.69999999999999,117.8,143.05000000000001,5.7894736842105207E-2,149.87,122.44499999999999,144.375,147.785,118.22800000000001,147.785,177.34199999999998,"","",null,"2L",0.85,1,1.25]
["Director Strategic Engagement & Innovation","Director, Strategic Engagement & Innovation",null,4,726,750,145,1.1409237548194193,1.230899830220713,1.18420515333415,0.99519560741249147,0.96750517114832857,0.98115505633183342,253.3,1.7385037748798904,1.7707095421181405,1.7544588744588745,145,0.99519560741249147,1.0136315973435861,1.0043290043290043,0.99519560741249147,0.96750517114832857,0.98115505633183342,127.09,145.69999999999999,145.69999999999999,117.8,143.05000000000001,5.7894736842105207E-2,149.87,122.44499999999999,144.375,147.785,118.22800000000001,147.785,177.34199999999998,"","",null,"2H",0.85,1,1.25]
["Manager Program Delivery & Partner Services","Manager, Program Delivery & Partner Services",null,4,726,750,115,0.90487056416712564,0.97623089983022071,0.93919719057536044,0.78929306794783805,0.76733168746246749,0.77815745847007478,179.1,1.2292381606039808,1.2520097867878364,1.2405194805194806,115,0.78929306794783805,0.80391471513456825,0.79653679653679654,0.78929306794783805,0.76733168746246749,0.77815745847007478,127.09,145.69999999999999,145.69999999999999,117.8,143.05000000000001,5.7894736842105207E-2,149.87,122.44499999999999,144.375,147.785,118.22800000000001,147.785,177.34199999999998,-3.2280000000000086,""]
["Manager - Smart Metering","Manager, Meter Data Management",null,4,726,702,197.08987999999999,1.5507898339759225,1.6730889643463498,1.6096196659724775,1.3527102264927935,1.3150722626276106,1.3336257400954088,179.1,1.2292381606039808,1.2520097867878364,1.2405194805194806,197.08987999999999,1.3527102264927935,1.3777691716183151,1.3651247099567099,1.3527102264927935,1.3150722626276106,1.3336257400954088,127.09,145.69999999999999,145.69999999999999,117.8,143.05000000000001,5.7894736842105207E-2,149.87,122.44499999999999,144.375,147.785,118.22800000000001,147.785,177.34199999999998,"",19.747880000000009]
["Mgr-Human Resources","Manager, Human Resources (Employee & Labour Relations)",null,4,726,702,175.40978000000001,1.3802012746872296,1.4890473684210528,1.4325597615255832,1.2039106382978726,1.1704128911723495,1.1869254660486519,179.1,1.2292381606039808,1.2520097867878364,1.2405194805194806,175.40978000000001,1.2039106382978726,1.2262130723523244,1.2149595151515153,1.2039106382978726,1.1704128911723495,1.1869254660486519,127.09,145.69999999999999,145.69999999999999,117.8,143.05000000000001,5.7894736842105207E-2,149.87,122.44499999999999,144.375,147.785,118.22800000000001,147.785,177.34199999999998,"",""]
["Mgr-Settlmnt Support","Manager, Settlement Support",null,4,726,702,168.55410000000001,1.3262577700841922,1.4308497453310698,1.3765698885213771,1.1568572409059712,1.1246687128844999,1.140535913658355,179.1,1.2292381606039808,1.2520097867878364,1.2405194805194806,168.55410000000001,1.1568572409059712,1.1782880111849003,1.1674742857142857,1.1568572409059712,1.1246687128844999,1.140535913658355,127.09,145.69999999999999,145.69999999999999,117.8,143.05000000000001,5.7894736842105207E-2,149.87,122.44499999999999,144.375,147.785,118.22800000000001,147.785,177.34199999999998,"",""]
[null,"Manager, Special Projects",null,4,726,702,"","*","*","*","*","*","*",179.1,1.2292381606039808,1.2520097867878364,1.2405194805194806,"","*","*","*","*","*","*",127.09,145.69999999999999,145.69999999999999,117.8,143.05000000000001,5.7894736842105207E-2,149.87,122.44499999999999,144.375,147.785,118.22800000000001,147.785,177.34199999999998,"",""]
[null,"Manager, First Nations",null,4,726,677,"","*","*","*","*","*","*",179.1,1.2292381606039808,1.2520097867878364,1.2405194805194806,"","*","*","*","*","*","*",127.09,145.69999999999999,145.69999999999999,117.8,143.05000000000001,5.7894736842105207E-2,149.87,122.44499999999999,144.375,147.785,118.22800000000001,147.785,177.34199999999998,"",""]
[null,"Manager, Regulatory Affairs",null,4,726,677,"","*","*","*","*","*","*",179.1,1.2292381606039808,1.2520097867878364,1.2405194805194806,"","*","*","*","*","*","*",127.09,145.69999999999999,145.69999999999999,117.8,143.05000000000001,5.7894736842105207E-2,149.87,122.44499999999999,144.375,147.785,118.22800000000001,147.785,177.34199999999998,"",""]
[null,"Manager, Smart Metering",null,4,726,677,"","*","*","*","*","*","*",179.1,1.2292381606039808,1.2520097867878364,1.2405194805194806,"","*","*","*","*","*","*",127.09,145.69999999999999,145.69999999999999,117.8,143.05000000000001,5.7894736842105207E-2,149.87,122.44499999999999,144.375,147.785,118.22800000000001,147.785,177.34199999999998,"",""]
["Mgr-Human Resources","Manager, Human Resources (Total Rewards)",null,4,726,677,175.40978000000001,1.3802012746872296,1.4890473684210528,1.4325597615255832,1.2039106382978726,1.1704128911723495,1.1869254660486519,179.1,1.2292381606039808,1.2520097867878364,1.2405194805194806,160.0001,1.0981475634866165,1.1184907375043691,1.1082258008658008,1.0981475634866165,1.0675925802362047,1.0826545319213723,127.09,145.69999999999999,145.69999999999999,117.8,143.05000000000001,5.7894736842105207E-2,149.87,122.44499999999999,144.375,147.785,118.22800000000001,147.785,177.34199999999998,"",""]
["Acting Senior Counsel - Manager","Senior Counsel Manager",null,4,726,654,134.30000000000001,1.0567314501534346,1.140067911714771,1.096818979950182,0.92175703500343187,0.89610996196703818,0.90875257976113955,179.1,1.2292381606039808,1.2520097867878364,1.2405194805194806,134.30000000000001,0.92175703500343187,0.9388325760223698,0.93021645021645027,0.92175703500343187,0.89610996196703818,0.90875257976113955,127.09,145.69999999999999,145.69999999999999,117.8,143.05000000000001,5.7894736842105207E-2,149.87,122.44499999999999,144.375,147.785,118.22800000000001,147.785,177.34199999999998,"",""]
["Senior Counsel - Manager","Senior Counsel Manager",null,4,726,654,147,1.1566606341962389,1.2478777589134127,1.2005390175180695,1.0089224433768018,0.98085007006071923,0.99468822952261737,179.1,1.2292381606039808,1.2520097867878364,1.2405194805194806,147,1.0089224433768018,1.0276127228241874,1.0181818181818181,1.0089224433768018,0.98085007006071923,0.99468822952261737,127.09,145.69999999999999,145.69999999999999,117.8,143.05000000000001,5.7894736842105207E-2,149.87,122.44499999999999,144.375,147.785,118.22800000000001,147.785,177.34199999999998,"",""]
["Manager Human Resources","Manager, Human Resources (Business Partner)",null,"5H",573,551,104.70099999999999,0.94752036199095013,1.1058407266582171,1.0205770542937906,0.86095715812844331,0.96694680458071658,0.91087911609900385,179.1,1.4727407285585066,1.659255141745414,1.5604443476366803,104.70099999999999,0.86095715812844331,0.96999258847507874,0.91222827270747109,0.86095715812844331,0.96694680458071658,0.91087911609900385,110.5,121.61,121.61,94.68,107.94,3.5910435149979236E-3,108.28,102.59,114.77500000000001,114.94499999999999,91.956000000000003,114.94499999999999,137.934,"",""]
["Manager Commercial Services","Manager, Contract Management (Commercial Services)",null,"5H",573,588,111.714,1.0109864253393666,1.179911280101394,1.0889365435227605,0.91862511306635963,1.031714074621352,0.97189090434555658,179.1,1.4727407285585066,1.659255141745414,1.5604443476366803,111.714,0.91862511306635963,1.034963868816009,0.97333042910041379,0.91862511306635963,1.031714074621352,0.97189090434555658,110.5,121.61,121.61,94.68,107.94,3.5910435149979236E-3,108.28,102.59,114.77500000000001,114.94499999999999,91.956000000000003,114.94499999999999,137.934,"",""]
["Manager Finance & Accounting","Manager, Finance & Accounting",null,"5H",573,588,140,1.2669683257918551,1.478664976763836,1.3646554245053124,1.1512211166844832,1.2929442186922793,1.2179738135630085,179.1,1.4727407285585066,1.659255141745414,1.5604443476366803,140,1.1512211166844832,1.2970168612191959,1.2197778261816596,1.1512211166844832,1.2929442186922793,1.2179738135630085,110.5,121.61,121.61,94.68,107.94,3.5910435149979236E-3,108.28,102.59,114.77500000000001,114.94499999999999,91.956000000000003,114.94499999999999,137.934,"",2.0660000000000025]
["Manager Procurement Operations","Manager, Procurement Operations",null,"5H",573,588,116,1.0497737556561086,1.2251795521757498,1.130714494590116,0.95386892525285749,1.0712966383450313,1.0091783026664927,179.1,1.4727407285585066,1.659255141745414,1.5604443476366803,116,0.95386892525285749,1.0746711135816194,1.0106730559790895,0.95386892525285749,1.0712966383450313,1.0091783026664927,110.5,121.61,121.61,94.68,107.94,3.5910435149979236E-3,108.28,102.59,114.77500000000001,114.94499999999999,91.956000000000003,114.94499999999999,137.934,"",""]
["Manager Renewable Generation Procurement","Manager, Renewable Generation Procurement",null,"5H",573,588,120,1.0859728506787329,1.2674271229404308,1.169704649575982,0.98676095715812839,1.1082379017362394,1.0439775544825787,179.1,1.4727407285585066,1.659255141745414,1.5604443476366803,120,0.98676095715812839,1.1117287381878822,1.0455238510128513,0.98676095715812839,1.1082379017362394,1.0439775544825787,110.5,121.61,121.61,94.68,107.94,3.5910435149979236E-3,108.28,102.59,114.77500000000001,114.94499999999999,91.956000000000003,114.94499999999999,137.934,"",""]
["Section Head - Communications","Section Head Communications",null,"5H",573,588,145.00018,1.3122188235294117,1.5314763413603716,1.4133948727946193,1.1923376367075076,1.3391224602881417,1.2614744442994477,null,"","","",145.00018,1.1923376367075076,1.3433405595701315,1.2633428882596383,1.1923376367075076,1.3391224602881417,1.2614744442994477,110.5,121.61,121.61,94.68,107.94,3.5910435149979236E-3,108.28,102.59,114.77500000000001,114.94499999999999,91.956000000000003,114.94499999999999,137.934,"",7.0661800000000028]
[null,"Manager, Learning & Organizational Development",null,"5H",573,588,"","*","*","*","*","*","*",179.1,1.4727407285585066,1.659255141745414,1.5604443476366803,"","*","*","*","*","*","*",110.5,121.61,121.61,94.68,107.94,3.5910435149979236E-3,108.28,102.59,114.77500000000001,114.94499999999999,91.956000000000003,114.94499999999999,137.934,"",""]
["Manager RESOP/FIT","Manager, RESOP/FIT",null,"5H",573,588,130.047,1.1768959276018098,1.3735424588086185,1.2676381713617311,1.0693775182961927,1.201025120059106,1.1313845752316325,179.1,1.4727407285585066,1.659255141745414,1.5604443476366803,130.047,1.0693775182961927,1.2048082267926625,1.1330603354389022,1.0693775182961927,1.201025120059106,1.1313845752316325,110.5,121.61,121.61,94.68,107.94,3.5910435149979236E-3,108.28,102.59,114.77500000000001,114.94499999999999,91.956000000000003,114.94499999999999,137.934,"",""]
["Manager, FIT & microFIT","Manager, FIT & microFIT",null,"5H",573,588,107.1,0.96923076923076923,1.1311787072243344,1.043961399746564,0.88068415426362956,0.98910232729959358,0.93174996737570148,179.1,1.4727407285585066,1.659255141745414,1.5604443476366803,107.1,0.88068415426362956,0.99221789883268474,0.93313003702896957,0.88068415426362956,0.98910232729959358,0.93174996737570148,110.5,121.61,121.61,94.68,107.94,3.5910435149979236E-3,108.28,102.59,114.77500000000001,114.94499999999999,91.956000000000003,114.94499999999999,137.934,"",""]
[null,"Manager, Contract Management (Vacant role)",null,"5H",573,588,"","*","*","*","*","*","*",179.1,1.4727407285585066,1.659255141745414,1.5604443476366803,"","*","*","*","*","*","*",110.5,121.61,121.61,94.68,107.94,3.5910435149979236E-3,108.28,102.59,114.77500000000001,114.94499999999999,91.956000000000003,114.94499999999999,137.934,"",""]
[null,"Manager, Market Change Initiatives",null,"5H",573,588,"","*","*","*","*","*","*",179.1,1.4727407285585066,1.659255141745414,1.5604443476366803,"","*","*","*","*","*","*",110.5,121.61,121.61,94.68,107.94,3.5910435149979236E-3,108.28,102.59,114.77500000000001,114.94499999999999,91.956000000000003,114.94499999999999,137.934,"",""]
[null,"Control Room Supervisor",null,"5H",573,588,"","*","*","*","*","*","*",null,"","","","","*","*","*","*","*","*",110.5,121.61,121.61,94.68,107.94,3.5910435149979236E-3,108.28,102.59,114.77500000000001,114.94499999999999,91.956000000000003,114.94499999999999,137.934,"",""]
[null,"Section Head, IT Operations",null,"5H",573,571,"","*","*","*","*","*","*",null,"","","","","*","*","*","*","*","*",110.5,121.61,121.61,94.68,107.94,3.5910435149979236E-3,108.28,102.59,114.77500000000001,114.94499999999999,91.956000000000003,114.94499999999999,137.934,"",""]
["Acting Manager, Market Transformation","Market Transformation Manager",null,"5H",573,571,118.238,1.070027149321267,1.2488170680185888,1.152529486304708,0.97227201710385658,1.0919652752124123,1.0286484840575929,179.1,1.4727407285585066,1.659255141745414,1.5604443476366803,118.238,0.97227201710385658,1.0954048545488235,1.0301720758004791,0.97227201710385658,1.0919652752124123,1.0286484840575929,110.5,121.61,121.61,94.68,107.94,3.5910435149979236E-3,108.28,102.59,114.77500000000001,114.94499999999999,91.956000000000003,114.94499999999999,137.934,"",""]
["Manager Alliances","Manager Alliances",null,"5H",573,571,115.652,1.0466244343891402,1.2215040135192226,1.1273223511063457,0.95100731847709896,1.0680827484299964,1.0061507677584933,179.1,1.4727407285585066,1.659255141745414,1.5604443476366803,115.652,0.95100731847709896,1.0714471002408745,1.0076410368111521,0.95100731847709896,1.0680827484299964,1.0061507677584933,110.5,121.61,121.61,94.68,107.94,3.5910435149979236E-3,108.28,102.59,114.77500000000001,114.94499999999999,91.956000000000003,114.94499999999999,137.934,"",""]
["Superintendent-Operations","Superintendent Operations",null,"5H",573,571,179.81495999999999,1.6272847058823527,1.899186311787072,1.7527532897943268,1.4786198503412546,1.6606479497598816,1.5643565183348558,179.1,1.4727407285585066,1.659255141745414,1.5604443476366803,179.81495999999999,1.4786198503412546,1.6658788215675375,1.5666735787410149,1.4786198503412546,1.6606479497598816,1.5643565183348558,110.5,121.61,121.61,94.68,107.94,3.5910435149979236E-3,108.28,102.59,114.77500000000001,114.94499999999999,91.956000000000003,114.94499999999999,137.934,"",41.880959999999988]
["Superintendent-Operations","Superintendent Operations",null,"5H",573,571,179.81495999999999,1.6272847058823527,1.899186311787072,1.7527532897943268,1.4786198503412546,1.6606479497598816,1.5643565183348558,179.1,1.4727407285585066,1.659255141745414,1.5604443476366803,178.94214000000002,1.4714426445193654,1.6577926625903283,1.5590689610106732,1.4714426445193654,1.6525871813816035,1.5567631475923271,110.5,121.61,121.61,94.68,107.94,3.5910435149979236E-3,108.28,102.59,114.77500000000001,114.94499999999999,91.956000000000003,114.94499999999999,137.934,"",41.880959999999988]
["Superintendent-Operations","Superintendent Operations",null,"5H",573,571,179.81495999999999,1.6272847058823527,1.899186311787072,1.7527532897943268,1.4786198503412546,1.6606479497598816,1.5643565183348558,179.1,1.4727407285585066,1.659255141745414,1.5604443476366803,173.12307999999999,1.4235924677246936,1.6038825273299981,1.5083692441733825,1.4235924677246936,1.5988463243442925,1.5061384140240985,110.5,121.61,121.61,94.68,107.94,3.5910435149979236E-3,108.28,102.59,114.77500000000001,114.94499999999999,91.956000000000003,114.94499999999999,137.934,"",41.880959999999988]
["Superintendent-Operations","Superintendent Operations",null,"5H",573,571,179.81495999999999,1.6272847058823527,1.899186311787072,1.7527532897943268,1.4786198503412546,1.6606479497598816,1.5643565183348558,179.1,1.4727407285585066,1.659255141745414,1.5604443476366803,173.12307999999999,1.4235924677246936,1.6038825273299981,1.5083692441733825,1.4235924677246936,1.5988463243442925,1.5061384140240985,110.5,121.61,121.61,94.68,107.94,3.5910435149979236E-3,108.28,102.59,114.77500000000001,114.94499999999999,91.956000000000003,114.94499999999999,137.934,"",41.880959999999988]
["Superintendent-Operations","Superintendent Operations",null,"5H",573,571,179.81495999999999,1.6272847058823527,1.899186311787072,1.7527532897943268,1.4786198503412546,1.6606479497598816,1.5643565183348558,179.1,1.4727407285585066,1.659255141745414,1.5604443476366803,170.3689,1.400944823616479,1.578366685195479,1.4843729035068611,1.400944823616479,1.5734106021425933,1.4821775631823917,110.5,121.61,121.61,94.68,107.94,3.5910435149979236E-3,108.28,102.59,114.77500000000001,114.94499999999999,91.956000000000003,114.94499999999999,137.934,"",41.880959999999988]
["Superintendent-Operations","Superintendent Operations",null,"5H",573,571,179.81495999999999,1.6272847058823527,1.899186311787072,1.7527532897943268,1.4786198503412546,1.6606479497598816,1.5643565183348558,179.1,1.4727407285585066,1.659255141745414,1.5604443476366803,167.2801,1.3755455965792287,1.5497507874745229,1.4574611195817904,1.3755455965792287,1.5448845585519024,1.4553055809300102,110.5,121.61,121.61,94.68,107.94,3.5910435149979236E-3,108.28,102.59,114.77500000000001,114.94499999999999,91.956000000000003,114.94499999999999,137.934,"",41.880959999999988]
["Manager Technical Services","Manager Technical Services",null,"5H",573,571,110.5,1,1.1670891423743135,1.0771030314845502,0.90864238138310993,1.0205024011821204,0.96132933141937449,179.1,1.4727407285585066,1.659255141745414,1.5604443476366803,110.5,0.90864238138310993,1.0237168797480081,0.96275321280766712,0.90864238138310993,1.0205024011821204,0.96132933141937449,110.5,121.61,121.61,94.68,107.94,3.5910435149979236E-3,108.28,102.59,114.77500000000001,114.94499999999999,91.956000000000003,114.94499999999999,137.934,"",""]
["Section Head - IT&I","Section Head, ITI",null,"5H",573,571,170.56389999999999,1.5435647058823529,1.8014776087874944,1.6625782239984401,1.4025483101718608,1.5752114887329145,1.4838740267084258,179.1,1.4727407285585066,1.659255141745414,1.5604443476366803,170.56389999999999,1.4025483101718608,1.5801732443950343,1.486071879764757,1.4025483101718608,1.5752114887329145,1.4838740267084258,110.5,121.61,121.61,94.68,107.94,3.5910435149979236E-3,108.28,102.59,114.77500000000001,114.94499999999999,91.956000000000003,114.94499999999999,137.934,"",32.629899999999992]
["Section Head - IT&I","Section Head, ITI",null,"5H",573,571,170.56389999999999,1.5435647058823529,1.8014776087874944,1.6625782239984401,1.4025483101718608,1.5752114887329145,1.4838740267084258,179.1,1.4727407285585066,1.659255141745414,1.5604443476366803,161.28216,1.3262244881177536,1.4941834352418011,1.4052028751905903,1.3262244881177536,1.489491688215737,1.4031246248205664,110.5,121.61,121.61,94.68,107.94,3.5910435149979236E-3,108.28,102.59,114.77500000000001,114.94499999999999,91.956000000000003,114.94499999999999,137.934,"",32.629899999999992]
["Section Head - IT&I","Section Head, ITI",null,"5H",573,571,170.56389999999999,1.5435647058823529,1.8014776087874944,1.6625782239984401,1.4025483101718608,1.5752114887329145,1.4838740267084258,179.1,1.4727407285585066,1.659255141745414,1.5604443476366803,160.42285999999999,1.3191584573637036,1.4862225310357604,1.3977160531474622,1.3191584573637036,1.4815557813077205,1.3956488755491756,110.5,121.61,121.61,94.68,107.94,3.5910435149979236E-3,108.28,102.59,114.77500000000001,114.94499999999999,91.956000000000003,114.94499999999999,137.934,"",32.629899999999992]
["Section Head - IT&I","Section Head, ITI",null,"5H",573,571,170.56389999999999,1.5435647058823529,1.8014776087874944,1.6625782239984401,1.4025483101718608,1.5752114887329145,1.4838740267084258,179.1,1.4727407285585066,1.659255141745414,1.5604443476366803,155.50782000000001,1.278742044239783,1.4406876042245693,1.3548927902417773,1.278742044239783,1.43616383450314,1.3528889468876422,110.5,121.61,121.61,94.68,107.94,3.5910435149979236E-3,108.28,102.59,114.77500000000001,114.94499999999999,91.956000000000003,114.94499999999999,137.934,"",32.629899999999992]
["Section Head - IT&I","Section Head, ITI",null,"5H",573,571,170.56389999999999,1.5435647058823529,1.8014776087874944,1.6625782239984401,1.4025483101718608,1.5752114887329145,1.4838740267084258,179.1,1.4727407285585066,1.659255141745414,1.5604443476366803,154.60302000000001,1.2713018666228109,1.4323051695386328,1.3470095404051405,1.2713018666228109,1.4278077207240489,1.3450173561268435,110.5,121.61,121.61,94.68,107.94,3.5910435149979236E-3,108.28,102.59,114.77500000000001,114.94499999999999,91.956000000000003,114.94499999999999,137.934,"",32.629899999999992]
["Section Head - IT&I","Section Head, ITI",null,"5H",573,571,170.56389999999999,1.5435647058823529,1.8014776087874944,1.6625782239984401,1.4025483101718608,1.5752114887329145,1.4838740267084258,179.1,1.4727407285585066,1.659255141745414,1.5604443476366803,136.36922000000001,1.1213651837842284,1.2633798406522143,1.1881439337834896,1.1213651837842284,1.2594128186183968,1.1863867066858065,110.5,121.61,121.61,94.68,107.94,3.5910435149979236E-3,108.28,102.59,114.77500000000001,114.94499999999999,91.956000000000003,114.94499999999999,137.934,"",32.629899999999992]
["Section Head-Planning & Assess","Section Head Planning & Assessments",null,"5H",573,571,149.57280000000003,1.3536000000000004,1.579771863117871,1.4579666634174873,1.2299383274401778,1.3813520502401184,1.3012553830092657,179.1,1.4727407285585066,1.659255141745414,1.5604443476366803,149.57280000000003,1.2299383274401778,1.3857031684269041,1.3031827488564585,1.2299383274401778,1.3813520502401184,1.3012553830092657,110.5,121.61,121.61,94.68,107.94,3.5910435149979236E-3,108.28,102.59,114.77500000000001,114.94499999999999,91.956000000000003,114.94499999999999,137.934,"",11.638800000000032]
["Section Head-Planning & Assess","Section Head Planning & Assessments",null,"5H",573,571,149.57280000000003,1.3536000000000004,1.579771863117871,1.4579666634174873,1.2299383274401778,1.3813520502401184,1.3012553830092657,179.1,1.4727407285585066,1.659255141745414,1.5604443476366803,148.93216000000001,1.2246703396102294,1.3797680192699648,1.2976010455238511,1.2246703396102294,1.3754355374953824,1.2956819348384012,110.5,121.61,121.61,94.68,107.94,3.5910435149979236E-3,108.28,102.59,114.77500000000001,114.94499999999999,91.956000000000003,114.94499999999999,137.934,"",11.638800000000032]
["Section Head-Planning & Assess","Section Head Planning & Assessments",null,"5H",573,571,149.57280000000003,1.3536000000000004,1.579771863117871,1.4579666634174873,1.2299383274401778,1.3813520502401184,1.3012553830092657,179.1,1.4727407285585066,1.659255141745414,1.5604443476366803,148.10432,1.2178630046871146,1.3720985732814528,1.2903883249836636,1.2178630046871146,1.367790173623938,1.288479881682544,110.5,121.61,121.61,94.68,107.94,3.5910435149979236E-3,108.28,102.59,114.77500000000001,114.94499999999999,91.956000000000003,114.94499999999999,137.934,"",11.638800000000032]
["Section Head-Planning & Assess","Section Head Planning & Assessments",null,"5H",573,571,149.57280000000003,1.3536000000000004,1.579771863117871,1.4579666634174873,1.2299383274401778,1.3813520502401184,1.3012553830092657,179.1,1.4727407285585066,1.659255141745414,1.5604443476366803,148.10432,1.2178630046871146,1.3720985732814528,1.2903883249836636,1.2178630046871146,1.367790173623938,1.288479881682544,110.5,121.61,121.61,94.68,107.94,3.5910435149979236E-3,108.28,102.59,114.77500000000001,114.94499999999999,91.956000000000003,114.94499999999999,137.934,"",11.638800000000032]
["Section Head-Planning & Assess","Section Head Planning & Assessments",null,"5H",573,571,149.57280000000003,1.3536000000000004,1.579771863117871,1.4579666634174873,1.2299383274401778,1.3813520502401184,1.3012553830092657,179.1,1.4727407285585066,1.659255141745414,1.5604443476366803,148.04660000000001,1.2173883726667216,1.3715638317583845,1.2898854280113266,1.2173883726667216,1.3672571111932028,1.2879777284788378,110.5,121.61,121.61,94.68,107.94,3.5910435149979236E-3,108.28,102.59,114.77500000000001,114.94499999999999,91.956000000000003,114.94499999999999,137.934,"",11.638800000000032]
["Section Head-Planning & Assess","Section Head Planning & Assessments",null,"5H",573,571,149.57280000000003,1.3536000000000004,1.579771863117871,1.4579666634174873,1.2299383274401778,1.3813520502401184,1.3012553830092657,179.1,1.4727407285585066,1.659255141745414,1.5604443476366803,138.49992,1.1388859468793684,1.2831195108393552,1.2067080810280983,1.1388859468793684,1.2790905060953084,1.2049233981469398,110.5,121.61,121.61,94.68,107.94,3.5910435149979236E-3,108.28,102.59,114.77500000000001,114.94499999999999,91.956000000000003,114.94499999999999,137.934,"",11.638800000000032]
["Section Head-Planning & Assess","Section Head Planning & Assessments",null,"5H",573,571,149.57280000000003,1.3536000000000004,1.579771863117871,1.4579666634174873,1.2299383274401778,1.3813520502401184,1.3012553830092657,179.1,1.4727407285585066,1.659255141745414,1.5604443476366803,135.00005999999999,1.110106570183373,1.2506953863257364,1.1762148551513829,1.110106570183373,1.2467681935722201,1.1744752707816781,110.5,121.61,121.61,94.68,107.94,3.5910435149979236E-3,108.28,102.59,114.77500000000001,114.94499999999999,91.956000000000003,114.94499999999999,137.934,"",11.638800000000032]
["Section Head-Shift Oper Supprt","Section Head Shift Operations Support",null,"5H",573,571,143.96876,1.3028847058823529,1.5205825940008448,1.4033410663807389,1.1838562618205739,1.3295969708164019,1.2525012832224107,179.1,1.4727407285585066,1.659255141745414,1.5604443476366803,143.96876,1.1838562618205739,1.3337850657772838,1.2543564365062079,1.1838562618205739,1.3295969708164019,1.2525012832224107,110.5,121.61,121.61,94.68,107.94,3.5910435149979236E-3,108.28,102.59,114.77500000000001,114.94499999999999,91.956000000000003,114.94499999999999,137.934,"",6.0347600000000057]
[null,"Manager Customer Relations",null,"5H",573,551,"","*","*","*","*","*","*",null,"","","","","*","*","*","*","*","*",110.5,121.61,121.61,94.68,107.94,3.5910435149979236E-3,108.28,102.59,114.77500000000001,114.94499999999999,91.956000000000003,114.94499999999999,137.934,"",""]
[null,"Manager, Conservation Intelligence and Analytics",null,"5H",573,551,"","*","*","*","*","*","*",null,"","","","","*","*","*","*","*","*",110.5,121.61,121.61,94.68,107.94,3.5910435149979236E-3,108.28,102.59,114.77500000000001,114.94499999999999,91.956000000000003,114.94499999999999,137.934,"",""]
[null,"Manager, Financial Planning & Analysis",null,"5H",573,551,"","*","*","*","*","*","*",null,"","","","","*","*","*","*","*","*",110.5,121.61,121.61,94.68,107.94,3.5910435149979236E-3,108.28,102.59,114.77500000000001,114.94499999999999,91.956000000000003,114.94499999999999,137.934,"",""]
[null,"Manager, Procure to Pay",null,"5H",573,551,"","*","*","*","*","*","*",null,"","","","","*","*","*","*","*","*",110.5,121.61,121.61,94.68,107.94,3.5910435149979236E-3,108.28,102.59,114.77500000000001,114.94499999999999,91.956000000000003,114.94499999999999,137.934,"",""]
[null,"Manager, Contract Management (Contract & Support Services)",null,"5L",467,479,"","*","*","*","*","*","*",null,"","","","","*","*","*","*","*","*",100.16,109.36,109.36,82.01,90.47,0,90.47,91.085000000000008,99.914999999999992,99.914999999999992,79.932000000000002,99.914999999999992,119.89799999999998,"",""]
[null,"Manager, IT Solutions",null,"5L",467,479,"","*","*","*","*","*","*",null,"","","","","*","*","*","*","*","*",100.16,109.36,109.36,82.01,90.47,0,90.47,91.085000000000008,99.914999999999992,99.914999999999992,79.932000000000002,99.914999999999992,119.89799999999998,"",""]
["Manager IT Operations","Manager, IT Operations",null,"5L",467,479,115,1.1481629392971247,1.402268016095598,1.2625569522973046,1.0515727871250915,1.2711396042887144,1.1509783315818447,179.1,1.637710314557425,1.9796617663313805,1.7925236450983337,115,1.0515727871250915,1.2711396042887144,1.1509783315818447,1.0515727871250915,1.2711396042887144,1.1509783315818447,100.16,109.36,109.36,82.01,90.47,0,90.47,91.085000000000008,99.914999999999992,99.914999999999992,79.932000000000002,99.914999999999992,119.89799999999998,"",""]
["Mgr - IT Operations","Manager, IT Operations",null,"5L",467,479,180.76760000000002,1.8047883386581471,2.2042141202292402,1.984603392435637,1.6529590343818583,1.9980943959323534,1.8092138317569937,179.1,1.637710314557425,1.9796617663313805,1.7925236450983337,180.76760000000002,1.6529590343818583,1.9980943959323534,1.8092138317569937,1.6529590343818583,1.9980943959323534,1.8092138317569937,100.16,109.36,109.36,82.01,90.47,0,90.47,91.085000000000008,99.914999999999992,99.914999999999992,79.932000000000002,99.914999999999992,119.89799999999998,"",60.869600000000034]
[null,null,null,"6H",381,"","","*","*","*","*","*","*",179.1,"*","*","*","","*","*","*","*","*","*","*","*","*","*","*","*","*","*","*","*","*","*","*","",""]
[null,null,null,"6L",310,"","","*","*","*","*","*","*",179.1,"*","*","*","","*","*","*","*","*","*","*","*","*","*","*","*","*","*","*","*","*","*","*","",""]
[null,null,null,"7H",253,"","","*","*","*","*","*","*",179.1,"*","*","*","","*","*","*","*","*","*","*","*","*","*","*","*","*","*","*","*","*","*","*","",""]
[null,null,null,"7L",206,"","","*","*","*","*","*","*",179.1,"*","*","*","","*","*","*","*","*","*","*","*","*","*","*","*","*","*","*","*","*","*","*","",""]
[null,null,null,"8H",167,"","","*","*","*","*","*","*",179.1,"*","*","*","","*","*","*","*","*","*","*","*","*","*","*","*","*","*","*","*","*","*","*","",""]
[null,null,null,"8L",136,"","","*","*","*","*","*","*",179.1,"*","*","*","","*","*","*","*","*","*","*","*","*","*","*","*","*","*","*","*","*","*","*","",""]
["Section Head - Corp Bus Mgmt","Section Head Corporate Business Management",null,"","","",150.00023999999999,"*","*","*","*","*","*",null,"","","",150.00023999999999,"*","*","*","*","*","*","*","*","*","*","*","*","*","*","*","*","*","*","*","",""]
["Section Head-Talent Acq & Mgmt","Section Head-Talent Acquisition & Management",null,"","","",132.00018,"*","*","*","*","*","*",null,"","","",132.00018,"*","*","*","*","*","*","*","*","*","*","*","*","*","*","*","*","*","*","*","",""]
[null,"Manager, Project & Portfolio",null,"","","","","*","*","*","*","*","*",null,"","","","","*","*","*","*","*","*","*","*","*","*","*","*","*","*","*","*","*","*","*","",""]
["Data & Reporting Manager",null,null,"","","",91,"*","*","*","*","*","*",null,"","","",91,"*","*","*","*","*","*","*","*","*","*","*","*","*","*","*","*","*","*","*","",""]
["Director Conservation Integration",null,null,"","","",193.429,"*","*","*","*","*","*",null,"","","",193.429,"*","*","*","*","*","*","*","*","*","*","*","*","*","*","*","*","*","*","*","",""]
["Director, Marketing",null,null,"","","",195,"*","*","*","*","*","*",null,"","","",195,"*","*","*","*","*","*","*","*","*","*","*","*","*","*","*","*","*","*","*","",""]
["Director-Planning & Assessment",null,null,"","","",221.69783999999999,"*","*","*","*","*","*",null,"","","",221.69783999999999,"*","*","*","*","*","*","*","*","*","*","*","*","*","*","*","*","*","*","*","",""]
["Dir-Mrkt Assmt & Cmp",null,null,"","","",223.93617999999998,"*","*","*","*","*","*",null,"","","",223.93617999999998,"*","*","*","*","*","*","*","*","*","*","*","*","*","*","*","*","*","*","*","",""]
["Manager - Economics",null,null,"","","",160.0001,"*","*","*","*","*","*",null,"","","",160.0001,"*","*","*","*","*","*","*","*","*","*","*","*","*","*","*","*","*","*","*","",""]
["Manager Regulatory Proceedings",null,null,"","","",115.842,"*","*","*","*","*","*",null,"","","",115.842,"*","*","*","*","*","*","*","*","*","*","*","*","*","*","*","*","*","*","*","",""]
["Manager, Office and Facility Management",null,null,"","","",106.313,"*","*","*","*","*","*",null,"","","",106.313,"*","*","*","*","*","*","*","*","*","*","*","*","*","*","*","*","*","*","*","",""]
["Mgr IT Security and Risk Mgmt",null,null,"","","",184.38082,"*","*","*","*","*","*",null,"","","",184.38082,"*","*","*","*","*","*","*","*","*","*","*","*","*","*","*","*","*","*","*","",""]
["Mgr/Business Architect EDAC",null,null,"","","",177.15204,"*","*","*","*","*","*",null,"","","",177.15204,"*","*","*","*","*","*","*","*","*","*","*","*","*","*","*","*","*","*","*","",""]
["Mgr/Business Architect EDAC",null,null,"","","",177.15204,"*","*","*","*","*","*",null,"","","",157.00022000000001,"*","*","*","*","*","*","*","*","*","*","*","*","*","*","*","*","*","*","*","",""]
["Program Manager Intake and Finance",null,null,"","","",113.76300000000001,"*","*","*","*","*","*",null,"","","",113.76300000000001,"*","*","*","*","*","*","*","*","*","*","*","*","*","*","*","*","*","*","*","",""]
["Sttlmt Prod Manager",null,null,"","","",153.99982,"*","*","*","*","*","*",null,"","","",153.99982,"*","*","*","*","*","*","*","*","*","*","*","*","*","*","*","*","*","*","*","",""]
[null,null,null,null,null,null,null,null,null,null,null,null,null,null,null,null,null,null,null,null,null,null,null,null,null,null,null,null,null,null,null,null,null,null,null,null,"Totals:",-24.458079999999882,648.30240000000049]
[null,null,null,null,null,null,null,null,null,null,null,null,null,null,null,null,null,null,null,null,null,null,null,null,null,null,null,null,null,null,null,null,null,null,null,null,"N:",6,26]

{"sheet":"Public_Interp","index":4,"n_rows":163,"n_cols":116,"rows_kept":163,"cut":false,"hidden":true,"merged":[]}
[null,"INTERPOLATION SPREADSHEET - PLEASE INPUT DATA IN RANGE B10 TO X56"]
[]
[]
[null,"IESO"]
[null,2015]
[null,"Total Direct"]
[null,"INPUT",null,null,null,null,null,null,null,null,null,null,null,null,null,null,null,null,null,null,null,null,null,null,null,null,null,null,null,null,null,null,"SLOPE",null,null,null,null,{"$f":"\" \"&$B$4&\"             \"&$B$5","v":{"$error":"#VALUE!"}},null,null,null,null,null,null,null,null,null,null,null,null,null,null,null,null,null,null,null,null,null,null,null,null,null,"INTERCEPT",null,null,null,null,{"$f":"\" \"&$B$4&\"             \"&$B$5","v":{"$error":"#VALUE!"}},null,null,null,null,null,null,null,null,null,null,null,null,null,null,null,null,null,null,null,null,null,null,null,null,null,"OUTPUT",{"$f":"\" \"&$B$4&\"             \"&$B$5","v":{"$error":"#VALUE!"}}]
[null,null,null,null,null,null,null,null,null,null,null,null,null,null,null,null,null,null,null,null,null,null,null,null,null,null,null,null,null,null,null,null,null,null,null,null,null,null,null,null,null,null,null,null,null,null,null,null,null,null,null,null,null,null,null,null,null,null,null,null,null,null,null,null,null,null,null,null,null,null,null,null,null,null,null,null,null,null,null,null,null,null,null,null,null,null,null,null,null,null,null,null,null,null,"Total Pts",{"$f":"'Grade Structure'!$H14","v":136},{"$f":"'Grade Structure'!$H15","v":167},{"$f":"'Grade Structure'!$H16","v":206},{"$f":"'Grade Structure'!$H17","v":253},{"$f":"'Grade Structure'!$H18","v":310},{"$f":"'Grade Structure'!$H19","v":381},{"$f":"'Grade Structure'!$H20","v":467},{"$f":"'Grade Structure'!$H21","v":573},{"$f":"'Grade Structure'!$H22","v":726},{"$f":"'Grade Structure'!$H23","v":913},{"$f":"'Grade Structure'!$H24","v":1119},{"$f":"'Grade Structure'!$H25","v":1372},{"$f":"'Grade Structure'!$H26","v":1681},0,0,0,0,0,0,0,0]
[null,null,null,null,null,null,null,null,null,null,null,null,null,null,null,null,null,null,null,null,null,null,null,null,null,null,null,null,null,null,null,null,"S POINTS",{"$f":"C10","v":78},{"$f":"AH$10+1","v":92},{"$f":"AI$10+1","v":106},125,148,177,210,249,292,343,405,479,567,675,808,968,1159,1385,1655,1971,2346,2786,3301,3916,4656,5541,{"$f":"BF$10+1","v":5541},{"$f":"BH$10+1","v":7741},{"$f":"BI$10+1","v":8981},null,"S POINTS",{"$f":"C10","v":78},{"$f":"BM$10+1","v":92},{"$f":"BN$10+1","v":106},125,148,177,210,249,292,343,405,479,567,675,808,968,1159,1385,1655,1971,2346,2786,3301,3916,4656,{"$f":"CK$10+1","v":5541},6591,8981,null,null,"S-Correlation",1,null,"Aged",0,null,"Round",2]
[null,null,78,91,105,124,147,176,209,248,291,342,404,478,566,674,807,967,1158,1384,1654,1970,2345,2785,3300,3915,4655,5540,6590,7740,8980,null,null,{"$f":"D$10","v":91},105,124,147,176,209,248,291,342,404,478,566,674,807,967,1158,1384,1654,1970,2345,2785,3300,3915,4655,5540,6590,7740,8980,null,null,null,{"$f":"D$10","v":91},105,124,147,176,209,248,291,342,404,478,566,674,807,967,1158,1384,1654,1970,2345,2785,3300,3915,4655,5540,6590,{"$f":"AE$10","v":8980},null,null,1,"S-Pts",{"$f":"CR8","v":136},{"$f":"CS8","v":167},206,253,310,381,467,573,726,913,1119,1372,1681,0,0,0,0,0,0,0,0]
[null,null,null,null,null,null,null,null,null,null,null,null,null,null,null,null,null,null,null,null,null,null,null,null,null,null,null,null,null,null,null,null,null,null,null,null,null,null,null,null,null,null,null,null,null,null,null,null,null,null,null,null,null,null,null,null,null,null,null,null,null,null,null,null,null,null,null,null,null,null,null,null,null,null,null,null,null,null,null,null,null,null,null,null,null,null,null,null,null,null,null,null,null,{"$f":"CP10+1","v":2}]
[1,"POL",null,null,null,null,null,null,null,null,null,null,null,null,null,null,null,null,null,null,null,null,null,null,null,null,null,null,null,null,null,null,{"$f":"B12","v":"POL"},{"$f":"(D12-C12)/(D$10-C$10)","v":0},0,0,0,0,0,0,0,0,0,0,0,0,0,0,0,{"$f":"(T12-S12)/(T$10-S$10)","v":0},0,0,0,null,null,null,null,null,null,null,null,null,null,{"$f":"B12","v":"POL"},{"$f":"D12-(AH12*D$10)","v":0},0,0,0,0,0,0,0,0,0,0,0,0,0,0,0,{"$f":"T12-(AX12*T$10)","v":0},0,0,0,0,0,0,0,0,{"$f":"AC12-(BH12*AC$10)","v":0},{"$f":"AE12-(BI12*AE$10)","v":0},0,null,3,{"$f":"B12","v":"POL"},{"$f":"ROUND((1+$CU$9)*(HLOOKUP(CR$10,$AH$9:$AW$180,$A12+3)*CR$10+HLOOKUP(CR$10,$BM$9:$CO$180,$A12+3)),$CX$9)","v":0},0,0,0,0,0,0,0,0,0,0,0,{"$f":"ROUND((1+$CU$9)*(HLOOKUP(DD$10,$AL$9:$AW$180,$A12+3)*DD$10+HLOOKUP(DD$10,$BQ$9:$CO$180,$A12+3)),$CX$9)","v":0},{"$error":"#VALUE!"},{"$error":"#VALUE!"},{"$error":"#VALUE!"},{"$error":"#VALUE!"},{"$error":"#VALUE!"},{"$error":"#VALUE!"},{"$error":"#VALUE!"}]
[{"$f":"A12+1","v":2},"P90",null,null,{"$error":"#N/A"},{"$error":"#N/A"},{"$error":"#N/A"},{"$error":"#N/A"},{"$error":"#N/A"},86.7,92.3,103.3,107.6,119.9,126.4,140.4,155.30000000000001,174.5,204.1,{"$error":"#N/A"},{"$error":"#N/A"},{"$error":"#N/A"},{"$error":"#N/A"},{"$error":"#N/A"},{"$error":"#N/A"},null,null,null,null,null,null,null,"P90",0,{"$error":"#N/A"},{"$error":"#N/A"},{"$error":"#N/A"},{"$error":"#N/A"},{"$error":"#N/A"},{"$error":"#N/A"},0.13023255813953474,0.21568627450980393,6.9354838709677374E-2,0.16621621621621638,7.3863636363636367E-2,0.12962962962962962,0.11203007518796997,0.11999999999999993,0.15497382198952878,{"$error":"#N/A"},{"$error":"#N/A"},{"$error":"#N/A"},{"$error":"#N/A"},{"$error":"#N/A"},{"$error":"#N/A"},{"$error":"#N/A"},0,0,0,0,0,null,null,"P90",0,{"$error":"#N/A"},{"$error":"#N/A"},{"$error":"#N/A"},{"$error":"#N/A"},{"$error":"#N/A"},{"$error":"#N/A"},54.402325581395388,29.535294117647055,79.580645161290334,40.448648648648572,84.593181818181819,53.029629629629639,64.891729323308255,58.460000000000065,24.640314136125681,{"$error":"#N/A"},{"$error":"#N/A"},{"$error":"#N/A"},{"$error":"#N/A"},{"$error":"#N/A"},{"$error":"#N/A"},{"$error":"#N/A"},0,0,0,0,0,null,4,"P90",{"$f":"ROUND((1+$CU$9)*(HLOOKUP(CR$10,$AH$9:$BI$180,$A13+3)*CR$10+HLOOKUP(CR$10,$BM$9:$CO$180,$A13+3)),$CX$9)","v":{"$error":"#N/A"}},{"$error":"#N/A"},{"$error":"#N/A"},87.35,96.4,106,118.07,127.31,146.22999999999999,168.02,{"$f":"ROUND((1+$CU$9)*(HLOOKUP(DB$10,$AH$9:$BI$180,$A13+3)*DB$10+HLOOKUP(DB$10,$BM$9:$CO$180,$A13+3)),$CX$9)","v":198.06},{"$error":"#N/A"},{"$error":"#N/A"},{"$error":"#VALUE!"},{"$error":"#VALUE!"},{"$error":"#VALUE!"},{"$error":"#VALUE!"},{"$error":"#VALUE!"},{"$error":"#VALUE!"},{"$error":"#VALUE!"},{"$error":"#VALUE!"}]
[3,"P75",null,null,{"$error":"#N/A"},{"$error":"#N/A"},{"$error":"#N/A"},68.099999999999994,75.900000000000006,77.8,83.1,96.4,96.5,112.3,116.2,130,146.69999999999999,165,200,230.7,260,292.8,330,{"$error":"#N/A"},{"$error":"#N/A"},null,null,null,null,null,null,null,"P75",0,{"$error":"#N/A"},{"$error":"#N/A"},{"$error":"#N/A"},{"$error":"#N/A"},0.23636363636363672,4.8717948717948496E-2,0.12325581395348831,0.26078431372549044,1.6129032258063599E-3,0.21351351351351347,4.4318181818181882E-2,0.12777777777777774,0.12556390977443602,0.11437500000000007,0.18324607329842932,0.13584070796460171,0.10851851851851856,0.10379746835443042,9.9199999999999969E-2,{"$error":"#N/A"},{"$error":"#N/A"},{"$error":"#N/A"},0,0,0,0,0,null,null,"P75",0,{"$error":"#N/A"},{"$error":"#N/A"},{"$error":"#N/A"},{"$error":"#N/A"},26.499999999999929,65.717948717948772,47.232558139534895,7.211764705882274,95.848387096774232,10.240540540540565,91.115909090909057,43.877777777777808,45.369924812030121,54.399374999999935,-12.198952879581157,42.696460176991224,80.51037037037031,88.318987341772072,97.376000000000062,{"$error":"#N/A"},{"$error":"#N/A"},{"$error":"#N/A"},0,0,0,0,0,null,5,"P75",{"$error":"#N/A"},{"$error":"#N/A"},75.19,78.42,88.05,96.46,109.95,117.09,136.53,158.82,192.85,229.07,262.8,{"$error":"#VALUE!"},{"$error":"#VALUE!"},{"$error":"#VALUE!"},{"$error":"#VALUE!"},{"$error":"#VALUE!"},{"$error":"#VALUE!"},{"$error":"#VALUE!"},{"$error":"#VALUE!"}]
[4,"P50",null,null,47,51.6,56.1,58.7,67.099999999999994,71.900000000000006,76.599999999999994,86.3,94.6,101.6,110.4,116.2,134.69999999999999,152.19999999999999,183.9,218.1,246.8,287.10000000000002,318.2,348.8,{"$error":"#N/A"},null,null,null,null,null,null,null,"P50",0,3.3571428571428572,0.24210526315789482,0.19565217391304349,8.9655172413793158E-2,0.2545454545454543,0.12307692307692338,0.10930232558139509,0.19019607843137259,0.13387096774193544,9.45945945945946E-2,0.10000000000000013,5.3703703703703677E-2,0.13909774436090214,0.109375,0.16596858638743464,0.15132743362831855,0.10629629629629636,0.12753164556962029,8.2933333333333248E-2,6.9545454545454591E-2,{"$error":"#N/A"},{"$error":"#N/A"},0,0,0,0,0,null,null,"P50",0,-305.5,21.578947368421044,27.339130434782607,42.92068965517241,13.900000000000048,41.376923076923006,44.79302325581402,21.252941176470571,40.516129032258078,56.383783783783777,53.799999999999933,80.003703703703735,22.448120300751967,46.434374999999989,-8.2916230366492982,8.6628318584071167,70.985925925925841,35.862658227848044,123.72133333333352,155.11590909090899,{"$error":"#N/A"},{"$error":"#N/A"},0,0,0,0,0,null,6,"P50",53.95,57.89,66.34,72.45,80.209999999999994,91.52,100.56,110.78,123.43,146.29,177.43,216.28,250.24,{"$error":"#VALUE!"},{"$error":"#VALUE!"},{"$error":"#VALUE!"},{"$error":"#VALUE!"},{"$error":"#VALUE!"},{"$error":"#VALUE!"},{"$error":"#VALUE!"},{"$error":"#VALUE!"}]
[5,"P25",null,null,{"$error":"#N/A"},{"$error":"#N/A"},{"$error":"#N/A"},55.8,56.9,64.3,72.3,80.400000000000006,87.6,94.7,101.4,105,122.9,139,175.9,200,231.1,270.10000000000002,287.10000000000002,{"$error":"#N/A"},{"$error":"#N/A"},null,null,null,null,null,null,null,"P25",0,{"$error":"#N/A"},{"$error":"#N/A"},{"$error":"#N/A"},{"$error":"#N/A"},3.3333333333333375E-2,0.18974358974358971,0.18604651162790697,0.15882352941176486,0.11612903225806433,9.5945945945946062E-2,7.6136363636363669E-2,3.3333333333333277E-2,0.13458646616541359,0.10062499999999996,0.19319371727748694,0.10663716814159289,0.11518518518518517,0.12341772151898743,4.5333333333333337E-2,{"$error":"#N/A"},{"$error":"#N/A"},{"$error":"#N/A"},0,0,0,0,0,null,null,"P25",0,{"$error":"#N/A"},{"$error":"#N/A"},{"$error":"#N/A"},{"$error":"#N/A"},49.933333333333323,17.243589743589752,18.16046511627907,26.082352941176424,40.683870967742003,48.837837837837782,58.306818181818173,82.533333333333374,14.288721804511241,41.695625000000035,-47.818324607329856,52.414159292035436,40.583703703703719,26.967088607594775,180.79333333333335,{"$error":"#N/A"},{"$error":"#N/A"},{"$error":"#N/A"},0,0,0,0,0,null,7,"P25",{"$error":"#N/A"},{"$error":"#N/A"},56.8,65.23,75.319999999999993,84.93,93.64,101.63,112,133.57,168.37,198.72,234.43,{"$error":"#VALUE!"},{"$error":"#VALUE!"},{"$error":"#VALUE!"},{"$error":"#VALUE!"},{"$error":"#VALUE!"},{"$error":"#VALUE!"},{"$error":"#VALUE!"},{"$error":"#VALUE!"}]
[6,"P10",null,null,{"$error":"#N/A"},{"$error":"#N/A"},{"$error":"#N/A"},{"$error":"#N/A"},{"$error":"#N/A"},57.8,67.5,72.5,78.900000000000006,81.400000000000006,88.8,96.2,113.3,126.7,150.9,{"$error":"#N/A"},{"$error":"#N/A"},{"$error":"#N/A"},{"$error":"#N/A"},{"$error":"#N/A"},{"$error":"#N/A"},null,null,null,null,null,null,null,"P10",0,{"$error":"#N/A"},{"$error":"#N/A"},{"$error":"#N/A"},{"$error":"#N/A"},{"$error":"#N/A"},{"$error":"#N/A"},0.22558139534883728,9.8039215686274508E-2,0.103225806451613,3.3783783783783786E-2,8.4090909090908994E-2,6.8518518518518576E-2,0.12857142857142853,8.3750000000000033E-2,0.12670157068062829,{"$error":"#N/A"},{"$error":"#N/A"},{"$error":"#N/A"},{"$error":"#N/A"},{"$error":"#N/A"},{"$error":"#N/A"},{"$error":"#N/A"},0,0,0,0,0,null,null,"P10",0,{"$error":"#N/A"},{"$error":"#N/A"},{"$error":"#N/A"},{"$error":"#N/A"},{"$error":"#N/A"},{"$error":"#N/A"},1.8558139534883509,38.970588235294116,37.19677419354835,65.25135135135136,41.20454545454551,50.018518518518484,9.5428571428571729,45.713749999999976,4.1795811518324513,{"$error":"#N/A"},{"$error":"#N/A"},{"$error":"#N/A"},{"$error":"#N/A"},{"$error":"#N/A"},{"$error":"#N/A"},{"$error":"#N/A"},0,0,0,0,0,null,8,"P10",{"$error":"#N/A"},{"$error":"#N/A"},{"$error":"#N/A"},58.93,69.36,76.53,81.03,89.28,102.89,122.18,145.96,{"$error":"#N/A"},{"$error":"#N/A"},{"$error":"#VALUE!"},{"$error":"#VALUE!"},{"$error":"#VALUE!"},{"$error":"#VALUE!"},{"$error":"#VALUE!"},{"$error":"#VALUE!"},{"$error":"#VALUE!"},{"$error":"#VALUE!"}]
[7,"AVG",null,null,48.7,49.5,54.9,58.7,66.7,71.099999999999994,77.8,87,92.9,102.4,109.3,118.8,135,153.1,183.7,218.2,246.3,275.5,321,333.6,{"$error":"#N/A"},null,null,null,null,null,null,null,"AVG",0,3.4785714285714286,4.210526315789459E-2,0.23478260869565212,0.13103448275862084,0.24242424242424243,0.1128205128205126,0.15581395348837215,0.18039215686274515,9.5161290322580736E-2,0.12837837837837837,7.8409090909090817E-2,8.7962962962962965E-2,0.12180451127819551,0.11312499999999996,0.16020942408376959,0.15265486725663716,0.10407407407407415,9.2405063291139206E-2,0.12133333333333333,2.8636363636363689E-2,{"$error":"#N/A"},{"$error":"#N/A"},0,0,0,0,0,null,null,"AVG",0,-316.55,44.278947368421072,20.386956521739137,35.637931034482733,16.033333333333331,43.120512820512872,32.458139534883699,25.305882352941161,54.454838709677389,41.035135135135143,64.920454545454589,59.512962962962959,36.703759398496217,43.708125000000038,-1.8225130890051844,6.9256637168141708,74.16148148148136,93.462025316455765,36.473333333333358,253.84772727272716,{"$error":"#N/A"},{"$error":"#N/A"},0,0,0,0,0,null,9,"AVG",52.32,57.52,65.97,71.88,81.23,90.71,100.99,109.92,125.13,146.99,177.45,216.37,248.79,{"$error":"#VALUE!"},{"$error":"#VALUE!"},{"$error":"#VALUE!"},{"$error":"#VALUE!"},{"$error":"#VALUE!"},{"$error":"#VALUE!"},{"$error":"#VALUE!"},{"$error":"#VALUE!"}]
[8,"N",null,null,4,4,5,9,11,13,13,13,13,15,15,15,15,15,14,11,11,10,8,5,{"$error":"#N/A"},null,null,null,null,null,null,null,"N",0,0.2857142857142857,0,4.3478260869565216E-2,0.13793103448275862,6.0606060606060608E-2,5.128205128205128E-2,0,0,0,2.7027027027027029E-2,0,0,0,0,-5.235602094240838E-3,-1.3274336283185841E-2,0,-3.1645569620253164E-3,-5.3333333333333332E-3,-6.8181818181818179E-3,{"$error":"#N/A"},{"$error":"#N/A"},0,0,0,0,0,null,null,"N",0,-26,4,-1.3913043478260869,-15.275862068965516,-1.6666666666666679,0.28205128205128283,13,13,13,2.0810810810810807,15,15,15,15,20.062827225130889,29.371681415929203,11,16.234177215189874,20.506666666666668,23.988636363636363,{"$error":"#N/A"},{"$error":"#N/A"},0,0,0,0,0,null,10,"N",4.5199999999999996,7.76,10.82,13,13,13,14.7,15,15,15,14.2,11.16,10.91,{"$error":"#VALUE!"},{"$error":"#VALUE!"},{"$error":"#VALUE!"},{"$error":"#VALUE!"},{"$error":"#VALUE!"},{"$error":"#VALUE!"},{"$error":"#VALUE!"},{"$error":"#VALUE!"}]
[9,"ACT",null,null,null,null,null,null,null,null,null,null,null,null,null,null,null,null,null,null,null,null,null,null,null,null,null,null,null,null,null,null,"ACT",0,0,0,0,0,0,0,0,0,0,0,0,0,0,0,0,0,0,0,0,0,0,0,0,0,0,0,0,null,null,"ACT",0,0,0,0,0,0,0,0,0,0,0,0,0,0,0,0,0,0,0,0,0,0,0,0,0,0,0,0,null,11,"ACT",0,0,0,0,0,0,0,0,0,0,0,0,0,{"$error":"#VALUE!"},{"$error":"#VALUE!"},{"$error":"#VALUE!"},{"$error":"#VALUE!"},{"$error":"#VALUE!"},{"$error":"#VALUE!"},{"$error":"#VALUE!"},{"$error":"#VALUE!"}]
[10,"P90",null,null,{"$error":"#N/A"},{"$error":"#N/A"},{"$error":"#N/A"},{"$error":"#N/A"},{"$error":"#N/A"},90.9,91.1,103.7,108.5,120,126.6,143.80000000000001,163.1,191.1,207.4,{"$error":"#N/A"},{"$error":"#N/A"},{"$error":"#N/A"},{"$error":"#N/A"},{"$error":"#N/A"},{"$error":"#N/A"},null,null,null,null,null,null,null,"P90",0,{"$error":"#N/A"},{"$error":"#N/A"},{"$error":"#N/A"},{"$error":"#N/A"},{"$error":"#N/A"},{"$error":"#N/A"},4.6511627906974098E-3,0.24705882352941194,7.7419354838709625E-2,0.1554054054054054,7.4999999999999942E-2,0.15925925925925941,0.14511278195488708,0.17499999999999999,8.5340314136125708E-2,{"$error":"#N/A"},{"$error":"#N/A"},{"$error":"#N/A"},{"$error":"#N/A"},{"$error":"#N/A"},{"$error":"#N/A"},{"$error":"#N/A"},0,0,0,0,0,null,null,"P90",0,{"$error":"#N/A"},{"$error":"#N/A"},{"$error":"#N/A"},{"$error":"#N/A"},{"$error":"#N/A"},{"$error":"#N/A"},89.746511627907054,19.205882352941117,77.222580645161315,45.716216216216225,84.150000000000034,36.45925925925917,45.993984962406117,21.875,108.57591623036643,{"$error":"#N/A"},{"$error":"#N/A"},{"$error":"#N/A"},{"$error":"#N/A"},{"$error":"#N/A"},{"$error":"#N/A"},{"$error":"#N/A"},0,0,0,0,0,null,12,"P90",{"$error":"#N/A"},{"$error":"#N/A"},{"$error":"#N/A"},90.92,95.79,106.72,118.29,127.71,151.35,181.65,204.07,{"$error":"#N/A"},{"$error":"#N/A"},{"$error":"#VALUE!"},{"$error":"#VALUE!"},{"$error":"#VALUE!"},{"$error":"#VALUE!"},{"$error":"#VALUE!"},{"$error":"#VALUE!"},{"$error":"#VALUE!"},{"$error":"#VALUE!"}]
[11,"P75",null,null,{"$error":"#N/A"},{"$error":"#N/A"},{"$error":"#N/A"},71.8,78.400000000000006,82,85.1,96.5,101.5,111.2,119.7,132.80000000000001,151.30000000000001,168.9,198.2,235.8,271.39999999999998,306.3,360,{"$error":"#N/A"},{"$error":"#N/A"},null,null,null,null,null,null,null,"P75",0,{"$error":"#N/A"},{"$error":"#N/A"},{"$error":"#N/A"},{"$error":"#N/A"},0.20000000000000026,9.230769230769216E-2,7.2093023255813821E-2,0.223529411764706,8.0645161290322578E-2,0.13108108108108113,9.6590909090909088E-2,0.12129629629629637,0.13909774436090225,0.10999999999999996,0.15340314136125646,0.16637168141592931,0.13185185185185172,0.11044303797468365,0.14319999999999997,{"$error":"#N/A"},{"$error":"#N/A"},{"$error":"#N/A"},0,0,0,0,0,null,null,"P75",0,{"$error":"#N/A"},{"$error":"#N/A"},{"$error":"#N/A"},{"$error":"#N/A"},36.599999999999952,59.107692307692346,64.12093023255818,20.05294117647054,68.91935483870968,48.543243243243225,65.029545454545456,51.046296296296262,39.048120300751904,62.530000000000044,20.559162303665005,5.5415929203538496,53.317037037037238,88.72721518987322,24.196000000000083,{"$error":"#N/A"},{"$error":"#N/A"},{"$error":"#N/A"},0,0,0,0,0,null,13,"P75",{"$error":"#N/A"},{"$error":"#N/A"},77.8,82.36,89.35,99.65,109.76,120.55,140.03,162.96,192.22,233.8,274.38,{"$error":"#VALUE!"},{"$error":"#VALUE!"},{"$error":"#VALUE!"},{"$error":"#VALUE!"},{"$error":"#VALUE!"},{"$error":"#VALUE!"},{"$error":"#VALUE!"},{"$error":"#VALUE!"}]
[12,"P50",null,null,56.9,51.8,56.4,63.1,74.2,68.099999999999994,78.400000000000006,87.7,93.6,101.3,109.8,120.6,137.19999999999999,151,184.9,218.3,250,291.60000000000002,309,346.8,{"$error":"#N/A"},null,null,null,null,null,null,null,"P50",0,4.0642857142857141,-0.268421052631579,0.20000000000000007,0.23103448275862079,0.33636363636363642,-0.15641025641025663,0.23953488372093049,0.18235294117647052,9.5161290322580513E-2,0.10405405405405409,9.6590909090909088E-2,9.9999999999999978E-2,0.12481203007518793,8.6250000000000077E-2,0.17748691099476444,0.14778761061946905,0.11740740740740736,0.13164556962025323,4.6399999999999941E-2,8.5909090909090935E-2,{"$error":"#N/A"},{"$error":"#N/A"},0,0,0,0,0,null,null,"P50",0,-369.85,85.084210526315786,26.999999999999989,22.437931034482745,3.8999999999999915,106.88974358974363,8.695348837209238,25.335294117647081,55.15483870967747,51.562162162162146,55.12954545454545,53.2,36.476691729323335,67.596249999999927,-20.629842931937219,13.761946902654842,55.808148148148234,32.258227848101171,200.19200000000012,107.54318181818175,{"$error":"#N/A"},{"$error":"#N/A"},0,0,0,0,0,null,14,"P50",{"$f":"ROUND((1+$CU$9)*(HLOOKUP(CR$10,$AH$9:$BI$180,$A23+3)*CR$10+HLOOKUP(CR$10,$BM$9:$CO$180,$A23+3)),$CX$9)","v":54.2},61.02,73.19,69.3,81.86,91.41,100.16,110.5,127.09,146.34,{"$f":"ROUND((1+$CU$9)*(HLOOKUP(DB$10,$AH$9:$BI$180,$A23+3)*DB$10+HLOOKUP(DB$10,$BM$9:$CO$180,$A23+3)),$CX$9)","v":177.98},216.53,253.55,{"$error":"#VALUE!"},{"$error":"#VALUE!"},{"$error":"#VALUE!"},{"$error":"#VALUE!"},{"$error":"#VALUE!"},{"$error":"#VALUE!"},{"$error":"#VALUE!"},{"$error":"#VALUE!"}]
[13,"P25",null,null,{"$error":"#N/A"},{"$error":"#N/A"},{"$error":"#N/A"},53.1,54.4,62.9,69.7,79.2,85.7,93.5,101.4,101.9,120,140.4,173.4,201.3,232.1,259.2,285,{"$error":"#N/A"},{"$error":"#N/A"},null,null,null,null,null,null,null,"P25",0,{"$error":"#N/A"},{"$error":"#N/A"},{"$error":"#N/A"},{"$error":"#N/A"},3.9393939393939308E-2,0.21794871794871795,0.15813953488372104,0.18627450980392157,0.10483870967741936,0.10540540540540537,8.9772727272727337E-2,4.6296296296296294E-3,0.13609022556390973,0.12750000000000003,0.17277486910994763,0.12345132743362834,0.11407407407407401,8.5759493670886061E-2,6.8800000000000028E-2,{"$error":"#N/A"},{"$error":"#N/A"},{"$error":"#N/A"},0,0,0,0,0,null,null,"P25",0,{"$error":"#N/A"},{"$error":"#N/A"},{"$error":"#N/A"},{"$error":"#N/A"},46.166666666666686,8.8487179487179475,23.681395348837178,15.494117647058822,43.345161290322579,43.11621621621623,50.588636363636333,98.779629629629639,10.175187969924849,17.107499999999973,-26.673298429319345,30.443362831858394,43.421481481481578,90.253797468354435,123.66399999999993,{"$error":"#N/A"},{"$error":"#N/A"},{"$error":"#N/A"},0,0,0,0,0,null,15,"P25",{"$error":"#N/A"},{"$error":"#N/A"},54.28,63.69,73.239999999999995,83.29,92.34,101.43,108.98,133.52000000000001,166.66,199.82,234.42,{"$error":"#VALUE!"},{"$error":"#VALUE!"},{"$error":"#VALUE!"},{"$error":"#VALUE!"},{"$error":"#VALUE!"},{"$error":"#VALUE!"},{"$error":"#VALUE!"},{"$error":"#VALUE!"}]
[14,"P10",null,null,{"$error":"#N/A"},{"$error":"#N/A"},{"$error":"#N/A"},{"$error":"#N/A"},{"$error":"#N/A"},54.7,60.8,69,72.900000000000006,81,89.4,95.3,110,128.19999999999999,152.9,{"$error":"#N/A"},{"$error":"#N/A"},{"$error":"#N/A"},{"$error":"#N/A"},{"$error":"#N/A"},{"$error":"#N/A"},null,null,null,null,null,null,null,"P10",0,{"$error":"#N/A"},{"$error":"#N/A"},{"$error":"#N/A"},{"$error":"#N/A"},{"$error":"#N/A"},{"$error":"#N/A"},0.14186046511627895,0.16078431372549026,6.2903225806451704E-2,0.10945945945945938,9.5454545454545514E-2,5.4629629629629549E-2,0.11052631578947371,0.11374999999999993,0.12931937172774879,{"$error":"#N/A"},{"$error":"#N/A"},{"$error":"#N/A"},{"$error":"#N/A"},{"$error":"#N/A"},{"$error":"#N/A"},{"$error":"#N/A"},0,0,0,0,0,null,null,"P10",0,{"$error":"#N/A"},{"$error":"#N/A"},{"$error":"#N/A"},{"$error":"#N/A"},{"$error":"#N/A"},{"$error":"#N/A"},19.518604651162825,14.011764705882328,47.487096774193517,28.678378378378419,35.372727272727246,58.479629629629684,20.805263157894714,18.203750000000056,3.1481675392668933,{"$error":"#N/A"},{"$error":"#N/A"},{"$error":"#N/A"},{"$error":"#N/A"},{"$error":"#N/A"},{"$error":"#N/A"},{"$error":"#N/A"},0,0,0,0,0,null,16,"P10",{"$error":"#N/A"},{"$error":"#N/A"},{"$error":"#N/A"},55.41,63.85,71.45,79.8,89.78,101.05,122.06,147.86000000000001,{"$error":"#N/A"},{"$error":"#N/A"},{"$error":"#VALUE!"},{"$error":"#VALUE!"},{"$error":"#VALUE!"},{"$error":"#VALUE!"},{"$error":"#VALUE!"},{"$error":"#VALUE!"},{"$error":"#VALUE!"},{"$error":"#VALUE!"}]
[15,"AVG",null,null,52.5,53.1,56.4,60.3,67.2,71.400000000000006,76.8,87.1,92.5,102.1,109.6,119.5,136.6,155.80000000000001,183.5,218.5,247.2,275.60000000000002,309,330.9,{"$error":"#N/A"},null,null,null,null,null,null,null,"AVG",0,3.75,3.157894736842113E-2,0.14347826086956508,0.13448275862068962,0.20909090909090927,0.10769230769230777,0.125581395348837,0.20196078431372544,8.7096774193548485E-2,0.12972972972972965,8.5227272727272721E-2,9.1666666666666716E-2,0.12857142857142853,0.12000000000000011,0.14502617801047116,0.15486725663716813,0.10629629629629625,8.9873417721519092E-2,8.90666666666666E-2,4.9772727272727219E-2,{"$error":"#N/A"},{"$error":"#N/A"},0,0,0,0,0,null,null,"AVG",0,-341.25,49.18421052631578,35.308695652173931,36.631034482758622,23.499999999999964,44.692307692307679,40.255813953488428,18.029411764705898,57.312903225806416,40.08918918918922,61.361363636363635,57.716666666666633,32.84285714285717,39.759999999999906,15.559685863874392,4.1637168141593008,71.385925925925989,98.549367088607426,100.13866666666684,192.28295454545469,{"$error":"#N/A"},{"$error":"#N/A"},0,0,0,0,0,null,17,"AVG",54.82,59.09,66.569999999999993,72.03,80.64,90.5,100.67,110.24,126.19,149.32,177.84,216.64,249.63,{"$error":"#VALUE!"},{"$error":"#VALUE!"},{"$error":"#VALUE!"},{"$error":"#VALUE!"},{"$error":"#VALUE!"},{"$error":"#VALUE!"},{"$error":"#VALUE!"},{"$error":"#VALUE!"}]
[16,"N",null,null,4,4,5,9,11,13,13,13,13,15,15,15,15,15,14,11,11,10,8,5,{"$error":"#N/A"},null,null,null,null,null,null,null,"N",0,0.2857142857142857,0,4.3478260869565216E-2,0.13793103448275862,6.0606060606060608E-2,5.128205128205128E-2,0,0,0,2.7027027027027029E-2,0,0,0,0,{"$f":"(S27-R27)/(S$10-R$10)","v":-5.235602094240838E-3},-1.3274336283185841E-2,0,-3.1645569620253164E-3,-5.3333333333333332E-3,-6.8181818181818179E-3,{"$error":"#N/A"},{"$error":"#N/A"},0,0,0,0,0,null,null,"N",0,-26,4,-1.3913043478260869,-15.275862068965516,-1.6666666666666679,0.28205128205128283,13,13,13,2.0810810810810807,15,15,15,15,{"$f":"S27-(AW27*S$10)","v":20.062827225130889},29.371681415929203,11,16.234177215189874,20.506666666666668,23.988636363636363,{"$error":"#N/A"},{"$error":"#N/A"},0,0,0,0,0,null,18,"N",4.5199999999999996,7.76,10.82,13,13,13,14.7,15,15,15,14.2,11.16,10.91,{"$error":"#VALUE!"},{"$error":"#VALUE!"},{"$error":"#VALUE!"},{"$error":"#VALUE!"},{"$error":"#VALUE!"},{"$error":"#VALUE!"},{"$error":"#VALUE!"},{"$error":"#VALUE!"}]
[17,"TC_T",null,null,null,null,null,null,null,null,null,null,null,null,null,null,null,null,null,null,null,null,null,null,null,null,null,null,null,null,null,null,"TC_T",0,0,0,0,0,0,0,0,0,0,0,0,0,0,0,0,0,0,0,0,0,0,0,0,0,0,0,0,null,null,"TC_T",0,0,0,0,0,0,0,0,0,0,0,0,0,0,0,0,0,0,0,0,0,0,0,0,0,0,0,0,null,19,"TC_T",0,0,0,0,0,0,0,0,0,0,0,0,0,{"$error":"#VALUE!"},{"$error":"#VALUE!"},{"$error":"#VALUE!"},{"$error":"#VALUE!"},{"$error":"#VALUE!"},{"$error":"#VALUE!"},{"$error":"#VALUE!"},{"$error":"#VALUE!"}]
[18,"P90",null,null,{"$error":"#N/A"},{"$error":"#N/A"},{"$error":"#N/A"},{"$error":"#N/A"},{"$error":"#N/A"},90.9,93.4,107.1,116.7,129.4,136.1,163.19999999999999,196,250.3,287.89999999999998,{"$error":"#N/A"},{"$error":"#N/A"},{"$error":"#N/A"},{"$error":"#N/A"},{"$error":"#N/A"},{"$error":"#N/A"},null,null,null,null,null,null,null,"P90",0,{"$error":"#N/A"},{"$error":"#N/A"},{"$error":"#N/A"},{"$error":"#N/A"},{"$error":"#N/A"},{"$error":"#N/A"},5.8139534883720929E-2,0.26862745098039192,0.1548387096774195,0.17162162162162167,7.6136363636363502E-2,0.25092592592592589,0.24661654135338354,0.33937500000000009,0.19685863874345533,{"$error":"#N/A"},{"$error":"#N/A"},{"$error":"#N/A"},{"$error":"#N/A"},{"$error":"#N/A"},{"$error":"#N/A"},{"$error":"#N/A"},0,0,0,0,0,null,null,"P90",0,{"$error":"#N/A"},{"$error":"#N/A"},{"$error":"#N/A"},{"$error":"#N/A"},{"$error":"#N/A"},{"$error":"#N/A"},76.481395348837211,15.229411764705958,54.145161290322527,47.364864864864842,93.006818181818261,-5.9240740740740705,-3.0195488721805077,-77.87562500000007,59.937696335078698,{"$error":"#N/A"},{"$error":"#N/A"},{"$error":"#N/A"},{"$error":"#N/A"},{"$error":"#N/A"},{"$error":"#N/A"},{"$error":"#N/A"},0,0,0,0,0,null,20,"P90",{"$error":"#N/A"},{"$error":"#N/A"},{"$error":"#N/A"},91.19,98.5,113.14,127.51,137.86000000000001,176.02,231.97,280.22000000000003,{"$error":"#N/A"},{"$error":"#N/A"},{"$error":"#VALUE!"},{"$error":"#VALUE!"},{"$error":"#VALUE!"},{"$error":"#VALUE!"},{"$error":"#VALUE!"},{"$error":"#VALUE!"},{"$error":"#VALUE!"},{"$error":"#VALUE!"}]
[19,"P75",null,null,{"$error":"#N/A"},{"$error":"#N/A"},{"$error":"#N/A"},72.099999999999994,78.400000000000006,85.7,91,102,105.5,119.3,131.4,152.69999999999999,179.8,214.8,233.8,291.10000000000002,345,387.1,522,{"$error":"#N/A"},{"$error":"#N/A"},null,null,null,null,null,null,null,"P75",0,{"$error":"#N/A"},{"$error":"#N/A"},{"$error":"#N/A"},{"$error":"#N/A"},0.19090909090909125,0.1871794871794871,0.12325581395348831,0.21568627450980393,5.6451612903225805E-2,0.18648648648648644,0.13750000000000009,0.19722222222222208,0.20375939849624078,0.21875,9.947643979057591E-2,0.25353982300884959,0.19962962962962955,0.13322784810126589,0.35973333333333329,{"$error":"#N/A"},{"$error":"#N/A"},{"$error":"#N/A"},0,0,0,0,0,null,null,"P75",0,{"$error":"#N/A"},{"$error":"#N/A"},{"$error":"#N/A"},{"$error":"#N/A"},38.499999999999936,39.279487179487205,55.1325581395349,28.235294117647058,82.693548387096769,30.159459459459484,53.574999999999946,19.772222222222297,15.366165413533707,3.2687500000000114,118.60628272251311,-59.799115044247799,14.81259259259275,124.64113924050622,-321.57466666666653,{"$error":"#N/A"},{"$error":"#N/A"},{"$error":"#N/A"},0,0,0,0,0,null,21,"P75",{"$error":"#N/A"},{"$error":"#N/A"},77.83,86.32,95.1,104.2,117.25,132.78,163.30000000000001,202.99,229.92,288.06,348.6,{"$error":"#VALUE!"},{"$error":"#VALUE!"},{"$error":"#VALUE!"},{"$error":"#VALUE!"},{"$error":"#VALUE!"},{"$error":"#VALUE!"},{"$error":"#VALUE!"},{"$error":"#VALUE!"}]
[20,"P50",null,null,56.9,51.8,56.4,65.400000000000006,75.099999999999994,70.3,78.900000000000006,88.5,99.4,111.1,120.6,136.19999999999999,160.5,179.6,219.9,272.5,310.5,365.3,406.4,416.6,{"$error":"#N/A"},null,null,null,null,null,null,null,"P50",0,4.0642857142857141,-0.268421052631579,0.20000000000000007,0.31034482758620713,0.29393939393939361,-0.123076923076923,0.20000000000000021,0.18823529411764695,0.17580645161290331,0.15810810810810796,0.10795454545454546,0.1444444444444444,0.18270676691729332,0.11937499999999997,0.21099476439790582,{"$f":"(T31-S31)/(T$10-S$10)","v":0.23274336283185837},0.14074074074074075,0.17341772151898738,0.10959999999999991,2.3181818181818286E-2,{"$error":"#N/A"},{"$error":"#N/A"},0,0,0,0,0,null,null,"P50",0,-369.85,85.084210526315786,26.999999999999989,10.77931034482755,13.666666666666728,100.8230769230769,20.699999999999946,24.12352941176475,28.374193548387069,35.524324324324382,59.497727272727268,38.844444444444463,13.05563909774429,64.164375000000021,-24.431937172774923,-49.616814159292005,77.714814814814787,23.667088607594849,149.3880000000002,352.0386363636361,{"$error":"#N/A"},{"$error":"#N/A"},0,0,0,0,0,null,22,"P50",54.2,62.61,74.22,71.3,82.48,95.36,109.36,121.61,145.69999999999999,173.15,211.67,269.70999999999998,315.18,{"$error":"#VALUE!"},{"$error":"#VALUE!"},{"$error":"#VALUE!"},{"$error":"#VALUE!"},{"$error":"#VALUE!"},{"$error":"#VALUE!"},{"$error":"#VALUE!"},{"$error":"#VALUE!"}]
[21,"P25",null,null,{"$error":"#N/A"},{"$error":"#N/A"},{"$error":"#N/A"},53.2,54.9,63.4,70.400000000000006,80.3,85.7,96.4,108.7,119.6,136.1,159.80000000000001,198.1,246.4,273.3,337,368.5,{"$error":"#N/A"},{"$error":"#N/A"},null,null,null,null,null,null,null,"P25",0,{"$error":"#N/A"},{"$error":"#N/A"},{"$error":"#N/A"},{"$error":"#N/A"},5.1515151515151389E-2,0.21794871794871795,0.16279069767441878,0.19411764705882337,8.7096774193548485E-2,0.14459459459459464,0.13977272727272724,0.10092592592592585,0.12406015037593984,0.14812500000000012,0.200523560209424,0.21371681415929208,9.9629629629629651E-2,0.20158227848101262,8.4000000000000005E-2,{"$error":"#N/A"},{"$error":"#N/A"},{"$error":"#N/A"},0,0,0,0,0,null,null,"P25",0,{"$error":"#N/A"},{"$error":"#N/A"},{"$error":"#N/A"},{"$error":"#N/A"},44.133333333333354,9.3487179487179475,23.027906976744141,13.911764705882405,50.512903225806419,27.283783783783761,29.588636363636382,51.575925925925972,35.98345864661654,16.5631249999999,-34.106282722512987,-49.384070796460236,108.51259259259257,-60.117088607594837,171.51999999999998,{"$error":"#N/A"},{"$error":"#N/A"},{"$error":"#N/A"},0,0,0,0,0,null,23,"P25",{"$error":"#N/A"},{"$error":"#N/A"},54.75,64.209999999999994,74.09,83.7,94.81,109.41,126.05,151.80000000000001,190.28,243.84,278.74,{"$error":"#VALUE!"},{"$error":"#VALUE!"},{"$error":"#VALUE!"},{"$error":"#VALUE!"},{"$error":"#VALUE!"},{"$error":"#VALUE!"},{"$error":"#VALUE!"},{"$error":"#VALUE!"}]
[22,"P10",null,null,{"$error":"#N/A"},{"$error":"#N/A"},{"$error":"#N/A"},{"$error":"#N/A"},{"$error":"#N/A"},54.8,61.1,70.599999999999994,73.7,87.1,98.9,99.6,121.7,144.80000000000001,182.6,{"$error":"#N/A"},{"$error":"#N/A"},{"$error":"#N/A"},{"$error":"#N/A"},{"$error":"#N/A"},{"$error":"#N/A"},null,null,null,null,null,null,null,"P10",0,{"$error":"#N/A"},{"$error":"#N/A"},{"$error":"#N/A"},{"$error":"#N/A"},{"$error":"#N/A"},{"$error":"#N/A"},0.14651162790697683,0.18627450980392143,5.0000000000000135E-2,0.18108108108108095,0.13409090909090923,6.4814814814813763E-3,0.16616541353383465,0.14437500000000006,0.19790575916230357,{"$error":"#N/A"},{"$error":"#N/A"},{"$error":"#N/A"},{"$error":"#N/A"},{"$error":"#N/A"},{"$error":"#N/A"},{"$error":"#N/A"},0,0,0,0,0,null,null,"P10",0,{"$error":"#N/A"},{"$error":"#N/A"},{"$error":"#N/A"},{"$error":"#N/A"},{"$error":"#N/A"},{"$error":"#N/A"},18.46511627906974,6.894117647058863,53.499999999999943,0.54324324324329609,23.004545454545379,95.231481481481552,-12.395488721804568,5.1893749999999557,-46.574869109947542,{"$error":"#N/A"},{"$error":"#N/A"},{"$error":"#N/A"},{"$error":"#N/A"},{"$error":"#N/A"},{"$error":"#N/A"},{"$error":"#N/A"},0,0,0,0,0,null,24,"P10",{"$f":"ROUND((1+$CU$9)*(HLOOKUP(CR$10,$AH$9:$BI$180,$A33+3)*CR$10+HLOOKUP(CR$10,$BM$9:$CO$180,$A33+3)),$CX$9)","v":{"$error":"#N/A"}},{"$error":"#N/A"},{"$error":"#N/A"},55.53,64.64,72.55,85.11,98.95,108.24,137,{"$f":"ROUND((1+$CU$9)*(HLOOKUP(DB$10,$AH$9:$BI$180,$A33+3)*DB$10+HLOOKUP(DB$10,$BM$9:$CO$180,$A33+3)),$CX$9)","v":174.88},{"$error":"#N/A"},{"$error":"#N/A"},{"$error":"#VALUE!"},{"$error":"#VALUE!"},{"$error":"#VALUE!"},{"$error":"#VALUE!"},{"$error":"#VALUE!"},{"$error":"#VALUE!"},{"$error":"#VALUE!"},{"$error":"#VALUE!"}]
[23,"AVG",null,null,52.6,53.3,56.9,61.6,68.599999999999994,73.5,79,90,96.7,108.7,119.2,135.6,160.1,190.5,222.6,273.39999999999998,311.3,352.8,417,409.1,{"$error":"#N/A"},null,null,null,null,null,null,null,"AVG",0,3.7571428571428571,3.6842105263157669E-2,0.15652173913043485,0.16206896551724148,0.21212121212121191,0.12564102564102578,0.12790697674418605,0.21568627450980393,0.1080645161290323,0.16216216216216217,0.11931818181818182,0.15185185185185177,0.18421052631578946,0.19000000000000003,0.16806282722513086,0.22477876106194683,0.14037037037037051,0.13132911392405064,0.17119999999999996,-1.7954545454545404E-2,{"$error":"#N/A"},{"$error":"#N/A"},0,0,0,0,0,null,null,"AVG",0,-341.9,48.731578947368448,33.891304347826079,33.075862068965499,24.266666666666708,42.34102564102561,41.779069767441861,16.235294117647058,53.041935483870951,31.186486486486487,51.665909090909096,33.25185185185191,11.442105263157885,6.7699999999999818,27.98324607329846,-37.693805309734444,79.12740740740719,94.081645569620264,15.536000000000058,459.10340909090894,{"$error":"#N/A"},{"$error":"#N/A"},0,0,0,0,0,null,25,"AVG",55.18,60.14,67.959999999999994,74.14,83.1,94.21,106.92,120.26,145.18,180.24,216.05,270.7,314.85000000000002,{"$error":"#VALUE!"},{"$error":"#VALUE!"},{"$error":"#VALUE!"},{"$error":"#VALUE!"},{"$error":"#VALUE!"},{"$error":"#VALUE!"},{"$error":"#VALUE!"},{"$error":"#VALUE!"}]
[24,"N",null,null,4,4,5,9,11,13,13,13,13,15,15,15,15,15,14,11,11,10,8,5,{"$error":"#N/A"},null,null,null,null,null,null,null,"N",0,0.2857142857142857,0,4.3478260869565216E-2,0.13793103448275862,6.0606060606060608E-2,5.128205128205128E-2,0,0,0,2.7027027027027029E-2,0,0,0,0,-5.235602094240838E-3,-1.3274336283185841E-2,0,-3.1645569620253164E-3,-5.3333333333333332E-3,-6.8181818181818179E-3,{"$error":"#N/A"},{"$error":"#N/A"},0,0,0,0,0,null,null,"N",0,-26,4,-1.3913043478260869,-15.275862068965516,-1.6666666666666679,0.28205128205128283,13,13,13,2.0810810810810807,15,15,15,15,20.062827225130889,29.371681415929203,11,16.234177215189874,20.506666666666668,23.988636363636363,{"$error":"#N/A"},{"$error":"#N/A"},0,0,0,0,0,null,26,"N",4.5199999999999996,7.76,10.82,13,13,13,14.7,15,15,15,14.2,11.16,10.91,{"$error":"#VALUE!"},{"$error":"#VALUE!"},{"$error":"#VALUE!"},{"$error":"#VALUE!"},{"$error":"#VALUE!"},{"$error":"#VALUE!"},{"$error":"#VALUE!"},{"$error":"#VALUE!"}]
[25,"TC_D",null,null,null,null,null,null,null,null,null,null,null,null,null,null,null,null,null,null,null,null,null,null,null,null,null,null,null,null,null,null,"TC_D",0,0,0,0,0,0,0,0,0,0,0,0,0,0,0,0,0,0,0,0,0,0,0,0,0,0,0,0,null,null,"TC_D",0,0,0,0,0,0,0,0,0,0,0,0,0,0,0,0,0,0,0,0,0,0,0,0,0,0,0,0,null,27,"TC_D",0,0,0,0,0,0,0,0,0,0,0,0,0,{"$error":"#VALUE!"},{"$error":"#VALUE!"},{"$error":"#VALUE!"},{"$error":"#VALUE!"},{"$error":"#VALUE!"},{"$error":"#VALUE!"},{"$error":"#VALUE!"},{"$error":"#VALUE!"}]
[26,"P90",null,null,{"$error":"#N/A"},{"$error":"#N/A"},{"$error":"#N/A"},{"$error":"#N/A"},{"$error":"#N/A"},86.7,92.7,104.7,115.5,127.8,128.9,160,188,251,250,{"$error":"#N/A"},{"$error":"#N/A"},{"$error":"#N/A"},{"$error":"#N/A"},{"$error":"#N/A"},{"$error":"#N/A"},null,null,null,null,null,null,null,"P90",0,{"$error":"#N/A"},{"$error":"#N/A"},{"$error":"#N/A"},{"$error":"#N/A"},{"$error":"#N/A"},{"$error":"#N/A"},0.13953488372093023,0.23529411764705882,0.17419354838709672,0.16621621621621618,1.2500000000000096E-2,0.28796296296296292,0.21052631578947367,0.39374999999999999,-5.235602094240838E-3,{"$error":"#N/A"},{"$error":"#N/A"},{"$error":"#N/A"},{"$error":"#N/A"},{"$error":"#N/A"},{"$error":"#N/A"},{"$error":"#N/A"},0,0,0,0,0,null,null,"P90",0,{"$error":"#N/A"},{"$error":"#N/A"},{"$error":"#N/A"},{"$error":"#N/A"},{"$error":"#N/A"},{"$error":"#N/A"},52.095348837209308,24.229411764705887,45.125806451612931,48.348648648648663,121.82499999999995,-34.087037037037021,18.10526315789474,-129.75624999999997,256.06282722513089,{"$error":"#N/A"},{"$error":"#N/A"},{"$error":"#N/A"},{"$error":"#N/A"},{"$error":"#N/A"},{"$error":"#N/A"},{"$error":"#N/A"},0,0,0,0,0,null,28,"P90",{"$error":"#N/A"},{"$error":"#N/A"},{"$error":"#N/A"},87.4,97.17,111.49,125.97,130.91999999999999,170.95,229.74,250.2,{"$error":"#N/A"},{"$error":"#N/A"},{"$error":"#VALUE!"},{"$error":"#VALUE!"},{"$error":"#VALUE!"},{"$error":"#VALUE!"},{"$error":"#VALUE!"},{"$error":"#VALUE!"},{"$error":"#VALUE!"},{"$error":"#VALUE!"}]
[27,"P75",null,null,{"$error":"#N/A"},{"$error":"#N/A"},{"$error":"#N/A"},68.900000000000006,75.900000000000006,85.6,88.3,98.6,105.4,117.3,127.5,149.5,179,209.4,247.1,293.3,330.6,401.2,478.5,{"$error":"#N/A"},{"$error":"#N/A"},null,null,null,null,null,null,null,"P75",0,{"$error":"#N/A"},{"$error":"#N/A"},{"$error":"#N/A"},{"$error":"#N/A"},0.21212121212121213,0.24871794871794842,6.2790697674418666E-2,0.20196078431372544,0.10967741935483889,0.16081081081081069,0.11590909090909095,0.20370370370370369,0.22180451127819548,0.19000000000000003,0.19738219895287953,0.20442477876106202,0.13814814814814819,0.22341772151898723,0.20613333333333336,{"$error":"#N/A"},{"$error":"#N/A"},{"$error":"#N/A"},0,0,0,0,0,null,null,"P75",0,{"$error":"#N/A"},{"$error":"#N/A"},{"$error":"#N/A"},{"$error":"#N/A"},31.56666666666667,23.917948717948789,70.027906976744163,29.529411764705898,61.090322580645093,40.432432432432492,61.895454545454527,12.203703703703724,3.7593984962427385E-3,25.669999999999987,18.531413612565501,{"$f":"T38-(AX38*T$10)","v":10.37610619469018},102.10296296296292,-38.932911392404833,-4.8826666666667506,{"$error":"#N/A"},{"$error":"#N/A"},{"$error":"#N/A"},0,0,0,0,0,null,29,"P75",{"$error":"#N/A"},{"$error":"#N/A"},75.260000000000005,85.91,92.14,102.88,115.53,128.93,161.03,199.14,239.4,290.85000000000002,336.63,{"$error":"#VALUE!"},{"$error":"#VALUE!"},{"$error":"#VALUE!"},{"$error":"#VALUE!"},{"$error":"#VALUE!"},{"$error":"#VALUE!"},{"$error":"#VALUE!"},{"$error":"#VALUE!"}]
[28,"P50",null,null,47,51.6,56.1,59.6,69.7,71.900000000000006,77.7,88.2,96.5,111.3,120.6,136.19999999999999,161.4,180.5,212.7,272.3,300,338.5,387.6,415.1,{"$error":"#N/A"},null,null,null,null,null,null,null,"P50",0,3.3571428571428572,0.24210526315789482,0.19565217391304349,{"$f":"(H39-G39)/(H$10-G$10)","v":0.1206896551724138},0.30606060606060609,5.641025641025648E-2,0.13488372093023249,0.20588235294117646,0.13387096774193544,0.19999999999999996,0.10568181818181815,0.1444444444444444,0.18947368421052643,0.11937499999999997,0.16858638743455492,0.26371681415929216,0.10259259259259255,0.12183544303797468,0.1309333333333334,6.25E-2,{"$error":"#N/A"},{"$error":"#N/A"},0,0,0,0,0,null,null,"P50",0,-305.5,21.578947368421044,27.339130434782607,{"$f":"H39-(AL39*H$10)","v":38.358620689655169},5.7333333333333272,57.910256410256395,38.448837209302347,17.788235294117655,42.416129032258084,15.700000000000017,60.784090909090921,38.844444444444463,8.4947368421051692,65.064375000000027,17.476963350785383,-92.684070796460333,130.31185185185191,98.484177215189874,80.561333333333209,241.03750000000002,{"$error":"#N/A"},{"$error":"#N/A"},0,0,0,0,0,null,30,"P50",53.95,58.51,68.78,72.569999999999993,81.61,93.42,109.1,121.61,146.05000000000001,174.05,206.13,269.14,303.29000000000002,{"$error":"#VALUE!"},{"$error":"#VALUE!"},{"$error":"#VALUE!"},{"$error":"#VALUE!"},{"$error":"#VALUE!"},{"$error":"#VALUE!"},{"$error":"#VALUE!"},{"$error":"#VALUE!"}]
[29,"P25",null,null,{"$error":"#N/A"},{"$error":"#N/A"},{"$error":"#N/A"},55.8,56.9,66.2,73.099999999999994,83.1,91.8,96.5,112.1,124.1,138.69999999999999,160.6,200.9,258.60000000000002,296.2,324.10000000000002,368.1,{"$error":"#N/A"},{"$error":"#N/A"},null,null,null,null,null,null,null,"P25",0,{"$error":"#N/A"},{"$error":"#N/A"},{"$error":"#N/A"},{"$error":"#N/A"},3.3333333333333375E-2,0.23846153846153856,0.16046511627906956,0.19607843137254902,0.14032258064516134,6.3513513513513559E-2,0.17727272727272722,0.1111111111111111,0.10977443609022552,0.13687500000000002,0.21099476439790582,0.25530973451327443,0.13925925925925914,8.8291139240506439E-2,0.11733333333333333,{"$error":"#N/A"},{"$error":"#N/A"},{"$error":"#N/A"},0,0,0,0,0,null,null,"P25",0,{"$error":"#N/A"},{"$error":"#N/A"},{"$error":"#N/A"},{"$error":"#N/A"},49.933333333333323,7.06153846153844,26.404651162790749,16.041176470588226,35.109677419354817,66.140540540540513,11.763636363636394,49.211111111111109,50.112030075187988,28.241874999999965,-43.431937172774923,-94.748672566371795,65.865185185185368,150.16645569620235,92.953333333333376,{"$error":"#N/A"},{"$error":"#N/A"},{"$error":"#N/A"},0,0,0,0,0,null,31,"P25",{"$error":"#N/A"},{"$error":"#N/A"},56.8,67,76.83,88.57,95.8,112.88,129.81,153.21,192.67,255.54,298.58,{"$error":"#VALUE!"},{"$error":"#VALUE!"},{"$error":"#VALUE!"},{"$error":"#VALUE!"},{"$error":"#VALUE!"},{"$error":"#VALUE!"},{"$error":"#VALUE!"},{"$error":"#VALUE!"}]
[30,"P10",null,null,{"$error":"#N/A"},{"$error":"#N/A"},{"$error":"#N/A"},{"$error":"#N/A"},{"$error":"#N/A"},59.8,68.400000000000006,74.099999999999994,78.900000000000006,90,101.2,100.3,124.5,146.5,183.9,{"$error":"#N/A"},{"$error":"#N/A"},{"$error":"#N/A"},{"$error":"#N/A"},{"$error":"#N/A"},{"$error":"#N/A"},null,null,null,null,null,null,null,"P10",0,{"$error":"#N/A"},{"$error":"#N/A"},{"$error":"#N/A"},{"$error":"#N/A"},{"$error":"#N/A"},{"$error":"#N/A"},0.20000000000000021,0.11176470588235272,7.7419354838709861E-2,0.14999999999999991,0.12727272727272732,-8.3333333333333853E-3,0.18195488721804515,0.13750000000000001,0.19581151832460736,{"$error":"#N/A"},{"$error":"#N/A"},{"$error":"#N/A"},{"$error":"#N/A"},{"$error":"#N/A"},{"$error":"#N/A"},{"$error":"#N/A"},0,0,0,0,0,null,null,"P10",0,{"$error":"#N/A"},{"$error":"#N/A"},{"$error":"#N/A"},{"$error":"#N/A"},{"$error":"#N/A"},{"$error":"#N/A"},10.199999999999946,35.876470588235364,47.622580645161221,18.30000000000004,29.163636363636343,105.9166666666667,-22.337593984962439,13.537499999999994,-42.849738219895329,{"$error":"#N/A"},{"$error":"#N/A"},{"$error":"#N/A"},{"$error":"#N/A"},{"$error":"#N/A"},{"$error":"#N/A"},{"$error":"#N/A"},0,0,0,0,0,null,32,"P10",{"$error":"#N/A"},{"$error":"#N/A"},{"$error":"#N/A"},60.8,70.52,77.12,88.35,101.14,109.76,139.08000000000001,176.26,{"$error":"#N/A"},{"$error":"#N/A"},{"$error":"#VALUE!"},{"$error":"#VALUE!"},{"$error":"#VALUE!"},{"$error":"#VALUE!"},{"$error":"#VALUE!"},{"$error":"#VALUE!"},{"$error":"#VALUE!"},{"$error":"#VALUE!"}]
[31,"AVG",null,null,48.9,49.8,55.4,60,68.099999999999994,73.099999999999994,80.099999999999994,89.8,97.1,109,118.6,134.69999999999999,157.69999999999999,186.7,222.2,272,310.10000000000002,353.8,432.8,409.7,{"$error":"#N/A"},null,null,null,null,null,null,null,"AVG",0,3.4928571428571429,4.7368421052631504E-2,0.24347826086956528,0.15862068965517245,0.24545454545454529,0.12820512820512819,0.16279069767441862,0.19019607843137259,0.11774193548387092,0.16081081081081089,0.10909090909090903,0.14907407407407403,0.17293233082706766,0.18124999999999999,0.18586387434554974,0.22035398230088502,0.14111111111111119,0.13829113924050629,0.21066666666666667,-5.2500000000000054E-2,{"$error":"#N/A"},{"$error":"#N/A"},0,0,0,0,0,null,null,"AVG",0,-317.85000000000002,43.926315789473691,19.6086956521739,32.082758620689646,16.800000000000033,41.305128205128199,32.72790697674418,24.752941176470571,49.532258064516142,32.132432432432395,56.85454545454548,34.224074074074096,18.143609022556376,11.431250000000006,6.9696335078533878,-32.969911504424886,76.702222222222133,81.36645569620265,-61.21333333333331,555.91250000000014,{"$error":"#N/A"},{"$error":"#N/A"},0,0,0,0,0,null,33,"AVG",52.72,58.57,67.36,73.91,83.71,94.39,107.23,119.64,143.69,176.91,214.95,269.36,313.83,{"$error":"#VALUE!"},{"$error":"#VALUE!"},{"$error":"#VALUE!"},{"$error":"#VALUE!"},{"$error":"#VALUE!"},{"$error":"#VALUE!"},{"$error":"#VALUE!"},{"$error":"#VALUE!"}]
[32,"N",null,null,4,4,5,9,11,13,13,13,13,15,15,15,15,15,14,11,11,10,8,5,{"$error":"#N/A"},null,null,null,null,null,null,null,"N",{"$f":"(D43-C43)/(D$10-C$10)","v":0},0.2857142857142857,0,4.3478260869565216E-2,0.13793103448275862,6.0606060606060608E-2,5.128205128205128E-2,0,0,0,2.7027027027027029E-2,0,0,0,{"$f":"(R43-Q43)/(R$10-Q$10)","v":0},-5.235602094240838E-3,-1.3274336283185841E-2,0,-3.1645569620253164E-3,-5.3333333333333332E-3,-6.8181818181818179E-3,{"$error":"#N/A"},{"$error":"#N/A"},0,0,0,0,0,null,null,"N",{"$f":"D43-(AH43*D$10)","v":0},-26,4,-1.3913043478260869,-15.275862068965516,-1.6666666666666679,0.28205128205128283,13,13,13,2.0810810810810807,15,15,15,{"$f":"R43-(AV43*R$10)","v":15},20.062827225130889,29.371681415929203,11,16.234177215189874,20.506666666666668,23.988636363636363,{"$error":"#N/A"},{"$error":"#N/A"},0,0,0,0,0,null,34,"N",{"$f":"ROUND((1+$CU$9)*(HLOOKUP(CR$10,$AH$9:$BI$180,$A43+3)*CR$10+HLOOKUP(CR$10,$BM$9:$CO$180,$A43+3)),$CX$9)","v":4.5199999999999996},7.76,10.82,13,13,13,14.7,15,15,15,{"$f":"ROUND((1+$CU$9)*(HLOOKUP(DB$10,$AH$9:$BI$180,$A43+3)*DB$10+HLOOKUP(DB$10,$BM$9:$CO$180,$A43+3)),$CX$9)","v":14.2},11.16,10.91,{"$error":"#VALUE!"},{"$error":"#VALUE!"},{"$error":"#VALUE!"},{"$error":"#VALUE!"},{"$error":"#VALUE!"},{"$error":"#VALUE!"},{"$error":"#VALUE!"},{"$error":"#VALUE!"}]
[33,"TD_T",null,null,null,null,null,null,null,null,null,null,null,null,null,null,null,null,null,null,null,null,null,null,null,null,null,null,null,null,null,null,"TD_T",0,0,0,0,0,0,0,0,0,0,0,0,0,0,0,0,0,0,0,0,0,0,0,0,0,0,0,0,null,null,"TD_T",0,0,0,0,0,0,0,0,0,0,0,0,0,0,0,0,0,0,0,0,0,0,0,0,0,0,{"$f":"AE44-(BI44*AE$10)","v":0},0,null,35,"TD_T",0,0,0,0,0,0,0,0,0,0,0,0,0,{"$error":"#VALUE!"},{"$error":"#VALUE!"},{"$error":"#VALUE!"},{"$error":"#VALUE!"},{"$error":"#VALUE!"},{"$error":"#VALUE!"},{"$error":"#VALUE!"},{"$error":"#VALUE!"}]
[34,"P90",null,null,{"$error":"#N/A"},{"$error":"#N/A"},{"$error":"#N/A"},{"$error":"#N/A"},{"$error":"#N/A"},90.9,93.4,107.1,116.7,129.4,136.1,163.19999999999999,209.9,329.9,287.89999999999998,{"$error":"#N/A"},{"$error":"#N/A"},{"$error":"#N/A"},{"$error":"#N/A"},{"$error":"#N/A"},{"$error":"#N/A"},null,null,null,null,null,null,null,"P90",0,{"$error":"#N/A"},{"$error":"#N/A"},{"$error":"#N/A"},{"$error":"#N/A"},{"$error":"#N/A"},{"$error":"#N/A"},5.8139534883720929E-2,0.26862745098039192,0.1548387096774195,0.17162162162162167,7.6136363636363502E-2,0.25092592592592589,0.35112781954887229,0.74999999999999978,-0.21989528795811519,{"$error":"#N/A"},{"$error":"#N/A"},{"$error":"#N/A"},{"$error":"#N/A"},{"$error":"#N/A"},{"$error":"#N/A"},{"$error":"#N/A"},0,0,0,0,0,null,null,"P90",0,{"$error":"#N/A"},{"$error":"#N/A"},{"$error":"#N/A"},{"$error":"#N/A"},{"$error":"#N/A"},{"$error":"#N/A"},76.481395348837211,15.229411764705958,54.145161290322527,47.364864864864842,93.006818181818261,-5.9240740740740705,-73.460150375939946,-395.3499999999998,542.53874345549741,{"$error":"#N/A"},{"$error":"#N/A"},{"$error":"#N/A"},{"$error":"#N/A"},{"$error":"#N/A"},{"$error":"#N/A"},{"$error":"#N/A"},0,0,0,0,0,null,36,"P90",{"$error":"#N/A"},{"$error":"#N/A"},{"$error":"#N/A"},91.19,98.5,113.14,127.51,137.86000000000001,181.46,289.39999999999998,296.48,{"$error":"#N/A"},{"$error":"#N/A"},{"$error":"#VALUE!"},{"$error":"#VALUE!"},{"$error":"#VALUE!"},{"$error":"#VALUE!"},{"$error":"#VALUE!"},{"$error":"#VALUE!"},{"$error":"#VALUE!"},{"$error":"#VALUE!"}]
[35,"P75",null,null,{"$error":"#N/A"},{"$error":"#N/A"},{"$error":"#N/A"},72.099999999999994,78.400000000000006,85.7,91,102,105.5,119.3,131.4,152.69999999999999,185,221,244.5,302.5,362.4,428.8,522,{"$error":"#N/A"},{"$error":"#N/A"},null,null,null,null,null,null,null,"P75",0,{"$error":"#N/A"},{"$error":"#N/A"},{"$error":"#N/A"},{"$error":"#N/A"},0.19090909090909125,0.1871794871794871,0.12325581395348831,0.21568627450980393,5.6451612903225805E-2,0.18648648648648644,0.13750000000000009,0.19722222222222208,0.24285714285714294,0.22500000000000001,0.12303664921465969,0.25663716814159293,0.22185185185185177,0.21012658227848113,0.2485333333333333,{"$error":"#N/A"},{"$error":"#N/A"},{"$error":"#N/A"},0,0,0,0,0,null,null,"P75",0,{"$error":"#N/A"},{"$error":"#N/A"},{"$error":"#N/A"},{"$error":"#N/A"},38.499999999999936,39.279487179487205,55.1325581395349,28.235294117647058,82.693548387096769,30.159459459459484,53.574999999999946,19.772222222222297,-10.985714285714351,3.4249999999999829,102.02356020942409,-52.685840707964644,-4.5429629629628607,14.850632911392154,-60.810666666666634,{"$error":"#N/A"},{"$error":"#N/A"},{"$error":"#N/A"},0,0,0,0,0,null,37,"P75",{"$error":"#N/A"},{"$error":"#N/A"},77.83,86.32,95.1,104.2,117.25,132.78,165.33,208.85,239.7,299.42,368.07,{"$error":"#VALUE!"},{"$error":"#VALUE!"},{"$error":"#VALUE!"},{"$error":"#VALUE!"},{"$error":"#VALUE!"},{"$error":"#VALUE!"},{"$error":"#VALUE!"},{"$error":"#VALUE!"}]
[36,"P50",null,null,56.9,51.8,56.4,65.400000000000006,75.099999999999994,70.3,78.900000000000006,88.5,99.4,111.1,120.6,136.19999999999999,160.5,180,221.3,277.2,320.8,365.4,413.3,416.6,{"$error":"#N/A"},null,null,null,null,null,null,null,"P50",0,4.0642857142857141,-0.268421052631579,0.20000000000000007,0.31034482758620713,0.29393939393939361,-0.123076923076923,0.20000000000000021,0.18823529411764695,0.17580645161290331,0.15810810810810796,0.10795454545454546,0.1444444444444444,0.18270676691729332,0.121875,0.21623036649214666,0.24734513274336273,0.16148148148148156,0.14113924050632901,0.12773333333333342,7.5000000000000257E-3,{"$error":"#N/A"},{"$error":"#N/A"},0,0,0,0,0,null,null,"P50",0,-369.85,85.084210526315786,26.999999999999989,10.77931034482755,13.666666666666728,100.8230769230769,20.699999999999946,24.12352941176475,28.374193548387069,35.524324324324382,59.497727272727268,38.844444444444463,13.05563909774429,62.146875000000009,-29.094764397905834,-65.125663716814017,53.70962962962949,87.355696202531817,113.76533333333316,395.71249999999998,{"$error":"#N/A"},{"$error":"#N/A"},0,0,0,0,0,null,38,"P50",54.2,62.61,74.22,71.3,82.48,95.36,109.36,121.61,145.69999999999999,173.42,212.87,274.23,324.61,{"$error":"#VALUE!"},{"$error":"#VALUE!"},{"$error":"#VALUE!"},{"$error":"#VALUE!"},{"$error":"#VALUE!"},{"$error":"#VALUE!"},{"$error":"#VALUE!"},{"$error":"#VALUE!"}]
[37,"P25",null,null,{"$error":"#N/A"},{"$error":"#N/A"},{"$error":"#N/A"},53.2,54.9,63.4,70.400000000000006,80.3,85.7,96.4,108.7,119.6,136.1,160.5,201.9,246.4,278,337,368.5,{"$error":"#N/A"},{"$error":"#N/A"},null,null,null,null,null,null,null,"P25",0,{"$error":"#N/A"},{"$error":"#N/A"},{"$error":"#N/A"},{"$error":"#N/A"},5.1515151515151389E-2,0.21794871794871795,0.16279069767441878,0.19411764705882337,8.7096774193548485E-2,0.14459459459459464,0.13977272727272724,0.10092592592592585,0.12406015037593984,0.15250000000000002,0.2167539267015707,0.19690265486725664,0.11703703703703702,0.18670886075949367,8.4000000000000005E-2,{"$error":"#N/A"},{"$error":"#N/A"},{"$error":"#N/A"},0,0,0,0,0,null,null,"P25",0,{"$error":"#N/A"},{"$error":"#N/A"},{"$error":"#N/A"},{"$error":"#N/A"},44.133333333333354,9.3487179487179475,23.027906976744141,13.911764705882405,50.512903225806419,27.283783783783761,29.588636363636382,51.575925925925972,35.98345864661654,13.03249999999997,-49.101047120418883,-26.113274336283183,84.420740740740769,-30.816455696202524,171.51999999999998,{"$error":"#N/A"},{"$error":"#N/A"},{"$error":"#N/A"},0,0,0,0,0,null,39,"P25",{"$error":"#N/A"},{"$error":"#N/A"},54.75,64.209999999999994,74.09,83.7,94.81,109.41,126.05,152.27000000000001,193.45,244.04,283.04000000000002,{"$error":"#VALUE!"},{"$error":"#VALUE!"},{"$error":"#VALUE!"},{"$error":"#VALUE!"},{"$error":"#VALUE!"},{"$error":"#VALUE!"},{"$error":"#VALUE!"},{"$error":"#VALUE!"}]
[38,"P10",null,null,{"$error":"#N/A"},{"$error":"#N/A"},{"$error":"#N/A"},{"$error":"#N/A"},{"$error":"#N/A"},54.8,61.1,70.599999999999994,73.7,87.1,98.9,99.6,121.7,144.80000000000001,182.6,{"$error":"#N/A"},{"$error":"#N/A"},{"$error":"#N/A"},{"$error":"#N/A"},{"$error":"#N/A"},{"$error":"#N/A"},null,null,null,null,null,null,null,"P10",0,{"$error":"#N/A"},{"$error":"#N/A"},{"$error":"#N/A"},{"$error":"#N/A"},{"$error":"#N/A"},{"$error":"#N/A"},0.14651162790697683,0.18627450980392143,5.0000000000000135E-2,0.18108108108108095,0.13409090909090923,6.4814814814813763E-3,0.16616541353383465,0.14437500000000006,0.19790575916230357,{"$error":"#N/A"},{"$error":"#N/A"},{"$error":"#N/A"},{"$error":"#N/A"},{"$error":"#N/A"},{"$error":"#N/A"},{"$error":"#N/A"},0,0,0,0,0,null,null,"P10",0,{"$error":"#N/A"},{"$error":"#N/A"},{"$error":"#N/A"},{"$error":"#N/A"},{"$error":"#N/A"},{"$error":"#N/A"},18.46511627906974,6.894117647058863,53.499999999999943,0.54324324324329609,23.004545454545379,95.231481481481552,-12.395488721804568,5.1893749999999557,-46.574869109947542,{"$error":"#N/A"},{"$error":"#N/A"},{"$error":"#N/A"},{"$error":"#N/A"},{"$error":"#N/A"},{"$error":"#N/A"},{"$error":"#N/A"},0,0,0,0,0,null,40,"P10",{"$error":"#N/A"},{"$error":"#N/A"},{"$error":"#N/A"},55.53,64.64,72.55,85.11,98.95,108.24,137,174.88,{"$error":"#N/A"},{"$error":"#N/A"},{"$error":"#VALUE!"},{"$error":"#VALUE!"},{"$error":"#VALUE!"},{"$error":"#VALUE!"},{"$error":"#VALUE!"},{"$error":"#VALUE!"},{"$error":"#VALUE!"},{"$error":"#VALUE!"}]
[39,"AVG",null,null,52.6,53.3,56.9,61.6,68.599999999999994,73.5,79,90,96.7,108.7,119.2,135.6,165.5,205.5,232,278.7,318,358.3,431.3,409.1,{"$error":"#N/A"},null,null,null,null,null,null,null,"AVG",0,3.7571428571428571,3.6842105263157669E-2,0.15652173913043485,0.16206896551724148,0.21212121212121191,0.12564102564102578,0.12790697674418605,0.21568627450980393,0.1080645161290323,0.16216216216216217,0.11931818181818182,0.15185185185185177,0.22481203007518802,0.25,0.13874345549738221,0.20663716814159286,0.1455555555555556,0.12753164556962029,0.19466666666666665,-5.0454545454545426E-2,{"$error":"#N/A"},{"$error":"#N/A"},0,0,0,0,0,null,null,"AVG",0,-341.9,48.731578947368448,33.891304347826079,33.075862068965499,24.266666666666708,42.34102564102561,41.779069767441861,16.235294117647058,53.041935483870951,31.186486486486487,51.665909090909096,33.25185185185191,-15.923308270676728,-36.25,71.335078534031396,-7.2858407079645531,77.251111111111044,107.06265822784803,-25.193333333333271,549.6159090909091,{"$error":"#N/A"},{"$error":"#N/A"},0,0,0,0,0,null,41,"AVG",55.18,60.14,67.959999999999994,74.14,83.1,94.21,106.92,120.26,147.29,192,226.59,276.22000000000003,321.44,{"$error":"#VALUE!"},{"$error":"#VALUE!"},{"$error":"#VALUE!"},{"$error":"#VALUE!"},{"$error":"#VALUE!"},{"$error":"#VALUE!"},{"$error":"#VALUE!"},{"$error":"#VALUE!"}]
[40,"N",null,null,4,4,5,9,11,13,13,13,13,15,15,15,15,15,14,11,11,10,8,5,{"$error":"#N/A"},null,null,null,null,null,null,null,"N",0,0.2857142857142857,0,4.3478260869565216E-2,0.13793103448275862,6.0606060606060608E-2,5.128205128205128E-2,0,0,0,2.7027027027027029E-2,0,0,0,0,-5.235602094240838E-3,-1.3274336283185841E-2,0,-3.1645569620253164E-3,-5.3333333333333332E-3,-6.8181818181818179E-3,{"$error":"#N/A"},{"$error":"#N/A"},0,0,0,0,0,null,null,"N",0,-26,4,-1.3913043478260869,-15.275862068965516,-1.6666666666666679,0.28205128205128283,13,13,13,2.0810810810810807,15,15,15,15,20.062827225130889,29.371681415929203,11,16.234177215189874,20.506666666666668,23.988636363636363,{"$error":"#N/A"},{"$error":"#N/A"},0,0,0,0,0,null,42,"N",4.5199999999999996,7.76,10.82,13,13,13,14.7,15,15,15,14.2,11.16,10.91,{"$error":"#VALUE!"},{"$error":"#VALUE!"},{"$error":"#VALUE!"},{"$error":"#VALUE!"},{"$error":"#VALUE!"},{"$error":"#VALUE!"},{"$error":"#VALUE!"},{"$error":"#VALUE!"}]
[41,"TD_T / TC_T",null,null,null,null,null,null,null,null,null,null,null,null,null,null,null,null,null,null,null,null,null,null,null,null,null,null,null,null,null,null,"TD_T / TC_T",0,0,0,0,0,0,0,0,0,0,0,0,0,0,0,0,0,0,0,0,0,0,0,0,0,0,0,0,null,null,"TD_T / TC_T",0,0,0,0,0,0,0,0,0,0,0,0,0,0,0,0,0,0,0,0,0,0,0,0,0,0,0,0,null,43,"TD_T / TC_T",0,0,0,0,0,0,0,0,0,0,0,0,0,{"$error":"#VALUE!"},{"$error":"#VALUE!"},{"$error":"#VALUE!"},{"$error":"#VALUE!"},{"$error":"#VALUE!"},{"$error":"#VALUE!"},{"$error":"#VALUE!"},{"$error":"#VALUE!"}]
[42,"P90",null,null,{"$error":"#N/A"},{"$error":"#N/A"},{"$error":"#N/A"},{"$error":"#N/A"},{"$error":"#N/A"},{"$f":"IFERROR(J45/J29,\"*\")","v":1},1,1,1,1,1,1,1.0709183673469389,1.318018377946464,1,{"$error":"#N/A"},{"$error":"#N/A"},{"$error":"#N/A"},{"$error":"#N/A"},{"$error":"#N/A"},{"$error":"#N/A"},{"$error":"#N/A"},null,null,null,null,null,null,"P90",0,{"$error":"#N/A"},{"$error":"#N/A"},{"$error":"#N/A"},{"$error":"#N/A"},{"$error":"#N/A"},{"$error":"#N/A"},0,0,0,0,0,0,5.3322080711984139E-4,1.5443750662470321E-3,-1.6650176855835814E-3,{"$error":"#N/A"},{"$error":"#N/A"},{"$error":"#N/A"},{"$error":"#N/A"},{"$error":"#N/A"},{"$error":"#N/A"},{"$error":"#N/A"},{"$error":"#N/A"},0,0,0,0,null,null,"P90",0,{"$error":"#N/A"},{"$error":"#N/A"},{"$error":"#N/A"},{"$error":"#N/A"},{"$error":"#N/A"},{"$error":"#N/A"},1,1,1,1,1,1,0.64060917600122691,-0.175392311114416,2.9280904799057872,{"$error":"#N/A"},{"$error":"#N/A"},{"$error":"#N/A"},{"$error":"#N/A"},{"$error":"#N/A"},{"$error":"#N/A"},{"$error":"#N/A"},{"$error":"#N/A"},0,0,0,0,null,44,"P90",{"$f":"ROUND((1+$CU$9)*(HLOOKUP(CR$10,$AH$9:$BI$180,$A53+3)*CR$10+HLOOKUP(CR$10,$BM$9:$CO$180,$A53+3)),$CX$9)","v":{"$error":"#N/A"}},{"$error":"#N/A"},{"$error":"#N/A"},1,1,1,1,1,1.03,1.23,{"$f":"ROUND((1+$CU$9)*(HLOOKUP(DB$10,$AH$9:$BI$180,$A53+3)*DB$10+HLOOKUP(DB$10,$BM$9:$CO$180,$A53+3)),$CX$9)","v":1.06},{"$error":"#N/A"},{"$error":"#N/A"},{"$error":"#VALUE!"},{"$error":"#VALUE!"},{"$error":"#VALUE!"},{"$error":"#VALUE!"},{"$error":"#VALUE!"},{"$error":"#VALUE!"},{"$error":"#VALUE!"},{"$error":"#VALUE!"}]
[43,"P75",null,null,{"$error":"#N/A"},{"$error":"#N/A"},{"$error":"#N/A"},{"$f":"IFERROR(H46/H30,\"*\")","v":1},1,1,1,1,1,1,1,1,1.028921023359288,1.0288640595903165,1.0457656116338752,1.0391618000687048,1.0504347826086955,1.1077241022991475,1,{"$error":"#N/A"},{"$error":"#N/A"},{"$error":"#N/A"},null,null,null,null,null,null,"P75",0,{"$error":"#N/A"},{"$error":"#N/A"},{"$error":"#N/A"},{"$error":"#N/A"},0,0,0,0,0,0,0,0,2.1745130345329349E-4,-3.5602355607233795E-7,8.8489801275176431E-5,{"$f":"(T54-S54)/(T$10-S$10)","v":-2.922040515562086E-5},4.1751787185150554E-5,1.8129531547611403E-4,-2.8726427279772676E-4,{"$error":"#N/A"},{"$error":"#N/A"},{"$error":"#N/A"},{"$error":"#N/A"},0,0,0,0,null,null,"P75",0,{"$error":"#N/A"},{"$error":"#N/A"},{"$error":"#N/A"},{"$error":"#N/A"},1,1,1,1,1,1,1,1,0.85343782147248015,1.0292083343690384,0.94329442175722089,1.0796028408040841,0.98137732660445653,0.75057233081120289,1.6736347197106691,{"$error":"#N/A"},{"$error":"#N/A"},{"$error":"#N/A"},{"$error":"#N/A"},0,0,0,0,null,45,"P75",{"$error":"#N/A"},{"$error":"#N/A"},1,1,1,1,1,1,1.01,1.03,1.04,1.04,1.06,{"$error":"#VALUE!"},{"$error":"#VALUE!"},{"$error":"#VALUE!"},{"$error":"#VALUE!"},{"$error":"#VALUE!"},{"$error":"#VALUE!"},{"$error":"#VALUE!"},{"$error":"#VALUE!"}]
[44,"P50",null,null,1,1,1,1,1,1,1,1,1,1,1,1,1,1.0022271714922049,1.0063665302410187,1.0172477064220182,1.0331723027375201,1.0002737476047083,1.016978346456693,1,{"$error":"#N/A"},{"$error":"#N/A"},null,null,null,null,null,null,"P50",0,7.1428571428571425E-2,0,0,0,0,0,0,0,0,0,0,0,0,1.3919821826280377E-5,2.1672035334104093E-5,4.8146797261059671E-5,5.8979986353710797E-5,-1.0410935168611334E-4,4.4545596938625918E-5,-3.8587151037938749E-5,{"$error":"#N/A"},{"$error":"#N/A"},{"$error":"#N/A"},0,0,0,0,null,null,"P50",0,-6.5,1,1,1,1,1,1,1,1,1,1,1,1,0.98876670378619169,0.98127031332412618,0.95061253901271159,0.93561940530848253,1.2053691704263516,0.91251892163561532,1.1074652156406595,{"$error":"#N/A"},{"$error":"#N/A"},{"$error":"#N/A"},0,0,0,0,null,46,"P50",1,1,1,1,1,1,1,1,1,1,1.01,1.02,1.03,{"$error":"#VALUE!"},{"$error":"#VALUE!"},{"$error":"#VALUE!"},{"$error":"#VALUE!"},{"$error":"#VALUE!"},{"$error":"#VALUE!"},{"$error":"#VALUE!"},{"$error":"#VALUE!"}]
[45,"P25",null,null,{"$error":"#N/A"},{"$error":"#N/A"},{"$error":"#N/A"},1,1,1,1,1,1,1,1,1,1,1.0043804755944929,1.0191822311963656,1,1.0171972191730698,1,1,{"$error":"#N/A"},{"$error":"#N/A"},{"$error":"#N/A"},null,null,null,null,null,null,"P25",0,{"$error":"#N/A"},{"$error":"#N/A"},{"$error":"#N/A"},{"$error":"#N/A"},0,0,0,0,0,0,0,0,0,2.7377972465580934E-5,7.7496102627605705E-5,-8.487712918745859E-5,6.3693404344703039E-5,-5.4421579661613359E-5,0,{"$error":"#N/A"},{"$error":"#N/A"},{"$error":"#N/A"},{"$error":"#N/A"},0,0,0,0,null,null,"P25",0,{"$error":"#N/A"},{"$error":"#N/A"},{"$error":"#N/A"},{"$error":"#N/A"},1,1,1,1,1,1,1,1,1,0.9779059762202762,0.92944174435359828,1.1174699467954428,0.91184832838693097,1.1072105119333784,1,{"$error":"#N/A"},{"$error":"#N/A"},{"$error":"#N/A"},{"$error":"#N/A"},0,0,0,0,null,47,"P25",{"$error":"#N/A"},{"$error":"#N/A"},1,1,1,1,1,1,1,1,1.02,1,1.02,{"$error":"#VALUE!"},{"$error":"#VALUE!"},{"$error":"#VALUE!"},{"$error":"#VALUE!"},{"$error":"#VALUE!"},{"$error":"#VALUE!"},{"$error":"#VALUE!"},{"$error":"#VALUE!"}]
[46,"P10",null,null,{"$error":"#N/A"},{"$error":"#N/A"},{"$error":"#N/A"},{"$error":"#N/A"},{"$error":"#N/A"},1,1,1,1,1,1,1,1,1,1,{"$error":"#N/A"},{"$error":"#N/A"},{"$error":"#N/A"},{"$error":"#N/A"},{"$error":"#N/A"},{"$error":"#N/A"},{"$error":"#N/A"},null,null,null,null,null,null,"P10",0,{"$error":"#N/A"},{"$error":"#N/A"},{"$error":"#N/A"},{"$error":"#N/A"},{"$error":"#N/A"},{"$error":"#N/A"},0,0,0,0,0,0,0,0,0,{"$error":"#N/A"},{"$error":"#N/A"},{"$error":"#N/A"},{"$error":"#N/A"},{"$error":"#N/A"},{"$error":"#N/A"},{"$error":"#N/A"},{"$error":"#N/A"},0,0,0,0,null,null,"P10",0,{"$error":"#N/A"},{"$error":"#N/A"},{"$error":"#N/A"},{"$error":"#N/A"},{"$error":"#N/A"},{"$error":"#N/A"},1,1,1,1,1,1,1,1,1,{"$error":"#N/A"},{"$error":"#N/A"},{"$error":"#N/A"},{"$error":"#N/A"},{"$error":"#N/A"},{"$error":"#N/A"},{"$error":"#N/A"},{"$error":"#N/A"},0,0,0,0,null,48,"P10",{"$error":"#N/A"},{"$error":"#N/A"},{"$error":"#N/A"},1,1,1,1,1,1,1,1,{"$error":"#N/A"},{"$error":"#N/A"},{"$error":"#VALUE!"},{"$error":"#VALUE!"},{"$error":"#VALUE!"},{"$error":"#VALUE!"},{"$error":"#VALUE!"},{"$error":"#VALUE!"},{"$error":"#VALUE!"},{"$error":"#VALUE!"}]
[47,"AVG",null,null,1,1,1,1,1,1,1,1,1,1,1,1,1.0337289194253592,1.078740157480315,1.0422282120395328,1.0193855157278713,1.021522646964343,1.0155895691609977,1.0342925659472422,1,{"$error":"#N/A"},{"$error":"#N/A"},null,null,null,null,null,null,"AVG",0,7.1428571428571425E-2,0,0,0,0,0,0,0,0,0,0,0,2.5360089793503127E-4,2.8132023784347424E-4,-1.9116201801456695E-4,-1.0107387748522775E-4,7.9153008758212799E-6,-1.8775562668814203E-5,4.9874658096651816E-5,-7.7937649880095846E-5,{"$error":"#N/A"},{"$error":"#N/A"},{"$error":"#N/A"},0,0,0,0,null,null,"AVG",0,-6.5,1,1,1,1,1,1,1,1,1,1,1,0.82907299479178898,0.80670348748567544,1.2635938289004014,1.1592717621674264,1.0084307393157346,1.0525774276185618,0.9173364927105937,1.2170563549160669,{"$error":"#N/A"},{"$error":"#N/A"},{"$error":"#N/A"},0,0,0,0,null,49,"AVG",1,1,1,1,1,1,1,1,1.01,1.06,1.05,1.02,1.02,{"$error":"#VALUE!"},{"$error":"#VALUE!"},{"$error":"#VALUE!"},{"$error":"#VALUE!"},{"$error":"#VALUE!"},{"$error":"#VALUE!"},{"$error":"#VALUE!"},{"$error":"#VALUE!"}]
[48,"N",null,null,null,null,null,null,null,null,null,null,null,null,null,null,null,null,null,null,null,null,null,null,null,null,null,null,null,null,null,null,"N",{"$f":"(D59-C59)/(D$10-C$10)","v":0},0,0,0,0,0,0,0,0,0,0,0,0,0,0,0,0,0,0,0,0,0,0,0,0,0,0,0,null,null,"N",0,0,0,0,0,0,0,0,0,0,0,0,0,0,0,0,0,0,0,0,0,0,0,0,0,0,0,0,null,50,"N",0,0,0,0,0,0,0,0,0,0,0,0,0,{"$error":"#VALUE!"},{"$error":"#VALUE!"},{"$error":"#VALUE!"},{"$error":"#VALUE!"},{"$error":"#VALUE!"},{"$error":"#VALUE!"},{"$error":"#VALUE!"},{"$error":"#VALUE!"}]
[49,"TC_T",null,null,null,null,null,null,null,null,null,null,null,null,null,null,null,null,null,null,null,null,null,null,null,null,null,null,null,null,null,null,"TC_T",0,0,0,0,0,0,0,0,0,0,0,0,0,0,0,0,0,0,0,0,0,0,0,0,0,0,0,0,null,null,"TC_T",{"$f":"D60-(AH60*D$10)","v":0},0,0,0,0,0,0,0,0,0,0,0,0,0,0,0,0,0,0,0,0,0,0,0,0,0,0,0,null,51,"TC_T",0,0,0,0,0,0,0,0,0,0,0,0,0,{"$error":"#VALUE!"},{"$error":"#VALUE!"},{"$error":"#VALUE!"},{"$error":"#VALUE!"},{"$error":"#VALUE!"},{"$error":"#VALUE!"},{"$error":"#VALUE!"},{"$error":"#VALUE!"}]
[50,"P90",null,null,null,null,null,null,null,null,null,null,null,null,null,null,null,null,null,null,null,null,null,null,null,null,null,null,null,null,null,null,"P90",0,0,0,0,0,0,0,0,0,0,0,0,0,0,0,0,0,0,0,0,0,0,0,0,0,0,0,0,null,null,"P90",0,0,0,0,0,0,0,0,0,0,0,0,0,0,0,0,0,0,0,0,0,0,0,0,0,0,0,0,null,52,"P90",0,0,0,0,0,0,0,0,0,0,0,0,0,{"$error":"#VALUE!"},{"$error":"#VALUE!"},{"$error":"#VALUE!"},{"$error":"#VALUE!"},{"$error":"#VALUE!"},{"$error":"#VALUE!"},{"$error":"#VALUE!"},{"$error":"#VALUE!"}]
[51,"P75",null,null,null,null,null,null,null,null,null,null,null,null,null,null,null,null,null,null,null,null,null,null,null,null,null,null,null,null,null,null,"P75",0,0,0,0,0,0,0,0,0,0,0,0,0,0,0,0,0,0,0,0,0,0,0,0,0,0,0,0,null,null,"P75",0,0,0,0,0,0,0,0,0,0,0,0,0,0,0,0,0,0,0,0,0,0,0,0,0,0,0,0,null,53,"P75",0,0,0,0,0,0,0,0,0,0,0,0,0,{"$error":"#VALUE!"},{"$error":"#VALUE!"},{"$error":"#VALUE!"},{"$error":"#VALUE!"},{"$error":"#VALUE!"},{"$error":"#VALUE!"},{"$error":"#VALUE!"},{"$error":"#VALUE!"}]
[52,"P50",null,null,null,null,null,null,null,null,null,null,null,null,null,null,null,null,null,null,null,null,null,null,null,null,null,null,null,null,null,null,"P50",0,0,0,0,0,0,0,0,0,0,0,0,0,0,0,0,0,0,0,0,0,0,0,0,0,0,0,0,null,null,"P50",0,0,0,0,0,0,0,0,0,0,0,0,0,0,0,0,0,0,0,0,0,0,0,0,0,0,0,0,null,54,"P50",{"$f":"ROUND((1+$CU$9)*(HLOOKUP(CR$10,$AH$9:$BI$180,$A63+3)*CR$10+HLOOKUP(CR$10,$BM$9:$CO$180,$A63+3)),$CX$9)","v":0},0,0,0,0,0,0,0,0,0,{"$f":"ROUND((1+$CU$9)*(HLOOKUP(DB$10,$AH$9:$BI$180,$A63+3)*DB$10+HLOOKUP(DB$10,$BM$9:$CO$180,$A63+3)),$CX$9)","v":0},0,0,{"$error":"#VALUE!"},{"$error":"#VALUE!"},{"$error":"#VALUE!"},{"$error":"#VALUE!"},{"$error":"#VALUE!"},{"$error":"#VALUE!"},{"$error":"#VALUE!"},{"$error":"#VALUE!"}]
[53,"P25",null,null,null,null,null,null,null,null,null,null,null,null,null,null,null,null,null,null,null,null,null,null,null,null,null,null,null,null,null,null,"P25",0,0,0,0,0,0,0,0,0,0,0,0,0,0,0,0,0,0,0,0,0,0,0,0,0,0,0,0,null,null,"P25",0,0,0,0,0,0,0,0,0,0,0,0,0,0,0,0,{"$f":"T64-(AX64*T$10)","v":0},0,0,0,0,0,0,0,0,0,0,0,null,55,"P25",0,0,0,0,0,0,0,0,0,0,0,0,0,{"$error":"#VALUE!"},{"$error":"#VALUE!"},{"$error":"#VALUE!"},{"$error":"#VALUE!"},{"$error":"#VALUE!"},{"$error":"#VALUE!"},{"$error":"#VALUE!"},{"$error":"#VALUE!"}]
[54,"P10",null,null,null,null,null,null,null,null,null,null,null,null,null,null,null,null,null,null,null,null,null,null,null,null,null,null,null,null,null,null,"P10",0,0,0,0,0,0,0,0,0,0,0,0,0,0,0,0,0,0,0,0,0,0,0,0,0,0,0,0,null,null,"P10",0,0,0,0,0,0,0,0,0,0,0,0,0,0,0,0,0,0,0,0,0,0,0,0,0,0,0,0,null,56,"P10",0,0,0,0,0,0,0,0,0,0,0,0,0,{"$error":"#VALUE!"},{"$error":"#VALUE!"},{"$error":"#VALUE!"},{"$error":"#VALUE!"},{"$error":"#VALUE!"},{"$error":"#VALUE!"},{"$error":"#VALUE!"},{"$error":"#VALUE!"}]
[55,"AVG",null,null,null,null,null,null,null,null,null,null,null,null,null,null,null,null,null,null,null,null,null,null,null,null,null,null,null,null,null,null,"AVG",0,0,0,0,0,0,0,0,0,0,0,0,0,0,0,0,0,0,0,0,0,0,0,0,0,0,0,0,null,null,"AVG",0,0,0,0,0,0,0,0,0,0,0,0,0,0,0,0,0,0,0,0,0,0,0,0,0,0,0,0,null,57,"AVG",0,0,0,0,0,0,0,0,0,0,0,0,0,{"$error":"#VALUE!"},{"$error":"#VALUE!"},{"$error":"#VALUE!"},{"$error":"#VALUE!"},{"$error":"#VALUE!"},{"$error":"#VALUE!"},{"$error":"#VALUE!"},{"$error":"#VALUE!"}]
[56,"N",null,null,null,null,null,null,null,null,null,null,null,null,null,null,null,null,null,null,null,null,null,null,null,null,null,null,null,null,null,null,"N",0,0,0,0,0,0,0,0,0,0,0,0,0,0,0,0,0,0,0,0,0,0,0,0,0,0,0,0,null,null,"N",0,0,0,0,0,0,0,0,0,0,0,0,0,0,0,0,0,0,0,0,0,0,0,0,0,0,0,0,null,58,"N",0,0,0,0,0,0,0,0,0,0,0,0,0,{"$error":"#VALUE!"},{"$error":"#VALUE!"},{"$error":"#VALUE!"},{"$error":"#VALUE!"},{"$error":"#VALUE!"},{"$error":"#VALUE!"},{"$error":"#VALUE!"},{"$error":"#VALUE!"}]
[57,"TD_T",null,null,null,null,null,null,null,null,null,null,null,null,null,null,null,null,null,null,null,null,null,null,null,null,null,null,null,null,null,null,"TD_T",0,0,0,0,0,0,0,0,0,0,0,0,0,0,0,0,0,0,0,0,0,0,0,0,0,0,0,0,null,null,"TD_T",0,0,0,0,0,0,0,0,0,0,0,0,0,0,0,0,0,0,0,0,0,0,0,0,0,0,0,0,null,59,"TD_T",0,0,0,0,0,0,0,0,0,0,0,0,0,{"$error":"#VALUE!"},{"$error":"#VALUE!"},{"$error":"#VALUE!"},{"$error":"#VALUE!"},{"$error":"#VALUE!"},{"$error":"#VALUE!"},{"$error":"#VALUE!"},{"$error":"#VALUE!"}]
[58,"P90",null,null,null,null,null,null,null,null,null,null,null,null,null,null,null,null,null,null,null,null,null,null,null,null,null,null,null,null,null,null,"P90",0,0,0,0,0,0,0,0,0,0,0,0,0,0,0,0,0,0,0,0,0,0,0,0,0,0,0,0,null,null,"P90",0,0,0,0,0,0,0,0,0,0,0,0,0,0,0,0,0,0,0,0,0,0,0,0,0,0,0,0,null,60,"P90",0,0,0,0,0,0,0,0,0,0,0,0,0,{"$error":"#VALUE!"},{"$error":"#VALUE!"},{"$error":"#VALUE!"},{"$error":"#VALUE!"},{"$error":"#VALUE!"},{"$error":"#VALUE!"},{"$error":"#VALUE!"},{"$error":"#VALUE!"}]
[59,"P75",null,null,null,null,null,null,null,null,null,null,null,null,null,null,null,null,null,null,null,null,null,null,null,null,null,null,null,null,null,null,"P75",0,0,0,0,0,0,0,0,0,0,0,0,0,0,0,0,0,0,0,0,0,0,0,0,0,0,0,0,null,null,"P75",0,0,0,0,0,0,0,0,0,0,0,0,0,0,0,0,0,0,0,0,0,0,0,0,0,0,0,0,null,61,"P75",0,0,0,0,0,0,0,0,0,0,0,0,0,{"$error":"#VALUE!"},{"$error":"#VALUE!"},{"$error":"#VALUE!"},{"$error":"#VALUE!"},{"$error":"#VALUE!"},{"$error":"#VALUE!"},{"$error":"#VALUE!"},{"$error":"#VALUE!"}]
[60,"P50",null,null,null,null,null,null,null,null,null,null,null,null,null,null,null,null,null,null,null,null,null,null,null,null,null,null,null,null,null,null,"P50",0,0,0,0,0,0,0,0,0,0,0,0,0,0,0,0,0,0,0,0,0,0,0,0,0,0,0,0,null,null,"P50",0,0,0,0,0,0,0,0,0,0,0,0,0,0,0,0,0,0,0,0,0,0,0,0,0,0,0,0,null,62,"P50",0,0,0,0,0,0,0,0,0,0,0,0,0,{"$error":"#VALUE!"},{"$error":"#VALUE!"},{"$error":"#VALUE!"},{"$error":"#VALUE!"},{"$error":"#VALUE!"},{"$error":"#VALUE!"},{"$error":"#VALUE!"},{"$error":"#VALUE!"}]
[61,"P25",null,null,null,null,null,null,null,null,null,null,null,null,null,null,null,null,null,null,null,null,null,null,null,null,null,null,null,null,null,null,"P25",0,0,0,0,0,0,0,0,0,0,0,0,0,0,0,0,0,0,0,0,0,0,0,0,0,0,0,0,null,null,"P25",0,0,0,0,0,0,0,0,0,0,0,0,0,0,0,0,0,0,0,0,0,0,0,0,0,0,0,0,null,63,"P25",0,0,0,0,0,0,0,0,0,0,0,0,0,{"$error":"#VALUE!"},{"$error":"#VALUE!"},{"$error":"#VALUE!"},{"$error":"#VALUE!"},{"$error":"#VALUE!"},{"$error":"#VALUE!"},{"$error":"#VALUE!"},{"$error":"#VALUE!"}]
[62,"P10",null,null,null,null,null,null,null,null,null,null,null,null,null,null,null,null,null,null,null,null,null,null,null,null,null,null,null,null,null,null,"P10",0,0,0,0,0,0,0,0,0,0,0,0,0,0,0,0,0,0,0,0,0,0,0,0,0,0,0,0,null,null,"P10",0,0,0,0,0,0,0,0,0,0,0,0,0,0,0,0,0,0,0,0,0,0,0,0,0,0,0,0,null,64,"P10",{"$f":"ROUND((1+$CU$9)*(HLOOKUP(CR$10,$AH$9:$BI$180,$A73+3)*CR$10+HLOOKUP(CR$10,$BM$9:$CO$180,$A73+3)),$CX$9)","v":0},0,0,0,0,0,0,0,0,0,{"$f":"ROUND((1+$CU$9)*(HLOOKUP(DB$10,$AH$9:$BI$180,$A73+3)*DB$10+HLOOKUP(DB$10,$BM$9:$CO$180,$A73+3)),$CX$9)","v":0},0,0,{"$error":"#VALUE!"},{"$error":"#VALUE!"},{"$error":"#VALUE!"},{"$error":"#VALUE!"},{"$error":"#VALUE!"},{"$error":"#VALUE!"},{"$error":"#VALUE!"},{"$error":"#VALUE!"}]
[63,"AVG",null,null,null,null,null,null,null,null,null,null,null,null,null,null,null,null,null,null,null,null,null,null,null,null,null,null,null,null,null,null,"AVG",0,0,0,0,0,0,0,0,0,0,0,0,0,0,0,0,0,0,0,0,0,0,{"$f":"(Z74-Y74)/(Z$10-Y$10)","v":0},0,0,0,0,0,null,null,"AVG",0,0,0,0,0,0,0,0,0,0,0,0,0,0,0,0,0,0,0,0,0,0,0,0,0,0,0,0,null,65,"AVG",0,0,0,0,0,0,0,0,0,0,0,0,0,{"$error":"#VALUE!"},{"$error":"#VALUE!"},{"$error":"#VALUE!"},{"$error":"#VALUE!"},{"$error":"#VALUE!"},{"$error":"#VALUE!"},{"$error":"#VALUE!"},{"$error":"#VALUE!"}]
[64,"N",null,null,null,null,null,null,null,null,null,null,null,null,null,null,null,null,null,null,null,null,null,null,null,null,null,null,null,null,null,null,"N",0,0,0,0,0,0,0,0,{"$f":"(L75-K75)/(L$10-K$10)","v":0},0,0,0,0,0,0,0,0,0,0,0,0,0,0,0,0,0,0,0,null,null,"N",0,0,0,0,0,0,0,0,0,0,0,0,0,0,0,{"$f":"S75-(AW75*S$10)","v":0},0,0,0,0,0,0,0,0,0,0,0,0,null,{"$f":"CP74+1","v":66},"N",0,0,0,0,0,0,0,0,0,0,0,0,0,{"$error":"#VALUE!"},{"$error":"#VALUE!"},{"$error":"#VALUE!"},{"$error":"#VALUE!"},{"$error":"#VALUE!"},{"$error":"#VALUE!"},{"$error":"#VALUE!"},{"$error":"#VALUE!"}]
[65,"BV",null,null,null,null,null,null,null,null,null,null,null,null,null,null,null,null,null,null,null,null,null,null,null,null,null,null,null,null,null,null,{"$f":"B76","v":"BV"},0,0,0,0,0,0,0,0,0,0,0,0,0,0,0,0,0,0,0,0,0,0,0,0,0,0,0,0,null,null,{"$f":"B76","v":"BV"},{"$f":"D76-(AH76*D$10)","v":0},0,0,0,0,0,0,0,0,0,0,0,0,0,0,0,0,0,0,0,0,0,0,0,0,{"$f":"AC76-(BH76*AC$10)","v":0},{"$f":"AE76-(BI76*AE$10)","v":0},0,null,67,{"$f":"B76","v":"BV"},0,0,0,0,0,0,0,0,0,0,0,0,0,{"$error":"#VALUE!"},{"$error":"#VALUE!"},{"$error":"#VALUE!"},{"$error":"#VALUE!"},{"$error":"#VALUE!"},{"$error":"#VALUE!"},{"$error":"#VALUE!"},{"$error":"#VALUE!"}]
[{"$f":"A76+1","v":66},"P90",null,null,null,null,null,null,null,null,null,null,null,null,null,null,null,null,null,null,null,null,null,null,null,null,null,null,null,null,null,null,"P90",0,0,0,0,0,0,0,0,0,0,0,0,0,0,0,0,0,0,0,0,0,0,0,0,0,0,0,0,null,null,"P90",0,0,0,0,0,0,0,0,0,0,0,0,0,0,0,0,0,0,0,0,0,0,0,0,0,0,0,0,null,68,"P90",0,0,0,0,0,0,0,0,0,0,0,0,0,{"$error":"#VALUE!"},{"$error":"#VALUE!"},{"$error":"#VALUE!"},{"$error":"#VALUE!"},{"$error":"#VALUE!"},{"$error":"#VALUE!"},{"$error":"#VALUE!"},{"$error":"#VALUE!"}]
[67,"P75",null,null,null,null,null,null,null,null,null,null,null,null,null,null,null,null,null,null,null,null,null,null,null,null,null,null,null,null,null,null,"P75",0,0,0,0,0,0,0,0,0,0,0,0,0,0,0,0,0,0,0,0,0,0,0,0,0,0,0,0,null,null,"P75",0,0,0,0,0,0,0,0,0,0,0,0,0,0,0,0,0,0,0,0,0,0,0,0,0,0,0,0,null,69,"P75",0,0,0,0,0,0,0,0,0,0,0,0,0,{"$error":"#VALUE!"},{"$error":"#VALUE!"},{"$error":"#VALUE!"},{"$error":"#VALUE!"},{"$error":"#VALUE!"},{"$error":"#VALUE!"},{"$error":"#VALUE!"},{"$error":"#VALUE!"}]
[68,"P50",null,null,null,null,null,null,null,null,null,null,null,null,null,null,null,null,null,null,null,null,null,null,null,null,null,null,null,null,null,null,"P50",0,0,0,0,0,0,0,0,0,0,0,0,0,0,0,0,0,0,0,0,0,0,0,0,0,0,0,0,null,null,"P50",0,0,0,0,0,0,0,0,0,0,0,0,0,0,0,0,0,0,0,0,0,0,0,0,0,0,0,0,null,70,"P50",0,0,0,0,0,0,0,0,0,0,0,0,0,{"$error":"#VALUE!"},{"$error":"#VALUE!"},{"$error":"#VALUE!"},{"$error":"#VALUE!"},{"$error":"#VALUE!"},{"$error":"#VALUE!"},{"$error":"#VALUE!"},{"$error":"#VALUE!"}]
[69,"P25",null,null,null,null,null,null,null,null,null,null,null,null,null,null,null,null,null,null,null,null,null,null,null,null,null,null,null,null,null,null,"P25",0,0,0,0,0,0,0,0,0,0,0,0,0,0,0,0,0,0,0,0,0,0,0,0,0,0,0,0,null,null,"P25",0,0,0,0,0,0,0,0,0,0,0,0,0,0,0,0,0,0,0,0,0,0,0,0,0,0,0,0,null,71,"P25",0,0,0,0,0,0,0,0,0,0,0,0,0,{"$error":"#VALUE!"},{"$error":"#VALUE!"},{"$error":"#VALUE!"},{"$error":"#VALUE!"},{"$error":"#VALUE!"},{"$error":"#VALUE!"},{"$error":"#VALUE!"},{"$error":"#VALUE!"}]
[70,"P10",null,null,null,null,null,null,null,null,null,null,null,null,null,null,null,null,null,null,null,null,null,null,null,null,null,null,null,null,null,null,"P10",0,0,0,0,0,0,0,0,0,0,0,0,0,0,0,0,0,0,0,0,0,0,0,0,0,0,0,0,null,null,"P10",0,0,0,0,0,0,0,0,0,0,0,0,0,0,0,0,0,0,0,0,0,0,0,0,0,0,0,0,null,72,"P10",0,0,0,0,0,0,0,0,0,0,0,0,0,{"$error":"#VALUE!"},{"$error":"#VALUE!"},{"$error":"#VALUE!"},{"$error":"#VALUE!"},{"$error":"#VALUE!"},{"$error":"#VALUE!"},{"$error":"#VALUE!"},{"$error":"#VALUE!"}]
[71,"AVG",null,null,null,null,null,null,null,null,null,null,null,null,null,null,null,null,null,null,null,null,null,null,null,null,null,null,null,null,null,null,"AVG",0,0,0,0,0,0,0,0,0,0,0,0,0,0,0,0,0,0,0,0,0,0,0,0,0,0,0,0,null,null,"AVG",0,0,0,0,0,0,0,0,0,0,0,0,0,0,0,0,0,0,0,0,0,0,0,0,0,0,0,0,null,73,"AVG",0,0,0,0,0,0,0,0,0,0,0,0,0,{"$error":"#VALUE!"},{"$error":"#VALUE!"},{"$error":"#VALUE!"},{"$error":"#VALUE!"},{"$error":"#VALUE!"},{"$error":"#VALUE!"},{"$error":"#VALUE!"},{"$error":"#VALUE!"}]
[72,"N",null,null,null,null,null,null,null,null,null,null,null,null,null,null,null,null,null,null,null,null,null,null,null,null,null,null,null,null,null,null,"N",0,0,0,0,0,0,0,0,0,0,0,0,0,0,0,0,0,0,0,0,0,0,0,0,0,0,0,0,null,null,"N",0,0,0,0,0,0,0,0,0,0,0,0,0,0,0,0,0,0,0,0,0,0,0,0,0,0,0,0,null,74,"N",{"$f":"ROUND((1+$CU$9)*(HLOOKUP(CR$10,$AH$9:$BI$180,$A83+3)*CR$10+HLOOKUP(CR$10,$BM$9:$CO$180,$A83+3)),$CX$9)","v":0},0,0,0,0,0,0,0,0,0,{"$f":"ROUND((1+$CU$9)*(HLOOKUP(DB$10,$AH$9:$BI$180,$A83+3)*DB$10+HLOOKUP(DB$10,$BM$9:$CO$180,$A83+3)),$CX$9)","v":0},0,0,{"$error":"#VALUE!"},{"$error":"#VALUE!"},{"$error":"#VALUE!"},{"$error":"#VALUE!"},{"$error":"#VALUE!"},{"$error":"#VALUE!"},{"$error":"#VALUE!"},{"$error":"#VALUE!"}]
[73,"BV+TA",null,null,null,null,null,null,null,null,null,null,null,null,null,null,null,null,null,null,null,null,null,null,null,null,null,null,null,null,null,null,"BV+TA",0,0,0,0,0,0,0,0,0,0,0,0,0,0,0,0,0,0,0,0,0,0,0,0,0,0,0,0,null,null,"BV+TA",0,0,0,0,0,0,0,0,0,0,0,0,0,0,0,0,0,0,0,0,0,0,0,0,0,0,0,0,null,75,"BV+TA",0,0,0,0,0,0,0,0,0,0,0,0,0,{"$error":"#VALUE!"},{"$error":"#VALUE!"},{"$error":"#VALUE!"},{"$error":"#VALUE!"},{"$error":"#VALUE!"},{"$error":"#VALUE!"},{"$error":"#VALUE!"},{"$error":"#VALUE!"}]
[74,"P90",null,null,null,null,null,null,null,null,null,null,null,null,null,null,null,null,null,null,null,null,null,null,null,null,null,null,null,null,null,null,"P90",0,0,0,0,0,0,0,0,0,0,0,0,0,0,0,0,0,0,0,0,0,0,0,0,0,0,0,0,null,null,"P90",0,0,0,0,0,0,0,0,0,0,0,0,0,0,0,0,0,0,0,0,0,0,0,0,0,0,0,0,null,76,"P90",0,0,0,0,0,0,0,0,0,0,0,0,0,{"$error":"#VALUE!"},{"$error":"#VALUE!"},{"$error":"#VALUE!"},{"$error":"#VALUE!"},{"$error":"#VALUE!"},{"$error":"#VALUE!"},{"$error":"#VALUE!"},{"$error":"#VALUE!"}]
[75,"P75",null,null,null,null,null,null,null,null,null,null,null,null,null,null,null,null,null,null,null,null,null,null,null,null,null,null,null,null,null,null,"P75",0,0,0,0,0,0,0,0,0,0,0,0,0,0,0,0,0,0,0,0,0,0,0,0,0,0,0,0,null,null,"P75",0,0,0,0,0,0,0,0,0,0,0,0,0,0,0,0,0,0,0,0,0,0,0,0,0,0,0,0,null,77,"P75",0,0,0,0,0,0,0,0,0,0,0,0,0,{"$error":"#VALUE!"},{"$error":"#VALUE!"},{"$error":"#VALUE!"},{"$error":"#VALUE!"},{"$error":"#VALUE!"},{"$error":"#VALUE!"},{"$error":"#VALUE!"},{"$error":"#VALUE!"}]
[76,"P50",null,null,null,null,null,null,null,null,null,null,null,null,null,null,null,null,null,null,null,null,null,null,null,null,null,null,null,null,null,null,"P50",0,0,0,0,0,0,0,0,0,0,0,0,0,0,0,0,0,0,0,0,0,0,0,0,0,0,0,0,null,null,"P50",0,0,0,0,0,0,0,0,0,0,0,0,0,0,0,0,0,0,0,0,0,0,0,0,0,0,0,0,null,78,"P50",0,0,0,0,0,0,0,0,0,0,0,0,0,{"$error":"#VALUE!"},{"$error":"#VALUE!"},{"$error":"#VALUE!"},{"$error":"#VALUE!"},{"$error":"#VALUE!"},{"$error":"#VALUE!"},{"$error":"#VALUE!"},{"$error":"#VALUE!"}]
[77,"P25",null,null,null,null,null,null,null,null,null,null,null,null,null,null,null,null,null,null,null,null,null,null,null,null,null,null,null,null,null,null,"P25",0,0,0,0,0,0,0,0,0,0,0,0,0,0,0,0,0,0,0,0,0,0,0,0,0,0,0,0,null,null,"P25",0,0,0,0,0,0,0,0,0,0,0,0,0,0,0,0,0,0,0,0,0,0,0,0,0,0,0,0,null,79,"P25",0,0,0,0,0,0,0,0,0,0,0,0,0,{"$error":"#VALUE!"},{"$error":"#VALUE!"},{"$error":"#VALUE!"},{"$error":"#VALUE!"},{"$error":"#VALUE!"},{"$error":"#VALUE!"},{"$error":"#VALUE!"},{"$error":"#VALUE!"}]
[78,"P10",null,null,null,null,null,null,null,null,null,null,null,null,null,null,null,null,null,null,null,null,null,null,null,null,null,null,null,null,null,null,"P10",0,0,0,0,0,0,0,0,0,0,0,0,0,0,0,0,0,0,0,0,0,0,0,0,0,0,0,0,null,null,"P10",0,0,0,0,0,0,0,0,0,0,0,0,0,0,0,0,0,0,0,0,0,0,0,0,0,0,0,0,null,80,"P10",0,0,0,0,0,0,0,0,0,0,0,0,0,{"$error":"#VALUE!"},{"$error":"#VALUE!"},{"$error":"#VALUE!"},{"$error":"#VALUE!"},{"$error":"#VALUE!"},{"$error":"#VALUE!"},{"$error":"#VALUE!"},{"$error":"#VALUE!"}]
[79,"AVG",null,null,null,null,null,null,null,null,null,null,null,null,null,null,null,null,null,null,null,null,null,null,null,null,null,null,null,null,null,null,"AVG",0,0,0,0,0,0,0,0,0,0,0,0,0,0,0,0,0,0,0,0,0,0,0,0,0,0,0,0,null,null,"AVG",0,0,0,0,0,0,0,0,0,0,0,0,0,0,0,0,0,0,0,0,0,0,0,0,0,0,0,0,null,81,"AVG",0,0,0,0,0,0,0,0,0,0,0,0,0,{"$error":"#VALUE!"},{"$error":"#VALUE!"},{"$error":"#VALUE!"},{"$error":"#VALUE!"},{"$error":"#VALUE!"},{"$error":"#VALUE!"},{"$error":"#VALUE!"},{"$error":"#VALUE!"}]
[80,"N",null,null,null,null,null,null,null,null,null,null,null,null,null,null,null,null,null,null,null,null,null,null,null,null,null,null,null,null,null,null,"N",0,0,0,0,0,0,0,{"$f":"(K91-J91)/(K$10-J$10)","v":0},0,0,0,0,0,0,0,0,0,0,0,0,0,0,0,0,0,0,0,0,null,null,"N",0,0,0,0,0,0,0,0,0,0,0,0,0,0,0,0,0,0,0,0,0,0,0,0,0,0,0,0,null,82,"N",0,0,0,0,0,0,0,0,0,0,0,0,0,{"$error":"#VALUE!"},{"$error":"#VALUE!"},{"$error":"#VALUE!"},{"$error":"#VALUE!"},{"$error":"#VALUE!"},{"$error":"#VALUE!"},{"$error":"#VALUE!"},{"$error":"#VALUE!"}]
[81,"TAR_A",null,null,null,null,null,null,null,null,null,null,null,null,null,null,null,null,null,null,null,null,null,null,null,null,null,null,null,null,null,null,"TAR_A",0,0,0,0,0,0,0,0,0,0,0,0,0,0,0,0,0,0,0,0,0,0,0,0,0,0,0,0,null,null,"TAR_A",0,0,0,0,0,0,0,0,0,0,0,0,0,0,0,0,0,0,0,0,0,0,0,0,0,0,0,0,null,83,"TAR_A",0,0,0,0,0,0,0,0,0,0,0,0,0,{"$error":"#VALUE!"},{"$error":"#VALUE!"},{"$error":"#VALUE!"},{"$error":"#VALUE!"},{"$error":"#VALUE!"},{"$error":"#VALUE!"},{"$error":"#VALUE!"},{"$error":"#VALUE!"}]
[82,"P90",null,null,null,null,null,null,null,null,null,null,null,null,null,null,null,null,null,null,null,null,null,null,null,null,null,null,null,null,null,null,"P90",0,0,0,0,0,0,0,0,0,0,0,0,0,0,0,0,0,0,0,0,0,0,0,0,0,0,0,0,null,null,"P90",0,0,0,0,0,0,0,0,0,0,0,0,0,0,0,0,0,0,0,0,0,0,0,0,0,0,0,0,null,84,"P90",{"$f":"ROUND((1+$CU$9)*(HLOOKUP(CR$10,$AH$9:$BI$180,$A93+3)*CR$10+HLOOKUP(CR$10,$BM$9:$CO$180,$A93+3)),$CX$9)","v":0},0,0,0,0,0,0,0,0,0,{"$f":"ROUND((1+$CU$9)*(HLOOKUP(DB$10,$AH$9:$BI$180,$A93+3)*DB$10+HLOOKUP(DB$10,$BM$9:$CO$180,$A93+3)),$CX$9)","v":0},0,0,{"$error":"#VALUE!"},{"$error":"#VALUE!"},{"$error":"#VALUE!"},{"$error":"#VALUE!"},{"$error":"#VALUE!"},{"$error":"#VALUE!"},{"$error":"#VALUE!"},{"$error":"#VALUE!"}]
[83,"P75",null,null,null,null,null,null,null,null,null,null,null,null,null,null,null,null,null,null,null,null,null,null,null,null,null,null,null,null,null,null,"P75",0,0,0,0,0,0,0,0,0,0,0,0,0,0,0,0,0,0,0,0,0,0,0,0,0,0,0,0,null,null,"P75",0,0,0,0,0,0,0,0,0,0,0,0,0,0,0,0,0,0,0,0,0,0,0,0,0,0,0,0,null,85,"P75",0,0,0,0,0,0,0,0,0,0,0,0,0,{"$error":"#VALUE!"},{"$error":"#VALUE!"},{"$error":"#VALUE!"},{"$error":"#VALUE!"},{"$error":"#VALUE!"},{"$error":"#VALUE!"},{"$error":"#VALUE!"},{"$error":"#VALUE!"}]
[84,"P50",null,null,null,null,null,null,null,null,null,null,null,null,null,null,null,null,null,null,null,null,null,null,null,null,null,null,null,null,null,null,"P50",0,0,0,0,0,0,0,0,0,0,0,0,0,0,0,0,0,0,0,0,0,0,0,0,0,{"$f":"(AC95-AB95)/(AC$10-AB$10)","v":0},0,0,null,null,"P50",0,0,{"$f":"F95-(AJ95*F$10)","v":0},0,0,0,0,0,0,0,0,0,0,0,0,0,0,0,0,0,0,0,0,0,0,0,0,0,null,86,"P50",0,0,0,0,0,0,0,0,0,0,0,0,0,{"$error":"#VALUE!"},{"$error":"#VALUE!"},{"$error":"#VALUE!"},{"$error":"#VALUE!"},{"$error":"#VALUE!"},{"$error":"#VALUE!"},{"$error":"#VALUE!"},{"$error":"#VALUE!"}]
[85,"P25",null,null,null,null,null,null,null,null,null,null,null,null,null,null,null,null,null,null,null,null,null,null,null,null,null,null,null,null,null,null,"P25",0,0,0,0,0,0,0,0,0,0,0,0,0,0,0,0,{"$f":"(T96-S96)/(T$10-S$10)","v":0},0,0,0,0,0,0,0,0,0,0,0,null,null,"P25",{"$f":"D96-(AH96*D$10)","v":0},0,0,0,0,0,0,0,0,0,0,0,0,0,0,0,0,0,0,0,0,0,0,0,0,0,0,0,null,87,"P25",0,0,0,0,0,0,0,0,0,0,0,0,0,{"$error":"#VALUE!"},{"$error":"#VALUE!"},{"$error":"#VALUE!"},{"$error":"#VALUE!"},{"$error":"#VALUE!"},{"$error":"#VALUE!"},{"$error":"#VALUE!"},{"$error":"#VALUE!"}]
[86,"P10",null,null,null,null,null,null,null,null,null,null,null,null,null,null,null,null,null,null,null,null,null,null,null,null,null,null,null,null,null,null,"P10",0,0,0,0,0,0,0,0,0,0,0,0,0,0,0,0,0,0,0,0,0,0,0,0,0,0,0,0,null,null,"P10",0,0,0,0,0,0,0,0,0,0,0,0,0,0,0,0,0,0,0,0,0,0,0,0,0,0,0,0,null,88,"P10",0,0,0,0,0,0,0,0,0,0,0,0,0,{"$error":"#VALUE!"},{"$error":"#VALUE!"},{"$error":"#VALUE!"},{"$error":"#VALUE!"},{"$error":"#VALUE!"},{"$error":"#VALUE!"},{"$error":"#VALUE!"},{"$error":"#VALUE!"}]
[87,"AVG",null,null,null,null,null,null,null,null,null,null,null,null,null,null,null,null,null,null,null,null,null,null,null,null,null,null,null,null,null,null,"AVG",0,0,0,0,0,0,0,0,0,0,0,0,0,0,0,0,0,0,0,0,0,0,0,0,0,0,0,0,null,null,"AVG",0,0,0,0,0,0,0,0,0,0,0,0,0,0,0,0,0,0,0,0,0,0,0,0,0,0,0,0,null,89,"AVG",0,0,0,0,0,0,0,0,0,0,0,0,0,{"$error":"#VALUE!"},{"$error":"#VALUE!"},{"$error":"#VALUE!"},{"$error":"#VALUE!"},{"$error":"#VALUE!"},{"$error":"#VALUE!"},{"$error":"#VALUE!"},{"$error":"#VALUE!"}]
[88,"N",null,null,null,null,null,null,null,null,null,null,null,null,null,null,null,null,null,null,null,null,null,null,null,null,null,null,null,null,null,null,"N",0,0,0,0,0,0,0,0,0,0,0,0,0,0,0,0,0,0,0,0,0,0,0,0,0,0,0,0,null,null,"N",0,0,0,0,0,0,0,0,0,0,0,0,0,0,0,0,0,0,0,0,0,0,0,0,0,0,0,0,null,90,"N",0,0,0,0,0,0,0,0,0,0,0,0,0,{"$error":"#VALUE!"},{"$error":"#VALUE!"},{"$error":"#VALUE!"},{"$error":"#VALUE!"},{"$error":"#VALUE!"},{"$error":"#VALUE!"},{"$error":"#VALUE!"},{"$error":"#VALUE!"}]
[89,"TAR_T",null,null,null,null,null,null,null,null,null,null,null,null,null,null,null,null,null,null,null,null,null,null,null,null,null,null,null,null,null,null,"TAR_T",0,0,0,0,0,0,0,0,0,0,0,0,0,0,0,0,0,0,0,0,0,0,0,0,0,0,0,0,null,null,"TAR_T",0,0,0,0,0,0,0,0,0,0,0,0,0,0,0,0,0,0,0,0,0,0,0,0,0,0,0,0,null,91,"TAR_T",0,0,0,0,0,0,0,0,0,0,0,0,0,{"$error":"#VALUE!"},{"$error":"#VALUE!"},{"$error":"#VALUE!"},{"$error":"#VALUE!"},{"$error":"#VALUE!"},{"$error":"#VALUE!"},{"$error":"#VALUE!"},{"$error":"#VALUE!"}]
[90,"P90",null,null,null,null,null,null,null,null,null,null,null,null,null,null,null,null,null,null,null,null,null,null,null,null,null,null,null,null,null,null,"P90",0,0,0,0,0,0,0,0,0,0,0,0,0,0,0,0,0,0,0,0,0,0,0,0,0,0,0,0,null,null,"P90",0,0,0,0,0,0,0,0,0,0,0,0,0,0,0,0,0,0,0,0,0,0,0,0,0,0,0,0,null,92,"P90",0,0,0,0,0,0,0,0,0,0,0,0,0,{"$error":"#VALUE!"},{"$error":"#VALUE!"},{"$error":"#VALUE!"},{"$error":"#VALUE!"},{"$error":"#VALUE!"},{"$error":"#VALUE!"},{"$error":"#VALUE!"},{"$error":"#VALUE!"}]
[91,"P75",null,null,null,null,null,null,null,null,null,null,null,null,null,null,null,null,null,null,null,null,null,null,null,null,null,null,null,null,null,null,"P75",0,0,0,0,0,0,0,0,0,0,0,0,0,0,0,0,0,0,0,0,0,0,0,0,0,0,0,0,null,null,"P75",0,0,0,0,0,0,0,0,0,0,0,0,0,0,0,0,0,0,0,0,0,0,0,0,0,0,0,0,null,93,"P75",0,0,0,0,0,0,0,0,0,0,0,0,0,{"$error":"#VALUE!"},{"$error":"#VALUE!"},{"$error":"#VALUE!"},{"$error":"#VALUE!"},{"$error":"#VALUE!"},{"$error":"#VALUE!"},{"$error":"#VALUE!"},{"$error":"#VALUE!"}]
[92,"P50",null,null,null,null,null,null,null,null,null,null,null,null,null,null,null,null,null,null,null,null,null,null,null,null,null,null,null,null,null,null,"P50",0,0,0,0,0,0,0,0,0,0,0,0,0,0,0,0,0,0,0,0,0,0,0,0,0,0,0,0,null,null,"P50",0,0,0,0,0,0,0,0,0,0,0,0,0,0,0,0,0,0,0,0,0,0,0,0,0,0,0,0,null,94,"P50",{"$f":"ROUND((1+$CU$9)*(HLOOKUP(CR$10,$AH$9:$BI$180,$A103+3)*CR$10+HLOOKUP(CR$10,$BM$9:$CO$180,$A103+3)),$CX$9)","v":0},0,0,0,0,0,0,0,0,0,{"$f":"ROUND((1+$CU$9)*(HLOOKUP(DB$10,$AH$9:$BI$180,$A103+3)*DB$10+HLOOKUP(DB$10,$BM$9:$CO$180,$A103+3)),$CX$9)","v":0},0,0,{"$error":"#VALUE!"},{"$error":"#VALUE!"},{"$error":"#VALUE!"},{"$error":"#VALUE!"},{"$error":"#VALUE!"},{"$error":"#VALUE!"},{"$error":"#VALUE!"},{"$error":"#VALUE!"}]
[93,"P25",null,null,null,null,null,null,null,null,null,null,null,null,null,null,null,null,null,null,null,null,null,null,null,null,null,null,null,null,null,null,"P25",0,0,0,0,0,0,0,0,0,0,0,0,0,0,0,0,0,0,0,0,0,0,0,0,0,0,0,0,null,null,"P25",0,0,0,0,0,0,0,0,0,0,0,0,0,0,0,0,0,0,0,0,0,0,0,0,0,0,0,0,null,95,"P25",0,0,0,0,0,0,0,0,0,0,0,0,0,{"$error":"#VALUE!"},{"$error":"#VALUE!"},{"$error":"#VALUE!"},{"$error":"#VALUE!"},{"$error":"#VALUE!"},{"$error":"#VALUE!"},{"$error":"#VALUE!"},{"$error":"#VALUE!"}]
[94,"P10",null,null,null,null,null,null,null,null,null,null,null,null,null,null,null,null,null,null,null,null,null,null,null,null,null,null,null,null,null,null,"P10",0,0,0,0,0,0,0,0,0,0,0,0,0,0,0,0,0,0,0,0,0,0,0,0,0,0,0,0,null,null,"P10",0,0,0,0,0,0,0,0,0,0,0,0,0,0,0,0,0,0,0,0,0,0,0,0,0,0,0,0,null,96,"P10",0,0,0,0,0,0,0,0,0,0,0,0,0,{"$error":"#VALUE!"},{"$error":"#VALUE!"},{"$error":"#VALUE!"},{"$error":"#VALUE!"},{"$error":"#VALUE!"},{"$error":"#VALUE!"},{"$error":"#VALUE!"},{"$error":"#VALUE!"}]
[95,"AVG",null,null,null,null,null,null,null,null,null,null,null,null,null,null,null,null,null,null,null,null,null,null,null,null,null,null,null,null,null,null,"AVG",0,0,0,0,0,0,0,0,0,0,0,0,0,0,0,0,0,0,0,0,0,0,0,0,0,0,0,0,null,null,"AVG",0,0,0,0,0,0,0,0,0,0,0,0,0,0,0,0,0,0,0,0,0,0,0,0,0,0,0,0,null,97,"AVG",0,0,0,0,0,0,0,0,0,0,0,0,0,{"$error":"#VALUE!"},{"$error":"#VALUE!"},{"$error":"#VALUE!"},{"$error":"#VALUE!"},{"$error":"#VALUE!"},{"$error":"#VALUE!"},{"$error":"#VALUE!"},{"$error":"#VALUE!"}]
[96,"N",null,null,null,null,null,null,null,null,null,null,null,null,null,null,null,null,null,null,null,null,null,null,null,null,null,null,null,null,null,null,"N",0,0,0,0,0,0,{"$f":"(J107-I107)/(J$10-I$10)","v":0},0,0,0,0,0,0,0,0,0,0,0,0,0,0,0,0,0,0,0,0,0,null,null,"N",0,0,0,0,0,0,0,0,0,0,0,0,0,0,0,0,{"$f":"T107-(AX107*T$10)","v":0},0,0,0,0,0,0,0,0,0,0,0,null,98,"N",0,0,0,0,0,0,0,0,0,0,0,0,0,{"$error":"#VALUE!"},{"$error":"#VALUE!"},{"$error":"#VALUE!"},{"$error":"#VALUE!"},{"$error":"#VALUE!"},{"$error":"#VALUE!"},{"$error":"#VALUE!"},{"$error":"#VALUE!"}]
[97,"TR_A",null,null,null,null,null,null,null,null,null,null,null,null,null,null,null,null,null,null,null,null,null,null,null,null,null,null,null,null,null,null,"TR_A",0,0,0,0,0,0,0,0,0,0,0,0,0,0,0,0,0,0,0,0,0,0,0,0,0,0,0,0,null,null,"TR_A",0,0,0,0,0,0,0,0,0,0,0,0,0,0,0,0,0,0,0,0,0,0,0,0,0,0,{"$f":"AE108-(BI108*AE$10)","v":0},0,null,99,"TR_A",0,0,0,0,0,0,0,0,0,0,0,0,0,{"$error":"#VALUE!"},{"$error":"#VALUE!"},{"$error":"#VALUE!"},{"$error":"#VALUE!"},{"$error":"#VALUE!"},{"$error":"#VALUE!"},{"$error":"#VALUE!"},{"$error":"#VALUE!"}]
[98,"P90",null,null,null,null,null,null,null,null,null,null,null,null,null,null,null,null,null,null,null,null,null,null,null,null,null,null,null,null,null,null,"P90",0,0,0,0,0,0,0,0,0,0,0,0,0,0,0,0,0,0,0,0,0,0,0,0,0,0,0,0,null,null,"P90",0,0,0,0,0,0,0,0,0,0,0,0,0,0,0,0,0,0,0,0,0,0,0,0,0,0,0,0,null,100,"P90",0,0,0,0,0,0,0,0,0,0,0,0,0,{"$error":"#VALUE!"},{"$error":"#VALUE!"},{"$error":"#VALUE!"},{"$error":"#VALUE!"},{"$error":"#VALUE!"},{"$error":"#VALUE!"},{"$error":"#VALUE!"},{"$error":"#VALUE!"}]
[99,"P75",null,null,null,null,null,null,null,null,null,null,null,null,null,null,null,null,null,null,null,null,null,null,null,null,null,null,null,null,null,null,"P75",0,0,0,0,0,0,0,0,0,0,0,0,0,0,0,0,0,0,0,0,0,0,0,0,0,0,0,0,null,null,"P75",0,0,0,0,0,0,0,0,0,0,0,0,0,0,0,0,0,0,0,0,0,0,0,0,0,0,0,0,null,101,"P75",0,0,0,0,0,0,0,0,0,0,0,0,0,{"$error":"#VALUE!"},{"$error":"#VALUE!"},{"$error":"#VALUE!"},{"$error":"#VALUE!"},{"$error":"#VALUE!"},{"$error":"#VALUE!"},{"$error":"#VALUE!"},{"$error":"#VALUE!"}]
[100,"P50",null,null,null,null,null,null,null,null,null,null,null,null,null,null,null,null,null,null,null,null,null,null,null,null,null,null,null,null,null,null,"P50",0,0,0,0,0,0,0,0,0,0,0,0,0,0,0,0,0,0,0,0,0,0,0,0,0,0,0,0,null,null,"P50",0,0,0,0,0,0,0,0,0,0,0,0,0,0,0,0,0,0,0,0,0,0,0,0,0,0,0,0,null,102,"P50",0,0,0,0,0,0,0,0,0,0,0,0,0,{"$error":"#VALUE!"},{"$error":"#VALUE!"},{"$error":"#VALUE!"},{"$error":"#VALUE!"},{"$error":"#VALUE!"},{"$error":"#VALUE!"},{"$error":"#VALUE!"},{"$error":"#VALUE!"}]
[101,"P25",null,null,null,null,null,null,null,null,null,null,null,null,null,null,null,null,null,null,null,null,null,null,null,null,null,null,null,null,null,null,"P25",0,0,0,0,0,0,0,0,0,0,0,0,0,0,0,0,0,0,0,0,0,0,0,0,0,0,0,0,null,null,"P25",0,0,0,0,0,0,0,0,0,0,0,0,0,0,0,0,0,0,0,0,0,0,0,0,0,0,0,0,null,103,"P25",0,0,0,0,0,0,0,0,0,0,0,0,0,{"$error":"#VALUE!"},{"$error":"#VALUE!"},{"$error":"#VALUE!"},{"$error":"#VALUE!"},{"$error":"#VALUE!"},{"$error":"#VALUE!"},{"$error":"#VALUE!"},{"$error":"#VALUE!"}]
[102,"P10",null,null,null,null,null,null,null,null,null,null,null,null,null,null,null,null,null,null,null,null,null,null,null,null,null,null,null,null,null,null,"P10",0,0,0,0,0,0,0,0,0,0,0,0,0,0,0,0,0,0,0,0,0,0,0,0,0,0,0,0,null,null,"P10",0,0,0,0,0,0,0,0,0,0,0,0,0,0,0,0,0,0,0,0,0,0,0,0,0,0,0,0,null,104,"P10",{"$f":"ROUND((1+$CU$9)*(HLOOKUP(CR$10,$AH$9:$BI$180,$A113+3)*CR$10+HLOOKUP(CR$10,$BM$9:$CO$180,$A113+3)),$CX$9)","v":0},0,0,0,0,0,0,0,0,0,{"$f":"ROUND((1+$CU$9)*(HLOOKUP(DB$10,$AH$9:$BI$180,$A113+3)*DB$10+HLOOKUP(DB$10,$BM$9:$CO$180,$A113+3)),$CX$9)","v":0},0,0,{"$error":"#VALUE!"},{"$error":"#VALUE!"},{"$error":"#VALUE!"},{"$error":"#VALUE!"},{"$error":"#VALUE!"},{"$error":"#VALUE!"},{"$error":"#VALUE!"},{"$error":"#VALUE!"}]
[103,"AVG",null,null,null,null,null,null,null,null,null,null,null,null,null,null,null,null,null,null,null,null,null,null,null,null,null,null,null,null,null,null,"AVG",0,0,0,0,0,0,0,0,0,0,0,0,0,0,0,0,0,0,0,0,0,0,0,0,0,0,0,0,null,null,"AVG",0,0,0,0,0,0,0,0,0,0,0,0,0,0,0,0,0,0,0,0,0,0,0,0,0,0,0,0,null,105,"AVG",0,0,0,0,0,0,0,0,0,0,0,0,0,{"$error":"#VALUE!"},{"$error":"#VALUE!"},{"$error":"#VALUE!"},{"$error":"#VALUE!"},{"$error":"#VALUE!"},{"$error":"#VALUE!"},{"$error":"#VALUE!"},{"$error":"#VALUE!"}]
[104,"N",null,null,null,null,null,null,null,null,null,null,null,null,null,null,null,null,null,null,null,null,null,null,null,null,null,null,null,null,null,null,"N",0,0,0,0,0,0,0,0,0,0,0,0,0,0,0,0,0,0,0,0,0,0,0,0,0,0,0,0,null,null,"N",0,0,0,0,0,0,0,0,0,0,0,0,0,0,0,0,0,0,0,0,0,0,0,0,0,0,0,0,null,106,"N",0,0,0,0,0,0,0,0,0,0,0,0,0,{"$error":"#VALUE!"},{"$error":"#VALUE!"},{"$error":"#VALUE!"},{"$error":"#VALUE!"},{"$error":"#VALUE!"},{"$error":"#VALUE!"},{"$error":"#VALUE!"},{"$error":"#VALUE!"}]
[105,"TR_T",null,null,null,null,null,null,null,null,null,null,null,null,null,null,null,null,null,null,null,null,null,null,null,null,null,null,null,null,null,null,"TR_T",0,0,0,0,0,0,0,0,0,0,0,0,0,0,0,0,0,0,0,0,0,0,0,0,0,0,0,0,null,null,"TR_T",0,0,0,0,0,0,0,0,0,0,0,0,0,0,0,0,0,0,0,0,0,0,0,0,0,0,0,0,null,107,"TR_T",0,0,0,0,0,0,0,0,0,0,0,0,0,{"$error":"#VALUE!"},{"$error":"#VALUE!"},{"$error":"#VALUE!"},{"$error":"#VALUE!"},{"$error":"#VALUE!"},{"$error":"#VALUE!"},{"$error":"#VALUE!"},{"$error":"#VALUE!"}]
[106,"P90",null,null,null,null,null,null,null,null,null,null,null,null,null,null,null,null,null,null,null,null,null,null,null,null,null,null,null,null,null,null,{"$f":"B117","v":"P90"},0,0,0,0,0,0,0,0,0,0,0,0,0,0,0,0,0,0,0,0,0,0,0,0,0,0,0,0,null,null,{"$f":"B117","v":"P90"},0,0,0,0,0,0,0,0,0,0,0,0,0,0,0,0,0,0,0,0,0,0,0,0,0,0,0,0,null,108,{"$f":"B117","v":"P90"},0,0,0,0,0,0,0,0,0,0,0,0,0,{"$error":"#VALUE!"},{"$error":"#VALUE!"},{"$error":"#VALUE!"},{"$error":"#VALUE!"},{"$error":"#VALUE!"},{"$error":"#VALUE!"},{"$error":"#VALUE!"},{"$error":"#VALUE!"}]
[107,"P75",null,null,null,null,null,null,null,null,null,null,null,null,null,null,null,null,null,null,null,null,null,null,null,null,null,null,null,null,null,null,{"$f":"B118","v":"P75"},0,0,0,0,0,0,0,0,0,0,0,0,0,0,0,0,0,0,0,0,0,0,0,0,0,0,0,0,null,null,{"$f":"B118","v":"P75"},0,0,0,0,0,0,0,0,0,0,0,0,0,0,0,0,0,0,0,0,0,0,0,0,0,0,0,0,null,109,{"$f":"B118","v":"P75"},0,0,0,0,0,0,0,0,0,0,0,0,0,{"$error":"#VALUE!"},{"$error":"#VALUE!"},{"$error":"#VALUE!"},{"$error":"#VALUE!"},{"$error":"#VALUE!"},{"$error":"#VALUE!"},{"$error":"#VALUE!"},{"$error":"#VALUE!"}]
[108,"P50",null,null,null,null,null,null,null,null,null,null,null,null,null,null,null,null,null,null,null,null,null,null,null,null,null,null,null,null,null,null,{"$f":"B119","v":"P50"},0,0,0,0,0,0,0,0,0,0,0,0,0,0,0,0,0,0,0,0,0,0,0,0,0,0,0,0,null,null,{"$f":"B119","v":"P50"},0,0,0,0,0,0,0,0,0,0,0,0,0,0,0,0,0,0,0,0,0,0,0,0,0,0,0,0,null,110,{"$f":"B119","v":"P50"},0,0,0,0,0,0,0,0,0,0,0,0,0,{"$error":"#VALUE!"},{"$error":"#VALUE!"},{"$error":"#VALUE!"},{"$error":"#VALUE!"},{"$error":"#VALUE!"},{"$error":"#VALUE!"},{"$error":"#VALUE!"},{"$error":"#VALUE!"}]
[109,"P25",null,null,null,null,null,null,null,null,null,null,null,null,null,null,null,null,null,null,null,null,null,null,null,null,null,null,null,null,null,null,{"$f":"B120","v":"P25"},0,0,0,0,0,0,0,0,0,0,0,0,0,0,0,0,0,0,0,0,0,0,0,0,0,0,0,0,null,null,{"$f":"B120","v":"P25"},0,0,0,0,0,0,0,0,0,0,0,0,0,0,0,0,0,0,0,0,0,0,0,0,0,0,0,0,null,111,{"$f":"B120","v":"P25"},0,0,0,0,0,0,0,0,0,0,0,0,0,{"$error":"#VALUE!"},{"$error":"#VALUE!"},{"$error":"#VALUE!"},{"$error":"#VALUE!"},{"$error":"#VALUE!"},{"$error":"#VALUE!"},{"$error":"#VALUE!"},{"$error":"#VALUE!"}]
[110,"P10",null,null,null,null,null,null,null,null,null,null,null,null,null,null,null,null,null,null,null,null,null,null,null,null,null,null,null,null,null,null,{"$f":"B121","v":"P10"},0,0,0,0,0,0,0,0,0,0,0,0,0,0,0,0,0,0,0,0,0,0,0,0,0,0,0,0,null,null,{"$f":"B121","v":"P10"},0,0,0,0,0,{"$f":"I121-(AM121*I$10)","v":0},0,0,0,0,0,0,0,0,0,0,0,0,0,0,0,0,0,0,0,0,0,0,null,112,{"$f":"B121","v":"P10"},0,0,0,0,0,0,0,0,0,0,0,0,0,{"$error":"#VALUE!"},{"$error":"#VALUE!"},{"$error":"#VALUE!"},{"$error":"#VALUE!"},{"$error":"#VALUE!"},{"$error":"#VALUE!"},{"$error":"#VALUE!"},{"$error":"#VALUE!"}]
[111,"AVG",null,null,null,null,null,null,null,null,null,null,null,null,null,null,null,null,null,null,null,null,null,null,null,null,null,null,null,null,null,null,"AVG",0,0,0,0,0,0,0,0,0,0,0,0,0,0,0,0,0,0,0,0,0,0,0,0,0,0,0,0,null,null,"AVG",0,0,0,0,0,0,0,0,0,0,0,0,0,0,0,0,0,0,0,0,0,0,0,0,0,0,0,0,null,113,"AVG",0,0,0,0,0,0,0,0,0,0,0,0,0,{"$error":"#VALUE!"},{"$error":"#VALUE!"},{"$error":"#VALUE!"},{"$error":"#VALUE!"},{"$error":"#VALUE!"},{"$error":"#VALUE!"},{"$error":"#VALUE!"},{"$error":"#VALUE!"}]
[112,"N",null,null,null,null,null,null,null,null,null,null,null,null,null,null,null,null,null,null,null,null,null,null,null,null,null,null,null,null,null,null,"N",{"$f":"(D123-C123)/(D$10-C$10)","v":0},0,0,0,0,0,0,0,0,0,0,0,0,0,0,0,0,0,0,0,0,0,0,0,0,0,0,0,null,null,"N",0,0,0,0,0,0,0,0,0,0,0,0,0,0,0,0,0,0,0,0,0,0,0,0,0,0,0,0,null,114,"N",{"$f":"ROUND((1+$CU$9)*(HLOOKUP(CR$10,$AH$9:$BI$180,$A123+3)*CR$10+HLOOKUP(CR$10,$BM$9:$CO$180,$A123+3)),$CX$9)","v":0},0,0,0,0,0,0,0,0,0,{"$f":"ROUND((1+$CU$9)*(HLOOKUP(DB$10,$AH$9:$BI$180,$A123+3)*DB$10+HLOOKUP(DB$10,$BM$9:$CO$180,$A123+3)),$CX$9)","v":0},0,0,{"$error":"#VALUE!"},{"$error":"#VALUE!"},{"$error":"#VALUE!"},{"$error":"#VALUE!"},{"$error":"#VALUE!"},{"$error":"#VALUE!"},{"$error":"#VALUE!"},{"$error":"#VALUE!"}]
[113,null,null,null,null,null,null,null,null,null,null,null,null,null,null,null,null,null,null,null,null,null,null,null,null,null,null,null,null,null,null,null,0,0,0,0,0,0,0,0,0,0,0,0,0,0,0,0,0,{"$f":"(T124-S124)/(T$10-S$10)","v":0},0,0,0,0,0,0,0,0,0,0,0,null,null,0,0,0,0,0,0,0,0,0,0,0,0,0,0,0,0,0,0,0,0,0,0,0,0,0,0,0,0,0,null,115,0,0,0,0,0,0,0,0,0,0,0,0,0,0,{"$error":"#VALUE!"},{"$error":"#VALUE!"},{"$error":"#VALUE!"},{"$error":"#VALUE!"},{"$error":"#VALUE!"},{"$error":"#VALUE!"},{"$error":"#VALUE!"},{"$error":"#VALUE!"}]
[114,"P90",null,null,null,null,null,null,null,null,null,null,null,null,null,null,null,null,null,null,null,null,null,null,null,null,null,null,null,null,null,null,"P90",0,0,0,0,0,0,0,0,0,0,0,0,0,0,0,0,0,0,0,0,0,0,0,0,0,0,0,0,null,null,"P90",0,0,0,0,0,0,0,0,0,0,0,0,0,0,0,0,{"$f":"T125-(AX125*T$10)","v":0},0,0,0,0,0,0,0,0,0,0,0,null,116,"P90",0,0,0,0,0,0,0,0,0,0,0,0,0,{"$error":"#VALUE!"},{"$error":"#VALUE!"},{"$error":"#VALUE!"},{"$error":"#VALUE!"},{"$error":"#VALUE!"},{"$error":"#VALUE!"},{"$error":"#VALUE!"},{"$error":"#VALUE!"}]
[115,"P75",null,null,null,null,null,null,null,null,null,null,null,null,null,null,null,null,null,null,null,null,null,null,null,null,null,null,null,null,null,null,"P75",0,0,0,0,0,0,0,0,0,0,0,0,0,0,0,0,0,0,0,0,0,0,0,0,0,0,0,0,null,null,"P75",0,0,0,0,0,0,0,0,0,0,0,0,0,0,0,0,0,0,0,0,0,0,0,0,0,0,0,0,null,117,"P75",0,0,0,0,0,0,0,0,0,0,0,0,0,{"$error":"#VALUE!"},{"$error":"#VALUE!"},{"$error":"#VALUE!"},{"$error":"#VALUE!"},{"$error":"#VALUE!"},{"$error":"#VALUE!"},{"$error":"#VALUE!"},{"$error":"#VALUE!"}]
[116,"P50",null,null,null,null,null,null,null,null,null,null,null,null,null,null,null,null,null,null,null,null,null,null,null,null,null,null,null,null,null,null,"P50",0,0,0,0,0,0,0,0,0,0,0,0,0,0,0,0,0,0,0,0,0,0,0,0,0,0,0,0,null,null,"P50",0,0,0,0,0,0,0,0,0,0,0,0,0,0,0,0,0,0,0,0,0,0,0,0,0,0,0,0,null,118,"P50",0,0,0,0,0,0,0,0,0,0,0,0,0,{"$error":"#VALUE!"},{"$error":"#VALUE!"},{"$error":"#VALUE!"},{"$error":"#VALUE!"},{"$error":"#VALUE!"},{"$error":"#VALUE!"},{"$error":"#VALUE!"},{"$error":"#VALUE!"}]
[117,"P25",null,null,null,null,null,null,null,null,null,null,null,null,null,null,null,null,null,null,null,null,null,null,null,null,null,null,null,null,null,null,"P25",0,0,0,0,0,0,0,0,0,0,0,0,0,0,0,0,0,0,0,0,0,0,0,0,0,0,0,0,null,null,"P25",0,0,0,0,0,0,0,0,0,0,0,0,0,0,0,0,0,0,0,0,0,0,0,0,0,0,0,0,null,119,"P25",0,0,0,0,0,0,0,0,0,0,0,0,0,{"$error":"#VALUE!"},{"$error":"#VALUE!"},{"$error":"#VALUE!"},{"$error":"#VALUE!"},{"$error":"#VALUE!"},{"$error":"#VALUE!"},{"$error":"#VALUE!"},{"$error":"#VALUE!"}]
[118,"P10",null,null,null,null,null,null,null,null,null,null,null,null,null,null,null,null,null,null,null,null,null,null,null,null,null,null,null,null,null,null,"P10",0,0,0,0,0,0,0,0,0,0,0,0,0,0,0,0,0,0,0,0,0,0,0,0,0,0,0,0,null,null,"P10",0,0,0,0,0,0,0,0,0,0,0,0,0,0,0,0,0,0,0,0,0,0,0,0,0,0,0,0,null,120,"P10",0,0,0,0,0,0,0,0,0,0,0,0,0,{"$error":"#VALUE!"},{"$error":"#VALUE!"},{"$error":"#VALUE!"},{"$error":"#VALUE!"},{"$error":"#VALUE!"},{"$error":"#VALUE!"},{"$error":"#VALUE!"},{"$error":"#VALUE!"}]
[119,"AVG",null,null,null,null,null,null,null,null,null,null,null,null,null,null,null,null,null,null,null,null,null,null,null,null,null,null,null,null,null,null,"AVG",0,0,0,0,0,0,0,0,0,0,0,0,0,0,0,0,0,0,0,0,0,0,0,0,0,0,0,0,null,null,"AVG",0,0,0,0,0,0,0,0,0,0,0,0,0,0,0,0,0,0,0,0,0,0,0,0,0,0,0,0,null,121,"AVG",0,0,0,0,0,0,0,0,0,0,0,0,0,{"$error":"#VALUE!"},{"$error":"#VALUE!"},{"$error":"#VALUE!"},{"$error":"#VALUE!"},{"$error":"#VALUE!"},{"$error":"#VALUE!"},{"$error":"#VALUE!"},{"$error":"#VALUE!"}]
[120,"N",null,null,null,null,null,null,null,null,null,null,null,null,null,null,null,null,null,null,null,null,null,null,null,null,null,null,null,null,null,null,"N",0,0,0,0,0,0,0,0,0,0,0,0,0,0,0,0,0,0,0,0,0,0,0,0,0,0,0,0,null,null,"N",0,0,0,0,0,0,0,0,0,0,0,0,0,0,0,0,0,0,0,0,0,0,0,0,0,0,0,0,null,122,"N",0,0,0,0,0,0,0,0,0,0,0,0,0,{"$error":"#VALUE!"},{"$error":"#VALUE!"},{"$error":"#VALUE!"},{"$error":"#VALUE!"},{"$error":"#VALUE!"},{"$error":"#VALUE!"},{"$error":"#VALUE!"},{"$error":"#VALUE!"}]
[121,"POL",null,null,null,null,null,null,null,null,null,null,null,null,null,null,null,null,null,null,null,null,null,null,null,null,null,null,null,null,null,null,"POL",0,0,0,0,0,0,0,{"$f":"(Q132-J132)/(Q$10-J$10)","v":0},{"$f":"(R132-Q132)/(R$10-Q$10)","v":0},0,0,0,0,{"$f":"(#REF!-#REF!)/(#REF!-#REF!)","v":{"$error":"#REF!"}},{"$f":"(#REF!-#REF!)/(#REF!-#REF!)","v":{"$error":"#REF!"}},{"$f":"(#REF!-#REF!)/(#REF!-#REF!)","v":{"$error":"#REF!"}},null,null,null,null,null,null,null,null,null,null,null,null,null,null,"POL",0,0,0,0,0,0,0,{"$f":"Q132-(AO132*Q$10)","v":0},0,0,0,0,0,{"$f":"#REF!-(AU132*#REF!)","v":{"$error":"#REF!"}},{"$f":"#REF!-(AV132*#REF!)","v":{"$error":"#REF!"}},{"$f":"#REF!-(AW132*#REF!)","v":{"$error":"#REF!"}},{"$f":"#REF!-(#REF!*#REF!)","v":{"$error":"#REF!"}},null,null,null,null,null,null,null,null,null,null,null,null,{"$f":"CP131+1","v":123},"POL",{"$f":"ROUND((1+$CU$9)*(HLOOKUP(CR$10,$AH$9:$AW$180,$A132+3)*CR$10+HLOOKUP(CR$10,$BM$9:$CO$180,$A132+3)),$CX$9)","v":0},0,0,0,0,0,0,0,{"$error":"#REF!"},{"$error":"#REF!"},{"$error":"#REF!"},{"$error":"#REF!"},{"$f":"ROUND((1+$CU$9)*(HLOOKUP(DD$10,$AL$9:$AW$244,$A132+3)*DD$10+HLOOKUP(DD$10,$BQ$9:$CO$244,$A132+3)),$CX$9)","v":{"$error":"#REF!"}},{"$error":"#VALUE!"},{"$error":"#VALUE!"},{"$error":"#VALUE!"},{"$error":"#VALUE!"},{"$error":"#VALUE!"},{"$error":"#VALUE!"},{"$error":"#VALUE!"}]
[122,"P90",null,null,null,null,null,null,null,null,null,null,null,null,null,null,null,null,null,null,null,null,null,null,null,null,null,null,null,null,null,null,"P90",0,0,0,0,0,0,0,0,0,0,0,0,0,{"$f":"(#REF!-#REF!)/(#REF!-#REF!)","v":{"$error":"#REF!"}},{"$f":"(#REF!-#REF!)/(#REF!-#REF!)","v":{"$error":"#REF!"}},{"$f":"(#REF!-#REF!)/(#REF!-#REF!)","v":{"$error":"#REF!"}},null,null,null,null,null,null,null,null,null,null,null,null,null,null,"P90",0,0,0,0,0,0,0,0,0,0,0,0,0,{"$f":"#REF!-(AU133*#REF!)","v":{"$error":"#REF!"}},{"$f":"#REF!-(AV133*#REF!)","v":{"$error":"#REF!"}},{"$f":"#REF!-(AW133*#REF!)","v":{"$error":"#REF!"}},{"$f":"#REF!-(#REF!*#REF!)","v":{"$error":"#REF!"}},null,null,null,null,null,null,null,null,null,null,null,null,124,"P90",{"$f":"ROUND((1+$DA$9)*(HLOOKUP(CR$10,$AH$9:$AW$180,$A133+3)*CR$10+HLOOKUP(CR$10,$BM$9:$CO$180,$A133+3)),$CX$9)","v":0},0,0,0,0,0,0,0,{"$error":"#REF!"},{"$error":"#REF!"},{"$error":"#REF!"},{"$error":"#REF!"},{"$f":"ROUND((1+$DA$9)*(HLOOKUP(DD$10,$AL$9:$AW$244,$A133+3)*DD$10+HLOOKUP(DD$10,$BQ$9:$CO$244,$A133+3)),$CX$9)","v":{"$error":"#REF!"}},{"$error":"#VALUE!"},{"$error":"#VALUE!"},{"$error":"#VALUE!"},{"$error":"#VALUE!"},{"$error":"#VALUE!"},{"$error":"#VALUE!"},{"$error":"#VALUE!"}]
[123,"P75",null,null,null,null,null,null,null,null,null,null,null,null,null,null,null,null,null,null,null,null,null,null,null,null,null,null,null,null,null,null,"P75",0,0,0,0,0,0,0,0,0,0,0,0,0,{"$f":"(#REF!-#REF!)/(#REF!-#REF!)","v":{"$error":"#REF!"}},{"$f":"(#REF!-#REF!)/(#REF!-#REF!)","v":{"$error":"#REF!"}},{"$f":"(#REF!-#REF!)/(#REF!-#REF!)","v":{"$error":"#REF!"}},null,null,null,null,null,null,null,null,null,null,null,null,null,null,"P75",0,0,0,0,0,0,0,0,0,0,0,0,0,{"$f":"#REF!-(AU134*#REF!)","v":{"$error":"#REF!"}},{"$f":"#REF!-(AV134*#REF!)","v":{"$error":"#REF!"}},{"$f":"#REF!-(AW134*#REF!)","v":{"$error":"#REF!"}},{"$f":"#REF!-(#REF!*#REF!)","v":{"$error":"#REF!"}},null,null,null,null,null,null,null,null,null,null,null,null,125,"P75",0,0,0,0,0,0,0,0,{"$error":"#REF!"},{"$error":"#REF!"},{"$error":"#REF!"},{"$error":"#REF!"},{"$error":"#REF!"},{"$error":"#VALUE!"},{"$error":"#VALUE!"},{"$error":"#VALUE!"},{"$error":"#VALUE!"},{"$error":"#VALUE!"},{"$error":"#VALUE!"},{"$error":"#VALUE!"}]
[124,"P50",null,null,null,null,null,null,null,null,null,null,null,null,null,null,null,null,null,null,null,null,null,null,null,null,null,null,null,null,null,null,"P50",0,0,0,0,0,0,0,0,0,0,0,0,0,{"$f":"(#REF!-#REF!)/(#REF!-#REF!)","v":{"$error":"#REF!"}},{"$f":"(#REF!-#REF!)/(#REF!-#REF!)","v":{"$error":"#REF!"}},{"$f":"(#REF!-#REF!)/(#REF!-#REF!)","v":{"$error":"#REF!"}},null,null,null,null,null,null,null,null,null,null,null,null,null,null,"P50",0,0,0,0,0,0,0,0,0,0,0,0,0,{"$f":"#REF!-(AU135*#REF!)","v":{"$error":"#REF!"}},{"$f":"#REF!-(AV135*#REF!)","v":{"$error":"#REF!"}},{"$f":"#REF!-(AW135*#REF!)","v":{"$error":"#REF!"}},{"$f":"#REF!-(#REF!*#REF!)","v":{"$error":"#REF!"}},null,null,null,null,null,null,null,null,null,null,null,null,126,"P50",0,0,0,0,0,0,0,0,{"$error":"#REF!"},{"$error":"#REF!"},{"$error":"#REF!"},{"$error":"#REF!"},{"$error":"#REF!"},{"$error":"#VALUE!"},{"$error":"#VALUE!"},{"$error":"#VALUE!"},{"$error":"#VALUE!"},{"$error":"#VALUE!"},{"$error":"#VALUE!"},{"$error":"#VALUE!"}]
[125,"P25",null,null,null,null,null,null,null,null,null,null,null,null,null,null,null,null,null,null,null,null,null,null,null,null,null,null,null,null,null,null,"P25",0,0,0,0,0,0,0,0,0,0,0,0,0,{"$f":"(#REF!-#REF!)/(#REF!-#REF!)","v":{"$error":"#REF!"}},{"$f":"(#REF!-#REF!)/(#REF!-#REF!)","v":{"$error":"#REF!"}},{"$f":"(#REF!-#REF!)/(#REF!-#REF!)","v":{"$error":"#REF!"}},null,null,null,null,null,null,null,null,null,null,null,null,null,null,"P25",0,0,0,0,0,0,0,0,0,0,0,0,0,{"$f":"#REF!-(AU136*#REF!)","v":{"$error":"#REF!"}},{"$f":"#REF!-(AV136*#REF!)","v":{"$error":"#REF!"}},{"$f":"#REF!-(AW136*#REF!)","v":{"$error":"#REF!"}},{"$f":"#REF!-(#REF!*#REF!)","v":{"$error":"#REF!"}},null,null,null,null,null,null,null,null,null,null,null,null,{"$f":"CP135+1","v":127},"P25",0,0,0,0,0,0,0,0,{"$error":"#REF!"},{"$error":"#REF!"},{"$error":"#REF!"},{"$error":"#REF!"},{"$error":"#REF!"},{"$error":"#VALUE!"},{"$error":"#VALUE!"},{"$error":"#VALUE!"},{"$error":"#VALUE!"},{"$error":"#VALUE!"},{"$error":"#VALUE!"},{"$error":"#VALUE!"}]
[126,"P10",null,null,null,null,null,null,null,null,null,null,null,null,null,null,null,null,null,null,null,null,null,null,null,null,null,null,null,null,null,null,"P10",0,0,0,0,0,0,0,0,0,0,0,0,0,{"$f":"(#REF!-#REF!)/(#REF!-#REF!)","v":{"$error":"#REF!"}},{"$f":"(#REF!-#REF!)/(#REF!-#REF!)","v":{"$error":"#REF!"}},{"$f":"(#REF!-#REF!)/(#REF!-#REF!)","v":{"$error":"#REF!"}},null,null,null,null,null,null,null,null,null,null,null,null,null,null,"P10",0,0,0,0,0,0,0,0,0,0,0,0,0,{"$f":"#REF!-(AU137*#REF!)","v":{"$error":"#REF!"}},{"$f":"#REF!-(AV137*#REF!)","v":{"$error":"#REF!"}},{"$f":"#REF!-(AW137*#REF!)","v":{"$error":"#REF!"}},{"$f":"#REF!-(#REF!*#REF!)","v":{"$error":"#REF!"}},null,null,null,null,null,null,null,null,null,null,null,null,128,"P10",0,0,0,0,0,0,0,0,{"$error":"#REF!"},{"$error":"#REF!"},{"$error":"#REF!"},{"$error":"#REF!"},{"$error":"#REF!"},{"$error":"#VALUE!"},{"$error":"#VALUE!"},{"$error":"#VALUE!"},{"$error":"#VALUE!"},{"$error":"#VALUE!"},{"$error":"#VALUE!"},{"$error":"#VALUE!"}]
[127,"AVG",null,null,null,null,null,null,null,null,null,null,null,null,null,null,null,null,null,null,null,null,null,null,null,null,null,null,null,null,null,null,"AVG",0,0,0,0,0,0,0,0,0,0,0,0,0,{"$f":"(#REF!-#REF!)/(#REF!-#REF!)","v":{"$error":"#REF!"}},{"$f":"(#REF!-#REF!)/(#REF!-#REF!)","v":{"$error":"#REF!"}},{"$f":"(#REF!-#REF!)/(#REF!-#REF!)","v":{"$error":"#REF!"}},null,null,null,null,null,null,null,null,null,null,null,null,null,null,"AVG",0,0,0,0,0,0,0,0,0,0,0,0,0,{"$f":"#REF!-(AU138*#REF!)","v":{"$error":"#REF!"}},{"$f":"#REF!-(AV138*#REF!)","v":{"$error":"#REF!"}},{"$f":"#REF!-(AW138*#REF!)","v":{"$error":"#REF!"}},{"$f":"#REF!-(#REF!*#REF!)","v":{"$error":"#REF!"}},null,null,null,null,null,null,null,null,null,null,null,null,129,"AVG",0,0,0,0,0,0,0,0,{"$error":"#REF!"},{"$error":"#REF!"},{"$error":"#REF!"},{"$error":"#REF!"},{"$error":"#REF!"},{"$error":"#VALUE!"},{"$error":"#VALUE!"},{"$error":"#VALUE!"},{"$error":"#VALUE!"},{"$error":"#VALUE!"},{"$error":"#VALUE!"},{"$error":"#VALUE!"}]
[128,"N",null,null,null,null,null,null,null,null,null,null,null,null,null,null,null,null,null,null,null,null,null,null,null,null,null,null,null,null,null,null,"N",0,0,0,0,0,0,0,0,0,0,0,0,0,{"$f":"(#REF!-#REF!)/(#REF!-#REF!)","v":{"$error":"#REF!"}},{"$f":"(#REF!-#REF!)/(#REF!-#REF!)","v":{"$error":"#REF!"}},{"$f":"(#REF!-#REF!)/(#REF!-#REF!)","v":{"$error":"#REF!"}},null,null,null,null,null,null,null,null,null,null,null,null,null,null,"N",0,0,0,0,0,0,0,0,0,0,0,0,0,{"$f":"#REF!-(AU139*#REF!)","v":{"$error":"#REF!"}},{"$f":"#REF!-(AV139*#REF!)","v":{"$error":"#REF!"}},{"$f":"#REF!-(AW139*#REF!)","v":{"$error":"#REF!"}},{"$f":"#REF!-(#REF!*#REF!)","v":{"$error":"#REF!"}},null,null,null,null,null,null,null,null,null,null,null,null,130,"N",{"$f":"HLOOKUP(CR$10,$AH$9:$AW$180,$A139+3)*CR$10+HLOOKUP(CR$10,$BM$9:$CO$180,$A139+3)","v":0},0,0,0,0,0,0,0,{"$error":"#REF!"},{"$error":"#REF!"},{"$error":"#REF!"},{"$error":"#REF!"},{"$f":"ROUND((1+$CU$9)*(HLOOKUP(DD$10,$AL$9:$AW$244,$A139+3)*DD$10+HLOOKUP(DD$10,$BQ$9:$CO$244,$A139+3)),$CX$9)","v":{"$error":"#REF!"}},{"$error":"#VALUE!"},{"$error":"#VALUE!"},{"$error":"#VALUE!"},{"$error":"#VALUE!"},{"$error":"#VALUE!"},{"$error":"#VALUE!"},{"$error":"#VALUE!"}]
[129,"TC_D",null,null,null,null,null,null,null,null,null,null,null,null,null,null,null,null,null,null,null,null,null,null,null,null,null,null,null,null,null,null,{"$f":"B140","v":"TC_D"},0,0,0,0,0,0,0,0,0,0,0,0,0,{"$f":"(#REF!-#REF!)/(#REF!-#REF!)","v":{"$error":"#REF!"}},{"$f":"(#REF!-#REF!)/(#REF!-#REF!)","v":{"$error":"#REF!"}},{"$f":"(#REF!-#REF!)/(#REF!-#REF!)","v":{"$error":"#REF!"}},null,null,null,null,null,null,null,null,null,null,null,null,null,null,{"$f":"B140","v":"TC_D"},0,0,0,0,0,0,0,0,0,0,0,0,0,{"$f":"#REF!-(AU140*#REF!)","v":{"$error":"#REF!"}},{"$f":"#REF!-(AV140*#REF!)","v":{"$error":"#REF!"}},{"$f":"#REF!-(AW140*#REF!)","v":{"$error":"#REF!"}},{"$f":"#REF!-(#REF!*#REF!)","v":{"$error":"#REF!"}},null,null,null,null,null,null,null,null,null,null,null,null,131,{"$f":"B140","v":"TC_D"},{"$f":"ROUND((1+$CU$9)*(HLOOKUP(CR$10,$AH$9:$AW$180,$A140+3)*CR$10+HLOOKUP(CR$10,$BM$9:$CO$180,$A140+3)),$CX$9)","v":0},0,0,0,0,0,0,0,{"$error":"#REF!"},{"$error":"#REF!"},{"$error":"#REF!"},{"$error":"#REF!"},{"$error":"#REF!"},{"$error":"#VALUE!"},{"$error":"#VALUE!"},{"$error":"#VALUE!"},{"$error":"#VALUE!"},{"$error":"#VALUE!"},{"$error":"#VALUE!"},{"$error":"#VALUE!"}]
[{"$f":"A140+1","v":130},"P90",null,null,null,null,null,null,null,null,null,null,null,null,null,null,null,null,null,null,null,null,null,null,null,null,null,null,null,null,null,null,"P90",0,0,0,0,0,0,0,0,0,0,0,0,0,{"$f":"(#REF!-#REF!)/(#REF!-#REF!)","v":{"$error":"#REF!"}},{"$f":"(#REF!-#REF!)/(#REF!-#REF!)","v":{"$error":"#REF!"}},{"$f":"(#REF!-#REF!)/(#REF!-#REF!)","v":{"$error":"#REF!"}},null,null,null,null,null,null,null,null,null,null,null,null,null,null,"P90",0,0,0,0,0,0,0,0,0,0,0,0,0,{"$f":"#REF!-(AU141*#REF!)","v":{"$error":"#REF!"}},{"$f":"#REF!-(AV141*#REF!)","v":{"$error":"#REF!"}},{"$f":"#REF!-(AW141*#REF!)","v":{"$error":"#REF!"}},{"$f":"#REF!-(#REF!*#REF!)","v":{"$error":"#REF!"}},null,null,null,null,null,null,null,null,null,null,null,null,132,"P90",{"$f":"ROUND((1+$DA$9)*(HLOOKUP(CR$10,$AH$9:$AW$180,$A141+3)*CR$10+HLOOKUP(CR$10,$BM$9:$CO$180,$A141+3)),$CX$9)","v":0},0,0,0,0,0,0,0,{"$error":"#REF!"},{"$error":"#REF!"},{"$error":"#REF!"},{"$error":"#REF!"},{"$f":"ROUND((1+$DA$9)*(HLOOKUP(DD$10,$AL$9:$AW$244,$A141+3)*DD$10+HLOOKUP(DD$10,$BQ$9:$CO$244,$A141+3)),$CX$9)","v":{"$error":"#REF!"}},{"$error":"#VALUE!"},{"$error":"#VALUE!"},{"$error":"#VALUE!"},{"$error":"#VALUE!"},{"$error":"#VALUE!"},{"$error":"#VALUE!"},{"$error":"#VALUE!"}]
[131,"P75",null,null,null,null,null,null,null,null,null,null,null,null,null,null,null,null,null,null,null,null,null,null,null,null,null,null,null,null,null,null,"P75",0,0,0,0,0,0,0,0,0,0,0,0,0,{"$f":"(#REF!-#REF!)/(#REF!-#REF!)","v":{"$error":"#REF!"}},{"$f":"(#REF!-#REF!)/(#REF!-#REF!)","v":{"$error":"#REF!"}},{"$f":"(#REF!-#REF!)/(#REF!-#REF!)","v":{"$error":"#REF!"}},null,null,null,null,null,null,null,null,null,null,null,null,null,null,"P75",0,0,0,0,0,0,0,0,0,0,0,0,0,{"$f":"#REF!-(AU142*#REF!)","v":{"$error":"#REF!"}},{"$f":"#REF!-(AV142*#REF!)","v":{"$error":"#REF!"}},{"$f":"#REF!-(AW142*#REF!)","v":{"$error":"#REF!"}},{"$f":"#REF!-(#REF!*#REF!)","v":{"$error":"#REF!"}},null,null,null,null,null,null,null,null,null,null,null,null,133,"P75",0,0,0,0,0,0,0,0,{"$error":"#REF!"},{"$error":"#REF!"},{"$error":"#REF!"},{"$error":"#REF!"},{"$error":"#REF!"},{"$error":"#VALUE!"},{"$error":"#VALUE!"},{"$error":"#VALUE!"},{"$error":"#VALUE!"},{"$error":"#VALUE!"},{"$error":"#VALUE!"},{"$error":"#VALUE!"}]
[132,"P50",null,null,null,null,null,null,null,null,null,null,null,null,null,null,null,null,null,null,null,null,null,null,null,null,null,null,null,null,null,null,"P50",0,0,0,0,0,0,0,0,0,0,0,0,0,{"$f":"(#REF!-#REF!)/(#REF!-#REF!)","v":{"$error":"#REF!"}},{"$f":"(#REF!-#REF!)/(#REF!-#REF!)","v":{"$error":"#REF!"}},{"$f":"(#REF!-#REF!)/(#REF!-#REF!)","v":{"$error":"#REF!"}},null,null,null,null,null,null,null,null,null,null,null,null,null,null,"P50",0,0,0,0,0,0,0,0,0,0,0,0,0,{"$f":"#REF!-(AU143*#REF!)","v":{"$error":"#REF!"}},{"$f":"#REF!-(AV143*#REF!)","v":{"$error":"#REF!"}},{"$f":"#REF!-(AW143*#REF!)","v":{"$error":"#REF!"}},{"$f":"#REF!-(#REF!*#REF!)","v":{"$error":"#REF!"}},null,null,null,null,null,null,null,null,null,null,null,null,134,"P50",0,0,0,0,0,0,0,0,{"$error":"#REF!"},{"$error":"#REF!"},{"$error":"#REF!"},{"$error":"#REF!"},{"$error":"#REF!"},{"$error":"#VALUE!"},{"$error":"#VALUE!"},{"$error":"#VALUE!"},{"$error":"#VALUE!"},{"$error":"#VALUE!"},{"$error":"#VALUE!"},{"$error":"#VALUE!"}]
[133,"P25",null,null,null,null,null,null,null,null,null,null,null,null,null,null,null,null,null,null,null,null,null,null,null,null,null,null,null,null,null,null,"P25",{"$f":"(D144-C144)/(D$10-C$10)","v":0},0,0,0,0,0,0,0,0,0,0,0,0,{"$f":"(#REF!-#REF!)/(#REF!-#REF!)","v":{"$error":"#REF!"}},{"$f":"(#REF!-#REF!)/(#REF!-#REF!)","v":{"$error":"#REF!"}},{"$f":"(#REF!-#REF!)/(#REF!-#REF!)","v":{"$error":"#REF!"}},null,null,null,null,null,null,null,null,null,null,null,null,null,null,"P25",0,0,0,0,0,0,0,0,0,0,0,0,0,{"$f":"#REF!-(AU144*#REF!)","v":{"$error":"#REF!"}},{"$f":"#REF!-(AV144*#REF!)","v":{"$error":"#REF!"}},{"$f":"#REF!-(AW144*#REF!)","v":{"$error":"#REF!"}},{"$f":"#REF!-(#REF!*#REF!)","v":{"$error":"#REF!"}},null,null,null,null,null,null,null,null,null,null,null,null,135,"P25",0,0,0,0,0,0,0,0,{"$error":"#REF!"},{"$error":"#REF!"},{"$error":"#REF!"},{"$error":"#REF!"},{"$error":"#REF!"},{"$error":"#VALUE!"},{"$error":"#VALUE!"},{"$error":"#VALUE!"},{"$error":"#VALUE!"},{"$error":"#VALUE!"},{"$error":"#VALUE!"},{"$error":"#VALUE!"}]
[134,"P10",null,null,null,null,null,null,null,null,null,null,null,null,null,null,null,null,null,null,null,null,null,null,null,null,null,null,null,null,null,null,"P10",0,0,0,0,0,0,0,0,0,0,0,0,0,{"$f":"(#REF!-#REF!)/(#REF!-#REF!)","v":{"$error":"#REF!"}},{"$f":"(#REF!-#REF!)/(#REF!-#REF!)","v":{"$error":"#REF!"}},{"$f":"(#REF!-#REF!)/(#REF!-#REF!)","v":{"$error":"#REF!"}},null,null,null,null,null,null,null,null,null,null,null,null,null,null,"P10",{"$f":"D145-(AH145*D$10)","v":0},0,0,0,0,0,0,0,0,0,0,0,0,{"$f":"#REF!-(AU145*#REF!)","v":{"$error":"#REF!"}},{"$f":"#REF!-(AV145*#REF!)","v":{"$error":"#REF!"}},{"$f":"#REF!-(AW145*#REF!)","v":{"$error":"#REF!"}},{"$f":"#REF!-(#REF!*#REF!)","v":{"$error":"#REF!"}},null,null,null,null,null,null,null,null,null,null,null,null,136,"P10",0,0,0,0,0,0,0,0,{"$error":"#REF!"},{"$error":"#REF!"},{"$error":"#REF!"},{"$error":"#REF!"},{"$error":"#REF!"},{"$error":"#VALUE!"},{"$error":"#VALUE!"},{"$error":"#VALUE!"},{"$error":"#VALUE!"},{"$error":"#VALUE!"},{"$error":"#VALUE!"},{"$error":"#VALUE!"}]
[135,"AVG",null,null,null,null,null,null,null,null,null,null,null,null,null,null,null,null,null,null,null,null,null,null,null,null,null,null,null,null,null,null,"AVG",0,0,0,0,0,0,0,0,0,0,0,0,0,{"$f":"(#REF!-#REF!)/(#REF!-#REF!)","v":{"$error":"#REF!"}},{"$f":"(#REF!-#REF!)/(#REF!-#REF!)","v":{"$error":"#REF!"}},{"$f":"(#REF!-#REF!)/(#REF!-#REF!)","v":{"$error":"#REF!"}},null,null,null,null,null,null,null,null,null,null,null,null,null,null,"AVG",0,0,0,0,0,0,0,0,0,0,0,0,0,{"$f":"#REF!-(AU146*#REF!)","v":{"$error":"#REF!"}},{"$f":"#REF!-(AV146*#REF!)","v":{"$error":"#REF!"}},{"$f":"#REF!-(AW146*#REF!)","v":{"$error":"#REF!"}},{"$f":"#REF!-(#REF!*#REF!)","v":{"$error":"#REF!"}},null,null,null,null,null,null,null,null,null,null,null,null,137,"AVG",0,0,0,0,0,0,0,0,{"$error":"#REF!"},{"$error":"#REF!"},{"$error":"#REF!"},{"$error":"#REF!"},{"$error":"#REF!"},{"$error":"#VALUE!"},{"$error":"#VALUE!"},{"$error":"#VALUE!"},{"$error":"#VALUE!"},{"$error":"#VALUE!"},{"$error":"#VALUE!"},{"$error":"#VALUE!"}]
[136,"N",null,null,null,null,null,null,null,null,null,null,null,null,null,null,null,null,null,null,null,null,null,null,null,null,null,null,null,null,null,null,"N",0,0,0,0,0,0,0,0,0,0,0,0,0,{"$f":"(#REF!-#REF!)/(#REF!-#REF!)","v":{"$error":"#REF!"}},{"$f":"(#REF!-#REF!)/(#REF!-#REF!)","v":{"$error":"#REF!"}},{"$f":"(#REF!-#REF!)/(#REF!-#REF!)","v":{"$error":"#REF!"}},null,null,null,null,null,null,null,null,null,null,null,null,null,null,"N",0,0,0,0,0,0,0,0,0,0,0,0,0,{"$f":"#REF!-(AU147*#REF!)","v":{"$error":"#REF!"}},{"$f":"#REF!-(AV147*#REF!)","v":{"$error":"#REF!"}},{"$f":"#REF!-(AW147*#REF!)","v":{"$error":"#REF!"}},{"$f":"#REF!-(#REF!*#REF!)","v":{"$error":"#REF!"}},null,null,null,null,null,null,null,null,null,null,null,null,138,"N",{"$f":"HLOOKUP(CR$10,$AH$9:$AW$180,$A147+3)*CR$10+HLOOKUP(CR$10,$BM$9:$CO$180,$A147+3)","v":0},0,0,0,0,0,0,0,{"$error":"#REF!"},{"$error":"#REF!"},{"$error":"#REF!"},{"$error":"#REF!"},{"$f":"ROUND((1+$CU$9)*(HLOOKUP(DD$10,$AL$9:$AW$244,$A147+3)*DD$10+HLOOKUP(DD$10,$BQ$9:$CO$244,$A147+3)),$CX$9)","v":{"$error":"#REF!"}},{"$error":"#VALUE!"},{"$error":"#VALUE!"},{"$error":"#VALUE!"},{"$error":"#VALUE!"},{"$error":"#VALUE!"},{"$error":"#VALUE!"},{"$error":"#VALUE!"}]
[137,"TD_D",null,null,null,null,null,null,null,null,null,null,null,null,null,null,null,null,null,null,null,null,null,null,null,null,null,null,null,null,null,null,"TD_D",0,0,0,0,0,0,0,0,0,0,0,0,0,{"$f":"(#REF!-#REF!)/(#REF!-#REF!)","v":{"$error":"#REF!"}},{"$f":"(#REF!-#REF!)/(#REF!-#REF!)","v":{"$error":"#REF!"}},{"$f":"(#REF!-#REF!)/(#REF!-#REF!)","v":{"$error":"#REF!"}},null,null,null,null,null,null,null,null,null,null,null,null,null,null,"TD_D",0,0,0,0,0,0,0,0,0,0,0,0,0,{"$f":"#REF!-(AU148*#REF!)","v":{"$error":"#REF!"}},{"$f":"#REF!-(AV148*#REF!)","v":{"$error":"#REF!"}},{"$f":"#REF!-(AW148*#REF!)","v":{"$error":"#REF!"}},{"$f":"#REF!-(#REF!*#REF!)","v":{"$error":"#REF!"}},null,null,null,null,null,null,null,null,null,null,null,null,139,"TD_D",{"$f":"ROUND((1+$CU$9)*(HLOOKUP(CR$10,$AH$9:$AW$180,$A148+3)*CR$10+HLOOKUP(CR$10,$BM$9:$CO$180,$A148+3)),$CX$9)","v":0},0,0,0,0,0,0,0,{"$error":"#REF!"},{"$error":"#REF!"},{"$error":"#REF!"},{"$error":"#REF!"},{"$error":"#REF!"},{"$error":"#VALUE!"},{"$error":"#VALUE!"},{"$error":"#VALUE!"},{"$error":"#VALUE!"},{"$error":"#VALUE!"},{"$error":"#VALUE!"},{"$error":"#VALUE!"}]
[138,"P90",null,null,null,null,null,null,null,null,null,null,null,null,null,null,null,null,null,null,null,null,null,null,null,null,null,null,null,null,null,null,"P90",0,0,0,0,0,0,0,0,0,0,0,0,0,{"$f":"(#REF!-#REF!)/(#REF!-#REF!)","v":{"$error":"#REF!"}},{"$f":"(#REF!-#REF!)/(#REF!-#REF!)","v":{"$error":"#REF!"}},{"$f":"(#REF!-#REF!)/(#REF!-#REF!)","v":{"$error":"#REF!"}},null,null,null,null,null,null,null,null,null,null,null,null,null,null,"P90",0,0,0,0,0,0,0,0,0,0,0,0,0,{"$f":"#REF!-(AU149*#REF!)","v":{"$error":"#REF!"}},{"$f":"#REF!-(AV149*#REF!)","v":{"$error":"#REF!"}},{"$f":"#REF!-(AW149*#REF!)","v":{"$error":"#REF!"}},{"$f":"#REF!-(#REF!*#REF!)","v":{"$error":"#REF!"}},null,null,null,null,null,null,null,null,null,null,null,null,140,"P90",{"$f":"ROUND((1+$DA$9)*(HLOOKUP(CR$10,$AH$9:$AW$180,$A149+3)*CR$10+HLOOKUP(CR$10,$BM$9:$CO$180,$A149+3)),$CX$9)","v":0},0,0,0,0,0,0,0,{"$error":"#REF!"},{"$error":"#REF!"},{"$error":"#REF!"},{"$error":"#REF!"},{"$f":"ROUND((1+$DA$9)*(HLOOKUP(DD$10,$AL$9:$AW$244,$A149+3)*DD$10+HLOOKUP(DD$10,$BQ$9:$CO$244,$A149+3)),$CX$9)","v":{"$error":"#REF!"}},{"$error":"#VALUE!"},{"$error":"#VALUE!"},{"$error":"#VALUE!"},{"$error":"#VALUE!"},{"$error":"#VALUE!"},{"$error":"#VALUE!"},{"$error":"#VALUE!"}]
[139,"P75",null,null,null,null,null,null,null,null,null,null,null,null,null,null,null,null,null,null,null,null,null,null,null,null,null,null,null,null,null,null,"P75",0,0,0,0,0,0,0,0,0,0,0,0,0,{"$f":"(#REF!-#REF!)/(#REF!-#REF!)","v":{"$error":"#REF!"}},{"$f":"(#REF!-#REF!)/(#REF!-#REF!)","v":{"$error":"#REF!"}},{"$f":"(#REF!-#REF!)/(#REF!-#REF!)","v":{"$error":"#REF!"}},null,null,null,null,null,null,null,null,null,null,null,null,null,null,"P75",0,0,0,0,0,0,0,0,0,0,0,0,0,{"$f":"#REF!-(AU150*#REF!)","v":{"$error":"#REF!"}},{"$f":"#REF!-(AV150*#REF!)","v":{"$error":"#REF!"}},{"$f":"#REF!-(AW150*#REF!)","v":{"$error":"#REF!"}},{"$f":"#REF!-(#REF!*#REF!)","v":{"$error":"#REF!"}},null,null,null,null,null,null,null,null,null,null,null,null,141,"P75",0,0,0,0,0,0,0,0,{"$error":"#REF!"},{"$error":"#REF!"},{"$error":"#REF!"},{"$error":"#REF!"},{"$error":"#REF!"},{"$error":"#VALUE!"},{"$error":"#VALUE!"},{"$error":"#VALUE!"},{"$error":"#VALUE!"},{"$error":"#VALUE!"},{"$error":"#VALUE!"},{"$error":"#VALUE!"}]
[140,"P50",null,null,null,null,null,null,null,null,null,null,null,null,null,null,null,null,null,null,null,null,null,null,null,null,null,null,null,null,null,null,"P50",0,0,0,0,0,0,0,0,0,0,0,0,0,{"$f":"(#REF!-#REF!)/(#REF!-#REF!)","v":{"$error":"#REF!"}},{"$f":"(#REF!-#REF!)/(#REF!-#REF!)","v":{"$error":"#REF!"}},{"$f":"(#REF!-#REF!)/(#REF!-#REF!)","v":{"$error":"#REF!"}},null,null,null,null,null,null,null,null,null,null,null,null,null,null,"P50",0,0,0,0,0,0,0,0,0,0,0,0,0,{"$f":"#REF!-(AU151*#REF!)","v":{"$error":"#REF!"}},{"$f":"#REF!-(AV151*#REF!)","v":{"$error":"#REF!"}},{"$f":"#REF!-(AW151*#REF!)","v":{"$error":"#REF!"}},{"$f":"#REF!-(#REF!*#REF!)","v":{"$error":"#REF!"}},null,null,null,null,null,null,null,null,null,null,null,null,142,"P50",0,0,0,0,0,0,0,0,{"$error":"#REF!"},{"$error":"#REF!"},{"$error":"#REF!"},{"$error":"#REF!"},{"$error":"#REF!"},{"$error":"#VALUE!"},{"$error":"#VALUE!"},{"$error":"#VALUE!"},{"$error":"#VALUE!"},{"$error":"#VALUE!"},{"$error":"#VALUE!"},{"$error":"#VALUE!"}]
[141,"P25",null,null,null,null,null,null,null,null,null,null,null,null,null,null,null,null,null,null,null,null,null,null,null,null,null,null,null,null,null,null,"P25",0,0,0,0,0,0,0,0,0,0,0,0,0,{"$f":"(#REF!-#REF!)/(#REF!-#REF!)","v":{"$error":"#REF!"}},{"$f":"(#REF!-#REF!)/(#REF!-#REF!)","v":{"$error":"#REF!"}},{"$f":"(#REF!-#REF!)/(#REF!-#REF!)","v":{"$error":"#REF!"}},null,null,null,null,null,null,null,null,null,null,null,null,null,null,"P25",0,0,0,0,0,0,0,0,0,0,0,0,0,{"$f":"#REF!-(AU152*#REF!)","v":{"$error":"#REF!"}},{"$f":"#REF!-(AV152*#REF!)","v":{"$error":"#REF!"}},{"$f":"#REF!-(AW152*#REF!)","v":{"$error":"#REF!"}},{"$f":"#REF!-(#REF!*#REF!)","v":{"$error":"#REF!"}},null,null,null,null,null,null,null,null,null,null,null,null,143,"P25",0,0,0,0,0,0,0,0,{"$error":"#REF!"},{"$error":"#REF!"},{"$error":"#REF!"},{"$error":"#REF!"},{"$error":"#REF!"},{"$error":"#VALUE!"},{"$error":"#VALUE!"},{"$error":"#VALUE!"},{"$error":"#VALUE!"},{"$error":"#VALUE!"},{"$error":"#VALUE!"},{"$error":"#VALUE!"}]
[142,"P10",null,null,null,null,null,null,null,null,null,null,null,null,null,null,null,null,null,null,null,null,null,null,null,null,null,null,null,null,null,null,"P10",0,0,0,0,0,0,0,0,0,0,0,0,0,{"$f":"(#REF!-#REF!)/(#REF!-#REF!)","v":{"$error":"#REF!"}},{"$f":"(#REF!-#REF!)/(#REF!-#REF!)","v":{"$error":"#REF!"}},{"$f":"(#REF!-#REF!)/(#REF!-#REF!)","v":{"$error":"#REF!"}},null,null,null,null,null,null,null,null,null,null,null,null,null,null,"P10",0,0,0,0,0,0,0,0,0,0,0,0,0,{"$f":"#REF!-(AU153*#REF!)","v":{"$error":"#REF!"}},{"$f":"#REF!-(AV153*#REF!)","v":{"$error":"#REF!"}},{"$f":"#REF!-(AW153*#REF!)","v":{"$error":"#REF!"}},{"$f":"#REF!-(#REF!*#REF!)","v":{"$error":"#REF!"}},null,null,null,null,null,null,null,null,null,null,null,null,144,"P10",0,0,0,0,0,0,0,0,{"$error":"#REF!"},{"$error":"#REF!"},{"$error":"#REF!"},{"$error":"#REF!"},{"$error":"#REF!"},{"$error":"#VALUE!"},{"$error":"#VALUE!"},{"$error":"#VALUE!"},{"$error":"#VALUE!"},{"$error":"#VALUE!"},{"$error":"#VALUE!"},{"$error":"#VALUE!"}]
[143,"AVG",null,null,null,null,null,null,null,null,null,null,null,null,null,null,null,null,null,null,null,null,null,null,null,null,null,null,null,null,null,null,"AVG",0,0,0,0,0,0,0,0,0,0,0,0,0,{"$f":"(#REF!-#REF!)/(#REF!-#REF!)","v":{"$error":"#REF!"}},{"$f":"(#REF!-#REF!)/(#REF!-#REF!)","v":{"$error":"#REF!"}},{"$f":"(#REF!-#REF!)/(#REF!-#REF!)","v":{"$error":"#REF!"}},null,null,null,null,null,null,null,null,null,null,null,null,null,null,"AVG",0,0,0,0,0,0,0,0,0,0,0,0,0,{"$f":"#REF!-(AU154*#REF!)","v":{"$error":"#REF!"}},{"$f":"#REF!-(AV154*#REF!)","v":{"$error":"#REF!"}},{"$f":"#REF!-(AW154*#REF!)","v":{"$error":"#REF!"}},{"$f":"#REF!-(#REF!*#REF!)","v":{"$error":"#REF!"}},null,null,null,null,null,null,null,null,null,null,null,null,145,"AVG",0,0,0,0,0,0,0,0,{"$error":"#REF!"},{"$error":"#REF!"},{"$error":"#REF!"},{"$error":"#REF!"},{"$error":"#REF!"},{"$error":"#VALUE!"},{"$error":"#VALUE!"},{"$error":"#VALUE!"},{"$error":"#VALUE!"},{"$error":"#VALUE!"},{"$error":"#VALUE!"},{"$error":"#VALUE!"}]
[144,"N",null,null,null,null,null,null,null,null,null,null,null,null,null,null,null,null,null,null,null,null,null,null,null,null,null,null,null,null,null,null,"N",0,0,0,0,0,0,0,0,0,0,0,0,0,{"$f":"(#REF!-#REF!)/(#REF!-#REF!)","v":{"$error":"#REF!"}},{"$f":"(#REF!-#REF!)/(#REF!-#REF!)","v":{"$error":"#REF!"}},{"$f":"(#REF!-#REF!)/(#REF!-#REF!)","v":{"$error":"#REF!"}},null,null,null,null,null,null,null,null,null,null,null,null,null,null,"N",0,0,0,0,0,0,0,0,0,0,0,0,0,{"$f":"#REF!-(AU155*#REF!)","v":{"$error":"#REF!"}},{"$f":"#REF!-(AV155*#REF!)","v":{"$error":"#REF!"}},{"$f":"#REF!-(AW155*#REF!)","v":{"$error":"#REF!"}},{"$f":"#REF!-(#REF!*#REF!)","v":{"$error":"#REF!"}},null,null,null,null,null,null,null,null,null,null,null,null,146,"N",{"$f":"HLOOKUP(CR$10,$AH$9:$AW$180,$A155+3)*CR$10+HLOOKUP(CR$10,$BM$9:$CO$180,$A155+3)","v":0},0,0,0,0,0,0,0,{"$error":"#REF!"},{"$error":"#REF!"},{"$error":"#REF!"},{"$error":"#REF!"},{"$f":"ROUND((1+$CU$9)*(HLOOKUP(DD$10,$AL$9:$AW$244,$A155+3)*DD$10+HLOOKUP(DD$10,$BQ$9:$CO$244,$A155+3)),$CX$9)","v":{"$error":"#REF!"}},{"$error":"#VALUE!"},{"$error":"#VALUE!"},{"$error":"#VALUE!"},{"$error":"#VALUE!"},{"$error":"#VALUE!"},{"$error":"#VALUE!"},{"$error":"#VALUE!"}]
[145,"TP_D",null,null,null,null,null,null,null,null,null,null,null,null,null,null,null,null,null,null,null,null,null,null,null,null,null,null,null,null,null,null,"TP_D",0,0,0,0,0,0,0,0,0,0,0,0,0,{"$f":"(#REF!-#REF!)/(#REF!-#REF!)","v":{"$error":"#REF!"}},{"$f":"(#REF!-#REF!)/(#REF!-#REF!)","v":{"$error":"#REF!"}},{"$f":"(#REF!-#REF!)/(#REF!-#REF!)","v":{"$error":"#REF!"}},null,null,null,null,null,null,null,null,null,null,null,null,null,null,"TP_D",0,0,0,0,0,0,0,0,0,0,0,0,0,{"$f":"#REF!-(AU156*#REF!)","v":{"$error":"#REF!"}},{"$f":"#REF!-(AV156*#REF!)","v":{"$error":"#REF!"}},{"$f":"#REF!-(AW156*#REF!)","v":{"$error":"#REF!"}},{"$f":"#REF!-(#REF!*#REF!)","v":{"$error":"#REF!"}},null,null,null,null,null,null,null,null,null,null,null,null,147,"TP_D",{"$f":"ROUND((1+$CU$9)*(HLOOKUP(CR$10,$AH$9:$AW$180,$A156+3)*CR$10+HLOOKUP(CR$10,$BM$9:$CO$180,$A156+3)),$CX$9)","v":0},0,0,0,0,0,0,0,{"$error":"#REF!"},{"$error":"#REF!"},{"$error":"#REF!"},{"$error":"#REF!"},{"$error":"#REF!"},{"$error":"#VALUE!"},{"$error":"#VALUE!"},{"$error":"#VALUE!"},{"$error":"#VALUE!"},{"$error":"#VALUE!"},{"$error":"#VALUE!"},{"$error":"#VALUE!"}]
[146,"P90",null,null,null,null,null,null,null,null,null,null,null,null,null,null,null,null,null,null,null,null,null,null,null,null,null,null,null,null,null,null,"P90",0,0,0,0,0,0,0,0,0,0,0,0,0,{"$f":"(#REF!-#REF!)/(#REF!-#REF!)","v":{"$error":"#REF!"}},{"$f":"(#REF!-#REF!)/(#REF!-#REF!)","v":{"$error":"#REF!"}},{"$f":"(#REF!-#REF!)/(#REF!-#REF!)","v":{"$error":"#REF!"}},null,null,null,null,null,null,null,null,null,null,null,null,null,null,"P90",0,0,0,0,0,0,0,0,0,0,0,0,0,{"$f":"#REF!-(AU157*#REF!)","v":{"$error":"#REF!"}},{"$f":"#REF!-(AV157*#REF!)","v":{"$error":"#REF!"}},{"$f":"#REF!-(AW157*#REF!)","v":{"$error":"#REF!"}},{"$f":"#REF!-(#REF!*#REF!)","v":{"$error":"#REF!"}},null,null,null,null,null,null,null,null,null,null,null,null,148,"P90",{"$f":"ROUND((1+$DA$9)*(HLOOKUP(CR$10,$AH$9:$AW$180,$A157+3)*CR$10+HLOOKUP(CR$10,$BM$9:$CO$180,$A157+3)),$CX$9)","v":0},0,0,0,0,0,0,0,{"$error":"#REF!"},{"$error":"#REF!"},{"$error":"#REF!"},{"$error":"#REF!"},{"$f":"ROUND((1+$DA$9)*(HLOOKUP(DD$10,$AL$9:$AW$244,$A157+3)*DD$10+HLOOKUP(DD$10,$BQ$9:$CO$244,$A157+3)),$CX$9)","v":{"$error":"#REF!"}},{"$error":"#VALUE!"},{"$error":"#VALUE!"},{"$error":"#VALUE!"},{"$error":"#VALUE!"},{"$error":"#VALUE!"},{"$error":"#VALUE!"},{"$error":"#VALUE!"}]
[147,"P75",null,null,null,null,null,null,null,null,null,null,null,null,null,null,null,null,null,null,null,null,null,null,null,null,null,null,null,null,null,null,"P75",0,0,0,0,0,0,0,0,0,0,0,0,0,{"$f":"(#REF!-#REF!)/(#REF!-#REF!)","v":{"$error":"#REF!"}},{"$f":"(#REF!-#REF!)/(#REF!-#REF!)","v":{"$error":"#REF!"}},{"$f":"(#REF!-#REF!)/(#REF!-#REF!)","v":{"$error":"#REF!"}},null,null,null,null,null,null,null,null,null,null,null,null,null,null,"P75",0,0,0,0,0,0,0,0,0,0,0,0,0,{"$f":"#REF!-(AU158*#REF!)","v":{"$error":"#REF!"}},{"$f":"#REF!-(AV158*#REF!)","v":{"$error":"#REF!"}},{"$f":"#REF!-(AW158*#REF!)","v":{"$error":"#REF!"}},{"$f":"#REF!-(#REF!*#REF!)","v":{"$error":"#REF!"}},null,null,null,null,null,null,null,null,null,null,null,null,149,"P75",0,0,0,0,0,0,0,0,{"$error":"#REF!"},{"$error":"#REF!"},{"$error":"#REF!"},{"$error":"#REF!"},{"$error":"#REF!"},{"$error":"#VALUE!"},{"$error":"#VALUE!"},{"$error":"#VALUE!"},{"$error":"#VALUE!"},{"$error":"#VALUE!"},{"$error":"#VALUE!"},{"$error":"#VALUE!"}]
[148,"P50",null,null,null,null,null,null,null,null,null,null,null,null,null,null,null,null,null,null,null,null,null,null,null,null,null,null,null,null,null,null,"P50",0,0,0,0,0,0,0,0,0,0,0,0,0,{"$f":"(#REF!-#REF!)/(#REF!-#REF!)","v":{"$error":"#REF!"}},{"$f":"(#REF!-#REF!)/(#REF!-#REF!)","v":{"$error":"#REF!"}},{"$f":"(#REF!-#REF!)/(#REF!-#REF!)","v":{"$error":"#REF!"}},null,null,null,null,null,null,null,null,null,null,null,null,null,null,"P50",0,0,0,0,0,0,0,0,0,0,0,0,0,{"$f":"#REF!-(AU159*#REF!)","v":{"$error":"#REF!"}},{"$f":"#REF!-(AV159*#REF!)","v":{"$error":"#REF!"}},{"$f":"#REF!-(AW159*#REF!)","v":{"$error":"#REF!"}},{"$f":"#REF!-(#REF!*#REF!)","v":{"$error":"#REF!"}},null,null,null,null,null,null,null,null,null,null,null,null,150,"P50",0,0,0,0,0,0,0,0,{"$error":"#REF!"},{"$error":"#REF!"},{"$error":"#REF!"},{"$error":"#REF!"},{"$error":"#REF!"},{"$error":"#VALUE!"},{"$error":"#VALUE!"},{"$error":"#VALUE!"},{"$error":"#VALUE!"},{"$error":"#VALUE!"},{"$error":"#VALUE!"},{"$error":"#VALUE!"}]
[149,"P25",null,null,null,null,null,null,null,null,null,null,null,null,null,null,null,null,null,null,null,null,null,null,null,null,null,null,null,null,null,null,"P25",0,0,0,0,0,0,0,0,0,0,0,0,0,{"$f":"(#REF!-#REF!)/(#REF!-#REF!)","v":{"$error":"#REF!"}},{"$f":"(#REF!-#REF!)/(#REF!-#REF!)","v":{"$error":"#REF!"}},{"$f":"(#REF!-#REF!)/(#REF!-#REF!)","v":{"$error":"#REF!"}},null,null,null,null,null,null,null,null,null,null,null,null,null,null,"P25",0,0,0,0,0,0,0,0,0,0,0,0,0,{"$f":"#REF!-(AU160*#REF!)","v":{"$error":"#REF!"}},{"$f":"#REF!-(AV160*#REF!)","v":{"$error":"#REF!"}},{"$f":"#REF!-(AW160*#REF!)","v":{"$error":"#REF!"}},{"$f":"#REF!-(#REF!*#REF!)","v":{"$error":"#REF!"}},null,null,null,null,null,null,null,null,null,null,null,null,151,"P25",0,0,0,0,0,0,0,0,{"$error":"#REF!"},{"$error":"#REF!"},{"$error":"#REF!"},{"$error":"#REF!"},{"$error":"#REF!"},{"$error":"#VALUE!"},{"$error":"#VALUE!"},{"$error":"#VALUE!"},{"$error":"#VALUE!"},{"$error":"#VALUE!"},{"$error":"#VALUE!"},{"$error":"#VALUE!"}]
[150,"P10",null,null,null,null,null,null,null,null,null,null,null,null,null,null,null,null,null,null,null,null,null,null,null,null,null,null,null,null,null,null,"P10",0,0,0,0,0,0,0,0,0,0,0,0,0,{"$f":"(#REF!-#REF!)/(#REF!-#REF!)","v":{"$error":"#REF!"}},{"$f":"(#REF!-#REF!)/(#REF!-#REF!)","v":{"$error":"#REF!"}},{"$f":"(#REF!-#REF!)/(#REF!-#REF!)","v":{"$error":"#REF!"}},null,null,null,null,null,null,null,null,null,null,null,null,null,null,"P10",0,0,0,0,0,0,0,0,0,0,0,0,0,{"$f":"#REF!-(AU161*#REF!)","v":{"$error":"#REF!"}},{"$f":"#REF!-(AV161*#REF!)","v":{"$error":"#REF!"}},{"$f":"#REF!-(AW161*#REF!)","v":{"$error":"#REF!"}},{"$f":"#REF!-(#REF!*#REF!)","v":{"$error":"#REF!"}},null,null,null,null,null,null,null,null,null,null,null,null,152,"P10",0,0,0,0,0,0,0,0,{"$error":"#REF!"},{"$error":"#REF!"},{"$error":"#REF!"},{"$error":"#REF!"},{"$error":"#REF!"},{"$error":"#VALUE!"},{"$error":"#VALUE!"},{"$error":"#VALUE!"},{"$error":"#VALUE!"},{"$error":"#VALUE!"},{"$error":"#VALUE!"},{"$error":"#VALUE!"}]
[151,"AVG",null,null,null,null,null,null,null,null,null,null,null,null,null,null,null,null,null,null,null,null,null,null,null,null,null,null,null,null,null,null,"AVG",0,0,0,0,0,0,0,0,0,0,0,0,0,{"$f":"(#REF!-#REF!)/(#REF!-#REF!)","v":{"$error":"#REF!"}},{"$f":"(#REF!-#REF!)/(#REF!-#REF!)","v":{"$error":"#REF!"}},{"$f":"(#REF!-#REF!)/(#REF!-#REF!)","v":{"$error":"#REF!"}},null,null,null,null,null,null,null,null,null,null,null,null,null,null,"AVG",0,0,0,0,0,0,0,0,0,0,0,0,0,{"$f":"#REF!-(AU162*#REF!)","v":{"$error":"#REF!"}},{"$f":"#REF!-(AV162*#REF!)","v":{"$error":"#REF!"}},{"$f":"#REF!-(AW162*#REF!)","v":{"$error":"#REF!"}},{"$f":"#REF!-(#REF!*#REF!)","v":{"$error":"#REF!"}},null,null,null,null,null,null,null,null,null,null,null,null,153,"AVG",0,0,0,0,0,0,0,0,{"$error":"#REF!"},{"$error":"#REF!"},{"$error":"#REF!"},{"$error":"#REF!"},{"$error":"#REF!"},{"$error":"#VALUE!"},{"$error":"#VALUE!"},{"$error":"#VALUE!"},{"$error":"#VALUE!"},{"$error":"#VALUE!"},{"$error":"#VALUE!"},{"$error":"#VALUE!"}]
[152,"N",null,null,null,null,null,null,null,null,null,null,null,null,null,null,null,null,null,null,null,null,null,null,null,null,null,null,null,null,null,null,"N",0,0,0,0,0,0,0,0,0,0,0,0,0,{"$f":"(#REF!-#REF!)/(#REF!-#REF!)","v":{"$error":"#REF!"}},{"$f":"(#REF!-#REF!)/(#REF!-#REF!)","v":{"$error":"#REF!"}},{"$f":"(#REF!-#REF!)/(#REF!-#REF!)","v":{"$error":"#REF!"}},null,null,null,null,null,null,null,null,null,null,null,null,null,null,"N",0,0,0,0,0,0,0,0,0,0,0,0,0,{"$f":"#REF!-(AU163*#REF!)","v":{"$error":"#REF!"}},{"$f":"#REF!-(AV163*#REF!)","v":{"$error":"#REF!"}},{"$f":"#REF!-(AW163*#REF!)","v":{"$error":"#REF!"}},{"$f":"#REF!-(#REF!*#REF!)","v":{"$error":"#REF!"}},null,null,null,null,null,null,null,null,null,null,null,null,154,"N",{"$f":"HLOOKUP(CR$10,$AH$9:$AW$180,$A163+3)*CR$10+HLOOKUP(CR$10,$BM$9:$CO$180,$A163+3)","v":0},0,0,0,0,0,0,0,{"$error":"#REF!"},{"$error":"#REF!"},{"$error":"#REF!"},{"$error":"#REF!"},{"$f":"ROUND((1+$CU$9)*(HLOOKUP(DD$10,$AL$9:$AW$244,$A163+3)*DD$10+HLOOKUP(DD$10,$BQ$9:$CO$244,$A163+3)),$CX$9)","v":{"$error":"#REF!"}},{"$error":"#VALUE!"},{"$error":"#VALUE!"},{"$error":"#VALUE!"},{"$error":"#VALUE!"},{"$error":"#VALUE!"},{"$error":"#VALUE!"},{"$error":"#VALUE!"}]

{"sheet":"Private_Interp","index":5,"n_rows":163,"n_cols":116,"rows_kept":163,"cut":false,"hidden":true,"merged":[]}
[null,"INTERPOLATION SPREADSHEET - PLEASE INPUT DATA IN RANGE B10 TO X56"]
[]
[]
[null,"IESO"]
[null,2015]
[null,"Total Direct"]
[null,"INPUT",null,null,null,null,null,null,null,null,null,null,null,null,null,null,null,null,null,null,null,null,null,null,null,null,null,null,null,null,null,null,"SLOPE",null,null,null,null,{"$f":"\" \"&$B$4&\"             \"&$B$5","v":{"$error":"#VALUE!"}},null,null,null,null,null,null,null,null,null,null,null,null,null,null,null,null,null,null,null,null,null,null,null,null,null,"INTERCEPT",null,null,null,null,{"$f":"\" \"&$B$4&\"             \"&$B$5","v":{"$error":"#VALUE!"}},null,null,null,null,null,null,null,null,null,null,null,null,null,null,null,null,null,null,null,null,null,null,null,null,null,"OUTPUT",{"$f":"\" \"&$B$4&\"             \"&$B$5","v":{"$error":"#VALUE!"}}]
[null,null,null,null,null,null,null,null,null,null,null,null,null,null,null,null,null,null,null,null,null,null,null,null,null,null,null,null,null,null,null,null,null,null,null,null,null,null,null,null,null,null,null,null,null,null,null,null,null,null,null,null,null,null,null,null,null,null,null,null,null,null,null,null,null,null,null,null,null,null,null,null,null,null,null,null,null,null,null,null,null,null,null,null,null,null,null,null,null,null,null,null,null,null,"Total Pts",{"$f":"Public_Interp!CR8","v":136},{"$f":"Public_Interp!CS8","v":167},{"$f":"Public_Interp!CT8","v":206},{"$f":"Public_Interp!CU8","v":253},{"$f":"Public_Interp!CV8","v":310},{"$f":"Public_Interp!CW8","v":381},{"$f":"Public_Interp!CX8","v":467},{"$f":"Public_Interp!CY8","v":573},{"$f":"Public_Interp!CZ8","v":726},{"$f":"Public_Interp!DA8","v":913},{"$f":"Public_Interp!DB8","v":1119},{"$f":"Public_Interp!DC8","v":1372},{"$f":"Public_Interp!DD8","v":1681},{"$f":"Public_Interp!DE8","v":0},{"$f":"Public_Interp!DF8","v":0},{"$f":"Public_Interp!DG8","v":0},{"$f":"Public_Interp!DH8","v":0},{"$f":"Public_Interp!DI8","v":0},{"$f":"Public_Interp!DJ8","v":0},{"$f":"Public_Interp!DK8","v":0},{"$f":"Public_Interp!DL8","v":0}]
[null,null,null,null,null,null,null,null,null,null,null,null,null,null,null,null,null,null,null,null,null,null,null,null,null,null,null,null,null,null,null,null,"S POINTS",{"$f":"C10","v":78},{"$f":"AH$10+1","v":92},{"$f":"AI$10+1","v":106},125,148,177,210,249,292,343,405,479,567,675,808,968,1159,1385,1655,1971,2346,2786,3301,3916,4656,5541,{"$f":"BF$10+1","v":5541},{"$f":"BH$10+1","v":7741},{"$f":"BI$10+1","v":8981},null,"S POINTS",{"$f":"C10","v":78},{"$f":"BM$10+1","v":92},{"$f":"BN$10+1","v":106},125,148,177,210,249,292,343,405,479,567,675,808,968,1159,1385,1655,1971,2346,2786,3301,3916,4656,{"$f":"CK$10+1","v":5541},6591,8981,null,null,"S-Correlation",1,null,"Aged",0,null,"Round",2]
[null,null,78,91,105,124,147,176,209,248,291,342,404,478,566,674,807,967,1158,1384,1654,1970,2345,2785,3300,3915,4655,5540,6590,7740,8980,null,null,{"$f":"D$10","v":91},105,124,147,176,209,248,291,342,404,478,566,674,807,967,1158,1384,1654,1970,2345,2785,3300,3915,4655,5540,6590,7740,8980,null,null,null,{"$f":"D$10","v":91},105,124,147,176,209,248,291,342,404,478,566,674,807,967,1158,1384,1654,1970,2345,2785,3300,3915,4655,5540,6590,{"$f":"AE$10","v":8980},null,null,1,"S-Pts",{"$f":"CR8","v":136},{"$f":"CS8","v":167},206,253,310,381,467,573,726,913,1119,1372,1681,0,0,0,0,0,0,0,0]
[null,null,null,null,null,null,null,null,null,null,null,null,null,null,null,null,null,null,null,null,null,null,null,null,null,null,null,null,null,null,null,null,null,null,null,null,null,null,null,null,null,null,null,null,null,null,null,null,null,null,null,null,null,null,null,null,null,null,null,null,null,null,null,null,null,null,null,null,null,null,null,null,null,null,null,null,null,null,null,null,null,null,null,null,null,null,null,null,null,null,null,null,null,{"$f":"CP10+1","v":2}]
[1,"POL",null,null,null,null,null,null,null,null,null,null,null,null,null,null,null,null,null,null,null,null,null,null,null,null,null,null,null,null,null,null,{"$f":"B12","v":"POL"},{"$f":"(D12-C12)/(D$10-C$10)","v":0},0,0,0,0,0,0,0,0,0,0,0,0,0,0,0,{"$f":"(T12-S12)/(T$10-S$10)","v":0},0,0,0,null,null,null,null,null,null,null,null,null,null,{"$f":"B12","v":"POL"},{"$f":"D12-(AH12*D$10)","v":0},0,0,0,0,0,0,0,0,0,0,0,0,0,0,0,{"$f":"T12-(AX12*T$10)","v":0},0,0,0,0,0,0,0,0,{"$f":"AC12-(BH12*AC$10)","v":0},{"$f":"AE12-(BI12*AE$10)","v":0},0,null,3,{"$f":"B12","v":"POL"},{"$f":"ROUND((1+$CU$9)*(HLOOKUP(CR$10,$AH$9:$AW$180,$A12+3)*CR$10+HLOOKUP(CR$10,$BM$9:$CO$180,$A12+3)),$CX$9)","v":0},0,0,0,0,0,0,0,0,0,0,0,{"$f":"ROUND((1+$CU$9)*(HLOOKUP(DD$10,$AL$9:$AW$180,$A12+3)*DD$10+HLOOKUP(DD$10,$BQ$9:$CO$180,$A12+3)),$CX$9)","v":0},{"$error":"#VALUE!"},{"$error":"#VALUE!"},{"$error":"#VALUE!"},{"$error":"#VALUE!"},{"$error":"#VALUE!"},{"$error":"#VALUE!"},{"$error":"#VALUE!"}]
[{"$f":"A12+1","v":2},"P90",null,null,{"$error":"#N/A"},{"$error":"#N/A"},{"$error":"#N/A"},53.6,60,75,82.4,96,100.1,118,118.7,144,165.6,183.4,{"$error":"#N/A"},{"$error":"#N/A"},{"$error":"#N/A"},{"$error":"#N/A"},{"$error":"#N/A"},{"$error":"#N/A"},{"$error":"#N/A"},{"$error":"#N/A"},{"$error":"#N/A"},null,null,null,null,null,"P90",0,{"$error":"#N/A"},{"$error":"#N/A"},{"$error":"#N/A"},{"$error":"#N/A"},0.19393939393939388,0.38461538461538464,0.17209302325581408,0.26666666666666655,6.6129032258064421E-2,0.24189189189189197,7.9545454545454867E-3,0.23425925925925922,0.16240601503759394,0.11125000000000007,{"$error":"#N/A"},{"$error":"#N/A"},{"$error":"#N/A"},{"$error":"#N/A"},{"$error":"#N/A"},{"$error":"#N/A"},{"$error":"#N/A"},{"$error":"#N/A"},{"$error":"#N/A"},{"$error":"#N/A"},0,0,0,null,null,"P90",0,{"$error":"#N/A"},{"$error":"#N/A"},{"$error":"#N/A"},{"$error":"#N/A"},19.466666666666676,-20.384615384615387,32.320930232558112,4.8000000000000398,73.38387096774197,2.3756756756756374,114.19772727272726,-13.890740740740711,34.538345864661693,75.821249999999935,{"$error":"#N/A"},{"$error":"#N/A"},{"$error":"#N/A"},{"$error":"#N/A"},{"$error":"#N/A"},{"$error":"#N/A"},{"$error":"#N/A"},{"$error":"#N/A"},{"$error":"#N/A"},{"$error":"#N/A"},0,0,0,null,4,"P90",{"$f":"ROUND((1+$CU$9)*(HLOOKUP(CR$10,$AH$9:$BI$180,$A13+3)*CR$10+HLOOKUP(CR$10,$BM$9:$CO$180,$A13+3)),$CX$9)","v":{"$error":"#N/A"}},{"$error":"#N/A"},59.42,75.86,87.47,98.58,115.34,120.34,152.44999999999999,177.39,{"$f":"ROUND((1+$CU$9)*(HLOOKUP(DB$10,$AH$9:$BI$180,$A13+3)*DB$10+HLOOKUP(DB$10,$BM$9:$CO$180,$A13+3)),$CX$9)","v":{"$error":"#N/A"}},{"$error":"#N/A"},{"$error":"#N/A"},{"$error":"#VALUE!"},{"$error":"#VALUE!"},{"$error":"#VALUE!"},{"$error":"#VALUE!"},{"$error":"#VALUE!"},{"$error":"#VALUE!"},{"$error":"#VALUE!"},{"$error":"#VALUE!"}]
[3,"P75",null,null,{"$error":"#N/A"},39.200000000000003,45.8,47.1,59,65,66,80.3,91.4,99.4,112.7,133.1,140,157.1,192.6,235,271.2,316.2,389.3,404,612.5,647.4,{"$error":"#N/A"},null,null,null,null,null,"P75",0,{"$error":"#N/A"},{"$error":"#N/A"},0.28695652173913017,4.4827586206896697E-2,0.36060606060606054,0.15384615384615385,2.3255813953488372E-2,0.28039215686274505,0.17903225806451625,0.10810810810810811,0.1511363636363636,0.1888888888888888,5.1879699248120345E-2,0.10687499999999997,0.18586387434554974,0.18761061946902657,0.13407407407407404,0.14240506329113925,0.1949333333333334,3.3409090909090881E-2,0.40485436893203886,5.6747967479674762E-2,{"$error":"#N/A"},{"$error":"#N/A"},0,0,0,null,null,"P75",0,{"$error":"#N/A"},{"$error":"#N/A"},3.617391304347862,39.210344827586184,-16.36666666666666,26.846153846153847,59.232558139534888,-15.594117647058809,19.070967741935434,47.724324324324328,27.15681818181821,5.7888888888889483,98.133082706766885,53.751875000000027,-22.630366492146607,-24.653097345132778,49.441481481481532,35.66202531645564,-67.818666666666843,310.95568181818192,-723.51941747572823,425.2317073170733,{"$error":"#N/A"},{"$error":"#N/A"},0,0,0,null,5,"P75",42.64,46.7,57.92,65.12,71.33,87.28,98.21,114.02,135.80000000000001,151.33000000000001,185.35,232.75,275.04000000000002,{"$error":"#VALUE!"},{"$error":"#VALUE!"},{"$error":"#VALUE!"},{"$error":"#VALUE!"},{"$error":"#VALUE!"},{"$error":"#VALUE!"},{"$error":"#VALUE!"},{"$error":"#VALUE!"}]
[4,"P50",null,null,29.1,36.4,37,44,48.6,55,58,61.3,75.3,82.6,95.5,112,121,138.9,160.80000000000001,201,254.5,266.8,350,350,500,531.29999999999995,{"$error":"#N/A"},null,null,null,null,null,"P50",0,2.0785714285714287,0.38421052631578934,2.6086956521739191E-2,0.2413793103448276,0.13939393939393943,0.16410256410256407,6.9767441860465115E-2,6.4705882352941127E-2,0.22580645161290322,9.8648648648648612E-2,0.14659090909090916,0.15277777777777779,6.7669172932330823E-2,0.11187500000000003,0.11465968586387437,0.17787610619469021,0.19814814814814816,3.8924050632911426E-2,0.22186666666666663,0,0.29126213592233008,5.0894308943089356E-2,{"$error":"#N/A"},{"$error":"#N/A"},0,0,0,null,null,"P50",0,-189.15000000000003,-11.242105263157882,33.165217391304338,1.5172413793103416,19.466666666666661,14.302564102564112,37.697674418604649,39.170588235294133,-15.9258064516129,35.445945945945958,12.529545454545413,9.0277777777777715,66.390977443609017,30.716874999999973,28.024083769633478,-45.180530973451255,-73.237037037037055,190.1196202531645,-170.27733333333322,350,-461.1650485436893,332.04878048780512,{"$error":"#N/A"},{"$error":"#N/A"},0,0,0,null,6,"P50",36.71,41.83,48.18,55.35,59.23,70.11,81.510000000000005,96.57,115.52,132.86000000000001,156.33000000000001,198.87,255.55,{"$error":"#VALUE!"},{"$error":"#VALUE!"},{"$error":"#VALUE!"},{"$error":"#VALUE!"},{"$error":"#VALUE!"},{"$error":"#VALUE!"},{"$error":"#VALUE!"},{"$error":"#VALUE!"}]
[5,"P25",null,null,{"$error":"#N/A"},32.700000000000003,33.9,36.700000000000003,41.3,44,51.1,54.1,64.2,73.2,78.8,91,111.7,133.30000000000001,144.80000000000001,175,225.2,249.4,305,303.8,400,500,{"$error":"#N/A"},null,null,null,null,null,"P25",0,{"$error":"#N/A"},{"$error":"#N/A"},5.2173913043478078E-2,9.6551724137931186E-2,0.13939393939393921,6.9230769230769304E-2,0.16511627906976747,5.8823529411764705E-2,0.16290322580645164,0.12162162162162163,6.3636363636363574E-2,0.11296296296296299,0.15563909774436091,0.13500000000000006,6.0209424083769635E-2,0.13362831858407076,0.18592592592592588,7.6582278481012706E-2,0.14826666666666666,-2.7272727272727015E-3,0.18679611650485434,0.16260162601626016,{"$error":"#N/A"},{"$error":"#N/A"},0,0,0,null,null,"P25",0,{"$error":"#N/A"},{"$error":"#N/A"},26.230434782608722,19.706896551724114,12.166666666666703,26.830769230769214,3.051162790697667,33.982352941176472,-1.6129032258064626,15.064864864864866,42.781818181818217,14.862962962962953,-13.900751879699257,2.7549999999999386,75.077486910994779,-9.9415929203539406,-82.321481481481442,98.532911392404969,-42.68533333333329,311.39545454545447,-216.4271844660193,-136.58536585365857,{"$error":"#N/A"},{"$error":"#N/A"},0,0,0,null,7,"P25",33.33,35.83,40.880000000000003,44.83,52.22,60.45,71.86,79.59,99.09,126.01,142.44999999999999,173.4,227.27,{"$error":"#VALUE!"},{"$error":"#VALUE!"},{"$error":"#VALUE!"},{"$error":"#VALUE!"},{"$error":"#VALUE!"},{"$error":"#VALUE!"},{"$error":"#VALUE!"},{"$error":"#VALUE!"}]
[6,"P10",null,null,{"$error":"#N/A"},{"$error":"#N/A"},{"$error":"#N/A"},34.1,37.5,39,43.8,48.9,57.9,64.099999999999994,73.8,79.2,103.1,121.8,{"$error":"#N/A"},{"$error":"#N/A"},{"$error":"#N/A"},{"$error":"#N/A"},{"$error":"#N/A"},{"$error":"#N/A"},{"$error":"#N/A"},{"$error":"#N/A"},{"$error":"#N/A"},null,null,null,null,null,"P10",0,{"$error":"#N/A"},{"$error":"#N/A"},{"$error":"#N/A"},{"$error":"#N/A"},0.10303030303030299,3.8461538461538464E-2,0.11162790697674412,0.10000000000000003,0.14516129032258066,8.3783783783783733E-2,0.11022727272727276,5.0000000000000051E-2,0.17969924812030069,0.11687500000000002,{"$error":"#N/A"},{"$error":"#N/A"},{"$error":"#N/A"},{"$error":"#N/A"},{"$error":"#N/A"},{"$error":"#N/A"},{"$error":"#N/A"},{"$error":"#N/A"},{"$error":"#N/A"},{"$error":"#N/A"},0,0,0,null,null,"P10",0,{"$error":"#N/A"},{"$error":"#N/A"},{"$error":"#N/A"},{"$error":"#N/A"},15.966666666666676,29.46153846153846,11.316279069767461,14.699999999999989,-0.74516129032258505,24.051351351351371,11.411363636363618,45.499999999999972,-41.91729323308266,8.781874999999971,{"$error":"#N/A"},{"$error":"#N/A"},{"$error":"#N/A"},{"$error":"#N/A"},{"$error":"#N/A"},{"$error":"#N/A"},{"$error":"#N/A"},{"$error":"#N/A"},{"$error":"#N/A"},{"$error":"#N/A"},0,0,0,null,8,"P10",{"$error":"#N/A"},{"$error":"#N/A"},37.19,39.56,45.7,54.56,63.18,74.150000000000006,88.54,115.49,{"$error":"#N/A"},{"$error":"#N/A"},{"$error":"#N/A"},{"$error":"#VALUE!"},{"$error":"#VALUE!"},{"$error":"#VALUE!"},{"$error":"#VALUE!"},{"$error":"#VALUE!"},{"$error":"#VALUE!"},{"$error":"#VALUE!"},{"$error":"#VALUE!"}]
[7,"AVG",null,null,31.6,44.1,43.2,46.3,52.2,55.5,61.1,67.900000000000006,78.599999999999994,86.5,96.9,112.9,129.6,149.19999999999999,170.5,207.3,252.2,282.7,351.2,370.4,514.9,567.70000000000005,{"$error":"#N/A"},null,null,null,null,null,"AVG",0,2.2571428571428571,0.65789473684210531,-3.9130434782608636E-2,0.10689655172413773,0.17878787878787897,8.4615384615384537E-2,0.13023255813953491,0.13333333333333341,0.17258064516129015,0.10675675675675683,0.11818181818181825,0.14814814814814814,0.12556390977443602,0.12249999999999997,0.1115183246073299,0.1628318584070797,0.16629629629629622,9.6518987341772153E-2,0.18266666666666667,4.3636363636363612E-2,0.28058252427184466,8.585365853658547E-2,{"$error":"#N/A"},{"$error":"#N/A"},0,0,0,null,null,"AVG",0,-205.4,-37.478947368421053,48.952173913043474,27.486206896551757,14.8333333333333,34.515384615384633,23.202325581395343,22.299999999999976,8.8774193548387785,35.470270270270234,30.009090909090872,13.048148148148158,28.269924812030126,30.742500000000021,41.361780104711983,-18.0592920353983,-22.854074074073935,92.557594936708853,-77.153333333333364,248.87272727272733,-411.02233009708743,231.58292682926793,{"$error":"#N/A"},{"$error":"#N/A"},0,0,0,null,9,"AVG",43.63,45.34,51.66,56.15,63.63,74.63,85.33,97.94,119.43,142.59,166.15,205.35,254.81,{"$error":"#VALUE!"},{"$error":"#VALUE!"},{"$error":"#VALUE!"},{"$error":"#VALUE!"},{"$error":"#VALUE!"},{"$error":"#VALUE!"},{"$error":"#VALUE!"},{"$error":"#VALUE!"}]
[8,"N",null,null,4,9,10,12,12,13,13,13,13,13,13,13,13,13,11,10,11,10,10,9,9,9,{"$error":"#N/A"},null,null,null,null,null,"N",0,0.2857142857142857,0.26315789473684209,4.3478260869565216E-2,6.8965517241379309E-2,0,2.564102564102564E-2,0,0,0,0,0,0,0,0,-1.0471204188481676E-2,-4.4247787610619468E-3,3.7037037037037038E-3,-3.1645569620253164E-3,0,-2.2727272727272726E-3,0,0,{"$error":"#N/A"},{"$error":"#N/A"},0,0,0,null,null,"N",0,-26,-23.631578947368418,3.6086956521739131,-0.13793103448275801,12,6.6410256410256414,13,13,13,13,13,13,13,13,23.125654450261781,16.123893805309734,4.8740740740740742,16.234177215189874,10,15.329545454545453,9,9,{"$error":"#N/A"},{"$error":"#N/A"},0,0,0,null,10,"N",9.52,11.38,12,13,13,13,13,13,13,13,11.41,10.050000000000001,10.91,{"$error":"#VALUE!"},{"$error":"#VALUE!"},{"$error":"#VALUE!"},{"$error":"#VALUE!"},{"$error":"#VALUE!"},{"$error":"#VALUE!"},{"$error":"#VALUE!"},{"$error":"#VALUE!"}]
[9,"ACT",null,null,null,null,null,null,null,null,null,null,null,null,null,null,null,null,null,null,null,null,null,null,null,null,null,null,null,null,null,null,"ACT",0,0,0,0,0,0,0,0,0,0,0,0,0,0,0,0,0,0,0,0,0,0,0,0,0,0,0,0,null,null,"ACT",0,0,0,0,0,0,0,0,0,0,0,0,0,0,0,0,0,0,0,0,0,0,0,0,0,0,0,0,null,11,"ACT",0,0,0,0,0,0,0,0,0,0,0,0,0,{"$error":"#VALUE!"},{"$error":"#VALUE!"},{"$error":"#VALUE!"},{"$error":"#VALUE!"},{"$error":"#VALUE!"},{"$error":"#VALUE!"},{"$error":"#VALUE!"},{"$error":"#VALUE!"}]
[10,"P90",null,null,{"$error":"#N/A"},{"$error":"#N/A"},{"$error":"#N/A"},57.3,67.3,75,84.8,91.2,100.8,117.3,125.6,151.80000000000001,174.2,208.2,{"$error":"#N/A"},{"$error":"#N/A"},{"$error":"#N/A"},{"$error":"#N/A"},{"$error":"#N/A"},{"$error":"#N/A"},{"$error":"#N/A"},{"$error":"#N/A"},{"$error":"#N/A"},null,null,null,null,null,"P90",0,{"$error":"#N/A"},{"$error":"#N/A"},{"$error":"#N/A"},{"$error":"#N/A"},0.30303030303030304,0.19743589743589751,0.22790697674418597,0.12549019607843148,0.15483870967741925,0.22297297297297297,9.4318181818181787E-2,0.24259259259259275,0.16842105263157878,0.21249999999999999,{"$error":"#N/A"},{"$error":"#N/A"},{"$error":"#N/A"},{"$error":"#N/A"},{"$error":"#N/A"},{"$error":"#N/A"},{"$error":"#N/A"},{"$error":"#N/A"},{"$error":"#N/A"},{"$error":"#N/A"},0,0,0,null,null,"P90",0,{"$error":"#N/A"},{"$error":"#N/A"},{"$error":"#N/A"},{"$error":"#N/A"},3.9666666666666615,26.035897435897418,18.479069767441885,48.282352941176434,38.245161290322621,10.718918918918916,72.215909090909093,-11.707407407407487,38.284210526315917,2.7125000000000057,{"$error":"#N/A"},{"$error":"#N/A"},{"$error":"#N/A"},{"$error":"#N/A"},{"$error":"#N/A"},{"$error":"#N/A"},{"$error":"#N/A"},{"$error":"#N/A"},{"$error":"#N/A"},{"$error":"#N/A"},0,0,0,null,12,"P90",{"$error":"#N/A"},{"$error":"#N/A"},66.39,76.14,87.18,97.24,114.85,127.3,160.56,196.73,{"$error":"#N/A"},{"$error":"#N/A"},{"$error":"#N/A"},{"$error":"#VALUE!"},{"$error":"#VALUE!"},{"$error":"#VALUE!"},{"$error":"#VALUE!"},{"$error":"#VALUE!"},{"$error":"#VALUE!"},{"$error":"#VALUE!"},{"$error":"#VALUE!"}]
[11,"P75",null,null,{"$error":"#N/A"},43.6,48.5,49.9,53.5,62.6,67.7,76.3,88.6,97.4,112.4,139.69999999999999,150.5,178.4,210.4,240,268.39999999999998,310.7,398.6,417,625.29999999999995,698.9,{"$error":"#N/A"},null,null,null,null,null,"P75",0,{"$error":"#N/A"},{"$error":"#N/A"},0.2130434782608695,4.8275862068965468E-2,0.10909090909090913,0.23333333333333336,0.11860465116279073,0.16862745098039206,0.1983870967741935,0.11891891891891908,0.17045454545454544,0.2527777777777776,8.1203007518797082E-2,0.17437500000000003,0.16753926701570682,0.1309734513274336,0.1051851851851851,0.13386075949367093,0.23440000000000008,4.1818181818181768E-2,0.40446601941747562,0.11967479674796752,{"$error":"#N/A"},{"$error":"#N/A"},0,0,0,null,null,"P75",0,{"$error":"#N/A"},{"$error":"#N/A"},17.182608695652185,41.403448275862075,30.699999999999992,4.7333333333333272,33.1860465116279,18.629411764705914,8.451612903225822,40.556756756756684,15.922727272727286,-30.672222222222103,84.96917293233075,9.7793749999999875,16.389528795811515,58.732743362831911,94.423703703703808,46.994303797468262,-151.06800000000021,300.53636363636377,-709.4378640776697,230.37317073170715,{"$error":"#N/A"},{"$error":"#N/A"},0,0,0,null,13,"P75",46.16,49.47,53.17,63.19,70.900000000000006,84.04,96.09,114.17,143.91999999999999,168.98,203.87,238.43,272.01,{"$error":"#VALUE!"},{"$error":"#VALUE!"},{"$error":"#VALUE!"},{"$error":"#VALUE!"},{"$error":"#VALUE!"},{"$error":"#VALUE!"},{"$error":"#VALUE!"},{"$error":"#VALUE!"}]
[12,"P50",null,null,31.2,36.700000000000003,37,41.9,45.6,49.5,59.1,62.7,75.2,83.2,93.5,111.7,127.3,149.80000000000001,170,201,253.2,269.8,350,378.5,500,545,{"$error":"#N/A"},null,null,null,null,null,"P50",0,2.2285714285714286,0.28947368421052649,1.3043478260869441E-2,0.16896551724137926,0.1121212121212122,9.9999999999999964E-2,0.2232558139534884,7.0588235294117674E-2,0.20161290322580644,0.10810810810810811,0.11704545454545451,0.16851851851851854,0.11729323308270673,0.14062500000000008,0.10575916230366486,0.13716814159292035,0.1933333333333333,5.2531645569620325E-2,0.21386666666666665,6.4772727272727273E-2,0.23592233009708738,7.3170731707317069E-2,{"$error":"#N/A"},{"$error":"#N/A"},0,0,0,null,null,"P50",0,-202.8,0.80526315789471425,35.082608695652191,12.16206896551725,22.16666666666665,24.70000000000001,-5.8674418604651279,38.558823529411754,-6.251612903225805,31.524324324324326,27.252272727272754,-1.8814814814814866,32.64436090225567,13.815624999999926,47.530890052356085,11.159292035398238,-66.573333333333267,166.31265822784798,-151.51733333333328,198.10795454545453,-278.54368932038835,258.53658536585368,{"$error":"#N/A"},{"$error":"#N/A"},0,0,0,null,14,"P50",{"$f":"ROUND((1+$CU$9)*(HLOOKUP(CR$10,$AH$9:$BI$180,$A23+3)*CR$10+HLOOKUP(CR$10,$BM$9:$CO$180,$A23+3)),$CX$9)","v":36.86},40.380000000000003,45.26,50.62,60.44,70.56,82.01,94.68,117.8,142.21,{"$f":"ROUND((1+$CU$9)*(HLOOKUP(DB$10,$AH$9:$BI$180,$A23+3)*DB$10+HLOOKUP(DB$10,$BM$9:$CO$180,$A23+3)),$CX$9)","v":165.88},199.35,254.62,{"$error":"#VALUE!"},{"$error":"#VALUE!"},{"$error":"#VALUE!"},{"$error":"#VALUE!"},{"$error":"#VALUE!"},{"$error":"#VALUE!"},{"$error":"#VALUE!"},{"$error":"#VALUE!"}]
[13,"P25",null,null,{"$error":"#N/A"},31.9,33.1,37.200000000000003,40.700000000000003,42.3,49.3,53.1,62,70.400000000000006,81.900000000000006,93.3,109.6,129.9,150.69999999999999,172.5,225.2,248.1,317,339.7,440,500,{"$error":"#N/A"},null,null,null,null,null,"P25",0,{"$error":"#N/A"},{"$error":"#N/A"},5.2173913043478383E-2,0.14137931034482765,0.10606060606060606,4.102564102564088E-2,0.16279069767441862,7.450980392156871E-2,0.14354838709677417,0.11351351351351359,0.13068181818181818,0.10555555555555547,0.12255639097744359,0.12687500000000007,0.10890052356020934,9.646017699115049E-2,0.19518518518518516,7.2468354430379758E-2,0.18373333333333336,5.1590909090909062E-2,0.19475728155339808,9.7560975609756101E-2,{"$error":"#N/A"},{"$error":"#N/A"},0,0,0,null,null,"P25",0,{"$error":"#N/A"},{"$error":"#N/A"},25.430434782608678,12.317241379310339,18.533333333333335,32.125641025641059,1.9279069767441825,27.617647058823504,4.0064516129032341,16.140540540540513,7.9340909090909122,22.155555555555608,10.696992481203026,7.2118749999999352,24.593193717277572,38.999115044247731,-97.63629629629628,105.33734177215186,-113.85466666666673,196.01931818181825,-202.69902912621365,118.04878048780489,{"$error":"#N/A"},{"$error":"#N/A"},0,0,0,null,15,"P25",32.53,35.93,40.380000000000003,43.11,50.72,58.7,69.150000000000006,82.64,99.67,123.05,146.44999999999999,171.34,227.16,{"$error":"#VALUE!"},{"$error":"#VALUE!"},{"$error":"#VALUE!"},{"$error":"#VALUE!"},{"$error":"#VALUE!"},{"$error":"#VALUE!"},{"$error":"#VALUE!"},{"$error":"#VALUE!"}]
[14,"P10",null,null,{"$error":"#N/A"},{"$error":"#N/A"},{"$error":"#N/A"},33.4,34.5,38.299999999999997,43.8,48,54.5,60,72.599999999999994,80,100.7,121.6,{"$error":"#N/A"},{"$error":"#N/A"},{"$error":"#N/A"},{"$error":"#N/A"},{"$error":"#N/A"},{"$error":"#N/A"},{"$error":"#N/A"},{"$error":"#N/A"},{"$error":"#N/A"},null,null,null,null,null,"P10",0,{"$error":"#N/A"},{"$error":"#N/A"},{"$error":"#N/A"},{"$error":"#N/A"},3.3333333333333375E-2,9.7435897435897367E-2,0.12790697674418605,8.2352941176470643E-2,0.10483870967741936,7.4324324324324328E-2,0.1431818181818181,6.8518518518518576E-2,0.15563909774436091,0.13062499999999994,{"$f":"(S25-R25)/(S$10-R$10)","v":{"$error":"#N/A"}},{"$error":"#N/A"},{"$error":"#N/A"},{"$error":"#N/A"},{"$error":"#N/A"},{"$error":"#N/A"},{"$error":"#N/A"},{"$error":"#N/A"},{"$error":"#N/A"},{"$error":"#N/A"},0,0,0,null,null,"P10",0,{"$error":"#N/A"},{"$error":"#N/A"},{"$error":"#N/A"},{"$error":"#N/A"},27.533333333333324,14.135897435897451,6.5790697674418581,19.835294117647042,12.145161290322577,24.472972972972968,-8.4409090909090594,33.818518518518481,-24.900751879699257,-4.7143749999999471,{"$f":"S25-(AW25*S$10)","v":{"$error":"#N/A"}},{"$error":"#N/A"},{"$error":"#N/A"},{"$error":"#N/A"},{"$error":"#N/A"},{"$error":"#N/A"},{"$error":"#N/A"},{"$error":"#N/A"},{"$error":"#N/A"},{"$error":"#N/A"},0,0,0,null,16,"P10",{"$error":"#N/A"},{"$error":"#N/A"},34.4,38.94,45.36,52.09,59.18,73.08,88.09,114.55,{"$error":"#N/A"},{"$error":"#N/A"},{"$error":"#N/A"},{"$error":"#VALUE!"},{"$error":"#VALUE!"},{"$error":"#VALUE!"},{"$error":"#VALUE!"},{"$error":"#VALUE!"},{"$error":"#VALUE!"},{"$error":"#VALUE!"},{"$error":"#VALUE!"}]
[15,"AVG",null,null,32.799999999999997,40.6,45,46.3,51.1,54.9,61.5,66.900000000000006,77.2,85.9,97.7,116.1,132.9,158.6,183.9,210.3,249.5,280,362.4,379.6,535.6,595.4,{"$error":"#N/A"},null,null,null,null,null,"AVG",0,2.3428571428571425,0.41052631578947391,0.19130434782608691,4.4827586206896454E-2,0.14545454545454559,9.7435897435897367E-2,0.1534883720930233,0.10588235294117658,0.16612903225806447,0.1175675675675676,0.13409090909090907,0.17037037037037028,0.1263157894736843,0.16062499999999993,0.13246073298429326,0.11681415929203542,0.14518518518518514,9.6518987341772153E-2,0.21973333333333328,3.9090909090909197E-2,0.30291262135922331,9.7235772357723502E-2,{"$error":"#N/A"},{"$error":"#N/A"},0,0,0,null,null,"AVG",0,-213.2,-10.305263157894764,16.878260869565224,38.410344827586222,20.699999999999974,30.735897435897453,16.834883720930222,30.688235294117618,10.083870967741959,29.702702702702695,21.804545454545476,1.2703703703704292,30.963157894736781,3.2756250000000477,30.510471204188406,48.629203539822981,9.3637037037037771,89.857594936708864,-152.8746666666666,270.73181818181791,-464.01165048543692,214.72195121951245,{"$error":"#N/A"},{"$error":"#N/A"},0,0,0,null,17,"AVG",42.9,45.9,50.66,55.67,63.51,73.38,84.61,98.89,122.67,149.93,178.73,208.9,252.11,{"$error":"#VALUE!"},{"$error":"#VALUE!"},{"$error":"#VALUE!"},{"$error":"#VALUE!"},{"$error":"#VALUE!"},{"$error":"#VALUE!"},{"$error":"#VALUE!"},{"$error":"#VALUE!"}]
[16,"N",null,null,4,9,10,12,12,13,13,13,13,13,13,13,13,13,11,10,11,10,10,9,9,9,{"$error":"#N/A"},null,null,null,null,null,"N",0,0.2857142857142857,0.26315789473684209,4.3478260869565216E-2,6.8965517241379309E-2,0,2.564102564102564E-2,0,0,0,0,0,0,0,0,-1.0471204188481676E-2,-4.4247787610619468E-3,3.7037037037037038E-3,-3.1645569620253164E-3,0,-2.2727272727272726E-3,0,0,{"$error":"#N/A"},{"$error":"#N/A"},0,0,0,null,null,"N",0,-26,-23.631578947368418,3.6086956521739131,-0.13793103448275801,12,6.6410256410256414,13,13,13,13,13,13,13,13,23.125654450261781,16.123893805309734,4.8740740740740742,16.234177215189874,10,15.329545454545453,9,9,{"$error":"#N/A"},{"$error":"#N/A"},0,0,0,null,18,"N",9.52,11.38,12,13,13,13,13,13,13,13,11.41,10.050000000000001,10.91,{"$error":"#VALUE!"},{"$error":"#VALUE!"},{"$error":"#VALUE!"},{"$error":"#VALUE!"},{"$error":"#VALUE!"},{"$error":"#VALUE!"},{"$error":"#VALUE!"},{"$error":"#VALUE!"}]
[17,"TC_T",null,null,null,null,null,null,null,null,null,null,null,null,null,null,null,null,null,null,null,null,null,null,null,null,null,null,null,null,null,null,"TC_T",0,0,0,0,0,0,0,0,0,0,0,0,0,0,0,0,0,0,0,0,0,0,0,0,0,0,0,0,null,null,"TC_T",0,0,0,0,0,0,0,0,0,0,0,0,0,0,0,0,0,0,0,0,0,0,0,0,0,0,0,0,null,19,"TC_T",0,0,0,0,0,0,0,0,0,0,0,0,0,{"$error":"#VALUE!"},{"$error":"#VALUE!"},{"$error":"#VALUE!"},{"$error":"#VALUE!"},{"$error":"#VALUE!"},{"$error":"#VALUE!"},{"$error":"#VALUE!"},{"$error":"#VALUE!"}]
[18,"P90",null,null,{"$error":"#N/A"},{"$error":"#N/A"},{"$error":"#N/A"},63,74,82.5,90.3,111.3,114.4,128.30000000000001,146.69999999999999,183.8,214.5,271.89999999999998,{"$error":"#N/A"},{"$error":"#N/A"},{"$error":"#N/A"},{"$error":"#N/A"},{"$error":"#N/A"},{"$error":"#N/A"},{"$error":"#N/A"},{"$error":"#N/A"},{"$error":"#N/A"},null,null,null,null,null,"P90",0,{"$error":"#N/A"},{"$error":"#N/A"},{"$error":"#N/A"},{"$error":"#N/A"},0.33333333333333331,0.21794871794871795,0.18139534883720923,0.41176470588235292,5.0000000000000135E-2,0.18783783783783792,0.20909090909090883,0.34351851851851872,0.23082706766917285,0.35874999999999985,{"$error":"#N/A"},{"$error":"#N/A"},{"$error":"#N/A"},{"$error":"#N/A"},{"$error":"#N/A"},{"$error":"#N/A"},{"$error":"#N/A"},{"$error":"#N/A"},{"$error":"#N/A"},{"$error":"#N/A"},0,0,0,null,null,"P90",0,{"$error":"#N/A"},{"$error":"#N/A"},{"$error":"#N/A"},{"$error":"#N/A"},4.3333333333333428,28.448717948717949,37.51395348837211,-29.523529411764699,94.199999999999946,38.513513513513487,28.354545454545587,-47.731481481481609,28.222556390977502,-75.011249999999848,{"$error":"#N/A"},{"$error":"#N/A"},{"$error":"#N/A"},{"$error":"#N/A"},{"$error":"#N/A"},{"$error":"#N/A"},{"$error":"#N/A"},{"$error":"#N/A"},{"$error":"#N/A"},{"$error":"#N/A"},0,0,0,null,20,"P90",{"$error":"#N/A"},{"$error":"#N/A"},73,83.41,98.12,113.25,126.23,149.1,195.8,252.53,{"$error":"#N/A"},{"$error":"#N/A"},{"$error":"#N/A"},{"$error":"#VALUE!"},{"$error":"#VALUE!"},{"$error":"#VALUE!"},{"$error":"#VALUE!"},{"$error":"#VALUE!"},{"$error":"#VALUE!"},{"$error":"#VALUE!"},{"$error":"#VALUE!"}]
[19,"P75",null,null,{"$error":"#N/A"},45.5,52.8,51.2,58.2,68.3,72.2,92.8,100.9,111.1,132,166.9,195.2,228.8,299.8,358.2,431.6,547.4,725.6,785.5,1214.5999999999999,1567.7,{"$error":"#N/A"},null,null,null,null,null,"P75",0,{"$error":"#N/A"},{"$error":"#N/A"},0.31739130434782598,-5.5172413793103253E-2,0.21212121212121213,0.25897435897435883,9.0697674418604782E-2,0.40392156862745088,0.13064516129032272,0.13783783783783768,0.23750000000000007,0.32314814814814818,0.21278195488721791,0.21000000000000013,0.37172774869109948,0.25840707964601761,0.27185185185185196,0.36645569620253149,0.47520000000000012,0.13613636363636358,0.8332038834951454,0.57414634146341481,{"$error":"#N/A"},{"$error":"#N/A"},0,0,0,null,null,"P75",0,{"$error":"#N/A"},{"$error":"#N/A"},6.1434782608695784,60.910344827586172,13.866666666666667,4.0743589743590007,45.806976744186017,-45.341176470588195,48.119354838709626,45.21351351351359,-2.4250000000000398,-50.901851851851859,23.484962406015143,25.729999999999876,-130.66073298429319,0.5646017699116328,-18.042962962963088,-174.51772151898706,-388.74400000000026,406.3602272727274,-1534.9728155339799,-680.0829268292689,{"$error":"#N/A"},{"$error":"#N/A"},0,0,0,null,21,"P75",49.31,51.7,57.56,68.75,79.87,97.9,109.58,134.26,177.96,217.46,285.3,355.1,441.49,{"$error":"#VALUE!"},{"$error":"#VALUE!"},{"$error":"#VALUE!"},{"$error":"#VALUE!"},{"$error":"#VALUE!"},{"$error":"#VALUE!"},{"$error":"#VALUE!"},{"$error":"#VALUE!"}]
[20,"P50",null,null,32.4,38.5,38.4,44.2,47.1,51.1,61.9,71.8,82.3,91.9,105.9,137.30000000000001,152,192.5,244.1,302.89999999999998,370.5,461.9,668.3,711.8,880,1200,{"$error":"#N/A"},null,null,null,null,null,"P50",0,2.3142857142857141,0.32105263157894742,-4.3478260869565834E-3,0.20000000000000015,8.7878787878787834E-2,0.10256410256410256,0.25116279069767433,0.19411764705882351,0.16935483870967741,0.12972972972972985,0.15909090909090909,0.2907407407407408,0.1105263157894736,0.25312499999999999,0.27015706806282719,{"$f":"(T31-S31)/(T$10-S$10)","v":0.2601769911504424},0.25037037037037047,0.28924050632911386,0.55039999999999989,9.8863636363636362E-2,0.3266019417475729,0.52032520325203258,{"$error":"#N/A"},{"$error":"#N/A"},0,0,{"$f":"(AE31-AD31)/(AE$10-AD$10)","v":0},null,null,"P50",0,-210.59999999999997,-1.3105263157894811,39.039130434782614,8.9999999999999787,28.733333333333345,25.664102564102567,-11.188372093023226,5.4117647058823621,13.880645161290317,29.889189189189139,15.854545454545459,-58.659259259259301,62.805263157894814,-52.271874999999994,-68.741884816753867,-57.184955752212318,-43.612592592592762,-107.90379746835436,-622.38799999999969,436.4647727272727,-197.78640776699058,-837.07317073170748,{"$error":"#N/A"},{"$error":"#N/A"},0,0,0,null,22,"P50",38.450000000000003,42.4,46.84,52.36,65.59,78.400000000000006,90.47,107.94,143.05000000000001,178.83,233.56,299.77999999999997,378.31,{"$error":"#VALUE!"},{"$error":"#VALUE!"},{"$error":"#VALUE!"},{"$error":"#VALUE!"},{"$error":"#VALUE!"},{"$error":"#VALUE!"},{"$error":"#VALUE!"},{"$error":"#VALUE!"}]
[21,"P25",null,null,{"$error":"#N/A"},33.1,34.9,39,42.7,45.1,51.6,58.4,67.900000000000006,76.400000000000006,90.1,108.8,129.6,169.6,204.5,261.2,337.8,387.6,564.9,649.79999999999995,837.5,1076.5,{"$error":"#N/A"},null,null,null,null,null,"P25",0,{"$error":"#N/A"},{"$error":"#N/A"},7.8260869565217273E-2,0.14137931034482765,0.1121212121212122,6.15384615384615E-2,0.15116279069767441,0.13333333333333328,0.15322580645161302,0.11486486486486487,0.15568181818181806,0.17314814814814816,0.156390977443609,0.25,0.18272251308900528,0.25088495575221231,0.28370370370370379,0.15759493670886079,0.47279999999999989,0.19295454545454541,0.36446601941747581,0.38861788617886178,{"$error":"#N/A"},{"$error":"#N/A"},0,0,0,null,null,"P25",0,{"$error":"#N/A"},{"$error":"#N/A"},23.39565217391306,14.117241379310336,19.266666666666652,29.838461538461551,7.6116279069767501,12.800000000000018,5.9967741935483474,21.494594594594595,1.9840909090909662,-7.901851851851859,3.3924812030075344,-72.150000000000006,-7.0926701570681132,-86.024778761061839,-131.44592592592608,77.137974683544257,-543.81599999999969,112.42159090909104,-365.23786407767011,-444.93902439024396,{"$error":"#N/A"},{"$error":"#N/A"},0,0,0,null,23,"P25",34.04,37.729999999999997,42.36,45.86,54.13,64.38,75.14,91.31,116.93,156.1,197.37,258.19,342.06,{"$error":"#VALUE!"},{"$error":"#VALUE!"},{"$error":"#VALUE!"},{"$error":"#VALUE!"},{"$error":"#VALUE!"},{"$error":"#VALUE!"},{"$error":"#VALUE!"},{"$error":"#VALUE!"}]
[22,"P10",null,null,{"$error":"#N/A"},{"$error":"#N/A"},{"$error":"#N/A"},35.200000000000003,39.299999999999997,40.299999999999997,46.3,53.1,59.1,68.5,81.7,97.5,119.2,151.1,{"$error":"#N/A"},{"$error":"#N/A"},{"$error":"#N/A"},{"$error":"#N/A"},{"$error":"#N/A"},{"$error":"#N/A"},{"$error":"#N/A"},{"$error":"#N/A"},{"$error":"#N/A"},null,null,null,null,null,"P10",0,{"$error":"#N/A"},{"$error":"#N/A"},{"$error":"#N/A"},{"$error":"#N/A"},0.12424242424242407,2.564102564102564E-2,0.13953488372093023,0.13333333333333341,9.6774193548387094E-2,0.12702702702702701,0.15000000000000002,0.14629629629629626,0.16315789473684211,0.19937499999999994,{"$error":"#N/A"},{"$error":"#N/A"},{"$error":"#N/A"},{"$error":"#N/A"},{"$error":"#N/A"},{"$error":"#N/A"},{"$error":"#N/A"},{"$error":"#N/A"},{"$error":"#N/A"},{"$error":"#N/A"},0,0,0,null,null,"P10",0,{"$error":"#N/A"},{"$error":"#N/A"},{"$error":"#N/A"},{"$error":"#N/A"},13.333333333333368,33.941025641025639,5.695348837209302,7.4999999999999716,20.003225806451617,7.7810810810810906,-3.2000000000000028,-1.1037037037036725,-12.46842105263157,-41.69562499999995,{"$error":"#N/A"},{"$error":"#N/A"},{"$error":"#N/A"},{"$error":"#N/A"},{"$error":"#N/A"},{"$error":"#N/A"},{"$error":"#N/A"},{"$error":"#N/A"},{"$error":"#N/A"},{"$error":"#N/A"},0,0,0,null,24,"P10",{"$f":"ROUND((1+$CU$9)*(HLOOKUP(CR$10,$AH$9:$BI$180,$A33+3)*CR$10+HLOOKUP(CR$10,$BM$9:$CO$180,$A33+3)),$CX$9)","v":{"$error":"#N/A"}},{"$error":"#N/A"},38.93,41,48.83,56.87,67.099999999999994,82.72,105.98,140.33000000000001,{"$f":"ROUND((1+$CU$9)*(HLOOKUP(DB$10,$AH$9:$BI$180,$A33+3)*DB$10+HLOOKUP(DB$10,$BM$9:$CO$180,$A33+3)),$CX$9)","v":{"$error":"#N/A"}},{"$error":"#N/A"},{"$error":"#N/A"},{"$error":"#VALUE!"},{"$error":"#VALUE!"},{"$error":"#VALUE!"},{"$error":"#VALUE!"},{"$error":"#VALUE!"},{"$error":"#VALUE!"},{"$error":"#VALUE!"},{"$error":"#VALUE!"}]
[23,"AVG",null,null,34.9,42.3,46.8,48.4,54.1,57.8,64.900000000000006,78,84.3,95.4,110.9,141.4,161.80000000000001,204.1,256.5,309.5,396.8,485.2,663.8,701.6,1028.4000000000001,1280.3,{"$error":"#N/A"},null,null,null,null,null,"AVG",0,2.4928571428571429,0.38947368421052625,0.19565217391304349,5.5172413793103496E-2,0.17272727272727281,9.4871794871794757E-2,0.16511627906976764,0.25686274509803908,0.10161290322580641,0.15000000000000011,0.17613636363636365,0.28240740740740738,0.15338345864661659,0.26437499999999992,0.27434554973821995,0.23451327433628319,0.32333333333333336,0.27974683544303791,0.47626666666666656,8.590909090909106E-2,0.6345631067961166,0.40959349593495914,{"$error":"#N/A"},{"$error":"#N/A"},0,0,0,null,null,"AVG",0,-226.85,-5.9947368421052545,18.039130434782603,38.689655172413779,17.999999999999986,34.271794871794896,16.851162790697622,-9.8470588235293661,43.248387096774209,23.69999999999996,11.206818181818178,-48.942592592592575,38.019548872180422,-51.550624999999911,-61.19214659685872,-15.066371681415944,-137.9933333333334,-65.901265822784751,-453.04533333333302,462.34318181818139,-1065.6582524271848,-323.25853658536516,{"$error":"#N/A"},{"$error":"#N/A"},0,0,0,null,25,"AVG",44.65,47.9,53.58,58.63,69.78,81.96,93.75,112.88,149.38,189.82,245.8,306.69,404.35,{"$error":"#VALUE!"},{"$error":"#VALUE!"},{"$error":"#VALUE!"},{"$error":"#VALUE!"},{"$error":"#VALUE!"},{"$error":"#VALUE!"},{"$error":"#VALUE!"},{"$error":"#VALUE!"}]
[24,"N",null,null,4,9,10,12,12,13,13,13,13,13,13,13,13,13,11,10,11,10,10,9,9,9,{"$error":"#N/A"},null,null,null,null,null,"N",0,0.2857142857142857,0.26315789473684209,4.3478260869565216E-2,6.8965517241379309E-2,0,2.564102564102564E-2,0,0,0,0,0,0,0,0,-1.0471204188481676E-2,-4.4247787610619468E-3,3.7037037037037038E-3,-3.1645569620253164E-3,0,-2.2727272727272726E-3,0,0,{"$error":"#N/A"},{"$error":"#N/A"},0,0,0,null,null,"N",0,-26,-23.631578947368418,3.6086956521739131,-0.13793103448275801,12,6.6410256410256414,13,13,13,13,13,13,13,13,23.125654450261781,16.123893805309734,4.8740740740740742,16.234177215189874,10,15.329545454545453,9,9,{"$error":"#N/A"},{"$error":"#N/A"},0,0,0,null,26,"N",9.52,11.38,12,13,13,13,13,13,13,13,11.41,10.050000000000001,10.91,{"$error":"#VALUE!"},{"$error":"#VALUE!"},{"$error":"#VALUE!"},{"$error":"#VALUE!"},{"$error":"#VALUE!"},{"$error":"#VALUE!"},{"$error":"#VALUE!"},{"$error":"#VALUE!"}]
[25,"TC_D",null,null,null,null,null,null,null,null,null,null,null,null,null,null,null,null,null,null,null,null,null,null,null,null,null,null,null,null,null,null,"TC_D",0,0,0,0,0,0,0,0,0,0,0,0,0,0,0,0,0,0,0,0,0,0,0,0,0,0,0,0,null,null,"TC_D",0,0,0,0,0,0,0,0,0,0,0,0,0,0,0,0,0,0,0,0,0,0,0,0,0,0,0,0,null,27,"TC_D",0,0,0,0,0,0,0,0,0,0,0,0,0,{"$error":"#VALUE!"},{"$error":"#VALUE!"},{"$error":"#VALUE!"},{"$error":"#VALUE!"},{"$error":"#VALUE!"},{"$error":"#VALUE!"},{"$error":"#VALUE!"},{"$error":"#VALUE!"}]
[26,"P90",null,null,{"$error":"#N/A"},{"$error":"#N/A"},{"$error":"#N/A"},58.9,66.8,82.5,86.5,104.9,111.3,123.5,140.19999999999999,174.5,201.8,233.7,{"$error":"#N/A"},{"$error":"#N/A"},{"$error":"#N/A"},{"$error":"#N/A"},{"$error":"#N/A"},{"$error":"#N/A"},{"$error":"#N/A"},{"$error":"#N/A"},{"$error":"#N/A"},null,null,null,null,null,"P90",0,{"$error":"#N/A"},{"$error":"#N/A"},{"$error":"#N/A"},{"$error":"#N/A"},0.23939393939393935,0.40256410256410263,9.3023255813953487E-2,0.3607843137254903,0.10322580645161276,0.1648648648648649,0.18977272727272715,0.3175925925925927,0.20526315789473693,0.19937499999999986,{"$error":"#N/A"},{"$error":"#N/A"},{"$error":"#N/A"},{"$error":"#N/A"},{"$error":"#N/A"},{"$error":"#N/A"},{"$error":"#N/A"},{"$error":"#N/A"},{"$error":"#N/A"},{"$error":"#N/A"},0,0,0,null,null,"P90",0,{"$error":"#N/A"},{"$error":"#N/A"},{"$error":"#N/A"},{"$error":"#N/A"},16.766666666666673,-17.335897435897451,59.430232558139537,-18.488235294117672,69.596774193548441,44.694594594594577,32.788636363636428,-39.557407407407482,36.152631578947307,40.90437500000013,{"$error":"#N/A"},{"$error":"#N/A"},{"$error":"#N/A"},{"$error":"#N/A"},{"$f":"W37-(BA37*W$10)","v":{"$error":"#N/A"}},{"$error":"#N/A"},{"$error":"#N/A"},{"$error":"#N/A"},{"$error":"#N/A"},{"$error":"#N/A"},0,0,0,null,28,"P90",{"$error":"#N/A"},{"$error":"#N/A"},66.08,82.97,93.35,108.93,121.69,142.41999999999999,185.17,222.93,{"$error":"#N/A"},{"$error":"#N/A"},{"$error":"#N/A"},{"$error":"#VALUE!"},{"$error":"#VALUE!"},{"$error":"#VALUE!"},{"$error":"#VALUE!"},{"$error":"#VALUE!"},{"$error":"#VALUE!"},{"$error":"#VALUE!"},{"$error":"#VALUE!"}]
[27,"P75",null,null,{"$error":"#N/A"},41.6,51.3,51.7,64.900000000000006,70.400000000000006,70.7,93.5,104.3,115.5,125.9,159.5,183.6,211,263.8,352.5,447.2,544,716.3,785.5,1200,1347.5,{"$error":"#N/A"},null,null,null,null,null,"P75",0,{"$error":"#N/A"},{"$error":"#N/A"},0.42173913043478245,1.3793103448276058E-2,0.40000000000000008,0.14102564102564102,6.9767441860464456E-3,0.44705882352941173,0.17419354838709672,0.15135135135135139,0.11818181818181825,0.31111111111111106,0.18120300751879695,0.17125000000000004,0.27643979057591628,0.39247787610619467,0.35074074074074069,0.30632911392405066,0.45946666666666652,0.15727272727272737,0.80485436893203888,0.23983739837398374,{"$error":"#N/A"},{"$error":"#N/A"},0,0,0,null,null,"P75",0,{"$error":"#N/A"},{"$error":"#N/A"},-10.695652173913025,49.272413793103418,-18.700000000000017,35.425641025641035,68.669767441860486,-59.394117647058806,33.925806451612928,43.154054054054043,59.009090909090872,-50.188888888888869,37.369172932330855,45.401249999999948,-56.317277486911053,-190.68938053097338,-132.92518518518506,-59.468354430379804,-361.14933333333306,347.49545454545427,-1456.0194174757285,408.53658536585363,{"$error":"#N/A"},{"$error":"#N/A"},0,0,0,null,29,"P75",46.66,51.58,63.7,70.430000000000007,79.19,100.29,113.84,128.08000000000001,168.92,201.75,253.02,347.79,455.47,{"$error":"#VALUE!"},{"$error":"#VALUE!"},{"$error":"#VALUE!"},{"$error":"#VALUE!"},{"$error":"#VALUE!"},{"$error":"#VALUE!"},{"$error":"#VALUE!"},{"$error":"#VALUE!"}]
[28,"P50",null,null,30.3,36.700000000000003,38.6,46.3,51.2,55.4,62.1,71.599999999999994,81.8,90.8,111.1,134.1,153.4,180.8,224,308,365.7,495,610.5,701,874.5,1160,{"$error":"#N/A"},null,null,null,null,null,"P50",0,2.1642857142857141,0.336842105263158,8.2608695652173852E-2,{"$f":"(H39-G39)/(H$10-G$10)","v":0.26551724137931021},0.14848484848484866,0.10769230769230759,0.15581395348837215,0.18627450980392143,0.16451612903225812,0.12162162162162163,0.23068181818181815,0.21296296296296297,0.1451127819548873,0.17125000000000004,0.22617801047120412,0.37168141592920356,0.21370370370370367,0.40917721518987343,0.308,0.20568181818181819,0.33689320388349514,0.46422764227642277,{"$error":"#N/A"},{"$error":"#N/A"},0,0,0,null,null,"P50",0,-196.94999999999996,-5.0684210526315923,26.456521739130444,{"$f":"H39-(AL39*H$10)","v":-0.4310344827585979},20.166666666666632,28.692307692307718,16.758139534883703,7.894117647058863,15.335483870967721,32.66486486486486,-19.465909090909093,-9.4370370370370438,36.293984962405958,15.201249999999959,-37.914136125654352,-206.40707964601768,12.234074074074101,-311.07911392405072,-111.75999999999999,128.17613636363637,-237.24757281553389,-657.45121951219517,{"$error":"#N/A"},{"$error":"#N/A"},0,0,0,null,30,"P50",37.69,43.91,50.75,56.18,65.64,78.02,89.46,112.59,141.65,171.55,215.18,303.54000000000002,376.75,{"$error":"#VALUE!"},{"$error":"#VALUE!"},{"$error":"#VALUE!"},{"$error":"#VALUE!"},{"$error":"#VALUE!"},{"$error":"#VALUE!"},{"$error":"#VALUE!"},{"$error":"#VALUE!"}]
[29,"P25",null,null,{"$error":"#N/A"},34,35.4,37.5,44.6,46.4,54.2,61.4,71.900000000000006,81.7,89.1,106.6,129.69999999999999,167.1,196.2,259.39999999999998,338.8,381.7,545.29999999999995,538.4,817.5,986.1,{"$error":"#N/A"},null,null,null,null,null,"P25",{"$f":"(D40-C40)/(D$10-C$10)","v":0},{"$error":"#N/A"},{"$error":"#N/A"},6.0869565217391244E-2,7.2413793103448323E-2,0.2151515151515152,4.615384615384608E-2,0.1813953488372094,0.14117647058823521,0.16935483870967755,0.13243243243243238,8.4090909090908994E-2,0.16203703703703703,0.17368421052631575,{"$f":"(R40-Q40)/(R$10-Q$10)","v":0.23375000000000004},0.15235602094240835,0.27964601769911501,0.29407407407407421,0.13575949367088599,0.43626666666666658,-1.568181818181813E-2,0.54194174757281555,0.27414634146341466,{"$error":"#N/A"},{"$error":"#N/A"},0,0,0,null,null,"P25",{"$f":"D40-(AH40*D$10)","v":0},{"$error":"#N/A"},{"$error":"#N/A"},26.452173913043488,24.755172413793098,-0.36666666666667425,34.953846153846172,1.4139534883720657,13.117647058823557,3.4806451612902833,18.397297297297321,41.504545454545507,-2.6129629629629676,-10.46315789473681,{"$f":"R40-(AV40*R$10)","v":-58.936250000000058},19.77172774869112,-127.63008849557519,-147.59851851851874,114.25379746835461,-477.74533333333318,582.07386363636351,-970.90776699029129,-87.182926829268467,{"$error":"#N/A"},{"$error":"#N/A"},0,0,0,null,31,"P25",34.729999999999997,36.85,43.95,47.31,56.88,68,80.239999999999995,90.23,115.63,154.47999999999999,190.26,256.04000000000002,342.47,{"$error":"#VALUE!"},{"$error":"#VALUE!"},{"$error":"#VALUE!"},{"$error":"#VALUE!"},{"$error":"#VALUE!"},{"$error":"#VALUE!"},{"$error":"#VALUE!"},{"$error":"#VALUE!"}]
[30,"P10",null,null,{"$error":"#N/A"},{"$error":"#N/A"},{"$error":"#N/A"},35.5,40.1,42,46.3,55,63,70.900000000000006,81.900000000000006,94.8,122.5,153.5,{"$error":"#N/A"},{"$error":"#N/A"},{"$error":"#N/A"},{"$error":"#N/A"},{"$error":"#N/A"},{"$error":"#N/A"},{"$error":"#N/A"},{"$error":"#N/A"},{"$error":"#N/A"},null,null,null,null,null,"P10",0,{"$error":"#N/A"},{"$error":"#N/A"},{"$error":"#N/A"},{"$error":"#N/A"},0.13939393939393943,4.8717948717948684E-2,9.9999999999999936E-2,0.17058823529411771,0.12903225806451613,0.10675675675675683,0.125,0.11944444444444437,0.20827067669172936,0.19375000000000001,{"$error":"#N/A"},{"$error":"#N/A"},{"$error":"#N/A"},{"$error":"#N/A"},{"$error":"#N/A"},{"$error":"#N/A"},{"$error":"#N/A"},{"$error":"#N/A"},{"$error":"#N/A"},{"$error":"#N/A"},0,0,0,null,null,"P10",0,{"$error":"#N/A"},{"$error":"#N/A"},{"$error":"#N/A"},{"$error":"#N/A"},10.966666666666661,29.917948717948725,17.200000000000017,-3.341176470588259,10.870967741935488,19.87027027027024,11.150000000000006,14.294444444444494,-45.574436090225589,-33.856250000000017,{"$error":"#N/A"},{"$error":"#N/A"},{"$error":"#N/A"},{"$error":"#N/A"},{"$error":"#N/A"},{"$error":"#N/A"},{"$error":"#N/A"},{"$error":"#N/A"},{"$error":"#N/A"},{"$error":"#N/A"},0,0,0,null,32,"P10",{"$error":"#N/A"},{"$error":"#N/A"},39.68,42.5,49.54,60.03,69.73,82.74,105.63,143.04,{"$error":"#N/A"},{"$error":"#N/A"},{"$error":"#N/A"},{"$error":"#VALUE!"},{"$error":"#VALUE!"},{"$error":"#VALUE!"},{"$error":"#VALUE!"},{"$error":"#VALUE!"},{"$error":"#VALUE!"},{"$error":"#VALUE!"},{"$error":"#VALUE!"}]
[31,"AVG",null,null,33.6,45.7,45,48.4,55.4,58.4,64.400000000000006,79,85.8,96,109.8,137.6,157.30000000000001,191.6,237.4,304.89999999999998,401,489.4,645.1,685.9,988.5,1225.2,{"$error":"#N/A"},null,null,null,null,null,"AVG",0,2.4,0.63684210526315799,-3.0434782608695775E-2,0.11724137931034478,0.21212121212121213,7.6923076923076927E-2,0.1395348837209304,0.28627450980392144,0.10967741935483867,0.13783783783783787,0.15681818181818177,0.25740740740740736,0.14812030075187982,0.2143749999999999,0.23979057591623043,0.29867256637168127,0.35592592592592603,0.27974683544303791,0.41520000000000012,9.272727272727263E-2,0.58757281553398066,0.38487804878048787,{"$error":"#N/A"},{"$error":"#N/A"},0,0,0,null,null,"AVG",0,-218.4,-33.268421052631581,49.473913043478277,27.765517241379317,11.066666666666663,39.323076923076925,23.795348837209261,-18.905882352941134,41.490322580645177,30.113513513513496,21.040909090909111,-35.892592592592564,37.766917293232993,-15.700624999999917,-40.277486910994838,-108.4628318584069,-187.70148148148166,-61.701265822784762,-328.54400000000032,427.65454545454571,-950.49029126213622,-281.59756097560989,{"$error":"#N/A"},{"$error":"#N/A"},0,0,0,null,33,"AVG",45.33,47.34,54.76,59.1,69.84,83.28,94.48,111.6,145.30000000000001,180.02,228.05,301.32,408.55,{"$error":"#VALUE!"},{"$error":"#VALUE!"},{"$error":"#VALUE!"},{"$error":"#VALUE!"},{"$error":"#VALUE!"},{"$error":"#VALUE!"},{"$error":"#VALUE!"},{"$error":"#VALUE!"}]
[32,"N",null,null,4,9,10,12,12,13,13,13,13,13,13,13,13,13,11,10,11,10,10,9,9,9,{"$error":"#N/A"},null,null,null,null,null,"N",0,0.2857142857142857,0.26315789473684209,4.3478260869565216E-2,6.8965517241379309E-2,0,2.564102564102564E-2,0,0,0,0,0,0,0,0,-1.0471204188481676E-2,-4.4247787610619468E-3,3.7037037037037038E-3,-3.1645569620253164E-3,0,-2.2727272727272726E-3,0,0,{"$error":"#N/A"},{"$error":"#N/A"},0,0,0,null,null,"N",0,-26,-23.631578947368418,3.6086956521739131,-0.13793103448275801,12,6.6410256410256414,13,13,13,13,13,13,13,13,23.125654450261781,16.123893805309734,4.8740740740740742,16.234177215189874,10,15.329545454545453,9,9,{"$error":"#N/A"},{"$error":"#N/A"},0,0,0,null,34,"N",{"$f":"ROUND((1+$CU$9)*(HLOOKUP(CR$10,$AH$9:$BI$180,$A43+3)*CR$10+HLOOKUP(CR$10,$BM$9:$CO$180,$A43+3)),$CX$9)","v":9.52},11.38,12,13,13,13,13,13,13,13,{"$f":"ROUND((1+$CU$9)*(HLOOKUP(DB$10,$AH$9:$BI$180,$A43+3)*DB$10+HLOOKUP(DB$10,$BM$9:$CO$180,$A43+3)),$CX$9)","v":11.41},10.050000000000001,10.91,{"$error":"#VALUE!"},{"$error":"#VALUE!"},{"$error":"#VALUE!"},{"$error":"#VALUE!"},{"$error":"#VALUE!"},{"$error":"#VALUE!"},{"$error":"#VALUE!"},{"$error":"#VALUE!"}]
[33,"TD_T",null,null,null,null,null,null,null,null,null,null,null,null,null,null,null,null,null,null,null,null,null,null,null,null,null,null,null,null,null,null,"TD_T",0,0,0,0,0,0,0,0,0,0,0,0,0,0,0,0,0,0,0,0,0,0,0,0,0,0,0,0,null,null,"TD_T",0,0,0,0,0,0,0,0,0,0,0,0,0,0,0,0,0,0,0,0,0,0,0,0,0,0,{"$f":"AE44-(BI44*AE$10)","v":0},0,null,35,"TD_T",0,0,0,0,0,0,0,0,0,0,0,0,0,{"$error":"#VALUE!"},{"$error":"#VALUE!"},{"$error":"#VALUE!"},{"$error":"#VALUE!"},{"$error":"#VALUE!"},{"$error":"#VALUE!"},{"$error":"#VALUE!"},{"$error":"#VALUE!"}]
[34,"P90",null,null,{"$error":"#N/A"},{"$error":"#N/A"},{"$error":"#N/A"},63,74,82.5,90.3,113.9,117.9,129.1,149.4,201.2,257.89999999999998,298.8,{"$error":"#N/A"},{"$error":"#N/A"},{"$error":"#N/A"},{"$error":"#N/A"},{"$error":"#N/A"},{"$error":"#N/A"},{"$error":"#N/A"},{"$error":"#N/A"},{"$error":"#N/A"},null,null,null,null,null,"P90",0,{"$error":"#N/A"},{"$error":"#N/A"},{"$error":"#N/A"},{"$error":"#N/A"},0.33333333333333331,0.21794871794871795,0.18139534883720923,0.46274509803921587,6.4516129032258063E-2,0.15135135135135119,0.23068181818181832,0.47962962962962946,0.42631578947368415,0.25562500000000021,{"$error":"#N/A"},{"$error":"#N/A"},{"$error":"#N/A"},{"$error":"#N/A"},{"$error":"#N/A"},{"$error":"#N/A"},{"$error":"#N/A"},{"$error":"#N/A"},{"$error":"#N/A"},{"$error":"#N/A"},0,0,0,null,null,"P90",0,{"$error":"#N/A"},{"$error":"#N/A"},{"$error":"#N/A"},{"$error":"#N/A"},4.3333333333333428,28.448717948717949,37.51395348837211,-44.358823529411836,91.835483870967749,56.754054054054123,18.834090909090833,-122.07037037037026,-86.136842105263156,51.6106249999998,{"$error":"#N/A"},{"$error":"#N/A"},{"$error":"#N/A"},{"$error":"#N/A"},{"$error":"#N/A"},{"$error":"#N/A"},{"$error":"#N/A"},{"$error":"#N/A"},{"$error":"#N/A"},{"$error":"#N/A"},0,0,0,null,36,"P90",{"$error":"#N/A"},{"$error":"#N/A"},73,83.41,99.09,116.42,127.44,152.76,223.37,285,{"$error":"#N/A"},{"$error":"#N/A"},{"$error":"#N/A"},{"$error":"#VALUE!"},{"$error":"#VALUE!"},{"$error":"#VALUE!"},{"$error":"#VALUE!"},{"$error":"#VALUE!"},{"$error":"#VALUE!"},{"$error":"#VALUE!"},{"$error":"#VALUE!"}]
[35,"P75",null,null,{"$error":"#N/A"},45.5,{"$error":"#N/A"},51.2,58.2,68.3,72.2,94,101.7,113,133.19999999999999,176.5,205.5,266.5,343.4,466.2,694,875.3,1451.6,1571.4,2490.6999999999998,3153.4,{"$error":"#N/A"},null,null,null,null,null,"P75",0,{"$error":"#N/A"},{"$error":"#N/A"},{"$error":"#N/A"},{"$error":"#N/A"},0.21212121212121213,0.25897435897435883,9.0697674418604782E-2,0.42745098039215679,0.12419354838709681,0.15270270270270267,0.22954545454545441,0.40092592592592602,0.21804511278195488,0.38124999999999998,0.40261780104712031,0.54336283185840717,0.84370370370370373,0.57373417721518971,1.5367999999999999,0.27227272727272767,1.7850485436893198,1.0775609756097566,{"$error":"#N/A"},{"$error":"#N/A"},0,0,0,null,null,"P75",0,{"$error":"#N/A"},{"$error":"#N/A"},{"$error":"#N/A"},{"$error":"#N/A"},13.866666666666667,4.0743589743590007,45.806976744186017,-52.188235294117618,51.525806451612887,40.008108108108118,3.2772727272727877,-93.72407407407411,29.537593984962427,-102.16874999999999,-122.83141361256531,-285.81415929203553,-701.48592592592604,-254.95632911392386,-2152.1959999999999,813.12045454545353,-3399.9601941747551,-1065.2512195121967,{"$error":"#N/A"},{"$error":"#N/A"},0,0,0,null,37,"P75",{"$error":"#N/A"},{"$error":"#N/A"},57.56,68.75,80.319999999999993,98.84,111.32,136.01,187.84,245.91,327.7,459.68,709.49,{"$error":"#VALUE!"},{"$error":"#VALUE!"},{"$error":"#VALUE!"},{"$error":"#VALUE!"},{"$error":"#VALUE!"},{"$error":"#VALUE!"},{"$error":"#VALUE!"},{"$error":"#VALUE!"}]
[36,"P50",null,null,32.4,38.5,38.4,44.2,47.1,51.1,61.9,71.8,82.3,91.9,105.9,142.6,161.19999999999999,224.3,308.3,394.4,567.29999999999995,717.1,1255.8,1341.5,1959.5,2751.2,{"$error":"#N/A"},null,null,null,null,null,"P50",0,2.3142857142857141,0.32105263157894742,-4.3478260869565834E-3,0.20000000000000015,8.7878787878787834E-2,0.10256410256410256,0.25116279069767433,0.19411764705882351,0.16935483870967741,0.12972972972972985,0.15909090909090909,0.33981481481481474,0.13984962406015033,0.39437500000000014,0.43979057591623039,0.38097345132743349,0.64037037037037026,0.4740506329113926,1.4365333333333332,0.19477272727272738,1.2,1.2873170731707315,{"$error":"#N/A"},{"$error":"#N/A"},0,0,0,null,null,"P50",0,-210.59999999999997,-1.3105263157894811,39.039130434782614,8.9999999999999787,28.733333333333345,25.664102564102567,-11.188372093023226,5.4117647058823621,13.880645161290317,29.889189189189139,15.854545454545459,-86.435185185185134,48.341353383458667,-157.06062500000013,-200.9774869109948,-132.867256637168,-491.87259259259235,-216.77974683544335,-2112.8706666666667,799.05795454545421,-2000.5,-2288.6463414634145,{"$error":"#N/A"},{"$error":"#N/A"},0,0,0,null,38,"P50",38.450000000000003,42.4,46.84,52.36,65.59,78.400000000000006,90.47,108.28,149.87,203,291.14999999999998,389.83,580.1,{"$error":"#VALUE!"},{"$error":"#VALUE!"},{"$error":"#VALUE!"},{"$error":"#VALUE!"},{"$error":"#VALUE!"},{"$error":"#VALUE!"},{"$error":"#VALUE!"},{"$error":"#VALUE!"}]
[37,"P25",null,null,{"$error":"#N/A"},33.1,34.9,39,42.7,45.1,51.6,58.4,67.900000000000006,76.400000000000006,90.1,109,130.4,189,242.6,354.4,437.2,604.5,855.5,858.8,1522.4,2395.5,{"$error":"#N/A"},null,null,null,null,null,"P25",0,{"$error":"#N/A"},{"$error":"#N/A"},7.8260869565217273E-2,0.14137931034482765,0.1121212121212122,6.15384615384615E-2,0.15116279069767441,0.13333333333333328,0.15322580645161302,0.11486486486486487,0.15568181818181806,0.17500000000000004,0.1609022556390978,0.36624999999999996,0.28062827225130887,0.49469026548672557,0.3066666666666667,0.52943037974683549,0.66933333333333334,7.4999999999998965E-3,1.2885436893203885,1.4196747967479673,{"$error":"#N/A"},{"$error":"#N/A"},0,0,0,null,null,"P25",0,{"$error":"#N/A"},{"$error":"#N/A"},23.39565217391306,14.117241379310336,19.266666666666652,29.838461538461551,7.6116279069767501,12.800000000000018,5.9967741935483474,21.494594594594595,1.9840909090909662,-8.9500000000000313,0.55187969924807589,-165.16374999999999,-82.367539267015701,-330.25132743362826,-70.026666666666756,-438.47784810126586,-714.08666666666659,837.91250000000025,-2729.7941747572818,-3162.5268292682922,{"$error":"#N/A"},{"$error":"#N/A"},0,0,0,null,39,"P25",34.04,37.729999999999997,42.36,45.86,54.13,64.38,75.14,91.33,117.37,169.22,231.66,348.46,451.49,{"$error":"#VALUE!"},{"$error":"#VALUE!"},{"$error":"#VALUE!"},{"$error":"#VALUE!"},{"$error":"#VALUE!"},{"$error":"#VALUE!"},{"$error":"#VALUE!"},{"$error":"#VALUE!"}]
[38,"P10",null,null,{"$error":"#N/A"},{"$error":"#N/A"},{"$error":"#N/A"},35.200000000000003,39.299999999999997,40.299999999999997,46.3,53.1,59.1,68.5,81.7,97.5,119.3,167.7,{"$error":"#N/A"},{"$error":"#N/A"},{"$error":"#N/A"},{"$error":"#N/A"},{"$error":"#N/A"},{"$error":"#N/A"},{"$error":"#N/A"},{"$error":"#N/A"},{"$error":"#N/A"},null,null,null,null,null,"P10",0,{"$error":"#N/A"},{"$error":"#N/A"},{"$error":"#N/A"},{"$error":"#N/A"},0.12424242424242407,2.564102564102564E-2,0.13953488372093023,0.13333333333333341,9.6774193548387094E-2,0.12702702702702701,0.15000000000000002,0.14629629629629626,0.1639097744360902,0.30249999999999994,{"$error":"#N/A"},{"$error":"#N/A"},{"$error":"#N/A"},{"$error":"#N/A"},{"$error":"#N/A"},{"$error":"#N/A"},{"$error":"#N/A"},{"$error":"#N/A"},{"$error":"#N/A"},{"$error":"#N/A"},0,0,0,null,null,"P10",0,{"$error":"#N/A"},{"$error":"#N/A"},{"$error":"#N/A"},{"$error":"#N/A"},13.333333333333368,33.941025641025639,5.695348837209302,7.4999999999999716,20.003225806451617,7.7810810810810906,-3.2000000000000028,-1.1037037037036725,-12.975187969924789,-124.81749999999994,{"$error":"#N/A"},{"$error":"#N/A"},{"$error":"#N/A"},{"$error":"#N/A"},{"$error":"#N/A"},{"$error":"#N/A"},{"$error":"#N/A"},{"$error":"#N/A"},{"$error":"#N/A"},{"$error":"#N/A"},0,0,0,null,40,"P10",{"$error":"#N/A"},{"$error":"#N/A"},38.93,41,48.83,56.87,67.099999999999994,82.72,106.02,151.37,{"$error":"#N/A"},{"$error":"#N/A"},{"$error":"#N/A"},{"$error":"#VALUE!"},{"$error":"#VALUE!"},{"$error":"#VALUE!"},{"$error":"#VALUE!"},{"$error":"#VALUE!"},{"$error":"#VALUE!"},{"$error":"#VALUE!"},{"$error":"#VALUE!"}]
[39,"AVG",null,null,34.9,42.3,46.8,48.4,54.1,57.8,65.099999999999994,78.599999999999994,85,96.5,112.2,146.69999999999999,173.3,236,311.60000000000002,442.7,590.6,794.7,1306.9000000000001,1320.3,2175.6,2858.4,{"$error":"#N/A"},null,null,null,null,null,"AVG",0,2.4928571428571429,0.38947368421052625,0.19565217391304349,5.5172413793103496E-2,0.17272727272727281,9.4871794871794757E-2,0.16976744186046505,0.26470588235294118,0.103225806451613,0.1554054054054054,0.17840909090909093,0.31944444444444431,0.20000000000000018,0.39187499999999992,0.39581151832460743,0.58008849557522113,0.54777777777777792,0.6458860759493672,1.3658666666666668,3.0454545454545144E-2,1.6607766990291262,1.1102439024390247,{"$error":"#N/A"},{"$error":"#N/A"},0,0,0,null,null,"AVG",0,-226.85,-5.9947368421052545,18.039130434782603,38.689655172413779,17.999999999999986,34.271794871794896,15.697674418604663,-11.92941176470589,43.296774193548345,22.216216216216225,11.22045454545453,-68.605555555555469,11.899999999999864,-142.9431249999999,-146.74973821989539,-360.14247787610606,-315.4244444444447,-477.69556962025331,-1896.0573333333336,1235.4840909090917,-3304.9631067961168,-1488.2048780487817,{"$error":"#N/A"},{"$error":"#N/A"},0,0,0,null,41,"AVG",44.65,47.9,53.58,58.65,70.13,82.63,94.79,114.44,157.1,214.84,296.16000000000003,435.74,608.04,{"$error":"#VALUE!"},{"$error":"#VALUE!"},{"$error":"#VALUE!"},{"$error":"#VALUE!"},{"$error":"#VALUE!"},{"$error":"#VALUE!"},{"$error":"#VALUE!"},{"$error":"#VALUE!"}]
[40,"N",null,null,4,9,10,12,12,13,13,13,13,13,13,13,13,13,11,10,11,10,10,9,9,9,{"$error":"#N/A"},null,null,null,null,null,"N",0,0.2857142857142857,0.26315789473684209,4.3478260869565216E-2,6.8965517241379309E-2,0,2.564102564102564E-2,0,0,0,0,0,0,0,0,-1.0471204188481676E-2,-4.4247787610619468E-3,3.7037037037037038E-3,-3.1645569620253164E-3,0,-2.2727272727272726E-3,0,0,{"$error":"#N/A"},{"$error":"#N/A"},0,0,0,null,null,"N",0,-26,-23.631578947368418,3.6086956521739131,-0.13793103448275801,12,6.6410256410256414,13,13,13,13,13,13,13,13,23.125654450261781,16.123893805309734,4.8740740740740742,16.234177215189874,10,15.329545454545453,9,9,{"$error":"#N/A"},{"$error":"#N/A"},0,0,0,null,42,"N",9.52,11.38,12,13,13,13,13,13,13,13,11.41,10.050000000000001,10.91,{"$error":"#VALUE!"},{"$error":"#VALUE!"},{"$error":"#VALUE!"},{"$error":"#VALUE!"},{"$error":"#VALUE!"},{"$error":"#VALUE!"},{"$error":"#VALUE!"},{"$error":"#VALUE!"}]
[41,"TD_T / TC_T",null,null,null,null,null,null,null,null,null,null,null,null,null,null,null,null,null,null,null,null,null,null,null,null,null,null,null,null,null,null,"TD_T / TC_T",0,0,0,0,0,0,0,0,0,0,0,0,0,0,0,0,0,0,0,0,0,0,0,0,0,0,0,0,null,null,"TD_T / TC_T",0,0,0,0,0,0,0,0,0,0,0,0,0,0,0,0,0,0,0,0,0,0,0,0,0,0,0,0,null,43,"TD_T / TC_T",0,0,0,0,0,0,0,0,0,0,0,0,0,{"$error":"#VALUE!"},{"$error":"#VALUE!"},{"$error":"#VALUE!"},{"$error":"#VALUE!"},{"$error":"#VALUE!"},{"$error":"#VALUE!"},{"$error":"#VALUE!"},{"$error":"#VALUE!"}]
[42,"P90",null,null,{"$f":"IFERROR(E45/E29,\"*\")","v":"*"},{"$f":"IFERROR(F45/F29,\"*\")","v":"*"},"*",1,1,1,1,1.0233602875112311,1.0305944055944056,1.0062353858144972,1.0184049079754602,1.0946681175190422,1.2023310023310023,1.0989334314086063,"*","*","*","*","*","*","*","*",null,null,null,null,null,null,"P90",0,0,0,0,3.4482758620689655E-2,0,0,0,4.5804485316139397E-4,1.1667932392216992E-4,-3.2917594297173511E-4,1.3829002455639783E-4,7.0614082910724083E-4,8.0949537452601559E-4,-6.4623481826497496E-4,-5.7535781749141696E-3,0,{"$f":"(U53-T53)/(U$10-T$10)","v":0},0,0,0,0,0,0,0,0,0,0,null,null,"P90",0,0,0,0,-5.068965517241379,1,1,1,0.86670894773003437,0.98345595872984903,1.1635814865549867,0.94013275407653907,0.61872919870076193,0.54906823508850777,1.7238425006708371,6.6626435265506085,0,0,0,0,0,0,0,0,0,0,0,0,null,44,"P90",{"$f":"ROUND((1+$CU$9)*(HLOOKUP(CR$10,$AH$9:$BI$180,$A53+3)*CR$10+HLOOKUP(CR$10,$BM$9:$CO$180,$A53+3)),$CX$9)","v":0},0.69,1,1,1.01,1.03,1.01,1.02,1.1399999999999999,1.1299999999999999,{"$f":"ROUND((1+$CU$9)*(HLOOKUP(DB$10,$AH$9:$BI$180,$A53+3)*DB$10+HLOOKUP(DB$10,$BM$9:$CO$180,$A53+3)),$CX$9)","v":0.22},0,0,{"$error":"#VALUE!"},{"$error":"#VALUE!"},{"$error":"#VALUE!"},{"$error":"#VALUE!"},{"$error":"#VALUE!"},{"$error":"#VALUE!"},{"$error":"#VALUE!"},{"$error":"#VALUE!"}]
[43,"P75",null,null,{"$f":"IFERROR(E46/E30,\"*\")","v":"*"},1,"*",1,1,1,1,1.0129310344827587,1.0079286422200198,1.0171017101710171,1.009090909090909,1.0575194727381665,1.052766393442623,1.1647727272727273,1.1454302868579052,1.3015075376884422,1.6079703429101018,1.5990135184508585,2.0005512679162072,2.0005092297899427,2.0506339535649598,2.0114817886075143,null,null,null,null,null,null,"P75",0,0,5.2631578947368418E-2,-4.3478260869565216E-2,3.4482758620689655E-2,0,0,0,2.5354969574036614E-4,-8.0683746173208196E-5,1.2396037771618068E-4,-9.1031830455773853E-5,4.484126263634949E-4,-3.573743831235693E-5,7.0003958643815169E-4,-1.012693215435714E-4,6.9060730455989833E-4,1.1350474267468873E-3,-2.8344381200136976E-5,1.0707673319075965E-3,-9.5541196055603059E-8,9.732956072818852E-5,-6.3662056841374884E-5,-2.7182186332533977E-3,0,0,0,0,null,null,"P75",0,0,-5.5263157894736841,6.3913043478260869,-5.068965517241379,1,1,1,0.92621703853955339,1.040524875673996,0.95784864962268279,1.060614925128877,0.75528936256917101,1.081606506160695,0.48783444718703461,1.2627001612053608,0.34570702817754284,-0.26939810092924987,1.6548519494151284,-0.51039812540710638,2.0007753120209575,1.7294464031619377,2.2607187411414968,12.653307737794567,0,0,0,0,null,45,"P75",0.48,0.69,1,1,1,1.01,1.02,1.01,1.06,1.1299999999999999,1.1499999999999999,1.29,1.61,{"$error":"#VALUE!"},{"$error":"#VALUE!"},{"$error":"#VALUE!"},{"$error":"#VALUE!"},{"$error":"#VALUE!"},{"$error":"#VALUE!"},{"$error":"#VALUE!"},{"$error":"#VALUE!"}]
[44,"P50",null,null,{"$f":"IFERROR(E47/E31,\"*\")","v":1},1,1,1,1,1,1,1,1,1,1,1.0386016023306626,1.0605263157894735,1.1651948051948053,1.2630069643588695,1.3020798943545724,1.5311740890688257,1.5525005412426933,1.8790962142750263,1.8846586119696545,2.2267045454545453,2.2926666666666664,null,null,null,null,null,null,"P50",0,7.1428571428571425E-2,0,0,0,0,0,0,0,0,0,0,3.5742224380243119E-4,{"$f":"(Q55-P55)/(Q$10-P$10)","v":1.648474696151201E-4},6.5417805878332375E-4,5.1210554536159248E-4,1.7288907077744639E-4,8.4849701746019738E-4,6.7488772702112773E-5,8.7092179475288783E-4,1.2641812942336784E-5,6.6416686113571048E-4,1.0725548164572534E-4,-3.0981981981981978E-3,0,0,0,0,null,null,"P50",0,-6.5,1,1,1,1,1,1,1,1,1,1,0.79769901000782395,0.92749440781007164,0.53260462235133132,0.66998874283014542,1.0628014203985865,0.12776002218965932,1.4195476590195311,-0.16321539442049549,1.8494511629252466,3.4953903706700817E-2,1.8727614560236516,14.422112612612612,0,0,0,0,null,46,"P50",1,1,1,1,1,1,1,1,1.05,1.1299999999999999,1.24,1.3,1.53,{"$error":"#VALUE!"},{"$error":"#VALUE!"},{"$error":"#VALUE!"},{"$error":"#VALUE!"},{"$error":"#VALUE!"},{"$error":"#VALUE!"},{"$error":"#VALUE!"},{"$error":"#VALUE!"}]
[45,"P25",null,null,{"$f":"IFERROR(E48/E32,\"*\")","v":"*"},1,1,1,1,1,1,1,1,1,1,1.0018382352941178,1.0061728395061729,1.1143867924528301,1.1863080684596576,1.3568147013782541,1.2942569567791591,1.559597523219814,1.5144273322711985,1.3216374269005848,1.8177910447761194,2.2252670692057595,null,null,null,null,null,null,"P25",0,0,5.2631578947368418E-2,0,0,0,0,0,0,0,0,0,1.7020697167756959E-5,3.2591009113196356E-5,6.7633720591660782E-4,3.7655118328181944E-4,7.5445412795839149E-4,-2.316953503670186E-4,8.3968533683751573E-4,-1.2045384252964138E-4,-4.3815887584230386E-4,9.6340508325346518E-4,6.6256264134900819E-4,-3.0071176610888643E-3,0,0,0,0,null,null,"P25",0,0,-5.5263157894736841,1,1,1,1,1,1,1,1,{"$f":"O56-(AS56*O$10)","v":1},0.99036628540304961,0.97987189515182338,0.46036871433147031,0.75026179821931072,0.31265018828384039,1.6774810662862079,-9.4582590350091866E-2,1.7968915930032074,2.5419098961214011,-1.3614457299603155,-0.3686656716756076,13.998132712368664,0,0,0,0,null,47,"P25",1,1,1,1,1,1,1,1,1,1.08,1.17,1.35,1.32,{"$error":"#VALUE!"},{"$error":"#VALUE!"},{"$error":"#VALUE!"},{"$error":"#VALUE!"},{"$error":"#VALUE!"},{"$error":"#VALUE!"},{"$error":"#VALUE!"},{"$error":"#VALUE!"}]
[46,"P10",null,null,{"$f":"IFERROR(E49/E33,\"*\")","v":"*"},"*","*",1,1,1,1,1,1,1,1,1,1.0008389261744965,1.1098610191925877,"*","*","*","*","*","*","*","*",null,null,null,null,null,null,"P10",0,0,0,0,3.4482758620689655E-2,0,0,0,0,0,0,0,0,6.3077155977183902E-6,6.8138808136306993E-4,-5.8107906764009827E-3,0,0,0,0,0,0,0,0,0,0,0,0,null,null,"P10",0,0,0,0,-5.068965517241379,1,1,1,1,1,1,1,1,0.9957485996871378,0.45095874451449913,6.7288956032723384,0,0,0,0,0,0,0,0,0,0,0,0,null,48,"P10",0,0.69,1,1,1,1,1,1,1,1.07,0.23,0,0,{"$error":"#VALUE!"},{"$error":"#VALUE!"},{"$error":"#VALUE!"},{"$error":"#VALUE!"},{"$error":"#VALUE!"},{"$error":"#VALUE!"},{"$error":"#VALUE!"},{"$error":"#VALUE!"}]
[47,"AVG",null,null,{"$f":"IFERROR(E50/E34,\"*\")","v":1},1,1,1,1,1,1.0030816640986131,1.0076923076923077,1.0083036773428233,1.0115303983228512,1.0117222723174031,1.0374823196605374,1.0710754017305315,1.156295933365997,1.214814814814815,1.4303715670436188,1.4884072580645162,1.6378812860676011,1.9688159084061467,1.8818415051311288,2.115519253208868,2.2326017339686013,null,null,null,null,null,null,"AVG",0,7.1428571428571425E-2,0,0,0,0,0,7.1666606944490734E-5,9.0404776346952217E-5,9.8608008147688648E-6,4.360433756794396E-5,2.1803863017260721E-6,2.3851895688087321E-4,2.5257956443604598E-4,5.3262832272165934E-4,3.0638157826606285E-4,9.5379093906550346E-4,2.1494700378110168E-4,4.7301907595912926E-4,8.8249232623612169E-4,-1.9766909835231347E-4,4.5374320015094995E-4,1.9037801749550125E-4,-3.0170293702278398E-3,0,0,0,0,null,null,"AVG",0,-6.5,1,1,1,1,1,0.98222668147776626,0.97677387418164996,1.0043199138136567,0.99068752496537393,1.0104881736706262,0.87672054272282884,0.86724369323064243,0.64124434529415242,0.86002494718271416,0.1103249073769621,1.1328849138105741,0.70603370642811647,-0.10062859661755863,2.432349944042322,0.61816669271073321,1.4872717954737138,14.044271718410593,0,0,0,0,null,49,"AVG",1,1,1,1,1,1.01,1.01,1.01,1.05,1.1299999999999999,1.2,1.42,1.5,{"$error":"#VALUE!"},{"$error":"#VALUE!"},{"$error":"#VALUE!"},{"$error":"#VALUE!"},{"$error":"#VALUE!"},{"$error":"#VALUE!"},{"$error":"#VALUE!"},{"$error":"#VALUE!"}]
[48,"N",null,null,null,null,null,null,null,null,null,null,null,null,null,null,null,null,null,null,null,null,null,null,null,null,null,null,null,null,null,null,"N",0,0,0,0,0,0,0,0,0,0,0,0,0,0,0,0,0,0,0,0,0,0,0,0,0,0,0,0,null,null,"N",0,0,0,0,0,0,0,0,0,0,0,0,0,0,0,0,0,0,0,0,0,0,0,0,0,0,0,0,null,50,"N",0,0,0,0,0,0,0,0,0,0,0,0,0,{"$error":"#VALUE!"},{"$error":"#VALUE!"},{"$error":"#VALUE!"},{"$error":"#VALUE!"},{"$error":"#VALUE!"},{"$error":"#VALUE!"},{"$error":"#VALUE!"},{"$error":"#VALUE!"}]
[49,"TC_T",null,null,null,null,null,null,null,null,null,null,null,null,null,null,null,null,null,null,null,null,null,null,null,null,null,null,null,null,null,null,"TC_T",0,0,0,0,0,0,0,0,0,0,0,0,0,0,0,0,0,0,0,0,0,0,0,0,0,0,0,0,null,null,"TC_T",0,0,0,0,0,0,0,0,0,0,0,0,0,0,0,0,0,0,0,0,0,0,0,0,0,0,0,0,null,51,"TC_T",0,0,0,0,0,0,0,0,0,0,0,0,0,{"$error":"#VALUE!"},{"$error":"#VALUE!"},{"$error":"#VALUE!"},{"$error":"#VALUE!"},{"$error":"#VALUE!"},{"$error":"#VALUE!"},{"$error":"#VALUE!"},{"$error":"#VALUE!"}]
[50,"P90",null,null,null,null,null,null,null,null,null,null,null,null,null,null,null,null,null,null,null,null,null,null,null,null,null,null,null,null,null,null,"P90",0,0,0,0,0,0,0,0,0,0,0,0,0,0,0,0,0,0,0,0,0,0,0,0,0,0,0,0,null,null,"P90",0,0,0,0,0,0,0,0,0,0,0,0,0,0,0,0,0,0,0,0,0,0,0,0,0,0,0,0,null,52,"P90",0,0,0,0,0,0,0,0,0,0,0,0,0,{"$error":"#VALUE!"},{"$error":"#VALUE!"},{"$error":"#VALUE!"},{"$error":"#VALUE!"},{"$error":"#VALUE!"},{"$error":"#VALUE!"},{"$error":"#VALUE!"},{"$error":"#VALUE!"}]
[51,"P75",null,null,null,null,null,null,null,null,null,null,null,null,null,null,null,null,null,null,null,null,null,null,null,null,null,null,null,null,null,null,"P75",0,0,0,0,0,0,0,0,0,0,0,0,0,0,0,0,0,0,0,0,0,0,0,0,0,0,0,0,null,null,"P75",0,0,0,0,0,0,0,0,0,0,0,0,0,0,0,0,0,0,0,0,0,0,0,{"$f":"AA62-(BE62*AA$10)","v":0},0,0,0,0,null,53,"P75",0,0,0,0,0,0,0,0,0,0,0,0,0,{"$error":"#VALUE!"},{"$error":"#VALUE!"},{"$error":"#VALUE!"},{"$error":"#VALUE!"},{"$error":"#VALUE!"},{"$error":"#VALUE!"},{"$error":"#VALUE!"},{"$error":"#VALUE!"}]
[52,"P50",null,null,null,null,null,null,null,null,null,null,null,null,null,null,null,null,null,null,null,null,null,null,null,null,null,null,null,null,null,null,"P50",0,0,0,0,0,0,0,0,0,0,0,0,0,0,0,0,0,0,0,0,0,0,0,0,0,0,0,0,null,null,"P50",0,0,0,0,0,0,0,0,0,0,0,0,0,0,0,0,{"$f":"T63-(AX63*T$10)","v":0},0,0,0,0,0,0,0,0,0,0,0,null,54,"P50",{"$f":"ROUND((1+$CU$9)*(HLOOKUP(CR$10,$AH$9:$BI$180,$A63+3)*CR$10+HLOOKUP(CR$10,$BM$9:$CO$180,$A63+3)),$CX$9)","v":0},0,0,0,0,0,0,0,0,0,{"$f":"ROUND((1+$CU$9)*(HLOOKUP(DB$10,$AH$9:$BI$180,$A63+3)*DB$10+HLOOKUP(DB$10,$BM$9:$CO$180,$A63+3)),$CX$9)","v":0},0,0,{"$error":"#VALUE!"},{"$error":"#VALUE!"},{"$error":"#VALUE!"},{"$error":"#VALUE!"},{"$error":"#VALUE!"},{"$error":"#VALUE!"},{"$error":"#VALUE!"},{"$error":"#VALUE!"}]
[53,"P25",null,null,null,null,null,null,null,null,null,null,null,null,null,null,null,null,null,null,null,null,null,null,null,null,null,null,null,null,null,null,"P25",0,0,0,0,0,0,0,0,0,0,0,0,0,0,0,0,0,0,0,0,0,0,0,0,0,0,0,0,null,null,"P25",0,0,0,0,0,0,0,0,0,0,0,0,0,0,0,0,0,0,0,0,0,0,0,0,0,0,0,0,null,55,"P25",0,0,0,0,0,0,0,0,0,0,0,0,0,{"$error":"#VALUE!"},{"$error":"#VALUE!"},{"$error":"#VALUE!"},{"$error":"#VALUE!"},{"$error":"#VALUE!"},{"$error":"#VALUE!"},{"$error":"#VALUE!"},{"$error":"#VALUE!"}]
[54,"P10",null,null,null,null,null,null,null,null,null,null,null,null,null,null,null,null,null,null,null,null,null,null,null,null,null,null,null,null,null,null,"P10",0,0,0,0,0,0,0,0,0,0,0,0,0,0,0,0,0,0,0,0,0,0,0,0,0,0,0,0,null,null,"P10",0,0,0,0,0,0,0,0,0,0,0,0,0,0,0,0,0,0,0,0,0,0,0,0,0,0,0,0,null,56,"P10",0,0,0,0,0,0,0,0,0,0,0,0,0,{"$error":"#VALUE!"},{"$error":"#VALUE!"},{"$error":"#VALUE!"},{"$error":"#VALUE!"},{"$error":"#VALUE!"},{"$error":"#VALUE!"},{"$error":"#VALUE!"},{"$error":"#VALUE!"}]
[55,"AVG",null,null,null,null,null,null,null,null,null,null,null,null,null,null,null,null,null,null,null,null,null,null,null,null,null,null,null,null,null,null,"AVG",0,0,0,0,0,0,0,0,0,0,0,0,0,0,0,0,0,0,0,0,0,0,0,0,0,0,0,0,null,null,"AVG",0,0,0,0,0,0,0,0,0,0,0,0,0,0,0,0,0,0,0,0,0,0,0,0,0,0,0,0,null,57,"AVG",0,0,0,0,0,0,0,0,0,0,0,0,0,{"$error":"#VALUE!"},{"$error":"#VALUE!"},{"$error":"#VALUE!"},{"$error":"#VALUE!"},{"$error":"#VALUE!"},{"$error":"#VALUE!"},{"$error":"#VALUE!"},{"$error":"#VALUE!"}]
[56,"N",null,null,null,null,null,null,null,null,null,null,null,null,null,null,null,null,null,null,null,null,null,null,null,null,null,null,null,null,null,null,"N",0,0,0,0,0,0,0,0,0,0,0,0,0,0,0,0,0,0,0,0,0,0,0,0,0,0,0,0,null,null,"N",0,0,0,0,0,0,0,0,0,0,0,0,0,0,0,0,0,0,0,0,0,0,0,0,0,0,0,0,null,58,"N",0,0,0,0,0,0,0,0,0,0,0,0,0,{"$error":"#VALUE!"},{"$error":"#VALUE!"},{"$error":"#VALUE!"},{"$error":"#VALUE!"},{"$error":"#VALUE!"},{"$error":"#VALUE!"},{"$error":"#VALUE!"},{"$error":"#VALUE!"}]
[57,"TD_T",null,null,null,null,null,null,null,null,null,null,null,null,null,null,null,null,null,null,null,null,null,null,null,null,null,null,null,null,null,null,"TD_T",0,0,0,0,0,0,0,0,0,0,0,0,0,0,0,0,0,0,0,0,0,0,0,0,0,0,0,0,null,null,"TD_T",0,0,0,0,0,0,0,0,0,0,0,0,0,0,0,0,0,0,0,0,0,0,0,0,0,0,0,0,null,59,"TD_T",0,0,0,0,0,0,0,0,0,0,0,0,0,{"$error":"#VALUE!"},{"$error":"#VALUE!"},{"$error":"#VALUE!"},{"$error":"#VALUE!"},{"$error":"#VALUE!"},{"$error":"#VALUE!"},{"$error":"#VALUE!"},{"$error":"#VALUE!"}]
[58,"P90",null,null,null,null,null,null,null,null,null,null,null,null,null,null,null,null,null,null,null,null,null,null,null,null,null,null,null,null,null,null,"P90",0,0,0,0,0,0,0,0,0,0,0,0,0,0,0,0,0,0,0,0,0,0,0,0,0,0,0,0,null,null,"P90",0,0,0,0,0,0,0,0,0,0,0,0,0,0,0,0,0,0,0,0,0,0,0,0,0,0,0,0,null,60,"P90",0,0,0,0,0,0,0,0,0,0,0,0,0,{"$error":"#VALUE!"},{"$error":"#VALUE!"},{"$error":"#VALUE!"},{"$error":"#VALUE!"},{"$error":"#VALUE!"},{"$error":"#VALUE!"},{"$error":"#VALUE!"},{"$error":"#VALUE!"}]
[59,"P75",null,null,null,null,null,null,null,null,null,null,null,null,null,null,null,null,null,null,null,null,null,null,null,null,null,null,null,null,null,null,"P75",0,0,0,0,0,0,0,0,0,0,0,0,0,0,0,0,0,0,0,0,0,0,0,0,0,0,0,0,null,null,"P75",0,0,0,0,0,0,0,0,0,0,0,0,0,0,0,0,0,0,0,0,0,0,0,0,0,0,0,0,null,61,"P75",0,0,0,0,0,0,0,0,0,0,0,0,0,{"$error":"#VALUE!"},{"$error":"#VALUE!"},{"$error":"#VALUE!"},{"$error":"#VALUE!"},{"$error":"#VALUE!"},{"$error":"#VALUE!"},{"$error":"#VALUE!"},{"$error":"#VALUE!"}]
[60,"P50",null,null,null,null,null,null,null,null,null,null,null,null,null,null,null,null,null,null,null,null,null,null,null,null,null,null,null,null,null,null,"P50",0,0,0,0,0,0,0,0,0,0,0,0,0,0,0,0,0,0,0,0,0,0,0,0,0,0,0,0,null,null,"P50",0,0,0,0,0,0,0,0,0,0,0,0,0,0,0,0,0,0,0,0,0,0,0,0,0,0,0,0,null,62,"P50",0,0,0,0,0,0,0,0,0,0,0,0,0,{"$error":"#VALUE!"},{"$error":"#VALUE!"},{"$error":"#VALUE!"},{"$error":"#VALUE!"},{"$error":"#VALUE!"},{"$error":"#VALUE!"},{"$error":"#VALUE!"},{"$error":"#VALUE!"}]
[61,"P25",null,null,null,null,null,null,null,null,null,null,null,null,null,null,null,null,null,null,null,null,null,null,null,null,null,null,null,null,null,null,"P25",{"$f":"(D72-C72)/(D$10-C$10)","v":0},0,0,0,0,0,0,0,0,0,0,0,0,0,0,0,0,0,0,0,0,0,0,0,0,0,0,0,null,null,"P25",0,0,0,0,0,0,0,0,0,0,0,0,0,{"$f":"Q72-(AU72*Q$10)","v":0},0,0,0,0,0,0,0,0,0,0,0,0,0,0,null,63,"P25",0,0,0,0,0,0,0,0,0,0,0,0,0,{"$error":"#VALUE!"},{"$error":"#VALUE!"},{"$error":"#VALUE!"},{"$error":"#VALUE!"},{"$error":"#VALUE!"},{"$error":"#VALUE!"},{"$error":"#VALUE!"},{"$error":"#VALUE!"}]
[62,"P10",null,null,null,null,null,null,null,null,null,null,null,null,null,null,null,null,null,null,null,null,null,null,null,null,null,null,null,null,null,null,"P10",0,0,0,0,0,0,0,0,0,0,0,0,0,0,0,0,0,0,0,0,0,0,0,0,0,0,0,0,null,null,"P10",{"$f":"D73-(AH73*D$10)","v":0},0,0,0,0,0,0,0,0,0,0,0,0,0,0,0,0,0,0,0,0,0,0,0,0,0,0,0,null,64,"P10",{"$f":"ROUND((1+$CU$9)*(HLOOKUP(CR$10,$AH$9:$BI$180,$A73+3)*CR$10+HLOOKUP(CR$10,$BM$9:$CO$180,$A73+3)),$CX$9)","v":0},0,0,0,0,0,0,0,0,0,{"$f":"ROUND((1+$CU$9)*(HLOOKUP(DB$10,$AH$9:$BI$180,$A73+3)*DB$10+HLOOKUP(DB$10,$BM$9:$CO$180,$A73+3)),$CX$9)","v":0},0,0,{"$error":"#VALUE!"},{"$error":"#VALUE!"},{"$error":"#VALUE!"},{"$error":"#VALUE!"},{"$error":"#VALUE!"},{"$error":"#VALUE!"},{"$error":"#VALUE!"},{"$error":"#VALUE!"}]
[63,"AVG",null,null,null,null,null,null,null,null,null,null,null,null,null,null,null,null,null,null,null,null,null,null,null,null,null,null,null,null,null,null,"AVG",0,0,0,0,0,0,0,0,0,0,0,0,0,0,0,0,0,0,0,0,0,0,0,0,0,0,0,0,null,null,"AVG",0,0,0,0,0,0,0,0,0,0,0,0,0,0,0,0,0,0,0,0,0,0,0,0,0,0,0,0,null,65,"AVG",0,0,0,0,0,0,0,0,0,0,0,0,0,{"$error":"#VALUE!"},{"$error":"#VALUE!"},{"$error":"#VALUE!"},{"$error":"#VALUE!"},{"$error":"#VALUE!"},{"$error":"#VALUE!"},{"$error":"#VALUE!"},{"$error":"#VALUE!"}]
[64,"N",null,null,null,null,null,null,null,null,null,null,null,null,null,null,null,null,null,null,null,null,null,null,null,null,null,null,null,null,null,null,"N",0,0,0,0,0,0,0,0,0,0,0,0,0,0,0,0,0,0,0,0,0,{"$f":"(Y75-X75)/(Y$10-X$10)","v":0},0,0,0,0,0,0,null,null,"N",0,0,0,0,0,0,0,0,0,0,0,0,0,0,0,0,0,0,0,0,0,0,0,0,0,0,0,0,null,{"$f":"CP74+1","v":66},"N",0,0,0,0,0,0,0,0,0,0,0,0,0,{"$error":"#VALUE!"},{"$error":"#VALUE!"},{"$error":"#VALUE!"},{"$error":"#VALUE!"},{"$error":"#VALUE!"},{"$error":"#VALUE!"},{"$error":"#VALUE!"},{"$error":"#VALUE!"}]
[65,"BV",null,null,null,null,null,null,null,null,null,null,null,null,null,null,null,null,null,null,null,null,null,null,null,null,null,null,null,null,null,null,{"$f":"B76","v":"BV"},0,0,0,0,0,0,0,0,0,0,0,0,0,0,0,0,{"$f":"(T76-S76)/(T$10-S$10)","v":0},0,0,0,0,0,0,0,0,0,0,0,null,null,{"$f":"B76","v":"BV"},0,0,0,0,0,0,0,0,0,0,0,0,0,0,0,0,0,0,0,0,0,0,0,0,0,{"$f":"AC76-(BH76*AC$10)","v":0},{"$f":"AE76-(BI76*AE$10)","v":0},0,null,67,{"$f":"B76","v":"BV"},0,0,0,0,0,0,0,0,0,0,0,0,0,{"$error":"#VALUE!"},{"$error":"#VALUE!"},{"$error":"#VALUE!"},{"$error":"#VALUE!"},{"$error":"#VALUE!"},{"$error":"#VALUE!"},{"$error":"#VALUE!"},{"$error":"#VALUE!"}]
[{"$f":"A76+1","v":66},"P90",null,null,null,null,null,null,null,null,null,null,null,null,null,null,null,null,null,null,null,null,null,null,null,null,null,null,null,null,null,null,"P90",0,0,0,0,0,0,0,0,0,0,0,0,0,0,0,0,0,0,0,0,0,0,0,0,0,0,0,0,null,null,"P90",0,0,0,0,0,0,0,0,0,0,0,0,0,0,0,0,0,0,0,0,0,0,0,0,0,0,0,0,null,68,"P90",0,0,0,0,0,0,0,0,0,0,0,0,0,{"$error":"#VALUE!"},{"$error":"#VALUE!"},{"$error":"#VALUE!"},{"$error":"#VALUE!"},{"$error":"#VALUE!"},{"$error":"#VALUE!"},{"$error":"#VALUE!"},{"$error":"#VALUE!"}]
[67,"P75",null,null,null,null,null,null,null,null,null,null,null,null,null,null,null,null,null,null,null,null,null,null,null,null,null,null,null,null,null,null,"P75",0,0,0,0,0,0,0,0,0,0,0,0,0,0,0,0,0,0,0,0,0,0,0,0,0,0,0,0,null,null,"P75",0,0,0,0,0,0,0,0,0,0,0,0,0,0,0,0,0,0,0,0,0,0,0,0,0,0,0,0,null,69,"P75",0,0,0,0,0,0,0,0,0,0,0,0,0,{"$error":"#VALUE!"},{"$error":"#VALUE!"},{"$error":"#VALUE!"},{"$error":"#VALUE!"},{"$error":"#VALUE!"},{"$error":"#VALUE!"},{"$error":"#VALUE!"},{"$error":"#VALUE!"}]
[68,"P50",null,null,null,null,null,null,null,null,null,null,null,null,null,null,null,null,null,null,null,null,null,null,null,null,null,null,null,null,null,null,"P50",0,0,0,0,0,0,0,0,0,0,0,0,0,0,0,0,0,0,0,0,0,0,0,0,0,0,0,0,null,null,"P50",0,0,0,0,0,0,0,0,0,0,0,0,0,0,0,0,0,0,0,0,0,0,0,0,0,0,0,0,null,70,"P50",0,0,0,0,0,0,0,0,0,0,0,0,0,{"$error":"#VALUE!"},{"$error":"#VALUE!"},{"$error":"#VALUE!"},{"$error":"#VALUE!"},{"$error":"#VALUE!"},{"$error":"#VALUE!"},{"$error":"#VALUE!"},{"$error":"#VALUE!"}]
[69,"P25",null,null,null,null,null,null,null,null,null,null,null,null,null,null,null,null,null,null,null,null,null,null,null,null,null,null,null,null,null,null,"P25",0,0,0,0,0,0,0,0,0,0,0,0,0,0,0,0,0,0,0,0,0,0,0,0,0,0,0,0,null,null,"P25",0,0,0,0,0,0,0,0,0,0,0,0,0,0,0,0,0,0,0,0,0,0,0,0,0,0,0,0,null,71,"P25",0,0,0,0,0,0,0,0,0,0,0,0,0,{"$error":"#VALUE!"},{"$error":"#VALUE!"},{"$error":"#VALUE!"},{"$error":"#VALUE!"},{"$error":"#VALUE!"},{"$error":"#VALUE!"},{"$error":"#VALUE!"},{"$error":"#VALUE!"}]
[70,"P10",null,null,null,null,null,null,null,null,null,null,null,null,null,null,null,null,null,null,null,null,null,null,null,null,null,null,null,null,null,null,"P10",0,0,0,0,0,0,0,0,0,0,0,0,0,0,0,0,0,0,0,0,0,0,0,0,0,0,0,0,null,null,"P10",0,0,0,0,0,0,0,0,0,0,0,0,0,0,0,0,0,0,0,0,0,0,0,0,0,0,0,0,null,72,"P10",0,0,0,0,0,0,0,0,0,0,0,0,0,{"$error":"#VALUE!"},{"$error":"#VALUE!"},{"$error":"#VALUE!"},{"$error":"#VALUE!"},{"$error":"#VALUE!"},{"$error":"#VALUE!"},{"$error":"#VALUE!"},{"$error":"#VALUE!"}]
[71,"AVG",null,null,null,null,null,null,null,null,null,null,null,null,null,null,null,null,null,null,null,null,null,null,null,null,null,null,null,null,null,null,"AVG",0,0,0,0,0,0,0,0,0,0,0,0,0,0,0,0,0,0,0,0,0,0,0,0,0,0,0,0,null,null,"AVG",0,0,0,0,0,0,0,0,0,0,0,0,0,0,0,0,0,0,0,0,0,0,0,0,0,0,0,0,null,73,"AVG",0,0,0,0,0,0,0,0,0,0,0,0,0,{"$error":"#VALUE!"},{"$error":"#VALUE!"},{"$error":"#VALUE!"},{"$error":"#VALUE!"},{"$error":"#VALUE!"},{"$error":"#VALUE!"},{"$error":"#VALUE!"},{"$error":"#VALUE!"}]
[72,"N",null,null,null,null,null,null,null,null,null,null,null,null,null,null,null,null,null,null,null,null,null,null,null,null,null,null,null,null,null,null,"N",0,0,0,0,0,0,0,0,0,0,0,0,0,0,0,0,0,0,0,0,0,0,0,0,0,0,0,0,null,null,"N",0,0,0,0,0,0,0,0,0,0,0,0,0,0,0,0,0,0,0,0,0,0,0,0,0,0,0,0,null,74,"N",{"$f":"ROUND((1+$CU$9)*(HLOOKUP(CR$10,$AH$9:$BI$180,$A83+3)*CR$10+HLOOKUP(CR$10,$BM$9:$CO$180,$A83+3)),$CX$9)","v":0},0,0,0,0,0,0,0,0,0,{"$f":"ROUND((1+$CU$9)*(HLOOKUP(DB$10,$AH$9:$BI$180,$A83+3)*DB$10+HLOOKUP(DB$10,$BM$9:$CO$180,$A83+3)),$CX$9)","v":0},0,0,{"$error":"#VALUE!"},{"$error":"#VALUE!"},{"$error":"#VALUE!"},{"$error":"#VALUE!"},{"$error":"#VALUE!"},{"$error":"#VALUE!"},{"$error":"#VALUE!"},{"$error":"#VALUE!"}]
[73,"BV+TA",null,null,null,null,null,null,null,null,null,null,null,null,null,null,null,null,null,null,null,null,null,null,null,null,null,null,null,null,null,null,"BV+TA",0,0,0,0,0,0,0,0,0,0,0,0,0,0,0,0,0,0,0,0,0,0,0,0,0,0,0,0,null,null,"BV+TA",0,0,0,0,0,0,0,0,0,0,0,0,0,0,0,0,0,0,0,0,0,0,0,0,0,0,0,0,null,75,"BV+TA",0,0,0,0,0,0,0,0,0,0,0,0,0,{"$error":"#VALUE!"},{"$error":"#VALUE!"},{"$error":"#VALUE!"},{"$error":"#VALUE!"},{"$error":"#VALUE!"},{"$error":"#VALUE!"},{"$error":"#VALUE!"},{"$error":"#VALUE!"}]
[74,"P90",null,null,null,null,null,null,null,null,null,null,null,null,null,null,null,null,null,null,null,null,null,null,null,null,null,null,null,null,null,null,"P90",0,0,0,0,0,0,0,0,0,0,0,0,0,0,0,0,0,0,0,0,0,0,0,0,0,0,0,0,null,null,"P90",0,0,0,0,0,0,0,0,0,0,0,0,0,0,0,0,0,0,0,0,0,0,0,0,0,0,0,0,null,76,"P90",0,0,0,0,0,0,0,0,0,0,0,0,0,{"$error":"#VALUE!"},{"$error":"#VALUE!"},{"$error":"#VALUE!"},{"$error":"#VALUE!"},{"$error":"#VALUE!"},{"$error":"#VALUE!"},{"$error":"#VALUE!"},{"$error":"#VALUE!"}]
[75,"P75",null,null,null,null,null,null,null,null,null,null,null,null,null,null,null,null,null,null,null,null,null,null,null,null,null,null,null,null,null,null,"P75",0,0,0,0,0,0,0,0,0,0,0,0,0,0,0,0,0,0,0,0,0,0,0,0,0,0,0,0,null,null,"P75",0,0,0,0,0,0,0,0,0,0,0,0,0,0,0,0,0,0,0,0,0,0,0,0,0,0,0,0,null,77,"P75",0,0,0,0,0,0,0,0,0,0,0,0,0,{"$error":"#VALUE!"},{"$error":"#VALUE!"},{"$error":"#VALUE!"},{"$error":"#VALUE!"},{"$error":"#VALUE!"},{"$error":"#VALUE!"},{"$error":"#VALUE!"},{"$error":"#VALUE!"}]
[76,"P50",null,null,null,null,null,null,null,null,null,null,null,null,null,null,null,null,null,null,null,null,null,null,null,null,null,null,null,null,null,null,"P50",0,0,0,0,0,0,0,0,0,0,0,0,0,0,0,0,0,0,0,0,0,0,0,0,0,0,0,0,null,null,"P50",0,0,0,0,0,0,0,0,0,0,0,0,0,0,0,0,0,0,0,0,0,0,0,0,0,0,0,0,null,78,"P50",0,0,0,0,0,0,0,0,0,0,0,0,0,{"$error":"#VALUE!"},{"$error":"#VALUE!"},{"$error":"#VALUE!"},{"$error":"#VALUE!"},{"$error":"#VALUE!"},{"$error":"#VALUE!"},{"$error":"#VALUE!"},{"$error":"#VALUE!"}]
[77,"P25",null,null,null,null,null,null,null,null,null,null,null,null,null,null,null,null,null,null,null,null,null,null,null,null,null,null,null,null,null,null,"P25",0,0,{"$f":"(F88-E88)/(F$10-E$10)","v":0},0,0,0,0,0,0,0,0,0,0,0,0,0,0,0,0,0,0,0,0,0,0,0,0,0,null,null,"P25",0,0,0,0,0,0,0,0,0,0,0,0,0,0,0,0,0,0,0,0,0,0,0,0,0,0,0,0,null,79,"P25",0,0,0,0,0,0,0,0,0,0,0,0,0,{"$error":"#VALUE!"},{"$error":"#VALUE!"},{"$error":"#VALUE!"},{"$error":"#VALUE!"},{"$error":"#VALUE!"},{"$error":"#VALUE!"},{"$error":"#VALUE!"},{"$error":"#VALUE!"}]
[78,"P10",null,null,null,null,null,null,null,null,null,null,null,null,null,null,null,null,null,null,null,null,null,null,null,null,null,null,null,null,null,null,"P10",0,0,0,0,0,0,0,0,0,0,0,0,0,0,0,0,0,0,0,0,0,0,0,0,0,0,0,0,null,null,"P10",0,0,0,0,0,0,0,0,0,0,0,0,0,0,0,0,0,0,0,0,0,0,0,0,0,0,0,0,null,80,"P10",0,0,0,0,0,0,0,0,0,0,0,0,0,{"$error":"#VALUE!"},{"$error":"#VALUE!"},{"$error":"#VALUE!"},{"$error":"#VALUE!"},{"$error":"#VALUE!"},{"$error":"#VALUE!"},{"$error":"#VALUE!"},{"$error":"#VALUE!"}]
[79,"AVG",null,null,null,null,null,null,null,null,null,null,null,null,null,null,null,null,null,null,null,null,null,null,null,null,null,null,null,null,null,null,"AVG",0,0,0,0,0,0,0,0,0,0,0,0,0,0,0,0,0,0,0,0,0,0,0,0,0,0,0,0,null,null,"AVG",0,0,0,0,0,0,0,0,0,0,0,0,0,0,0,0,0,0,0,0,0,0,0,0,0,0,0,0,null,81,"AVG",0,0,0,0,0,0,0,0,0,0,0,0,0,{"$error":"#VALUE!"},{"$error":"#VALUE!"},{"$error":"#VALUE!"},{"$error":"#VALUE!"},{"$error":"#VALUE!"},{"$error":"#VALUE!"},{"$error":"#VALUE!"},{"$error":"#VALUE!"}]
[80,"N",null,null,null,null,null,null,null,null,null,null,null,null,null,null,null,null,null,null,null,null,null,null,null,null,null,null,null,null,null,null,"N",0,0,0,0,0,0,0,0,0,0,0,0,0,0,0,0,0,0,0,0,0,0,0,0,0,0,0,0,null,null,"N",0,0,0,0,0,0,0,0,0,0,0,0,0,0,0,0,0,0,0,0,0,0,0,0,0,0,0,0,null,82,"N",0,0,0,0,0,0,0,0,0,0,0,0,0,{"$error":"#VALUE!"},{"$error":"#VALUE!"},{"$error":"#VALUE!"},{"$error":"#VALUE!"},{"$error":"#VALUE!"},{"$error":"#VALUE!"},{"$error":"#VALUE!"},{"$error":"#VALUE!"}]
[81,"TAR_A",null,null,null,null,null,null,null,null,null,null,null,null,null,null,null,null,null,null,null,null,null,null,null,null,null,null,null,null,null,null,"TAR_A",0,0,0,0,0,0,0,0,0,0,0,0,0,0,0,0,0,0,0,0,0,0,0,0,0,0,0,0,null,null,"TAR_A",0,0,0,0,0,0,0,0,{"$f":"L92-(AP92*L$10)","v":0},0,0,0,0,0,0,0,0,0,0,0,0,0,0,0,0,0,0,0,null,83,"TAR_A",0,0,0,0,0,0,0,0,0,0,0,0,0,{"$error":"#VALUE!"},{"$error":"#VALUE!"},{"$error":"#VALUE!"},{"$error":"#VALUE!"},{"$error":"#VALUE!"},{"$error":"#VALUE!"},{"$error":"#VALUE!"},{"$error":"#VALUE!"}]
[82,"P90",null,null,null,null,null,null,null,null,null,null,null,null,null,null,null,null,null,null,null,null,null,null,null,null,null,null,null,null,null,null,"P90",0,0,0,0,0,0,0,0,0,0,0,0,0,0,0,0,0,0,0,0,0,0,0,0,0,0,0,0,null,null,"P90",{"$f":"D93-(AH93*D$10)","v":0},0,0,0,0,0,0,0,0,0,0,0,0,0,0,0,0,0,0,0,0,0,0,0,0,0,0,0,null,84,"P90",{"$f":"ROUND((1+$CU$9)*(HLOOKUP(CR$10,$AH$9:$BI$180,$A93+3)*CR$10+HLOOKUP(CR$10,$BM$9:$CO$180,$A93+3)),$CX$9)","v":0},0,0,0,0,0,0,0,0,0,{"$f":"ROUND((1+$CU$9)*(HLOOKUP(DB$10,$AH$9:$BI$180,$A93+3)*DB$10+HLOOKUP(DB$10,$BM$9:$CO$180,$A93+3)),$CX$9)","v":0},0,0,{"$error":"#VALUE!"},{"$error":"#VALUE!"},{"$error":"#VALUE!"},{"$error":"#VALUE!"},{"$error":"#VALUE!"},{"$error":"#VALUE!"},{"$error":"#VALUE!"},{"$error":"#VALUE!"}]
[83,"P75",null,null,null,null,null,null,null,null,null,null,null,null,null,null,null,null,null,null,null,null,null,null,null,null,null,null,null,null,null,null,"P75",0,0,0,0,0,0,0,0,0,0,0,0,0,0,0,0,0,0,0,0,0,0,0,0,0,0,0,0,null,null,"P75",0,0,0,0,0,0,0,0,0,0,0,0,0,0,0,0,0,0,0,0,0,0,0,0,0,0,0,0,null,85,"P75",0,0,0,0,0,0,0,0,0,0,0,0,0,{"$error":"#VALUE!"},{"$error":"#VALUE!"},{"$error":"#VALUE!"},{"$error":"#VALUE!"},{"$error":"#VALUE!"},{"$error":"#VALUE!"},{"$error":"#VALUE!"},{"$error":"#VALUE!"}]
[84,"P50",null,null,null,null,null,null,null,null,null,null,null,null,null,null,null,null,null,null,null,null,null,null,null,null,null,null,null,null,null,null,"P50",0,0,0,0,0,0,0,0,0,0,0,0,0,0,0,0,0,0,0,0,0,0,0,0,0,0,0,0,null,null,"P50",0,0,0,0,0,0,0,0,0,0,0,0,0,0,0,0,0,0,0,0,0,0,0,0,0,0,0,0,null,86,"P50",0,0,0,0,0,0,0,0,0,0,0,0,0,{"$error":"#VALUE!"},{"$error":"#VALUE!"},{"$error":"#VALUE!"},{"$error":"#VALUE!"},{"$error":"#VALUE!"},{"$error":"#VALUE!"},{"$error":"#VALUE!"},{"$error":"#VALUE!"}]
[85,"P25",null,null,null,null,null,null,null,null,null,null,null,null,null,null,null,null,null,null,null,null,null,null,null,null,null,null,null,null,null,null,"P25",0,0,0,0,0,0,0,0,0,0,0,0,0,0,0,0,0,0,0,0,0,0,0,0,0,0,0,0,null,null,"P25",0,0,0,0,0,0,0,0,0,0,0,0,0,0,0,0,0,0,0,0,0,0,0,0,0,0,0,0,null,87,"P25",0,0,0,0,0,0,0,0,0,0,0,0,0,{"$error":"#VALUE!"},{"$error":"#VALUE!"},{"$error":"#VALUE!"},{"$error":"#VALUE!"},{"$error":"#VALUE!"},{"$error":"#VALUE!"},{"$error":"#VALUE!"},{"$error":"#VALUE!"}]
[86,"P10",null,null,null,null,null,null,null,null,null,null,null,null,null,null,null,null,null,null,null,null,null,null,null,null,null,null,null,null,null,null,"P10",0,0,0,0,0,0,0,0,0,0,0,0,0,0,0,0,0,0,0,0,0,0,0,0,0,0,0,0,null,null,"P10",0,0,0,0,0,0,0,0,0,0,0,0,0,0,0,0,0,0,0,0,0,0,0,0,0,0,0,0,null,88,"P10",0,0,0,0,0,0,0,0,0,0,0,0,0,{"$error":"#VALUE!"},{"$error":"#VALUE!"},{"$error":"#VALUE!"},{"$error":"#VALUE!"},{"$error":"#VALUE!"},{"$error":"#VALUE!"},{"$error":"#VALUE!"},{"$error":"#VALUE!"}]
[87,"AVG",null,null,null,null,null,null,null,null,null,null,null,null,null,null,null,null,null,null,null,null,null,null,null,null,null,null,null,null,null,null,"AVG",0,0,0,0,0,0,0,0,0,0,0,0,0,0,0,0,0,0,0,0,0,0,0,0,0,0,0,0,null,null,"AVG",0,0,0,0,0,0,0,0,0,0,0,0,0,0,0,0,0,0,0,0,0,0,0,0,0,0,0,0,null,89,"AVG",0,0,0,0,0,0,0,0,0,0,0,0,0,{"$error":"#VALUE!"},{"$error":"#VALUE!"},{"$error":"#VALUE!"},{"$error":"#VALUE!"},{"$error":"#VALUE!"},{"$error":"#VALUE!"},{"$error":"#VALUE!"},{"$error":"#VALUE!"}]
[88,"N",null,null,null,null,null,null,null,null,null,null,null,null,null,null,null,null,null,null,null,null,null,null,null,null,null,null,null,null,null,null,"N",0,0,0,0,0,0,0,0,0,0,0,0,0,0,0,0,0,0,0,0,0,0,0,0,0,0,0,0,null,null,"N",0,0,0,0,0,0,0,0,0,0,0,0,0,0,0,0,0,0,0,0,0,0,0,0,0,0,0,0,null,90,"N",0,0,0,0,0,0,0,0,0,0,0,0,0,{"$error":"#VALUE!"},{"$error":"#VALUE!"},{"$error":"#VALUE!"},{"$error":"#VALUE!"},{"$error":"#VALUE!"},{"$error":"#VALUE!"},{"$error":"#VALUE!"},{"$error":"#VALUE!"}]
[89,"TAR_T",null,null,null,null,null,null,null,null,null,null,null,null,null,null,null,null,null,null,null,null,null,null,null,null,null,null,null,null,null,null,"TAR_T",0,0,0,0,0,0,0,0,0,0,0,0,0,0,0,0,0,0,0,0,0,0,0,0,0,0,0,0,null,null,"TAR_T",0,0,0,0,0,0,0,0,0,0,0,0,0,0,0,0,0,0,0,0,0,0,0,0,0,0,0,0,null,91,"TAR_T",0,0,0,0,0,0,0,0,0,0,0,0,0,{"$error":"#VALUE!"},{"$error":"#VALUE!"},{"$error":"#VALUE!"},{"$error":"#VALUE!"},{"$error":"#VALUE!"},{"$error":"#VALUE!"},{"$error":"#VALUE!"},{"$error":"#VALUE!"}]
[90,"P90",null,null,null,null,null,null,null,null,null,null,null,null,null,null,null,null,null,null,null,null,null,null,null,null,null,null,null,null,null,null,"P90",0,0,0,0,0,0,0,0,0,0,0,0,0,0,0,0,0,0,0,0,0,0,0,0,0,0,0,0,null,null,"P90",0,0,0,0,0,0,0,0,0,0,0,0,0,0,0,0,0,0,0,0,0,0,0,0,0,0,0,0,null,92,"P90",0,0,0,0,0,0,0,0,0,0,0,0,0,{"$error":"#VALUE!"},{"$error":"#VALUE!"},{"$error":"#VALUE!"},{"$error":"#VALUE!"},{"$error":"#VALUE!"},{"$error":"#VALUE!"},{"$error":"#VALUE!"},{"$error":"#VALUE!"}]
[91,"P75",null,null,null,null,null,null,null,null,null,null,null,null,null,null,null,null,null,null,null,null,null,null,null,null,null,null,null,null,null,null,"P75",0,0,0,0,0,0,0,0,0,0,0,0,0,0,0,0,0,0,0,0,0,0,0,0,0,0,0,0,null,null,"P75",0,0,0,0,0,0,0,0,0,0,0,0,0,0,0,0,0,0,0,0,0,0,0,0,0,0,0,0,null,93,"P75",0,0,0,0,0,0,0,0,0,0,0,0,0,{"$error":"#VALUE!"},{"$error":"#VALUE!"},{"$error":"#VALUE!"},{"$error":"#VALUE!"},{"$error":"#VALUE!"},{"$error":"#VALUE!"},{"$error":"#VALUE!"},{"$error":"#VALUE!"}]
[92,"P50",null,null,null,null,null,null,null,null,null,null,null,null,null,null,null,null,null,null,null,null,null,null,null,null,null,null,null,null,null,null,"P50",0,0,0,0,0,0,0,0,0,0,0,0,0,0,0,0,0,0,0,0,0,0,0,0,0,0,0,0,null,null,"P50",0,0,0,0,0,0,0,0,0,0,0,0,0,0,0,0,0,0,0,0,0,0,0,0,0,0,0,0,null,94,"P50",{"$f":"ROUND((1+$CU$9)*(HLOOKUP(CR$10,$AH$9:$BI$180,$A103+3)*CR$10+HLOOKUP(CR$10,$BM$9:$CO$180,$A103+3)),$CX$9)","v":0},0,0,0,0,0,0,0,0,0,{"$f":"ROUND((1+$CU$9)*(HLOOKUP(DB$10,$AH$9:$BI$180,$A103+3)*DB$10+HLOOKUP(DB$10,$BM$9:$CO$180,$A103+3)),$CX$9)","v":0},0,0,{"$error":"#VALUE!"},{"$error":"#VALUE!"},{"$error":"#VALUE!"},{"$error":"#VALUE!"},{"$error":"#VALUE!"},{"$error":"#VALUE!"},{"$error":"#VALUE!"},{"$error":"#VALUE!"}]
[93,"P25",null,null,null,null,null,null,null,null,null,null,null,null,null,null,null,null,null,null,null,null,null,null,null,null,null,null,null,null,null,null,"P25",0,{"$f":"(E104-D104)/(E$10-D$10)","v":0},0,0,0,0,0,0,0,0,0,0,0,0,0,0,0,0,0,0,0,0,0,0,0,0,0,0,null,null,"P25",0,0,0,0,0,0,0,0,0,0,0,0,0,0,0,0,0,0,0,0,0,0,0,0,{"$f":"AB104-(BF104*AB$10)","v":0},0,0,0,null,95,"P25",0,0,0,0,0,0,0,0,0,0,0,0,0,{"$error":"#VALUE!"},{"$error":"#VALUE!"},{"$error":"#VALUE!"},{"$error":"#VALUE!"},{"$error":"#VALUE!"},{"$error":"#VALUE!"},{"$error":"#VALUE!"},{"$error":"#VALUE!"}]
[94,"P10",null,null,null,null,null,null,null,null,null,null,null,null,null,null,null,null,null,null,null,null,null,null,null,null,null,null,null,null,null,null,"P10",0,0,0,0,0,0,0,0,0,0,0,0,0,0,0,0,0,0,0,0,0,0,0,0,0,0,0,0,null,null,"P10",0,0,0,0,0,0,0,0,0,0,0,0,0,0,0,0,0,0,0,0,0,0,0,0,0,0,0,0,null,96,"P10",0,0,0,0,0,0,0,0,0,0,0,0,0,{"$error":"#VALUE!"},{"$error":"#VALUE!"},{"$error":"#VALUE!"},{"$error":"#VALUE!"},{"$error":"#VALUE!"},{"$error":"#VALUE!"},{"$error":"#VALUE!"},{"$error":"#VALUE!"}]
[95,"AVG",null,null,null,null,null,null,null,null,null,null,null,null,null,null,null,null,null,null,null,null,null,null,null,null,null,null,null,null,null,null,"AVG",0,0,0,0,0,0,0,0,0,0,0,0,0,0,0,0,0,0,0,0,0,0,0,0,0,0,0,0,null,null,"AVG",0,0,0,0,0,0,0,0,0,0,0,0,0,0,0,0,0,0,0,0,0,0,0,0,0,0,0,0,null,97,"AVG",0,0,0,0,0,0,0,0,0,0,0,0,0,{"$error":"#VALUE!"},{"$error":"#VALUE!"},{"$error":"#VALUE!"},{"$error":"#VALUE!"},{"$error":"#VALUE!"},{"$error":"#VALUE!"},{"$error":"#VALUE!"},{"$error":"#VALUE!"}]
[96,"N",null,null,null,null,null,null,null,null,null,null,null,null,null,null,null,null,null,null,null,null,null,null,null,null,null,null,null,null,null,null,"N",0,0,0,0,0,0,0,0,0,0,0,0,0,0,0,0,0,0,0,0,0,0,0,0,0,0,0,0,null,null,"N",0,0,0,0,0,0,0,0,0,0,0,0,0,0,0,0,0,0,0,0,0,0,0,0,0,0,0,0,null,98,"N",0,0,0,0,0,0,0,0,0,0,0,0,0,{"$error":"#VALUE!"},{"$error":"#VALUE!"},{"$error":"#VALUE!"},{"$error":"#VALUE!"},{"$error":"#VALUE!"},{"$error":"#VALUE!"},{"$error":"#VALUE!"},{"$error":"#VALUE!"}]
[97,"TR_A",null,null,null,null,null,null,null,null,null,null,null,null,null,null,null,null,null,null,null,null,null,null,null,null,null,null,null,null,null,null,"TR_A",0,0,0,0,0,0,0,0,0,0,0,0,0,0,0,0,0,0,0,0,0,0,0,0,0,0,0,0,null,null,"TR_A",0,0,0,0,0,0,0,0,0,0,0,0,0,0,0,0,0,0,0,0,0,0,0,0,0,0,{"$f":"AE108-(BI108*AE$10)","v":0},0,null,99,"TR_A",0,0,0,0,0,0,0,0,0,0,0,0,0,{"$error":"#VALUE!"},{"$error":"#VALUE!"},{"$error":"#VALUE!"},{"$error":"#VALUE!"},{"$error":"#VALUE!"},{"$error":"#VALUE!"},{"$error":"#VALUE!"},{"$error":"#VALUE!"}]
[98,"P90",null,null,null,null,null,null,null,null,null,null,null,null,null,null,null,null,null,null,null,null,null,null,null,null,null,null,null,null,null,null,"P90",0,0,0,0,0,0,0,0,0,0,0,0,0,0,0,0,0,0,0,0,0,0,0,0,0,0,0,0,null,null,"P90",0,0,0,0,0,0,0,0,0,0,0,0,0,0,{"$f":"R109-(AV109*R$10)","v":0},0,0,0,0,0,0,0,0,0,0,0,0,0,null,100,"P90",0,0,0,0,0,0,0,0,0,0,0,0,0,{"$error":"#VALUE!"},{"$error":"#VALUE!"},{"$error":"#VALUE!"},{"$error":"#VALUE!"},{"$error":"#VALUE!"},{"$error":"#VALUE!"},{"$error":"#VALUE!"},{"$error":"#VALUE!"}]
[99,"P75",null,null,null,null,null,null,null,null,null,null,null,null,null,null,null,null,null,null,null,null,null,null,null,null,null,null,null,null,null,null,"P75",0,0,0,0,0,0,0,0,0,0,0,0,0,0,0,0,0,0,0,0,0,0,0,0,0,0,0,0,null,null,"P75",0,0,0,0,0,0,0,0,0,0,0,0,0,0,0,0,0,0,0,0,0,0,0,0,0,0,0,0,null,101,"P75",0,0,0,0,0,0,0,0,0,0,0,0,0,{"$error":"#VALUE!"},{"$error":"#VALUE!"},{"$error":"#VALUE!"},{"$error":"#VALUE!"},{"$error":"#VALUE!"},{"$error":"#VALUE!"},{"$error":"#VALUE!"},{"$error":"#VALUE!"}]
[100,"P50",null,null,null,null,null,null,null,null,null,null,null,null,null,null,null,null,null,null,null,null,null,null,null,null,null,null,null,null,null,null,"P50",0,0,0,0,0,0,0,0,0,0,0,0,0,0,0,0,0,0,0,0,0,0,0,0,0,0,0,0,null,null,"P50",0,0,0,0,0,0,0,0,0,0,0,0,0,0,0,0,0,0,0,0,0,0,0,0,0,0,0,0,null,102,"P50",0,0,0,0,0,0,0,0,0,0,0,0,0,{"$error":"#VALUE!"},{"$error":"#VALUE!"},{"$error":"#VALUE!"},{"$error":"#VALUE!"},{"$error":"#VALUE!"},{"$error":"#VALUE!"},{"$error":"#VALUE!"},{"$error":"#VALUE!"}]
[101,"P25",null,null,null,null,null,null,null,null,null,null,null,null,null,null,null,null,null,null,null,null,null,null,null,null,null,null,null,null,null,null,"P25",0,0,0,0,0,0,0,0,0,0,0,0,0,0,0,0,0,0,0,0,0,0,0,0,0,0,0,0,null,null,"P25",0,0,0,0,0,0,0,0,0,0,0,0,0,0,0,0,0,0,0,0,0,0,0,0,0,0,0,0,null,103,"P25",0,0,0,0,0,0,0,0,0,0,0,0,0,{"$error":"#VALUE!"},{"$error":"#VALUE!"},{"$error":"#VALUE!"},{"$error":"#VALUE!"},{"$error":"#VALUE!"},{"$error":"#VALUE!"},{"$error":"#VALUE!"},{"$error":"#VALUE!"}]
[102,"P10",null,null,null,null,null,null,null,null,null,null,null,null,null,null,null,null,null,null,null,null,null,null,null,null,null,null,null,null,null,null,"P10",0,0,0,0,0,0,0,0,0,0,0,0,0,0,0,0,0,0,0,0,0,0,0,0,0,0,0,0,null,null,"P10",0,0,0,0,0,0,0,0,0,0,0,0,0,0,0,0,0,0,0,0,0,0,0,0,0,0,0,0,null,104,"P10",{"$f":"ROUND((1+$CU$9)*(HLOOKUP(CR$10,$AH$9:$BI$180,$A113+3)*CR$10+HLOOKUP(CR$10,$BM$9:$CO$180,$A113+3)),$CX$9)","v":0},0,0,0,0,0,0,0,0,0,{"$f":"ROUND((1+$CU$9)*(HLOOKUP(DB$10,$AH$9:$BI$180,$A113+3)*DB$10+HLOOKUP(DB$10,$BM$9:$CO$180,$A113+3)),$CX$9)","v":0},0,0,{"$error":"#VALUE!"},{"$error":"#VALUE!"},{"$error":"#VALUE!"},{"$error":"#VALUE!"},{"$error":"#VALUE!"},{"$error":"#VALUE!"},{"$error":"#VALUE!"},{"$error":"#VALUE!"}]
[103,"AVG",null,null,null,null,null,null,null,null,null,null,null,null,null,null,null,null,null,null,null,null,null,null,null,null,null,null,null,null,null,null,"AVG",0,0,0,0,0,0,0,0,0,0,0,0,0,0,0,0,0,0,0,0,0,0,0,0,0,0,0,0,null,null,"AVG",0,0,0,0,0,0,0,0,0,0,0,0,0,0,0,0,0,0,0,0,0,0,0,0,0,0,0,0,null,105,"AVG",0,0,0,0,0,0,0,0,0,0,0,0,0,{"$error":"#VALUE!"},{"$error":"#VALUE!"},{"$error":"#VALUE!"},{"$error":"#VALUE!"},{"$error":"#VALUE!"},{"$error":"#VALUE!"},{"$error":"#VALUE!"},{"$error":"#VALUE!"}]
[104,"N",null,null,null,null,null,null,null,null,null,null,null,null,null,null,null,null,null,null,null,null,null,null,null,null,null,null,null,null,null,null,"N",0,0,0,0,0,0,0,0,0,0,0,0,0,0,0,0,0,0,0,0,0,0,0,0,0,0,0,0,null,null,"N",0,0,0,0,0,0,0,0,0,0,0,0,0,0,0,0,0,0,0,0,0,0,0,0,0,0,0,0,null,106,"N",0,0,0,0,0,0,0,0,0,0,0,0,0,{"$error":"#VALUE!"},{"$error":"#VALUE!"},{"$error":"#VALUE!"},{"$error":"#VALUE!"},{"$error":"#VALUE!"},{"$error":"#VALUE!"},{"$error":"#VALUE!"},{"$error":"#VALUE!"}]
[105,"TR_T",null,null,null,null,null,null,null,null,null,null,null,null,null,null,null,null,null,null,null,null,null,null,null,null,null,null,null,null,null,null,"TR_T",0,0,0,0,0,0,0,0,0,0,0,0,0,0,0,0,0,0,0,0,0,0,0,0,0,0,0,0,null,null,"TR_T",0,0,0,0,0,0,0,0,0,0,0,0,0,0,0,0,0,0,0,0,0,0,0,0,0,0,0,0,null,107,"TR_T",0,0,0,0,0,0,0,0,0,0,0,0,0,{"$error":"#VALUE!"},{"$error":"#VALUE!"},{"$error":"#VALUE!"},{"$error":"#VALUE!"},{"$error":"#VALUE!"},{"$error":"#VALUE!"},{"$error":"#VALUE!"},{"$error":"#VALUE!"}]
[106,"P90",null,null,null,null,null,null,null,null,null,null,null,null,null,null,null,null,null,null,null,null,null,null,null,null,null,null,null,null,null,null,{"$f":"B117","v":"P90"},0,0,0,0,0,0,0,0,0,0,0,0,0,0,0,0,0,0,0,0,0,0,0,0,0,0,0,0,null,null,{"$f":"B117","v":"P90"},0,0,0,0,0,0,0,0,0,0,0,0,0,0,0,0,0,0,0,0,0,0,0,0,0,0,0,0,null,108,{"$f":"B117","v":"P90"},0,0,0,0,0,0,0,0,0,0,0,0,0,{"$error":"#VALUE!"},{"$error":"#VALUE!"},{"$error":"#VALUE!"},{"$error":"#VALUE!"},{"$error":"#VALUE!"},{"$error":"#VALUE!"},{"$error":"#VALUE!"},{"$error":"#VALUE!"}]
[107,"P75",null,null,null,null,null,null,null,null,null,null,null,null,null,null,null,null,null,null,null,null,null,null,null,null,null,null,null,null,null,null,{"$f":"B118","v":"P75"},0,0,0,0,0,0,0,0,0,0,0,0,0,0,0,0,{"$f":"(T118-S118)/(T$10-S$10)","v":0},0,0,0,0,0,0,0,0,0,0,0,null,null,{"$f":"B118","v":"P75"},0,0,0,0,0,0,0,0,0,0,0,0,0,0,0,0,0,0,0,0,0,0,0,0,0,0,0,0,null,109,{"$f":"B118","v":"P75"},0,0,0,0,0,0,0,0,0,0,0,0,0,{"$error":"#VALUE!"},{"$error":"#VALUE!"},{"$error":"#VALUE!"},{"$error":"#VALUE!"},{"$error":"#VALUE!"},{"$error":"#VALUE!"},{"$error":"#VALUE!"},{"$error":"#VALUE!"}]
[108,"P50",null,null,null,null,null,null,null,null,null,null,null,null,null,null,null,null,null,null,null,null,null,null,null,null,null,null,null,null,null,null,{"$f":"B119","v":"P50"},0,0,0,0,0,0,0,0,0,0,0,0,0,0,0,0,0,0,0,0,0,0,0,0,0,0,0,0,null,null,{"$f":"B119","v":"P50"},0,0,0,0,0,0,0,0,{"$f":"L119-(AP119*L$10)","v":0},0,0,0,0,0,0,0,0,0,0,0,0,0,0,0,0,0,0,0,null,110,{"$f":"B119","v":"P50"},0,0,0,0,0,0,0,0,0,0,0,0,0,{"$error":"#VALUE!"},{"$error":"#VALUE!"},{"$error":"#VALUE!"},{"$error":"#VALUE!"},{"$error":"#VALUE!"},{"$error":"#VALUE!"},{"$error":"#VALUE!"},{"$error":"#VALUE!"}]
[109,"P25",null,null,null,null,null,null,null,null,null,null,null,null,null,null,null,null,null,null,null,null,null,null,null,null,null,null,null,null,null,null,{"$f":"B120","v":"P25"},{"$f":"(D120-C120)/(D$10-C$10)","v":0},0,0,0,0,0,0,0,0,0,0,0,0,0,0,0,0,0,0,0,0,0,0,0,0,0,0,0,null,null,{"$f":"B120","v":"P25"},{"$f":"D120-(AH120*D$10)","v":0},0,0,0,0,0,0,0,0,0,0,0,0,0,0,0,0,0,0,0,0,0,0,0,0,0,0,0,null,111,{"$f":"B120","v":"P25"},0,0,0,0,0,0,0,0,0,0,0,0,0,{"$error":"#VALUE!"},{"$error":"#VALUE!"},{"$error":"#VALUE!"},{"$error":"#VALUE!"},{"$error":"#VALUE!"},{"$error":"#VALUE!"},{"$error":"#VALUE!"},{"$error":"#VALUE!"}]
[110,"P10",null,null,null,null,null,null,null,null,null,null,null,null,null,null,null,null,null,null,null,null,null,null,null,null,null,null,null,null,null,null,{"$f":"B121","v":"P10"},0,0,0,0,0,0,0,0,0,0,0,0,0,0,0,0,0,0,0,0,0,0,0,0,0,0,0,0,null,null,{"$f":"B121","v":"P10"},0,0,0,0,0,0,0,0,0,0,0,0,0,0,0,0,0,0,0,0,0,0,0,0,0,0,0,0,null,112,{"$f":"B121","v":"P10"},0,0,0,0,0,0,0,0,0,0,0,0,0,{"$error":"#VALUE!"},{"$error":"#VALUE!"},{"$error":"#VALUE!"},{"$error":"#VALUE!"},{"$error":"#VALUE!"},{"$error":"#VALUE!"},{"$error":"#VALUE!"},{"$error":"#VALUE!"}]
[111,"AVG",null,null,null,null,null,null,null,null,null,null,null,null,null,null,null,null,null,null,null,null,null,null,null,null,null,null,null,null,null,null,"AVG",0,0,0,0,0,0,0,0,0,0,0,0,0,0,0,0,0,0,0,0,0,0,0,0,0,0,0,0,null,null,"AVG",0,0,0,0,0,0,0,0,0,0,0,0,0,0,0,0,0,0,0,0,0,0,0,0,0,0,0,0,null,113,"AVG",0,0,0,0,0,0,0,0,0,0,0,0,0,{"$error":"#VALUE!"},{"$error":"#VALUE!"},{"$error":"#VALUE!"},{"$error":"#VALUE!"},{"$error":"#VALUE!"},{"$error":"#VALUE!"},{"$error":"#VALUE!"},{"$error":"#VALUE!"}]
[112,"N",null,null,null,null,null,null,null,null,null,null,null,null,null,null,null,null,null,null,null,null,null,null,null,null,null,null,null,null,null,null,"N",0,0,0,0,0,0,0,0,0,0,0,0,0,0,0,0,0,0,0,0,0,0,0,0,0,0,0,0,null,null,"N",0,0,0,0,0,0,0,0,0,0,0,0,0,0,0,0,0,0,0,0,0,0,0,0,0,0,0,0,null,114,"N",{"$f":"ROUND((1+$CU$9)*(HLOOKUP(CR$10,$AH$9:$BI$180,$A123+3)*CR$10+HLOOKUP(CR$10,$BM$9:$CO$180,$A123+3)),$CX$9)","v":0},0,0,0,0,0,0,0,0,0,{"$f":"ROUND((1+$CU$9)*(HLOOKUP(DB$10,$AH$9:$BI$180,$A123+3)*DB$10+HLOOKUP(DB$10,$BM$9:$CO$180,$A123+3)),$CX$9)","v":0},0,0,{"$error":"#VALUE!"},{"$error":"#VALUE!"},{"$error":"#VALUE!"},{"$error":"#VALUE!"},{"$error":"#VALUE!"},{"$error":"#VALUE!"},{"$error":"#VALUE!"},{"$error":"#VALUE!"}]
[113,null,null,null,null,null,null,null,null,null,null,null,null,null,null,null,null,null,null,null,null,null,null,null,null,null,null,null,null,null,null,null,0,0,0,0,0,0,0,0,0,0,0,0,0,0,0,0,0,0,0,0,0,0,0,0,0,0,0,0,0,null,null,0,0,0,0,0,0,0,0,0,0,0,0,0,0,0,0,0,0,0,0,0,0,0,0,0,0,0,0,0,null,115,0,0,0,0,0,0,0,0,0,0,0,0,0,0,{"$error":"#VALUE!"},{"$error":"#VALUE!"},{"$error":"#VALUE!"},{"$error":"#VALUE!"},{"$error":"#VALUE!"},{"$error":"#VALUE!"},{"$error":"#VALUE!"},{"$error":"#VALUE!"}]
[114,"P90",null,null,null,null,null,null,null,null,null,null,null,null,null,null,null,null,null,null,null,null,null,null,null,null,null,null,null,null,null,null,"P90",0,0,0,0,0,0,0,0,0,0,0,0,0,0,0,0,0,0,0,0,0,0,0,0,0,0,0,0,null,null,"P90",0,0,0,0,0,0,0,0,0,0,0,0,0,0,0,0,0,0,0,0,0,0,0,0,0,0,0,0,null,116,"P90",0,0,0,0,0,0,0,0,0,0,0,0,0,{"$error":"#VALUE!"},{"$error":"#VALUE!"},{"$error":"#VALUE!"},{"$error":"#VALUE!"},{"$error":"#VALUE!"},{"$error":"#VALUE!"},{"$error":"#VALUE!"},{"$error":"#VALUE!"}]
[115,"P75",null,null,null,null,null,null,null,null,null,null,null,null,null,null,null,null,null,null,null,null,null,null,null,null,null,null,null,null,null,null,"P75",0,0,0,0,0,0,0,0,0,0,0,0,0,0,0,0,0,0,0,0,0,0,0,0,0,0,0,0,null,null,"P75",0,0,0,0,0,0,0,0,0,0,0,0,0,0,0,0,0,0,0,0,0,0,0,0,0,0,0,0,null,117,"P75",0,0,0,0,0,0,0,0,0,0,0,0,0,{"$error":"#VALUE!"},{"$error":"#VALUE!"},{"$error":"#VALUE!"},{"$error":"#VALUE!"},{"$error":"#VALUE!"},{"$error":"#VALUE!"},{"$error":"#VALUE!"},{"$error":"#VALUE!"}]
[116,"P50",null,null,null,null,null,null,null,null,null,null,null,null,null,null,null,null,null,null,null,null,null,null,null,null,null,null,null,null,null,null,"P50",0,0,0,0,0,0,0,0,0,0,0,0,0,0,0,0,0,0,0,0,0,0,0,0,0,0,0,0,null,null,"P50",0,0,0,0,0,0,0,0,0,0,0,0,0,0,0,0,0,0,0,0,0,0,0,0,0,0,0,0,null,118,"P50",0,0,0,0,0,0,0,0,0,0,0,0,0,{"$error":"#VALUE!"},{"$error":"#VALUE!"},{"$error":"#VALUE!"},{"$error":"#VALUE!"},{"$error":"#VALUE!"},{"$error":"#VALUE!"},{"$error":"#VALUE!"},{"$error":"#VALUE!"}]
[117,"P25",null,null,null,null,null,null,null,null,null,null,null,null,null,null,null,null,null,null,null,null,null,null,null,null,null,null,null,null,null,null,"P25",0,0,0,0,0,0,0,0,0,0,0,0,0,0,0,0,0,0,0,0,0,0,0,0,0,0,0,0,null,null,"P25",0,0,0,0,0,0,0,0,0,0,0,0,0,0,0,0,0,0,0,0,0,0,0,0,0,0,0,0,null,119,"P25",0,0,0,0,0,0,0,0,0,0,0,0,0,{"$error":"#VALUE!"},{"$error":"#VALUE!"},{"$error":"#VALUE!"},{"$error":"#VALUE!"},{"$error":"#VALUE!"},{"$error":"#VALUE!"},{"$error":"#VALUE!"},{"$error":"#VALUE!"}]
[118,"P10",null,null,null,null,null,null,null,null,null,null,null,null,null,null,null,null,null,null,null,null,null,null,null,null,null,null,null,null,null,null,"P10",0,0,0,0,0,0,0,0,0,0,0,0,0,0,0,0,0,0,0,0,0,0,0,0,0,0,0,0,null,null,"P10",0,0,0,0,0,0,0,0,0,0,0,0,0,0,0,0,0,0,0,0,0,0,0,0,0,0,0,0,null,120,"P10",0,0,0,0,0,0,0,0,0,0,0,0,0,{"$error":"#VALUE!"},{"$error":"#VALUE!"},{"$error":"#VALUE!"},{"$error":"#VALUE!"},{"$error":"#VALUE!"},{"$error":"#VALUE!"},{"$error":"#VALUE!"},{"$error":"#VALUE!"}]
[119,"AVG",null,null,null,null,null,null,null,null,null,null,null,null,null,null,null,null,null,null,null,null,null,null,null,null,null,null,null,null,null,null,"AVG",0,0,0,0,0,0,0,0,0,0,0,0,0,0,0,0,0,0,0,0,0,0,0,0,0,0,0,0,null,null,"AVG",0,0,0,0,0,0,0,0,0,0,0,0,0,0,0,0,0,0,0,0,0,0,0,0,0,0,0,0,null,121,"AVG",0,0,0,0,0,0,0,0,0,0,0,0,0,{"$error":"#VALUE!"},{"$error":"#VALUE!"},{"$error":"#VALUE!"},{"$error":"#VALUE!"},{"$error":"#VALUE!"},{"$error":"#VALUE!"},{"$error":"#VALUE!"},{"$error":"#VALUE!"}]
[120,"N",null,null,null,null,null,null,null,null,null,null,null,null,null,null,null,null,null,null,null,null,null,null,null,null,null,null,null,null,null,null,"N",0,0,0,0,0,0,0,0,0,0,0,0,0,0,0,0,0,0,0,0,0,0,0,0,0,0,0,0,null,null,"N",0,0,0,0,0,0,0,0,0,0,0,0,0,0,0,0,0,0,0,0,0,0,0,0,0,0,0,0,null,122,"N",0,0,0,0,0,0,0,0,0,0,0,0,0,{"$error":"#VALUE!"},{"$error":"#VALUE!"},{"$error":"#VALUE!"},{"$error":"#VALUE!"},{"$error":"#VALUE!"},{"$error":"#VALUE!"},{"$error":"#VALUE!"},{"$error":"#VALUE!"}]
[{"$f":"A131+1","v":121},"POL",null,null,null,null,null,null,null,null,null,null,null,null,null,null,null,null,null,null,null,null,null,null,null,null,null,null,null,null,null,null,"POL",0,0,0,0,0,0,0,{"$f":"(Q132-J132)/(Q$10-J$10)","v":0},{"$f":"(R132-Q132)/(R$10-Q$10)","v":0},0,0,0,0,{"$f":"(#REF!-#REF!)/(#REF!-#REF!)","v":{"$error":"#REF!"}},{"$f":"(#REF!-#REF!)/(#REF!-#REF!)","v":{"$error":"#REF!"}},{"$f":"(#REF!-#REF!)/(#REF!-#REF!)","v":{"$error":"#REF!"}},null,null,null,null,null,null,null,null,null,null,null,null,null,null,"POL",0,0,0,0,0,0,0,{"$f":"Q132-(AO132*Q$10)","v":0},0,0,0,0,0,{"$f":"#REF!-(AU132*#REF!)","v":{"$error":"#REF!"}},{"$f":"#REF!-(AV132*#REF!)","v":{"$error":"#REF!"}},{"$f":"#REF!-(AW132*#REF!)","v":{"$error":"#REF!"}},{"$f":"#REF!-(#REF!*#REF!)","v":{"$error":"#REF!"}},null,null,null,null,null,null,null,null,null,null,null,null,{"$f":"CP131+1","v":123},"POL",{"$f":"ROUND((1+$CU$9)*(HLOOKUP(CR$10,$AH$9:$AW$180,$A132+3)*CR$10+HLOOKUP(CR$10,$BM$9:$CO$180,$A132+3)),$CX$9)","v":0},0,0,0,0,0,0,0,{"$error":"#REF!"},{"$error":"#REF!"},{"$error":"#REF!"},{"$error":"#REF!"},{"$f":"ROUND((1+$CU$9)*(HLOOKUP(DD$10,$AL$9:$AW$244,$A132+3)*DD$10+HLOOKUP(DD$10,$BQ$9:$CO$244,$A132+3)),$CX$9)","v":{"$error":"#REF!"}},{"$error":"#VALUE!"},{"$error":"#VALUE!"},{"$error":"#VALUE!"},{"$error":"#VALUE!"},{"$error":"#VALUE!"},{"$error":"#VALUE!"},{"$error":"#VALUE!"}]
[122,"P90",null,null,null,null,null,null,null,null,null,null,null,null,null,null,null,null,null,null,null,null,null,null,null,null,null,null,null,null,null,null,"P90",0,0,0,0,0,0,0,0,0,0,0,0,0,{"$f":"(#REF!-#REF!)/(#REF!-#REF!)","v":{"$error":"#REF!"}},{"$f":"(#REF!-#REF!)/(#REF!-#REF!)","v":{"$error":"#REF!"}},{"$f":"(#REF!-#REF!)/(#REF!-#REF!)","v":{"$error":"#REF!"}},null,null,null,null,null,null,null,null,null,null,null,null,null,null,"P90",0,0,0,0,0,0,0,0,0,0,0,0,0,{"$f":"#REF!-(AU133*#REF!)","v":{"$error":"#REF!"}},{"$f":"#REF!-(AV133*#REF!)","v":{"$error":"#REF!"}},{"$f":"#REF!-(AW133*#REF!)","v":{"$error":"#REF!"}},{"$f":"#REF!-(#REF!*#REF!)","v":{"$error":"#REF!"}},null,null,null,null,null,null,null,null,null,null,null,null,124,"P90",{"$f":"ROUND((1+$DA$9)*(HLOOKUP(CR$10,$AH$9:$AW$180,$A133+3)*CR$10+HLOOKUP(CR$10,$BM$9:$CO$180,$A133+3)),$CX$9)","v":0},0,0,0,0,0,0,0,{"$error":"#REF!"},{"$error":"#REF!"},{"$error":"#REF!"},{"$error":"#REF!"},{"$f":"ROUND((1+$DA$9)*(HLOOKUP(DD$10,$AL$9:$AW$244,$A133+3)*DD$10+HLOOKUP(DD$10,$BQ$9:$CO$244,$A133+3)),$CX$9)","v":{"$error":"#REF!"}},{"$error":"#VALUE!"},{"$error":"#VALUE!"},{"$error":"#VALUE!"},{"$error":"#VALUE!"},{"$error":"#VALUE!"},{"$error":"#VALUE!"},{"$error":"#VALUE!"}]
[123,"P75",null,null,null,null,null,null,null,null,null,null,null,null,null,null,null,null,null,null,null,null,null,null,null,null,null,null,null,null,null,null,"P75",0,0,0,0,0,0,0,0,0,0,0,0,0,{"$f":"(#REF!-#REF!)/(#REF!-#REF!)","v":{"$error":"#REF!"}},{"$f":"(#REF!-#REF!)/(#REF!-#REF!)","v":{"$error":"#REF!"}},{"$f":"(#REF!-#REF!)/(#REF!-#REF!)","v":{"$error":"#REF!"}},null,null,null,null,null,null,null,null,null,null,null,null,null,null,"P75",0,0,0,0,0,0,0,0,0,0,0,0,0,{"$f":"#REF!-(AU134*#REF!)","v":{"$error":"#REF!"}},{"$f":"#REF!-(AV134*#REF!)","v":{"$error":"#REF!"}},{"$f":"#REF!-(AW134*#REF!)","v":{"$error":"#REF!"}},{"$f":"#REF!-(#REF!*#REF!)","v":{"$error":"#REF!"}},null,null,null,null,null,null,null,null,null,null,null,null,125,"P75",0,0,0,0,0,0,0,0,{"$error":"#REF!"},{"$error":"#REF!"},{"$error":"#REF!"},{"$error":"#REF!"},{"$error":"#REF!"},{"$error":"#VALUE!"},{"$error":"#VALUE!"},{"$error":"#VALUE!"},{"$error":"#VALUE!"},{"$error":"#VALUE!"},{"$error":"#VALUE!"},{"$error":"#VALUE!"}]
[124,"P50",null,null,null,null,null,null,null,null,null,null,null,null,null,null,null,null,null,null,null,null,null,null,null,null,null,null,null,null,null,null,"P50",0,0,0,0,0,0,0,0,0,0,0,0,0,{"$f":"(#REF!-#REF!)/(#REF!-#REF!)","v":{"$error":"#REF!"}},{"$f":"(#REF!-#REF!)/(#REF!-#REF!)","v":{"$error":"#REF!"}},{"$f":"(#REF!-#REF!)/(#REF!-#REF!)","v":{"$error":"#REF!"}},null,null,null,null,null,null,null,null,null,null,null,null,null,null,"P50",0,0,0,0,0,0,0,0,0,0,0,0,0,{"$f":"#REF!-(AU135*#REF!)","v":{"$error":"#REF!"}},{"$f":"#REF!-(AV135*#REF!)","v":{"$error":"#REF!"}},{"$f":"#REF!-(AW135*#REF!)","v":{"$error":"#REF!"}},{"$f":"#REF!-(#REF!*#REF!)","v":{"$error":"#REF!"}},null,null,null,null,null,null,null,null,null,null,null,null,126,"P50",0,0,0,0,0,0,0,0,{"$error":"#REF!"},{"$error":"#REF!"},{"$error":"#REF!"},{"$error":"#REF!"},{"$error":"#REF!"},{"$error":"#VALUE!"},{"$error":"#VALUE!"},{"$error":"#VALUE!"},{"$error":"#VALUE!"},{"$error":"#VALUE!"},{"$error":"#VALUE!"},{"$error":"#VALUE!"}]
[125,"P25",null,null,null,null,null,null,null,null,null,null,null,null,null,null,null,null,null,null,null,null,null,null,null,null,null,null,null,null,null,null,"P25",0,0,0,0,0,0,0,0,0,0,0,0,0,{"$f":"(#REF!-#REF!)/(#REF!-#REF!)","v":{"$error":"#REF!"}},{"$f":"(#REF!-#REF!)/(#REF!-#REF!)","v":{"$error":"#REF!"}},{"$f":"(#REF!-#REF!)/(#REF!-#REF!)","v":{"$error":"#REF!"}},null,null,null,null,null,null,null,null,null,null,null,null,null,null,"P25",0,0,0,0,0,0,0,0,0,0,0,0,0,{"$f":"#REF!-(AU136*#REF!)","v":{"$error":"#REF!"}},{"$f":"#REF!-(AV136*#REF!)","v":{"$error":"#REF!"}},{"$f":"#REF!-(AW136*#REF!)","v":{"$error":"#REF!"}},{"$f":"#REF!-(#REF!*#REF!)","v":{"$error":"#REF!"}},null,null,null,null,null,null,null,null,null,null,null,null,{"$f":"CP135+1","v":127},"P25",0,0,0,0,0,0,0,0,{"$error":"#REF!"},{"$error":"#REF!"},{"$error":"#REF!"},{"$error":"#REF!"},{"$error":"#REF!"},{"$error":"#VALUE!"},{"$error":"#VALUE!"},{"$error":"#VALUE!"},{"$error":"#VALUE!"},{"$error":"#VALUE!"},{"$error":"#VALUE!"},{"$error":"#VALUE!"}]
[{"$f":"A136+1","v":126},"P10",null,null,null,null,null,null,null,null,null,null,null,null,null,null,null,null,null,null,null,null,null,null,null,null,null,null,null,null,null,null,"P10",0,0,0,0,0,0,0,0,0,0,0,0,0,{"$f":"(#REF!-#REF!)/(#REF!-#REF!)","v":{"$error":"#REF!"}},{"$f":"(#REF!-#REF!)/(#REF!-#REF!)","v":{"$error":"#REF!"}},{"$f":"(#REF!-#REF!)/(#REF!-#REF!)","v":{"$error":"#REF!"}},null,null,null,null,null,null,null,null,null,null,null,null,null,null,"P10",0,0,0,0,0,0,0,0,0,0,0,0,0,{"$f":"#REF!-(AU137*#REF!)","v":{"$error":"#REF!"}},{"$f":"#REF!-(AV137*#REF!)","v":{"$error":"#REF!"}},{"$f":"#REF!-(AW137*#REF!)","v":{"$error":"#REF!"}},{"$f":"#REF!-(#REF!*#REF!)","v":{"$error":"#REF!"}},null,null,null,null,null,null,null,null,null,null,null,null,128,"P10",0,0,0,0,0,0,0,0,{"$error":"#REF!"},{"$error":"#REF!"},{"$error":"#REF!"},{"$error":"#REF!"},{"$error":"#REF!"},{"$error":"#VALUE!"},{"$error":"#VALUE!"},{"$error":"#VALUE!"},{"$error":"#VALUE!"},{"$error":"#VALUE!"},{"$error":"#VALUE!"},{"$error":"#VALUE!"}]
[127,"AVG",null,null,null,null,null,null,null,null,null,null,null,null,null,null,null,null,null,null,null,null,null,null,null,null,null,null,null,null,null,null,"AVG",0,0,0,0,0,0,0,0,0,0,0,0,0,{"$f":"(#REF!-#REF!)/(#REF!-#REF!)","v":{"$error":"#REF!"}},{"$f":"(#REF!-#REF!)/(#REF!-#REF!)","v":{"$error":"#REF!"}},{"$f":"(#REF!-#REF!)/(#REF!-#REF!)","v":{"$error":"#REF!"}},null,null,null,null,null,null,null,null,null,null,null,null,null,null,"AVG",0,0,0,0,0,0,0,0,0,0,0,0,0,{"$f":"#REF!-(AU138*#REF!)","v":{"$error":"#REF!"}},{"$f":"#REF!-(AV138*#REF!)","v":{"$error":"#REF!"}},{"$f":"#REF!-(AW138*#REF!)","v":{"$error":"#REF!"}},{"$f":"#REF!-(#REF!*#REF!)","v":{"$error":"#REF!"}},null,null,null,null,null,null,null,null,null,null,null,null,129,"AVG",0,0,0,0,0,0,0,0,{"$error":"#REF!"},{"$error":"#REF!"},{"$error":"#REF!"},{"$error":"#REF!"},{"$error":"#REF!"},{"$error":"#VALUE!"},{"$error":"#VALUE!"},{"$error":"#VALUE!"},{"$error":"#VALUE!"},{"$error":"#VALUE!"},{"$error":"#VALUE!"},{"$error":"#VALUE!"}]
[128,"N",null,null,null,null,null,null,null,null,null,null,null,null,null,null,null,null,null,null,null,null,null,null,null,null,null,null,null,null,null,null,"N",0,0,0,0,0,0,0,0,0,0,0,0,0,{"$f":"(#REF!-#REF!)/(#REF!-#REF!)","v":{"$error":"#REF!"}},{"$f":"(#REF!-#REF!)/(#REF!-#REF!)","v":{"$error":"#REF!"}},{"$f":"(#REF!-#REF!)/(#REF!-#REF!)","v":{"$error":"#REF!"}},null,null,null,null,null,null,null,null,null,null,null,null,null,null,"N",0,0,0,0,0,0,0,0,0,0,0,0,0,{"$f":"#REF!-(AU139*#REF!)","v":{"$error":"#REF!"}},{"$f":"#REF!-(AV139*#REF!)","v":{"$error":"#REF!"}},{"$f":"#REF!-(AW139*#REF!)","v":{"$error":"#REF!"}},{"$f":"#REF!-(#REF!*#REF!)","v":{"$error":"#REF!"}},null,null,null,null,null,null,null,null,null,null,null,null,130,"N",{"$f":"HLOOKUP(CR$10,$AH$9:$AW$180,$A139+3)*CR$10+HLOOKUP(CR$10,$BM$9:$CO$180,$A139+3)","v":0},0,0,0,0,0,0,0,{"$error":"#REF!"},{"$error":"#REF!"},{"$error":"#REF!"},{"$error":"#REF!"},{"$f":"ROUND((1+$CU$9)*(HLOOKUP(DD$10,$AL$9:$AW$244,$A139+3)*DD$10+HLOOKUP(DD$10,$BQ$9:$CO$244,$A139+3)),$CX$9)","v":{"$error":"#REF!"}},{"$error":"#VALUE!"},{"$error":"#VALUE!"},{"$error":"#VALUE!"},{"$error":"#VALUE!"},{"$error":"#VALUE!"},{"$error":"#VALUE!"},{"$error":"#VALUE!"}]
[129,"TC_D",null,null,null,null,null,null,null,null,null,null,null,null,null,null,null,null,null,null,null,null,null,null,null,null,null,null,null,null,null,null,{"$f":"B140","v":"TC_D"},0,0,0,0,0,0,0,0,0,0,0,0,0,{"$f":"(#REF!-#REF!)/(#REF!-#REF!)","v":{"$error":"#REF!"}},{"$f":"(#REF!-#REF!)/(#REF!-#REF!)","v":{"$error":"#REF!"}},{"$f":"(#REF!-#REF!)/(#REF!-#REF!)","v":{"$error":"#REF!"}},null,null,null,null,null,null,null,null,null,null,null,null,null,null,{"$f":"B140","v":"TC_D"},0,0,0,0,0,0,0,0,0,0,0,0,0,{"$f":"#REF!-(AU140*#REF!)","v":{"$error":"#REF!"}},{"$f":"#REF!-(AV140*#REF!)","v":{"$error":"#REF!"}},{"$f":"#REF!-(AW140*#REF!)","v":{"$error":"#REF!"}},{"$f":"#REF!-(#REF!*#REF!)","v":{"$error":"#REF!"}},null,null,null,null,null,null,null,null,null,null,null,null,131,{"$f":"B140","v":"TC_D"},{"$f":"ROUND((1+$CU$9)*(HLOOKUP(CR$10,$AH$9:$AW$180,$A140+3)*CR$10+HLOOKUP(CR$10,$BM$9:$CO$180,$A140+3)),$CX$9)","v":0},0,0,0,0,0,0,0,{"$error":"#REF!"},{"$error":"#REF!"},{"$error":"#REF!"},{"$error":"#REF!"},{"$error":"#REF!"},{"$error":"#VALUE!"},{"$error":"#VALUE!"},{"$error":"#VALUE!"},{"$error":"#VALUE!"},{"$error":"#VALUE!"},{"$error":"#VALUE!"},{"$error":"#VALUE!"}]
[130,"P90",null,null,null,null,null,null,null,null,null,null,null,null,null,null,null,null,null,null,null,null,null,null,null,null,null,null,null,null,null,null,"P90",{"$f":"(D141-C141)/(D$10-C$10)","v":0},0,0,0,0,0,0,0,0,0,0,0,0,{"$f":"(#REF!-#REF!)/(#REF!-#REF!)","v":{"$error":"#REF!"}},{"$f":"(#REF!-#REF!)/(#REF!-#REF!)","v":{"$error":"#REF!"}},{"$f":"(#REF!-#REF!)/(#REF!-#REF!)","v":{"$error":"#REF!"}},null,null,null,null,null,null,null,null,null,null,null,null,null,null,"P90",0,0,0,0,0,0,0,0,0,0,0,0,0,{"$f":"#REF!-(AU141*#REF!)","v":{"$error":"#REF!"}},{"$f":"#REF!-(AV141*#REF!)","v":{"$error":"#REF!"}},{"$f":"#REF!-(AW141*#REF!)","v":{"$error":"#REF!"}},{"$f":"#REF!-(#REF!*#REF!)","v":{"$error":"#REF!"}},null,null,null,null,null,null,null,null,null,null,null,null,132,"P90",{"$f":"ROUND((1+$DA$9)*(HLOOKUP(CR$10,$AH$9:$AW$180,$A141+3)*CR$10+HLOOKUP(CR$10,$BM$9:$CO$180,$A141+3)),$CX$9)","v":0},0,0,0,0,0,0,0,{"$error":"#REF!"},{"$error":"#REF!"},{"$error":"#REF!"},{"$error":"#REF!"},{"$f":"ROUND((1+$DA$9)*(HLOOKUP(DD$10,$AL$9:$AW$244,$A141+3)*DD$10+HLOOKUP(DD$10,$BQ$9:$CO$244,$A141+3)),$CX$9)","v":{"$error":"#REF!"}},{"$error":"#VALUE!"},{"$error":"#VALUE!"},{"$error":"#VALUE!"},{"$error":"#VALUE!"},{"$error":"#VALUE!"},{"$error":"#VALUE!"},{"$error":"#VALUE!"}]
[131,"P75",null,null,null,null,null,null,null,null,null,null,null,null,null,null,null,null,null,null,null,null,null,null,null,null,null,null,null,null,null,null,"P75",0,0,0,0,0,0,0,0,0,0,0,0,0,{"$f":"(#REF!-#REF!)/(#REF!-#REF!)","v":{"$error":"#REF!"}},{"$f":"(#REF!-#REF!)/(#REF!-#REF!)","v":{"$error":"#REF!"}},{"$f":"(#REF!-#REF!)/(#REF!-#REF!)","v":{"$error":"#REF!"}},null,null,null,null,null,null,null,null,null,null,null,null,null,null,"P75",0,0,0,0,0,0,0,0,0,0,0,0,0,{"$f":"#REF!-(AU142*#REF!)","v":{"$error":"#REF!"}},{"$f":"#REF!-(AV142*#REF!)","v":{"$error":"#REF!"}},{"$f":"#REF!-(AW142*#REF!)","v":{"$error":"#REF!"}},{"$f":"#REF!-(#REF!*#REF!)","v":{"$error":"#REF!"}},null,null,null,null,null,null,null,null,null,null,null,null,133,"P75",0,0,0,0,0,0,0,0,{"$error":"#REF!"},{"$error":"#REF!"},{"$error":"#REF!"},{"$error":"#REF!"},{"$error":"#REF!"},{"$error":"#VALUE!"},{"$error":"#VALUE!"},{"$error":"#VALUE!"},{"$error":"#VALUE!"},{"$error":"#VALUE!"},{"$error":"#VALUE!"},{"$error":"#VALUE!"}]
[132,"P50",null,null,null,null,null,null,null,null,null,null,null,null,null,null,null,null,null,null,null,null,null,null,null,null,null,null,null,null,null,null,"P50",0,0,0,0,0,0,0,0,0,0,0,0,0,{"$f":"(#REF!-#REF!)/(#REF!-#REF!)","v":{"$error":"#REF!"}},{"$f":"(#REF!-#REF!)/(#REF!-#REF!)","v":{"$error":"#REF!"}},{"$f":"(#REF!-#REF!)/(#REF!-#REF!)","v":{"$error":"#REF!"}},null,null,null,null,null,null,null,null,null,null,null,null,null,null,"P50",0,0,0,0,0,0,0,0,0,0,0,0,0,{"$f":"#REF!-(AU143*#REF!)","v":{"$error":"#REF!"}},{"$f":"#REF!-(AV143*#REF!)","v":{"$error":"#REF!"}},{"$f":"#REF!-(AW143*#REF!)","v":{"$error":"#REF!"}},{"$f":"#REF!-(#REF!*#REF!)","v":{"$error":"#REF!"}},null,null,null,null,null,null,null,null,null,null,null,null,134,"P50",0,0,0,0,0,0,0,0,{"$error":"#REF!"},{"$error":"#REF!"},{"$error":"#REF!"},{"$error":"#REF!"},{"$error":"#REF!"},{"$error":"#VALUE!"},{"$error":"#VALUE!"},{"$error":"#VALUE!"},{"$error":"#VALUE!"},{"$error":"#VALUE!"},{"$error":"#VALUE!"},{"$error":"#VALUE!"}]
[133,"P25",null,null,null,null,null,null,null,null,null,null,null,null,null,null,null,null,null,null,null,null,null,null,null,null,null,null,null,null,null,null,"P25",0,0,0,0,0,0,0,0,0,0,0,0,0,{"$f":"(#REF!-#REF!)/(#REF!-#REF!)","v":{"$error":"#REF!"}},{"$f":"(#REF!-#REF!)/(#REF!-#REF!)","v":{"$error":"#REF!"}},{"$f":"(#REF!-#REF!)/(#REF!-#REF!)","v":{"$error":"#REF!"}},null,null,null,null,null,null,null,null,null,null,null,null,null,null,"P25",{"$f":"D144-(AH144*D$10)","v":0},0,0,0,0,0,0,0,0,0,0,0,0,{"$f":"#REF!-(AU144*#REF!)","v":{"$error":"#REF!"}},{"$f":"#REF!-(AV144*#REF!)","v":{"$error":"#REF!"}},{"$f":"#REF!-(AW144*#REF!)","v":{"$error":"#REF!"}},{"$f":"#REF!-(#REF!*#REF!)","v":{"$error":"#REF!"}},null,null,null,null,null,null,null,null,null,null,null,null,135,"P25",0,0,0,0,0,0,0,0,{"$error":"#REF!"},{"$error":"#REF!"},{"$error":"#REF!"},{"$error":"#REF!"},{"$error":"#REF!"},{"$error":"#VALUE!"},{"$error":"#VALUE!"},{"$error":"#VALUE!"},{"$error":"#VALUE!"},{"$error":"#VALUE!"},{"$error":"#VALUE!"},{"$error":"#VALUE!"}]
[134,"P10",null,null,null,null,null,null,null,null,null,null,null,null,null,null,null,null,null,null,null,null,null,null,null,null,null,null,null,null,null,null,"P10",0,0,0,0,0,0,0,0,0,0,0,0,0,{"$f":"(#REF!-#REF!)/(#REF!-#REF!)","v":{"$error":"#REF!"}},{"$f":"(#REF!-#REF!)/(#REF!-#REF!)","v":{"$error":"#REF!"}},{"$f":"(#REF!-#REF!)/(#REF!-#REF!)","v":{"$error":"#REF!"}},null,null,null,null,null,null,null,null,null,null,null,null,null,null,"P10",0,0,0,0,0,0,0,0,0,0,0,0,0,{"$f":"#REF!-(AU145*#REF!)","v":{"$error":"#REF!"}},{"$f":"#REF!-(AV145*#REF!)","v":{"$error":"#REF!"}},{"$f":"#REF!-(AW145*#REF!)","v":{"$error":"#REF!"}},{"$f":"#REF!-(#REF!*#REF!)","v":{"$error":"#REF!"}},null,null,null,null,null,null,null,null,null,null,null,null,136,"P10",0,0,0,0,0,0,0,0,{"$error":"#REF!"},{"$error":"#REF!"},{"$error":"#REF!"},{"$error":"#REF!"},{"$error":"#REF!"},{"$error":"#VALUE!"},{"$error":"#VALUE!"},{"$error":"#VALUE!"},{"$error":"#VALUE!"},{"$error":"#VALUE!"},{"$error":"#VALUE!"},{"$error":"#VALUE!"}]
[135,"AVG",null,null,null,null,null,null,null,null,null,null,null,null,null,null,null,null,null,null,null,null,null,null,null,null,null,null,null,null,null,null,"AVG",0,0,0,0,0,0,0,0,0,0,0,0,0,{"$f":"(#REF!-#REF!)/(#REF!-#REF!)","v":{"$error":"#REF!"}},{"$f":"(#REF!-#REF!)/(#REF!-#REF!)","v":{"$error":"#REF!"}},{"$f":"(#REF!-#REF!)/(#REF!-#REF!)","v":{"$error":"#REF!"}},null,null,null,null,null,null,null,null,null,null,null,null,null,null,"AVG",0,0,0,0,0,0,0,0,0,0,0,0,0,{"$f":"#REF!-(AU146*#REF!)","v":{"$error":"#REF!"}},{"$f":"#REF!-(AV146*#REF!)","v":{"$error":"#REF!"}},{"$f":"#REF!-(AW146*#REF!)","v":{"$error":"#REF!"}},{"$f":"#REF!-(#REF!*#REF!)","v":{"$error":"#REF!"}},null,null,null,null,null,null,null,null,null,null,null,null,137,"AVG",0,0,0,0,0,0,0,0,{"$error":"#REF!"},{"$error":"#REF!"},{"$error":"#REF!"},{"$error":"#REF!"},{"$error":"#REF!"},{"$error":"#VALUE!"},{"$error":"#VALUE!"},{"$error":"#VALUE!"},{"$error":"#VALUE!"},{"$error":"#VALUE!"},{"$error":"#VALUE!"},{"$error":"#VALUE!"}]
[136,"N",null,null,null,null,null,null,null,null,null,null,null,null,null,null,null,null,null,null,null,null,null,null,null,null,null,null,null,null,null,null,"N",0,0,0,0,0,0,0,0,0,0,0,0,0,{"$f":"(#REF!-#REF!)/(#REF!-#REF!)","v":{"$error":"#REF!"}},{"$f":"(#REF!-#REF!)/(#REF!-#REF!)","v":{"$error":"#REF!"}},{"$f":"(#REF!-#REF!)/(#REF!-#REF!)","v":{"$error":"#REF!"}},null,null,null,null,null,null,null,null,null,null,null,null,null,null,"N",0,0,0,0,0,0,0,0,0,0,0,0,0,{"$f":"#REF!-(AU147*#REF!)","v":{"$error":"#REF!"}},{"$f":"#REF!-(AV147*#REF!)","v":{"$error":"#REF!"}},{"$f":"#REF!-(AW147*#REF!)","v":{"$error":"#REF!"}},{"$f":"#REF!-(#REF!*#REF!)","v":{"$error":"#REF!"}},null,null,null,null,null,null,null,null,null,null,null,null,138,"N",{"$f":"HLOOKUP(CR$10,$AH$9:$AW$180,$A147+3)*CR$10+HLOOKUP(CR$10,$BM$9:$CO$180,$A147+3)","v":0},0,0,0,0,0,0,0,{"$error":"#REF!"},{"$error":"#REF!"},{"$error":"#REF!"},{"$error":"#REF!"},{"$f":"ROUND((1+$CU$9)*(HLOOKUP(DD$10,$AL$9:$AW$244,$A147+3)*DD$10+HLOOKUP(DD$10,$BQ$9:$CO$244,$A147+3)),$CX$9)","v":{"$error":"#REF!"}},{"$error":"#VALUE!"},{"$error":"#VALUE!"},{"$error":"#VALUE!"},{"$error":"#VALUE!"},{"$error":"#VALUE!"},{"$error":"#VALUE!"},{"$error":"#VALUE!"}]
[137,"TD_D",null,null,null,null,null,null,null,null,null,null,null,null,null,null,null,null,null,null,null,null,null,null,null,null,null,null,null,null,null,null,"TD_D",0,0,0,0,0,0,0,0,0,0,0,0,0,{"$f":"(#REF!-#REF!)/(#REF!-#REF!)","v":{"$error":"#REF!"}},{"$f":"(#REF!-#REF!)/(#REF!-#REF!)","v":{"$error":"#REF!"}},{"$f":"(#REF!-#REF!)/(#REF!-#REF!)","v":{"$error":"#REF!"}},null,null,null,null,null,null,null,null,null,null,null,null,null,null,"TD_D",0,0,0,0,0,0,0,0,0,0,0,0,0,{"$f":"#REF!-(AU148*#REF!)","v":{"$error":"#REF!"}},{"$f":"#REF!-(AV148*#REF!)","v":{"$error":"#REF!"}},{"$f":"#REF!-(AW148*#REF!)","v":{"$error":"#REF!"}},{"$f":"#REF!-(#REF!*#REF!)","v":{"$error":"#REF!"}},null,null,null,null,null,null,null,null,null,null,null,null,139,"TD_D",{"$f":"ROUND((1+$CU$9)*(HLOOKUP(CR$10,$AH$9:$AW$180,$A148+3)*CR$10+HLOOKUP(CR$10,$BM$9:$CO$180,$A148+3)),$CX$9)","v":0},0,0,0,0,0,0,0,{"$error":"#REF!"},{"$error":"#REF!"},{"$error":"#REF!"},{"$error":"#REF!"},{"$error":"#REF!"},{"$error":"#VALUE!"},{"$error":"#VALUE!"},{"$error":"#VALUE!"},{"$error":"#VALUE!"},{"$error":"#VALUE!"},{"$error":"#VALUE!"},{"$error":"#VALUE!"}]
[138,"P90",null,null,null,null,null,null,null,null,null,null,null,null,null,null,null,null,null,null,null,null,null,null,null,null,null,null,null,null,null,null,"P90",0,0,0,0,0,0,0,0,0,0,0,0,0,{"$f":"(#REF!-#REF!)/(#REF!-#REF!)","v":{"$error":"#REF!"}},{"$f":"(#REF!-#REF!)/(#REF!-#REF!)","v":{"$error":"#REF!"}},{"$f":"(#REF!-#REF!)/(#REF!-#REF!)","v":{"$error":"#REF!"}},null,null,null,null,null,null,null,null,null,null,null,null,null,null,"P90",0,0,0,0,0,0,0,0,0,0,0,0,0,{"$f":"#REF!-(AU149*#REF!)","v":{"$error":"#REF!"}},{"$f":"#REF!-(AV149*#REF!)","v":{"$error":"#REF!"}},{"$f":"#REF!-(AW149*#REF!)","v":{"$error":"#REF!"}},{"$f":"#REF!-(#REF!*#REF!)","v":{"$error":"#REF!"}},null,null,null,null,null,null,null,null,null,null,null,null,140,"P90",{"$f":"ROUND((1+$DA$9)*(HLOOKUP(CR$10,$AH$9:$AW$180,$A149+3)*CR$10+HLOOKUP(CR$10,$BM$9:$CO$180,$A149+3)),$CX$9)","v":0},0,0,0,0,0,0,0,{"$error":"#REF!"},{"$error":"#REF!"},{"$error":"#REF!"},{"$error":"#REF!"},{"$f":"ROUND((1+$DA$9)*(HLOOKUP(DD$10,$AL$9:$AW$244,$A149+3)*DD$10+HLOOKUP(DD$10,$BQ$9:$CO$244,$A149+3)),$CX$9)","v":{"$error":"#REF!"}},{"$error":"#VALUE!"},{"$error":"#VALUE!"},{"$error":"#VALUE!"},{"$error":"#VALUE!"},{"$error":"#VALUE!"},{"$error":"#VALUE!"},{"$error":"#VALUE!"}]
[139,"P75",null,null,null,null,null,null,null,null,null,null,null,null,null,null,null,null,null,null,null,null,null,null,null,null,null,null,null,null,null,null,"P75",0,0,0,0,0,0,0,0,0,0,0,0,0,{"$f":"(#REF!-#REF!)/(#REF!-#REF!)","v":{"$error":"#REF!"}},{"$f":"(#REF!-#REF!)/(#REF!-#REF!)","v":{"$error":"#REF!"}},{"$f":"(#REF!-#REF!)/(#REF!-#REF!)","v":{"$error":"#REF!"}},null,null,null,null,null,null,null,null,null,null,null,null,null,null,"P75",0,0,0,0,0,0,0,0,0,0,0,0,0,{"$f":"#REF!-(AU150*#REF!)","v":{"$error":"#REF!"}},{"$f":"#REF!-(AV150*#REF!)","v":{"$error":"#REF!"}},{"$f":"#REF!-(AW150*#REF!)","v":{"$error":"#REF!"}},{"$f":"#REF!-(#REF!*#REF!)","v":{"$error":"#REF!"}},null,null,null,null,null,null,null,null,null,null,null,null,141,"P75",0,0,0,0,0,0,0,0,{"$error":"#REF!"},{"$error":"#REF!"},{"$error":"#REF!"},{"$error":"#REF!"},{"$error":"#REF!"},{"$error":"#VALUE!"},{"$error":"#VALUE!"},{"$error":"#VALUE!"},{"$error":"#VALUE!"},{"$error":"#VALUE!"},{"$error":"#VALUE!"},{"$error":"#VALUE!"}]
[140,"P50",null,null,null,null,null,null,null,null,null,null,null,null,null,null,null,null,null,null,null,null,null,null,null,null,null,null,null,null,null,null,"P50",0,0,0,0,0,0,0,0,0,0,0,0,0,{"$f":"(#REF!-#REF!)/(#REF!-#REF!)","v":{"$error":"#REF!"}},{"$f":"(#REF!-#REF!)/(#REF!-#REF!)","v":{"$error":"#REF!"}},{"$f":"(#REF!-#REF!)/(#REF!-#REF!)","v":{"$error":"#REF!"}},null,null,null,null,null,null,null,null,null,null,null,null,null,null,"P50",0,0,0,0,0,0,0,0,0,0,0,0,0,{"$f":"#REF!-(AU151*#REF!)","v":{"$error":"#REF!"}},{"$f":"#REF!-(AV151*#REF!)","v":{"$error":"#REF!"}},{"$f":"#REF!-(AW151*#REF!)","v":{"$error":"#REF!"}},{"$f":"#REF!-(#REF!*#REF!)","v":{"$error":"#REF!"}},null,null,null,null,null,null,null,null,null,null,null,null,142,"P50",0,0,0,0,0,0,0,0,{"$error":"#REF!"},{"$error":"#REF!"},{"$error":"#REF!"},{"$error":"#REF!"},{"$error":"#REF!"},{"$error":"#VALUE!"},{"$error":"#VALUE!"},{"$error":"#VALUE!"},{"$error":"#VALUE!"},{"$error":"#VALUE!"},{"$error":"#VALUE!"},{"$error":"#VALUE!"}]
[141,"P25",null,null,null,null,null,null,null,null,null,null,null,null,null,null,null,null,null,null,null,null,null,null,null,null,null,null,null,null,null,null,"P25",0,0,0,0,0,0,0,0,0,0,0,0,0,{"$f":"(#REF!-#REF!)/(#REF!-#REF!)","v":{"$error":"#REF!"}},{"$f":"(#REF!-#REF!)/(#REF!-#REF!)","v":{"$error":"#REF!"}},{"$f":"(#REF!-#REF!)/(#REF!-#REF!)","v":{"$error":"#REF!"}},null,null,null,null,null,null,null,null,null,null,null,null,null,null,"P25",0,0,0,0,0,0,0,0,0,0,0,0,0,{"$f":"#REF!-(AU152*#REF!)","v":{"$error":"#REF!"}},{"$f":"#REF!-(AV152*#REF!)","v":{"$error":"#REF!"}},{"$f":"#REF!-(AW152*#REF!)","v":{"$error":"#REF!"}},{"$f":"#REF!-(#REF!*#REF!)","v":{"$error":"#REF!"}},null,null,null,null,null,null,null,null,null,null,null,null,143,"P25",0,0,0,0,0,0,0,0,{"$error":"#REF!"},{"$error":"#REF!"},{"$error":"#REF!"},{"$error":"#REF!"},{"$error":"#REF!"},{"$error":"#VALUE!"},{"$error":"#VALUE!"},{"$error":"#VALUE!"},{"$error":"#VALUE!"},{"$error":"#VALUE!"},{"$error":"#VALUE!"},{"$error":"#VALUE!"}]
[142,"P10",null,null,null,null,null,null,null,null,null,null,null,null,null,null,null,null,null,null,null,null,null,null,null,null,null,null,null,null,null,null,"P10",0,0,0,0,0,0,0,0,0,0,0,0,0,{"$f":"(#REF!-#REF!)/(#REF!-#REF!)","v":{"$error":"#REF!"}},{"$f":"(#REF!-#REF!)/(#REF!-#REF!)","v":{"$error":"#REF!"}},{"$f":"(#REF!-#REF!)/(#REF!-#REF!)","v":{"$error":"#REF!"}},null,null,null,null,null,null,null,null,null,null,null,null,null,null,"P10",0,0,0,0,0,0,0,0,0,0,0,0,0,{"$f":"#REF!-(AU153*#REF!)","v":{"$error":"#REF!"}},{"$f":"#REF!-(AV153*#REF!)","v":{"$error":"#REF!"}},{"$f":"#REF!-(AW153*#REF!)","v":{"$error":"#REF!"}},{"$f":"#REF!-(#REF!*#REF!)","v":{"$error":"#REF!"}},null,null,null,null,null,null,null,null,null,null,null,null,144,"P10",0,0,0,0,0,0,0,0,{"$error":"#REF!"},{"$error":"#REF!"},{"$error":"#REF!"},{"$error":"#REF!"},{"$error":"#REF!"},{"$error":"#VALUE!"},{"$error":"#VALUE!"},{"$error":"#VALUE!"},{"$error":"#VALUE!"},{"$error":"#VALUE!"},{"$error":"#VALUE!"},{"$error":"#VALUE!"}]
[143,"AVG",null,null,null,null,null,null,null,null,null,null,null,null,null,null,null,null,null,null,null,null,null,null,null,null,null,null,null,null,null,null,"AVG",0,0,0,0,0,0,0,0,0,0,0,0,0,{"$f":"(#REF!-#REF!)/(#REF!-#REF!)","v":{"$error":"#REF!"}},{"$f":"(#REF!-#REF!)/(#REF!-#REF!)","v":{"$error":"#REF!"}},{"$f":"(#REF!-#REF!)/(#REF!-#REF!)","v":{"$error":"#REF!"}},null,null,null,null,null,null,null,null,null,null,null,null,null,null,"AVG",0,0,0,0,0,0,0,0,0,0,0,0,0,{"$f":"#REF!-(AU154*#REF!)","v":{"$error":"#REF!"}},{"$f":"#REF!-(AV154*#REF!)","v":{"$error":"#REF!"}},{"$f":"#REF!-(AW154*#REF!)","v":{"$error":"#REF!"}},{"$f":"#REF!-(#REF!*#REF!)","v":{"$error":"#REF!"}},null,null,null,null,null,null,null,null,null,null,null,null,145,"AVG",0,0,0,0,0,0,0,0,{"$error":"#REF!"},{"$error":"#REF!"},{"$error":"#REF!"},{"$error":"#REF!"},{"$error":"#REF!"},{"$error":"#VALUE!"},{"$error":"#VALUE!"},{"$error":"#VALUE!"},{"$error":"#VALUE!"},{"$error":"#VALUE!"},{"$error":"#VALUE!"},{"$error":"#VALUE!"}]
[144,"N",null,null,null,null,null,null,null,null,null,null,null,null,null,null,null,null,null,null,null,null,null,null,null,null,null,null,null,null,null,null,"N",0,0,0,0,0,0,0,0,0,0,0,0,0,{"$f":"(#REF!-#REF!)/(#REF!-#REF!)","v":{"$error":"#REF!"}},{"$f":"(#REF!-#REF!)/(#REF!-#REF!)","v":{"$error":"#REF!"}},{"$f":"(#REF!-#REF!)/(#REF!-#REF!)","v":{"$error":"#REF!"}},null,null,null,null,null,null,null,null,null,null,null,null,null,null,"N",0,0,0,0,0,0,0,0,0,0,0,0,0,{"$f":"#REF!-(AU155*#REF!)","v":{"$error":"#REF!"}},{"$f":"#REF!-(AV155*#REF!)","v":{"$error":"#REF!"}},{"$f":"#REF!-(AW155*#REF!)","v":{"$error":"#REF!"}},{"$f":"#REF!-(#REF!*#REF!)","v":{"$error":"#REF!"}},null,null,null,null,null,null,null,null,null,null,null,null,146,"N",{"$f":"HLOOKUP(CR$10,$AH$9:$AW$180,$A155+3)*CR$10+HLOOKUP(CR$10,$BM$9:$CO$180,$A155+3)","v":0},0,0,0,0,0,0,0,{"$error":"#REF!"},{"$error":"#REF!"},{"$error":"#REF!"},{"$error":"#REF!"},{"$f":"ROUND((1+$CU$9)*(HLOOKUP(DD$10,$AL$9:$AW$244,$A155+3)*DD$10+HLOOKUP(DD$10,$BQ$9:$CO$244,$A155+3)),$CX$9)","v":{"$error":"#REF!"}},{"$error":"#VALUE!"},{"$error":"#VALUE!"},{"$error":"#VALUE!"},{"$error":"#VALUE!"},{"$error":"#VALUE!"},{"$error":"#VALUE!"},{"$error":"#VALUE!"}]
[145,"TP_D",null,null,null,null,null,null,null,null,null,null,null,null,null,null,null,null,null,null,null,null,null,null,null,null,null,null,null,null,null,null,"TP_D",0,0,0,0,0,0,0,0,0,0,0,0,0,{"$f":"(#REF!-#REF!)/(#REF!-#REF!)","v":{"$error":"#REF!"}},{"$f":"(#REF!-#REF!)/(#REF!-#REF!)","v":{"$error":"#REF!"}},{"$f":"(#REF!-#REF!)/(#REF!-#REF!)","v":{"$error":"#REF!"}},null,null,null,null,null,null,null,null,null,null,null,null,null,null,"TP_D",0,0,0,0,0,0,0,0,0,0,0,0,0,{"$f":"#REF!-(AU156*#REF!)","v":{"$error":"#REF!"}},{"$f":"#REF!-(AV156*#REF!)","v":{"$error":"#REF!"}},{"$f":"#REF!-(AW156*#REF!)","v":{"$error":"#REF!"}},{"$f":"#REF!-(#REF!*#REF!)","v":{"$error":"#REF!"}},null,null,null,null,null,null,null,null,null,null,null,null,147,"TP_D",{"$f":"ROUND((1+$CU$9)*(HLOOKUP(CR$10,$AH$9:$AW$180,$A156+3)*CR$10+HLOOKUP(CR$10,$BM$9:$CO$180,$A156+3)),$CX$9)","v":0},0,0,0,0,0,0,0,{"$error":"#REF!"},{"$error":"#REF!"},{"$error":"#REF!"},{"$error":"#REF!"},{"$error":"#REF!"},{"$error":"#VALUE!"},{"$error":"#VALUE!"},{"$error":"#VALUE!"},{"$error":"#VALUE!"},{"$error":"#VALUE!"},{"$error":"#VALUE!"},{"$error":"#VALUE!"}]
[146,"P90",null,null,null,null,null,null,null,null,null,null,null,null,null,null,null,null,null,null,null,null,null,null,null,null,null,null,null,null,null,null,"P90",0,0,0,0,0,0,0,0,0,0,0,0,0,{"$f":"(#REF!-#REF!)/(#REF!-#REF!)","v":{"$error":"#REF!"}},{"$f":"(#REF!-#REF!)/(#REF!-#REF!)","v":{"$error":"#REF!"}},{"$f":"(#REF!-#REF!)/(#REF!-#REF!)","v":{"$error":"#REF!"}},null,null,null,null,null,null,null,null,null,null,null,null,null,null,"P90",0,0,0,0,0,0,0,0,0,0,0,0,0,{"$f":"#REF!-(AU157*#REF!)","v":{"$error":"#REF!"}},{"$f":"#REF!-(AV157*#REF!)","v":{"$error":"#REF!"}},{"$f":"#REF!-(AW157*#REF!)","v":{"$error":"#REF!"}},{"$f":"#REF!-(#REF!*#REF!)","v":{"$error":"#REF!"}},null,null,null,null,null,null,null,null,null,null,null,null,148,"P90",{"$f":"ROUND((1+$DA$9)*(HLOOKUP(CR$10,$AH$9:$AW$180,$A157+3)*CR$10+HLOOKUP(CR$10,$BM$9:$CO$180,$A157+3)),$CX$9)","v":0},0,0,0,0,0,0,0,{"$error":"#REF!"},{"$error":"#REF!"},{"$error":"#REF!"},{"$error":"#REF!"},{"$f":"ROUND((1+$DA$9)*(HLOOKUP(DD$10,$AL$9:$AW$244,$A157+3)*DD$10+HLOOKUP(DD$10,$BQ$9:$CO$244,$A157+3)),$CX$9)","v":{"$error":"#REF!"}},{"$error":"#VALUE!"},{"$error":"#VALUE!"},{"$error":"#VALUE!"},{"$error":"#VALUE!"},{"$error":"#VALUE!"},{"$error":"#VALUE!"},{"$error":"#VALUE!"}]
[147,"P75",null,null,null,null,null,null,null,null,null,null,null,null,null,null,null,null,null,null,null,null,null,null,null,null,null,null,null,null,null,null,"P75",0,0,0,0,0,0,0,0,0,0,0,0,0,{"$f":"(#REF!-#REF!)/(#REF!-#REF!)","v":{"$error":"#REF!"}},{"$f":"(#REF!-#REF!)/(#REF!-#REF!)","v":{"$error":"#REF!"}},{"$f":"(#REF!-#REF!)/(#REF!-#REF!)","v":{"$error":"#REF!"}},null,null,null,null,null,null,null,null,null,null,null,null,null,null,"P75",0,0,0,0,0,0,0,0,0,0,0,0,0,{"$f":"#REF!-(AU158*#REF!)","v":{"$error":"#REF!"}},{"$f":"#REF!-(AV158*#REF!)","v":{"$error":"#REF!"}},{"$f":"#REF!-(AW158*#REF!)","v":{"$error":"#REF!"}},{"$f":"#REF!-(#REF!*#REF!)","v":{"$error":"#REF!"}},null,null,null,null,null,null,null,null,null,null,null,null,149,"P75",0,0,0,0,0,0,0,0,{"$error":"#REF!"},{"$error":"#REF!"},{"$error":"#REF!"},{"$error":"#REF!"},{"$error":"#REF!"},{"$error":"#VALUE!"},{"$error":"#VALUE!"},{"$error":"#VALUE!"},{"$error":"#VALUE!"},{"$error":"#VALUE!"},{"$error":"#VALUE!"},{"$error":"#VALUE!"}]
[148,"P50",null,null,null,null,null,null,null,null,null,null,null,null,null,null,null,null,null,null,null,null,null,null,null,null,null,null,null,null,null,null,"P50",0,0,0,0,0,0,0,0,0,0,0,0,0,{"$f":"(#REF!-#REF!)/(#REF!-#REF!)","v":{"$error":"#REF!"}},{"$f":"(#REF!-#REF!)/(#REF!-#REF!)","v":{"$error":"#REF!"}},{"$f":"(#REF!-#REF!)/(#REF!-#REF!)","v":{"$error":"#REF!"}},null,null,null,null,null,null,null,null,null,null,null,null,null,null,"P50",0,0,0,0,0,0,0,0,0,0,0,0,0,{"$f":"#REF!-(AU159*#REF!)","v":{"$error":"#REF!"}},{"$f":"#REF!-(AV159*#REF!)","v":{"$error":"#REF!"}},{"$f":"#REF!-(AW159*#REF!)","v":{"$error":"#REF!"}},{"$f":"#REF!-(#REF!*#REF!)","v":{"$error":"#REF!"}},null,null,null,null,null,null,null,null,null,null,null,null,150,"P50",0,0,0,0,0,0,0,0,{"$error":"#REF!"},{"$error":"#REF!"},{"$error":"#REF!"},{"$error":"#REF!"},{"$error":"#REF!"},{"$error":"#VALUE!"},{"$error":"#VALUE!"},{"$error":"#VALUE!"},{"$error":"#VALUE!"},{"$error":"#VALUE!"},{"$error":"#VALUE!"},{"$error":"#VALUE!"}]
[149,"P25",null,null,null,null,null,null,null,null,null,null,null,null,null,null,null,null,null,null,null,null,null,null,null,null,null,null,null,null,null,null,"P25",0,0,0,0,0,0,0,0,0,0,0,0,0,{"$f":"(#REF!-#REF!)/(#REF!-#REF!)","v":{"$error":"#REF!"}},{"$f":"(#REF!-#REF!)/(#REF!-#REF!)","v":{"$error":"#REF!"}},{"$f":"(#REF!-#REF!)/(#REF!-#REF!)","v":{"$error":"#REF!"}},null,null,null,null,null,null,null,null,null,null,null,null,null,null,"P25",0,0,0,0,0,0,0,0,0,0,0,0,0,{"$f":"#REF!-(AU160*#REF!)","v":{"$error":"#REF!"}},{"$f":"#REF!-(AV160*#REF!)","v":{"$error":"#REF!"}},{"$f":"#REF!-(AW160*#REF!)","v":{"$error":"#REF!"}},{"$f":"#REF!-(#REF!*#REF!)","v":{"$error":"#REF!"}},null,null,null,null,null,null,null,null,null,null,null,null,151,"P25",0,0,0,0,0,0,0,0,{"$error":"#REF!"},{"$error":"#REF!"},{"$error":"#REF!"},{"$error":"#REF!"},{"$error":"#REF!"},{"$error":"#VALUE!"},{"$error":"#VALUE!"},{"$error":"#VALUE!"},{"$error":"#VALUE!"},{"$error":"#VALUE!"},{"$error":"#VALUE!"},{"$error":"#VALUE!"}]
[150,"P10",null,null,null,null,null,null,null,null,null,null,null,null,null,null,null,null,null,null,null,null,null,null,null,null,null,null,null,null,null,null,"P10",0,0,0,0,0,0,0,0,0,0,0,0,0,{"$f":"(#REF!-#REF!)/(#REF!-#REF!)","v":{"$error":"#REF!"}},{"$f":"(#REF!-#REF!)/(#REF!-#REF!)","v":{"$error":"#REF!"}},{"$f":"(#REF!-#REF!)/(#REF!-#REF!)","v":{"$error":"#REF!"}},null,null,null,null,null,null,null,null,null,null,null,null,null,null,"P10",0,0,0,0,0,0,0,0,0,0,0,0,0,{"$f":"#REF!-(AU161*#REF!)","v":{"$error":"#REF!"}},{"$f":"#REF!-(AV161*#REF!)","v":{"$error":"#REF!"}},{"$f":"#REF!-(AW161*#REF!)","v":{"$error":"#REF!"}},{"$f":"#REF!-(#REF!*#REF!)","v":{"$error":"#REF!"}},null,null,null,null,null,null,null,null,null,null,null,null,152,"P10",0,0,0,0,0,0,0,0,{"$error":"#REF!"},{"$error":"#REF!"},{"$error":"#REF!"},{"$error":"#REF!"},{"$error":"#REF!"},{"$error":"#VALUE!"},{"$error":"#VALUE!"},{"$error":"#VALUE!"},{"$error":"#VALUE!"},{"$error":"#VALUE!"},{"$error":"#VALUE!"},{"$error":"#VALUE!"}]
[151,"AVG",null,null,null,null,null,null,null,null,null,null,null,null,null,null,null,null,null,null,null,null,null,null,null,null,null,null,null,null,null,null,"AVG",0,0,0,0,0,0,0,0,0,0,0,0,0,{"$f":"(#REF!-#REF!)/(#REF!-#REF!)","v":{"$error":"#REF!"}},{"$f":"(#REF!-#REF!)/(#REF!-#REF!)","v":{"$error":"#REF!"}},{"$f":"(#REF!-#REF!)/(#REF!-#REF!)","v":{"$error":"#REF!"}},null,null,null,null,null,null,null,null,null,null,null,null,null,null,"AVG",0,0,0,0,0,0,0,0,0,0,0,0,0,{"$f":"#REF!-(AU162*#REF!)","v":{"$error":"#REF!"}},{"$f":"#REF!-(AV162*#REF!)","v":{"$error":"#REF!"}},{"$f":"#REF!-(AW162*#REF!)","v":{"$error":"#REF!"}},{"$f":"#REF!-(#REF!*#REF!)","v":{"$error":"#REF!"}},null,null,null,null,null,null,null,null,null,null,null,null,153,"AVG",0,0,0,0,0,0,0,0,{"$error":"#REF!"},{"$error":"#REF!"},{"$error":"#REF!"},{"$error":"#REF!"},{"$error":"#REF!"},{"$error":"#VALUE!"},{"$error":"#VALUE!"},{"$error":"#VALUE!"},{"$error":"#VALUE!"},{"$error":"#VALUE!"},{"$error":"#VALUE!"},{"$error":"#VALUE!"}]
[152,"N",null,null,null,null,null,null,null,null,null,null,null,null,null,null,null,null,null,null,null,null,null,null,null,null,null,null,null,null,null,null,"N",0,0,0,0,0,0,0,0,0,0,0,0,0,{"$f":"(#REF!-#REF!)/(#REF!-#REF!)","v":{"$error":"#REF!"}},{"$f":"(#REF!-#REF!)/(#REF!-#REF!)","v":{"$error":"#REF!"}},{"$f":"(#REF!-#REF!)/(#REF!-#REF!)","v":{"$error":"#REF!"}},null,null,null,null,null,null,null,null,null,null,null,null,null,null,"N",0,0,0,0,0,0,0,0,0,0,0,0,0,{"$f":"#REF!-(AU163*#REF!)","v":{"$error":"#REF!"}},{"$f":"#REF!-(AV163*#REF!)","v":{"$error":"#REF!"}},{"$f":"#REF!-(AW163*#REF!)","v":{"$error":"#REF!"}},{"$f":"#REF!-(#REF!*#REF!)","v":{"$error":"#REF!"}},null,null,null,null,null,null,null,null,null,null,null,null,154,"N",{"$f":"HLOOKUP(CR$10,$AH$9:$AW$180,$A163+3)*CR$10+HLOOKUP(CR$10,$BM$9:$CO$180,$A163+3)","v":0},0,0,0,0,0,0,0,{"$error":"#REF!"},{"$error":"#REF!"},{"$error":"#REF!"},{"$error":"#REF!"},{"$f":"ROUND((1+$CU$9)*(HLOOKUP(DD$10,$AL$9:$AW$244,$A163+3)*DD$10+HLOOKUP(DD$10,$BQ$9:$CO$244,$A163+3)),$CX$9)","v":{"$error":"#REF!"}},{"$error":"#VALUE!"},{"$error":"#VALUE!"},{"$error":"#VALUE!"},{"$error":"#VALUE!"},{"$error":"#VALUE!"},{"$error":"#VALUE!"},{"$error":"#VALUE!"}]

{"sheet":"Participant List","index":6,"n_rows":18,"n_cols":3,"rows_kept":18,"cut":false,"hidden":false,"merged":[[0,0,0,1]]}
["Participant List",null,"2014-12-01"]
[null," "]
[null,"Selected Private Organizatiosn (N=15)","Selected Public Organizations (N=15)"]
[null,"Bruce Power L.P.","Business Development Bank of Canada"]
[null,"CIBC","CPP Investment Board"]
[null,"Capgemini Canada","Enersource Hydro Mississauga Inc"]
[null,"Enbridge Inc.","Horizon Utilities Corporation"]
[null,"Fortis Inc.","Hydro One Inc."]
[null,"Manulife Financial","Hydro Ottawa Limited"]
[null,"Navtech Systems Support Inc.","Metrolinx"]
[null,"Newfoundland Power Inc.","NB Power Holding Corporation"]
[null,"Rogers Communications Inc.","Ontario Power Generation Inc."]
[null,"Scotiabank","Ontario Teachers' Pension Plan Board"]
[null,"Siemens Canada Limited","PowerStream Inc."]
[null,"Sun Life Financial Canada","SaskEnergy Incorporated"]
[null,"Suncor Energy Inc.","Toronto Hydro-Electric System Limited"]
[null,"TD Bank Financial Group","Veridian Corporation"]
[null,"TELUS Communications Inc.","Workplace Safety and Insurance Board"]

{"sheet":"Client Data","index":7,"n_rows":92,"n_cols":20,"rows_kept":92,"cut":false,"hidden":true,"merged":[]}
["Emp #","PERSON Last Name","PERSON First Name","STATUS Status Code","Grade / Band","UNION Union Code","Former","STATUS Original Hire Date","Hay Points","JOB Business Card Title","Job Evaluation Title","PAY Base Pay Amount","STI","Other Pay","Manages","LOCATION Department Desc","LOCATION Division Desc","LOCATION Supervisor","BHrs","Gender"]
[338,"Kanagarajan","Jessei","ACT","4M","MGMT","OPA","2009-06-29",{"$f":"IFERROR(VLOOKUP($K2,'Grade Structure'!$A$4:$B$79,2,0),\"\")","v":""},"Data & Reporting Manager",null,91000,null,null,"Yes","Conservation & Corporate Relations","Program Delivery & Partner Services","Sparkes, Katherine",null,"F"]
[143,"Farmer","Charles","ACT","3M","MGMT","OPA","2006-09-18",{"$f":"IFERROR(VLOOKUP($K3,'Grade Structure'!$A$4:$B$79,2,0),\"\")","v":""},"Director Conservation Integration",null,193429,null,null,"Yes","Planning, Law & Aboriginal Relations","Conservation Integration","Lyle, Michael",null,"M"]
[625,"Rouse","Stephen","ACT","3M","MGMT","OPA","2013-05-27",{"$f":"IFERROR(VLOOKUP($K4,'Grade Structure'!$A$4:$B$79,2,0),\"\")","v":""},"Director, Marketing",null,195000,null,null,"Yes","Conservation & Corporate Relations","Marketing","Young, Terry",null,"M"]
[262745,"WILSON","MARK","A","03","MGT","IESO","1980-07-03",{"$f":"IFERROR(VLOOKUP($K5,'Grade Structure'!$A$4:$B$79,2,0),\"\")","v":""},"Director-Planning & Assessment",null,221697.84,null,null,"Yes","OPS",null,null,70,"M"]
[998187,"MCDONALD","GLENN","A","03","MGT","IESO","2008-05-05",{"$f":"IFERROR(VLOOKUP($K6,'Grade Structure'!$A$4:$B$79,2,0),\"\")","v":""},"Dir-Mrkt Assmt & Cmp",null,223936.18,null,null,"Yes","MAC",null,null,70,"M"]
[998888,"CHAPMAN","TOM","A","04","MGT","IESO","2013-12-02",{"$f":"IFERROR(VLOOKUP($K7,'Grade Structure'!$A$4:$B$79,2,0),\"\")","v":""},"Manager - Economics",null,160000.1,null,null,"Yes","M&F",null,null,70,"M"]
[31,"Marconi","Nancy","ACT","4H","MGMT","OPA","2005-07-25",{"$f":"IFERROR(VLOOKUP($K8,'Grade Structure'!$A$4:$B$79,2,0),\"\")","v":""},"Manager Regulatory Proceedings",null,115842,null,null,"Yes","Planning, Law & Aboriginal Relations","Regulatory Affairs","Lyle, Michael",null,"F"]
[346,"Cecchini","Perry","ACT","4H","MGMT","OPA","2009-09-08",{"$f":"IFERROR(VLOOKUP($K9,'Grade Structure'!$A$4:$B$79,2,0),\"\")","v":588},"Manager RESOP/FIT","Manager, RESOP/FIT",130047,null,null,"Yes","Market & Resource Development","Contract Management","Killeavy, Michael",null,"M"]
[35,"von Bertoldi","Viviana","ACT","4H","MGMT","OPA","2005-08-08",{"$f":"IFERROR(VLOOKUP($K10,'Grade Structure'!$A$4:$B$79,2,0),\"\")","v":588},"Manager, FIT & microFIT","Manager, FIT & microFIT",107100,null,null,"Yes","Market & Resource Development","Contract Management","Killeavy, Michael",null,"F"]
[478,"Ignatavicius","Rita","ACT","4M","MGMT","OPA","2011-04-21",{"$f":"IFERROR(VLOOKUP($K11,'Grade Structure'!$A$4:$B$79,2,0),\"\")","v":""},"Manager, Office and Facility Management",null,106313,null,null,"Yes","I & TS","Facilities","Patenaude, Paul",null,"F"]
[998172,"DUNN","DAVID","A","04","MGT","IESO","2008-03-03",{"$f":"IFERROR(VLOOKUP($K12,'Grade Structure'!$A$4:$B$79,2,0),\"\")","v":""},"Mgr IT Security and Risk Mgmt",null,184380.82,null,null,"Yes","I&TS",null,null,70,"M"]
[209531,"WRIGHT HILBIG","RHONDA","A","04","MGT","IESO","1985-10-28",{"$f":"IFERROR(VLOOKUP($K13,'Grade Structure'!$A$4:$B$79,2,0),\"\")","v":""},"Mgr/Business Architect EDAC",null,177152.04,null,null,"Yes","M&F",null,null,70,"F"]
[190448,"PRESUTTI","NICOLA","A","04","MGT","IESO","1999-05-13",{"$f":"IFERROR(VLOOKUP($K14,'Grade Structure'!$A$4:$B$79,2,0),\"\")","v":""},"Mgr/Business Architect EDAC",null,157000.22,null,null,"Yes","OPS",null,null,70,"M"]
[164,"Bond","Luke","ACT","4M","MGMT","OPA","2007-01-02",{"$f":"IFERROR(VLOOKUP($K15,'Grade Structure'!$A$4:$B$79,2,0),\"\")","v":""},"Program Manager Intake and Finance",null,113763,null,null,"Yes","Market & Resource Development","Contract Management","Killeavy, Michael",null,"M"]
[999251,"TRICKEY","CANDICE","A","04","MGT","IESO","2001-10-25",{"$f":"IFERROR(VLOOKUP($K16,'Grade Structure'!$A$4:$B$79,2,0),\"\")","v":""},"Sttlmt Prod Manager",null,153999.82,null,null,"Yes","M&F",null,null,70,"F"]
[213990,"VERT","JAMES","A","05A","MGT","IESO","1987-08-20",{"$f":"IFERROR(VLOOKUP($K17,'Grade Structure'!$A$4:$B$79,2,0),\"\")","v":571},"Superintendent-Operations","Superintendent Operations",179814.96,null,null,"Yes","OPS",null,null,80,"M"]
[96383,"MEYER","GARRY","A","05A","MGT","IESO","1977-07-07",{"$f":"IFERROR(VLOOKUP($K18,'Grade Structure'!$A$4:$B$79,2,0),\"\")","v":571},"Superintendent-Operations","Superintendent Operations",178942.14,null,null,"Yes","OPS",null,null,80,"M"]
[65226,"WALDEN","DALE","A","05A","MGT","IESO","1982-07-08",{"$f":"IFERROR(VLOOKUP($K19,'Grade Structure'!$A$4:$B$79,2,0),\"\")","v":571},"Superintendent-Operations","Superintendent Operations",173123.08,null,null,"Yes","OPS",null,null,80,"M"]
[943180,"CHARLAND","MARIO","A","05A","MGT","IESO","1985-10-24",{"$f":"IFERROR(VLOOKUP($K20,'Grade Structure'!$A$4:$B$79,2,0),\"\")","v":571},"Superintendent-Operations","Superintendent Operations",173123.08,null,null,"Yes","OPS",null,null,80,"M"]
[352093,"MAGUIRE","DANNY","A","05A","MGT","IESO","1987-05-19",{"$f":"IFERROR(VLOOKUP($K21,'Grade Structure'!$A$4:$B$79,2,0),\"\")","v":571},"Superintendent-Operations","Superintendent Operations",170368.9,null,null,"Yes","OPS",null,null,80,"M"]
[937825,"PARCEY","TODD","A","05A","MGT","IESO","1991-09-05",{"$f":"IFERROR(VLOOKUP($K22,'Grade Structure'!$A$4:$B$79,2,0),\"\")","v":571},"Superintendent-Operations","Superintendent Operations",167280.1,null,null,"Yes","OPS",null,null,80,"M"]
[240,"Butler","Josephine","ACT",null,"MGMT","OPA","2008-01-02",{"$f":"IFERROR(VLOOKUP($K23,'Grade Structure'!$A$4:$B$79,2,0),\"\")","v":""},"Vice President Market & Resource Development","Vice President, Market & Resource Dev't ",331200,{"$f":"L23*0.1","v":33120},8768,"Yes","Market & Resource Development","VP Office Market & Resource Development","Campbell, Bruce",70,"F"]
[438186,"WARREN","KIM","A","02","MGT","IESO","1978-07-06",{"$f":"IFERROR(VLOOKUP($K24,'Grade Structure'!$A$4:$B$79,2,0),\"\")","v":""},"VP Oper & COO","Vice President, Market & System Operations & COO",319227.74,{"$f":"L24*0.1","v":31922.774000000001},null,"Yes","OPS",null,"Campbell, Bruce",70,"M"]
[999396,"YOUNG","TERENCE","A","02","MGT","IESO","1982-11-17",{"$f":"IFERROR(VLOOKUP($K25,'Grade Structure'!$A$4:$B$79,2,0),\"\")","v":""},"VP Corp & Emp Relations","Vice President, Conservation & Corporate Relations",307037.38,30703.738000000001,null,"Yes","C&ER",null,"Campbell, Bruce",70,"M"]
[38392,"THOMAS","DOUGLAS","A","02","MGT","IESO","1998-10-01",{"$f":"IFERROR(VLOOKUP($K26,'Grade Structure'!$A$4:$B$79,2,0),\"\")","v":""},"VP - Info & Tec Services & CIO","Vice President, Info Tech Services & CIO",304645.89999999997,30464.589999999997,null,"Yes","I&TS",null,"Campbell, Bruce",70,"M"]
[23,"Lyle","Michael","ACT","2L","MGMT","OPA","2005-06-27",{"$f":"IFERROR(VLOOKUP($K27,'Grade Structure'!$A$4:$B$79,2,0),\"\")","v":""},"Vice President Planning Law & Aboriginal Relations","Vice-President, Planning, Law and Aboriginal Relations",254562,25456.2,null,"Yes","Planning, Law & Aboriginal Relations","VP Office Planning, Law & Aboriginal Relations","Campbell, Bruce",70,"M"]
[248,"Marshall","Kimberly","ACT","2L","MGMT","OPA","2008-02-25",{"$f":"IFERROR(VLOOKUP($K28,'Grade Structure'!$A$4:$B$79,2,0),\"\")","v":""},"Vice President Corporate Services & CFO","Vice President, Corporate Services and CFO",233460,23346,null,"Yes","Corporate Services","VP Office Corporate Services","Campbell, Bruce",70,"F"]
[191470,"KULA","LEONARD","A","03","MGT","IESO","1999-09-09",{"$f":"IFERROR(VLOOKUP($K29,'Grade Structure'!$A$4:$B$79,2,0),\"\")","v":1192},"Director, Operations","Director, Market Operations",214017.18,null,null,"Yes","OPS",null,null,70,"M"]
[236,"Squissato","Elizabeth","ACT","3H","MGMT","OPA","2007-11-20",{"$f":"IFERROR(VLOOKUP($K30,'Grade Structure'!$A$4:$B$79,2,0),\"\")","v":994},"Director Human Resources","Director, Human Resources",186701,null,null,"Yes","Corporate Services","Human Resources","Marshall, Kimberly",null,"F"]
[358,"Killeavy","Michael","ACT","3M","MGMT","OPA","2009-11-02",{"$f":"IFERROR(VLOOKUP($K31,'Grade Structure'!$A$4:$B$79,2,0),\"\")","v":994},"Director, Contract Management","Director, Contract Management",186850,null,null,"Yes","Market & Resource Development","Contract Management","Butler, Josephine",null,"M"]
[125249,"BRIGGS","JEANNETTE","A","03","MGT","IESO","1999-06-02",{"$f":"IFERROR(VLOOKUP($K32,'Grade Structure'!$A$4:$B$79,2,0),\"\")","v":994},"Director-Settlements","Director, Settlements",210039.18,null,null,"Yes","M&F",null,null,70,"F"]
[998701,"TOMCZAK","PRZEMEK","A","03","MGT","IESO","2008-01-02",{"$f":"IFERROR(VLOOKUP($K33,'Grade Structure'!$A$4:$B$79,2,0),\"\")","v":954},"Director - Smart Metering","Director, Smart Metering",238864.86000000002,null,null,"Yes","I&TS",null,null,70,"M"]
[998023,"RATTRAY","JOHN","A","03","MGT","IESO","2004-10-04",{"$f":"IFERROR(VLOOKUP($K34,'Grade Structure'!$A$4:$B$79,2,0),\"\")","v":954},"General Counsel & Secretary","General Counsel",255641.36000000002,null,null,"Yes","LEG",null,null,70,"M"]
[998079,"RIVARD","BRIAN","A","03","MGT","IESO","2006-01-23",{"$f":"IFERROR(VLOOKUP($K35,'Grade Structure'!$A$4:$B$79,2,0),\"\")","v":864},"Director-Markets","Director, Markets",235050.66,null,null,"Yes","M&F",null,null,70,"M"]
[999461,"CAMPBELL","ALEXANDRA","A","04","MGT","IESO","2003-05-01",{"$f":"IFERROR(VLOOKUP($K36,'Grade Structure'!$A$4:$B$79,2,0),\"\")","v":864},"Mgr-Stkhldr & Public Affairs","Manager, Stakeholder & Public Affairs",150000.24,null,null,"Yes","C&ER",null,null,70,"F"]
[461384,"NICHOLSON","SUSAN","A","04","MGT","IESO","1990-01-01",{"$f":"IFERROR(VLOOKUP($K37,'Grade Structure'!$A$4:$B$79,2,0),\"\")","v":830},"Corporate Controller","Corporate Controller",176748.52000000002,null,null,"Yes","M&F",null,null,70,"F"]
[61,"Brady","D. Sean","ACT","3M","MGMT","OPA","2005-09-19",{"$f":"IFERROR(VLOOKUP($K38,'Grade Structure'!$A$4:$B$79,2,0),\"\")","v":830},"Director Business Development","Director, Business Development",180000,null,null,"Yes","Conservation & Corporate Relations","Business Development","Young, Terry",null,"M"]
[175,"Yahoda","Darryl","ACT","3M","MGMT","OPA","2007-02-27",{"$f":"IFERROR(VLOOKUP($K39,'Grade Structure'!$A$4:$B$79,2,0),\"\")","v":830},"Director Clean Energy Procurement","Director, Clean Energy Procurement",156000,null,null,"Yes","Market & Resource Development","Clean Energy Procurement","Butler, Josephine",null,"M"]
[269,"Ionescu","Sorana","ACT","3M","MGMT","OPA","2008-05-12",{"$f":"IFERROR(VLOOKUP($K40,'Grade Structure'!$A$4:$B$79,2,0),\"\")","v":830},"Director Conservation Performance","Director, Conservation Performance",162000,null,null,"Yes","Conservation & Corporate Relations","Conservation Performance","Young, Terry",null,"F"]
[282,"Boll","Michael","ACT","3M","MGMT","OPA","2008-06-16",{"$f":"IFERROR(VLOOKUP($K41,'Grade Structure'!$A$4:$B$79,2,0),\"\")","v":830},"Director Corporate/Commercial Law Group","Director, Corporate and Commercial Law Group",183500,null,null,"Yes","Planning, Law & Aboriginal Relations","General Counsel","Rattray, John",null,"M"]
[43,"Ellard","Barbara","ACT","3M","MGMT","OPA","2005-08-29",{"$f":"IFERROR(VLOOKUP($K42,'Grade Structure'!$A$4:$B$79,2,0),\"\")","v":830},"Director Policy & Analysis","Director, Policy & Analysis",161460,null,null,"Yes","Market & Resource Development","Policy & Analysis","Butler, Josephine",null,"F"]
[225,"Cronkwright","Shawn","ACT","3M","MGMT","OPA","2007-09-04",{"$f":"IFERROR(VLOOKUP($K43,'Grade Structure'!$A$4:$B$79,2,0),\"\")","v":830},"Director Renewables Procurement","Director, Renewables Procurement",158875,null,null,"Yes","Market & Resource Development","Renewables Procurement","Butler, Josephine",null,"M"]
[283,"Pessione","George","ACT","3M","MGMT","OPA","2008-06-09",{"$f":"IFERROR(VLOOKUP($K44,'Grade Structure'!$A$4:$B$79,2,0),\"\")","v":830},"Director Resource Integration","Director, Resource Integration",175100,null,null,"Yes","Planning, Law & Aboriginal Relations","Resource Integration","Lyle, Michael",null,"M"]
[6,"Pietrewicz","Andrew","ACT","3M","MGMT","OPA","2005-05-24",{"$f":"IFERROR(VLOOKUP($K45,'Grade Structure'!$A$4:$B$79,2,0),\"\")","v":830},"Director Resource Integration","Director, Resource Integration",162750,null,null,"Yes","Planning, Law & Aboriginal Relations","Resource Integration","Lyle, Michael",null,"M"]
[289,"Toneguzzo","Joseph","ACT","3M","MGMT","OPA","2008-07-14",{"$f":"IFERROR(VLOOKUP($K46,'Grade Structure'!$A$4:$B$79,2,0),\"\")","v":830},"Director Transmission Integration","Director, Transmission Integration",186506,null,null,"Yes","Planning, Law & Aboriginal Relations","Transmission Integration","Lyle, Michael",null,"M"]
[27,"Chow","Robert","ACT","3M","MGMT","OPA","2005-07-01",{"$f":"IFERROR(VLOOKUP($K47,'Grade Structure'!$A$4:$B$79,2,0),\"\")","v":830},"Director Transmission Integration","Director, Transmission Integration",184615,null,null,"Yes","Planning, Law & Aboriginal Relations","Transmission Integration","Lyle, Michael",null,"M"]
[486,"Kosic","Lubica","ACT","3L","MGMT","OPA","2011-05-18",{"$f":"IFERROR(VLOOKUP($K48,'Grade Structure'!$A$4:$B$79,2,0),\"\")","v":830},"Director, Financial Planning & Analysis and Office & Facility Services","Director, Financial Planning & Analysis",154000,null,null,"Yes","Corporate Services","Financial Planning & Analysis","Marshall, Kimberly",null,"F"]
[531195,"PETTITT","WILLIAM","A","04","MGT","IESO","1981-04-27",{"$f":"IFERROR(VLOOKUP($K49,'Grade Structure'!$A$4:$B$79,2,0),\"\")","v":830},"Mgr-Business Solutions","Manager, Business Solutions",184391.74,null,null,"Yes","I&TS",null,null,70,"M"]
[999135,"INGMAN","NICHOLAS","A","04","MGT","IESO","2000-11-09",{"$f":"IFERROR(VLOOKUP($K50,'Grade Structure'!$A$4:$B$79,2,0),\"\")","v":830},"Mgr-Internal Audit","Manager, Internal Audit",178533.42,null,null,"Yes","M&F",null,null,70,"M"]
[776671,"ROBITAILLE","DAVID","A","04","MGT","IESO","1990-02-14",{"$f":"IFERROR(VLOOKUP($K51,'Grade Structure'!$A$4:$B$79,2,0),\"\")","v":805},"Mgr Emergency Preprd","Manager, Emergency Preparedness",162443.84,null,null,"Yes","OPS",null,null,70,"M"]
[998578,"MARIA","AHMED","A","04","MGT","IESO","2005-05-24",{"$f":"IFERROR(VLOOKUP($K52,'Grade Structure'!$A$4:$B$79,2,0),\"\")","v":805},"Mgr-Market Facilitn","Manager Market Facilitation",156000,null,null,"Yes","OPS",null,null,70,"M"]
[999030,"JOHNSON","LEN","A","04","MGT","IESO","2000-03-30",{"$f":"IFERROR(VLOOKUP($K53,'Grade Structure'!$A$4:$B$79,2,0),\"\")","v":805},"Mgr-Mrkt Forecasts & Integ","Manager, Market Forecasts & Integration",172975.14,null,null,"Yes","OPS",null,null,70,"M"]
[998559,"SAVAGE","JESSICA","A","04","MGT","IESO","2005-02-07",{"$f":"IFERROR(VLOOKUP($K54,'Grade Structure'!$A$4:$B$79,2,0),\"\")","v":805},"Mgr-Reliability Assessments","Manager, Reliability Standards & Assessments",150000.24,null,null,"Yes","OPS",null,null,70,"F"]
[998503,"SHORT","DAVID","A","04","MGT","IESO","2004-05-25",{"$f":"IFERROR(VLOOKUP($K55,'Grade Structure'!$A$4:$B$79,2,0),\"\")","v":805},"Mgr-Shift Operations","Manager, Shift Operations",175787.82,null,null,"Yes","OPS",null,null,70,"M"]
[999036,"AGAVRILOAI","IOAN","A","04","MGT","IESO","2000-04-27",{"$f":"IFERROR(VLOOKUP($K56,'Grade Structure'!$A$4:$B$79,2,0),\"\")","v":805},"Mgr-System Perf & Models","Manager, Systems Performance & Models",168576.46,null,null,"Yes","OPS",null,null,70,"M"]
[998704,"MARTINELLO","ANTHONY","A","04","MGT","IESO","2008-04-21",{"$f":"IFERROR(VLOOKUP($K57,'Grade Structure'!$A$4:$B$79,2,0),\"\")","v":805},"Mgr-Treasury & Pension Oper","Manager, Treasury & Pension Operations",172380,null,null,"Yes","M&F",null,null,70,"M"]
[86,"McNally","Julia","ACT","3L","MGMT","OPA","2006-01-01",{"$f":"IFERROR(VLOOKUP($K58,'Grade Structure'!$A$4:$B$79,2,0),\"\")","v":750},"Director Strategic Engagement & Innovation","Director, Strategic Engagement & Innovation",145000,null,null,"Yes","Conservation & Corporate Relations","Strategic Engagement & Innovation","Young, Terry",null,"F"]
[372,"Sparkes","Katherine","ACT","4H","MGMT","OPA","2010-01-04",{"$f":"IFERROR(VLOOKUP($K59,'Grade Structure'!$A$4:$B$79,2,0),\"\")","v":750},"Manager Program Delivery & Partner Services","Manager, Program Delivery & Partner Services",115000,null,null,"Yes","Conservation & Corporate Relations","Program Delivery & Partner Services","Young, Terry",null,"F"]
[998306,"WADIE","MAGUED EMILE","A","04","MGT","IESO","2012-12-31",{"$f":"IFERROR(VLOOKUP($K60,'Grade Structure'!$A$4:$B$79,2,0),\"\")","v":702},"Manager - Smart Metering","Manager, Meter Data Management",197089.88,null,null,"Yes","I&TS",null,null,70,"M"]
[998249,"DEKYTSPOTTER","FRANCOIS","A","04","MGT","IESO","2011-07-11",{"$f":"IFERROR(VLOOKUP($K61,'Grade Structure'!$A$4:$B$79,2,0),\"\")","v":702},"Mgr-Human Resources","Manager, Human Resources (Employee & Labour Relations)",175409.78,null,null,"Yes","C&ER",null,null,70,"M"]
[999245,"ZAWORSKI","RICHARD","A","04","MGT","IESO","2001-08-16",{"$f":"IFERROR(VLOOKUP($K62,'Grade Structure'!$A$4:$B$79,2,0),\"\")","v":702},"Mgr-Settlmnt Support","Manager, Settlement Support",168554.1,null,null,"Yes","M&F",null,null,70,"M"]
[243,"McQueenie","Janet","ACT","4H","MGMT","OPA","2008-01-15",{"$f":"IFERROR(VLOOKUP($K63,'Grade Structure'!$A$4:$B$79,2,0),\"\")","v":551},"Manager Human Resources","Manager, Human Resources (Business Partner)",104701,null,null,"Yes","Corporate Services","Human Resources","Squissato, Elizabeth",null,"F"]
[412,"Vechsler","M. Christina","ACT","3L","MGMT","OPA","2010-05-25",{"$f":"IFERROR(VLOOKUP($K64,'Grade Structure'!$A$4:$B$79,2,0),\"\")","v":654},"Acting Senior Counsel - Manager","Senior Counsel Manager",134300,null,12700,"Yes","Planning, Law & Aboriginal Relations","General Counsel","Boll, Michael",null,"F"]
[195,"Jageman","Caroline","LOA","3L","MGMT","OPA","2007-04-30",{"$f":"IFERROR(VLOOKUP($K65,'Grade Structure'!$A$4:$B$79,2,0),\"\")","v":654},"Senior Counsel - Manager","Senior Counsel Manager",147000,null,null,"Yes","Planning, Law & Aboriginal Relations","General Counsel","Boll, Michael",null,"F"]
[101,"Forster","Catherine","ACT","4H","MGMT","OPA","2006-02-20",{"$f":"IFERROR(VLOOKUP($K66,'Grade Structure'!$A$4:$B$79,2,0),\"\")","v":588},"Manager Commercial Services","Manager, Contract Management (Commercial Services)",111714,null,null,"Yes","Market & Resource Development","Contract Management","Killeavy, Michael",null,"F"]
[606,"Tan","Alex","ACT","4H","MGMT","OPA","2013-02-04",{"$f":"IFERROR(VLOOKUP($K67,'Grade Structure'!$A$4:$B$79,2,0),\"\")","v":588},"Manager Finance & Accounting","Manager, Finance & Accounting",140000,null,null,"Yes","Corporate Services","Corporate Controller","Nicholson, Susan",null,"M"]
[452,"Sinclair","Robert","ACT","4H","MGMT","OPA","2010-11-22",{"$f":"IFERROR(VLOOKUP($K68,'Grade Structure'!$A$4:$B$79,2,0),\"\")","v":588},"Manager Procurement Operations","Manager, Procurement Operations",116000,null,null,"Yes","Market & Resource Development","Renewables Procurement","Cronkwright, Shawn",null,"M"]
[529,"Butterfield","David Adam","ACT","4H","MGMT","OPA","2012-02-27",{"$f":"IFERROR(VLOOKUP($K69,'Grade Structure'!$A$4:$B$79,2,0),\"\")","v":588},"Manager Renewable Generation Procurement","Manager, Renewable Generation Procurement",120000,null,null,"Yes","Market & Resource Development","Renewables Procurement","Cronkwright, Shawn",null,"M"]
[999195,"HOLMSEN","MARTINE","A","05","MGT","IESO","2001-09-13",{"$f":"IFERROR(VLOOKUP($K70,'Grade Structure'!$A$4:$B$79,2,0),\"\")","v":588},"Section Head - Communications","Section Head Communications",145000.18,null,null,"Yes","C&ER",null,null,70,"F"]
[361,"Lundhild","Evelyn","ACT","4H","MGMT","OPA","2009-11-16",{"$f":"IFERROR(VLOOKUP($K71,'Grade Structure'!$A$4:$B$79,2,0),\"\")","v":571},"Acting Manager, Market Transformation","Market Transformation Manager",118238,null,null,"Yes","Conservation & Corporate Relations","Conservation Performance","Ionescu, Sorana",null,"F"]
[157,"Aloussis","Carrie","ACT","4H","MGMT","OPA","2006-12-04",{"$f":"IFERROR(VLOOKUP($K72,'Grade Structure'!$A$4:$B$79,2,0),\"\")","v":571},"Manager Alliances","Manager Alliances",115652,null,null,"Yes","Conservation & Corporate Relations","Business Development","Brady, D. Sean",null,"F"]
[371,"Schruder","Nikolas","ACT","4H","MGMT","OPA","2010-01-11",{"$f":"IFERROR(VLOOKUP($K73,'Grade Structure'!$A$4:$B$79,2,0),\"\")","v":571},"Manager Technical Services","Manager Technical Services",110500,null,null,"Yes","Conservation & Corporate Relations","Conservation Performance","Ionescu, Sorana",null,"M"]
[999391,"JOVIC","RADO","A","05","MGT","IESO","2002-09-30",{"$f":"IFERROR(VLOOKUP($K74,'Grade Structure'!$A$4:$B$79,2,0),\"\")","v":571},"Section Head - IT&I","Section Head, ITI",170563.9,null,null,"Yes","I&TS",null,null,70,"M"]
[328601,"CHIU","WANG","A","05","MGT","IESO","1987-05-04",{"$f":"IFERROR(VLOOKUP($K75,'Grade Structure'!$A$4:$B$79,2,0),\"\")","v":571},"Section Head - IT&I","Section Head, ITI",161282.16,null,null,"Yes","I&TS",null,null,70,"M"]
[177821,"LYN","TYRONE","A","05","MGT","IESO","1979-05-31",{"$f":"IFERROR(VLOOKUP($K76,'Grade Structure'!$A$4:$B$79,2,0),\"\")","v":571},"Section Head - IT&I","Section Head, ITI",160422.85999999999,null,null,"Yes","I&TS",null,null,70,"M"]
[999139,"WOO","PETER","A","05","MGT","IESO","1986-10-20",{"$f":"IFERROR(VLOOKUP($K77,'Grade Structure'!$A$4:$B$79,2,0),\"\")","v":571},"Section Head - IT&I","Section Head, ITI",155507.82,null,null,"Yes","I&TS",null,null,70,"M"]
[999194,"CHIU","LIEZL","A","05","MGT","IESO","2001-09-17",{"$f":"IFERROR(VLOOKUP($K78,'Grade Structure'!$A$4:$B$79,2,0),\"\")","v":571},"Section Head - IT&I","Section Head, ITI",154603.02000000002,null,null,"Yes","I&TS",null,null,70,"F"]
[998096,"HIPPLE","WILLIAM","A","05","MGT","IESO","2006-05-08",{"$f":"IFERROR(VLOOKUP($K79,'Grade Structure'!$A$4:$B$79,2,0),\"\")","v":571},"Section Head - IT&I","Section Head, ITI",136369.22,null,null,"Yes","I&TS",null,null,70,"M"]
[999210,"REBELLON","PEDRO","A","05","MGT","IESO","2001-05-28",{"$f":"IFERROR(VLOOKUP($K80,'Grade Structure'!$A$4:$B$79,2,0),\"\")","v":571},"Section Head-Planning & Assess","Section Head Planning & Assessments",149572.80000000002,null,null,"Yes","OPS",null,null,70,"M"]
[150311,"KANDOLA","HARDEEP","A","05","MGT","IESO","1978-06-05",{"$f":"IFERROR(VLOOKUP($K81,'Grade Structure'!$A$4:$B$79,2,0),\"\")","v":571},"Section Head-Planning & Assess","Section Head Planning & Assessments",148932.16,null,null,"Yes","OPS",null,null,70,"M"]
[999258,"KHAN","KHAQAN AHMAD","A","05","MGT","IESO","2001-11-26",{"$f":"IFERROR(VLOOKUP($K82,'Grade Structure'!$A$4:$B$79,2,0),\"\")","v":571},"Section Head-Planning & Assess","Section Head Planning & Assessments",148104.32000000001,null,null,"Yes","OPS",null,null,70,"M"]
[999412,"ADAM","GABRIEL","A","05","MGT","IESO","2002-10-24",{"$f":"IFERROR(VLOOKUP($K83,'Grade Structure'!$A$4:$B$79,2,0),\"\")","v":571},"Section Head-Planning & Assess","Section Head Planning & Assessments",148104.32000000001,null,null,"Yes","OPS",null,null,70,"M"]
[999100,"FACCA","MAURO","A","05","MGT","IESO","1986-06-02",{"$f":"IFERROR(VLOOKUP($K84,'Grade Structure'!$A$4:$B$79,2,0),\"\")","v":571},"Section Head-Planning & Assess","Section Head Planning & Assessments",148046.6,null,null,"Yes","OPS",null,null,70,"M"]
[999516,"HARTWELL","BRYAN","A","05","MGT","IESO","2001-09-09",{"$f":"IFERROR(VLOOKUP($K85,'Grade Structure'!$A$4:$B$79,2,0),\"\")","v":571},"Section Head-Planning & Assess","Section Head Planning & Assessments",138499.92000000001,null,null,"Yes","OPS",null,null,70,"M"]
[998563,"JAGER","SAM","A","05","MGT","IESO","2005-02-28",{"$f":"IFERROR(VLOOKUP($K86,'Grade Structure'!$A$4:$B$79,2,0),\"\")","v":571},"Section Head-Planning & Assess","Section Head Planning & Assessments",135000.06,null,null,"Yes","OPS",null,null,70,"M"]
[999117,"DEVEREAUX","DAVID","A","05","MGT","IESO","1992-03-09",{"$f":"IFERROR(VLOOKUP($K87,'Grade Structure'!$A$4:$B$79,2,0),\"\")","v":571},"Section Head-Shift Oper Supprt","Section Head Shift Operations Support",143968.76,null,null,"Yes","OPS",null,null,70,"M"]
[998347,"HODGKINSON","JOHN","A","04","MGT","IESO","2013-09-26",{"$f":"IFERROR(VLOOKUP($K88,'Grade Structure'!$A$4:$B$79,2,0),\"\")","v":677},"Mgr-Human Resources","Manager, Human Resources (Total Rewards)",160000.1,null,null,"Yes","C&ER",null,null,70,"M"]
[641,"Ferreira","Joe","ACT","4H","MGMT","OPA","2013-08-26",{"$f":"IFERROR(VLOOKUP($K89,'Grade Structure'!$A$4:$B$79,2,0),\"\")","v":479},"Manager IT Operations","Manager, IT Operations",115000,null,null,"Yes","I & TS","Technology Support","Chong Tai, David",null,"M"]
[999367,"CHONG-TAI","DAVID","A","04","MGT","IESO","2002-05-01",{"$f":"IFERROR(VLOOKUP($K90,'Grade Structure'!$A$4:$B$79,2,0),\"\")","v":479},"Mgr - IT Operations","Manager, IT Operations",180767.6,null,null,"Yes","I&TS",null,null,70,"M"]
[998349,"DEANGELIS","COSIMO","A","05","MGT","IESO","2013-10-28",{"$f":"IFERROR(VLOOKUP($K91,'Grade Structure'!$A$4:$B$79,2,0),\"\")","v":""},"Section Head - Corp Bus Mgmt","Section Head Corporate Business Management",150000.24,null,null,"Yes","C&ER",null,null,70,"M"]
[279083,"RIDDELL","ROBIN","A","05","MGT","IESO","1986-03-08",{"$f":"IFERROR(VLOOKUP($K92,'Grade Structure'!$A$4:$B$79,2,0),\"\")","v":""},"Section Head-Talent Acq & Mgmt","Section Head-Talent Acquisition & Management",132000.18,null,null,"Yes","C&ER",null,null,70,"F"]

{"sheet":"Job Matrix (blank)","index":8,"n_rows":47,"n_cols":8,"rows_kept":47,"cut":false,"hidden":true,"merged":[[4,0,4,7],[6,0,7,0],[6,1,7,1],[6,2,7,2],[6,3,7,3],[6,4,7,4],[6,6,7,6],[6,7,7,7],[9,0,10,0],[9,4,10,4],[13,0,15,0],[13,2,15,2],[13,5,15,5],[13,7,15,7],[16,0,22,0],[16,1,22,1],[16,2,22,2],[16,3,22,3],[16,4,22,4],[16,6,22,6],[16,7,18,7],[20,7,22,7],[13,6,15,6],[23,7,24,7],[25,0,26,0],[27,0,29,0],[27,2,29,2],[27,3,29,3],[27,4,29,4],[27,5,29,5],[27,6,29,6],[27,7,29,7],[23,0,24,0],[23,1,24,1],[23,3,24,3],[23,4,24,4],[23,5,24,5],[23,6,24,6],[30,7,31,7],[34,0,38,0],[34,2,38,2],[34,3,38,3],[34,5,38,5],[34,6,38,6],[34,7,38,7],[30,0,31,0],[30,1,31,1],[30,2,31,2],[30,4,31,4],[30,5,31,5],[30,6,31,6],[45,7,46,7],[39,0,41,0],[39,1,41,1],[39,3,41,3],[39,4,41,4],[39,6,41,6],[42,0,44,0],[42,2,44,2],[42,3,44,3],[42,4,44,4],[42,5,44,5],[42,6,44,6],[45,0,46,0],[45,3,46,3],[45,5,46,5],[45,6,46,6]]}
[]
[]
[]
[]
["Job Ranking Matrix"]
["Evaluation Points","Corporate Services","Information & Technology Services","Planning, Law & Aboriginal Relations","Market & Resource Development","Market & Systems Operations","CEO","Conservation & Corporate Relations"]
[1192,null,null,null,null,"Director, Market Operations"]
[null,null,null,null,null,"Director, Power Systems Assessments"]
[1096,null,null,null,null,null,"Director, MACD"]
[994,"Director, Human Resources\r",null,null,"Director, Contract Management"]
[null,"Director, Settlements"]
[954,null,"Director, Smart Metering","General Counsel"]
[864,null,null,null,"Director, Markets",null,null,"Manager, Stakeholder & Public Affairs"]
[830,"Corporate Controller\r","Manager, Business Solutions","Director, Corporate and Commercial Law Group\r","Director, Clean Energy Procurement\r",null,"Manager, Internal Audit"]
[null,"Director, Financial Planning & Analysis",null,"Director, Resource Integration","Director, Policy & Analysis"]
[null,null,null,"Director, Transmission Integration","Director, Renewables Procurement"]
[805,"Manager, Treasury & Pension Operations",null,null,null,"Manager Market Facilitation\r",null,"Director, Business Development\r"]
[null,null,null,null,null,"Manager, Emergency Preparedness"]
[null,null,null,null,null,"Manager, Market Forecasts & Integration"]
[null,null,null,null,null,"Manager, Operations Change Initiatives"]
[null,null,null,null,null,"Manager, Reliability Standards & Assessments",null,"Director, Conservation Performance"]
[null,null,null,null,null,"Manager, Shift Operations"]
[null,null,null,null,null,"Manager, Systems Performance & Models"]
[775,null,"Manager, Organizational Governance & Support\r"]
[null,null,"Manager, Technology Support"]
[750,null,null,null,null,null,null,"Director, Strategic Engagement & Innovation"]
[null,null,null,null,null,null,null,"Manager, Program Delivery & Partner Services"]
[702,"Manager, HR (Employee & Labour Relations)\r",null,null,"Manager, Special Projects"]
[null,"Manager, Meter Data Management"]
[null,"Manager, Settlement Support"]
[677,"Manager, Human Resources (Total Rewards)\r","Manager, Smart Metering","Manager, First Nations"]
[null,null,null,"Manager, Regulatory Affairs"]
[654,null,null,"Senior Counsel Manager"]
[634]
[588,"Manager, Finance & Accounting",null,null,"Manager, Contract Mgmt (Commercial Services)",null,null,"Section Head Communications"]
[null,"Manager, Learning & Organizational Development",null,null,"Manager, Contract Management (Vacant role)"]
[null,null,null,null,"Manager, Market Change Initiatives"]
[null,null,null,null,"Manager, Procurement Operations"]
[null,null,null,null,"Manager, Renewable Generation Procurement"]
[571,null,"Section Head, ITI",null,null,"Section Head Planning & Assessments\r",null,"Manager Alliances\r"]
[null,null,"Section Head, IT Operations",null,null,"Section Head Shift Operations Support",null,"Manager Technical Services"]
[null,null,null,null,null,null,null,"Market Transformation Manager"]
[551,"Manager, Financial Planning & Analysis",null,null,null,null,null,"Manager, Conservation Intelligence and Analytics"]
[null,"Manager, Human Resources (Business Partner)",null,null,null,null,null,"Manager Customer Relations"]
[null,"Manager, Procure to Pay"]
[479,"Section Head Corporate Business Management","Manager, IT Operations",null,"Manager, Contract Mgmt (Contract & Support Services)\r"]
[null,"Section Head-Talent Acquisition & Management","Manager, IT Solutions",null,"Manager, Project & Portfolio"]