{"text_format":"1","workbook":"xlsx","n_sheets":27,"sheets":["1. Info","2021 List","Sheet1","2. Table of Contents","3. RRR Data","4. UTRs and Sub-Transmission","5. Historical Wholesale","6. Current Wholesale","7. Forecast Wholesale - 27","7. Forecast Wholesale - 28","7. Forecast Wholesale - 29","7. Forecast Wholesale - 30","7. Forecast Wholesale - 31","8. 2027 RTSR Rates to Forecast","8. 2028 RTSR Rates to Forecast","8. 2029 RTSR Rates to Forecast","8. 2030 RTSR Rates to Forecast","8. 2031 RTSR Rates to Forecast","9. 2027 LV Rates","9. 2028 LV Rates","9. 2029 LV Rates","9. 2030 LV Rates","9. 2031 LV Rates","RateClasses","DELETE 3. Rate Classes","2 1 5 TotalConsumptionData_Dist","hidden1"],"not_rendered":{"charts":0,"images":3,"macros":1,"external_links":0,"defined_names":181,"comments":0,"pivot_tables":0},"unopened":[],"bounds":{"document_bytes":16777216,"sheet_cells":100000,"rows_first":2000,"rows_last":500,"rows_between":2000,"halvings":0,"cell_chars":16384,"cell_head_chars":4096},"cells_cut":0,"cells_raw":0,"read":"whole","date_system":"1900"}

{"sheet":"1. Info","index":0,"n_rows":72,"n_cols":29,"rows_kept":72,"cut":false,"hidden":false,"merged":[[22,3,22,4],[18,3,18,4],[1,2,1,9],[2,2,2,9],[3,2,3,9],[4,2,4,9],[14,3,14,4]]}
[null,null,null,null,null,null,null,null,null,null,null,null,null,null,null,null,null,null,null,null,null,null,null,null,null,null,null,"Alectra Utilities Corporation-Brampton Rate Zone","2027 RTSR Workform \nfor Electricity Distributors\n"]
[null,null,null,null,null,null,null,null,null,null,null,null,null,null,null,null,null,null,null,null,null,null,null,null,null,null,null,"Alectra Utilities Corporation-Enersource Rate Zone","v 1.0\n"]
[null,null,null,null,null,null,null,null,null,null,null,null,null,null,null,null,null,null,null,null,null,null,null,null,null,null,null,"Alectra Utilities Corporation-Horizon Utilities Rate Zone"]
[null,null,null,null,null,null,null,null,null,null,null,null,null,null,null,null,null,null,null,null,null,null,null,null,null,null,null,"Alectra Utilities Corporation-PowerStream Rate Zone"]
[null,null,null,null,null,null,null,null,null,null,null,null,null,null,null,null,null,null,null,null,null,null,null,null,null,null,null,"Alectra Utilities Corporation-Guelph Rate Zone"]
[null,null,null,null,null,null,null,null,null,null,null,null,null,null,null,null,null,null,null,null,null,null,null,null,null,null,null,"Algoma Power Inc."]
[null,null,null,null,null,null,null,null,null,null,null,null,null,null,null,null,null,null,null,null,null,null,null,null,null,null,null,"Atikokan Hydro Inc."]
[null,null,null,null,null,null,null,null,null,null,null,null,null,null,null,null,null,null,null,null,null,null,null,null,null,null,null,"Bluewater Power Distribution Corporation"]
[null,null,null,null,null,null,null,null,null,null,null,null,null,null,null,null,null,null,null,null,null,null,null,null,null,null,null,"Burlington Hydro Inc."]
[null,null,null,null,null,null,null,null,null,null,null,null,null,null,null,null,null,null,null,null,null,null,null,null,null,null,null,"Canadian Niagara Power Inc."]
[null,null,null,null,null,null,null,null,null,null,null,null,null,null,null,null,null,null,null,null,null,null,null,null,null,null,null,"Centre Wellington Hydro Ltd."]
[null,null,null,null,null,null,null,null,null,null,null,null,null,null,null,null,null,null,null,null,null,null,null,null,null,null,null,"Chapleau Public Utilities Corporation"]
["Drop-down lists are shaded blue; Input cells are shaded green.",null,null,null,null,null,null,null,null,null,null,null,null,null,null,null,null,null,null,null,null,null,null,null,null,null,null,"Cooperative Hydro Embrun Inc."]
[null,null,null,null,null,null,null,null,null,null,null,null,null,null,null,null,null,null,null,null,null,null,null,null,null,null,null,"E.L.K. Energy Inc."]
[null,null,"Utility Name   ","Alectra Utilities Corporation-Horizon Utilities Rate Zone",null,null,null,null,null,null,null,null,null,null,null,null,null,null,null,null,null,null,null,null,null,null,null,"Elexicon Energy Inc.-Whitby Rate Zone"]
[null,null,null,null,null,null,null,null,null,null,null,null,null,null,null,null,null,null,null,null,null,null,null,null,null,null,null,"Elexicon Energy Inc.-Veridian Rate Zone"]
[null,null,"Assigned EB Number","EB-2025-0252",null,null,null,null,null,null,null,null,null,null,null,null,null,null,null,null,null,null,null,null,null,null,null,"Enova Power Corp.-Kitchener-Wilmot Hydro Rate Zone"]
[null,null,null,null,null,null,null,null,null,null,null,null,null,null,null,null,null,null,null,null,null,null,null,null,null,null,null,"Enova Power Corp.-Waterloo North Rate Zone"]
[null,null,"Name and Title of Contact",null,null,null,null,null,null,null,null,null,null,null,null,null,null,null,null,null,null,null,null,null,null,null,null,"Entegrus Powerlines Inc.-For Entegrus-Main Rate Zone"]
[null,null,null,null,null,null,null,null,null,null,null,null,null,null,null,null,null,null,null,null,null,null,null,null,null,null,null,"Entegrus Powerlines Inc.-For Former St. Thomas Energy Rate Zone"]
[null,null,"Phone Number",null,null,null,null,null,null,null,null,null,null,null,null,null,null,null,null,null,null,null,null,null,null,null,null,"ENWIN Utilities Ltd."]
[null,null,null,null,null,null,null,null,null,null,null,null,null,null,null,null,null,null,null,null,null,null,null,null,null,null,null,"EPCOR Electricity Distribution Ontario Inc."]
[null,null,"Email Address",null,null,null,null,null,null,null,null,null,null,null,null,null,null,null,null,null,null,null,null,null,null,null,null,"ERTH Power Corporation - ERTH Power Main Rate Zone"]
[null,null,null,null,null,null,null,null,null,null,null,null,null,null,null,null,null,null,null,null,null,null,null,null,null,null,null,"ERTH POWER CORPORATION – GODERICH RATE ZONE"]
[null,null,"Last COS Re-based Year",null,null,null,null,null,null,null,null,null,null,null,null,null,null,null,null,null,null,null,null,null,null,null,null,"Espanola Regional Hydro Distribution Corporation"]
[null,null,null,null,null,null,null,null,null,null,null,null,null,null,null,null,null,null,null,null,null,null,null,null,null,null,null,"Essex Powerlines Corporation"]
[null,null,"Test Year",2027,null,null,null,null,null,null,null,null,null,null,null,null,null,null,null,null,null,null,null,null,null,null,null,"Festival Hydro Inc."]
[null,null,null,null,null,null,null,null,null,null,null,null,null,null,null,null,null,null,null,null,null,null,null,null,null,null,null,"Fort Frances Power Corporation"]
[null,null,null,null,null,null,null,null,null,null,null,null,null,null,null,null,null,null,null,null,null,null,null,null,null,null,null,"GrandBridge Energy Inc.-Brantford Power Rate Zone "]
[null,null,null,null,null,null,null,null,null,null,null,null,null,null,null,null,null,null,null,null,null,null,null,null,null,null,null,"GrandBridge Energy Inc.-Energy+ Rate Zone "]
[null,null,null,null,null,null,null,null,null,null,null,null,null,null,null,null,null,null,null,null,null,null,null,null,null,null,null,"Greater Sudbury Hydro Inc."]
[null,null,null,null,null,null,null,null,null,null,null,null,null,null,null,null,null,null,null,null,null,null,null,null,null,null,null,"Grimsby Power Incorporated"]
[null,null,null,null,null,null,null,null,null,null,null,null,null,null,null,null,null,null,null,null,null,null,null,null,null,null,null,"Halton Hills Hydro Inc."]
[null,null,null,null,null,null,null,null,null,null,null,null,null,null,null,null,null,null,null,null,null,null,null,null,null,null,null,"Hearst Power Distribution Co. Ltd."]
[null,null,null,null,null,null,null,null,null,null,null,null,null,null,null,null,null,null,null,null,null,null,null,null,null,null,null,"Hydro 2000 Inc."]
[null,null,null,null,null,null,null,null,null,null,null,null,null,null,null,null,null,null,null,null,null,null,null,null,null,null,null,"Hydro Hawkesbury Inc."]
[null,null,null,null,null,null,null,null,null,null,null,null,null,null,null,null,null,null,null,null,null,null,null,null,null,null,null,"Hydro One Networks Inc."]
[null,null,null,null,null,null,null,null,null,null,null,null,null,null,null,null,null,null,null,null,null,null,null,null,null,null,null,"Hydro One Networks Inc.-Former Orillia Power Distribution Corporation Service Area"]
[null,null,null,null,null,null,null,null,null,null,null,null,null,null,null,null,null,null,null,null,null,null,null,null,null,null,null,"Hydro One Networks Inc.-Former Peterborough Distribution Inc. Service Area"]
[null,null,null,null,null,null,null,null,null,null,null,null,null,null,null,null,null,null,null,null,null,null,null,null,null,null,null,"Hydro One Networks Inc.-Former Haldimand County Hydro Inc. Service Area"]
[null,null,null,null,null,null,null,null,null,null,null,null,null,null,null,null,null,null,null,null,null,null,null,null,null,null,null,"Hydro One Networks Inc.-Former Norfolk Power Distribution Inc. Service Area"]
[null,null,null,null,null,null,null,null,null,null,null,null,null,null,null,null,null,null,null,null,null,null,null,null,null,null,null,"Hydro One Networks Inc.-Former Woodstock Hydro Services Inc. Service Area"]
[null,null,null,null,null,null,null,null,null,null,null,null,null,null,null,null,null,null,null,null,null,null,null,null,null,null,null,"Hydro One Remote Communites Inc."]
[null,null,null,null,null,null,null,null,null,null,null,null,null,null,null,null,null,null,null,null,null,null,null,null,null,null,null,"Hydro Ottawa Limited"]
[null,null,null,null,null,null,null,null,null,null,null,null,null,null,null,null,null,null,null,null,null,null,null,null,null,null,null,"InnPower Corporation"]
[null,null,null,null,null,null,null,null,null,null,null,null,null,null,null,null,null,null,null,null,null,null,null,null,null,null,null,"Kingston Hydro Corporation"]
[null,null,null,null,null,null,null,null,null,null,null,null,null,null,null,null,null,null,null,null,null,null,null,null,null,null,null,"Lakefront Utilities Inc."]
[null,null,null,null,null,null,null,null,null,null,null,null,null,null,null,null,null,null,null,null,null,null,null,null,null,null,null,"Lakeland Power Distribution Ltd."]
[null,null,null,null,null,null,null,null,null,null,null,null,null,null,null,null,null,null,null,null,null,null,null,null,null,null,null,"London Hydro Inc."]
[null,null,null,null,null,null,null,null,null,null,null,null,null,null,null,null,null,null,null,null,null,null,null,null,null,null,null,"Milton Hydro Distribution Inc."]
[null,null,null,null,null,null,null,null,null,null,null,null,null,null,null,null,null,null,null,null,null,null,null,null,null,null,null,"Newmarket-Tay Power Distribution Ltd.-For Former Midland Power Utility Rate Zone"]
[null,null,null,null,null,null,null,null,null,null,null,null,null,null,null,null,null,null,null,null,null,null,null,null,null,null,null,"Newmarket-Tay Power Distribution Ltd.-For Newmarket-Tay Power Main Rate Zone"]
[null,null,null,null,null,null,null,null,null,null,null,null,null,null,null,null,null,null,null,null,null,null,null,null,null,null,null,"Niagara Peninsula Energy Inc."]
[null,null,null,null,null,null,null,null,null,null,null,null,null,null,null,null,null,null,null,null,null,null,null,null,null,null,null,"Niagara-on-the-Lake Hydro Inc."]
[null,null,null,null,null,null,null,null,null,null,null,null,null,null,null,null,null,null,null,null,null,null,null,null,null,null,null,"North Bay Hydro Distribution Limited"]
[null,null,null,null,null,null,null,null,null,null,null,null,null,null,null,null,null,null,null,null,null,null,null,null,null,null,null,"Northern Ontario Wires Inc."]
[null,null,null,null,null,null,null,null,null,null,null,null,null,null,null,null,null,null,null,null,null,null,null,null,null,null,null,"Oakville Hydro Electricity Distribution Inc."]
[null,null,null,null,null,null,null,null,null,null,null,null,null,null,null,null,null,null,null,null,null,null,null,null,null,null,null,"Orangeville Hydro Limited"]
[null,null,null,null,null,null,null,null,null,null,null,null,null,null,null,null,null,null,null,null,null,null,null,null,null,null,null,"Oshawa PUC Networks Inc."]
[null,null,null,null,null,null,null,null,null,null,null,null,null,null,null,null,null,null,null,null,null,null,null,null,null,null,null,"Ottawa River Power Corporation"]
[null,null,null,null,null,null,null,null,null,null,null,null,null,null,null,null,null,null,null,null,null,null,null,null,null,null,null,"PUC Distribution Inc."]
[null,null,null,null,null,null,null,null,null,null,null,null,null,null,null,null,null,null,null,null,null,null,null,null,null,null,null,"Renfrew Hydro Inc."]
[null,null,null,null,null,null,null,null,null,null,null,null,null,null,null,null,null,null,null,null,null,null,null,null,null,null,null,"Rideau St. Lawrence Distribution Inc."]
[null,null,null,null,null,null,null,null,null,null,null,null,null,null,null,null,null,null,null,null,null,null,null,null,null,null,null,"Sioux Lookout Hydro Inc."]
[null,null,null,null,null,null,null,null,null,null,null,null,null,null,null,null,null,null,null,null,null,null,null,null,null,null,null,"Synergy North Corporation-Kenora Rate Zone"]
[null,null,null,null,null,null,null,null,null,null,null,null,null,null,null,null,null,null,null,null,null,null,null,null,null,null,null,"Synergy North Corporation-Thunder Bay Rate Zone "]
[null,null,null,null,null,null,null,null,null,null,null,null,null,null,null,null,null,null,null,null,null,null,null,null,null,null,null,"Tillsonburg Hydro Inc."]
[null,null,null,null,null,null,null,null,null,null,null,null,null,null,null,null,null,null,null,null,null,null,null,null,null,null,null,"Toronto Hydro-Electric System Limited"]
[null,null,null,null,null,null,null,null,null,null,null,null,null,null,null,null,null,null,null,null,null,null,null,null,null,null,null,"Wasaga Distribution Inc."]
[null,null,null,null,null,null,null,null,null,null,null,null,null,null,null,null,null,null,null,null,null,null,null,null,null,null,null,"Welland Hydro-Electric System Corp."]
[null,null,null,null,null,null,null,null,null,null,null,null,null,null,null,null,null,null,null,null,null,null,null,null,null,null,null,"Wellington North Power Inc."]
[null,null,null,null,null,null,null,null,null,null,null,null,null,null,null,null,null,null,null,null,null,null,null,null,null,null,null,"Westario Power Inc."]

{"sheet":"2021 List","index":1,"n_rows":72,"n_cols":2,"rows_kept":72,"cut":false,"hidden":true,"merged":[]}
["Alectra Utilities Corporation-Brampton Rate Zone","HHPNS717"]
["Alectra Utilities Corporation-Enersource Rate Zone","HHPNS717"]
["Alectra Utilities Corporation-Horizon Utilities Rate Zone","HHPNS717"]
["Alectra Utilities Corporation-PowerStream Rate Zone","HHPNS717"]
["Alectra Utilities Corporation-Guelph Rate Zone","HHPNS717"]
["Algoma Power Inc.","WKBSV849"]
["Atikokan Hydro Inc.","NJYBW716"]
["Bluewater Power Distribution Corporation","GQQHM388"]
["Burlington Hydro Inc.","OARZC118"]
["Canadian Niagara Power Inc.","HJHBH994"]
["Centre Wellington Hydro Ltd.","KQEEH473"]
["Chapleau Public Utilities Corporation","CPEFQ593"]
["Cooperative Hydro Embrun Inc.","QXHJU641"]
["E.L.K. Energy Inc.","AVXSO594"]
["Elexicon Energy Inc.-Whitby Rate Zone","JMNNR431"]
["Elexicon Energy Inc.-Veridian Rate Zone","JMNNR431"]
["Enova Power Corp.-Kitchener-Wilmot Hydro Rate Zone","JMNNR432"]
["Enova Power Corp.-Waterloo North Rate Zone","JMNNR432"]
["Entegrus Powerlines Inc.-For Entegrus-Main Rate Zone","YEOQG654"]
["Entegrus Powerlines Inc.-For Former St. Thomas Energy Rate Zone","YEOQG654"]
["ENWIN Utilities Ltd.","PTLUC812"]
["EPCOR Electricity Distribution Ontario Inc.","ADICB565"]
["ERTH Power Corporation - ERTH Power Main Rate Zone","LRECV427"]
["ERTH POWER CORPORATION – GODERICH RATE ZONE","KTCNY552"]
["Espanola Regional Hydro Distribution Corporation","YEPCI143"]
["Essex Powerlines Corporation","GRHTW113"]
["Festival Hydro Inc.","GMGHU415"]
["Fort Frances Power Corporation","YTPWF351"]
["GrandBridge Energy Inc.-Brantford Power Rate Zone ","YTPWF352"]
["GrandBridge Energy Inc.-Energy+ Rate Zone ","YTPWF352"]
["Greater Sudbury Hydro Inc.","YCYKQ642"]
["Grimsby Power Incorporated","ADZFM459"]
["Halton Hills Hydro Inc.","RVWKN794"]
["Hearst Power Distribution Co. Ltd.","KESKM585"]
["Hydro 2000 Inc.","MQFNL784"]
["Hydro Hawkesbury Inc.","FNDHH648"]
["Hydro One Networks Inc.","PTREM828"]
["Hydro One Networks Inc.-Former Orillia Power Distribution Corporation Service Area","PTREM829"]
["Hydro One Networks Inc.-Former Peterborough Distribution Inc. Service Area","PTREM829"]
["Hydro One Networks Inc.-Former Haldimand County Hydro Inc. Service Area","PTREM828"]
["Hydro One Networks Inc.-Former Norfolk Power Distribution Inc. Service Area","PTREM828"]
["Hydro One Networks Inc.-Former Woodstock Hydro Services Inc. Service Area","PTREM828"]
["Hydro One Remote Communites Inc.","UBBYF452"]
["Hydro Ottawa Limited","NSBED625"]
["InnPower Corporation","TXKTT167"]
["Kingston Hydro Corporation","ZHKLA874"]
["Lakefront Utilities Inc.","YLCEC559"]
["Lakeland Power Distribution Ltd.","NHKJF259"]
["London Hydro Inc.","SLRXO177"]
["Milton Hydro Distribution Inc.","UIFEM157"]
["Newmarket-Tay Power Distribution Ltd.-For Former Midland Power Utility Rate Zone","RUZIU984"]
["Newmarket-Tay Power Distribution Ltd.-For Newmarket-Tay Power Main Rate Zone","RUZIU984"]
["Niagara Peninsula Energy Inc.","KSUYD122"]
["Niagara-on-the-Lake Hydro Inc.","QHCKN852"]
["North Bay Hydro Distribution Limited","FUIJX538"]
["Northern Ontario Wires Inc.","PWKJP953"]
["Oakville Hydro Electricity Distribution Inc.","JEGGW178"]
["Orangeville Hydro Limited","TVKSH414"]
["Oshawa PUC Networks Inc.","PQZCY963"]
["Ottawa River Power Corporation","GTLBW445"]
["PUC Distribution Inc.","MLWYG784"]
["Renfrew Hydro Inc.","QDKIF127"]
["Rideau St. Lawrence Distribution Inc.","AMZEN437"]
["Sioux Lookout Hydro Inc.","ACEVX242"]
["Synergy North Corporation-Kenora Rate Zone","DSPWZ318"]
["Synergy North Corporation-Thunder Bay Rate Zone ","DSPWZ318"]
["Tillsonburg Hydro Inc.","OLIUU862"]
["Toronto Hydro-Electric System Limited","NIOJF461"]
["Wasaga Distribution Inc.","ZYZFO848"]
["Welland Hydro-Electric System Corp.","IOKHC383"]
["Wellington North Power Inc.","SKVKJ649"]
["Westario Power Inc.","TPFNQ593"]

{"sheet":"Sheet1","index":2,"n_rows":11,"n_cols":2,"rows_kept":11,"cut":false,"hidden":true,"merged":[]}
[]
[]
[]
[]
["2. Table of Contents","X"]
["3. RRR Data","X"]
["4. UTRs and Sub-Transmission","X"]
["5. Historical Wholesale","X"]
["6. Current Wholesale","X"]
["7. Forecast Wholesale","X"]
["8. RTSR Rates to Forecast","X"]

{"sheet":"2. Table of Contents","index":3,"n_rows":28,"n_cols":9,"rows_kept":28,"cut":false,"hidden":false,"merged":[]}
[]
[]
[]
[]
[]
[]
[]
[]
[]
[]
[]
[]
[]
[]
[]
[]
[]
[]
[]
[null,null,null,"1. Info",null,null,null,null,"5. Historical Wholesale"]
[]
[null,null,null,"2. Table of Contents",null,null,null,null,"6. Current Wholesale"]
[]
[null,null,null,"3. RRR Data",null,null,null,null,"7. Forecast Wholesale"]
[]
[null,null,null,"4. UTRs and Sub-Transmission",null,null,null,null,"8. RTSR Rates to Forecast"]
[]
[null,null,null,null,null,null,null,null,"9. LV Rates"]

{"sheet":"3. RRR Data","index":4,"n_rows":34,"n_cols":52,"rows_kept":34,"cut":false,"hidden":false,"merged":[[12,1,12,8]]}
[null,null,null,null,null,null,null,null,null,null,null,null,null,null,null,null,null,null,null,null,null,null,null,null,null,null,null,null,null,null,null,null,null,null,null,null,null,null,null,null,null,null,null,null,null,null,null,null,null,null,null,1]
[]
[]
[]
[]
[]
[]
[]
[]
[]
[]
[]
[null,"Instructions:\nThis tab is to be completed using 2024 data.\nWhen entering 2024 data, please enter 2024 load that would currently be expected to qualify for the EV Charging Rates in the EV Charging rows. The main class should exclude the EV load."]
[null,"EV Multiplier:",0.17]
[null,"Rate Class","Rate Description","Unit","Rate","Non-Loss Adjusted Metered kWh","Non-Loss Adjusted Metered kW","Applicable \nLoss Factor\neg: (1.0325)","Loss Adjusted Billed kWh"]
[]
[null,"RESIDENTIAL SERVICE CLASSIFICATION","Retail Transmission Rate - Network Service Rate","$/kWh",1.270742730052922E-2,8291607415.2757702,null,1.0358483967350403,{"$f":"F17*H17","v":8588848247.4697781}]
[null,"RESIDENTIAL SERVICE CLASSIFICATION","Retail Transmission Rate - Line and Transformation Connection Service Rate","$/kWh",7.6076569555468708E-3,8291607415.2757702,null,1.0358483967350403,8588848247.4697781]
[null,"GENERAL SERVICE LESS THAN 50 KW SERVICE CLASSIFICATION","Retail Transmission Rate - Network Service Rate","$/kWh",1.1469710836806127E-2,2798123425.5986996,null,1.035980066344488,2898800092.0918069]
[null,"GENERAL SERVICE LESS THAN 50 KW SERVICE CLASSIFICATION","Retail Transmission Rate - Line and Transformation Connection Service Rate","$/kWh",6.7920316249860417E-3,2798123425.5986996,null,1.035980066344488,2898800092.0918069]
[null,"GENERAL SERVICE 50 to 4,999 kW SERVICE CLASSIFICATION","Retail Transmission Rate - Network Service Rate","$/kW",4.6631978708210529,null,33652794.092644684,1,0]
[null,"GENERAL SERVICE 50 to 4,999 kW SERVICE CLASSIFICATION","Retail Transmission Rate - Line and Transformation Connection Service Rate","$/kW",2.7732650713361786,null,33652794.092644684,1,0]
[null,"GENERAL SERVICE 50 to 4,999 kW SERVICE CLASSIFICATION","Retail Transmission Rate - Network Service Rate - EV CHARGING","$/kW",0.8129418640939321,null,153743.53999999998,1,0]
[null,"GENERAL SERVICE 50 to 4,999 kW SERVICE CLASSIFICATION","Retail Transmission Rate - Line and Transformation Connection Service Rate - EV CHARGING","$/kW",0.42691205106894253,null,153743.53999999998,1,0]
[null,"LARGE USE SERVICE CLASSIFICATION","Retail Transmission Rate - Network Service Rate","$/kW",5.1801652379221403,null,3575954.6982,1,0]
[null,"LARGE USE SERVICE CLASSIFICATION","Retail Transmission Rate - Line and Transformation Connection Service Rate","$/kW",3.5064847371561143,null,3575954.6982,1,0]
[null,"LARGE USE WITH DEDICATED ASSETS SERVICE CLASSIFICATION","Retail Transmission Rate - Network Service Rate","$/kW",5.0650472220189027,null,1601505.3413,1,0]
[null,"LARGE USE WITH DEDICATED ASSETS SERVICE CLASSIFICATION","Retail Transmission Rate - Line and Transformation Connection Service Rate","$/kW",3.8014725040242983,null,1601505.3413,1,0]
[null,"UNMETERED SCATTERED LOAD SERVICE CLASSIFICATION","Retail Transmission Rate - Network Service Rate","$/kWh",1.2430769909313771E-2,46497230.465939999,null,1.0360782565307349,48174769.474658884]
[null,"UNMETERED SCATTERED LOAD SERVICE CLASSIFICATION","Retail Transmission Rate - Line and Transformation Connection Service Rate","$/kWh",7.7114819281987315E-3,46497230.465939999,null,1.0360782565307349,48174769.474658884]
[null,"SENTINEL LIGHTING SERVICE CLASSIFICATION","Retail Transmission Rate - Network Service Rate","$/kW",3.6220986781149493,null,1987.7536864200001,1,0]
[null,"SENTINEL LIGHTING SERVICE CLASSIFICATION","Retail Transmission Rate - Line and Transformation Connection Service Rate","$/kW",2.2055650204306363,null,1987.7536864200001,1,0]
[null,"STREET LIGHTING SERVICE CLASSIFICATION","Retail Transmission Rate - Network Service Rate","$/kW",3.9675630231174548,null,262019.18758260002,1,0]
[null,"STREET LIGHTING SERVICE CLASSIFICATION","Retail Transmission Rate - Line and Transformation Connection Service Rate","$/kW",2.2139353814198395,null,262019.18758260002,1,0]

{"sheet":"4. UTRs and Sub-Transmission","index":5,"n_rows":74,"n_cols":17,"rows_kept":74,"cut":false,"hidden":false,"merged":[[73,4,73,6],[73,8,73,9],[72,4,72,6],[68,4,68,6],[68,8,68,9],[70,4,70,6],[70,8,70,9],[58,4,58,6],[58,8,58,9],[47,4,47,6],[47,7,47,9],[72,8,72,9],[66,4,66,6],[62,4,62,6],[62,7,62,9],[64,4,64,6],[64,8,64,9],[66,8,66,9],[51,4,51,6],[51,8,51,9],[53,4,53,6],[53,8,53,9],[55,4,55,6],[38,4,38,6],[39,4,39,6],[40,4,40,6],[40,8,40,9],[43,4,43,6],[43,8,43,9],[19,8,19,9],[55,8,55,9],[19,4,19,6],[28,4,28,6],[28,8,28,9],[32,4,32,6],[32,8,32,9],[34,8,34,9],[35,4,35,6],[36,4,36,6],[36,8,36,9],[37,4,37,6],[34,4,34,6],[38,8,38,9],[49,4,49,6],[49,8,49,9]]}
[]
[]
[]
[]
[]
[]
[]
[]
[]
[]
[]
[]
[]
[]
[]
[]
[]
[null,"Uniform Transmission Rates","Unit",null,"2025\nJan to Jun",null,"2025\nJul to Dec",null,"2026\nJan to Jun","2026\nJul to Dec",null,2027,null,2028,2029,2030,2031]
[]
[null,"Rate Description",null,null,"Rate",null,null,null,"Rate",null,null,"Rate",null,"Rate","Rate","Rate","Rate"]
[]
[null,"Network Service Rate","kW",null,6.37,null,6.37,null,6.39,6.39,null,6.5177999999999994,null,6.6481559999999993,6.7811191199999996,6.9167415023999999,7.0550763324480004]
[]
[null,"Line Connection Service Rate","kW",null,1,null,1,null,1.03,1.03,null,1.0506,null,1.071612,1.09304424,1.1149051247999999,1.137203227296]
[]
[null,"Transformation Connection Service Rate","kW",null,3.39,null,3.39,null,3.47,3.47,null,3.5394000000000001,null,3.610188,3.6823917600000002,3.7560395952000003,3.8311603871040005]
[]
[]
[null,"Hydro One Sub-Transmission Rates","Unit",null,2025,null,null,null,2026,null,null,2027,null,2028,2029,2030,2031]
[]
[]
[]
[null,"Rate Description",null,null,"Rate",null,null,null,"Rate",null,null,"Rate",null,"Rate","Rate","Rate","Rate"]
[]
[null,"Network Service Rate","kW",null,5.3280000000000003,null,null,null,5.4707999999999997,null,null,5.5802160000000001,null,5.6918203200000006,5.8056567264000005,5.9217698609280003,6.0402052581465604]
[]
[null,"Line Connection Service Rate","kW",null,0.68820000000000003,null,null,null,0.70540000000000003,null,null,0.71950800000000004,null,0.73389816000000008,0.74857612320000011,0.76354764566400013,0.7788185985772802]
[]
[null,"Transformation Connection Service Rate","kW",null,3.4893999999999998,null,null,null,3.5764,null,null,3.6479280000000003,null,3.7208865600000003,3.7953042912000003,3.8712103770240005,3.9486345845644806]
[]
[null,"Both Line and Transformation Connection Service Rate","kW",null,4.1776,null,null,null,4.2817999999999996,null,null,4.3674359999999997,null,4.4547847200000001,4.5438804144000002,4.6347580226880005,4.727453183141761]
[]
[]
[null,"If needed, add extra host here. (I)","Unit",null,2025,null,null,null,2026,null,null,2027,null,2028,2029,2030,2031]
[]
[]
[]
[null,"Rate Description",null,null,"Rate",null,null,"Rate",null,null,null,"Rate",null,"Rate","Rate","Rate","Rate"]
[]
[null,"Network Service Rate","kW"]
[]
[null,"Line Connection Service Rate","kW"]
[]
[null,"Transformation Connection Service Rate","kW"]
[]
[null,"Both Line and Transformation Connection Service Rate","kW",null,{"$f":"E54+E52","v":0},null,null,null,{"$f":"J54+J52","v":0},null,null,{"$f":"L54+L52","v":0},null,{"$f":"N54+N52","v":0},0,0,{"$f":"Q54+Q52","v":0}]
[]
[]
[null,"If needed, add extra host here. (II)","Unit",null,2025,null,null,null,2026,null,null,2027,null,2028,2029,2030,2031]
[]
[]
[]
[null,"Rate Description",null,null,"Rate",null,null,"Rate",null,null,null,"Rate",null,"Rate","Rate","Rate","Rate"]
[]
[null,"Network Service Rate","kW"]
[]
[null,"Line Connection Service Rate","kW"]
[]
[null,"Transformation Connection Service Rate","kW"]
[]
[null,"Both Line and Transformation Connection Service Rate","kW",null,{"$f":"E69+E67","v":0},null,null,null,{"$f":"J69+J67","v":0},null,null,{"$f":"L69+L67","v":0},null,{"$f":"N69+N67","v":0},0,0,{"$f":"Q69+Q67","v":0}]
[]
[null,null,null,null,"Historical 2025",null,null,null,"Current 2026",null,null,"Forecast 2027",null,"Forecast 2027","Forecast 2027","Forecast 2027","Forecast 2027"]
[null,"Low Voltage Switchgear Credit (if applicable, enter as a negative value)","$"]

{"sheet":"5. Historical Wholesale","index":6,"n_rows":117,"n_cols":16,"rows_kept":117,"cut":false,"hidden":false,"merged":[[95,7,95,9],[95,11,95,13],[96,7,96,9],[96,11,96,13],[20,3,20,5],[20,7,20,9],[20,11,20,13],[96,3,96,5],[38,3,38,5],[38,7,38,9],[38,11,38,13],[95,3,95,5],[57,3,57,5],[57,7,57,9],[57,11,57,13],[76,3,76,5],[76,7,76,9],[76,11,76,13]]}
[]
[]
[]
[]
[]
[]
[]
[]
[]
[]
[]
[]
[]
[]
[]
[]
[]
[]
[]
[]
[null,"IESO",null,"Network",null,null,null,"Line Connection",null,null,null,"Transformation Connection",null,null,null,"Total Connection"]
[null,"Month",null,"Units Billed","Rate","Amount",null,"Units Billed","Rate","Amount",null,"Units Billed","Rate","Amount",null,"Amount"]
[]
[null,"January",null,3766732,{"$f":"IF(D24<>0,F24/D24,0)","v":6.37},23994082.84,null,3889755.9999999995,{"$f":"IF(H24<>0,J24/H24,0)","v":1},3889755.9999999995,null,2863167,{"$f":"IF(L24<>0,N24/L24,0)","v":3.3899999999999997},9706136.129999999,null,{"$f":"J24+N24","v":13595892.129999999}]
[null,"February",null,3639411,6.37,23183048.07,null,3787273.9999999995,1,3787273.9999999995,null,2801691,3.39,9497732.4900000002,null,13285006.49]
[null,"March",null,3462429,6.370000000000001,22055672.730000004,null,3674401,1,3674401,null,2724824.9999999995,3.3900000000000006,9237156.75,null,12911557.75]
[null,"April",null,3340986,6.37,21282080.82,null,3684114.59,1,3684114.59,null,2719968.7994100293,3.3900000000000006,9220694.2300000004,null,12904808.82]
[null,"May",null,3392475.0000000005,6.3699999999999992,21610065.75,null,3543073,1,3543073,null,2564559.9999999995,3.3900000000000006,8693858.4000000004,null,12236931.4]
[null,"June",null,5276744,6.37,33612859.280000001,null,5365102,1,5365102,null,3838849.9999999995,3.39,13013701.499999998,null,18378803.5]
[null,"July",null,5056272,6.37,32208452.640000001,null,5219584,1,5219584,null,3771381.0000000005,3.3899999999999992,12784981.589999998,null,18004565.589999996]
[null,"August",null,4921869,6.3699999999999992,31352305.529999997,null,5152628,1,5152628,null,3735621.9999999995,3.3900000000000006,12663758.58,null,17816386.579999998]
[null,"September",null,3882484,6.37,24731423.080000002,null,3968733,1,3968733,null,2914061,3.3899999999999997,9878666.7899999991,null,13847399.789999999]
[null,"October",null,3846211.0000000009,6.3699999999999992,24500364.070000004,null,3965204,1,3965204,null,2927549,3.3900000000000006,9924391.1100000013,null,13889595.110000001]
[null,"November",null,3507961.0000000005,6.3699999999999992,22345711.57,null,3683552,1,3683552,null,2704557,3.39,9168448.2300000004,null,12852000.23]
[null,"December",null,3640728.9999999995,6.37,23191443.729999997,null,3904280,1,3904280,null,2869124,3.3900000000000006,9726330.3600000013,null,13630610.360000001]
[]
[null,"Total",null,{"$f":"SUM(D24:D35)","v":47734303},{"$f":"IF(D37<>0,F37/D37,0)","v":6.37},{"$f":"SUM(F24:F35)","v":304067510.11000001},null,{"$f":"SUM(H24:H35)","v":49837701.590000004},{"$f":"IF(H37<>0,J37/H37,0)","v":1},{"$f":"SUM(J24:J35)","v":49837701.590000004},null,{"$f":"SUM(L24:L35)","v":36435355.79941003},{"$f":"IF(L37<>0,N37/L37,0)","v":3.3899999999999992},{"$f":"SUM(N24:N35)","v":123515856.15999998},null,{"$f":"SUM(P24:P35)","v":173353557.75000003}]
[]
[null,"Hydro One",null,"Network",null,null,null,"Line Connection",null,null,null,"Transformation Connection",null,null,null,"Total Connection"]
[]
[null,"Month",null,"Units Billed","Rate","Amount",null,"Units Billed","Rate","Amount",null,"Units Billed","Rate","Amount",null,"Amount"]
[]
[null,"January",null,453788.09053898981,{"$f":"ROUND(IF(D43<>0,F43/D43,0),4)","v":5.3280000000000003},2417782.94,null,455387.43524820002,{"$f":"ROUND(IF(H43<>0,J43/H43,0),4)","v":0.68820000000000003},313397.64999999997,null,482707.77524820005,{"$f":"ROUND(IF(L43<>0,N43/L43,0),4)","v":3.4893999999999998},1684360.54,null,{"$f":"J43+N43","v":1997758.19}]
[null,"February",null,449162.60043804673,{"$f":"ROUND(IF(D44<>0,F44/D44,0),4)","v":5.3280000000000003},2393138.3199999998,null,424662.41132682777,{"$f":"ROUND(IF(H44<>0,J44/H44,0),4)","v":0.68820000000000003},292252.69,null,452221.43718008883,{"$f":"ROUND(IF(L44<>0,N44/L44,0),4)","v":3.4893999999999998},1577981.5400000003,null,1870234.2300000002]
[null,"March",null,441400.26,5.3280000000000003,2351780.59,null,436806.23161159997,0.68820000000000003,300610.03999999998,null,463508.36161159998,3.4893999999999998,1617366.1,null,1917976.1400000001]
[null,"April",null,440533.56,5.3280000000000003,2347162.83,null,417235.54574819998,0.68820000000000003,287141.5,null,442341.90574819996,3.4893999999999998,1543507.8700000003,null,1830649.3700000003]
[null,"May",null,437765.53,5.3280000000000003,2332414.7000000002,null,414501.40319499996,0.68820000000000003,285259.87000000005,null,439509.40319499996,3.4893999999999998,1533624.07,null,1818883.9400000002]
[null,"June",null,629252.91,5.3280000000000003,3352659.4099999997,null,641477.22499560006,0.68820000000000003,441464.64000000007,null,669509.53499560012,3.4893999999999998,2336186.5099999998,null,2777651.15]
[null,"July",null,598575.14,5.3280000000000003,3189208.4100000006,null,594461.13863840001,0.68820000000000003,409108.16,null,623050.03863840003,3.4893999999999998,2174070.85,null,2583179.0100000002]
[null,"August",null,569551.38,5.3280000000000003,3034569.7500000005,null,582314.34903460008,0.68820000000000003,400748.74999999994,null,609497.68761920207,3.4893999999999998,2126781.25,null,2527530]
[null,"September",null,482532.60000000003,5.3280000000000003,2570933.699,null,461104.55438580009,0.68820000000000003,317332.15000000002,null,486482.7742829693,3.4893999999999998,1697533,null,2014865.15]
[null,"October",null,475908.06999999995,5.3280000000000003,2535638.15,null,459258.77985494706,0.68820000000000003,316061.89,null,484377.72489449667,3.4893999999999998,1690187.5799999996,null,2006249.4699999997]
[null,"November",null,426770.03,5.3280000000000003,2273830.75,null,422160.81969725009,0.68820000000000003,290531.07999999996,null,447779.84293868567,3.4893999999999998,1562483.06,null,1853014.1400000001]
[null,"December",null,463291.73000000004,5.3280000000000003,2468418.4299999997,null,458185.78425279999,0.68820000000000003,315323.44000000006,null,492759.14425279998,3.4893999999999998,1719433.79,null,2034757.23]
[]
[null,"Total",null,{"$f":"SUM(D43:D54)","v":5868531.9009770378},{"$f":"IF(D56<>0,F56/D56,0)","v":5.3280000018052798},{"$f":"SUM(F43:F54)","v":31267537.978999998},null,{"$f":"SUM(H43:H54)","v":5767555.677989224},{"$f":"IF(H56<>0,J56/H56,0)","v":0.68820000735282305},{"$f":"SUM(J43:J54)","v":3969231.8600000003},null,{"$f":"SUM(L43:L54)","v":6093745.6306052431},{"$f":"IF(L56<>0,N56/L56,0)","v":3.4894000256929103},{"$f":"SUM(N43:N54)","v":21263516.159999996},null,{"$f":"SUM(P43:P54)","v":25232748.02}]
[]
[null,"Add Extra Host Here (I)",null,"Network",null,null,null,"Line Connection",null,null,null,"Transformation Connection",null,null,null,"Total Connection"]
[null,"(if needed)"]
[null,"Month",null,"Units Billed","Rate","Amount",null,"Units Billed","Rate","Amount",null,"Units Billed","Rate","Amount",null,"Amount"]
[]
[null,"January",null,null,{"$f":"IF(D62<>0,F62/D62,0)","v":0},null,null,null,{"$f":"IF(H62<>0,J62/H62,0)","v":0},null,null,null,{"$f":"IF(L62<>0,N62/L62,0)","v":0},null,null,{"$f":"J62+N62","v":0}]
[null,"February",null,null,0,null,null,null,0,null,null,null,0,null,null,0]
[null,"March",null,null,0,null,null,null,0,null,null,null,0,null,null,0]
[null,"April",null,null,0,null,null,null,0,null,null,null,0,null,null,0]
[null,"May",null,null,0,null,null,null,0,null,null,null,0,null,null,0]
[null,"June",null,null,0,null,null,null,0,null,null,null,0,null,null,0]
[null,"July",null,null,0,null,null,null,0,null,null,null,0,null,null,0]
[null,"August",null,null,0,null,null,null,0,null,null,null,0,null,null,0]
[null,"September",null,null,0,null,null,null,0,null,null,null,0,null,null,0]
[null,"October",null,null,0,null,null,null,0,null,null,null,0,null,null,0]
[null,"November",null,null,0,null,null,null,0,null,null,null,0,null,null,0]
[null,"December",null,null,0,null,null,null,0,null,null,null,0,null,null,0]
[]
[null,"Total",null,{"$f":"SUM(D62:D73)","v":0},{"$f":"IF(D75<>0,F75/D75,0)","v":0},{"$f":"SUM(F62:F73)","v":0},null,{"$f":"SUM(H62:H73)","v":0},{"$f":"IF(H75<>0,J75/H75,0)","v":0},{"$f":"SUM(J62:J73)","v":0},null,{"$f":"SUM(L62:L73)","v":0},{"$f":"IF(L75<>0,N75/L75,0)","v":0},{"$f":"SUM(N62:N73)","v":0},null,{"$f":"SUM(P62:P73)","v":0}]
[]
[null,"Add Extra Host Here (II)",null,"Network",null,null,null,"Line Connection",null,null,null,"Transformation Connection",null,null,null,"Total Connection"]
[null,"(if needed)"]
[null,"Month",null,"Units Billed","Rate","Amount",null,"Units Billed","Rate","Amount",null,"Units Billed","Rate","Amount",null,"Amount"]
[]
[null,"January",null,null,{"$f":"IF(D81<>0,F81/D81,0)","v":0},null,null,null,{"$f":"IF(H81<>0,J81/H81,0)","v":0},null,null,null,{"$f":"IF(L81<>0,N81/L81,0)","v":0},null,null,{"$f":"J81+N81","v":0}]
[null,"February",null,null,0,null,null,null,0,null,null,null,0,null,null,0]
[null,"March",null,null,0,null,null,null,0,null,null,null,0,null,null,0]
[null,"April",null,null,0,null,null,null,0,null,null,null,0,null,null,0]
[null,"May",null,null,0,null,null,null,0,null,null,null,0,null,null,0]
[null,"June",null,null,0,null,null,null,0,null,null,null,0,null,null,0]
[null,"July",null,null,0,null,null,null,0,null,null,null,0,null,null,0]
[null,"August",null,null,0,null,null,null,0,null,null,null,0,null,null,0]
[null,"September",null,null,0,null,null,null,0,null,null,null,0,null,null,0]
[null,"October",null,null,0,null,null,null,0,null,null,null,0,null,null,0]
[null,"November",null,null,0,null,null,null,0,null,null,null,0,null,null,0]
[null,"December",null,null,0,null,null,null,0,null,null,null,0,null,null,0]
[]
[null,"Total",null,{"$f":"SUM(D81:D92)","v":0},{"$f":"IF(D94<>0,F94/D94,0)","v":0},{"$f":"SUM(F81:F92)","v":0},null,{"$f":"SUM(H81:H92)","v":0},{"$f":"IF(H94<>0,J94/H94,0)","v":0},{"$f":"SUM(J81:J92)","v":0},null,{"$f":"SUM(L81:L92)","v":0},{"$f":"IF(L94<>0,N94/L94,0)","v":0},{"$f":"SUM(N81:N92)","v":0},null,{"$f":"SUM(P81:P92)","v":0}]
[]
[null,"Total",null,"Network",null,null,null,"Line Connection",null,null,null,"Transformation Connection",null,null,null,"Total Connection"]
[]
[null,"Month",null,"Units Billed","Rate","Amount",null,"Units Billed","Rate","Amount",null,"Units Billed","Rate","Amount",null,"Amount"]
[]
[null,"January",null,{"$f":"D24+D43+D62+D81","v":4220520.0905389898},{"$f":"IF(D100<>0,F100/D100,0)","v":6.2579647089482338},{"$f":"F24+F43+F62+F81","v":26411865.780000001},null,{"$f":"H24+H43+H62+H81","v":4345143.4352481999},{"$f":"IF(H100<>0,J100/H100,0)","v":0.96732218685892701},{"$f":"J24+J43+J62+J81","v":4203153.6499999994},null,{"$f":"L24+L43+L62+L81","v":3345874.7752482002},{"$f":"IF(L100<>0,N100/L100,0)","v":3.4043403997852968},{"$f":"N24+N43+N62+N81","v":11390496.669999998},null,{"$f":"J100+N100","v":15593650.319999997}]
[null,"February",null,{"$f":"D25+D44+D63+D82","v":4088573.6004380467},6.2555279394407348,{"$f":"F25+F44+F63+F82","v":25576186.390000001},null,{"$f":"H25+H44+H63+H82","v":4211936.4113268275},0.9685632192901229,{"$f":"J25+J44+J63+J82","v":4079526.6899999995},null,{"$f":"L25+L44+L63+L82","v":3253912.4371800888},3.4038144061425499,{"$f":"N25+N44+N63+N82","v":11075714.030000001},null,15155240.720000001]
[null,"March",null,3903829.26,6.2521825864894529,24407453.320000004,null,4111207.2316116001,0.9668719711902698,3975011.04,null,3188333.3616115996,3.4044504193605993,10854522.85,null,14829533.890000001]
[null,"April",null,3781519.56,6.248610717221835,23629243.649999999,null,4101350.1357481997,0.9682801903172632,3971256.09,null,3162310.7051582295,3.4039040131135385,10764202.100000001,null,14735458.190000001]
[null,"May",null,3830240.5300000003,6.250907811786953,23942480.449999999,null,3957574.4031949998,0.96734324613312095,3828332.87,null,3004069.4031949993,3.4045426710589606,10227482.470000001,null,14055815.34]
[null,"June",null,5905996.9100000001,6.2589803640787878,36965518.689999998,null,6006579.2249956001,0.96670108267892751,5806566.6399999997,null,4508359.5349955996,3.4047612864165635,15349888.009999998,null,21156454.649999999]
[null,"July",null,5654847.1399999997,6.2597025478570245,35397661.050000004,null,5814045.1386383995,0.96811979022890637,5628692.1600000001,null,4394431.0386384008,3.4040931143238531,14959052.439999998,null,20587744.599999998]
[null,"August",null,5491420.3799999999,6.2619273157885615,34386875.280000001,null,5734942.3490346,0.96834046656717232,5553376.75,null,4345119.6876192018,3.4039430196004798,14790539.83,null,20343916.579999998]
[null,"September",null,4365016.5999999996,6.2548116721938714,27302356.779000003,null,4429837.5543857999,0.96754454252087496,4286065.1500000004,null,3400543.7742829695,3.4042201948836635,11576199.789999999,null,15862264.939999999]
[null,"October",null,4322119.0700000012,6.2552654802265764,27036002.220000003,null,4424462.7798549468,0.96763519166509027,4281265.8899999997,null,3411926.7248944966,3.4041114087405107,11614578.690000001,null,15895844.580000002]
[null,"November",null,3934731.0300000003,6.2569822771342007,24619542.32,null,4105712.8196972501,0.96793985710209607,3974083.08,null,3152336.8429386858,3.4041194912395096,10730931.290000001,null,14705014.370000001]
[null,"December",null,4104020.7299999995,6.2523714786401676,25659862.159999996,null,4362465.7842528,0.96725192785041658,4219603.4400000004,null,3361883.1442527999,3.4045693020492824,11445764.150000002,null,15665367.590000004]
[]
[null,"Total",null,{"$f":"SUM(D100:D111)","v":53602834.900977038},{"$f":"IF(D113<>0,F113/D113,0)","v":6.2559200219257027},{"$f":"SUM(F100:F111)","v":335335048.08900011},null,{"$f":"SUM(H100:H111)","v":55605257.267989226},{"$f":"IF(H113<>0,J113/H113,0)","v":0.96765910443823289},{"$f":"SUM(J100:J111)","v":53806933.449999996},null,{"$f":"SUM(L100:L111)","v":42529101.430015266},{"$f":"IF(L113<>0,N113/L113,0)","v":3.404242446980569},{"$f":"SUM(N100:N111)","v":144779372.31999999},null,{"$f":"SUM(P100:P111)","v":198586305.77000004}]
[]
[null,null,null,null,null,null,null,null,null,null,null,null,null,"Low Voltage Switchgear Credit (if applicable)",null,{"$f":"'4. UTRs and Sub-Transmission'!E76","v":0}]
[]
[null,null,null,null,null,null,null,null,null,null,null,null,null,"Total including deduction for Low Voltage Switchgear Credit",null,{"$f":"P113+P115","v":198586305.77000004}]

{"sheet":"6. Current Wholesale","index":7,"n_rows":117,"n_cols":16,"rows_kept":117,"cut":false,"hidden":false,"merged":[[12,1,12,11],[19,3,19,5],[19,7,19,9],[19,11,19,13],[38,3,38,5],[38,7,38,9],[38,11,38,13],[96,7,96,9],[96,11,96,13],[20,3,20,5],[20,7,20,9],[20,11,20,13],[96,3,96,5],[95,3,95,5],[95,7,95,9],[95,11,95,13],[57,3,57,5],[57,7,57,9],[57,11,57,13],[76,3,76,5],[76,7,76,9],[76,11,76,13]]}
[]
[]
[]
[]
[]
[]
[]
[]
[]
[]
[]
[]
[null,"The purpose of this sheet is to calculate the expected billing when current 2026 Uniform Transmission Rates and Hydro One Sub-transmission Rates are applied against historical 2025 transmission units."]
[]
[]
[]
[]
[]
[]
[null,"IESO",null,"Network",null,null,null,"Line Connection",null,null,null,"Transformation Connection",null,null,null,"Total Connection"]
[]
[null,"Month",null,"Units Billed","Rate","Amount",null,"Units Billed","Rate","Amount",null,"Units Billed","Rate","Amount",null,"Amount"]
[]
[null,"January",null,{"$f":"'5. Historical Wholesale'!D24","v":3766732},{"$f":"'4. UTRs and Sub-Transmission'!I22","v":6.39},{"$f":"D24*E24","v":24069417.48},null,{"$f":"'5. Historical Wholesale'!H24","v":3889755.9999999995},{"$f":"'4. UTRs and Sub-Transmission'!I24","v":1.03},{"$f":"H24*I24","v":4006448.6799999997},null,{"$f":"'5. Historical Wholesale'!L24","v":2863167},{"$f":"'4. UTRs and Sub-Transmission'!I26","v":3.47},{"$f":"L24*M24","v":9935189.4900000002},null,{"$f":"J24+N24","v":13941638.17}]
[null,"February",null,{"$f":"'5. Historical Wholesale'!D25","v":3639411},{"$f":"E24","v":6.39},{"$f":"D25*E25","v":23255836.289999999},null,{"$f":"'5. Historical Wholesale'!H25","v":3787273.9999999995},{"$f":"I24","v":1.03},{"$f":"H25*I25","v":3900892.2199999997},null,{"$f":"'5. Historical Wholesale'!L25","v":2801691},{"$f":"M24","v":3.47},{"$f":"L25*M25","v":9721867.7700000014},null,13622759.990000002]
[null,"March",null,{"$f":"'5. Historical Wholesale'!D26","v":3462429},{"$f":"E25","v":6.39},22124921.309999999,null,{"$f":"'5. Historical Wholesale'!H26","v":3674401},{"$f":"I25","v":1.03},3784633.0300000003,null,{"$f":"'5. Historical Wholesale'!L26","v":2724824.9999999995},{"$f":"M25","v":3.47},9455142.7499999981,null,13239775.779999997]
[null,"April",null,{"$f":"'5. Historical Wholesale'!D27","v":3340986},6.39,21348900.539999999,null,{"$f":"'5. Historical Wholesale'!H27","v":3684114.59},1.03,3794638.0277,null,{"$f":"'5. Historical Wholesale'!L27","v":2719968.7994100293},3.47,9438291.7339528017,null,13232929.761652801]
[null,"May",null,{"$f":"'5. Historical Wholesale'!D28","v":3392475.0000000005},6.39,21677915.250000004,null,{"$f":"'5. Historical Wholesale'!H28","v":3543073},1.03,3649365.19,null,{"$f":"'5. Historical Wholesale'!L28","v":2564559.9999999995},3.47,8899023.1999999993,null,12548388.389999999]
[null,"June",null,{"$f":"'5. Historical Wholesale'!D29","v":5276744},6.39,33718394.159999996,null,{"$f":"'5. Historical Wholesale'!H29","v":5365102},1.03,5526055.0600000005,null,{"$f":"'5. Historical Wholesale'!L29","v":3838849.9999999995},3.47,13320809.5,null,18846864.560000002]
[null,"July",null,{"$f":"'5. Historical Wholesale'!D30","v":5056272},{"$f":"'4. UTRs and Sub-Transmission'!J22","v":6.39},32309578.079999998,null,{"$f":"'5. Historical Wholesale'!H30","v":5219584},{"$f":"'4. UTRs and Sub-Transmission'!J24","v":1.03},5376171.5200000005,null,{"$f":"'5. Historical Wholesale'!L30","v":3771381.0000000005},{"$f":"'4. UTRs and Sub-Transmission'!J26","v":3.47},13086692.070000002,null,18462863.590000004]
[null,"August",null,{"$f":"'5. Historical Wholesale'!D31","v":4921869},6.39,31450742.91,null,{"$f":"'5. Historical Wholesale'!H31","v":5152628},1.03,5307206.84,null,{"$f":"'5. Historical Wholesale'!L31","v":3735621.9999999995},3.47,12962608.34,null,18269815.18]
[null,"September",null,{"$f":"'5. Historical Wholesale'!D32","v":3882484},6.39,24809072.759999998,null,{"$f":"'5. Historical Wholesale'!H32","v":3968733},1.03,4087794.99,null,{"$f":"'5. Historical Wholesale'!L32","v":2914061},3.47,10111791.67,null,14199586.66]
[null,"October",null,{"$f":"'5. Historical Wholesale'!D33","v":3846211.0000000009},6.39,24577288.290000007,null,{"$f":"'5. Historical Wholesale'!H33","v":3965204},1.03,4084160.12,null,{"$f":"'5. Historical Wholesale'!L33","v":2927549},3.47,10158595.030000001,null,14242755.150000002]
[null,"November",null,{"$f":"'5. Historical Wholesale'!D34","v":3507961.0000000005},6.39,22415870.790000003,null,{"$f":"'5. Historical Wholesale'!H34","v":3683552},1.03,3794058.56,null,{"$f":"'5. Historical Wholesale'!L34","v":2704557},3.47,9384812.790000001,null,13178871.350000001]
[null,"December",null,{"$f":"'5. Historical Wholesale'!D35","v":3640728.9999999995},6.39,23264258.309999995,null,{"$f":"'5. Historical Wholesale'!H35","v":3904280},1.03,4021408.4,null,{"$f":"'5. Historical Wholesale'!L35","v":2869124},3.47,9955860.2800000012,null,13977268.680000002]
[]
[null,"Total",null,{"$f":"SUM(D24:D35)","v":47734303},{"$f":"IF(D37<>0,F37/D37,0)","v":6.3900000000000006},{"$f":"SUM(F24:F35)","v":305022196.17000002},null,{"$f":"SUM(H24:H35)","v":49837701.590000004},{"$f":"IF(H37<>0,J37/H37,0)","v":1.0299999999999998},{"$f":"SUM(J24:J35)","v":51332832.637699999},null,{"$f":"SUM(L24:L35)","v":36435355.79941003},{"$f":"IF(L37<>0,N37/L37,0)","v":3.4700000000000006},{"$f":"SUM(N24:N35)","v":126430684.62395282},null,{"$f":"SUM(P24:P35)","v":177763517.2616528}]
[]
[null,"Hydro One",null,"Network",null,null,null,"Line Connection",null,null,null,"Transformation Connection",null,null,null,"Total Connection"]
[]
[null,"Month",null,"Units Billed","Rate","Amount",null,"Units Billed","Rate","Amount",null,"Units Billed","Rate","Amount",null,"Amount"]
[]
[null,"January",null,{"$f":"'5. Historical Wholesale'!D43","v":453788.09053898981},{"$f":"'4. UTRs and Sub-Transmission'!I35","v":5.4707999999999997},{"$f":"D43*E43","v":2482583.8857207051},null,{"$f":"'5. Historical Wholesale'!H43","v":455387.43524820002},{"$f":"'4. UTRs and Sub-Transmission'!I37","v":0.70540000000000003},{"$f":"H43*I43","v":321230.29682408029},null,{"$f":"'5. Historical Wholesale'!L43","v":482707.77524820005},{"$f":"'4. UTRs and Sub-Transmission'!I39","v":3.5764},{"$f":"L43*M43","v":1726356.0873976627},null,{"$f":"J43+N43","v":2047586.3842217429}]
[null,"February",null,{"$f":"'5. Historical Wholesale'!D44","v":449162.60043804673},{"$f":"E43","v":5.4707999999999997},{"$f":"D44*E44","v":2457278.7544764658},null,{"$f":"'5. Historical Wholesale'!H44","v":424662.41132682777},{"$f":"I43","v":0.70540000000000003},{"$f":"H44*I44","v":299556.86494994431},null,{"$f":"'5. Historical Wholesale'!L44","v":452221.43718008883},{"$f":"M43","v":3.5764},{"$f":"L44*M44","v":1617324.7479308697},null,1916881.6128808139]
[null,"March",null,{"$f":"'5. Historical Wholesale'!D45","v":441400.26},5.4707999999999997,2414812.5424079997,null,{"$f":"'5. Historical Wholesale'!H45","v":436806.23161159997},0.70540000000000003,308123.11577882263,null,{"$f":"'5. Historical Wholesale'!L45","v":463508.36161159998},{"$f":"M44","v":3.5764},1657691.3044677263,null,1965814.420246549]
[null,"April",null,{"$f":"'5. Historical Wholesale'!D46","v":440533.56},5.4707999999999997,2410071.0000479999,null,{"$f":"'5. Historical Wholesale'!H46","v":417235.54574819998},0.70540000000000003,294317.95397078025,null,{"$f":"'5. Historical Wholesale'!L46","v":442341.90574819996},{"$f":"M45","v":3.5764},1581991.5917178623,null,1876309.5456886427]
[null,"May",null,{"$f":"'5. Historical Wholesale'!D47","v":437765.53},5.4707999999999997,2394927.6615240001,null,{"$f":"'5. Historical Wholesale'!H47","v":414501.40319499996},0.70540000000000003,292389.28981375298,null,{"$f":"'5. Historical Wholesale'!L47","v":439509.40319499996},3.5764,1571861.429586598,null,1864250.7194003509]
[null,"June",null,{"$f":"'5. Historical Wholesale'!D48","v":629252.91},5.4707999999999997,3442516.820028,null,{"$f":"'5. Historical Wholesale'!H48","v":641477.22499560006},0.70540000000000003,452498.03451189632,null,{"$f":"'5. Historical Wholesale'!L48","v":669509.53499560012},3.5764,2394433.9009582642,null,2846931.9354701606]
[null,"July",null,{"$f":"'5. Historical Wholesale'!D49","v":598575.14},5.4707999999999997,3274684.875912,null,{"$f":"'5. Historical Wholesale'!H49","v":594461.13863840001},0.70540000000000003,419332.88719552738,null,{"$f":"'5. Historical Wholesale'!L49","v":623050.03863840003},3.5764,2228276.1581863738,null,2647609.0453819013]
[null,"August",null,{"$f":"'5. Historical Wholesale'!D50","v":569551.38},5.4707999999999997,3115901.689704,null,{"$f":"'5. Historical Wholesale'!H50","v":582314.34903460008},0.70540000000000003,410764.54180900689,null,{"$f":"'5. Historical Wholesale'!L50","v":609497.68761920207},3.5764,2179807.5300013144,null,2590572.0718103214]
[null,"September",null,{"$f":"'5. Historical Wholesale'!D51","v":482532.60000000003},5.4707999999999997,2639839.3480799999,null,{"$f":"'5. Historical Wholesale'!H51","v":461104.55438580009},0.70540000000000003,325263.15266374341,null,{"$f":"'5. Historical Wholesale'!L51","v":486482.7742829693},3.5764,1739856.9939456114,null,2065120.1466093548]
[null,"October",null,{"$f":"'5. Historical Wholesale'!D52","v":475908.06999999995},5.4707999999999997,2603597.8693559994,null,{"$f":"'5. Historical Wholesale'!H52","v":459258.77985494706},0.70540000000000003,323961.1433096797,null,{"$f":"'5. Historical Wholesale'!L52","v":484377.72489449667},3.5764,1732328.4953126779,null,2056289.6386223575]
[null,"November",null,{"$f":"'5. Historical Wholesale'!D53","v":426770.03},5.4707999999999997,2334773.480124,null,{"$f":"'5. Historical Wholesale'!H53","v":422160.81969725009},0.70540000000000003,297792.24221444025,null,{"$f":"'5. Historical Wholesale'!L53","v":447779.84293868567},3.5764,1601439.8302859154,null,1899232.0725003555]
[null,"December",null,{"$f":"'5. Historical Wholesale'!D54","v":463291.73000000004},5.4707999999999997,2534576.3964840001,null,{"$f":"'5. Historical Wholesale'!H54","v":458185.78425279999},0.70540000000000003,323204.25221192511,null,{"$f":"'5. Historical Wholesale'!L54","v":492759.14425279998},3.5764,1762303.8035057138,null,2085508.0557176389]
[]
[null,"Total",null,{"$f":"SUM(D43:D54)","v":5868531.9009770378},{"$f":"IF(D56<>0,F56/D56,0)","v":5.4707999999999979},{"$f":"SUM(F43:F54)","v":32105564.323865168},null,{"$f":"SUM(H43:H54)","v":5767555.677989224},{"$f":"IF(H56<>0,J56/H56,0)","v":0.70540000000000025},{"$f":"SUM(J43:J54)","v":4068433.7752536},null,{"$f":"SUM(L43:L54)","v":6093745.6306052431},{"$f":"IF(L56<>0,N56/L56,0)","v":3.5764},{"$f":"SUM(N43:N54)","v":21793671.873296592},null,{"$f":"SUM(P43:P54)","v":25862105.64855019}]
[]
[null,{"$f":"'5. Historical Wholesale'!B58","v":"Add Extra Host Here (I)"},null,"Network",null,null,null,"Line Connection",null,null,null,"Transformation Connection",null,null,null,"Total Connection"]
[]
[null,"Month",null,"Units Billed","Rate","Amount",null,"Units Billed","Rate","Amount",null,"Units Billed","Rate","Amount",null,"Amount"]
[]
[null,"January",null,{"$f":"'5. Historical Wholesale'!D62","v":0},{"$f":"'4. UTRs and Sub-Transmission'!H52","v":0},{"$f":"D62*E62","v":0},null,{"$f":"'5. Historical Wholesale'!H62","v":0},{"$f":"'4. UTRs and Sub-Transmission'!H54","v":0},{"$f":"H62*I62","v":0},null,{"$f":"'5. Historical Wholesale'!L62","v":0},{"$f":"'4. UTRs and Sub-Transmission'!H56","v":0},{"$f":"L62*M62","v":0},null,{"$f":"J62+N62","v":0}]
[null,"February",null,{"$f":"'5. Historical Wholesale'!D63","v":0},{"$f":"E62","v":0},{"$f":"D63*E63","v":0},null,{"$f":"'5. Historical Wholesale'!H63","v":0},{"$f":"I62","v":0},{"$f":"H63*I63","v":0},null,{"$f":"'5. Historical Wholesale'!L63","v":0},{"$f":"M62","v":0},{"$f":"L63*M63","v":0},null,0]
[null,"March",null,{"$f":"'5. Historical Wholesale'!D64","v":0},{"$f":"E63","v":0},0,null,{"$f":"'5. Historical Wholesale'!H64","v":0},{"$f":"I63","v":0},0,null,{"$f":"'5. Historical Wholesale'!L64","v":0},{"$f":"M63","v":0},0,null,0]
[null,"April",null,{"$f":"'5. Historical Wholesale'!D65","v":0},0,0,null,{"$f":"'5. Historical Wholesale'!H65","v":0},0,0,null,{"$f":"'5. Historical Wholesale'!L65","v":0},{"$f":"M64","v":0},0,null,0]
[null,"May",null,{"$f":"'5. Historical Wholesale'!D66","v":0},0,0,null,{"$f":"'5. Historical Wholesale'!H66","v":0},0,0,null,{"$f":"'5. Historical Wholesale'!L66","v":0},0,0,null,0]
[null,"June",null,{"$f":"'5. Historical Wholesale'!D67","v":0},0,0,null,{"$f":"'5. Historical Wholesale'!H67","v":0},0,0,null,{"$f":"'5. Historical Wholesale'!L67","v":0},0,0,null,0]
[null,"July",null,{"$f":"'5. Historical Wholesale'!D68","v":0},0,0,null,{"$f":"'5. Historical Wholesale'!H68","v":0},0,0,null,{"$f":"'5. Historical Wholesale'!L68","v":0},0,0,null,0]
[null,"August",null,{"$f":"'5. Historical Wholesale'!D69","v":0},0,0,null,{"$f":"'5. Historical Wholesale'!H69","v":0},0,0,null,{"$f":"'5. Historical Wholesale'!L69","v":0},0,0,null,0]
[null,"September",null,{"$f":"'5. Historical Wholesale'!D70","v":0},0,0,null,{"$f":"'5. Historical Wholesale'!H70","v":0},0,0,null,{"$f":"'5. Historical Wholesale'!L70","v":0},0,0,null,0]
[null,"October",null,{"$f":"'5. Historical Wholesale'!D71","v":0},0,0,null,{"$f":"'5. Historical Wholesale'!H71","v":0},0,0,null,{"$f":"'5. Historical Wholesale'!L71","v":0},0,0,null,0]
[null,"November",null,{"$f":"'5. Historical Wholesale'!D72","v":0},0,0,null,{"$f":"'5. Historical Wholesale'!H72","v":0},0,0,null,{"$f":"'5. Historical Wholesale'!L72","v":0},0,0,null,0]
[null,"December",null,{"$f":"'5. Historical Wholesale'!D73","v":0},0,0,null,{"$f":"'5. Historical Wholesale'!H73","v":0},0,0,null,{"$f":"'5. Historical Wholesale'!L73","v":0},0,0,null,0]
[]
[null,"Total",null,{"$f":"SUM(D62:D73)","v":0},{"$f":"IF(D75<>0,F75/D75,0)","v":0},{"$f":"SUM(F62:F73)","v":0},null,{"$f":"SUM(H62:H73)","v":0},{"$f":"IF(H75<>0,J75/H75,0)","v":0},{"$f":"SUM(J62:J73)","v":0},null,{"$f":"SUM(L62:L73)","v":0},{"$f":"IF(L75<>0,N75/L75,0)","v":0},{"$f":"SUM(N62:N73)","v":0},null,{"$f":"SUM(P62:P73)","v":0}]
[]
[null,{"$f":"'5. Historical Wholesale'!B77","v":"Add Extra Host Here (II)"},null,"Network",null,null,null,"Line Connection",null,null,null,"Transformation Connection",null,null,null,"Total Connection"]
[]
[null,"Month",null,"Units Billed","Rate","Amount",null,"Units Billed","Rate","Amount",null,"Units Billed","Rate","Amount",null,"Amount"]
[]
[null,"January",null,{"$f":"'5. Historical Wholesale'!D81","v":0},{"$f":"'4. UTRs and Sub-Transmission'!H67","v":0},{"$f":"D81*E81","v":0},null,{"$f":"'5. Historical Wholesale'!H81","v":0},{"$f":"'4. UTRs and Sub-Transmission'!H69","v":0},{"$f":"H81*I81","v":0},null,{"$f":"'5. Historical Wholesale'!L81","v":0},{"$f":"'4. UTRs and Sub-Transmission'!H71","v":0},{"$f":"L81*M81","v":0},null,{"$f":"J81+N81","v":0}]
[null,"February",null,{"$f":"'5. Historical Wholesale'!D82","v":0},{"$f":"E81","v":0},{"$f":"D82*E82","v":0},null,{"$f":"'5. Historical Wholesale'!H82","v":0},{"$f":"I81","v":0},{"$f":"H82*I82","v":0},null,{"$f":"'5. Historical Wholesale'!L82","v":0},{"$f":"M81","v":0},{"$f":"L82*M82","v":0},null,0]
[null,"March",null,{"$f":"'5. Historical Wholesale'!D83","v":0},{"$f":"E82","v":0},0,null,{"$f":"'5. Historical Wholesale'!H83","v":0},{"$f":"I82","v":0},0,null,{"$f":"'5. Historical Wholesale'!L83","v":0},{"$f":"M82","v":0},0,null,0]
[null,"April",null,{"$f":"'5. Historical Wholesale'!D84","v":0},0,0,null,{"$f":"'5. Historical Wholesale'!H84","v":0},0,0,null,{"$f":"'5. Historical Wholesale'!L84","v":0},{"$f":"M83","v":0},0,null,0]
[null,"May",null,{"$f":"'5. Historical Wholesale'!D85","v":0},0,0,null,{"$f":"'5. Historical Wholesale'!H85","v":0},0,0,null,{"$f":"'5. Historical Wholesale'!L85","v":0},0,0,null,0]
[null,"June",null,{"$f":"'5. Historical Wholesale'!D86","v":0},0,0,null,{"$f":"'5. Historical Wholesale'!H86","v":0},0,0,null,{"$f":"'5. Historical Wholesale'!L86","v":0},0,0,null,0]
[null,"July",null,{"$f":"'5. Historical Wholesale'!D87","v":0},0,0,null,{"$f":"'5. Historical Wholesale'!H87","v":0},0,0,null,{"$f":"'5. Historical Wholesale'!L87","v":0},0,0,null,0]
[null,"August",null,{"$f":"'5. Historical Wholesale'!D88","v":0},0,0,null,{"$f":"'5. Historical Wholesale'!H88","v":0},0,0,null,{"$f":"'5. Historical Wholesale'!L88","v":0},0,0,null,0]
[null,"September",null,{"$f":"'5. Historical Wholesale'!D89","v":0},0,0,null,{"$f":"'5. Historical Wholesale'!H89","v":0},0,0,null,{"$f":"'5. Historical Wholesale'!L89","v":0},0,0,null,0]
[null,"October",null,{"$f":"'5. Historical Wholesale'!D90","v":0},0,0,null,{"$f":"'5. Historical Wholesale'!H90","v":0},0,0,null,{"$f":"'5. Historical Wholesale'!L90","v":0},0,0,null,0]
[null,"November",null,{"$f":"'5. Historical Wholesale'!D91","v":0},0,0,null,{"$f":"'5. Historical Wholesale'!H91","v":0},0,0,null,{"$f":"'5. Historical Wholesale'!L91","v":0},0,0,null,0]
[null,"December",null,{"$f":"'5. Historical Wholesale'!D92","v":0},0,0,null,{"$f":"'5. Historical Wholesale'!H92","v":0},0,0,null,{"$f":"'5. Historical Wholesale'!L92","v":0},0,0,null,0]
[]
[null,"Total",null,{"$f":"SUM(D81:D92)","v":0},{"$f":"IF(D94<>0,F94/D94,0)","v":0},{"$f":"SUM(F81:F92)","v":0},null,{"$f":"SUM(H81:H92)","v":0},{"$f":"IF(H94<>0,J94/H94,0)","v":0},{"$f":"SUM(J81:J92)","v":0},null,{"$f":"SUM(L81:L92)","v":0},{"$f":"IF(L94<>0,N94/L94,0)","v":0},{"$f":"SUM(N81:N92)","v":0},null,{"$f":"SUM(P81:P92)","v":0}]
[]
[null,"Total",null,"Network",null,null,null,"Line Connection",null,null,null,"Transformation Connection",null,null,null,"Total Connection"]
[]
[null,"Month",null,"Units Billed","Rate","Amount",null,"Units Billed","Rate","Amount",null,"Units Billed","Rate","Amount",null,"Amount"]
[]
[null,"January",null,{"$f":"D24+D43+D62+D81","v":4220520.0905389898},{"$f":"IF(D100<>0,F100/D100,0)","v":6.2911681015904914},{"$f":"F24+F43+F62+F81","v":26552001.365720704},null,{"$f":"H24+H43+H62+H81","v":4345143.4352481999},{"$f":"IF(H100<>0,J100/H100,0)","v":0.99598069461126482},{"$f":"J24+J43+J62+J81","v":4327678.9768240796},null,{"$f":"L24+L43+L62+L81","v":3345874.7752482002},{"$f":"IF(L100<>0,N100/L100,0)","v":3.4853502778006984},{"$f":"N24+N43+N62+N81","v":11661545.577397663},null,{"$f":"J100+N100","v":15989224.554221742}]
[null,"February",null,{"$f":"D25+D44+D63+D82","v":4088573.6004380467},6.28901850800034,{"$f":"F25+F44+F63+F82","v":25713115.044476464},null,{"$f":"H25+H44+H63+H82","v":4211936.4113268275},0.99727267336088188,{"$f":"J25+J44+J63+J82","v":4200449.0849499442},null,{"$f":"L25+L44+L63+L82","v":3253912.4371800888},3.484787232860409,{"$f":"N25+N44+N63+N82","v":11339192.517930871},null,15539641.602880815]
[null,"March",null,3903829.26,6.2860674015256501,24539733.852407999,null,4111207.2316116001,0.99551200297301856,4092756.1457788227,null,3188333.3616115996,3.4854680468075476,11112834.054467725,null,15205590.200246546]
[null,"April",null,3781519.56,6.2829164739393812,23758971.540047999,null,4101350.1357481997,0.99697803072959079,4088955.9816707801,null,3162310.7051582295,3.4848831608149182,11020283.325670663,null,15109239.307341443]
[null,"May",null,3830240.5300000003,6.2849428705523103,24072842.911524005,null,3957574.4031949998,0.99600262136108531,3941754.4798137527,null,3004069.4031949993,3.4855668176142052,10470884.629586598,null,14412639.109400351]
[null,"June",null,5905996.9100000001,6.2920640742475422,37160910.980027996,null,6006579.2249956001,0.99533409459296285,5978553.0945118964,null,4508359.5349955996,3.4858008282104773,15715243.400958264,null,21693796.495470159]
[null,"July",null,5654847.1399999997,6.2927011243511712,35584262.955912001,null,5814045.1386383995,0.99681104446202951,5795504.407195528,null,4394431.0386384008,3.4850855761595172,15314968.228186376,null,21110472.635381903]
[null,"August",null,5491420.3799999999,6.2946637131619481,34566644.599703997,null,5734942.3490346,0.99704077805970437,5717971.3818090064,null,4345119.6876192018,3.4849249177525459,15142415.870001314,null,20860387.25181032]
[null,"September",null,4365016.5999999996,6.2883866485364575,27448912.10808,null,4429837.5543857999,0.9962121835132659,4413058.1426637433,null,3400543.7742829695,3.4852216147238457,11851648.663945612,null,16264706.806609355]
[null,"October",null,4322119.0700000012,6.2887869859994385,27180886.159356005,null,4424462.7798549468,0.99630655350528174,4408121.2633096799,null,3411926.7248944966,3.4851051866245366,11890923.525312679,null,16299044.788622359]
[null,"November",null,3934731.0300000003,6.290301441550886,24750644.270124003,null,4105712.8196972501,0.99662372452931769,4091850.8022144404,null,3152336.8429386858,3.4851137957846734,10986252.620285917,null,15078103.422500357]
[null,"December",null,4104020.7299999995,6.2862340138530435,25798834.706483994,null,4362465.7842528,0.99590755941162457,4344612.652211925,null,3361883.1442527999,3.4855952990329624,11718164.083505714,null,16062776.735717639]
[]
[null,"Total",null,{"$f":"SUM(D100:D111)","v":53602834.900977038},{"$f":"IF(D113<>0,F113/D113,0)","v":6.2893643800119285},{"$f":"SUM(F100:F111)","v":337127760.49386519},null,{"$f":"SUM(H100:H111)","v":55605257.267989226},{"$f":"IF(H113<>0,J113/H113,0)","v":0.99633144661029993},{"$f":"SUM(J100:J111)","v":55401266.4129536},null,{"$f":"SUM(L100:L111)","v":42529101.430015266},{"$f":"IF(L113<>0,N113/L113,0)","v":3.4852454322639139},{"$f":"SUM(N100:N111)","v":148224356.49724939},null,{"$f":"SUM(P100:P111)","v":203625622.91020298}]
[]
[null,null,null,null,null,null,null,null,null,null,null,null,null,"Low Voltage Switchgear Credit (if applicable)",null,{"$f":"'4. UTRs and Sub-Transmission'!J76","v":0}]
[]
[null,null,null,null,null,null,null,null,null,null,null,null,null,"Total including deduction for Low Voltage Switchgear Credit",null,{"$f":"P113+P115","v":203625622.91020298}]

{"sheet":"7. Forecast Wholesale - 27","index":8,"n_rows":117,"n_cols":16,"rows_kept":117,"cut":false,"hidden":false,"merged":[[12,1,12,12],[19,3,19,5],[19,7,19,9],[19,11,19,13],[38,3,38,5],[38,7,38,9],[38,11,38,13],[96,7,96,9],[96,11,96,13],[20,3,20,5],[20,7,20,9],[20,11,20,13],[96,3,96,5],[95,3,95,5],[95,7,95,9],[95,11,95,13],[57,3,57,5],[57,7,57,9],[57,11,57,13],[76,3,76,5],[76,7,76,9],[76,11,76,13]]}
[]
[]
[]
[]
[]
[]
[]
[]
[]
[]
[]
[]
[null,"The purpose of this sheet is to calculate the expected billing when forecasted 2027 Uniform Transmission Rates and Hydro One Sub-transmission Rates are applied against historical 2025 transmission units."]
[]
[]
[]
[]
[]
[]
[null,"IESO",null,"Network",null,null,null,"Line Connection",null,null,null,"Transformation Connection",null,null,null,"Total Connection"]
[]
[null,"Month",null,"Units Billed","Rate","Amount",null,"Units Billed","Rate","Amount",null,"Units Billed","Rate","Amount",null,"Amount"]
[]
[null,"January",null,{"$f":"'5. Historical Wholesale'!D24","v":3766732},{"$f":"'4. UTRs and Sub-Transmission'!L22","v":6.5177999999999994},{"$f":"D24*E24","v":24550805.829599999},null,{"$f":"'5. Historical Wholesale'!H24","v":3889755.9999999995},{"$f":"'4. UTRs and Sub-Transmission'!L24","v":1.0506},{"$f":"H24*I24","v":4086577.6535999994},null,{"$f":"'5. Historical Wholesale'!L24","v":2863167},{"$f":"'4. UTRs and Sub-Transmission'!L26","v":3.5394000000000001},{"$f":"L24*M24","v":10133893.2798},null,{"$f":"J24+N24","v":14220470.9334}]
[null,"February",null,{"$f":"'5. Historical Wholesale'!D25","v":3639411},{"$f":"E24","v":6.5177999999999994},23720953.015799999,null,{"$f":"'5. Historical Wholesale'!H25","v":3787273.9999999995},{"$f":"I24","v":1.0506},3978910.0643999996,null,{"$f":"'5. Historical Wholesale'!L25","v":2801691},{"$f":"M24","v":3.5394000000000001},9916305.1254000012,null,13895215.189800002]
[null,"March",null,{"$f":"'5. Historical Wholesale'!D26","v":3462429},6.5177999999999994,22567419.736199997,null,{"$f":"'5. Historical Wholesale'!H26","v":3674401},1.0506,3860325.6905999999,null,{"$f":"'5. Historical Wholesale'!L26","v":2724824.9999999995},3.5394000000000001,9644245.6049999986,null,13504571.295599999]
[null,"April",null,{"$f":"'5. Historical Wholesale'!D27","v":3340986},6.5177999999999994,21775878.550799999,null,{"$f":"'5. Historical Wholesale'!H27","v":3684114.59},1.0506,3870530.7882539998,null,{"$f":"'5. Historical Wholesale'!L27","v":2719968.7994100293},3.5394000000000001,9627057.5686318576,null,13497588.356885858]
[null,"May",null,{"$f":"'5. Historical Wholesale'!D28","v":3392475.0000000005},6.5177999999999994,22111473.555,null,{"$f":"'5. Historical Wholesale'!H28","v":3543073},1.0506,3722352.4937999998,null,{"$f":"'5. Historical Wholesale'!L28","v":2564559.9999999995},3.5394000000000001,9077003.6639999989,null,12799356.157799998]
[null,"June",null,{"$f":"'5. Historical Wholesale'!D29","v":5276744},6.5177999999999994,34392762.043199994,null,{"$f":"'5. Historical Wholesale'!H29","v":5365102},1.0506,5636576.1612,null,{"$f":"'5. Historical Wholesale'!L29","v":3838849.9999999995},3.5394000000000001,13587225.689999999,null,19223801.851199999]
[null,"July",null,{"$f":"'5. Historical Wholesale'!D30","v":5056272},6.5177999999999994,32955769.641599998,null,{"$f":"'5. Historical Wholesale'!H30","v":5219584},1.0506,5483694.9503999995,null,{"$f":"'5. Historical Wholesale'!L30","v":3771381.0000000005},3.5394000000000001,13348425.911400001,null,18832120.8618]
[null,"August",null,{"$f":"'5. Historical Wholesale'!D31","v":4921869},6.5177999999999994,32079757.768199995,null,{"$f":"'5. Historical Wholesale'!H31","v":5152628},1.0506,5413350.9768000003,null,{"$f":"'5. Historical Wholesale'!L31","v":3735621.9999999995},3.5394000000000001,13221860.5068,null,18635211.483599998]
[null,"September",null,{"$f":"'5. Historical Wholesale'!D32","v":3882484},6.5177999999999994,25305254.215199996,null,{"$f":"'5. Historical Wholesale'!H32","v":3968733},1.0506,4169550.8898,null,{"$f":"'5. Historical Wholesale'!L32","v":2914061},3.5394000000000001,10314027.5034,null,14483578.393199999]
[null,"October",null,{"$f":"'5. Historical Wholesale'!D33","v":3846211.0000000009},6.5177999999999994,25068834.055800002,null,{"$f":"'5. Historical Wholesale'!H33","v":3965204},1.0506,4165843.3223999999,null,{"$f":"'5. Historical Wholesale'!L33","v":2927549},3.5394000000000001,10361766.930600001,null,14527610.253]
[null,"November",null,{"$f":"'5. Historical Wholesale'!D34","v":3507961.0000000005},6.5177999999999994,22864188.205800001,null,{"$f":"'5. Historical Wholesale'!H34","v":3683552},1.0506,3869939.7311999998,null,{"$f":"'5. Historical Wholesale'!L34","v":2704557},3.5394000000000001,9572509.0458000004,null,13442448.777000001]
[null,"December",null,{"$f":"'5. Historical Wholesale'!D35","v":3640728.9999999995},6.5177999999999994,23729543.476199996,null,{"$f":"'5. Historical Wholesale'!H35","v":3904280},1.0506,4101836.568,null,{"$f":"'5. Historical Wholesale'!L35","v":2869124},3.5394000000000001,10154977.4856,null,14256814.0536]
[]
[null,"Total",null,{"$f":"SUM(D24:D35)","v":47734303},{"$f":"IF(D37<>0,F37/D37,0)","v":6.5177999999999985},{"$f":"SUM(F24:F35)","v":311122640.09339994},null,{"$f":"SUM(H24:H35)","v":49837701.590000004},{"$f":"IF(H37<>0,J37/H37,0)","v":1.0505999999999995},{"$f":"SUM(J24:J35)","v":52359489.290453985},null,{"$f":"SUM(L24:L35)","v":36435355.79941003},{"$f":"IF(L37<>0,N37/L37,0)","v":3.5393999999999997},{"$f":"SUM(N24:N35)","v":128959298.31643185},null,{"$f":"SUM(P24:P35)","v":181318787.60688588}]
[]
[null,"Hydro One",null,"Network",null,null,null,"Line Connection",null,null,null,"Transformation Connection",null,null,null,"Total Connection"]
[]
[null,"Month",null,"Units Billed","Rate","Amount",null,"Units Billed","Rate","Amount",null,"Units Billed","Rate","Amount",null,"Amount"]
[]
[null,"January",null,{"$f":"'5. Historical Wholesale'!D43","v":453788.09053898981},{"$f":"'4. UTRs and Sub-Transmission'!L35","v":5.5802160000000001},{"$f":"D43*E43","v":2532235.5634351196},null,{"$f":"'5. Historical Wholesale'!H43","v":455387.43524820002},{"$f":"'4. UTRs and Sub-Transmission'!L37","v":0.71950800000000004},{"$f":"H43*I43","v":327654.9027605619},null,{"$f":"'5. Historical Wholesale'!L43","v":482707.77524820005},{"$f":"'4. UTRs and Sub-Transmission'!L39","v":3.6479280000000003},{"$f":"L43*M43","v":1760883.209145616},null,{"$f":"J43+N43","v":2088538.1119061778}]
[null,"February",null,{"$f":"'5. Historical Wholesale'!D44","v":449162.60043804673},{"$f":"E43","v":5.5802160000000001},2506424.3295659954,null,{"$f":"'5. Historical Wholesale'!H44","v":424662.41132682777},{"$f":"I43","v":0.71950800000000004},305548.0022489432,null,{"$f":"'5. Historical Wholesale'!L44","v":452221.43718008883},{"$f":"M43","v":3.6479280000000003},1649671.2428894872,null,1955219.2451384305]
[null,"March",null,{"$f":"'5. Historical Wholesale'!D45","v":441400.26},5.5802160000000001,2463108.7932561599,null,{"$f":"'5. Historical Wholesale'!H45","v":436806.23161159997},0.71950800000000004,314285.57809439907,null,{"$f":"'5. Historical Wholesale'!L45","v":463508.36161159998},3.6479280000000003,1690845.1305570807,null,2005130.7086514798]
[null,"April",null,{"$f":"'5. Historical Wholesale'!D46","v":440533.56},5.5802160000000001,2458272.42004896,null,{"$f":"'5. Historical Wholesale'!H46","v":417235.54574819998},0.71950800000000004,300204.31305019587,null,{"$f":"'5. Historical Wholesale'!L46","v":442341.90574819996},3.6479280000000003,1613631.4235522198,null,1913835.7366024156]
[null,"May",null,{"$f":"'5. Historical Wholesale'!D47","v":437765.53},5.5802160000000001,2442826.2147544804,null,{"$f":"'5. Historical Wholesale'!H47","v":414501.40319499996},0.71950800000000004,298237.07561002806,null,{"$f":"'5. Historical Wholesale'!L47","v":439509.40319499996},3.6479280000000003,1603298.6581783299,null,1901535.733788358]
[null,"June",null,{"$f":"'5. Historical Wholesale'!D48","v":629252.91},5.5802160000000001,3511367.1564285601,null,{"$f":"'5. Historical Wholesale'!H48","v":641477.22499560006},0.71950800000000004,461547.99520213425,null,{"$f":"'5. Historical Wholesale'!L48","v":669509.53499560012},3.6479280000000003,2442322.5789774298,null,2903870.5741795641]
[null,"July",null,{"$f":"'5. Historical Wholesale'!D49","v":598575.14},5.5802160000000001,3340178.5734302402,null,{"$f":"'5. Historical Wholesale'!H49","v":594461.13863840001},0.71950800000000004,427719.54493943794,null,{"$f":"'5. Historical Wholesale'!L49","v":623050.03863840003},3.6479280000000003,2272841.6813501017,null,2700561.2262895396]
[null,"August",null,{"$f":"'5. Historical Wholesale'!D50","v":569551.38},5.5802160000000001,3178219.7234980799,null,{"$f":"'5. Historical Wholesale'!H50","v":582314.34903460008},0.71950800000000004,418979.83264518704,null,{"$f":"'5. Historical Wholesale'!L50","v":609497.68761920207},3.6479280000000003,2223403.6806013407,null,2642383.5132465279]
[null,"September",null,{"$f":"'5. Historical Wholesale'!D51","v":482532.60000000003},5.5802160000000001,2692636.1350416001,null,{"$f":"'5. Historical Wholesale'!H51","v":461104.55438580009},0.71950800000000004,331768.41571701824,null,{"$f":"'5. Historical Wholesale'!L51","v":486482.7742829693},3.6479280000000003,1774654.1338245238,null,2106422.5495415418]
[null,"October",null,{"$f":"'5. Historical Wholesale'!D52","v":475908.06999999995},5.5802160000000001,2655669.8267431199,null,{"$f":"'5. Historical Wholesale'!H52","v":459258.77985494706},0.71950800000000004,330440.36617587326,null,{"$f":"'5. Historical Wholesale'!L52","v":484377.72489449667},3.6479280000000003,1766975.0652189315,null,2097415.4313948047]
[null,"November",null,{"$f":"'5. Historical Wholesale'!D53","v":426770.03},5.5802160000000001,2381468.9497264801,null,{"$f":"'5. Historical Wholesale'!H53","v":422160.81969725009},0.71950800000000004,303748.08705872903,null,{"$f":"'5. Historical Wholesale'!L53","v":447779.84293868567},3.6479280000000003,1633468.626891634,null,1937216.713950363]
[null,"December",null,{"$f":"'5. Historical Wholesale'!D54","v":463291.73000000004},5.5802160000000001,2585267.9244136801,null,{"$f":"'5. Historical Wholesale'!H54","v":458185.78425279999},0.71950800000000004,329668.33725616365,null,{"$f":"'5. Historical Wholesale'!L54","v":492759.14425279998},3.6479280000000003,1797549.8795758283,null,2127218.2168319919]
[]
[null,"Total",null,{"$f":"SUM(D43:D54)","v":5868531.9009770378},{"$f":"IF(D56<>0,F56/D56,0)","v":5.5802159999999992},{"$f":"SUM(F43:F54)","v":32747675.610342477},null,{"$f":"SUM(H43:H54)","v":5767555.677989224},{"$f":"IF(H56<>0,J56/H56,0)","v":0.71950800000000026},{"$f":"SUM(J43:J54)","v":4149802.4507586719},null,{"$f":"SUM(L43:L54)","v":6093745.6306052431},{"$f":"IF(L56<>0,N56/L56,0)","v":3.6479280000000007},{"$f":"SUM(N43:N54)","v":22229545.310762528},null,{"$f":"SUM(P43:P54)","v":26379347.761521194}]
[]
[null,{"$f":"'5. Historical Wholesale'!B58","v":"Add Extra Host Here (I)"},null,"Network",null,null,null,"Line Connection",null,null,null,"Transformation Connection",null,null,null,"Total Connection"]
[]
[null,"Month",null,"Units Billed","Rate","Amount",null,"Units Billed","Rate","Amount",null,"Units Billed","Rate","Amount",null,"Amount"]
[]
[null,"January",null,{"$f":"'5. Historical Wholesale'!D62","v":0},{"$f":"'4. UTRs and Sub-Transmission'!L52","v":0},{"$f":"D62*E62","v":0},null,{"$f":"'5. Historical Wholesale'!H62","v":0},{"$f":"'4. UTRs and Sub-Transmission'!L54","v":0},{"$f":"H62*I62","v":0},null,{"$f":"'5. Historical Wholesale'!L62","v":0},{"$f":"'4. UTRs and Sub-Transmission'!L56","v":0},{"$f":"L62*M62","v":0},null,{"$f":"J62+N62","v":0}]
[null,"February",null,{"$f":"'5. Historical Wholesale'!D63","v":0},{"$f":"E62","v":0},0,null,{"$f":"'5. Historical Wholesale'!H63","v":0},{"$f":"I62","v":0},0,null,{"$f":"'5. Historical Wholesale'!L63","v":0},{"$f":"M62","v":0},0,null,0]
[null,"March",null,{"$f":"'5. Historical Wholesale'!D64","v":0},0,0,null,{"$f":"'5. Historical Wholesale'!H64","v":0},0,0,null,{"$f":"'5. Historical Wholesale'!L64","v":0},0,0,null,0]
[null,"April",null,{"$f":"'5. Historical Wholesale'!D65","v":0},0,0,null,{"$f":"'5. Historical Wholesale'!H65","v":0},0,0,null,{"$f":"'5. Historical Wholesale'!L65","v":0},0,0,null,0]
[null,"May",null,{"$f":"'5. Historical Wholesale'!D66","v":0},0,0,null,{"$f":"'5. Historical Wholesale'!H66","v":0},0,0,null,{"$f":"'5. Historical Wholesale'!L66","v":0},0,0,null,0]
[null,"June",null,{"$f":"'5. Historical Wholesale'!D67","v":0},0,0,null,{"$f":"'5. Historical Wholesale'!H67","v":0},0,0,null,{"$f":"'5. Historical Wholesale'!L67","v":0},0,0,null,0]
[null,"July",null,{"$f":"'5. Historical Wholesale'!D68","v":0},0,0,null,{"$f":"'5. Historical Wholesale'!H68","v":0},0,0,null,{"$f":"'5. Historical Wholesale'!L68","v":0},0,0,null,0]
[null,"August",null,{"$f":"'5. Historical Wholesale'!D69","v":0},0,0,null,{"$f":"'5. Historical Wholesale'!H69","v":0},0,0,null,{"$f":"'5. Historical Wholesale'!L69","v":0},0,0,null,0]
[null,"September",null,{"$f":"'5. Historical Wholesale'!D70","v":0},0,0,null,{"$f":"'5. Historical Wholesale'!H70","v":0},0,0,null,{"$f":"'5. Historical Wholesale'!L70","v":0},0,0,null,0]
[null,"October",null,{"$f":"'5. Historical Wholesale'!D71","v":0},0,0,null,{"$f":"'5. Historical Wholesale'!H71","v":0},0,0,null,{"$f":"'5. Historical Wholesale'!L71","v":0},0,0,null,0]
[null,"November",null,{"$f":"'5. Historical Wholesale'!D72","v":0},0,0,null,{"$f":"'5. Historical Wholesale'!H72","v":0},0,0,null,{"$f":"'5. Historical Wholesale'!L72","v":0},0,0,null,0]
[null,"December",null,{"$f":"'5. Historical Wholesale'!D73","v":0},0,0,null,{"$f":"'5. Historical Wholesale'!H73","v":0},0,0,null,{"$f":"'5. Historical Wholesale'!L73","v":0},0,0,null,0]
[]
[null,"Total",null,{"$f":"SUM(D62:D73)","v":0},{"$f":"IF(D75<>0,F75/D75,0)","v":0},{"$f":"SUM(F62:F73)","v":0},null,{"$f":"SUM(H62:H73)","v":0},{"$f":"IF(H75<>0,J75/H75,0)","v":0},{"$f":"SUM(J62:J73)","v":0},null,{"$f":"SUM(L62:L73)","v":0},{"$f":"IF(L75<>0,N75/L75,0)","v":0},{"$f":"SUM(N62:N73)","v":0},null,{"$f":"SUM(P62:P73)","v":0}]
[]
[null,{"$f":"'5. Historical Wholesale'!B77","v":"Add Extra Host Here (II)"},null,"Network",null,null,null,"Line Connection",null,null,null,"Transformation Connection",null,null,null,"Total Connection"]
[]
[null,"Month",null,"Units Billed","Rate","Amount",null,"Units Billed","Rate","Amount",null,"Units Billed","Rate","Amount",null,"Amount"]
[]
[null,"January",null,{"$f":"'5. Historical Wholesale'!D81","v":0},{"$f":"'4. UTRs and Sub-Transmission'!L67","v":0},{"$f":"D81*E81","v":0},null,{"$f":"'5. Historical Wholesale'!H81","v":0},{"$f":"'4. UTRs and Sub-Transmission'!L69","v":0},{"$f":"H81*I81","v":0},null,{"$f":"'5. Historical Wholesale'!L81","v":0},{"$f":"'4. UTRs and Sub-Transmission'!L71","v":0},{"$f":"L81*M81","v":0},null,{"$f":"J81+N81","v":0}]
[null,"February",null,{"$f":"'5. Historical Wholesale'!D82","v":0},{"$f":"E81","v":0},0,null,{"$f":"'5. Historical Wholesale'!H82","v":0},{"$f":"I81","v":0},0,null,{"$f":"'5. Historical Wholesale'!L82","v":0},{"$f":"M81","v":0},0,null,0]
[null,"March",null,{"$f":"'5. Historical Wholesale'!D83","v":0},0,0,null,{"$f":"'5. Historical Wholesale'!H83","v":0},0,0,null,{"$f":"'5. Historical Wholesale'!L83","v":0},0,0,null,0]
[null,"April",null,{"$f":"'5. Historical Wholesale'!D84","v":0},0,0,null,{"$f":"'5. Historical Wholesale'!H84","v":0},0,0,null,{"$f":"'5. Historical Wholesale'!L84","v":0},0,0,null,0]
[null,"May",null,{"$f":"'5. Historical Wholesale'!D85","v":0},0,0,null,{"$f":"'5. Historical Wholesale'!H85","v":0},0,0,null,{"$f":"'5. Historical Wholesale'!L85","v":0},0,0,null,0]
[null,"June",null,{"$f":"'5. Historical Wholesale'!D86","v":0},0,0,null,{"$f":"'5. Historical Wholesale'!H86","v":0},0,0,null,{"$f":"'5. Historical Wholesale'!L86","v":0},0,0,null,0]
[null,"July",null,{"$f":"'5. Historical Wholesale'!D87","v":0},0,0,null,{"$f":"'5. Historical Wholesale'!H87","v":0},0,0,null,{"$f":"'5. Historical Wholesale'!L87","v":0},0,0,null,0]
[null,"August",null,{"$f":"'5. Historical Wholesale'!D88","v":0},0,0,null,{"$f":"'5. Historical Wholesale'!H88","v":0},0,0,null,{"$f":"'5. Historical Wholesale'!L88","v":0},0,0,null,0]
[null,"September",null,{"$f":"'5. Historical Wholesale'!D89","v":0},0,0,null,{"$f":"'5. Historical Wholesale'!H89","v":0},0,0,null,{"$f":"'5. Historical Wholesale'!L89","v":0},0,0,null,0]
[null,"October",null,{"$f":"'5. Historical Wholesale'!D90","v":0},0,0,null,{"$f":"'5. Historical Wholesale'!H90","v":0},0,0,null,{"$f":"'5. Historical Wholesale'!L90","v":0},0,0,null,0]
[null,"November",null,{"$f":"'5. Historical Wholesale'!D91","v":0},0,0,null,{"$f":"'5. Historical Wholesale'!H91","v":0},0,0,null,{"$f":"'5. Historical Wholesale'!L91","v":0},0,0,null,0]
[null,"December",null,{"$f":"'5. Historical Wholesale'!D92","v":0},0,0,null,{"$f":"'5. Historical Wholesale'!H92","v":0},0,0,null,{"$f":"'5. Historical Wholesale'!L92","v":0},0,0,null,0]
[]
[null,"Total",null,{"$f":"SUM(D81:D92)","v":0},{"$f":"IF(D94<>0,F94/D94,0)","v":0},{"$f":"SUM(F81:F92)","v":0},null,{"$f":"SUM(H81:H92)","v":0},{"$f":"IF(H94<>0,J94/H94,0)","v":0},{"$f":"SUM(J81:J92)","v":0},null,{"$f":"SUM(L81:L92)","v":0},{"$f":"IF(L94<>0,N94/L94,0)","v":0},{"$f":"SUM(N81:N92)","v":0},null,{"$f":"SUM(P81:P92)","v":0}]
[]
[null,"Total",null,"Network",null,null,null,"Line Connection",null,null,null,"Transformation Connection",null,null,null,"Total Connection"]
[]
[null,"Month",null,"Units Billed","Rate","Amount",null,"Units Billed","Rate","Amount",null,"Units Billed","Rate","Amount",null,"Amount"]
[]
[null,"January",null,{"$f":"D24+D43+D62+D81","v":4220520.0905389898},{"$f":"IF(D100<>0,F100/D100,0)","v":6.4169914636223009},{"$f":"F24+F43+F62+F81","v":27083041.393035118},null,{"$f":"H24+H43+H62+H81","v":4345143.4352481999},{"$f":"IF(H100<>0,J100/H100,0)","v":1.0159003085034901},{"$f":"J24+J43+J62+J81","v":4414232.5563605614},null,{"$f":"L24+L43+L62+L81","v":3345874.7752482002},{"$f":"IF(L100<>0,N100/L100,0)","v":3.555057283356712},{"$f":"N24+N43+N62+N81","v":11894776.488945616},null,{"$f":"J100+N100","v":16309009.045306178}]
[null,"February",null,{"$f":"D25+D44+D63+D82","v":4088573.6004380467},6.4147988781603473,26227377.345365994,null,{"$f":"H25+H44+H63+H82","v":4211936.4113268275},1.0172181268280993,{"$f":"J25+J44+J63+J82","v":4284458.0666489424},null,{"$f":"L25+L44+L63+L82","v":3253912.4371800888},3.5544829775176172,{"$f":"N25+N44+N63+N82","v":11565976.368289489},null,15850434.434938431]
[null,"March",null,3903829.26,6.4117887495561625,25030528.529456157,null,{"$f":"H26+H45+H64+H83","v":4111207.2316116001},1.0154222430324789,{"$f":"J26+J45+J64+J83","v":4174611.2686943989},null,{"$f":"L26+L45+L64+L83","v":3188333.3616115996},3.5551774077436988,{"$f":"N26+N45+N64+N83","v":11335090.735557079},null,15509702.004251478]
[null,"April",null,3781519.56,6.4085748034181682,24234150.970848959,null,{"$f":"H27+H46+H65+H84","v":4101350.1357481997},1.0169175913441826,{"$f":"J27+J46+J65+J84","v":4170735.1013041958},null,{"$f":"L27+L46+L65+L84","v":3162310.7051582295},3.5545808240312167,{"$f":"N27+N46+N65+N84","v":11240688.992184076},null,15411424.093488272]
[null,"May",null,3830240.5300000003,6.4106417279633554,24554299.769754481,null,{"$f":"H28+H47+H66+H85","v":3957574.4031949998},1.0159226737883071,{"$f":"J28+J47+J66+J85","v":4020589.5694100279},null,{"$f":"L28+L47+L66+L85","v":3004069.4031949993},3.5552781539664888,{"$f":"N28+N47+N66+N85","v":10680302.322178328},null,14700891.891588356]
[null,"June",null,5905996.9100000001,6.4179053557324925,37904129.199628554,null,{"$f":"H29+H48+H67+H86","v":6006579.2249956001},1.0152407764848221,{"$f":"J29+J48+J67+J86","v":6098124.1564021343},null,{"$f":"L29+L48+L67+L86","v":4508359.5349955996},3.555516844774687,{"$f":"N29+N48+N67+N86","v":16029548.26897743},null,22127672.425379563]
[null,"July",null,5654847.1399999997,6.4185551468381936,36295948.215030238,null,{"$f":"H30+H49+H68+H87","v":5814045.1386383995},1.0167472653512699,{"$f":"J30+J49+J68+J87","v":5911414.4953394374},null,{"$f":"L30+L49+L68+L87","v":4394431.0386384008},3.5547872876827071,{"$f":"N30+N49+N68+N87","v":15621267.592750102},null,21532682.088089541]
[null,"August",null,5491420.3799999999,6.4205569874251864,35257977.491698071,null,{"$f":"H31+H50+H69+H88","v":5734942.3490346},1.0169815936208986,{"$f":"J31+J50+J69+J88","v":5832330.8094451874},null,{"$f":"L31+L50+L69+L88","v":4345119.6876192018},3.5546234161075962,{"$f":"N31+N50+N69+N88","v":15445264.187401339},null,21277594.996846527]
[null,"September",null,4365016.5999999996,6.4141543815071849,27997890.350241594,null,{"$f":"H32+H51+H70+H89","v":4429837.5543857999},1.0161364271835311,{"$f":"J32+J51+J70+J89","v":4501319.3055170178},null,{"$f":"L32+L51+L70+L89","v":3400543.7742829695},3.5549260470183226,{"$f":"N32+N51+N70+N89","v":12088681.637224523},null,16590000.942741541]
[null,"October",null,4322119.0700000012,6.4145627257194269,27724503.882543121,null,{"$f":"H33+H52+H71+H90","v":4424462.7798549468},1.0162326845753873,{"$f":"J33+J52+J71+J90","v":4496283.6885758732},null,{"$f":"L33+L52+L71+L90","v":3411926.7248944966},3.5548072903570271,{"$f":"N33+N52+N71+N90","v":12128741.995818932},null,16625025.684394805]
[null,"November",null,3934731.0300000003,6.4161074703819034,25245657.155526482,null,{"$f":"H34+H53+H72+H91","v":4105712.8196972501},1.0165561990199039,{"$f":"J34+J53+J72+J91","v":4173687.8182587288},null,{"$f":"L34+L53+L72+L91","v":3152336.8429386858},3.5548160717003663,{"$f":"N34+N53+N72+N91","v":11205977.672691634},null,15379665.490950363]
[null,"December",null,4104020.7299999995,6.4119586941301048,26314811.400613677,null,{"$f":"H35+H54+H73+H92","v":4362465.7842528},1.0158257105998572,{"$f":"J35+J54+J73+J92","v":4431504.9052561633},null,{"$f":"L35+L54+L73+L92","v":3361883.1442527999},3.5553072050136216,{"$f":"N35+N54+N73+N92","v":11952527.365175828},null,16384032.270431992]
[]
[null,"Total",null,{"$f":"SUM(D100:D111)","v":53602834.900977038},{"$f":"IF(D113<>0,F113/D113,0)","v":6.4151516676121654},{"$f":"SUM(F100:F111)","v":343870315.70374244},null,{"$f":"SUM(H100:H111)","v":55605257.267989226},{"$f":"IF(H113<>0,J113/H113,0)","v":1.0162580755425059},{"$f":"SUM(J100:J111)","v":56509291.741212666},null,{"$f":"SUM(L100:L111)","v":42529101.430015266},{"$f":"IF(L113<>0,N113/L113,0)","v":3.5549503409091914},{"$f":"SUM(N100:N111)","v":151188843.62719434},null,{"$f":"SUM(P100:P111)","v":207698135.36840707}]
[]
[null,null,null,null,null,null,null,null,null,null,null,null,null,"Low Voltage Switchgear Credit (if applicable)",null,{"$f":"'4. UTRs and Sub-Transmission'!L76","v":0}]
[]
[null,null,null,null,null,null,null,null,null,null,null,null,null,"Total including deduction for Low Voltage Switchgear Credit",null,{"$f":"P113+P115","v":207698135.36840707}]

{"sheet":"7. Forecast Wholesale - 28","index":9,"n_rows":117,"n_cols":16,"rows_kept":117,"cut":false,"hidden":false,"merged":[[12,1,12,12],[19,3,19,5],[19,7,19,9],[19,11,19,13],[20,3,20,5],[20,7,20,9],[20,11,20,13],[38,3,38,5],[38,7,38,9],[38,11,38,13],[57,3,57,5],[57,7,57,9],[57,11,57,13],[96,3,96,5],[96,7,96,9],[96,11,96,13],[76,3,76,5],[76,7,76,9],[76,11,76,13],[95,3,95,5],[95,7,95,9],[95,11,95,13]]}
[]
[]
[]
[]
[]
[]
[]
[]
[]
[]
[]
[]
[null,"The purpose of this sheet is to calculate the expected billing when forecasted 2027 Uniform Transmission Rates and Hydro One Sub-transmission Rates are applied against historical 2025 transmission units."]
[]
[]
[]
[]
[]
[]
[null,"IESO",null,"Network",null,null,null,"Line Connection",null,null,null,"Transformation Connection",null,null,null,"Total Connection"]
[]
[null,"Month",null,"Units Billed","Rate","Amount",null,"Units Billed","Rate","Amount",null,"Units Billed","Rate","Amount",null,"Amount"]
[]
[null,"January",null,{"$f":"'5. Historical Wholesale'!D24","v":3766732},{"$f":"'4. UTRs and Sub-Transmission'!N22","v":6.6481559999999993},{"$f":"D24*E24","v":25041821.946191996},null,{"$f":"'5. Historical Wholesale'!H24","v":3889755.9999999995},{"$f":"'4. UTRs and Sub-Transmission'!N24","v":1.071612},{"$f":"H24*I24","v":4168309.2066719998},null,{"$f":"'5. Historical Wholesale'!L24","v":2863167},{"$f":"'4. UTRs and Sub-Transmission'!N26","v":3.610188},{"$f":"L24*M24","v":10336571.145396},null,{"$f":"J24+N24","v":14504880.352068}]
[null,"February",null,{"$f":"'5. Historical Wholesale'!D25","v":3639411},{"$f":"E24","v":6.6481559999999993},24195372.076115996,null,{"$f":"'5. Historical Wholesale'!H25","v":3787273.9999999995},{"$f":"I24","v":1.071612},4058488.2656879993,null,{"$f":"'5. Historical Wholesale'!L25","v":2801691},{"$f":"M24","v":3.610188},10114631.227908,null,14173119.493595999]
[null,"March",null,{"$f":"'5. Historical Wholesale'!D26","v":3462429},6.6481559999999993,23018768.130923998,null,{"$f":"'5. Historical Wholesale'!H26","v":3674401},1.071612,3937532.2044120003,null,{"$f":"'5. Historical Wholesale'!L26","v":2724824.9999999995},3.610188,9837130.5170999989,null,13774662.721511999]
[null,"April",null,{"$f":"'5. Historical Wholesale'!D27","v":3340986},6.6481559999999993,22211396.121815998,null,{"$f":"'5. Historical Wholesale'!H27","v":3684114.59},1.071612,3947941.4040190801,null,{"$f":"'5. Historical Wholesale'!L27","v":2719968.7994100293},3.610188,9819598.7200044952,null,13767540.124023575]
[null,"May",null,{"$f":"'5. Historical Wholesale'!D28","v":3392475.0000000005},6.6481559999999993,22553703.026100002,null,{"$f":"'5. Historical Wholesale'!H28","v":3543073},1.071612,3796799.5436760001,null,{"$f":"'5. Historical Wholesale'!L28","v":2564559.9999999995},3.610188,9258543.7372799981,null,13055343.280955998]
[null,"June",null,{"$f":"'5. Historical Wholesale'!D29","v":5276744},6.6481559999999993,35080617.284063995,null,{"$f":"'5. Historical Wholesale'!H29","v":5365102},1.071612,5749307.6844239999,null,{"$f":"'5. Historical Wholesale'!L29","v":3838849.9999999995},3.610188,13858970.203799998,null,19608277.888223998]
[null,"July",null,{"$f":"'5. Historical Wholesale'!D30","v":5056272},6.6481559999999993,33614885.034431994,null,{"$f":"'5. Historical Wholesale'!H30","v":5219584},1.071612,5593368.8494079998,null,{"$f":"'5. Historical Wholesale'!L30","v":3771381.0000000005},3.610188,13615394.429628002,null,19208763.279036]
[null,"August",null,{"$f":"'5. Historical Wholesale'!D31","v":4921869},6.6481559999999993,32721352.923563998,null,{"$f":"'5. Historical Wholesale'!H31","v":5152628},1.071612,5521617.996336,null,{"$f":"'5. Historical Wholesale'!L31","v":3735621.9999999995},3.610188,13486297.716935998,null,19007915.713271998]
[null,"September",null,{"$f":"'5. Historical Wholesale'!D32","v":3882484},6.6481559999999993,25811359.299503997,null,{"$f":"'5. Historical Wholesale'!H32","v":3968733},1.071612,4252941.9075960005,null,{"$f":"'5. Historical Wholesale'!L32","v":2914061},3.610188,10520308.053468,null,14773249.961064]
[null,"October",null,{"$f":"'5. Historical Wholesale'!D33","v":3846211.0000000009},6.6481559999999993,25570210.736916002,null,{"$f":"'5. Historical Wholesale'!H33","v":3965204},1.071612,4249160.188848,null,{"$f":"'5. Historical Wholesale'!L33","v":2927549},3.610188,10569002.269212,null,14818162.45806]
[null,"November",null,{"$f":"'5. Historical Wholesale'!D34","v":3507961.0000000005},6.6481559999999993,23321471.969916001,null,{"$f":"'5. Historical Wholesale'!H34","v":3683552},1.071612,3947338.5258240001,null,{"$f":"'5. Historical Wholesale'!L34","v":2704557},3.610188,9763959.2267160006,null,13711297.75254]
[null,"December",null,{"$f":"'5. Historical Wholesale'!D35","v":3640728.9999999995},6.6481559999999993,24204134.345723994,null,{"$f":"'5. Historical Wholesale'!H35","v":3904280},1.071612,4183873.2993600001,null,{"$f":"'5. Historical Wholesale'!L35","v":2869124},3.610188,10358077.035312001,null,14541950.334672]
[]
[null,"Total",null,{"$f":"SUM(D24:D35)","v":47734303},{"$f":"IF(D37<>0,F37/D37,0)","v":6.6481559999999993},{"$f":"SUM(F24:F35)","v":317345092.89526796},null,{"$f":"SUM(H24:H35)","v":49837701.590000004},{"$f":"IF(H37<>0,J37/H37,0)","v":1.071612},{"$f":"SUM(J24:J35)","v":53406679.076263085},null,{"$f":"SUM(L24:L35)","v":36435355.79941003},{"$f":"IF(L37<>0,N37/L37,0)","v":3.6101879999999995},{"$f":"SUM(N24:N35)","v":131538484.28276049},null,{"$f":"SUM(P24:P35)","v":184945163.35902357}]
[]
[null,"Hydro One",null,"Network",null,null,null,"Line Connection",null,null,null,"Transformation Connection",null,null,null,"Total Connection"]
[]
[null,"Month",null,"Units Billed","Rate","Amount",null,"Units Billed","Rate","Amount",null,"Units Billed","Rate","Amount",null,"Amount"]
[]
[null,"January",null,{"$f":"'5. Historical Wholesale'!D43","v":453788.09053898981},{"$f":"'4. UTRs and Sub-Transmission'!N35","v":5.6918203200000006},{"$f":"D43*E43","v":2582880.2747038221},null,{"$f":"'5. Historical Wholesale'!H43","v":455387.43524820002},{"$f":"'4. UTRs and Sub-Transmission'!N37","v":0.73389816000000008},{"$f":"H43*I43","v":334208.00081577315},null,{"$f":"'5. Historical Wholesale'!L43","v":482707.77524820005},{"$f":"'4. UTRs and Sub-Transmission'!N39","v":3.7208865600000003},{"$f":"L43*M43","v":1796100.8733285284},null,{"$f":"J43+N43","v":2130308.8741443017}]
[null,"February",null,{"$f":"'5. Historical Wholesale'!D44","v":449162.60043804673},{"$f":"E43","v":5.6918203200000006},2556552.8161573154,null,{"$f":"'5. Historical Wholesale'!H44","v":424662.41132682777},{"$f":"I43","v":0.73389816000000008},311658.96229392209,null,{"$f":"'5. Historical Wholesale'!L44","v":452221.43718008883},{"$f":"M43","v":3.7208865600000003},1682664.6677472771,null,1994323.6300411993]
[null,"March",null,{"$f":"'5. Historical Wholesale'!D45","v":441400.26},5.6918203200000006,2512370.9691212834,null,{"$f":"'5. Historical Wholesale'!H45","v":436806.23161159997},0.73389816000000008,320571.28965628706,null,{"$f":"'5. Historical Wholesale'!L45","v":463508.36161159998},3.7208865600000003,1724662.0331682225,null,2045233.3228245096]
[null,"April",null,{"$f":"'5. Historical Wholesale'!D46","v":440533.56},5.6918203200000006,2507437.8684499394,null,{"$f":"'5. Historical Wholesale'!H46","v":417235.54574819998},0.73389816000000008,306208.39931119984,null,{"$f":"'5. Historical Wholesale'!L46","v":442341.90574819996},3.7208865600000003,1645904.0520232641,null,1952112.4513344639]
[null,"May",null,{"$f":"'5. Historical Wholesale'!D47","v":437765.53},5.6918203200000006,2491682.7390495702,null,{"$f":"'5. Historical Wholesale'!H47","v":414501.40319499996},0.73389816000000008,304201.81712222862,null,{"$f":"'5. Historical Wholesale'!L47","v":439509.40319499996},3.7208865600000003,1635364.6313418965,null,1939566.4484641252]
[null,"June",null,{"$f":"'5. Historical Wholesale'!D48","v":629252.91},5.6918203200000006,3581594.4995571319,null,{"$f":"'5. Historical Wholesale'!H48","v":641477.22499560006},0.73389816000000008,470778.95510617696,null,{"$f":"'5. Historical Wholesale'!L48","v":669509.53499560012},3.7208865600000003,2491169.0305569782,null,2961947.9856631551]
[null,"July",null,{"$f":"'5. Historical Wholesale'!D49","v":598575.14},5.6918203200000006,3406982.1448988453,null,{"$f":"'5. Historical Wholesale'!H49","v":594461.13863840001},0.73389816000000008,436273.93583822669,null,{"$f":"'5. Historical Wholesale'!L49","v":623050.03863840003},3.7208865600000003,2318298.5149771036,null,2754572.4508153303]
[null,"August",null,{"$f":"'5. Historical Wholesale'!D50","v":569551.38},5.6918203200000006,3241784.1179680419,null,{"$f":"'5. Historical Wholesale'!H50","v":582314.34903460008},0.73389816000000008,427359.42929809081,null,{"$f":"'5. Historical Wholesale'!L50","v":609497.68761920207},3.7208865600000003,2267871.7542133676,null,2695231.1835114583]
[null,"September",null,{"$f":"'5. Historical Wholesale'!D51","v":482532.60000000003},5.6918203200000006,2746488.8577424325,null,{"$f":"'5. Historical Wholesale'!H51","v":461104.55438580009},0.73389816000000008,338403.78403135866,null,{"$f":"'5. Historical Wholesale'!L51","v":486482.7742829693},3.7208865600000003,1810147.2165010143,null,2148551.0005323729]
[null,"October",null,{"$f":"'5. Historical Wholesale'!D52","v":475908.06999999995},5.6918203200000006,2708783.2232779823,null,{"$f":"'5. Historical Wholesale'!H52","v":459258.77985494706},0.73389816000000008,337049.17349939077,null,{"$f":"'5. Historical Wholesale'!L52","v":484377.72489449667},3.7208865600000003,1802314.5665233103,null,2139363.7400227012]
[null,"November",null,{"$f":"'5. Historical Wholesale'!D53","v":426770.03},5.6918203200000006,2429098.3287210101,null,{"$f":"'5. Historical Wholesale'!H53","v":422160.81969725009},0.73389816000000008,309823.04879990366,null,{"$f":"'5. Historical Wholesale'!L53","v":447779.84293868567},3.7208865600000003,1666137.9994294667,null,1975961.0482293703]
[null,"December",null,{"$f":"'5. Historical Wholesale'!D54","v":463291.73000000004},5.6918203200000006,2636973.2829019539,null,{"$f":"'5. Historical Wholesale'!H54","v":458185.78425279999},0.73389816000000008,336261.70400128694,null,{"$f":"'5. Historical Wholesale'!L54","v":492759.14425279998},3.7208865600000003,1833500.8771673448,null,2169762.5811686316]
[]
[null,"Total",null,{"$f":"SUM(D43:D54)","v":5868531.9009770378},{"$f":"IF(D56<>0,F56/D56,0)","v":5.6918203199999997},{"$f":"SUM(F43:F54)","v":33402629.122549329},null,{"$f":"SUM(H43:H54)","v":5767555.677989224},{"$f":"IF(H56<>0,J56/H56,0)","v":0.73389816000000019},{"$f":"SUM(J43:J54)","v":4232798.4997738451},null,{"$f":"SUM(L43:L54)","v":6093745.6306052431},{"$f":"IF(L56<>0,N56/L56,0)","v":3.7208865600000003},{"$f":"SUM(N43:N54)","v":22674136.216977775},null,{"$f":"SUM(P43:P54)","v":26906934.71675162}]
[]
[null,{"$f":"'5. Historical Wholesale'!B58","v":"Add Extra Host Here (I)"},null,"Network",null,null,null,"Line Connection",null,null,null,"Transformation Connection",null,null,null,"Total Connection"]
[]
[null,"Month",null,"Units Billed","Rate","Amount",null,"Units Billed","Rate","Amount",null,"Units Billed","Rate","Amount",null,"Amount"]
[]
[null,"January",null,{"$f":"'5. Historical Wholesale'!D62","v":0},{"$f":"'4. UTRs and Sub-Transmission'!L52","v":0},{"$f":"D62*E62","v":0},null,{"$f":"'5. Historical Wholesale'!H62","v":0},{"$f":"'4. UTRs and Sub-Transmission'!L54","v":0},{"$f":"H62*I62","v":0},null,{"$f":"'5. Historical Wholesale'!L62","v":0},{"$f":"'4. UTRs and Sub-Transmission'!L56","v":0},{"$f":"L62*M62","v":0},null,{"$f":"J62+N62","v":0}]
[null,"February",null,{"$f":"'5. Historical Wholesale'!D63","v":0},{"$f":"E62","v":0},0,null,{"$f":"'5. Historical Wholesale'!H63","v":0},{"$f":"I62","v":0},0,null,{"$f":"'5. Historical Wholesale'!L63","v":0},{"$f":"M62","v":0},0,null,0]
[null,"March",null,{"$f":"'5. Historical Wholesale'!D64","v":0},0,0,null,{"$f":"'5. Historical Wholesale'!H64","v":0},0,0,null,{"$f":"'5. Historical Wholesale'!L64","v":0},0,0,null,0]
[null,"April",null,{"$f":"'5. Historical Wholesale'!D65","v":0},0,0,null,{"$f":"'5. Historical Wholesale'!H65","v":0},0,0,null,{"$f":"'5. Historical Wholesale'!L65","v":0},0,0,null,0]
[null,"May",null,{"$f":"'5. Historical Wholesale'!D66","v":0},0,0,null,{"$f":"'5. Historical Wholesale'!H66","v":0},0,0,null,{"$f":"'5. Historical Wholesale'!L66","v":0},0,0,null,0]
[null,"June",null,{"$f":"'5. Historical Wholesale'!D67","v":0},0,0,null,{"$f":"'5. Historical Wholesale'!H67","v":0},0,0,null,{"$f":"'5. Historical Wholesale'!L67","v":0},0,0,null,0]
[null,"July",null,{"$f":"'5. Historical Wholesale'!D68","v":0},0,0,null,{"$f":"'5. Historical Wholesale'!H68","v":0},0,0,null,{"$f":"'5. Historical Wholesale'!L68","v":0},0,0,null,0]
[null,"August",null,{"$f":"'5. Historical Wholesale'!D69","v":0},0,0,null,{"$f":"'5. Historical Wholesale'!H69","v":0},0,0,null,{"$f":"'5. Historical Wholesale'!L69","v":0},0,0,null,0]
[null,"September",null,{"$f":"'5. Historical Wholesale'!D70","v":0},0,0,null,{"$f":"'5. Historical Wholesale'!H70","v":0},0,0,null,{"$f":"'5. Historical Wholesale'!L70","v":0},0,0,null,0]
[null,"October",null,{"$f":"'5. Historical Wholesale'!D71","v":0},0,0,null,{"$f":"'5. Historical Wholesale'!H71","v":0},0,0,null,{"$f":"'5. Historical Wholesale'!L71","v":0},0,0,null,0]
[null,"November",null,{"$f":"'5. Historical Wholesale'!D72","v":0},0,0,null,{"$f":"'5. Historical Wholesale'!H72","v":0},0,0,null,{"$f":"'5. Historical Wholesale'!L72","v":0},0,0,null,0]
[null,"December",null,{"$f":"'5. Historical Wholesale'!D73","v":0},0,0,null,{"$f":"'5. Historical Wholesale'!H73","v":0},0,0,null,{"$f":"'5. Historical Wholesale'!L73","v":0},0,0,null,0]
[]
[null,"Total",null,{"$f":"SUM(D62:D73)","v":0},{"$f":"IF(D75<>0,F75/D75,0)","v":0},{"$f":"SUM(F62:F73)","v":0},null,{"$f":"SUM(H62:H73)","v":0},{"$f":"IF(H75<>0,J75/H75,0)","v":0},{"$f":"SUM(J62:J73)","v":0},null,{"$f":"SUM(L62:L73)","v":0},{"$f":"IF(L75<>0,N75/L75,0)","v":0},{"$f":"SUM(N62:N73)","v":0},null,{"$f":"SUM(P62:P73)","v":0}]
[]
[null,{"$f":"'5. Historical Wholesale'!B77","v":"Add Extra Host Here (II)"},null,"Network",null,null,null,"Line Connection",null,null,null,"Transformation Connection",null,null,null,"Total Connection"]
[]
[null,"Month",null,"Units Billed","Rate","Amount",null,"Units Billed","Rate","Amount",null,"Units Billed","Rate","Amount",null,"Amount"]
[]
[null,"January",null,{"$f":"'5. Historical Wholesale'!D81","v":0},{"$f":"'4. UTRs and Sub-Transmission'!L67","v":0},{"$f":"D81*E81","v":0},null,{"$f":"'5. Historical Wholesale'!H81","v":0},{"$f":"'4. UTRs and Sub-Transmission'!L69","v":0},{"$f":"H81*I81","v":0},null,{"$f":"'5. Historical Wholesale'!L81","v":0},{"$f":"'4. UTRs and Sub-Transmission'!L71","v":0},{"$f":"L81*M81","v":0},null,{"$f":"J81+N81","v":0}]
[null,"February",null,{"$f":"'5. Historical Wholesale'!D82","v":0},{"$f":"E81","v":0},0,null,{"$f":"'5. Historical Wholesale'!H82","v":0},{"$f":"I81","v":0},0,null,{"$f":"'5. Historical Wholesale'!L82","v":0},{"$f":"M81","v":0},0,null,0]
[null,"March",null,{"$f":"'5. Historical Wholesale'!D83","v":0},0,0,null,{"$f":"'5. Historical Wholesale'!H83","v":0},0,0,null,{"$f":"'5. Historical Wholesale'!L83","v":0},0,0,null,0]
[null,"April",null,{"$f":"'5. Historical Wholesale'!D84","v":0},0,0,null,{"$f":"'5. Historical Wholesale'!H84","v":0},0,0,null,{"$f":"'5. Historical Wholesale'!L84","v":0},0,0,null,0]
[null,"May",null,{"$f":"'5. Historical Wholesale'!D85","v":0},0,0,null,{"$f":"'5. Historical Wholesale'!H85","v":0},0,0,null,{"$f":"'5. Historical Wholesale'!L85","v":0},0,0,null,0]
[null,"June",null,{"$f":"'5. Historical Wholesale'!D86","v":0},0,0,null,{"$f":"'5. Historical Wholesale'!H86","v":0},0,0,null,{"$f":"'5. Historical Wholesale'!L86","v":0},0,0,null,0]
[null,"July",null,{"$f":"'5. Historical Wholesale'!D87","v":0},0,0,null,{"$f":"'5. Historical Wholesale'!H87","v":0},0,0,null,{"$f":"'5. Historical Wholesale'!L87","v":0},0,0,null,0]
[null,"August",null,{"$f":"'5. Historical Wholesale'!D88","v":0},0,0,null,{"$f":"'5. Historical Wholesale'!H88","v":0},0,0,null,{"$f":"'5. Historical Wholesale'!L88","v":0},0,0,null,0]
[null,"September",null,{"$f":"'5. Historical Wholesale'!D89","v":0},0,0,null,{"$f":"'5. Historical Wholesale'!H89","v":0},0,0,null,{"$f":"'5. Historical Wholesale'!L89","v":0},0,0,null,0]
[null,"October",null,{"$f":"'5. Historical Wholesale'!D90","v":0},0,0,null,{"$f":"'5. Historical Wholesale'!H90","v":0},0,0,null,{"$f":"'5. Historical Wholesale'!L90","v":0},0,0,null,0]
[null,"November",null,{"$f":"'5. Historical Wholesale'!D91","v":0},0,0,null,{"$f":"'5. Historical Wholesale'!H91","v":0},0,0,null,{"$f":"'5. Historical Wholesale'!L91","v":0},0,0,null,0]
[null,"December",null,{"$f":"'5. Historical Wholesale'!D92","v":0},0,0,null,{"$f":"'5. Historical Wholesale'!H92","v":0},0,0,null,{"$f":"'5. Historical Wholesale'!L92","v":0},0,0,null,0]
[]
[null,"Total",null,{"$f":"SUM(D81:D92)","v":0},{"$f":"IF(D94<>0,F94/D94,0)","v":0},{"$f":"SUM(F81:F92)","v":0},null,{"$f":"SUM(H81:H92)","v":0},{"$f":"IF(H94<>0,J94/H94,0)","v":0},{"$f":"SUM(J81:J92)","v":0},null,{"$f":"SUM(L81:L92)","v":0},{"$f":"IF(L94<>0,N94/L94,0)","v":0},{"$f":"SUM(N81:N92)","v":0},null,{"$f":"SUM(P81:P92)","v":0}]
[]
[null,"Total",null,"Network",null,null,null,"Line Connection",null,null,null,"Transformation Connection",null,null,null,"Total Connection"]
[]
[null,"Month",null,"Units Billed","Rate","Amount",null,"Units Billed","Rate","Amount",null,"Units Billed","Rate","Amount",null,"Amount"]
[]
[null,"January",null,{"$f":"D24+D43+D62+D81","v":4220520.0905389898},{"$f":"IF(D100<>0,F100/D100,0)","v":6.5453312928947467},{"$f":"F24+F43+F62+F81","v":27624702.220895819},null,{"$f":"H24+H43+H62+H81","v":4345143.4352481999},{"$f":"IF(H100<>0,J100/H100,0)","v":1.0362183146735602},{"$f":"J24+J43+J62+J81","v":4502517.2074877732},null,{"$f":"L24+L43+L62+L81","v":3345874.7752482002},{"$f":"IF(L100<>0,N100/L100,0)","v":3.626158429023846},{"$f":"N24+N43+N62+N81","v":12132672.018724527},null,{"$f":"J100+N100","v":16635189.2262123}]
[null,"February",null,{"$f":"D25+D44+D63+D82","v":4088573.6004380467},6.5430948557235533,26751924.892273311,null,{"$f":"H25+H44+H63+H82","v":4211936.4113268275},1.0375624893646613,{"$f":"J25+J44+J63+J82","v":4370147.2279819213},null,{"$f":"L25+L44+L63+L82","v":3253912.4371800888},3.6255726370679695,{"$f":"N25+N44+N63+N82","v":11797295.895655278},null,16167443.123637199]
[null,"March",null,3903829.26,6.5400245245472863,25531139.100045282,null,4111207.2316116001,1.0357306878931285,4258103.4940682873,null,3188333.3616115996,3.6262809558985731,11561792.550268222,null,15819896.044336509]
[null,"April",null,3781519.56,6.5367462994865315,24718833.990265936,null,4101350.1357481997,1.0372559431710664,4254149.8033302799,null,3162310.7051582295,3.625672440511841,11465502.772027759,null,15719652.575358039]
[null,"May",null,3830240.5300000003,6.5388545625226229,25045385.765149571,null,3957574.4031949998,1.0362411272640732,4101001.3607982285,null,3004069.4031949993,3.6263837170458184,10893908.368621895,null,14994909.729420124]
[null,"June",null,5905996.9100000001,6.5462634628471426,38662211.783621125,null,6006579.2249956001,1.0355455920145187,6220086.6395301772,null,4508359.5349955996,3.6266271816701803,16350139.234356977,null,22570225.873887155]
[null,"July",null,5654847.1399999997,6.5469262497749572,37021867.179330841,null,5814045.1386383995,1.0370822106582953,6029642.7852462269,null,4394431.0386384008,3.6258830334363612,15933692.944605105,null,21963335.729851332]
[null,"August",null,5491420.3799999999,6.5489681271736915,35963137.04153204,null,5734942.3490346,1.0373212254933166,5948977.4256340908,null,4345119.6876192018,3.6257158844297486,15754169.471149366,null,21703146.896783456]
[null,"September",null,4365016.5999999996,6.5424374691373295,28557848.157246429,null,4429837.5543857999,1.0364591557272018,4591345.691627359,null,3400543.7742829695,3.6260245679586891,12330455.269969014,null,16921800.961596373]
[null,"October",null,4322119.0700000012,6.542853980233815,28278993.960193984,null,4424462.7798549468,1.0365573382668949,4586209.3623473905,null,3411926.7248944966,3.6259034361641675,12371316.83573531,null,16957526.1980827]
[null,"November",null,3934731.0300000003,6.5444296197895406,25750570.29863701,null,4105712.8196972501,1.0368873230003022,4257161.5746239042,null,3152336.8429386858,3.625912393134374,11430097.226145467,null,15687258.80076937]
[null,"December",null,4104020.7299999995,6.5401978680127062,26841107.628625948,null,4362465.7842528,1.0361422248118541,4520135.0033612866,null,3361883.1442527999,3.6264133491138941,12191577.912479345,null,16711712.915840631]
[]
[null,"Total",null,{"$f":"SUM(D100:D111)","v":53602834.900977038},{"$f":"IF(D113<>0,F113/D113,0)","v":6.5434547009644097},{"$f":"SUM(F100:F111)","v":350747722.01781732},null,{"$f":"SUM(H100:H111)","v":55605257.267989226},{"$f":"IF(H113<>0,J113/H113,0)","v":1.0365832370533563},{"$f":"SUM(J100:J111)","v":57639477.576036938},null,{"$f":"SUM(L100:L111)","v":42529101.430015266},{"$f":"IF(L113<>0,N113/L113,0)","v":3.6260493477273763},{"$f":"SUM(N100:N111)","v":154212620.49973828},null,{"$f":"SUM(P100:P111)","v":211852098.07577518}]
[]
[null,null,null,null,null,null,null,null,null,null,null,null,null,"Low Voltage Switchgear Credit (if applicable)",null,{"$f":"'4. UTRs and Sub-Transmission'!L76","v":0}]
[]
[null,null,null,null,null,null,null,null,null,null,null,null,null,"Total including deduction for Low Voltage Switchgear Credit",null,{"$f":"P113+P115","v":211852098.07577518}]

{"sheet":"7. Forecast Wholesale - 29","index":10,"n_rows":117,"n_cols":16,"rows_kept":117,"cut":false,"hidden":false,"merged":[[12,1,12,12],[19,3,19,5],[19,7,19,9],[19,11,19,13],[20,3,20,5],[20,7,20,9],[20,11,20,13],[38,3,38,5],[38,7,38,9],[38,11,38,13],[57,3,57,5],[57,7,57,9],[57,11,57,13],[96,3,96,5],[96,7,96,9],[96,11,96,13],[76,3,76,5],[76,7,76,9],[76,11,76,13],[95,3,95,5],[95,7,95,9],[95,11,95,13]]}
[]
[]
[]
[]
[]
[]
[]
[]
[]
[]
[]
[]
[null,"The purpose of this sheet is to calculate the expected billing when forecasted 2027 Uniform Transmission Rates and Hydro One Sub-transmission Rates are applied against historical 2025 transmission units."]
[]
[]
[]
[]
[]
[]
[null,"IESO",null,"Network",null,null,null,"Line Connection",null,null,null,"Transformation Connection",null,null,null,"Total Connection"]
[]
[null,"Month",null,"Units Billed","Rate","Amount",null,"Units Billed","Rate","Amount",null,"Units Billed","Rate","Amount",null,"Amount"]
[]
[null,"January",null,{"$f":"'5. Historical Wholesale'!D24","v":3766732},{"$f":"'4. UTRs and Sub-Transmission'!O22","v":6.7811191199999996},{"$f":"D24*E24","v":25542658.38511584},null,{"$f":"'5. Historical Wholesale'!H24","v":3889755.9999999995},{"$f":"'4. UTRs and Sub-Transmission'!O24","v":1.09304424},{"$f":"H24*I24","v":4251675.3908054391},null,{"$f":"'5. Historical Wholesale'!L24","v":2863167},{"$f":"'4. UTRs and Sub-Transmission'!O26","v":3.6823917600000002},{"$f":"L24*M24","v":10543302.56830392},null,{"$f":"J24+N24","v":14794977.959109358}]
[null,"February",null,{"$f":"'5. Historical Wholesale'!D25","v":3639411},{"$f":"E24","v":6.7811191199999996},24679279.517638318,null,{"$f":"'5. Historical Wholesale'!H25","v":3787273.9999999995},{"$f":"I24","v":1.09304424},4139658.0310017597,null,{"$f":"'5. Historical Wholesale'!L25","v":2801691},{"$f":"M24","v":3.6823917600000002},10316923.85246616,null,14456581.88346792]
[null,"March",null,{"$f":"'5. Historical Wholesale'!D26","v":3462429},6.7811191199999996,23479143.493542477,null,{"$f":"'5. Historical Wholesale'!H26","v":3674401},1.09304424,4016282.8485002401,null,{"$f":"'5. Historical Wholesale'!L26","v":2724824.9999999995},3.6823917600000002,10033873.127441999,null,14050155.975942239]
[null,"April",null,{"$f":"'5. Historical Wholesale'!D27","v":3340986},6.7811191199999996,22655624.044252317,null,{"$f":"'5. Historical Wholesale'!H27","v":3684114.59},1.09304424,4026900.2320994614,null,{"$f":"'5. Historical Wholesale'!L27","v":2719968.7994100293},3.6823917600000002,10015990.694404585,null,14042890.926504046]
[null,"May",null,{"$f":"'5. Historical Wholesale'!D28","v":3392475.0000000005},6.7811191199999996,23004777.086622003,null,{"$f":"'5. Historical Wholesale'!H28","v":3543073},1.09304424,3872735.5345495199,null,{"$f":"'5. Historical Wholesale'!L28","v":2564559.9999999995},3.6823917600000002,9443714.6120255981,null,13316450.146575117]
[null,"June",null,{"$f":"'5. Historical Wholesale'!D29","v":5276744},6.7811191199999996,35782229.629745275,null,{"$f":"'5. Historical Wholesale'!H29","v":5365102},1.09304424,5864293.83811248,null,{"$f":"'5. Historical Wholesale'!L29","v":3838849.9999999995},3.6823917600000002,14136149.607875999,null,20000443.44598848]
[null,"July",null,{"$f":"'5. Historical Wholesale'!D30","v":5056272},6.7811191199999996,34287182.735120639,null,{"$f":"'5. Historical Wholesale'!H30","v":5219584},1.09304424,5705236.2263961602,null,{"$f":"'5. Historical Wholesale'!L30","v":3771381.0000000005},3.6823917600000002,13887702.318220563,null,19592938.544616722]
[null,"August",null,{"$f":"'5. Historical Wholesale'!D31","v":4921869},6.7811191199999996,33375779.982035279,null,{"$f":"'5. Historical Wholesale'!H31","v":5152628},1.09304424,5632050.3562627202,null,{"$f":"'5. Historical Wholesale'!L31","v":3735621.9999999995},3.6823917600000002,13756023.67127472,null,19388074.027537439]
[null,"September",null,{"$f":"'5. Historical Wholesale'!D32","v":3882484},6.7811191199999996,26327586.485494077,null,{"$f":"'5. Historical Wholesale'!H32","v":3968733},1.09304424,4338000.7457479201,null,{"$f":"'5. Historical Wholesale'!L32","v":2914061},3.6823917600000002,10730714.21453736,null,15068714.96028528]
[null,"October",null,{"$f":"'5. Historical Wholesale'!D33","v":3846211.0000000009},6.7811191199999996,26081614.951654326,null,{"$f":"'5. Historical Wholesale'!H33","v":3965204},1.09304424,4334143.3926249603,null,{"$f":"'5. Historical Wholesale'!L33","v":2927549},3.6823917600000002,10780382.314596241,null,15114525.707221203]
[null,"November",null,{"$f":"'5. Historical Wholesale'!D34","v":3507961.0000000005},6.7811191199999996,23787901.409314323,null,{"$f":"'5. Historical Wholesale'!H34","v":3683552},1.09304424,4026285.29634048,null,{"$f":"'5. Historical Wholesale'!L34","v":2704557},3.6823917600000002,9959238.4112503212,null,13985523.707590802]
[null,"December",null,{"$f":"'5. Historical Wholesale'!D35","v":3640728.9999999995},6.7811191199999996,24688217.032638475,null,{"$f":"'5. Historical Wholesale'!H35","v":3904280},1.09304424,4267550.7653472004,null,{"$f":"'5. Historical Wholesale'!L35","v":2869124},3.6823917600000002,10565238.57601824,null,14832789.341365442]
[]
[null,"Total",null,{"$f":"SUM(D24:D35)","v":47734303},{"$f":"IF(D37<>0,F37/D37,0)","v":6.7811191199999996},{"$f":"SUM(F24:F35)","v":323691994.75317335},null,{"$f":"SUM(H24:H35)","v":49837701.590000004},{"$f":"IF(H37<>0,J37/H37,0)","v":1.0930442399999998},{"$f":"SUM(J24:J35)","v":54474812.657788336},null,{"$f":"SUM(L24:L35)","v":36435355.79941003},{"$f":"IF(L37<>0,N37/L37,0)","v":3.6823917599999998},{"$f":"SUM(N24:N35)","v":134169253.96841571},null,{"$f":"SUM(P24:P35)","v":188644066.62620401}]
[]
[null,"Hydro One",null,"Network",null,null,null,"Line Connection",null,null,null,"Transformation Connection",null,null,null,"Total Connection"]
[]
[null,"Month",null,"Units Billed","Rate","Amount",null,"Units Billed","Rate","Amount",null,"Units Billed","Rate","Amount",null,"Amount"]
[]
[null,"January",null,{"$f":"'5. Historical Wholesale'!D43","v":453788.09053898981},{"$f":"'4. UTRs and Sub-Transmission'!O35","v":5.8056567264000005},{"$f":"D43*E43","v":2634537.8801978985},null,{"$f":"'5. Historical Wholesale'!H43","v":455387.43524820002},{"$f":"'4. UTRs and Sub-Transmission'!O37","v":0.74857612320000011},{"$f":"H43*I43","v":340892.16083208867},null,{"$f":"'5. Historical Wholesale'!L43","v":482707.77524820005},{"$f":"'4. UTRs and Sub-Transmission'!O39","v":3.7953042912000003},{"$f":"L43*M43","v":1832022.8907950989},null,{"$f":"J43+N43","v":2172915.0516271875}]
[null,"February",null,{"$f":"'5. Historical Wholesale'!D44","v":449162.60043804673},{"$f":"E43","v":5.8056567264000005},2607683.8724804618,null,{"$f":"'5. Historical Wholesale'!H44","v":424662.41132682777},{"$f":"I43","v":0.74857612320000011},317892.14153980056,null,{"$f":"'5. Historical Wholesale'!L44","v":452221.43718008883},{"$f":"M43","v":3.7953042912000003},1716317.9611022226,null,2034210.102642023]
[null,"March",null,{"$f":"'5. Historical Wholesale'!D45","v":441400.26},5.8056567264000005,2562618.3885037093,null,{"$f":"'5. Historical Wholesale'!H45","v":436806.23161159997},0.74857612320000011,326982.71544941282,null,{"$f":"'5. Historical Wholesale'!L45","v":463508.36161159998},3.7953042912000003,1759155.2738315868,null,2086137.9892809996]
[null,"April",null,{"$f":"'5. Historical Wholesale'!D46","v":440533.56},5.8056567264000005,2557586.625818938,null,{"$f":"'5. Historical Wholesale'!H46","v":417235.54574819998},0.74857612320000011,312332.56729742384,null,{"$f":"'5. Historical Wholesale'!L46","v":442341.90574819996},3.7953042912000003,1678822.1330637294,null,1991154.7003611531]
[null,"May",null,{"$f":"'5. Historical Wholesale'!D47","v":437765.53},5.8056567264000005,2541516.3938305615,null,{"$f":"'5. Historical Wholesale'!H47","v":414501.40319499996},0.74857612320000011,310285.85346467322,null,{"$f":"'5. Historical Wholesale'!L47","v":439509.40319499996},3.7953042912000003,1668071.9239687345,null,1978357.7774334077]
[null,"June",null,{"$f":"'5. Historical Wholesale'!D48","v":629252.91},5.8056567264000005,3653226.3895482742,null,{"$f":"'5. Historical Wholesale'!H48","v":641477.22499560006},0.74857612320000011,480194.53420830052,null,{"$f":"'5. Historical Wholesale'!L48","v":669509.53499560012},3.7953042912000003,2540992.411168118,null,3021186.9453764185]
[null,"July",null,{"$f":"'5. Historical Wholesale'!D49","v":598575.14},5.8056567264000005,3475121.7877968219,null,{"$f":"'5. Historical Wholesale'!H49","v":594461.13863840001},0.74857612320000011,444999.41455499129,null,{"$f":"'5. Historical Wholesale'!L49","v":623050.03863840003},3.7953042912000003,2364664.4852766455,null,2809663.8998316368]
[null,"August",null,{"$f":"'5. Historical Wholesale'!D50","v":569551.38},5.8056567264000005,3306619.8003274025,null,{"$f":"'5. Historical Wholesale'!H50","v":582314.34903460008},0.74857612320000011,435906.61788405263,null,{"$f":"'5. Historical Wholesale'!L50","v":609497.68761920207},3.7953042912000003,2313229.1892976351,null,2749135.8071816876]
[null,"September",null,{"$f":"'5. Historical Wholesale'!D51","v":482532.60000000003},5.8056567264000005,2801418.634897281,null,{"$f":"'5. Historical Wholesale'!H51","v":461104.55438580009},0.74857612320000011,345171.85971198586,null,{"$f":"'5. Historical Wholesale'!L51","v":486482.7742829693},3.7953042912000003,1846350.1608310346,null,2191522.0205430207]
[null,"October",null,{"$f":"'5. Historical Wholesale'!D52","v":475908.06999999995},5.8056567264000005,2762958.887743542,null,{"$f":"'5. Historical Wholesale'!H52","v":459258.77985494706},0.74857612320000011,343790.15696937859,null,{"$f":"'5. Historical Wholesale'!L52","v":484377.72489449667},3.7953042912000003,1838360.8578537765,null,2182151.014823155]
[null,"November",null,{"$f":"'5. Historical Wholesale'!D53","v":426770.03},5.8056567264000005,2477680.2952954303,null,{"$f":"'5. Historical Wholesale'!H53","v":422160.81969725009},0.74857612320000011,316019.50977590174,null,{"$f":"'5. Historical Wholesale'!L53","v":447779.84293868567},3.7953042912000003,1699460.7594180559,null,2015480.2691939576]
[null,"December",null,{"$f":"'5. Historical Wholesale'!D54","v":463291.73000000004},5.8056567264000005,2689712.7485599932,null,{"$f":"'5. Historical Wholesale'!H54","v":458185.78425279999},0.74857612320000011,342986.93808131269,null,{"$f":"'5. Historical Wholesale'!L54","v":492759.14425279998},3.7953042912000003,1870170.8947106916,null,2213157.8327920046]
[]
[null,"Total",null,{"$f":"SUM(D43:D54)","v":5868531.9009770378},{"$f":"IF(D56<>0,F56/D56,0)","v":5.8056567263999996},{"$f":"SUM(F43:F54)","v":34070681.705000319},null,{"$f":"SUM(H43:H54)","v":5767555.677989224},{"$f":"IF(H56<>0,J56/H56,0)","v":0.74857612320000022},{"$f":"SUM(J43:J54)","v":4317454.4697693223},null,{"$f":"SUM(L43:L54)","v":6093745.6306052431},{"$f":"IF(L56<>0,N56/L56,0)","v":3.7953042912000008},{"$f":"SUM(N43:N54)","v":23127618.941317335},null,{"$f":"SUM(P43:P54)","v":27445073.411086649}]
[]
[null,{"$f":"'5. Historical Wholesale'!B58","v":"Add Extra Host Here (I)"},null,"Network",null,null,null,"Line Connection",null,null,null,"Transformation Connection",null,null,null,"Total Connection"]
[]
[null,"Month",null,"Units Billed","Rate","Amount",null,"Units Billed","Rate","Amount",null,"Units Billed","Rate","Amount",null,"Amount"]
[]
[null,"January",null,{"$f":"'5. Historical Wholesale'!D62","v":0},{"$f":"'4. UTRs and Sub-Transmission'!L52","v":0},{"$f":"D62*E62","v":0},null,{"$f":"'5. Historical Wholesale'!H62","v":0},{"$f":"'4. UTRs and Sub-Transmission'!L54","v":0},{"$f":"H62*I62","v":0},null,{"$f":"'5. Historical Wholesale'!L62","v":0},{"$f":"'4. UTRs and Sub-Transmission'!L56","v":0},{"$f":"L62*M62","v":0},null,{"$f":"J62+N62","v":0}]
[null,"February",null,{"$f":"'5. Historical Wholesale'!D63","v":0},{"$f":"E62","v":0},0,null,{"$f":"'5. Historical Wholesale'!H63","v":0},{"$f":"I62","v":0},0,null,{"$f":"'5. Historical Wholesale'!L63","v":0},{"$f":"M62","v":0},0,null,0]
[null,"March",null,{"$f":"'5. Historical Wholesale'!D64","v":0},0,0,null,{"$f":"'5. Historical Wholesale'!H64","v":0},0,0,null,{"$f":"'5. Historical Wholesale'!L64","v":0},0,0,null,0]
[null,"April",null,{"$f":"'5. Historical Wholesale'!D65","v":0},0,0,null,{"$f":"'5. Historical Wholesale'!H65","v":0},0,0,null,{"$f":"'5. Historical Wholesale'!L65","v":0},0,0,null,0]
[null,"May",null,{"$f":"'5. Historical Wholesale'!D66","v":0},0,0,null,{"$f":"'5. Historical Wholesale'!H66","v":0},0,0,null,{"$f":"'5. Historical Wholesale'!L66","v":0},0,0,null,0]
[null,"June",null,{"$f":"'5. Historical Wholesale'!D67","v":0},0,0,null,{"$f":"'5. Historical Wholesale'!H67","v":0},0,0,null,{"$f":"'5. Historical Wholesale'!L67","v":0},0,0,null,0]
[null,"July",null,{"$f":"'5. Historical Wholesale'!D68","v":0},0,0,null,{"$f":"'5. Historical Wholesale'!H68","v":0},0,0,null,{"$f":"'5. Historical Wholesale'!L68","v":0},0,0,null,0]
[null,"August",null,{"$f":"'5. Historical Wholesale'!D69","v":0},0,0,null,{"$f":"'5. Historical Wholesale'!H69","v":0},0,0,null,{"$f":"'5. Historical Wholesale'!L69","v":0},0,0,null,0]
[null,"September",null,{"$f":"'5. Historical Wholesale'!D70","v":0},0,0,null,{"$f":"'5. Historical Wholesale'!H70","v":0},0,0,null,{"$f":"'5. Historical Wholesale'!L70","v":0},0,0,null,0]
[null,"October",null,{"$f":"'5. Historical Wholesale'!D71","v":0},0,0,null,{"$f":"'5. Historical Wholesale'!H71","v":0},0,0,null,{"$f":"'5. Historical Wholesale'!L71","v":0},0,0,null,0]
[null,"November",null,{"$f":"'5. Historical Wholesale'!D72","v":0},0,0,null,{"$f":"'5. Historical Wholesale'!H72","v":0},0,0,null,{"$f":"'5. Historical Wholesale'!L72","v":0},0,0,null,0]
[null,"December",null,{"$f":"'5. Historical Wholesale'!D73","v":0},0,0,null,{"$f":"'5. Historical Wholesale'!H73","v":0},0,0,null,{"$f":"'5. Historical Wholesale'!L73","v":0},0,0,null,0]
[]
[null,"Total",null,{"$f":"SUM(D62:D73)","v":0},{"$f":"IF(D75<>0,F75/D75,0)","v":0},{"$f":"SUM(F62:F73)","v":0},null,{"$f":"SUM(H62:H73)","v":0},{"$f":"IF(H75<>0,J75/H75,0)","v":0},{"$f":"SUM(J62:J73)","v":0},null,{"$f":"SUM(L62:L73)","v":0},{"$f":"IF(L75<>0,N75/L75,0)","v":0},{"$f":"SUM(N62:N73)","v":0},null,{"$f":"SUM(P62:P73)","v":0}]
[]
[null,{"$f":"'5. Historical Wholesale'!B77","v":"Add Extra Host Here (II)"},null,"Network",null,null,null,"Line Connection",null,null,null,"Transformation Connection",null,null,null,"Total Connection"]
[]
[null,"Month",null,"Units Billed","Rate","Amount",null,"Units Billed","Rate","Amount",null,"Units Billed","Rate","Amount",null,"Amount"]
[]
[null,"January",null,{"$f":"'5. Historical Wholesale'!D81","v":0},{"$f":"'4. UTRs and Sub-Transmission'!L67","v":0},{"$f":"D81*E81","v":0},null,{"$f":"'5. Historical Wholesale'!H81","v":0},{"$f":"'4. UTRs and Sub-Transmission'!L69","v":0},{"$f":"H81*I81","v":0},null,{"$f":"'5. Historical Wholesale'!L81","v":0},{"$f":"'4. UTRs and Sub-Transmission'!L71","v":0},{"$f":"L81*M81","v":0},null,{"$f":"J81+N81","v":0}]
[null,"February",null,{"$f":"'5. Historical Wholesale'!D82","v":0},{"$f":"E81","v":0},0,null,{"$f":"'5. Historical Wholesale'!H82","v":0},{"$f":"I81","v":0},0,null,{"$f":"'5. Historical Wholesale'!L82","v":0},{"$f":"M81","v":0},0,null,0]
[null,"March",null,{"$f":"'5. Historical Wholesale'!D83","v":0},0,0,null,{"$f":"'5. Historical Wholesale'!H83","v":0},0,0,null,{"$f":"'5. Historical Wholesale'!L83","v":0},0,0,null,0]
[null,"April",null,{"$f":"'5. Historical Wholesale'!D84","v":0},0,0,null,{"$f":"'5. Historical Wholesale'!H84","v":0},0,0,null,{"$f":"'5. Historical Wholesale'!L84","v":0},0,0,null,0]
[null,"May",null,{"$f":"'5. Historical Wholesale'!D85","v":0},0,0,null,{"$f":"'5. Historical Wholesale'!H85","v":0},0,0,null,{"$f":"'5. Historical Wholesale'!L85","v":0},0,0,null,0]
[null,"June",null,{"$f":"'5. Historical Wholesale'!D86","v":0},0,0,null,{"$f":"'5. Historical Wholesale'!H86","v":0},0,0,null,{"$f":"'5. Historical Wholesale'!L86","v":0},0,0,null,0]
[null,"July",null,{"$f":"'5. Historical Wholesale'!D87","v":0},0,0,null,{"$f":"'5. Historical Wholesale'!H87","v":0},0,0,null,{"$f":"'5. Historical Wholesale'!L87","v":0},0,0,null,0]
[null,"August",null,{"$f":"'5. Historical Wholesale'!D88","v":0},0,0,null,{"$f":"'5. Historical Wholesale'!H88","v":0},0,0,null,{"$f":"'5. Historical Wholesale'!L88","v":0},0,0,null,0]
[null,"September",null,{"$f":"'5. Historical Wholesale'!D89","v":0},0,0,null,{"$f":"'5. Historical Wholesale'!H89","v":0},0,0,null,{"$f":"'5. Historical Wholesale'!L89","v":0},0,0,null,0]
[null,"October",null,{"$f":"'5. Historical Wholesale'!D90","v":0},0,0,null,{"$f":"'5. Historical Wholesale'!H90","v":0},0,0,null,{"$f":"'5. Historical Wholesale'!L90","v":0},0,0,null,0]
[null,"November",null,{"$f":"'5. Historical Wholesale'!D91","v":0},0,0,null,{"$f":"'5. Historical Wholesale'!H91","v":0},0,0,null,{"$f":"'5. Historical Wholesale'!L91","v":0},0,0,null,0]
[null,"December",null,{"$f":"'5. Historical Wholesale'!D92","v":0},0,0,null,{"$f":"'5. Historical Wholesale'!H92","v":0},0,0,null,{"$f":"'5. Historical Wholesale'!L92","v":0},0,0,null,0]
[]
[null,"Total",null,{"$f":"SUM(D81:D92)","v":0},{"$f":"IF(D94<>0,F94/D94,0)","v":0},{"$f":"SUM(F81:F92)","v":0},null,{"$f":"SUM(H81:H92)","v":0},{"$f":"IF(H94<>0,J94/H94,0)","v":0},{"$f":"SUM(J81:J92)","v":0},null,{"$f":"SUM(L81:L92)","v":0},{"$f":"IF(L94<>0,N94/L94,0)","v":0},{"$f":"SUM(N81:N92)","v":0},null,{"$f":"SUM(P81:P92)","v":0}]
[]
[null,"Total",null,"Network",null,null,null,"Line Connection",null,null,null,"Transformation Connection",null,null,null,"Total Connection"]
[]
[null,"Month",null,"Units Billed","Rate","Amount",null,"Units Billed","Rate","Amount",null,"Units Billed","Rate","Amount",null,"Amount"]
[]
[null,"January",null,{"$f":"D24+D43+D62+D81","v":4220520.0905389898},{"$f":"IF(D100<>0,F100/D100,0)","v":6.6762379187526424},{"$f":"F24+F43+F62+F81","v":28177196.265313737},null,{"$f":"H24+H43+H62+H81","v":4345143.4352481999},{"$f":"IF(H100<>0,J100/H100,0)","v":1.056942680967031},{"$f":"J24+J43+J62+J81","v":4592567.5516375275},null,{"$f":"L24+L43+L62+L81","v":3345874.7752482002},{"$f":"IF(L100<>0,N100/L100,0)","v":3.698681597604323},{"$f":"N24+N43+N62+N81","v":12375325.459099019},null,{"$f":"J100+N100","v":16967893.010736547}]
[null,"February",null,{"$f":"D25+D44+D63+D82","v":4088573.6004380467},6.6739567528380253,27286963.390118781,null,{"$f":"H25+H44+H63+H82","v":4211936.4113268275},1.0583137391519548,{"$f":"J25+J44+J63+J82","v":4457550.1725415606},null,{"$f":"L25+L44+L63+L82","v":3253912.4371800888},3.6980840898093286,{"$f":"N25+N44+N63+N82","v":12033241.813568383},null,16490791.986109944]
[null,"March",null,3903829.26,6.6708250150382309,26041761.882046185,null,4111207.2316116001,1.0564453016509912,4343265.5639496529,null,3188333.3616115996,3.6988065750165444,11793028.401273586,null,16136293.965223238]
[null,"April",null,3781519.56,6.6674812254762621,25213210.670071255,null,4101350.1357481997,1.0580010620344877,4339232.7993968856,null,3162310.7051582295,3.6981858893220783,11694812.827468315,null,16034045.626865201]
[null,"May",null,3830240.5300000003,6.6696316537730755,25546293.480452564,null,3957574.4031949998,1.0569659498093547,4183021.3880141932,null,3004069.4031949993,3.6989113913867344,11111786.535994332,null,15294807.924008526]
[null,"June",null,5905996.9100000001,6.677188732104085,39435456.019293547,null,6006579.2249956001,1.0562565038548091,6344488.3723207805,null,4508359.5349955996,3.6991597253035842,16677142.019044116,null,23021630.391364895]
[null,"July",null,5654847.1399999997,6.677864774770458,37762304.522917464,null,5814045.1386383995,1.0578238548714611,6150235.640951151,null,4394431.0386384008,3.6984006941050889,16252366.803497208,null,22402602.444448359]
[null,"August",null,5491420.3799999999,6.6799474897171658,36682399.782362685,null,5734942.3490346,1.0580676500031829,6067956.9741467731,null,4345119.6876192018,3.6982302021183435,16069252.860572355,null,22137209.834719129]
[null,"September",null,4365016.5999999996,6.6732862185200759,29129005.120391358,null,4429837.5543857999,1.057188338841746,4683172.6054599062,null,3400543.7742829695,3.6985450593178628,12577064.375368394,null,17260236.9808283]
[null,"October",null,4322119.0700000012,6.6737110598384932,28844573.83939787,null,4424462.7798549468,1.057288485032233,4677933.549594339,null,3411926.7248944966,3.6984215048874511,12618743.172450017,null,17296676.722044356]
[null,"November",null,3934731.0300000003,6.6753182121853323,26265581.704609752,null,4105712.8196972501,1.0576250694603082,4342304.8061163817,null,3152336.8429386858,3.6984306409970613,11658699.170668377,null,16001003.976784758]
[null,"December",null,4104020.7299999995,6.6710018253729606,27377929.781198468,null,4362465.7842528,1.0568650693080914,4610537.7034285134,null,3361883.1442527999,3.6989416160961719,12435409.470728932,null,17045947.174157444]
[]
[null,"Total",null,{"$f":"SUM(D100:D111)","v":53602834.900977038},{"$f":"IF(D113<>0,F113/D113,0)","v":6.6743237949836969},{"$f":"SUM(F100:F111)","v":357762676.45817363},null,{"$f":"SUM(H100:H111)","v":55605257.267989226},{"$f":"IF(H113<>0,J113/H113,0)","v":1.0573149017944232},{"$f":"SUM(J100:J111)","v":58792267.127557665},null,{"$f":"SUM(L100:L111)","v":42529101.430015266},{"$f":"IF(L113<>0,N113/L113,0)","v":3.6985703346819232},{"$f":"SUM(N100:N111)","v":157296872.90973303},null,{"$f":"SUM(P100:P111)","v":216089140.03729069}]
[]
[null,null,null,null,null,null,null,null,null,null,null,null,null,"Low Voltage Switchgear Credit (if applicable)",null,{"$f":"'4. UTRs and Sub-Transmission'!L76","v":0}]
[]
[null,null,null,null,null,null,null,null,null,null,null,null,null,"Total including deduction for Low Voltage Switchgear Credit",null,{"$f":"P113+P115","v":216089140.03729069}]

{"sheet":"7. Forecast Wholesale - 30","index":11,"n_rows":117,"n_cols":16,"rows_kept":117,"cut":false,"hidden":false,"merged":[[12,1,12,12],[19,3,19,5],[19,7,19,9],[19,11,19,13],[20,3,20,5],[20,7,20,9],[20,11,20,13],[38,3,38,5],[38,7,38,9],[38,11,38,13],[57,3,57,5],[57,7,57,9],[57,11,57,13],[96,3,96,5],[96,7,96,9],[96,11,96,13],[76,3,76,5],[76,7,76,9],[76,11,76,13],[95,3,95,5],[95,7,95,9],[95,11,95,13]]}
[]
[]
[]
[]
[]
[]
[]
[]
[]
[]
[]
[]
[null,"The purpose of this sheet is to calculate the expected billing when forecasted 2027 Uniform Transmission Rates and Hydro One Sub-transmission Rates are applied against historical 2025 transmission units."]
[]
[]
[]
[]
[]
[]
[null,"IESO",null,"Network",null,null,null,"Line Connection",null,null,null,"Transformation Connection",null,null,null,"Total Connection"]
[]
[null,"Month",null,"Units Billed","Rate","Amount",null,"Units Billed","Rate","Amount",null,"Units Billed","Rate","Amount",null,"Amount"]
[]
[null,"January",null,{"$f":"'5. Historical Wholesale'!D24","v":3766732},{"$f":"'4. UTRs and Sub-Transmission'!P22","v":6.9167415023999999},{"$f":"D24*E24","v":26053511.552818157},null,{"$f":"'5. Historical Wholesale'!H24","v":3889755.9999999995},{"$f":"'4. UTRs and Sub-Transmission'!P24","v":1.1149051247999999},{"$f":"H24*I24","v":4336708.898621548},null,{"$f":"'5. Historical Wholesale'!L24","v":2863167},{"$f":"'4. UTRs and Sub-Transmission'!P26","v":3.7560395952000003},{"$f":"L24*M24","v":10754168.61967},null,{"$f":"J24+N24","v":15090877.518291548}]
[null,"February",null,{"$f":"'5. Historical Wholesale'!D25","v":3639411},{"$f":"E24","v":6.9167415023999999},25172865.107991084,null,{"$f":"'5. Historical Wholesale'!H25","v":3787273.9999999995},{"$f":"I24","v":1.1149051247999999},4222451.1916217944,null,{"$f":"'5. Historical Wholesale'!L25","v":2801691},{"$f":"M24","v":3.7560395952000003},10523262.329515483,null,14745713.521137279]
[null,"March",null,{"$f":"'5. Historical Wholesale'!D26","v":3462429},6.9167415023999999,23948726.36341333,null,{"$f":"'5. Historical Wholesale'!H26","v":3674401},1.1149051247999999,4096608.5054702447,null,{"$f":"'5. Historical Wholesale'!L26","v":2724824.9999999995},3.7560395952000003,10234550.589990839,null,14331159.095461084]
[null,"April",null,{"$f":"'5. Historical Wholesale'!D27","v":3340986},6.9167415023999999,23108736.525137365,null,{"$f":"'5. Historical Wholesale'!H27","v":3684114.59},1.1149051247999999,4107438.2367414506,null,{"$f":"'5. Historical Wholesale'!L27","v":2719968.7994100293},3.7560395952000003,10216310.508292677,null,14323748.745034128]
[null,"May",null,{"$f":"'5. Historical Wholesale'!D28","v":3392475.0000000005},6.9167415023999999,23464872.628354441,null,{"$f":"'5. Historical Wholesale'!H28","v":3543073},1.1149051247999999,3950190.24524051,null,{"$f":"'5. Historical Wholesale'!L28","v":2564559.9999999995},3.7560395952000003,9632588.9042661116,null,13582779.149506621]
[null,"June",null,{"$f":"'5. Historical Wholesale'!D29","v":5276744},6.9167415023999999,36497874.222340181,null,{"$f":"'5. Historical Wholesale'!H29","v":5365102},1.1149051247999999,5981579.7148747295,null,{"$f":"'5. Historical Wholesale'!L29","v":3838849.9999999995},3.7560395952000003,14418872.60003352,null,20400452.314908251]
[null,"July",null,{"$f":"'5. Historical Wholesale'!D30","v":5056272},6.9167415023999999,34972926.389823049,null,{"$f":"'5. Historical Wholesale'!H30","v":5219584},1.1149051247999999,5819340.9509240827,null,{"$f":"'5. Historical Wholesale'!L30","v":3771381.0000000005},3.7560395952000003,14165456.364584975,null,19984797.315509059]
[null,"August",null,{"$f":"'5. Historical Wholesale'!D31","v":4921869},6.9167415023999999,34043295.581675984,null,{"$f":"'5. Historical Wholesale'!H31","v":5152628},1.1149051247999999,5744691.363387974,null,{"$f":"'5. Historical Wholesale'!L31","v":3735621.9999999995},3.7560395952000003,14031144.144700214,null,19775835.508088186]
[null,"September",null,{"$f":"'5. Historical Wholesale'!D32","v":3882484},6.9167415023999999,26854138.215203959,null,{"$f":"'5. Historical Wholesale'!H32","v":3968733},1.1149051247999999,4424760.7606628779,null,{"$f":"'5. Historical Wholesale'!L32","v":2914061},3.7560395952000003,10945328.498828107,null,15370089.259490985]
[null,"October",null,{"$f":"'5. Historical Wholesale'!D33","v":3846211.0000000009},6.9167415023999999,26603247.250687413,null,{"$f":"'5. Historical Wholesale'!H33","v":3965204},1.1149051247999999,4420826.2604774591,null,{"$f":"'5. Historical Wholesale'!L33","v":2927549},3.7560395952000003,10995989.960888166,null,15416816.221365625]
[null,"November",null,{"$f":"'5. Historical Wholesale'!D34","v":3507961.0000000005},6.9167415023999999,24263659.437500611,null,{"$f":"'5. Historical Wholesale'!H34","v":3683552},1.1149051247999999,4106811.0022672894,null,{"$f":"'5. Historical Wholesale'!L34","v":2704557},3.7560395952000003,10158423.179475328,null,14265234.181742618]
[null,"December",null,{"$f":"'5. Historical Wholesale'!D35","v":3640728.9999999995},6.9167415023999999,25181981.373291247,null,{"$f":"'5. Historical Wholesale'!H35","v":3904280},1.1149051247999999,4352901.7806541435,null,{"$f":"'5. Historical Wholesale'!L35","v":2869124},3.7560395952000003,10776543.347538605,null,15129445.128192749]
[]
[null,"Total",null,{"$f":"SUM(D24:D35)","v":47734303},{"$f":"IF(D37<>0,F37/D37,0)","v":6.9167415023999999},{"$f":"SUM(F24:F35)","v":330165834.64823681},null,{"$f":"SUM(H24:H35)","v":49837701.590000004},{"$f":"IF(H37<>0,J37/H37,0)","v":1.1149051247999999},{"$f":"SUM(J24:J35)","v":55564308.910944104},null,{"$f":"SUM(L24:L35)","v":36435355.79941003},{"$f":"IF(L37<>0,N37/L37,0)","v":3.7560395952000003},{"$f":"SUM(N24:N35)","v":136852639.04778403},null,{"$f":"SUM(P24:P35)","v":192416947.95872813}]
[]
[null,"Hydro One",null,"Network",null,null,null,"Line Connection",null,null,null,"Transformation Connection",null,null,null,"Total Connection"]
[]
[null,"Month",null,"Units Billed","Rate","Amount",null,"Units Billed","Rate","Amount",null,"Units Billed","Rate","Amount",null,"Amount"]
[]
[null,"January",null,{"$f":"'5. Historical Wholesale'!D43","v":453788.09053898981},{"$f":"'4. UTRs and Sub-Transmission'!P35","v":5.9217698609280003},{"$f":"D43*E43","v":2687228.6378018563},null,{"$f":"'5. Historical Wholesale'!H43","v":455387.43524820002},{"$f":"'4. UTRs and Sub-Transmission'!P37","v":0.76354764566400013},{"$f":"H43*I43","v":347710.00404873042},null,{"$f":"'5. Historical Wholesale'!L43","v":482707.77524820005},{"$f":"'4. UTRs and Sub-Transmission'!P39","v":3.8712103770240005},{"$f":"L43*M43","v":1868663.3486110009},null,{"$f":"J43+N43","v":2216373.3526597312}]
[null,"February",null,{"$f":"'5. Historical Wholesale'!D44","v":449162.60043804673},{"$f":"E43","v":5.9217698609280003},2659837.549930071,null,{"$f":"'5. Historical Wholesale'!H44","v":424662.41132682777},{"$f":"I43","v":0.76354764566400013},324249.98437059659,null,{"$f":"'5. Historical Wholesale'!L44","v":452221.43718008883},{"$f":"M43","v":3.8712103770240005},1750644.320324267,null,2074894.3046948635]
[null,"March",null,{"$f":"'5. Historical Wholesale'!D45","v":441400.26},5.9217698609280003,2613870.7562737833,null,{"$f":"'5. Historical Wholesale'!H45","v":436806.23161159997},0.76354764566400013,333522.36975840112,null,{"$f":"'5. Historical Wholesale'!L45","v":463508.36161159998},3.8712103770240005,1794338.3793082186,null,2127860.7490666197]
[null,"April",null,{"$f":"'5. Historical Wholesale'!D46","v":440533.56},5.9217698609280003,2608738.3583353166,null,{"$f":"'5. Historical Wholesale'!H46","v":417235.54574819998},0.76354764566400013,318579.2186433723,null,{"$f":"'5. Historical Wholesale'!L46","v":442341.90574819996},3.8712103770240005,1712398.5757250041,null,2030977.7943683765]
[null,"May",null,{"$f":"'5. Historical Wholesale'!D47","v":437765.53},5.9217698609280003,2592346.7217071727,null,{"$f":"'5. Historical Wholesale'!H47","v":414501.40319499996},0.76354764566400013,316491.5705339667,null,{"$f":"'5. Historical Wholesale'!L47","v":439509.40319499996},3.8712103770240005,1701433.3624481093,null,2017924.932982076]
[null,"June",null,{"$f":"'5. Historical Wholesale'!D48","v":629252.91},5.9217698609280003,3726290.9173392397,null,{"$f":"'5. Historical Wholesale'!H48","v":641477.22499560006},0.76354764566400013,489798.42489246652,null,{"$f":"'5. Historical Wholesale'!L48","v":669509.53499560012},3.8712103770240005,2591812.2593914806,null,3081610.6842839471]
[null,"July",null,{"$f":"'5. Historical Wholesale'!D49","v":598575.14},5.9217698609280003,3544624.2235527583,null,{"$f":"'5. Historical Wholesale'!H49","v":594461.13863840001},0.76354764566400013,453899.40284609108,null,{"$f":"'5. Historical Wholesale'!L49","v":623050.03863840003},3.8712103770240005,2411957.7749821786,null,2865857.1778282695]
[null,"August",null,{"$f":"'5. Historical Wholesale'!D50","v":569551.38},5.9217698609280003,3372752.1963339509,null,{"$f":"'5. Historical Wholesale'!H50","v":582314.34903460008},0.76354764566400013,444624.75024173374,null,{"$f":"'5. Historical Wholesale'!L50","v":609497.68761920207},3.8712103770240005,2359493.7730835876,null,2804118.5233253213]
[null,"September",null,{"$f":"'5. Historical Wholesale'!D51","v":482532.60000000003},5.9217698609280003,2857447.0075952266,null,{"$f":"'5. Historical Wholesale'!H51","v":461104.55438580009},0.76354764566400013,352075.29690622556,null,{"$f":"'5. Historical Wholesale'!L51","v":486482.7742829693},3.8712103770240005,1883277.1640476554,null,2235352.460953881]
[null,"October",null,{"$f":"'5. Historical Wholesale'!D52","v":475908.06999999995},5.9217698609280003,2818218.0654984126,null,{"$f":"'5. Historical Wholesale'!H52","v":459258.77985494706},0.76354764566400013,350665.96010876616,null,{"$f":"'5. Historical Wholesale'!L52","v":484377.72489449667},3.8712103770240005,1875128.075010852,null,2225794.0351196183]
[null,"November",null,{"$f":"'5. Historical Wholesale'!D53","v":426770.03},5.9217698609280003,2527233.9012013385,null,{"$f":"'5. Historical Wholesale'!H53","v":422160.81969725009},0.76354764566400013,322339.89997141977,null,{"$f":"'5. Historical Wholesale'!L53","v":447779.84293868567},3.8712103770240005,1733449.9746064171,null,2055789.8745778368]
[null,"December",null,{"$f":"'5. Historical Wholesale'!D54","v":463291.73000000004},5.9217698609280003,2743507.0035311929,null,{"$f":"'5. Historical Wholesale'!H54","v":458185.78425279999},0.76354764566400013,349846.67684293893,null,{"$f":"'5. Historical Wholesale'!L54","v":492759.14425279998},3.8712103770240005,1907574.3126049056,null,2257420.9894478447]
[]
[null,"Total",null,{"$f":"SUM(D43:D54)","v":5868531.9009770378},{"$f":"IF(D56<>0,F56/D56,0)","v":5.9217698609279994},{"$f":"SUM(F43:F54)","v":34752095.339100324},null,{"$f":"SUM(H43:H54)","v":5767555.677989224},{"$f":"IF(H56<>0,J56/H56,0)","v":0.76354764566400024},{"$f":"SUM(J43:J54)","v":4403803.5591647085},null,{"$f":"SUM(L43:L54)","v":6093745.6306052431},{"$f":"IF(L56<>0,N56/L56,0)","v":3.8712103770240001},{"$f":"SUM(N43:N54)","v":23590171.320143677},null,{"$f":"SUM(P43:P54)","v":27993974.879308384}]
[]
[null,{"$f":"'5. Historical Wholesale'!B58","v":"Add Extra Host Here (I)"},null,"Network",null,null,null,"Line Connection",null,null,null,"Transformation Connection",null,null,null,"Total Connection"]
[]
[null,"Month",null,"Units Billed","Rate","Amount",null,"Units Billed","Rate","Amount",null,"Units Billed","Rate","Amount",null,"Amount"]
[]
[null,"January",null,{"$f":"'5. Historical Wholesale'!D62","v":0},{"$f":"'4. UTRs and Sub-Transmission'!L52","v":0},{"$f":"D62*E62","v":0},null,{"$f":"'5. Historical Wholesale'!H62","v":0},{"$f":"'4. UTRs and Sub-Transmission'!L54","v":0},{"$f":"H62*I62","v":0},null,{"$f":"'5. Historical Wholesale'!L62","v":0},{"$f":"'4. UTRs and Sub-Transmission'!L56","v":0},{"$f":"L62*M62","v":0},null,{"$f":"J62+N62","v":0}]
[null,"February",null,{"$f":"'5. Historical Wholesale'!D63","v":0},{"$f":"E62","v":0},0,null,{"$f":"'5. Historical Wholesale'!H63","v":0},{"$f":"I62","v":0},0,null,{"$f":"'5. Historical Wholesale'!L63","v":0},{"$f":"M62","v":0},0,null,0]
[null,"March",null,{"$f":"'5. Historical Wholesale'!D64","v":0},0,0,null,{"$f":"'5. Historical Wholesale'!H64","v":0},0,0,null,{"$f":"'5. Historical Wholesale'!L64","v":0},0,0,null,0]
[null,"April",null,{"$f":"'5. Historical Wholesale'!D65","v":0},0,0,null,{"$f":"'5. Historical Wholesale'!H65","v":0},0,0,null,{"$f":"'5. Historical Wholesale'!L65","v":0},0,0,null,0]
[null,"May",null,{"$f":"'5. Historical Wholesale'!D66","v":0},0,0,null,{"$f":"'5. Historical Wholesale'!H66","v":0},0,0,null,{"$f":"'5. Historical Wholesale'!L66","v":0},0,0,null,0]
[null,"June",null,{"$f":"'5. Historical Wholesale'!D67","v":0},0,0,null,{"$f":"'5. Historical Wholesale'!H67","v":0},0,0,null,{"$f":"'5. Historical Wholesale'!L67","v":0},0,0,null,0]
[null,"July",null,{"$f":"'5. Historical Wholesale'!D68","v":0},0,0,null,{"$f":"'5. Historical Wholesale'!H68","v":0},0,0,null,{"$f":"'5. Historical Wholesale'!L68","v":0},0,0,null,0]
[null,"August",null,{"$f":"'5. Historical Wholesale'!D69","v":0},0,0,null,{"$f":"'5. Historical Wholesale'!H69","v":0},0,0,null,{"$f":"'5. Historical Wholesale'!L69","v":0},0,0,null,0]
[null,"September",null,{"$f":"'5. Historical Wholesale'!D70","v":0},0,0,null,{"$f":"'5. Historical Wholesale'!H70","v":0},0,0,null,{"$f":"'5. Historical Wholesale'!L70","v":0},0,0,null,0]
[null,"October",null,{"$f":"'5. Historical Wholesale'!D71","v":0},0,0,null,{"$f":"'5. Historical Wholesale'!H71","v":0},0,0,null,{"$f":"'5. Historical Wholesale'!L71","v":0},0,0,null,0]
[null,"November",null,{"$f":"'5. Historical Wholesale'!D72","v":0},0,0,null,{"$f":"'5. Historical Wholesale'!H72","v":0},0,0,null,{"$f":"'5. Historical Wholesale'!L72","v":0},0,0,null,0]
[null,"December",null,{"$f":"'5. Historical Wholesale'!D73","v":0},0,0,null,{"$f":"'5. Historical Wholesale'!H73","v":0},0,0,null,{"$f":"'5. Historical Wholesale'!L73","v":0},0,0,null,0]
[]
[null,"Total",null,{"$f":"SUM(D62:D73)","v":0},{"$f":"IF(D75<>0,F75/D75,0)","v":0},{"$f":"SUM(F62:F73)","v":0},null,{"$f":"SUM(H62:H73)","v":0},{"$f":"IF(H75<>0,J75/H75,0)","v":0},{"$f":"SUM(J62:J73)","v":0},null,{"$f":"SUM(L62:L73)","v":0},{"$f":"IF(L75<>0,N75/L75,0)","v":0},{"$f":"SUM(N62:N73)","v":0},null,{"$f":"SUM(P62:P73)","v":0}]
[]
[null,{"$f":"'5. Historical Wholesale'!B77","v":"Add Extra Host Here (II)"},null,"Network",null,null,null,"Line Connection",null,null,null,"Transformation Connection",null,null,null,"Total Connection"]
[]
[null,"Month",null,"Units Billed","Rate","Amount",null,"Units Billed","Rate","Amount",null,"Units Billed","Rate","Amount",null,"Amount"]
[]
[null,"January",null,{"$f":"'5. Historical Wholesale'!D81","v":0},{"$f":"'4. UTRs and Sub-Transmission'!L67","v":0},{"$f":"D81*E81","v":0},null,{"$f":"'5. Historical Wholesale'!H81","v":0},{"$f":"'4. UTRs and Sub-Transmission'!L69","v":0},{"$f":"H81*I81","v":0},null,{"$f":"'5. Historical Wholesale'!L81","v":0},{"$f":"'4. UTRs and Sub-Transmission'!L71","v":0},{"$f":"L81*M81","v":0},null,{"$f":"J81+N81","v":0}]
[null,"February",null,{"$f":"'5. Historical Wholesale'!D82","v":0},{"$f":"E81","v":0},0,null,{"$f":"'5. Historical Wholesale'!H82","v":0},{"$f":"I81","v":0},0,null,{"$f":"'5. Historical Wholesale'!L82","v":0},{"$f":"M81","v":0},0,null,0]
[null,"March",null,{"$f":"'5. Historical Wholesale'!D83","v":0},0,0,null,{"$f":"'5. Historical Wholesale'!H83","v":0},0,0,null,{"$f":"'5. Historical Wholesale'!L83","v":0},0,0,null,0]
[null,"April",null,{"$f":"'5. Historical Wholesale'!D84","v":0},0,0,null,{"$f":"'5. Historical Wholesale'!H84","v":0},0,0,null,{"$f":"'5. Historical Wholesale'!L84","v":0},0,0,null,0]
[null,"May",null,{"$f":"'5. Historical Wholesale'!D85","v":0},0,0,null,{"$f":"'5. Historical Wholesale'!H85","v":0},0,0,null,{"$f":"'5. Historical Wholesale'!L85","v":0},0,0,null,0]
[null,"June",null,{"$f":"'5. Historical Wholesale'!D86","v":0},0,0,null,{"$f":"'5. Historical Wholesale'!H86","v":0},0,0,null,{"$f":"'5. Historical Wholesale'!L86","v":0},0,0,null,0]
[null,"July",null,{"$f":"'5. Historical Wholesale'!D87","v":0},0,0,null,{"$f":"'5. Historical Wholesale'!H87","v":0},0,0,null,{"$f":"'5. Historical Wholesale'!L87","v":0},0,0,null,0]
[null,"August",null,{"$f":"'5. Historical Wholesale'!D88","v":0},0,0,null,{"$f":"'5. Historical Wholesale'!H88","v":0},0,0,null,{"$f":"'5. Historical Wholesale'!L88","v":0},0,0,null,0]
[null,"September",null,{"$f":"'5. Historical Wholesale'!D89","v":0},0,0,null,{"$f":"'5. Historical Wholesale'!H89","v":0},0,0,null,{"$f":"'5. Historical Wholesale'!L89","v":0},0,0,null,0]
[null,"October",null,{"$f":"'5. Historical Wholesale'!D90","v":0},0,0,null,{"$f":"'5. Historical Wholesale'!H90","v":0},0,0,null,{"$f":"'5. Historical Wholesale'!L90","v":0},0,0,null,0]
[null,"November",null,{"$f":"'5. Historical Wholesale'!D91","v":0},0,0,null,{"$f":"'5. Historical Wholesale'!H91","v":0},0,0,null,{"$f":"'5. Historical Wholesale'!L91","v":0},0,0,null,0]
[null,"December",null,{"$f":"'5. Historical Wholesale'!D92","v":0},0,0,null,{"$f":"'5. Historical Wholesale'!H92","v":0},0,0,null,{"$f":"'5. Historical Wholesale'!L92","v":0},0,0,null,0]
[]
[null,"Total",null,{"$f":"SUM(D81:D92)","v":0},{"$f":"IF(D94<>0,F94/D94,0)","v":0},{"$f":"SUM(F81:F92)","v":0},null,{"$f":"SUM(H81:H92)","v":0},{"$f":"IF(H94<>0,J94/H94,0)","v":0},{"$f":"SUM(J81:J92)","v":0},null,{"$f":"SUM(L81:L92)","v":0},{"$f":"IF(L94<>0,N94/L94,0)","v":0},{"$f":"SUM(N81:N92)","v":0},null,{"$f":"SUM(P81:P92)","v":0}]
[]
[null,"Total",null,"Network",null,null,null,"Line Connection",null,null,null,"Transformation Connection",null,null,null,"Total Connection"]
[]
[null,"Month",null,"Units Billed","Rate","Amount",null,"Units Billed","Rate","Amount",null,"Units Billed","Rate","Amount",null,"Amount"]
[]
[null,"January",null,{"$f":"D24+D43+D62+D81","v":4220520.0905389898},{"$f":"IF(D100<>0,F100/D100,0)","v":6.8097626771276953},{"$f":"F24+F43+F62+F81","v":28740740.190620013},null,{"$f":"H24+H43+H62+H81","v":4345143.4352481999},{"$f":"IF(H100<>0,J100/H100,0)","v":1.0780815345863717},{"$f":"J24+J43+J62+J81","v":4684418.9026702782},null,{"$f":"L24+L43+L62+L81","v":3345874.7752482002},{"$f":"IF(L100<>0,N100/L100,0)","v":3.7726552295564102},{"$f":"N24+N43+N62+N81","v":12622831.968281001},null,{"$f":"J100+N100","v":17307250.87095128}]
[null,"February",null,{"$f":"D25+D44+D63+D82","v":4088573.6004380467},6.8074358878947852,27832702.657921154,null,{"$f":"H25+H44+H63+H82","v":4211936.4113268275},1.0794800139349936,{"$f":"J25+J44+J63+J82","v":4546701.1759923911},null,{"$f":"L25+L44+L63+L82","v":3253912.4371800888},3.7720457716055149,{"$f":"N25+N44+N63+N82","v":12273906.64983975},null,16820607.82583214]
[null,"March",null,3903829.26,6.8042415153389975,26562597.119687114,null,4111207.2316116001,1.0775742076840109,4430130.8752286462,null,3188333.3616115996,3.7727827065168751,12028888.969299057,null,16459019.844527703]
[null,"April",null,3781519.56,6.800830849985787,25717474.883472681,null,4101350.1357481997,1.0791610832751772,4426017.4553848226,null,3162310.7051582295,3.7721496071085197,11928709.084017681,null,16354726.539402504]
[null,"May",null,3830240.5300000003,6.8030242868485367,26057219.350061614,null,3957574.4031949998,1.0781052688055419,4266681.8157744771,null,3004069.4031949993,3.7728896192144701,11334022.266714221,null,15600704.082488697]
[null,"June",null,5905996.9100000001,6.8107325067461684,40224165.139679424,null,6006579.2249956001,1.0773816339319051,6471378.139767196,null,4508359.5349955996,3.7731429198096564,17010684.859425001,null,23482062.999192197]
[null,"July",null,5654847.1399999997,6.8114220702658654,38517550.613375805,null,5814045.1386383995,1.0789803319688904,6273240.3537701741,null,4394431.0386384008,3.7723687079871908,16577414.139567154,null,22850654.493337326]
[null,"August",null,5491420.3799999999,6.8135464395115086,37416047.778009936,null,5734942.3490346,1.0792290030032465,6189316.1136297081,null,4345119.6876192018,3.7721948061607105,16390637.917783802,null,22579954.03141351]
[null,"September",null,4365016.5999999996,6.8067519428904779,29711585.222799186,null,4429837.5543857999,1.0783321056185806,4776836.0575691033,null,3400543.7742829695,3.77251596050422,12828605.662875762,null,17605441.720444866]
[null,"October",null,4322119.0700000012,6.8071852810352622,29421465.316185825,null,4424462.7798549468,1.0784342547328776,4771492.2205862254,null,3411926.7248944966,3.7723899349852004,12871118.035899017,null,17642610.256485242]
[null,"November",null,3934731.0300000003,6.8088245764290392,26790893.338701949,null,4105712.8196972501,1.0787775708495142,4429150.9022387089,null,3152336.8429386858,3.772399253817003,11891873.154081745,null,16321024.056320455]
[null,"December",null,4104020.7299999995,6.80442186188042,27925488.376822438,null,4362465.7842528,1.0780023706942532,4702748.4574970827,null,3361883.1442527999,3.7729204484180956,12684117.660143511,null,17386866.117640592]
[]
[null,"Total",null,{"$f":"SUM(D100:D111)","v":53602834.900977038},{"$f":"IF(D113<>0,F113/D113,0)","v":6.8078102708833725},{"$f":"SUM(F100:F111)","v":364917929.98733717},null,{"$f":"SUM(H100:H111)","v":55605257.267989226},{"$f":"IF(H113<>0,J113/H113,0)","v":1.0784611998303115},{"$f":"SUM(J100:J111)","v":59968112.470108807},null,{"$f":"SUM(L100:L111)","v":42529101.430015266},{"$f":"IF(L113<>0,N113/L113,0)","v":3.7725417413755622},{"$f":"SUM(N100:N111)","v":160442810.3679277},null,{"$f":"SUM(P100:P111)","v":220410922.83803651}]
[]
[null,null,null,null,null,null,null,null,null,null,null,null,null,"Low Voltage Switchgear Credit (if applicable)",null,{"$f":"'4. UTRs and Sub-Transmission'!L76","v":0}]
[]
[null,null,null,null,null,null,null,null,null,null,null,null,null,"Total including deduction for Low Voltage Switchgear Credit",null,{"$f":"P113+P115","v":220410922.83803651}]

{"sheet":"7. Forecast Wholesale - 31","index":12,"n_rows":117,"n_cols":16,"rows_kept":117,"cut":false,"hidden":false,"merged":[[12,1,12,12],[19,3,19,5],[19,7,19,9],[19,11,19,13],[20,3,20,5],[20,7,20,9],[20,11,20,13],[38,3,38,5],[38,7,38,9],[38,11,38,13],[57,3,57,5],[57,7,57,9],[57,11,57,13],[96,3,96,5],[96,7,96,9],[96,11,96,13],[76,3,76,5],[76,7,76,9],[76,11,76,13],[95,3,95,5],[95,7,95,9],[95,11,95,13]]}
[]
[]
[]
[]
[]
[]
[]
[]
[]
[]
[]
[]
[null,"The purpose of this sheet is to calculate the expected billing when forecasted 2027 Uniform Transmission Rates and Hydro One Sub-transmission Rates are applied against historical 2025 transmission units."]
[]
[]
[]
[]
[]
[]
[null,"IESO",null,"Network",null,null,null,"Line Connection",null,null,null,"Transformation Connection",null,null,null,"Total Connection"]
[]
[null,"Month",null,"Units Billed","Rate","Amount",null,"Units Billed","Rate","Amount",null,"Units Billed","Rate","Amount",null,"Amount"]
[]
[null,"January",null,{"$f":"'5. Historical Wholesale'!D24","v":3766732},{"$f":"'4. UTRs and Sub-Transmission'!Q22","v":7.0550763324480004},{"$f":"D24*E24","v":26574581.783874523},null,{"$f":"'5. Historical Wholesale'!H24","v":3889755.9999999995},{"$f":"'4. UTRs and Sub-Transmission'!Q24","v":1.137203227296},{"$f":"H24*I24","v":4423443.0765939793},null,{"$f":"'5. Historical Wholesale'!L24","v":2863167},{"$f":"'4. UTRs and Sub-Transmission'!Q26","v":3.8311603871040005},{"$f":"L24*M24","v":10969251.992063399},null,{"$f":"J24+N24","v":15392695.06865738}]
[null,"February",null,{"$f":"'5. Historical Wholesale'!D25","v":3639411},{"$f":"E24","v":7.0550763324480004},25676322.410150908,null,{"$f":"'5. Historical Wholesale'!H25","v":3787273.9999999995},{"$f":"I24","v":1.137203227296},4306900.2154542301,null,{"$f":"'5. Historical Wholesale'!L25","v":2801691},{"$f":"M24","v":3.8311603871040005},10733727.576105794,null,15040627.791560024]
[null,"March",null,{"$f":"'5. Historical Wholesale'!D26","v":3462429},7.0550763324480004,24427700.890681598,null,{"$f":"'5. Historical Wholesale'!H26","v":3674401},1.137203227296,4178540.6755796499,null,{"$f":"'5. Historical Wholesale'!L26","v":2724824.9999999995},3.8311603871040005,10439241.601790657,null,14617782.277370308]
[null,"April",null,{"$f":"'5. Historical Wholesale'!D27","v":3340986},7.0550763324480004,23570911.255640116,null,{"$f":"'5. Historical Wholesale'!H27","v":3684114.59},1.137203227296,4189587.0014762795,null,{"$f":"'5. Historical Wholesale'!L27","v":2719968.7994100293},3.8311603871040005,10420636.718458531,null,14610223.71993481]
[null,"May",null,{"$f":"'5. Historical Wholesale'!D28","v":3392475.0000000005},7.0550763324480004,23934170.080921534,null,{"$f":"'5. Historical Wholesale'!H28","v":3543073},1.137203227296,4029194.0501453206,null,{"$f":"'5. Historical Wholesale'!L28","v":2564559.9999999995},3.8311603871040005,9825240.6823514346,null,13854434.732496755]
[null,"June",null,{"$f":"'5. Historical Wholesale'!D29","v":5276744},7.0550763324480004,37227831.70678699,null,{"$f":"'5. Historical Wholesale'!H29","v":5365102},1.137203227296,6101211.3091722243,null,{"$f":"'5. Historical Wholesale'!L29","v":3838849.9999999995},3.8311603871040005,14707250.05203419,null,20808461.361206412]
[null,"July",null,{"$f":"'5. Historical Wholesale'!D30","v":5056272},7.0550763324480004,35672384.917619519,null,{"$f":"'5. Historical Wholesale'!H30","v":5219584},1.137203227296,5935727.7699425649,null,{"$f":"'5. Historical Wholesale'!L30","v":3771381.0000000005},3.8311603871040005,14448765.491876675,null,20384493.26181924]
[null,"August",null,{"$f":"'5. Historical Wholesale'!D31","v":4921869},7.0550763324480004,34724161.493309505,null,{"$f":"'5. Historical Wholesale'!H31","v":5152628},1.137203227296,5859585.1906557335,null,{"$f":"'5. Historical Wholesale'!L31","v":3735621.9999999995},3.8311603871040005,14311767.027594218,null,20171352.218249951]
[null,"September",null,{"$f":"'5. Historical Wholesale'!D32","v":3882484},7.0550763324480004,27391220.979508042,null,{"$f":"'5. Historical Wholesale'!H32","v":3968733},1.137203227296,4513255.9758761358,null,{"$f":"'5. Historical Wholesale'!L32","v":2914061},3.8311603871040005,11164235.06880467,null,15677491.044680806]
[null,"October",null,{"$f":"'5. Historical Wholesale'!D33","v":3846211.0000000009},7.0550763324480004,27135312.195701163,null,{"$f":"'5. Historical Wholesale'!H33","v":3965204},1.137203227296,4509242.7856870079,null,{"$f":"'5. Historical Wholesale'!L33","v":2927549},3.8311603871040005,11215909.76010593,null,15725152.545792937]
[null,"November",null,{"$f":"'5. Historical Wholesale'!D34","v":3507961.0000000005},7.0550763324480004,24748932.626250625,null,{"$f":"'5. Historical Wholesale'!H34","v":3683552},1.137203227296,4188947.2223126353,null,{"$f":"'5. Historical Wholesale'!L34","v":2704557},3.8311603871040005,10361591.643064834,null,14550538.865377469]
[null,"December",null,{"$f":"'5. Historical Wholesale'!D35","v":3640728.9999999995},7.0550763324480004,25685621.000757072,null,{"$f":"'5. Historical Wholesale'!H35","v":3904280},1.137203227296,4439959.8162672268,null,{"$f":"'5. Historical Wholesale'!L35","v":2869124},3.8311603871040005,10992074.214489378,null,15432034.030756604]
[]
[null,"Total",null,{"$f":"SUM(D24:D35)","v":47734303},{"$f":"IF(D37<>0,F37/D37,0)","v":7.0550763324480013},{"$f":"SUM(F24:F35)","v":336769151.3412016},null,{"$f":"SUM(H24:H35)","v":49837701.590000004},{"$f":"IF(H37<>0,J37/H37,0)","v":1.137203227296},{"$f":"SUM(J24:J35)","v":56675595.08916299},null,{"$f":"SUM(L24:L35)","v":36435355.79941003},{"$f":"IF(L37<>0,N37/L37,0)","v":3.8311603871040001},{"$f":"SUM(N24:N35)","v":139589691.8287397},null,{"$f":"SUM(P24:P35)","v":196265286.91790268}]
[]
[null,"Hydro One",null,"Network",null,null,null,"Line Connection",null,null,null,"Transformation Connection",null,null,null,"Total Connection"]
[]
[null,"Month",null,"Units Billed","Rate","Amount",null,"Units Billed","Rate","Amount",null,"Units Billed","Rate","Amount",null,"Amount"]
[]
[null,"January",null,{"$f":"'5. Historical Wholesale'!D43","v":453788.09053898981},{"$f":"'4. UTRs and Sub-Transmission'!Q35","v":6.0402052581465604},{"$f":"D43*E43","v":2740973.2105578938},null,{"$f":"'5. Historical Wholesale'!H43","v":455387.43524820002},{"$f":"'4. UTRs and Sub-Transmission'!Q37","v":0.7788185985772802},{"$f":"H43*I43","v":354664.20412970509},null,{"$f":"'5. Historical Wholesale'!L43","v":482707.77524820005},{"$f":"'4. UTRs and Sub-Transmission'!Q39","v":3.9486345845644806},{"$f":"L43*M43","v":1906036.615583221},null,{"$f":"J43+N43","v":2260700.8197129262}]
[null,"February",null,{"$f":"'5. Historical Wholesale'!D44","v":449162.60043804673},{"$f":"E43","v":6.0402052581465604},2713034.3009286723,null,{"$f":"'5. Historical Wholesale'!H44","v":424662.41132682777},{"$f":"I43","v":0.7788185985772802},330734.98405800853,null,{"$f":"'5. Historical Wholesale'!L44","v":452221.43718008883},{"$f":"M43","v":3.9486345845644806},1785657.2067307525,null,2116392.1907887608]
[null,"March",null,{"$f":"'5. Historical Wholesale'!D45","v":441400.26},6.0402052581465604,2666148.171399259,null,{"$f":"'5. Historical Wholesale'!H45","v":436806.23161159997},0.7788185985772802,340192.81715356914,null,{"$f":"'5. Historical Wholesale'!L45","v":463508.36161159998},3.9486345845644806,1830225.146894383,null,2170417.9640479521]
[null,"April",null,{"$f":"'5. Historical Wholesale'!D46","v":440533.56},6.0402052581465604,2660913.1255020234,null,{"$f":"'5. Historical Wholesale'!H46","v":417235.54574819998},0.7788185985772802,324950.80301623978,null,{"$f":"'5. Historical Wholesale'!L46","v":442341.90574819996},3.9486345845644806,1746646.5472395043,null,2071597.3502557441]
[null,"May",null,{"$f":"'5. Historical Wholesale'!D47","v":437765.53},6.0402052581465604,2644193.6561413161,null,{"$f":"'5. Historical Wholesale'!H47","v":414501.40319499996},0.7788185985772802,322821.40194464603,null,{"$f":"'5. Historical Wholesale'!L47","v":439509.40319499996},3.9486345845644806,1735462.0296970715,null,2058283.4316417174]
[null,"June",null,{"$f":"'5. Historical Wholesale'!D48","v":629252.91},6.0402052581465604,3800816.7356860247,null,{"$f":"'5. Historical Wholesale'!H48","v":641477.22499560006},0.7788185985772802,499594.39339031588,null,{"$f":"'5. Historical Wholesale'!L48","v":669509.53499560012},3.9486345845644806,2643648.5045793098,null,3143242.8979696259]
[null,"July",null,{"$f":"'5. Historical Wholesale'!D49","v":598575.14},6.0402052581465604,3615516.7080238136,null,{"$f":"'5. Historical Wholesale'!H49","v":594461.13863840001},0.7788185985772802,462977.39090301294,null,{"$f":"'5. Historical Wholesale'!L49","v":623050.03863840003},3.9486345845644806,2460196.9304818222,null,2923174.3213848351]
[null,"August",null,{"$f":"'5. Historical Wholesale'!D50","v":569551.38},6.0402052581465604,3440207.2402606299,null,{"$f":"'5. Historical Wholesale'!H50","v":582314.34903460008},0.7788185985772802,453517.2452465684,null,{"$f":"'5. Historical Wholesale'!L50","v":609497.68761920207},3.9486345845644806,2406683.6485452596,null,2860200.8937918278]
[null,"September",null,{"$f":"'5. Historical Wholesale'!D51","v":482532.60000000003},6.0402052581465604,2914595.9477471313,null,{"$f":"'5. Historical Wholesale'!H51","v":461104.55438580009},0.7788185985772802,359116.80284435011,null,{"$f":"'5. Historical Wholesale'!L51","v":486482.7742829693},3.9486345845644806,1920942.7073286085,null,2280059.5101729585]
[null,"October",null,{"$f":"'5. Historical Wholesale'!D52","v":475908.06999999995},6.0402052581465604,2874582.426808381,null,{"$f":"'5. Historical Wholesale'!H52","v":459258.77985494706},0.7788185985772802,357679.27931094152,null,{"$f":"'5. Historical Wholesale'!L52","v":484377.72489449667},3.9486345845644806,1912630.636511069,null,2270309.9158220105]
[null,"November",null,{"$f":"'5. Historical Wholesale'!D53","v":426770.03},6.0402052581465604,2577778.5792253655,null,{"$f":"'5. Historical Wholesale'!H53","v":422160.81969725009},0.7788185985772802,328786.69797084818,null,{"$f":"'5. Historical Wholesale'!L53","v":447779.84293868567},3.9486345845644806,1768118.9740985455,null,2096905.6720693936]
[null,"December",null,{"$f":"'5. Historical Wholesale'!D54","v":463291.73000000004},6.0402052581465604,2798377.1436018166,null,{"$f":"'5. Historical Wholesale'!H54","v":458185.78425279999},0.7788185985772802,356843.61037979776,null,{"$f":"'5. Historical Wholesale'!L54","v":492759.14425279998},3.9486345845644806,1945725.7988570037,null,2302569.4092368013]
[]
[null,"Total",null,{"$f":"SUM(D43:D54)","v":5868531.9009770378},{"$f":"IF(D56<>0,F56/D56,0)","v":6.0402052581465586},{"$f":"SUM(F43:F54)","v":35447137.245882325},null,{"$f":"SUM(H43:H54)","v":5767555.677989224},{"$f":"IF(H56<>0,J56/H56,0)","v":0.77881859857728031},{"$f":"SUM(J43:J54)","v":4491879.6303480035},null,{"$f":"SUM(L43:L54)","v":6093745.6306052431},{"$f":"IF(L56<>0,N56/L56,0)","v":3.9486345845644797},{"$f":"SUM(N43:N54)","v":24061974.746546548},null,{"$f":"SUM(P43:P54)","v":28553854.376894552}]
[]
[null,{"$f":"'5. Historical Wholesale'!B58","v":"Add Extra Host Here (I)"},null,"Network",null,null,null,"Line Connection",null,null,null,"Transformation Connection",null,null,null,"Total Connection"]
[]
[null,"Month",null,"Units Billed","Rate","Amount",null,"Units Billed","Rate","Amount",null,"Units Billed","Rate","Amount",null,"Amount"]
[]
[null,"January",null,{"$f":"'5. Historical Wholesale'!D62","v":0},{"$f":"'4. UTRs and Sub-Transmission'!L52","v":0},{"$f":"D62*E62","v":0},null,{"$f":"'5. Historical Wholesale'!H62","v":0},{"$f":"'4. UTRs and Sub-Transmission'!L54","v":0},{"$f":"H62*I62","v":0},null,{"$f":"'5. Historical Wholesale'!L62","v":0},{"$f":"'4. UTRs and Sub-Transmission'!L56","v":0},{"$f":"L62*M62","v":0},null,{"$f":"J62+N62","v":0}]
[null,"February",null,{"$f":"'5. Historical Wholesale'!D63","v":0},{"$f":"E62","v":0},0,null,{"$f":"'5. Historical Wholesale'!H63","v":0},{"$f":"I62","v":0},0,null,{"$f":"'5. Historical Wholesale'!L63","v":0},{"$f":"M62","v":0},0,null,0]
[null,"March",null,{"$f":"'5. Historical Wholesale'!D64","v":0},0,0,null,{"$f":"'5. Historical Wholesale'!H64","v":0},0,0,null,{"$f":"'5. Historical Wholesale'!L64","v":0},0,0,null,0]
[null,"April",null,{"$f":"'5. Historical Wholesale'!D65","v":0},0,0,null,{"$f":"'5. Historical Wholesale'!H65","v":0},0,0,null,{"$f":"'5. Historical Wholesale'!L65","v":0},0,0,null,0]
[null,"May",null,{"$f":"'5. Historical Wholesale'!D66","v":0},0,0,null,{"$f":"'5. Historical Wholesale'!H66","v":0},0,0,null,{"$f":"'5. Historical Wholesale'!L66","v":0},0,0,null,0]
[null,"June",null,{"$f":"'5. Historical Wholesale'!D67","v":0},0,0,null,{"$f":"'5. Historical Wholesale'!H67","v":0},0,0,null,{"$f":"'5. Historical Wholesale'!L67","v":0},0,0,null,0]
[null,"July",null,{"$f":"'5. Historical Wholesale'!D68","v":0},0,0,null,{"$f":"'5. Historical Wholesale'!H68","v":0},0,0,null,{"$f":"'5. Historical Wholesale'!L68","v":0},0,0,null,0]
[null,"August",null,{"$f":"'5. Historical Wholesale'!D69","v":0},0,0,null,{"$f":"'5. Historical Wholesale'!H69","v":0},0,0,null,{"$f":"'5. Historical Wholesale'!L69","v":0},0,0,null,0]
[null,"September",null,{"$f":"'5. Historical Wholesale'!D70","v":0},0,0,null,{"$f":"'5. Historical Wholesale'!H70","v":0},0,0,null,{"$f":"'5. Historical Wholesale'!L70","v":0},0,0,null,0]
[null,"October",null,{"$f":"'5. Historical Wholesale'!D71","v":0},0,0,null,{"$f":"'5. Historical Wholesale'!H71","v":0},0,0,null,{"$f":"'5. Historical Wholesale'!L71","v":0},0,0,null,0]
[null,"November",null,{"$f":"'5. Historical Wholesale'!D72","v":0},0,0,null,{"$f":"'5. Historical Wholesale'!H72","v":0},0,0,null,{"$f":"'5. Historical Wholesale'!L72","v":0},0,0,null,0]
[null,"December",null,{"$f":"'5. Historical Wholesale'!D73","v":0},0,0,null,{"$f":"'5. Historical Wholesale'!H73","v":0},0,0,null,{"$f":"'5. Historical Wholesale'!L73","v":0},0,0,null,0]
[]
[null,"Total",null,{"$f":"SUM(D62:D73)","v":0},{"$f":"IF(D75<>0,F75/D75,0)","v":0},{"$f":"SUM(F62:F73)","v":0},null,{"$f":"SUM(H62:H73)","v":0},{"$f":"IF(H75<>0,J75/H75,0)","v":0},{"$f":"SUM(J62:J73)","v":0},null,{"$f":"SUM(L62:L73)","v":0},{"$f":"IF(L75<>0,N75/L75,0)","v":0},{"$f":"SUM(N62:N73)","v":0},null,{"$f":"SUM(P62:P73)","v":0}]
[]
[null,{"$f":"'5. Historical Wholesale'!B77","v":"Add Extra Host Here (II)"},null,"Network",null,null,null,"Line Connection",null,null,null,"Transformation Connection",null,null,null,"Total Connection"]
[]
[null,"Month",null,"Units Billed","Rate","Amount",null,"Units Billed","Rate","Amount",null,"Units Billed","Rate","Amount",null,"Amount"]
[]
[null,"January",null,{"$f":"'5. Historical Wholesale'!D81","v":0},{"$f":"'4. UTRs and Sub-Transmission'!L67","v":0},{"$f":"D81*E81","v":0},null,{"$f":"'5. Historical Wholesale'!H81","v":0},{"$f":"'4. UTRs and Sub-Transmission'!L69","v":0},{"$f":"H81*I81","v":0},null,{"$f":"'5. Historical Wholesale'!L81","v":0},{"$f":"'4. UTRs and Sub-Transmission'!L71","v":0},{"$f":"L81*M81","v":0},null,{"$f":"J81+N81","v":0}]
[null,"February",null,{"$f":"'5. Historical Wholesale'!D82","v":0},{"$f":"E81","v":0},0,null,{"$f":"'5. Historical Wholesale'!H82","v":0},{"$f":"I81","v":0},0,null,{"$f":"'5. Historical Wholesale'!L82","v":0},{"$f":"M81","v":0},0,null,0]
[null,"March",null,{"$f":"'5. Historical Wholesale'!D83","v":0},0,0,null,{"$f":"'5. Historical Wholesale'!H83","v":0},0,0,null,{"$f":"'5. Historical Wholesale'!L83","v":0},0,0,null,0]
[null,"April",null,{"$f":"'5. Historical Wholesale'!D84","v":0},0,0,null,{"$f":"'5. Historical Wholesale'!H84","v":0},0,0,null,{"$f":"'5. Historical Wholesale'!L84","v":0},0,0,null,0]
[null,"May",null,{"$f":"'5. Historical Wholesale'!D85","v":0},0,0,null,{"$f":"'5. Historical Wholesale'!H85","v":0},0,0,null,{"$f":"'5. Historical Wholesale'!L85","v":0},0,0,null,0]
[null,"June",null,{"$f":"'5. Historical Wholesale'!D86","v":0},0,0,null,{"$f":"'5. Historical Wholesale'!H86","v":0},0,0,null,{"$f":"'5. Historical Wholesale'!L86","v":0},0,0,null,0]
[null,"July",null,{"$f":"'5. Historical Wholesale'!D87","v":0},0,0,null,{"$f":"'5. Historical Wholesale'!H87","v":0},0,0,null,{"$f":"'5. Historical Wholesale'!L87","v":0},0,0,null,0]
[null,"August",null,{"$f":"'5. Historical Wholesale'!D88","v":0},0,0,null,{"$f":"'5. Historical Wholesale'!H88","v":0},0,0,null,{"$f":"'5. Historical Wholesale'!L88","v":0},0,0,null,0]
[null,"September",null,{"$f":"'5. Historical Wholesale'!D89","v":0},0,0,null,{"$f":"'5. Historical Wholesale'!H89","v":0},0,0,null,{"$f":"'5. Historical Wholesale'!L89","v":0},0,0,null,0]
[null,"October",null,{"$f":"'5. Historical Wholesale'!D90","v":0},0,0,null,{"$f":"'5. Historical Wholesale'!H90","v":0},0,0,null,{"$f":"'5. Historical Wholesale'!L90","v":0},0,0,null,0]
[null,"November",null,{"$f":"'5. Historical Wholesale'!D91","v":0},0,0,null,{"$f":"'5. Historical Wholesale'!H91","v":0},0,0,null,{"$f":"'5. Historical Wholesale'!L91","v":0},0,0,null,0]
[null,"December",null,{"$f":"'5. Historical Wholesale'!D92","v":0},0,0,null,{"$f":"'5. Historical Wholesale'!H92","v":0},0,0,null,{"$f":"'5. Historical Wholesale'!L92","v":0},0,0,null,0]
[]
[null,"Total",null,{"$f":"SUM(D81:D92)","v":0},{"$f":"IF(D94<>0,F94/D94,0)","v":0},{"$f":"SUM(F81:F92)","v":0},null,{"$f":"SUM(H81:H92)","v":0},{"$f":"IF(H94<>0,J94/H94,0)","v":0},{"$f":"SUM(J81:J92)","v":0},null,{"$f":"SUM(L81:L92)","v":0},{"$f":"IF(L94<>0,N94/L94,0)","v":0},{"$f":"SUM(N81:N92)","v":0},null,{"$f":"SUM(P81:P92)","v":0}]
[]
[null,"Total",null,"Network",null,null,null,"Line Connection",null,null,null,"Transformation Connection",null,null,null,"Total Connection"]
[]
[null,"Month",null,"Units Billed","Rate","Amount",null,"Units Billed","Rate","Amount",null,"Units Billed","Rate","Amount",null,"Amount"]
[]
[null,"January",null,{"$f":"D24+D43+D62+D81","v":4220520.0905389898},{"$f":"IF(D100<>0,F100/D100,0)","v":6.9459579306702492},{"$f":"F24+F43+F62+F81","v":29315554.994432416},null,{"$f":"H24+H43+H62+H81","v":4345143.4352481999},{"$f":"IF(H100<>0,J100/H100,0)","v":1.0996431652780994},{"$f":"J24+J43+J62+J81","v":4778107.2807236845},null,{"$f":"L24+L43+L62+L81","v":3345874.7752482002},{"$f":"IF(L100<>0,N100/L100,0)","v":3.8481083341475379},{"$f":"N24+N43+N62+N81","v":12875288.60764662},null,{"$f":"J100+N100","v":17653395.888370305}]
[null,"February",null,{"$f":"D25+D44+D63+D82","v":4088573.6004380467},6.9435846056526813,28389356.711079579,null,{"$f":"H25+H44+H63+H82","v":4211936.4113268275},1.1010696142136935,{"$f":"J25+J44+J63+J82","v":4637635.1995122386},null,{"$f":"L25+L44+L63+L82","v":3253912.4371800888},3.8474866870376259,{"$f":"N25+N44+N63+N82","v":12519384.782836547},null,17157019.982348785]
[null,"March",null,3903829.26,6.9403263456457767,27093849.062080856,null,4111207.2316116001,1.099125691837691,4518733.4927332187,null,3188333.3616115996,3.8482383606472128,12269466.74868504,null,16788200.241418257]
[null,"April",null,3781519.56,6.9368474669855047,26231824.381142139,null,4101350.1357481997,1.1007443049406809,4514537.8044925192,null,3162310.7051582295,3.8475925992506905,12167283.265698036,null,16681821.070190556]
[null,"May",null,3830240.5300000003,6.9390847725855087,26578363.737062849,null,3957574.4031949998,1.0996673741816525,4352015.4520899663,null,3004069.4031949993,3.8483474115987595,11560702.712048506,null,15912718.164138474]
[null,"June",null,5905996.9100000001,6.9469471568810919,41028648.442473017,null,6006579.2249956001,1.0989292666105432,6600805.7025625398,null,4508359.5349955996,3.8486057782058496,17350898.556613501,null,23951704.259176042]
[null,"July",null,5654847.1399999997,6.9476505116711849,39287901.625643335,null,5814045.1386383995,1.1005599386082683,6398705.1608455777,null,4394431.0386384008,3.8478160821469349,16908962.422358498,null,23307667.583204076]
[null,"August",null,5491420.3799999999,6.9498173683017397,38164368.733570136,null,5734942.3490346,1.1008135830633115,6313102.4359023022,null,4345119.6876192018,3.8476387022839247,16718450.676139478,null,23031553.112041779]
[null,"September",null,4365016.5999999996,6.9428869817482886,30305816.927255172,null,4429837.5543857999,1.0998987477309523,4872372.778720486,null,3400543.7742829695,3.8479662797143046,13085177.776133278,null,17957550.554853763]
[null,"October",null,4322119.0700000012,6.9433289866559678,30009894.622509543,null,4424462.7798549468,1.1000029398275351,4866922.0649979496,null,3411926.7248944966,3.8478377336849046,13128540.396616999,null,17995462.461614948]
[null,"November",null,3934731.0300000003,6.9450010679576204,27326711.20547599,null,4105712.8196972501,1.1003531222665046,4517733.9202834833,null,3152336.8429386858,3.8478472388933427,12129710.617163379,null,16647444.537446862]
[null,"December",null,4104020.7299999995,6.9405102991180287,28483998.144358888,null,4362465.7842528,1.0995624181081383,4796803.4266470242,null,3361883.1442527999,3.8483788573864577,12937800.013346381,null,17734603.439993404]
[]
[null,"Total",null,{"$f":"SUM(D100:D111)","v":53602834.900977038},{"$f":"IF(D113<>0,F113/D113,0)","v":6.9439664763010391},{"$f":"SUM(F100:F111)","v":372216288.58708388},null,{"$f":"SUM(H100:H111)","v":55605257.267989226},{"$f":"IF(H113<>0,J113/H113,0)","v":1.1000304238269178},{"$f":"SUM(J100:J111)","v":61167474.719510987},null,{"$f":"SUM(L100:L111)","v":42529101.430015266},{"$f":"IF(L113<>0,N113/L113,0)","v":3.8479925762030738},{"$f":"SUM(N100:N111)","v":163651666.57528627},null,{"$f":"SUM(P100:P111)","v":224819141.29479724}]
[]
[null,null,null,null,null,null,null,null,null,null,null,null,null,"Low Voltage Switchgear Credit (if applicable)",null,{"$f":"'4. UTRs and Sub-Transmission'!L76","v":0}]
[]
[null,null,null,null,null,null,null,null,null,null,null,null,null,"Total including deduction for Low Voltage Switchgear Credit",null,{"$f":"P113+P115","v":224819141.29479724}]

{"sheet":"8. 2027 RTSR Rates to Forecast","index":13,"n_rows":64,"n_cols":10,"rows_kept":64,"cut":false,"hidden":false,"merged":[]}
[]
[]
[]
[]
[]
[]
[]
[]
[]
[]
[]
[]
["The purpose of this sheet is to re-align the current RTS Network Rates to recover current wholesale network costs."]
[]
["Rate Class","Rate Description","Unit","Current RTSR-Network","Loss Adjusted Billed kWh","Billed kW","Billed Amount","Billed Amount %","Current Wholesale Billing","Adjusted RTSR Network"]
[]
["RESIDENTIAL SERVICE CLASSIFICATION","Retail Transmission Rate - Network Service Rate","$/kWh",1.270742730052922E-2,8588848247.4697771,null,{"$f":"ROUND(D17*E17, 2)","v":109142164.7},{"$f":"G17/327674099.56","v":0.33308145149877832},{"$f":"H17*total_current_wholesale_network","v":112291003.80582911},{"$f":"IF(ISERROR(I17/E17), 0, I17/E17)","v":1.3074046783736033E-2}]
["GENERAL SERVICE LESS THAN 50 KW SERVICE CLASSIFICATION","Retail Transmission Rate - Network Service Rate","$/kWh",1.1469710836806127E-2,2898800092.0918069,null,{"$f":"ROUND(D18*E18, 2)","v":33248398.829999998},{"$f":"G18/327674099.56","v":0.10146788798579402},34207641.838693112,{"$f":"IF(ISERROR(I18/E18), 0, I18/E18)","v":1.1800621205999924E-2}]
["GENERAL SERVICE 50 to 4,999 kW SERVICE CLASSIFICATION","Retail Transmission Rate - Network Service Rate","$/kW",4.6631978708210529,0,33652794.092644684,{"$f":"ROUND(D19*F19, 2)","v":156929637.75999999},0.47891987181997214,161457183.84267619,{"$f":"IF(ISERROR(I19/F19), 0, I19/F19)","v":4.7977348745008088}]
["GENERAL SERVICE 50 to 4,999 kW SERVICE CLASSIFICATION","Retail Transmission Rate - Network Service Rate - EV CHARGING","$/kW",0.8129418640939321,0,153743.53999999998,{"$f":"ROUND(D20*F20, 2)","v":124984.56},3.8142947571330466E-4,128590.46493357554,{"$f":"IF(ISERROR(I20/F20), 0, I20/F20)","v":0.83639588976275392}]
["LARGE USE SERVICE CLASSIFICATION","Retail Transmission Rate - Network Service Rate","$/kW",5.1801652379221403,0,3575954.6982,{"$f":"ROUND(D21*F21, 2)","v":18524036.219999999},5.6531890206989295E-2,19058469.54196737,{"$f":"IF(ISERROR(I21/F21), 0, I21/F21)","v":5.3296171653294939}]
["LARGE USE WITH DEDICATED ASSETS SERVICE CLASSIFICATION","Retail Transmission Rate - Network Service Rate","$/kW",5.0650472220189027,0,1601505.3413,{"$f":"ROUND(D22*F22, 2)","v":8111700.1799999997},2.4755390160199939E-2,8345729.2448600717,{"$f":"IF(ISERROR(I22/F22), 0, I22/F22)","v":5.2111779022138887}]
["UNMETERED SCATTERED LOAD SERVICE CLASSIFICATION","Retail Transmission Rate - Network Service Rate","$/kWh",1.1342033100696411E-2,48174769.474658884,null,{"$f":"ROUND(D23*E23, 2)","v":546399.82999999996},1.6675099763261861E-3,562163.90392002533,{"$f":"IF(ISERROR(I23/E23), 0, I23/E23)","v":1.1669259864662921E-2}]
["SENTINEL LIGHTING SERVICE CLASSIFICATION","Retail Transmission Rate - Network Service Rate","$/kW",3.6220986781149493,0,1987.7536864200001,{"$f":"ROUND(D24*F24, 2)","v":7199.84},2.1972563622416079E-5,7407.5611663341024,{"$f":"IF(ISERROR(I24/F24), 0, I24/F24)","v":3.7265991339577527}]
["STREET LIGHTING SERVICE CLASSIFICATION","Retail Transmission Rate - Network Service Rate","$/kW",3.9675630231174548,0,262019.18758260002,{"$f":"ROUND(D25*F25, 2)","v":1039577.64},3.1725963126043298E-3,1069570.2898193924,{"$f":"IF(ISERROR(I25/F25), 0, I25/F25)","v":4.0820304027628378}]
[]
["The purpose of this table is to re-align the current RTS Connection Rates to recover current wholesale connection costs."]
["Rate Class","Rate Description","Unit","Current RTSR-Connection","Loss Adjusted Billed kWh","Billed kW","Billed Amount","Billed Amount %","Current Wholesale Billing","Adjusted RTSR-Connection"]
[]
["RESIDENTIAL SERVICE CLASSIFICATION","Retail Transmission Rate - Line and Transformation Connection Service Rate","$/kWh",7.6076569555468708E-3,8588848247.4697771,null,{"$f":"ROUND(D30*E30, 2)","v":65341011.109999999},{"$f":"G30/197974054.65","v":0.33004835520248815},{"$f":"H30*Total_Current_Wholesale_Lineplus","v":67206301.918594584},{"$f":"IF(ISERROR(I30/E30), 0, I30/E30)","v":7.8248328509463606E-3}]
["GENERAL SERVICE LESS THAN 50 KW SERVICE CLASSIFICATION","Retail Transmission Rate - Line and Transformation Connection Service Rate","$/kWh",6.7920316249860417E-3,2898800092.0918069,null,{"$f":"ROUND(D31*E31, 2)","v":19688741.899999999},{"$f":"G31/197974054.65","v":9.9451122192793853E-2},20250796.705626361,{"$f":"IF(ISERROR(I31/E31), 0, I31/E31)","v":6.9859238520353284E-3}]
["GENERAL SERVICE 50 to 4,999 kW SERVICE CLASSIFICATION","Retail Transmission Rate - Line and Transformation Connection Service Rate","$/kW",2.7732650713361786,0,33652794.092644684,{"$f":"ROUND(D32*F32, 2)","v":93328118.409999996},0.47141590636710229,95992357.583779126,{"$f":"IF(ISERROR(I32/F32), 0, I32/F32)","v":2.8524335102611786}]
["GENERAL SERVICE 50 to 4,999 kW SERVICE CLASSIFICATION","Retail Transmission Rate - Line and Transformation Connection Service Rate - EV CHARGING","$/kW",0.42691205106894253,0,153743.53999999998,{"$f":"ROUND(D33*F33, 2)","v":65634.97},3.3153319062963384E-4,67508.652457366261,{"$f":"IF(ISERROR(I33/F33), 0, I33/F33)","v":0.43909911569205617}]
["LARGE USE SERVICE CLASSIFICATION","Retail Transmission Rate - Line and Transformation Connection Service Rate","$/kW",3.5064847371561143,0,3575954.6982,{"$f":"ROUND(D34*F34, 2)","v":12539030.57},6.3336736685864509E-2,12896982.460758666,{"$f":"IF(ISERROR(I34/F34), 0, I34/F34)","v":3.6065844087036441}]
["LARGE USE WITH DEDICATED ASSETS SERVICE CLASSIFICATION","Retail Transmission Rate - Line and Transformation Connection Service Rate","$/kW",3.8014725040242983,0,1601505.3413,{"$f":"ROUND(D35*F35, 2)","v":6088078.5199999996},3.0751900953704083E-2,6261874.9873708589,{"$f":"IF(ISERROR(I35/F35), 0, I35/F35)","v":3.9099931957066518}]
["UNMETERED SCATTERED LOAD SERVICE CLASSIFICATION","Retail Transmission Rate - Line and Transformation Connection Service Rate","$/kWh",7.0360793356427391E-3,48174769.474658884,null,{"$f":"ROUND(D36*E36, 2)","v":338961.5},1.7121511230310097E-3,348637.83894359291,{"$f":"IF(ISERROR(I36/E36), 0, I36/E36)","v":7.2369383962903027E-3}]
["SENTINEL LIGHTING SERVICE CLASSIFICATION","Retail Transmission Rate - Line and Transformation Connection Service Rate","$/kW",2.2055650204306363,0,1987.7536864200001,{"$f":"ROUND(D37*F37, 2)","v":4384.12},2.2144922008849708E-5,4509.2735383498848,{"$f":"IF(ISERROR(I37/F37), 0, I37/F37)","v":2.2685273176231471}]
["STREET LIGHTING SERVICE CLASSIFICATION","Retail Transmission Rate - Line and Transformation Connection Service Rate","$/kW",2.2139353814198395,0,262019.18758260002,{"$f":"ROUND(D38*F38, 2)","v":580093.55000000005},2.9301493623775715E-3,596653.48913406709,{"$f":"IF(ISERROR(I38/F38), 0, I38/F38)","v":2.277136627431056}]
[]
["The purpose of this table is to update the re-aligned RTS Network Rates to recover future wholesale network costs."]
["Rate Class","Rate Description","Unit","Adjusted RTSR-Network","Loss Adjusted Billed kWh","Billed kW","Billed Amount","Billed Amount %","Forecast Wholesale Billing","Proposed RTSR-Network"]
[]
["RESIDENTIAL SERVICE CLASSIFICATION","Retail Transmission Rate - Network Service Rate","$/kWh",{"$f":"+J17","v":1.3074046783736033E-2},9036942220.5041142,0,{"$f":"I17","v":112291003.80582911},{"$f":"G43/337127760.493865","v":0.33308145149877849},{"$f":"H43*forecast_wholesale_network","v":114536823.88194574},{"$f":"IF(ISERROR(I43/E43), 0, I43/E43)","v":1.2674289719599031E-2}]
["GENERAL SERVICE LESS THAN 50 KW SERVICE CLASSIFICATION","Retail Transmission Rate - Network Service Rate","$/kWh",1.1800621205999924E-2,2978138416.5118828,0,34207641.838693112,{"$f":"G44/337127760.493865","v":0.10146788798579409},34891794.675466992,{"$f":"IF(ISERROR(I44/E44), 0, I44/E44)","v":1.1715974812323763E-2}]
["GENERAL SERVICE 50 to 4,999 kW SERVICE CLASSIFICATION","Retail Transmission Rate - Network Service Rate","$/kW",4.7977348745008088,0,34235594.90756239,161457183.84267619,0.47891987181997242,164686327.51952979,{"$f":"IF(ISERROR(I45/F45), 0, I45/F45)","v":4.8103831104495223}]
["GENERAL SERVICE 50 to 4,999 kW SERVICE CLASSIFICATION","Retail Transmission Rate - Network Service Rate - EV CHARGING","$/kW",0.83639588976275392,0,152884.77679015396,128590.46493357554,3.8142947571330487E-4,131162.27423224712,{"$f":"IF(ISERROR(I46/F46), 0, I46/F46)","v":0.85791585654258673}]
["LARGE USE SERVICE CLASSIFICATION","Retail Transmission Rate - Network Service Rate","$/kW",5.3296171653294939,0,4047427.3781634243,19058469.54196737,5.6531890206989323E-2,19439638.932806723,{"$f":"IF(ISERROR(I47/F47), 0, I47/F47)","v":4.8029617622509946}]
["LARGE USE WITH DEDICATED ASSETS SERVICE CLASSIFICATION","Retail Transmission Rate - Network Service Rate","$/kW",5.2111779022138887,0,1605512.0256666667,8345729.2448600717,2.4755390160199953E-2,8512643.8297572769,{"$f":"IF(ISERROR(I48/F48), 0, I48/F48)","v":5.3021364484781852}]
["UNMETERED SCATTERED LOAD SERVICE CLASSIFICATION","Retail Transmission Rate - Network Service Rate","$/kWh",1.1669259864662921E-2,49125260.112000011,null,562163.90392002533,1.6675099763261872E-3,573407.18199842609,{"$f":"IF(ISERROR(I49/E49), 0, I49/E49)","v":1.1672349025554732E-2}]
["SENTINEL LIGHTING SERVICE CLASSIFICATION","Retail Transmission Rate - Network Service Rate","$/kW",3.7265991339577527,0,1608.8999999999999,7407.5611663341024,2.1972563622416089E-5,7555.7123896607873,{"$f":"IF(ISERROR(I50/F50), 0, I50/F50)","v":4.6961976441424502}]
["STREET LIGHTING SERVICE CLASSIFICATION","Retail Transmission Rate - Network Service Rate","$/kW",4.0820304027628378,0,264100,1069570.2898193924,3.1725963126043315E-3,1090961.6956157805,{"$f":"IF(ISERROR(I51/F51), 0, I51/F51)","v":4.1308659432630845}]
[]
["The purpose of this table is to update the re-aligned RTS Connection Rates to recover future wholesale connection costs."]
["Rate Class","Rate Description","Unit","Adjusted RTSR-Connection","Loss Adjusted Billed kWh","Billed kW","Billed Amount","Billed Amount %","Forecast Wholesale Billing","Proposed RTSR-Connection"]
[]
["RESIDENTIAL SERVICE CLASSIFICATION","Retail Transmission Rate - Line and Transformation Connection Service Rate","$/kWh",{"$f":"J30","v":7.8248328509463606E-3},9036942220.5041142,0,{"$f":"I30","v":67206301.918594584},{"$f":"G56/203625622.92","v":0.33004835518660858},{"$f":"H56*forecast_wholesale_lineplus","v":68550427.953668326},{"$f":"IF(ISERROR(I56/E56), 0, I56/E56)","v":7.5855777630328067E-3}]
["GENERAL SERVICE LESS THAN 50 KW SERVICE CLASSIFICATION","Retail Transmission Rate - Line and Transformation Connection Service Rate","$/kWh",6.9859238520353284E-3,2978138416.5118828,0,20250796.705626361,9.9451122188008986E-2,20655812.638745081,{"$f":"IF(ISERROR(I57/E57), 0, I57/E57)","v":6.9358135015557846E-3}]
["GENERAL SERVICE 50 to 4,999 kW SERVICE CLASSIFICATION","Retail Transmission Rate - Line and Transformation Connection Service Rate","$/kW",2.8524335102611786,0,34235594.90756239,95992357.583779126,0.47141590634442115,97912204.7307439,{"$f":"IF(ISERROR(I58/F58), 0, I58/F58)","v":2.8599533612636541}]
["GENERAL SERVICE 50 to 4,999 kW SERVICE CLASSIFICATION","Retail Transmission Rate - Line and Transformation Connection Service Rate - EV CHARGING","$/kW",0.43909911569205617,0,152884.77679015396,67508.652457366261,3.3153319061368284E-4,68858.825503200598,{"$f":"IF(ISERROR(I59/F59), 0, I59/F59)","v":0.45039687370387832}]
["LARGE USE SERVICE CLASSIFICATION","Retail Transmission Rate - Line and Transformation Connection Service Rate","$/kW",3.6065844087036441,0,4047427.3781634243,12896982.460758666,6.3336736682817196E-2,13154922.109340919,{"$f":"IF(ISERROR(I60/F60), 0, I60/F60)","v":3.2501934884153858}]
["LARGE USE WITH DEDICATED ASSETS SERVICE CLASSIFICATION","Retail Transmission Rate - Line and Transformation Connection Service Rate","$/kW",3.9099931957066518,0,1605512.0256666667,6261874.9873708589,3.075190095222452E-2,6387112.4868109748,{"$f":"IF(ISERROR(I61/F61), 0, I61/F61)","v":3.9782402029401274}]
["UNMETERED SCATTERED LOAD SERVICE CLASSIFICATION","Retail Transmission Rate - Line and Transformation Connection Service Rate","$/kWh",7.2369383962903027E-3,49125260.112000011,null,348637.83894359291,1.7121511229486331E-3,355610.5957053554,{"$f":"IF(ISERROR(I62/E62), 0, I62/E62)","v":7.2388542044276947E-3}]
["SENTINEL LIGHTING SERVICE CLASSIFICATION","Retail Transmission Rate - Line and Transformation Connection Service Rate","$/kW",2.2685273176231471,0,1608.8999999999999,4509.2735383498848,2.2144922007784252E-5,4599.4590088955902,{"$f":"IF(ISERROR(I63/F63), 0, I63/F63)","v":2.8587600279045251}]
["STREET LIGHTING SERVICE CLASSIFICATION","Retail Transmission Rate - Line and Transformation Connection Service Rate","$/kW",2.277136627431056,0,264100,596653.48913406709,2.9301493622365935E-3,608586.5588874676,{"$f":"IF(ISERROR(I64/F64), 0, I64/F64)","v":2.304379246071441}]

{"sheet":"8. 2028 RTSR Rates to Forecast","index":14,"n_rows":64,"n_cols":10,"rows_kept":64,"cut":false,"hidden":false,"merged":[]}
[]
[]
[]
[]
[]
[]
[]
[]
[]
[]
[]
[]
["The purpose of this sheet is to re-align the current RTS Network Rates to recover current wholesale network costs."]
[]
["Rate Class","Rate Description","Unit","Current RTSR-Network","Loss Adjusted Billed kWh","Billed kW","Billed Amount","Billed Amount %","Current Wholesale Billing","Adjusted RTSR Network"]
[]
["RESIDENTIAL SERVICE CLASSIFICATION","Retail Transmission Rate - Network Service Rate","$/kWh",1.270742730052922E-2,8588848247.4697771,null,{"$f":"ROUND(D17*E17, 2)","v":109142164.7},{"$f":"G17/327674099.56","v":0.33308145149877832},{"$f":"H17*total_current_wholesale_network","v":112291003.80582911},{"$f":"IF(ISERROR(I17/E17), 0, I17/E17)","v":1.3074046783736033E-2}]
["GENERAL SERVICE LESS THAN 50 KW SERVICE CLASSIFICATION","Retail Transmission Rate - Network Service Rate","$/kWh",1.1469710836806127E-2,2898800092.0918069,null,{"$f":"ROUND(D18*E18, 2)","v":33248398.829999998},{"$f":"G18/327674099.56","v":0.10146788798579402},34207641.838693112,{"$f":"IF(ISERROR(I18/E18), 0, I18/E18)","v":1.1800621205999924E-2}]
["GENERAL SERVICE 50 to 4,999 kW SERVICE CLASSIFICATION","Retail Transmission Rate - Network Service Rate","$/kW",4.6631978708210529,0,33652794.092644684,{"$f":"ROUND(D19*F19, 2)","v":156929637.75999999},0.47891987181997214,161457183.84267619,{"$f":"IF(ISERROR(I19/F19), 0, I19/F19)","v":4.7977348745008088}]
["GENERAL SERVICE 50 to 4,999 kW SERVICE CLASSIFICATION","Retail Transmission Rate - Network Service Rate - EV CHARGING","$/kW",0.8129418640939321,0,153743.53999999998,{"$f":"ROUND(D20*F20, 2)","v":124984.56},3.8142947571330466E-4,128590.46493357554,{"$f":"IF(ISERROR(I20/F20), 0, I20/F20)","v":0.83639588976275392}]
["LARGE USE SERVICE CLASSIFICATION","Retail Transmission Rate - Network Service Rate","$/kW",5.1801652379221403,0,3575954.6982,{"$f":"ROUND(D21*F21, 2)","v":18524036.219999999},5.6531890206989295E-2,19058469.54196737,{"$f":"IF(ISERROR(I21/F21), 0, I21/F21)","v":5.3296171653294939}]
["LARGE USE WITH DEDICATED ASSETS SERVICE CLASSIFICATION","Retail Transmission Rate - Network Service Rate","$/kW",5.0650472220189027,0,1601505.3413,{"$f":"ROUND(D22*F22, 2)","v":8111700.1799999997},2.4755390160199939E-2,8345729.2448600717,{"$f":"IF(ISERROR(I22/F22), 0, I22/F22)","v":5.2111779022138887}]
["UNMETERED SCATTERED LOAD SERVICE CLASSIFICATION","Retail Transmission Rate - Network Service Rate","$/kWh",1.1342033100696411E-2,48174769.474658884,null,{"$f":"ROUND(D23*E23, 2)","v":546399.82999999996},1.6675099763261861E-3,562163.90392002533,{"$f":"IF(ISERROR(I23/E23), 0, I23/E23)","v":1.1669259864662921E-2}]
["SENTINEL LIGHTING SERVICE CLASSIFICATION","Retail Transmission Rate - Network Service Rate","$/kW",3.6220986781149493,0,1987.7536864200001,{"$f":"ROUND(D24*F24, 2)","v":7199.84},2.1972563622416079E-5,7407.5611663341024,{"$f":"IF(ISERROR(I24/F24), 0, I24/F24)","v":3.7265991339577527}]
["STREET LIGHTING SERVICE CLASSIFICATION","Retail Transmission Rate - Network Service Rate","$/kW",3.9675630231174548,0,262019.18758260002,{"$f":"ROUND(D25*F25, 2)","v":1039577.64},3.1725963126043298E-3,1069570.2898193924,{"$f":"IF(ISERROR(I25/F25), 0, I25/F25)","v":4.0820304027628378}]
[]
["The purpose of this table is to re-align the current RTS Connection Rates to recover current wholesale connection costs."]
["Rate Class","Rate Description","Unit","Current RTSR-Connection","Loss Adjusted Billed kWh","Billed kW","Billed Amount","Billed Amount %","Current Wholesale Billing","Adjusted RTSR-Connection"]
[]
["RESIDENTIAL SERVICE CLASSIFICATION","Retail Transmission Rate - Line and Transformation Connection Service Rate","$/kWh",7.6076569555468708E-3,8588848247.4697771,null,{"$f":"ROUND(D30*E30, 2)","v":65341011.109999999},{"$f":"G30/197974054.65","v":0.33004835520248815},{"$f":"H30*Total_Current_Wholesale_Lineplus","v":67206301.918594584},{"$f":"IF(ISERROR(I30/E30), 0, I30/E30)","v":7.8248328509463606E-3}]
["GENERAL SERVICE LESS THAN 50 KW SERVICE CLASSIFICATION","Retail Transmission Rate - Line and Transformation Connection Service Rate","$/kWh",6.7920316249860417E-3,2898800092.0918069,null,{"$f":"ROUND(D31*E31, 2)","v":19688741.899999999},{"$f":"G31/197974054.65","v":9.9451122192793853E-2},20250796.705626361,{"$f":"IF(ISERROR(I31/E31), 0, I31/E31)","v":6.9859238520353284E-3}]
["GENERAL SERVICE 50 to 4,999 kW SERVICE CLASSIFICATION","Retail Transmission Rate - Line and Transformation Connection Service Rate","$/kW",2.7732650713361786,0,33652794.092644684,{"$f":"ROUND(D32*F32, 2)","v":93328118.409999996},0.47141590636710229,95992357.583779126,{"$f":"IF(ISERROR(I32/F32), 0, I32/F32)","v":2.8524335102611786}]
["GENERAL SERVICE 50 to 4,999 kW SERVICE CLASSIFICATION","Retail Transmission Rate - Line and Transformation Connection Service Rate - EV CHARGING","$/kW",0.42691205106894253,0,153743.53999999998,{"$f":"ROUND(D33*F33, 2)","v":65634.97},3.3153319062963384E-4,67508.652457366261,{"$f":"IF(ISERROR(I33/F33), 0, I33/F33)","v":0.43909911569205617}]
["LARGE USE SERVICE CLASSIFICATION","Retail Transmission Rate - Line and Transformation Connection Service Rate","$/kW",3.5064847371561143,0,3575954.6982,{"$f":"ROUND(D34*F34, 2)","v":12539030.57},6.3336736685864509E-2,12896982.460758666,{"$f":"IF(ISERROR(I34/F34), 0, I34/F34)","v":3.6065844087036441}]
["LARGE USE WITH DEDICATED ASSETS SERVICE CLASSIFICATION","Retail Transmission Rate - Line and Transformation Connection Service Rate","$/kW",3.8014725040242983,0,1601505.3413,{"$f":"ROUND(D35*F35, 2)","v":6088078.5199999996},3.0751900953704083E-2,6261874.9873708589,{"$f":"IF(ISERROR(I35/F35), 0, I35/F35)","v":3.9099931957066518}]
["UNMETERED SCATTERED LOAD SERVICE CLASSIFICATION","Retail Transmission Rate - Line and Transformation Connection Service Rate","$/kWh",7.0360793356427391E-3,48174769.474658884,null,{"$f":"ROUND(D36*E36, 2)","v":338961.5},1.7121511230310097E-3,348637.83894359291,{"$f":"IF(ISERROR(I36/E36), 0, I36/E36)","v":7.2369383962903027E-3}]
["SENTINEL LIGHTING SERVICE CLASSIFICATION","Retail Transmission Rate - Line and Transformation Connection Service Rate","$/kW",2.2055650204306363,0,1987.7536864200001,{"$f":"ROUND(D37*F37, 2)","v":4384.12},2.2144922008849708E-5,4509.2735383498848,{"$f":"IF(ISERROR(I37/F37), 0, I37/F37)","v":2.2685273176231471}]
["STREET LIGHTING SERVICE CLASSIFICATION","Retail Transmission Rate - Line and Transformation Connection Service Rate","$/kW",2.2139353814198395,0,262019.18758260002,{"$f":"ROUND(D38*F38, 2)","v":580093.55000000005},2.9301493623775715E-3,596653.48913406709,{"$f":"IF(ISERROR(I38/F38), 0, I38/F38)","v":2.277136627431056}]
[]
["The purpose of this table is to update the re-aligned RTS Network Rates to recover future wholesale network costs."]
["Rate Class","Rate Description","Unit","Adjusted RTSR-Network","Loss Adjusted Billed kWh","Billed kW","Billed Amount","Billed Amount %","Forecast Wholesale Billing","Proposed RTSR-Network"]
[]
["RESIDENTIAL SERVICE CLASSIFICATION","Retail Transmission Rate - Network Service Rate","$/kWh",{"$f":"+J17","v":1.3074046783736033E-2},9361555366.5727253,0,{"$f":"I17","v":112291003.80582911},{"$f":"G43/337127760.493865","v":0.33308145149877849},{"$f":"H43*forecast_wholesale_network_28","v":116827560.35958466},{"$f":"IF(ISERROR(I43/E43), 0, I43/E43)","v":1.2479503221947545E-2}]
["GENERAL SERVICE LESS THAN 50 KW SERVICE CLASSIFICATION","Retail Transmission Rate - Network Service Rate","$/kWh",1.1800621205999924E-2,3064889592.956634,0,34207641.838693112,{"$f":"G44/337127760.493865","v":0.10146788798579409},35589630.568976335,{"$f":"IF(ISERROR(I44/E44), 0, I44/E44)","v":1.1612043269279325E-2}]
["GENERAL SERVICE 50 to 4,999 kW SERVICE CLASSIFICATION","Retail Transmission Rate - Network Service Rate","$/kW",4.7977348745008088,0,34407709.577154018,161457183.84267619,0.47891987181997242,167980054.06992039,{"$f":"IF(ISERROR(I45/F45), 0, I45/F45)","v":4.8820469637262791}]
["GENERAL SERVICE 50 to 4,999 kW SERVICE CLASSIFICATION","Retail Transmission Rate - Network Service Rate - EV CHARGING","$/kW",0.83639588976275392,0,155456.72393776177,128590.46493357554,3.8142947571330487E-4,133785.51971689207,{"$f":"IF(ISERROR(I46/F46), 0, I46/F46)","v":0.86059654628032733}]
["LARGE USE SERVICE CLASSIFICATION","Retail Transmission Rate - Network Service Rate","$/kW",5.3296171653294939,0,4062419.7406213358,19058469.54196737,5.6531890206989323E-2,19828431.711462859,{"$f":"IF(ISERROR(I47/F47), 0, I47/F47)","v":4.8809411576042994}]
["LARGE USE WITH DEDICATED ASSETS SERVICE CLASSIFICATION","Retail Transmission Rate - Network Service Rate","$/kW",5.2111779022138887,0,1601912.0256666667,8345729.2448600717,2.4755390160199953E-2,8682896.7063524239,{"$f":"IF(ISERROR(I48/F48), 0, I48/F48)","v":5.4203330565165517}]
["UNMETERED SCATTERED LOAD SERVICE CLASSIFICATION","Retail Transmission Rate - Network Service Rate","$/kWh",1.1669259864662921E-2,49502270.292000003,0,562163.90392002533,1.6675099763261872E-3,584875.32563839469,{"$f":"IF(ISERROR(I49/E49), 0, I49/E49)","v":1.181512124976045E-2}]
["SENTINEL LIGHTING SERVICE CLASSIFICATION","Retail Transmission Rate - Network Service Rate","$/kW",3.7265991339577527,0,1558.7999999999997,7407.5611663341024,2.1972563622416089E-5,7706.8266374540035,{"$f":"IF(ISERROR(I50/F50), 0, I50/F50)","v":4.944076621410062}]
["STREET LIGHTING SERVICE CLASSIFICATION","Retail Transmission Rate - Network Service Rate","$/kW",4.0820304027628378,0,264120,1069570.2898193924,3.1725963126043315E-3,1112780.9295280962,{"$f":"IF(ISERROR(I51/F51), 0, I51/F51)","v":4.2131642038773895}]
[]
["The purpose of this table is to update the re-aligned RTS Connection Rates to recover future wholesale connection costs."]
["Rate Class","Rate Description","Unit","Adjusted RTSR-Connection","Loss Adjusted Billed kWh","Billed kW","Billed Amount","Billed Amount %","Forecast Wholesale Billing","Proposed RTSR-Connection"]
[]
["RESIDENTIAL SERVICE CLASSIFICATION","Retail Transmission Rate - Line and Transformation Connection Service Rate","$/kWh",{"$f":"J30","v":7.8248328509463606E-3},9361555366.5727253,0,{"$f":"I30","v":67206301.918594584},{"$f":"G56/203625622.92","v":0.33004835518660858},{"$f":"H56*forecast_wholesale_lineplus_28","v":69921436.512741685},{"$f":"IF(ISERROR(I56/E56), 0, I56/E56)","v":7.4689978080362505E-3}]
["GENERAL SERVICE LESS THAN 50 KW SERVICE CLASSIFICATION","Retail Transmission Rate - Line and Transformation Connection Service Rate","$/kWh",6.9859238520353284E-3,3064889592.956634,0,20250796.705626361,9.9451122188008986E-2,21068928.891519979,{"$f":"IF(ISERROR(I57/E57), 0, I57/E57)","v":6.8742864147335334E-3}]
["GENERAL SERVICE 50 to 4,999 kW SERVICE CLASSIFICATION","Retail Transmission Rate - Line and Transformation Connection Service Rate","$/kW",2.8524335102611786,0,34407709.577154018,95992357.583779126,0.47141590634442115,99870448.825358748,{"$f":"IF(ISERROR(I58/F58), 0, I58/F58)","v":2.9025602126004513}]
["GENERAL SERVICE 50 to 4,999 kW SERVICE CLASSIFICATION","Retail Transmission Rate - Line and Transformation Connection Service Rate - EV CHARGING","$/kW",0.43909911569205617,0,155456.72393776177,67508.652457366261,3.3153319061368284E-4,70236.002013264602,{"$f":"IF(ISERROR(I59/F59), 0, I59/F59)","v":0.45180420784747849}]
["LARGE USE SERVICE CLASSIFICATION","Retail Transmission Rate - Line and Transformation Connection Service Rate","$/kW",3.6065844087036441,0,4062419.7406213358,12896982.460758666,6.3336736682817196E-2,13418020.551527737,{"$f":"IF(ISERROR(I60/F60), 0, I60/F60)","v":3.3029626203705598}]
["LARGE USE WITH DEDICATED ASSETS SERVICE CLASSIFICATION","Retail Transmission Rate - Line and Transformation Connection Service Rate","$/kW",3.9099931957066518,0,1601912.0256666667,6261874.9873708589,3.075190095222452E-2,6514854.7365471935,{"$f":"IF(ISERROR(I61/F61), 0, I61/F61)","v":4.0669241707177459}]
["UNMETERED SCATTERED LOAD SERVICE CLASSIFICATION","Retail Transmission Rate - Line and Transformation Connection Service Rate","$/kWh",7.2369383962903027E-3,49502270.292000003,0,348637.83894359291,1.7121511229486331E-3,362722.80761946243,{"$f":"IF(ISERROR(I62/E62), 0, I62/E62)","v":7.3273974199539208E-3}]
["SENTINEL LIGHTING SERVICE CLASSIFICATION","Retail Transmission Rate - Line and Transformation Connection Service Rate","$/kW",2.2685273176231471,0,1558.7999999999997,4509.2735383498848,2.2144922007784252E-5,4691.4481890735015,{"$f":"IF(ISERROR(I63/F63), 0, I63/F63)","v":3.0096537009709405}]
["STREET LIGHTING SERVICE CLASSIFICATION","Retail Transmission Rate - Line and Transformation Connection Service Rate","$/kW",2.277136627431056,0,264120,596653.48913406709,2.9301493622365935E-3,620758.29006521695,{"$f":"IF(ISERROR(I64/F64), 0, I64/F64)","v":2.3502888462260221}]

{"sheet":"8. 2029 RTSR Rates to Forecast","index":15,"n_rows":64,"n_cols":10,"rows_kept":64,"cut":false,"hidden":false,"merged":[]}
[]
[]
[]
[]
[]
[]
[]
[]
[]
[]
[]
[]
["The purpose of this sheet is to re-align the current RTS Network Rates to recover current wholesale network costs."]
[]
["Rate Class","Rate Description","Unit","Current RTSR-Network","Loss Adjusted Billed kWh","Billed kW","Billed Amount","Billed Amount %","Current Wholesale Billing","Adjusted RTSR Network"]
[]
["RESIDENTIAL SERVICE CLASSIFICATION","Retail Transmission Rate - Network Service Rate","$/kWh",1.270742730052922E-2,8588848247.4697771,null,{"$f":"ROUND(D17*E17, 2)","v":109142164.7},{"$f":"G17/327674099.56","v":0.33308145149877832},{"$f":"H17*total_current_wholesale_network","v":112291003.80582911},{"$f":"IF(ISERROR(I17/E17), 0, I17/E17)","v":1.3074046783736033E-2}]
["GENERAL SERVICE LESS THAN 50 KW SERVICE CLASSIFICATION","Retail Transmission Rate - Network Service Rate","$/kWh",1.1469710836806127E-2,2898800092.0918069,null,{"$f":"ROUND(D18*E18, 2)","v":33248398.829999998},{"$f":"G18/327674099.56","v":0.10146788798579402},34207641.838693112,{"$f":"IF(ISERROR(I18/E18), 0, I18/E18)","v":1.1800621205999924E-2}]
["GENERAL SERVICE 50 to 4,999 kW SERVICE CLASSIFICATION","Retail Transmission Rate - Network Service Rate","$/kW",4.6631978708210529,0,33652794.092644684,{"$f":"ROUND(D19*F19, 2)","v":156929637.75999999},0.47891987181997214,161457183.84267619,{"$f":"IF(ISERROR(I19/F19), 0, I19/F19)","v":4.7977348745008088}]
["GENERAL SERVICE 50 to 4,999 kW SERVICE CLASSIFICATION","Retail Transmission Rate - Network Service Rate - EV CHARGING","$/kW",0.8129418640939321,0,153743.53999999998,{"$f":"ROUND(D20*F20, 2)","v":124984.56},3.8142947571330466E-4,128590.46493357554,{"$f":"IF(ISERROR(I20/F20), 0, I20/F20)","v":0.83639588976275392}]
["LARGE USE SERVICE CLASSIFICATION","Retail Transmission Rate - Network Service Rate","$/kW",5.1801652379221403,0,3575954.6982,{"$f":"ROUND(D21*F21, 2)","v":18524036.219999999},5.6531890206989295E-2,19058469.54196737,{"$f":"IF(ISERROR(I21/F21), 0, I21/F21)","v":5.3296171653294939}]
["LARGE USE WITH DEDICATED ASSETS SERVICE CLASSIFICATION","Retail Transmission Rate - Network Service Rate","$/kW",5.0650472220189027,0,1601505.3413,{"$f":"ROUND(D22*F22, 2)","v":8111700.1799999997},2.4755390160199939E-2,8345729.2448600717,{"$f":"IF(ISERROR(I22/F22), 0, I22/F22)","v":5.2111779022138887}]
["UNMETERED SCATTERED LOAD SERVICE CLASSIFICATION","Retail Transmission Rate - Network Service Rate","$/kWh",1.1342033100696411E-2,48174769.474658884,null,{"$f":"ROUND(D23*E23, 2)","v":546399.82999999996},1.6675099763261861E-3,562163.90392002533,{"$f":"IF(ISERROR(I23/E23), 0, I23/E23)","v":1.1669259864662921E-2}]
["SENTINEL LIGHTING SERVICE CLASSIFICATION","Retail Transmission Rate - Network Service Rate","$/kW",3.6220986781149493,0,1987.7536864200001,{"$f":"ROUND(D24*F24, 2)","v":7199.84},2.1972563622416079E-5,7407.5611663341024,{"$f":"IF(ISERROR(I24/F24), 0, I24/F24)","v":3.7265991339577527}]
["STREET LIGHTING SERVICE CLASSIFICATION","Retail Transmission Rate - Network Service Rate","$/kW",3.9675630231174548,0,262019.18758260002,{"$f":"ROUND(D25*F25, 2)","v":1039577.64},3.1725963126043298E-3,1069570.2898193924,{"$f":"IF(ISERROR(I25/F25), 0, I25/F25)","v":4.0820304027628378}]
[]
["The purpose of this table is to re-align the current RTS Connection Rates to recover current wholesale connection costs."]
["Rate Class","Rate Description","Unit","Current RTSR-Connection","Loss Adjusted Billed kWh","Billed kW","Billed Amount","Billed Amount %","Current Wholesale Billing","Adjusted RTSR-Connection"]
[]
["RESIDENTIAL SERVICE CLASSIFICATION","Retail Transmission Rate - Line and Transformation Connection Service Rate","$/kWh",7.6076569555468708E-3,8588848247.4697771,null,{"$f":"ROUND(D30*E30, 2)","v":65341011.109999999},{"$f":"G30/197974054.65","v":0.33004835520248815},{"$f":"H30*Total_Current_Wholesale_Lineplus","v":67206301.918594584},{"$f":"IF(ISERROR(I30/E30), 0, I30/E30)","v":7.8248328509463606E-3}]
["GENERAL SERVICE LESS THAN 50 KW SERVICE CLASSIFICATION","Retail Transmission Rate - Line and Transformation Connection Service Rate","$/kWh",6.7920316249860417E-3,2898800092.0918069,null,{"$f":"ROUND(D31*E31, 2)","v":19688741.899999999},{"$f":"G31/197974054.65","v":9.9451122192793853E-2},20250796.705626361,{"$f":"IF(ISERROR(I31/E31), 0, I31/E31)","v":6.9859238520353284E-3}]
["GENERAL SERVICE 50 to 4,999 kW SERVICE CLASSIFICATION","Retail Transmission Rate - Line and Transformation Connection Service Rate","$/kW",2.7732650713361786,0,33652794.092644684,{"$f":"ROUND(D32*F32, 2)","v":93328118.409999996},0.47141590636710229,95992357.583779126,{"$f":"IF(ISERROR(I32/F32), 0, I32/F32)","v":2.8524335102611786}]
["GENERAL SERVICE 50 to 4,999 kW SERVICE CLASSIFICATION","Retail Transmission Rate - Line and Transformation Connection Service Rate - EV CHARGING","$/kW",0.42691205106894253,0,153743.53999999998,{"$f":"ROUND(D33*F33, 2)","v":65634.97},3.3153319062963384E-4,67508.652457366261,{"$f":"IF(ISERROR(I33/F33), 0, I33/F33)","v":0.43909911569205617}]
["LARGE USE SERVICE CLASSIFICATION","Retail Transmission Rate - Line and Transformation Connection Service Rate","$/kW",3.5064847371561143,0,3575954.6982,{"$f":"ROUND(D34*F34, 2)","v":12539030.57},6.3336736685864509E-2,12896982.460758666,{"$f":"IF(ISERROR(I34/F34), 0, I34/F34)","v":3.6065844087036441}]
["LARGE USE WITH DEDICATED ASSETS SERVICE CLASSIFICATION","Retail Transmission Rate - Line and Transformation Connection Service Rate","$/kW",3.8014725040242983,0,1601505.3413,{"$f":"ROUND(D35*F35, 2)","v":6088078.5199999996},3.0751900953704083E-2,6261874.9873708589,{"$f":"IF(ISERROR(I35/F35), 0, I35/F35)","v":3.9099931957066518}]
["UNMETERED SCATTERED LOAD SERVICE CLASSIFICATION","Retail Transmission Rate - Line and Transformation Connection Service Rate","$/kWh",7.0360793356427391E-3,48174769.474658884,null,{"$f":"ROUND(D36*E36, 2)","v":338961.5},1.7121511230310097E-3,348637.83894359291,{"$f":"IF(ISERROR(I36/E36), 0, I36/E36)","v":7.2369383962903027E-3}]
["SENTINEL LIGHTING SERVICE CLASSIFICATION","Retail Transmission Rate - Line and Transformation Connection Service Rate","$/kW",2.2055650204306363,0,1987.7536864200001,{"$f":"ROUND(D37*F37, 2)","v":4384.12},2.2144922008849708E-5,4509.2735383498848,{"$f":"IF(ISERROR(I37/F37), 0, I37/F37)","v":2.2685273176231471}]
["STREET LIGHTING SERVICE CLASSIFICATION","Retail Transmission Rate - Line and Transformation Connection Service Rate","$/kW",2.2139353814198395,0,262019.18758260002,{"$f":"ROUND(D38*F38, 2)","v":580093.55000000005},2.9301493623775715E-3,596653.48913406709,{"$f":"IF(ISERROR(I38/F38), 0, I38/F38)","v":2.277136627431056}]
[]
["The purpose of this table is to update the re-aligned RTS Network Rates to recover future wholesale network costs."]
["Rate Class","Rate Description","Unit","Adjusted RTSR-Network","Loss Adjusted Billed kWh","Billed kW","Billed Amount","Billed Amount %","Forecast Wholesale Billing","Proposed RTSR-Network"]
[]
["RESIDENTIAL SERVICE CLASSIFICATION","Retail Transmission Rate - Network Service Rate","$/kWh",{"$f":"+J17","v":1.3074046783736033E-2},9700955883.8281498,0,{"$f":"I17","v":112291003.80582911},{"$f":"G43/337127760.493865","v":0.33308145149877849},{"$f":"H43*forecast_wholesale_network_29","v":119164111.56677634},{"$f":"IF(ISERROR(I43/E43), 0, I43/E43)","v":1.2283749456631103E-2}]
["GENERAL SERVICE LESS THAN 50 KW SERVICE CLASSIFICATION","Retail Transmission Rate - Network Service Rate","$/kWh",1.1800621205999924E-2,3157176487.9668775,0,34207641.838693112,{"$f":"G44/337127760.493865","v":0.10146788798579409},36301423.180355854,{"$f":"IF(ISERROR(I44/E44), 0, I44/E44)","v":1.1498065856854532E-2}]
["GENERAL SERVICE 50 to 4,999 kW SERVICE CLASSIFICATION","Retail Transmission Rate - Network Service Rate","$/kW",4.7977348745008088,0,34581956.043925382,161457183.84267619,0.47891987181997242,171339655.15131879,{"$f":"IF(ISERROR(I45/F45), 0, I45/F45)","v":4.9545969850197666}]
["GENERAL SERVICE 50 to 4,999 kW SERVICE CLASSIFICATION","Retail Transmission Rate - Network Service Rate - EV CHARGING","$/kW",0.83639588976275392,0,158834.47760238775,128590.46493357554,3.8142947571330487E-4,136461.2301112299,{"$f":"IF(ISERROR(I46/F46), 0, I46/F46)","v":0.85914111451819009}]
["LARGE USE SERVICE CLASSIFICATION","Retail Transmission Rate - Network Service Rate","$/kW",5.3296171653294939,0,4234072.3643019665,19058469.54196737,5.6531890206989323E-2,20225000.345692117,{"$f":"IF(ISERROR(I47/F47), 0, I47/F47)","v":4.7767252435768022}]
["LARGE USE WITH DEDICATED ASSETS SERVICE CLASSIFICATION","Retail Transmission Rate - Network Service Rate","$/kW",5.2111779022138887,0,1605512.0256666667,8345729.2448600717,2.4755390160199953E-2,8856554.6404794715,{"$f":"IF(ISERROR(I48/F48), 0, I48/F48)","v":5.5163427609967046}]
["UNMETERED SCATTERED LOAD SERVICE CLASSIFICATION","Retail Transmission Rate - Network Service Rate","$/kWh",1.1669259864662921E-2,49880512.836000003,0,562163.90392002533,1.6675099763261872E-3,596572.83215116244,{"$f":"IF(ISERROR(I49/E49), 0, I49/E49)","v":1.1960038063614314E-2}]
["SENTINEL LIGHTING SERVICE CLASSIFICATION","Retail Transmission Rate - Network Service Rate","$/kW",3.7265991339577527,0,1488.8999999999996,7407.5611663341024,2.1972563622416089E-5,7860.9631702030829,{"$f":"IF(ISERROR(I50/F50), 0, I50/F50)","v":5.2797119821365337}]
["STREET LIGHTING SERVICE CLASSIFICATION","Retail Transmission Rate - Network Service Rate","$/kW",4.0820304027628378,0,265150,1069570.2898193924,3.1725963126043315E-3,1135036.5481186581,{"$f":"IF(ISERROR(I51/F51), 0, I51/F51)","v":4.2807337285259592}]
[]
["The purpose of this table is to update the re-aligned RTS Connection Rates to recover future wholesale connection costs."]
["Rate Class","Rate Description","Unit","Adjusted RTSR-Connection","Loss Adjusted Billed kWh","Billed kW","Billed Amount","Billed Amount %","Forecast Wholesale Billing","Proposed RTSR-Connection"]
[]
["RESIDENTIAL SERVICE CLASSIFICATION","Retail Transmission Rate - Line and Transformation Connection Service Rate","$/kWh",{"$f":"J30","v":7.8248328509463606E-3},9700955883.8281498,0,{"$f":"I30","v":67206301.918594584},{"$f":"G56/203625622.92","v":0.33004835518660858},{"$f":"H56*forecast_wholesale_lineplus_29","v":71319865.242996514},{"$f":"IF(ISERROR(I56/E56), 0, I56/E56)","v":7.3518389421695397E-3}]
["GENERAL SERVICE LESS THAN 50 KW SERVICE CLASSIFICATION","Retail Transmission Rate - Line and Transformation Connection Service Rate","$/kWh",6.9859238520353284E-3,3157176487.9668775,0,20250796.705626361,9.9451122188008986E-2,21490307.469350383,{"$f":"IF(ISERROR(I57/E57), 0, I57/E57)","v":6.8068122106121048E-3}]
["GENERAL SERVICE 50 to 4,999 kW SERVICE CLASSIFICATION","Retail Transmission Rate - Line and Transformation Connection Service Rate","$/kW",2.8524335102611786,0,34581956.043925382,95992357.583779126,0.47141590634442115,101867857.80186594,{"$f":"IF(ISERROR(I58/F58), 0, I58/F58)","v":2.9456939240936864}]
["GENERAL SERVICE 50 to 4,999 kW SERVICE CLASSIFICATION","Retail Transmission Rate - Line and Transformation Connection Service Rate - EV CHARGING","$/kW",0.43909911569205617,0,158834.47760238775,67508.652457366261,3.3153319061368284E-4,71640.722053529898,{"$f":"IF(ISERROR(I59/F59), 0, I59/F59)","v":0.45104012135746102}]
["LARGE USE SERVICE CLASSIFICATION","Retail Transmission Rate - Line and Transformation Connection Service Rate","$/kW",3.6065844087036441,0,4234072.3643019665,12896982.460758666,6.3336736682817196E-2,13686380.962558292,{"$f":"IF(ISERROR(I60/F60), 0, I60/F60)","v":3.2324390763724331}]
["LARGE USE WITH DEDICATED ASSETS SERVICE CLASSIFICATION","Retail Transmission Rate - Line and Transformation Connection Service Rate","$/kW",3.9099931957066518,0,1605512.0256666667,6261874.9873708589,3.075190095222452E-2,6645151.8312781369,{"$f":"IF(ISERROR(I61/F61), 0, I61/F61)","v":4.1389611071389076}]
["UNMETERED SCATTERED LOAD SERVICE CLASSIFICATION","Retail Transmission Rate - Line and Transformation Connection Service Rate","$/kWh",7.2369383962903027E-3,49880512.836000003,0,348637.83894359291,1.7121511229486331E-3,369977.26377185172,{"$f":"IF(ISERROR(I62/E62), 0, I62/E62)","v":7.4172706481243304E-3}]
["SENTINEL LIGHTING SERVICE CLASSIFICATION","Retail Transmission Rate - Line and Transformation Connection Service Rate","$/kW",2.2685273176231471,0,1488.8999999999996,4509.2735383498848,2.2144922007784252E-5,4785.277152854972,{"$f":"IF(ISERROR(I63/F63), 0, I63/F63)","v":3.2139681327523495}]
["STREET LIGHTING SERVICE CLASSIFICATION","Retail Transmission Rate - Line and Transformation Connection Service Rate","$/kW",2.277136627431056,0,265150,596653.48913406709,2.9301493622365935E-3,633173.45586652122,{"$f":"IF(ISERROR(I64/F64), 0, I64/F64)","v":2.3879821077372099}]

{"sheet":"8. 2030 RTSR Rates to Forecast","index":16,"n_rows":64,"n_cols":10,"rows_kept":64,"cut":false,"hidden":false,"merged":[]}
[]
[]
[]
[]
[]
[]
[]
[]
[]
[]
[]
[]
["The purpose of this sheet is to re-align the current RTS Network Rates to recover current wholesale network costs."]
[]
["Rate Class","Rate Description","Unit","Current RTSR-Network","Loss Adjusted Billed kWh","Billed kW","Billed Amount","Billed Amount %","Current Wholesale Billing","Adjusted RTSR Network"]
[]
["RESIDENTIAL SERVICE CLASSIFICATION","Retail Transmission Rate - Network Service Rate","$/kWh",1.270742730052922E-2,8588848247.4697771,null,{"$f":"ROUND(D17*E17, 2)","v":109142164.7},{"$f":"G17/327674099.56","v":0.33308145149877832},{"$f":"H17*total_current_wholesale_network","v":112291003.80582911},{"$f":"IF(ISERROR(I17/E17), 0, I17/E17)","v":1.3074046783736033E-2}]
["GENERAL SERVICE LESS THAN 50 KW SERVICE CLASSIFICATION","Retail Transmission Rate - Network Service Rate","$/kWh",1.1469710836806127E-2,2898800092.0918069,null,{"$f":"ROUND(D18*E18, 2)","v":33248398.829999998},{"$f":"G18/327674099.56","v":0.10146788798579402},34207641.838693112,{"$f":"IF(ISERROR(I18/E18), 0, I18/E18)","v":1.1800621205999924E-2}]
["GENERAL SERVICE 50 to 4,999 kW SERVICE CLASSIFICATION","Retail Transmission Rate - Network Service Rate","$/kW",4.6631978708210529,0,33652794.092644684,{"$f":"ROUND(D19*F19, 2)","v":156929637.75999999},0.47891987181997214,161457183.84267619,{"$f":"IF(ISERROR(I19/F19), 0, I19/F19)","v":4.7977348745008088}]
["GENERAL SERVICE 50 to 4,999 kW SERVICE CLASSIFICATION","Retail Transmission Rate - Network Service Rate - EV CHARGING","$/kW",0.8129418640939321,0,153743.53999999998,{"$f":"ROUND(D20*F20, 2)","v":124984.56},3.8142947571330466E-4,128590.46493357554,{"$f":"IF(ISERROR(I20/F20), 0, I20/F20)","v":0.83639588976275392}]
["LARGE USE SERVICE CLASSIFICATION","Retail Transmission Rate - Network Service Rate","$/kW",5.1801652379221403,0,3575954.6982,{"$f":"ROUND(D21*F21, 2)","v":18524036.219999999},5.6531890206989295E-2,19058469.54196737,{"$f":"IF(ISERROR(I21/F21), 0, I21/F21)","v":5.3296171653294939}]
["LARGE USE WITH DEDICATED ASSETS SERVICE CLASSIFICATION","Retail Transmission Rate - Network Service Rate","$/kW",5.0650472220189027,0,1601505.3413,{"$f":"ROUND(D22*F22, 2)","v":8111700.1799999997},2.4755390160199939E-2,8345729.2448600717,{"$f":"IF(ISERROR(I22/F22), 0, I22/F22)","v":5.2111779022138887}]
["UNMETERED SCATTERED LOAD SERVICE CLASSIFICATION","Retail Transmission Rate - Network Service Rate","$/kWh",1.1342033100696411E-2,48174769.474658884,null,{"$f":"ROUND(D23*E23, 2)","v":546399.82999999996},1.6675099763261861E-3,562163.90392002533,{"$f":"IF(ISERROR(I23/E23), 0, I23/E23)","v":1.1669259864662921E-2}]
["SENTINEL LIGHTING SERVICE CLASSIFICATION","Retail Transmission Rate - Network Service Rate","$/kW",3.6220986781149493,0,1987.7536864200001,{"$f":"ROUND(D24*F24, 2)","v":7199.84},2.1972563622416079E-5,7407.5611663341024,{"$f":"IF(ISERROR(I24/F24), 0, I24/F24)","v":3.7265991339577527}]
["STREET LIGHTING SERVICE CLASSIFICATION","Retail Transmission Rate - Network Service Rate","$/kW",3.9675630231174548,0,262019.18758260002,{"$f":"ROUND(D25*F25, 2)","v":1039577.64},3.1725963126043298E-3,1069570.2898193924,{"$f":"IF(ISERROR(I25/F25), 0, I25/F25)","v":4.0820304027628378}]
[]
["The purpose of this table is to re-align the current RTS Connection Rates to recover current wholesale connection costs."]
["Rate Class","Rate Description","Unit","Current RTSR-Connection","Loss Adjusted Billed kWh","Billed kW","Billed Amount","Billed Amount %","Current Wholesale Billing","Adjusted RTSR-Connection"]
[]
["RESIDENTIAL SERVICE CLASSIFICATION","Retail Transmission Rate - Line and Transformation Connection Service Rate","$/kWh",7.6076569555468708E-3,8588848247.4697771,null,{"$f":"ROUND(D30*E30, 2)","v":65341011.109999999},{"$f":"G30/197974054.65","v":0.33004835520248815},{"$f":"H30*Total_Current_Wholesale_Lineplus","v":67206301.918594584},{"$f":"IF(ISERROR(I30/E30), 0, I30/E30)","v":7.8248328509463606E-3}]
["GENERAL SERVICE LESS THAN 50 KW SERVICE CLASSIFICATION","Retail Transmission Rate - Line and Transformation Connection Service Rate","$/kWh",6.7920316249860417E-3,2898800092.0918069,null,{"$f":"ROUND(D31*E31, 2)","v":19688741.899999999},{"$f":"G31/197974054.65","v":9.9451122192793853E-2},20250796.705626361,{"$f":"IF(ISERROR(I31/E31), 0, I31/E31)","v":6.9859238520353284E-3}]
["GENERAL SERVICE 50 to 4,999 kW SERVICE CLASSIFICATION","Retail Transmission Rate - Line and Transformation Connection Service Rate","$/kW",2.7732650713361786,0,33652794.092644684,{"$f":"ROUND(D32*F32, 2)","v":93328118.409999996},0.47141590636710229,95992357.583779126,{"$f":"IF(ISERROR(I32/F32), 0, I32/F32)","v":2.8524335102611786}]
["GENERAL SERVICE 50 to 4,999 kW SERVICE CLASSIFICATION","Retail Transmission Rate - Line and Transformation Connection Service Rate - EV CHARGING","$/kW",0.42691205106894253,0,153743.53999999998,{"$f":"ROUND(D33*F33, 2)","v":65634.97},3.3153319062963384E-4,67508.652457366261,{"$f":"IF(ISERROR(I33/F33), 0, I33/F33)","v":0.43909911569205617}]
["LARGE USE SERVICE CLASSIFICATION","Retail Transmission Rate - Line and Transformation Connection Service Rate","$/kW",3.5064847371561143,0,3575954.6982,{"$f":"ROUND(D34*F34, 2)","v":12539030.57},6.3336736685864509E-2,12896982.460758666,{"$f":"IF(ISERROR(I34/F34), 0, I34/F34)","v":3.6065844087036441}]
["LARGE USE WITH DEDICATED ASSETS SERVICE CLASSIFICATION","Retail Transmission Rate - Line and Transformation Connection Service Rate","$/kW",3.8014725040242983,0,1601505.3413,{"$f":"ROUND(D35*F35, 2)","v":6088078.5199999996},3.0751900953704083E-2,6261874.9873708589,{"$f":"IF(ISERROR(I35/F35), 0, I35/F35)","v":3.9099931957066518}]
["UNMETERED SCATTERED LOAD SERVICE CLASSIFICATION","Retail Transmission Rate - Line and Transformation Connection Service Rate","$/kWh",7.0360793356427391E-3,48174769.474658884,null,{"$f":"ROUND(D36*E36, 2)","v":338961.5},1.7121511230310097E-3,348637.83894359291,{"$f":"IF(ISERROR(I36/E36), 0, I36/E36)","v":7.2369383962903027E-3}]
["SENTINEL LIGHTING SERVICE CLASSIFICATION","Retail Transmission Rate - Line and Transformation Connection Service Rate","$/kW",2.2055650204306363,0,1987.7536864200001,{"$f":"ROUND(D37*F37, 2)","v":4384.12},2.2144922008849708E-5,4509.2735383498848,{"$f":"IF(ISERROR(I37/F37), 0, I37/F37)","v":2.2685273176231471}]
["STREET LIGHTING SERVICE CLASSIFICATION","Retail Transmission Rate - Line and Transformation Connection Service Rate","$/kW",2.2139353814198395,0,262019.18758260002,{"$f":"ROUND(D38*F38, 2)","v":580093.55000000005},2.9301493623775715E-3,596653.48913406709,{"$f":"IF(ISERROR(I38/F38), 0, I38/F38)","v":2.277136627431056}]
[]
["The purpose of this table is to update the re-aligned RTS Network Rates to recover future wholesale network costs."]
["Rate Class","Rate Description","Unit","Adjusted RTSR-Network","Loss Adjusted Billed kWh","Billed kW","Billed Amount","Billed Amount %","Forecast Wholesale Billing","Proposed RTSR-Network"]
[]
["RESIDENTIAL SERVICE CLASSIFICATION","Retail Transmission Rate - Network Service Rate","$/kWh",{"$f":"+J17","v":1.3074046783736033E-2},10135897178.473742,0,{"$f":"I17","v":112291003.80582911},{"$f":"G43/337127760.493865","v":0.33308145149877849},{"$f":"H43*forecast_wholesale_network_30","v":121547393.79811189},{"$f":"IF(ISERROR(I43/E43), 0, I43/E43)","v":1.1991774547225076E-2}]
["GENERAL SERVICE LESS THAN 50 KW SERVICE CLASSIFICATION","Retail Transmission Rate - Network Service Rate","$/kWh",1.1800621205999924E-2,3268830486.1652231,0,34207641.838693112,{"$f":"G44/337127760.493865","v":0.10146788798579409},37027451.643962979,{"$f":"IF(ISERROR(I44/E44), 0, I44/E44)","v":1.1327430957547496E-2}]
["GENERAL SERVICE 50 to 4,999 kW SERVICE CLASSIFICATION","Retail Transmission Rate - Network Service Rate","$/kW",4.7977348745008088,0,34689579.877229914,161457183.84267619,0.47891987181997242,174766448.25434518,{"$f":"IF(ISERROR(I45/F45), 0, I45/F45)","v":5.0380099405314818}]
["GENERAL SERVICE 50 to 4,999 kW SERVICE CLASSIFICATION","Retail Transmission Rate - Network Service Rate - EV CHARGING","$/kW",0.83639588976275392,0,161773.65972596081,128590.46493357554,3.8142947571330487E-4,139190.4547134545,{"$f":"IF(ISERROR(I46/F46), 0, I46/F46)","v":0.8604024595180606}]
["LARGE USE SERVICE CLASSIFICATION","Retail Transmission Rate - Network Service Rate","$/kW",5.3296171653294939,0,4611469.4404429914,19058469.54196737,5.6531890206989323E-2,20629500.352605961,{"$f":"IF(ISERROR(I47/F47), 0, I47/F47)","v":4.4735199092253399}]
["LARGE USE WITH DEDICATED ASSETS SERVICE CLASSIFICATION","Retail Transmission Rate - Network Service Rate","$/kW",5.2111779022138887,0,1605512.0256666667,8345729.2448600717,2.4755390160199953E-2,9033685.7332890611,{"$f":"IF(ISERROR(I48/F48), 0, I48/F48)","v":5.6266696162166383}]
["UNMETERED SCATTERED LOAD SERVICE CLASSIFICATION","Retail Transmission Rate - Network Service Rate","$/kWh",1.1669259864662921E-2,50259086.772000007,0,562163.90392002533,1.6675099763261872E-3,608504.28879418585,{"$f":"IF(ISERROR(I49/E49), 0, I49/E49)","v":1.2107348698050588E-2}]
["SENTINEL LIGHTING SERVICE CLASSIFICATION","Retail Transmission Rate - Network Service Rate","$/kW",3.7265991339577527,0,1448.8999999999996,7407.5611663341024,2.1972563622416089E-5,8018.1824336071459,{"$f":"IF(ISERROR(I50/F50), 0, I50/F50)","v":5.533979179796499}]
["STREET LIGHTING SERVICE CLASSIFICATION","Retail Transmission Rate - Network Service Rate","$/kW",4.0820304027628378,0,265240,1069570.2898193924,3.1725963126043315E-3,1157737.2790810314,{"$f":"IF(ISERROR(I51/F51), 0, I51/F51)","v":4.3648668341163903}]
[]
["The purpose of this table is to update the re-aligned RTS Connection Rates to recover future wholesale connection costs."]
["Rate Class","Rate Description","Unit","Adjusted RTSR-Connection","Loss Adjusted Billed kWh","Billed kW","Billed Amount","Billed Amount %","Forecast Wholesale Billing","Proposed RTSR-Connection"]
[]
["RESIDENTIAL SERVICE CLASSIFICATION","Retail Transmission Rate - Line and Transformation Connection Service Rate","$/kWh",{"$f":"J30","v":7.8248328509463606E-3},10135897178.473742,0,{"$f":"I30","v":67206301.918594584},{"$f":"G56/203625622.92","v":0.33004835518660858},{"$f":"H56*forecast_wholesale_lineplus_30","v":72746262.54785645},{"$f":"IF(ISERROR(I56/E56), 0, I56/E56)","v":7.1770916049101584E-3}]
["GENERAL SERVICE LESS THAN 50 KW SERVICE CLASSIFICATION","Retail Transmission Rate - Line and Transformation Connection Service Rate","$/kWh",6.9859238520353284E-3,3268830486.1652231,0,20250796.705626361,9.9451122188008986E-2,21920113.618737388,{"$f":"IF(ISERROR(I57/E57), 0, I57/E57)","v":6.7057969850411615E-3}]
["GENERAL SERVICE 50 to 4,999 kW SERVICE CLASSIFICATION","Retail Transmission Rate - Line and Transformation Connection Service Rate","$/kW",2.8524335102611786,0,34689579.877229914,95992357.583779126,0.47141590634442115,103905214.95790325,{"$f":"IF(ISERROR(I58/F58), 0, I58/F58)","v":2.9952860578200942}]
["GENERAL SERVICE 50 to 4,999 kW SERVICE CLASSIFICATION","Retail Transmission Rate - Line and Transformation Connection Service Rate - EV CHARGING","$/kW",0.43909911569205617,0,161773.65972596081,67508.652457366261,3.3153319061368284E-4,73073.536494600499,{"$f":"IF(ISERROR(I59/F59), 0, I59/F59)","v":0.4517023143222737}]
["LARGE USE SERVICE CLASSIFICATION","Retail Transmission Rate - Line and Transformation Connection Service Rate","$/kW",3.6065844087036441,0,4611469.4404429914,12896982.460758666,6.3336736682817196E-2,13960108.581809457,{"$f":"IF(ISERROR(I60/F60), 0, I60/F60)","v":3.0272581792211568}]
["LARGE USE WITH DEDICATED ASSETS SERVICE CLASSIFICATION","Retail Transmission Rate - Line and Transformation Connection Service Rate","$/kW",3.9099931957066518,0,1605512.0256666667,6261874.9873708589,3.075190095222452E-2,6778054.8679037001,{"$f":"IF(ISERROR(I61/F61), 0, I61/F61)","v":4.221740329281686}]
["UNMETERED SCATTERED LOAD SERVICE CLASSIFICATION","Retail Transmission Rate - Line and Transformation Connection Service Rate","$/kWh",7.2369383962903027E-3,50259086.772000007,0,348637.83894359291,1.7121511229486331E-3,377376.80904728873,{"$f":"IF(ISERROR(I62/E62), 0, I62/E62)","v":7.5086284547758687E-3}]
["SENTINEL LIGHTING SERVICE CLASSIFICATION","Retail Transmission Rate - Line and Transformation Connection Service Rate","$/kW",2.2685273176231471,0,1448.8999999999996,4509.2735383498848,2.2144922007784252E-5,4880.982695912071,{"$f":"IF(ISERROR(I63/F63), 0, I63/F63)","v":3.3687505665760731}]
["STREET LIGHTING SERVICE CLASSIFICATION","Retail Transmission Rate - Line and Transformation Connection Service Rate","$/kW",2.277136627431056,0,265240,596653.48913406709,2.9301493622365935E-3,645836.92498385173,{"$f":"IF(ISERROR(I64/F64), 0, I64/F64)","v":2.4349152653591153}]

{"sheet":"8. 2031 RTSR Rates to Forecast","index":17,"n_rows":64,"n_cols":10,"rows_kept":64,"cut":false,"hidden":false,"merged":[]}
[]
[]
[]
[]
[]
[]
[]
[]
[]
[]
[]
[]
["The purpose of this sheet is to re-align the current RTS Network Rates to recover current wholesale network costs."]
[]
["Rate Class","Rate Description","Unit","Current RTSR-Network","Loss Adjusted Billed kWh","Billed kW","Billed Amount","Billed Amount %","Current Wholesale Billing","Adjusted RTSR Network"]
[]
["RESIDENTIAL SERVICE CLASSIFICATION","Retail Transmission Rate - Network Service Rate","$/kWh",1.270742730052922E-2,8588848247.4697771,null,{"$f":"ROUND(D17*E17, 2)","v":109142164.7},{"$f":"G17/327674099.56","v":0.33308145149877832},{"$f":"H17*total_current_wholesale_network","v":112291003.80582911},{"$f":"IF(ISERROR(I17/E17), 0, I17/E17)","v":1.3074046783736033E-2}]
["GENERAL SERVICE LESS THAN 50 KW SERVICE CLASSIFICATION","Retail Transmission Rate - Network Service Rate","$/kWh",1.1469710836806127E-2,2898800092.0918069,null,{"$f":"ROUND(D18*E18, 2)","v":33248398.829999998},{"$f":"G18/327674099.56","v":0.10146788798579402},34207641.838693112,{"$f":"IF(ISERROR(I18/E18), 0, I18/E18)","v":1.1800621205999924E-2}]
["GENERAL SERVICE 50 to 4,999 kW SERVICE CLASSIFICATION","Retail Transmission Rate - Network Service Rate","$/kW",4.6631978708210529,0,33652794.092644684,{"$f":"ROUND(D19*F19, 2)","v":156929637.75999999},0.47891987181997214,161457183.84267619,{"$f":"IF(ISERROR(I19/F19), 0, I19/F19)","v":4.7977348745008088}]
["GENERAL SERVICE 50 to 4,999 kW SERVICE CLASSIFICATION","Retail Transmission Rate - Network Service Rate - EV CHARGING","$/kW",0.8129418640939321,0,153743.53999999998,{"$f":"ROUND(D20*F20, 2)","v":124984.56},3.8142947571330466E-4,128590.46493357554,{"$f":"IF(ISERROR(I20/F20), 0, I20/F20)","v":0.83639588976275392}]
["LARGE USE SERVICE CLASSIFICATION","Retail Transmission Rate - Network Service Rate","$/kW",5.1801652379221403,0,3575954.6982,{"$f":"ROUND(D21*F21, 2)","v":18524036.219999999},5.6531890206989295E-2,19058469.54196737,{"$f":"IF(ISERROR(I21/F21), 0, I21/F21)","v":5.3296171653294939}]
["LARGE USE WITH DEDICATED ASSETS SERVICE CLASSIFICATION","Retail Transmission Rate - Network Service Rate","$/kW",5.0650472220189027,0,1601505.3413,{"$f":"ROUND(D22*F22, 2)","v":8111700.1799999997},2.4755390160199939E-2,8345729.2448600717,{"$f":"IF(ISERROR(I22/F22), 0, I22/F22)","v":5.2111779022138887}]
["UNMETERED SCATTERED LOAD SERVICE CLASSIFICATION","Retail Transmission Rate - Network Service Rate","$/kWh",1.1342033100696411E-2,48174769.474658884,null,{"$f":"ROUND(D23*E23, 2)","v":546399.82999999996},1.6675099763261861E-3,562163.90392002533,{"$f":"IF(ISERROR(I23/E23), 0, I23/E23)","v":1.1669259864662921E-2}]
["SENTINEL LIGHTING SERVICE CLASSIFICATION","Retail Transmission Rate - Network Service Rate","$/kW",3.6220986781149493,0,1987.7536864200001,{"$f":"ROUND(D24*F24, 2)","v":7199.84},2.1972563622416079E-5,7407.5611663341024,{"$f":"IF(ISERROR(I24/F24), 0, I24/F24)","v":3.7265991339577527}]
["STREET LIGHTING SERVICE CLASSIFICATION","Retail Transmission Rate - Network Service Rate","$/kW",3.9675630231174548,0,262019.18758260002,{"$f":"ROUND(D25*F25, 2)","v":1039577.64},3.1725963126043298E-3,1069570.2898193924,{"$f":"IF(ISERROR(I25/F25), 0, I25/F25)","v":4.0820304027628378}]
[]
["The purpose of this table is to re-align the current RTS Connection Rates to recover current wholesale connection costs."]
["Rate Class","Rate Description","Unit","Current RTSR-Connection","Loss Adjusted Billed kWh","Billed kW","Billed Amount","Billed Amount %","Current Wholesale Billing","Adjusted RTSR-Connection"]
[]
["RESIDENTIAL SERVICE CLASSIFICATION","Retail Transmission Rate - Line and Transformation Connection Service Rate","$/kWh",7.6076569555468708E-3,8588848247.4697771,null,{"$f":"ROUND(D30*E30, 2)","v":65341011.109999999},{"$f":"G30/197974054.65","v":0.33004835520248815},{"$f":"H30*Total_Current_Wholesale_Lineplus","v":67206301.918594584},{"$f":"IF(ISERROR(I30/E30), 0, I30/E30)","v":7.8248328509463606E-3}]
["GENERAL SERVICE LESS THAN 50 KW SERVICE CLASSIFICATION","Retail Transmission Rate - Line and Transformation Connection Service Rate","$/kWh",6.7920316249860417E-3,2898800092.0918069,null,{"$f":"ROUND(D31*E31, 2)","v":19688741.899999999},{"$f":"G31/197974054.65","v":9.9451122192793853E-2},20250796.705626361,{"$f":"IF(ISERROR(I31/E31), 0, I31/E31)","v":6.9859238520353284E-3}]
["GENERAL SERVICE 50 to 4,999 kW SERVICE CLASSIFICATION","Retail Transmission Rate - Line and Transformation Connection Service Rate","$/kW",2.7732650713361786,0,33652794.092644684,{"$f":"ROUND(D32*F32, 2)","v":93328118.409999996},0.47141590636710229,95992357.583779126,{"$f":"IF(ISERROR(I32/F32), 0, I32/F32)","v":2.8524335102611786}]
["GENERAL SERVICE 50 to 4,999 kW SERVICE CLASSIFICATION","Retail Transmission Rate - Line and Transformation Connection Service Rate - EV CHARGING","$/kW",0.42691205106894253,0,153743.53999999998,{"$f":"ROUND(D33*F33, 2)","v":65634.97},3.3153319062963384E-4,67508.652457366261,{"$f":"IF(ISERROR(I33/F33), 0, I33/F33)","v":0.43909911569205617}]
["LARGE USE SERVICE CLASSIFICATION","Retail Transmission Rate - Line and Transformation Connection Service Rate","$/kW",3.5064847371561143,0,3575954.6982,{"$f":"ROUND(D34*F34, 2)","v":12539030.57},6.3336736685864509E-2,12896982.460758666,{"$f":"IF(ISERROR(I34/F34), 0, I34/F34)","v":3.6065844087036441}]
["LARGE USE WITH DEDICATED ASSETS SERVICE CLASSIFICATION","Retail Transmission Rate - Line and Transformation Connection Service Rate","$/kW",3.8014725040242983,0,1601505.3413,{"$f":"ROUND(D35*F35, 2)","v":6088078.5199999996},3.0751900953704083E-2,6261874.9873708589,{"$f":"IF(ISERROR(I35/F35), 0, I35/F35)","v":3.9099931957066518}]
["UNMETERED SCATTERED LOAD SERVICE CLASSIFICATION","Retail Transmission Rate - Line and Transformation Connection Service Rate","$/kWh",7.0360793356427391E-3,48174769.474658884,null,{"$f":"ROUND(D36*E36, 2)","v":338961.5},1.7121511230310097E-3,348637.83894359291,{"$f":"IF(ISERROR(I36/E36), 0, I36/E36)","v":7.2369383962903027E-3}]
["SENTINEL LIGHTING SERVICE CLASSIFICATION","Retail Transmission Rate - Line and Transformation Connection Service Rate","$/kW",2.2055650204306363,0,1987.7536864200001,{"$f":"ROUND(D37*F37, 2)","v":4384.12},2.2144922008849708E-5,4509.2735383498848,{"$f":"IF(ISERROR(I37/F37), 0, I37/F37)","v":2.2685273176231471}]
["STREET LIGHTING SERVICE CLASSIFICATION","Retail Transmission Rate - Line and Transformation Connection Service Rate","$/kW",2.2139353814198395,0,262019.18758260002,{"$f":"ROUND(D38*F38, 2)","v":580093.55000000005},2.9301493623775715E-3,596653.48913406709,{"$f":"IF(ISERROR(I38/F38), 0, I38/F38)","v":2.277136627431056}]
[]
["The purpose of this table is to update the re-aligned RTS Network Rates to recover future wholesale network costs."]
["Rate Class","Rate Description","Unit","Adjusted RTSR-Network","Loss Adjusted Billed kWh","Billed kW","Billed Amount","Billed Amount %","Forecast Wholesale Billing","Proposed RTSR-Network"]
[]
["RESIDENTIAL SERVICE CLASSIFICATION","Retail Transmission Rate - Network Service Rate","$/kWh",{"$f":"+J17","v":1.3074046783736033E-2},10543058151.228022,0,{"$f":"I17","v":112291003.80582911},{"$f":"G43/337127760.493865","v":0.33308145149877849},{"$f":"H43*forecast_wholesale_network_31","v":123978341.67407411},{"$f":"IF(ISERROR(I43/E43), 0, I43/E43)","v":1.1759239102710773E-2}]
["GENERAL SERVICE LESS THAN 50 KW SERVICE CLASSIFICATION","Retail Transmission Rate - Network Service Rate","$/kWh",1.1800621205999924E-2,3375523486.4205732,0,34207641.838693112,{"$f":"G44/337127760.493865","v":0.10146788798579409},37768000.676842235,{"$f":"IF(ISERROR(I44/E44), 0, I44/E44)","v":1.1188783259479454E-2}]
["GENERAL SERVICE 50 to 4,999 kW SERVICE CLASSIFICATION","Retail Transmission Rate - Network Service Rate","$/kW",4.7977348745008088,0,34816092.459519781,161457183.84267619,0.47891987181997242,178261777.21943209,{"$f":"IF(ISERROR(I45/F45), 0, I45/F45)","v":5.1200971914552085}]
["GENERAL SERVICE 50 to 4,999 kW SERVICE CLASSIFICATION","Retail Transmission Rate - Network Service Rate - EV CHARGING","$/kW",0.83639588976275392,0,165079.39996043764,128590.46493357554,3.8142947571330487E-4,141974.26380772359,{"$f":"IF(ISERROR(I46/F46), 0, I46/F46)","v":0.86003622403369928}]
["LARGE USE SERVICE CLASSIFICATION","Retail Transmission Rate - Network Service Rate","$/kW",5.3296171653294939,0,4855310.4262892585,19058469.54196737,5.6531890206989323E-2,21042090.359658077,{"$f":"IF(ISERROR(I47/F47), 0, I47/F47)","v":4.3338300772129621}]
["LARGE USE WITH DEDICATED ASSETS SERVICE CLASSIFICATION","Retail Transmission Rate - Network Service Rate","$/kW",5.2111779022138887,0,1605512.0256666667,8345729.2448600717,2.4755390160199953E-2,9214359.4479548428,{"$f":"IF(ISERROR(I48/F48), 0, I48/F48)","v":5.7392030085409713}]
["UNMETERED SCATTERED LOAD SERVICE CLASSIFICATION","Retail Transmission Rate - Network Service Rate","$/kWh",1.1669259864662921E-2,50637681.420000002,0,562163.90392002533,1.6675099763261872E-3,620674.37457006949,{"$f":"IF(ISERROR(I49/E49), 0, I49/E49)","v":1.2257164174284768E-2}]
["SENTINEL LIGHTING SERVICE CLASSIFICATION","Retail Transmission Rate - Network Service Rate","$/kW",3.7265991339577527,0,1418.8999999999996,7407.5611663341024,2.1972563622416089E-5,8178.5460822792884,{"$f":"IF(ISERROR(I50/F50), 0, I50/F50)","v":5.7640045685244132}]
["STREET LIGHTING SERVICE CLASSIFICATION","Retail Transmission Rate - Network Service Rate","$/kW",4.0820304027628378,0,265260,1069570.2898193924,3.1725963126043315E-3,1180892.0246626521,{"$f":"IF(ISERROR(I51/F51), 0, I51/F51)","v":4.4518284877578678}]
[]
["The purpose of this table is to update the re-aligned RTS Connection Rates to recover future wholesale connection costs."]
["Rate Class","Rate Description","Unit","Adjusted RTSR-Connection","Loss Adjusted Billed kWh","Billed kW","Billed Amount","Billed Amount %","Forecast Wholesale Billing","Proposed RTSR-Connection"]
[]
["RESIDENTIAL SERVICE CLASSIFICATION","Retail Transmission Rate - Line and Transformation Connection Service Rate","$/kWh",{"$f":"J30","v":7.8248328509463606E-3},10543058151.228022,0,{"$f":"I30","v":67206301.918594584},{"$f":"G56/203625622.92","v":0.33004835518660858},{"$f":"H56*forecast_wholesale_lineplus_31","v":74201187.798813581},{"$f":"IF(ISERROR(I56/E56), 0, I56/E56)","v":7.037918859450743E-3}]
["GENERAL SERVICE LESS THAN 50 KW SERVICE CLASSIFICATION","Retail Transmission Rate - Line and Transformation Connection Service Rate","$/kWh",6.9859238520353284E-3,3375523486.4205732,0,20250796.705626361,9.9451122188008986E-2,22358515.891112138,{"$f":"IF(ISERROR(I57/E57), 0, I57/E57)","v":6.6237180636006332E-3}]
["GENERAL SERVICE 50 to 4,999 kW SERVICE CLASSIFICATION","Retail Transmission Rate - Line and Transformation Connection Service Rate","$/kW",2.8524335102611786,0,34816092.459519781,95992357.583779126,0.47141590634442115,105983319.25706132,{"$f":"IF(ISERROR(I58/F58), 0, I58/F58)","v":3.0440900103963919}]
["GENERAL SERVICE 50 to 4,999 kW SERVICE CLASSIFICATION","Retail Transmission Rate - Line and Transformation Connection Service Rate - EV CHARGING","$/kW",0.43909911569205617,0,165079.39996043764,67508.652457366261,3.3153319061368284E-4,74535.00722449251,{"$f":"IF(ISERROR(I59/F59), 0, I59/F59)","v":0.45151004451406601}]
["LARGE USE SERVICE CLASSIFICATION","Retail Transmission Rate - Line and Transformation Connection Service Rate","$/kW",3.6065844087036441,0,4855310.4262892585,12896982.460758666,6.3336736682817196E-2,14239310.753445648,{"$f":"IF(ISERROR(I60/F60), 0, I60/F60)","v":2.9327292187841114}]
["LARGE USE WITH DEDICATED ASSETS SERVICE CLASSIFICATION","Retail Transmission Rate - Line and Transformation Connection Service Rate","$/kW",3.9099931957066518,0,1605512.0256666667,6261874.9873708589,3.075190095222452E-2,6913615.9652617741,{"$f":"IF(ISERROR(I61/F61), 0, I61/F61)","v":4.3061751358673197}]
["UNMETERED SCATTERED LOAD SERVICE CLASSIFICATION","Retail Transmission Rate - Line and Transformation Connection Service Rate","$/kWh",7.2369383962903027E-3,50637681.420000002,0,348637.83894359291,1.7121511229486331E-3,384924.34522823454,{"$f":"IF(ISERROR(I62/E62), 0, I62/E62)","v":7.6015396920642523E-3}]
["SENTINEL LIGHTING SERVICE CLASSIFICATION","Retail Transmission Rate - Line and Transformation Connection Service Rate","$/kW",2.2685273176231471,0,1418.8999999999996,4509.2735383498848,2.2144922007784252E-5,4978.602349830313,{"$f":"IF(ISERROR(I63/F63), 0, I63/F63)","v":3.5087760587992913}]
["STREET LIGHTING SERVICE CLASSIFICATION","Retail Transmission Rate - Line and Transformation Connection Service Rate","$/kW",2.277136627431056,0,265260,596653.48913406709,2.9301493622365935E-3,658753.66348352877,{"$f":"IF(ISERROR(I64/F64), 0, I64/F64)","v":2.4834263118582856}]

{"sheet":"9. 2027 LV Rates","index":18,"n_rows":48,"n_cols":13,"rows_kept":48,"cut":false,"hidden":false,"merged":[[26,1,26,10],[27,1,27,10],[33,1,33,8],[34,1,34,8],[12,0,12,10]]}
[]
[]
[]
[]
[]
[]
[]
[]
[]
[]
[]
[]
["The purpose of this sheet is to calculate Low Voltage service rates based on a forecasted host distribution expense."]
[]
[null,"Low Voltage Charges",null,"Bridge Year","Forecast"]
[]
[null,"Host I:"]
[null,null,null,{"$f":"TestYear-5","v":2022},{"$f":"D18+1","v":2023},2024,2025,{"$f":"G18+1&\" \" &E15","v":"2026 Forecast"},{"$f":"G18+2&\" Forecast\"","v":"2027 Forecast"},{"$f":"$G18+3&\" Forecast\"","v":"2028 Forecast"},{"$f":"$G18+4&\" Forecast\"","v":"2029 Forecast"},{"$f":"$G18+5&\" Forecast\"","v":"2030 Forecast"},{"$f":"$G18+6&\" Forecast\"","v":"2031 Forecast"}]
[null,"Host Volume (kW)",null,null,null,null,null,null,6699565.1800115751,6830822.3989982828,6957637.7003224837,7118182.3170136865,7270964.8155851159]
[null,"Host Charges",null,null,null,null,null,null,12434339.377580041,12931510.760480855,13435018.035089085,14019926.038651383,14607262.372937433]
[]
[null,"Host II:"]
[null,null,null,{"$f":"D18","v":2022},2023,2024,2025,"2026 Forecast","2027 Forecast","2028 Forecast","2029 Forecast","2030 Forecast","2031 Forecast"]
[null,"Host Volume"]
[null,"Host Charges"]
[]
[null,"Instructions: The methodology of the test year forecast for host charges is at the distributor's discretion. Please ensure that the value for Host Charges in the test year is completed. All other entries are optional, and may be used to support the derivation."]
[null,"                  Regardless of methodology chosen, please provide a brief descrioptor of the methdology used, and a complated description with rationale in the filed evidence."]
[]
[null,"Low Voltage Rates"]
[]
[null,"Proposed Loss Factor",1.0356000000000003]
[]
[null,"Instructions: Please enter the rate class volumes consistent with the proposed load forecast, and proposed loss factor."]
[null,"                  If Low Voltage charges are applied based on volumes uplifted for losses, please select Loss Adjusted Volume in cell J37"]
[null,null,null,null,null,null,null,null,null,"Select Loss adjusted or Delivered"]
[null,"Rate Class","Unit",{"$f":"TestYear&\" Forecasted Volume\"","v":"2027 Forecasted Volume"},"RTSR Connection Rate","Loss Adjusted Volume","RTSR Connection Revenue","Allocation","Allocated Low Voltage Charges","Loss Adjusted Volume","Low Voltage Rates"]
[]
[null,"RESIDENTIAL SERVICE CLASSIFICATION","$/kWh",8726286423.8162537,7.5855777630328067E-3,{"$f":"IF(C39=\"$/kWh\",D39*C$32,D39)","v":9036942220.5041142},{"$f":"+'8. 2027 RTSR Rates to Forecast'!G56","v":67206301.918594584},{"$f":"G39/$G48","v":0.33004835520248821},{"$f":"H39*(I20+I25)","v":4103933.2595998235},{"$f":"IF(J$37=\"Loss Adjusted Volume\",F39,D39)","v":9036942220.5041142},{"$f":"IFERROR(I39/D39,0)","v":4.702955026091221E-4}]
[null,"GENERAL SERVICE LESS THAN 50 KW SERVICE CLASSIFICATION","$/kWh",2875761313.7426443,6.9358135015557846E-3,2978138416.5118833,{"$f":"+'8. 2027 RTSR Rates to Forecast'!G57","v":20250796.705626361},{"$f":"G40/$G48","v":9.9451122192793867E-2},{"$f":"H40*(I20+I25)","v":1236609.0048263811},{"$f":"IF(J$37=\"Loss Adjusted Volume\",F40,D40)","v":2978138416.5118833},{"$f":"IFERROR(I40/D40,0)","v":4.3001100227508203E-4}]
[null,"GENERAL SERVICE 50 to 4,999 kW SERVICE CLASSIFICATION","$/kW",34388479.684352547,2.8599533612636541,34388479.684352547,{"$f":"+'8. 2027 RTSR Rates to Forecast'!G58+'8. 2027 RTSR Rates to Forecast'!G59","v":96059866.236236498},{"$f":"G41/$G48","v":0.47174743955773202},{"$f":"H41*(I20+I25)","v":5865867.7639652677},34388479.684352547,{"$f":"IFERROR(I41/J41,0)","v":0.17057653661363681}]
[null,"LARGE USE SERVICE CLASSIFICATION","$/kW",4047427.3781634243,3.2501934884153858,4047427.3781634243,{"$f":"'8. 2027 RTSR Rates to Forecast'!G60","v":12896982.460758666},{"$f":"G42/$G48","v":6.3336736685864523E-2},{"$f":"H42*(I20+I25)","v":787550.47902046365},4047427.3781634243,{"$f":"IFERROR(I42/J42,0)","v":0.194580508910286}]
[null,"LARGE USE WITH DEDICATED ASSETS SERVICE CLASSIFICATION","$/kW",1605512.0256666667,3.9782402029401274,1605512.0256666667,{"$f":"'8. 2027 RTSR Rates to Forecast'!G61","v":6261874.9873708589},{"$f":"G43/$G48","v":3.0751900953704087E-2},{"$f":"H43*(I20+I25)","v":382379.57296408393},1605512.0256666667,{"$f":"IFERROR(I43/J43,0)","v":0.23816674484596656}]
[null,"UNMETERED SCATTERED LOAD SERVICE CLASSIFICATION","$/kWh",47436520.000000007,7.2388542044276947E-3,49125260.112000018,{"$f":"'8. 2027 RTSR Rates to Forecast'!G62","v":348637.83894359291},{"$f":"G44/$G48","v":1.7121511230310099E-3},{"$f":"H44*(I20+I25)","v":21289.468129472378},49125260.112000018,{"$f":"IFERROR(I44/D44,0)","v":4.48799113625375E-4}]
[null,"SENTINEL LIGHTING SERVICE CLASSIFICATION","$/kW",1608.8999999999999,2.8587600279045251,1608.8999999999999,{"$f":"'8. 2027 RTSR Rates to Forecast'!G63","v":4509.2735383498848},{"$f":"G45/$G48","v":2.2144922008849708E-5},{"$f":"H45*(I20+I25)","v":275.3574757480788},1608.8999999999999,{"$f":"IFERROR(I45/J45,0)","v":0.17114642037919001}]
[null,"STREET LIGHTING SERVICE CLASSIFICATION","$/kW",264100,2.304379246071441,264100,{"$f":"'8. 2027 RTSR Rates to Forecast'!G64","v":596653.48913406709},{"$f":"G46/$G48","v":2.9301493623775719E-3},{"$f":"H46*(I20+I25)","v":36434.471598802491},264100,{"$f":"IFERROR(I46/J46,0)","v":0.13795710563726804}]
[]
[null,"TOTAL",null,null,null,null,{"$f":"SUM(G39:G46)","v":203625622.91020295},{"$f":"SUM(H39:H46)","v":1},{"$f":"I20+I25","v":12434339.377580041}]

{"sheet":"9. 2028 LV Rates","index":19,"n_rows":48,"n_cols":13,"rows_kept":48,"cut":false,"hidden":false,"merged":[[12,0,12,10],[26,1,26,10],[27,1,27,10],[33,1,33,8],[34,1,34,8]]}
[]
[]
[]
[]
[]
[]
[]
[]
[]
[]
[]
[]
["The purpose of this sheet is to calculate Low Voltage service rates based on a forecasted host distribution expense."]
[]
[null,"Low Voltage Charges",null,"Bridge Year","Forecast"]
[]
[null,"Host I:"]
[null,null,null,{"$f":"TestYear-5","v":2022},{"$f":"D18+1","v":2023},2024,2025,{"$f":"G18+1&\" \" &E15","v":"2026 Forecast"},{"$f":"G18+2&\" Forecast\"","v":"2027 Forecast"},{"$f":"$G18+3&\" Forecast\"","v":"2028 Forecast"},{"$f":"$G18+4&\" Forecast\"","v":"2029 Forecast"},{"$f":"$G18+5&\" Forecast\"","v":"2030 Forecast"},{"$f":"$G18+6&\" Forecast\"","v":"2031 Forecast"}]
[null,"Host Volume",null,null,null,null,null,null,6699565.1800115751,6830822.3989982828,6957637.7003224837,7118182.3170136865,7270964.8155851159]
[null,"Host Charges",null,null,null,null,null,null,12434339.377580041,12931510.760480855,13435018.035089085,14019926.038651383,14607262.372937433]
[]
[null,"Host II:"]
[null,null,null,{"$f":"D18","v":2022},2023,2024,2025,"2026 Forecast","2027 Forecast","2028 Forecast","2029 Forecast","2030 Forecast","2031 Forecast"]
[null,"Host Volume"]
[null,"Host Charges"]
[]
[null,"Instructions: The methodology of the test year forecast for host charges is at the distributor's discretion. Please ensure that the value for Host Charges in the test year is completed. All other entries are optional, and may be used to support the derivation."]
[null,"                  Regardless of methodology chosen, please provide a brief descrioptor of the methdology used, and a complated description with rationale in the filed evidence."]
[]
[null,"Low Voltage Rates"]
[]
[null,"Proposed Loss Factor",1.0356000000000003]
[]
[null,"Instructions: Please enter the rate class volumes consistent with the proposed load forecast, and proposed loss factor."]
[null,"                  If Low Voltage charges are applied based on volumes uplifted for losses, please select Loss Adjusted Volume in cell J37"]
[null,null,null,null,null,null,null,null,null,"Select Loss adjusted or Delivered"]
[null,"Rate Class","Unit",{"$f":"2028&\" Forecasted Volume\"","v":"2028 Forecasted Volume"},"RTSR Connection Rate","Loss Adjusted Volume","RTSR Connection Revenue","Allocation","Allocated Low Voltage Charges","Loss Adjusted Volume","Low Voltage Rates"]
[]
[null,"RESIDENTIAL SERVICE CLASSIFICATION","$/kWh",9039740601.1710358,7.4689978080362505E-3,{"$f":"IF(C39=\"$/kWh\",D39*C$32,D39)","v":9361555366.5727272},{"$f":"+'8. 2028 RTSR Rates to Forecast'!G56","v":67206301.918594584},{"$f":"G39/$G48","v":0.33004835520248821},{"$f":"H39*($J$20+$J$25)","v":4268023.8567799833},{"$f":"IF(J$37=\"Loss Adjusted Volume\",F39,D39)","v":9361555366.5727272},{"$f":"IFERROR(I39/D39,0)","v":4.7214008068186051E-4}]
[null,"GENERAL SERVICE LESS THAN 50 KW SERVICE CLASSIFICATION","$/kWh",2959530313.7858577,6.8742864147335334E-3,3064889592.956635,{"$f":"+'8. 2028 RTSR Rates to Forecast'!G57","v":20250796.705626361},{"$f":"G40/$G48","v":9.9451122192793867E-2},{"$f":"H40*($J$20+$J$25)","v":1286053.2567780102},3064889592.956635,{"$f":"IFERROR(I40/D40,0)","v":4.3454640447080918E-4}]
[null,"GENERAL SERVICE 50 to 4,999 kW SERVICE CLASSIFICATION","$/kW",34563166.301091783,2.9025602126004513,34563166.301091783,{"$f":"+'8. 2028 RTSR Rates to Forecast'!G58+'8. 2028 RTSR Rates to Forecast'!G59","v":96059866.236236498},{"$f":"G41/$G48","v":0.47174743955773202},6100407.0908701029,34563166.301091783,{"$f":"IFERROR(I41/J41,0)","v":0.1765002383672645}]
[null,"LARGE USE SERVICE CLASSIFICATION","$/kW",4062419.7406213358,3.3029626203705598,4062419.7406213358,{"$f":"'8. 2028 RTSR Rates to Forecast'!G60","v":12896982.460758666},{"$f":"G42/$G48","v":6.3336736685864523E-2},819039.69198699959,4062419.7406213358,{"$f":"IFERROR(I42/J42,0)","v":0.20161375344777391}]
[null,"LARGE USE WITH DEDICATED ASSETS SERVICE CLASSIFICATION","$/kW",1601912.0256666667,4.0669241707177459,1601912.0256666667,{"$f":"'8. 2028 RTSR Rates to Forecast'!G61","v":6261874.9873708589},{"$f":"G43/$G48","v":3.0751900953704087E-2},397668.53808806586,1601912.0256666667,{"$f":"IFERROR(I43/J43,0)","v":0.24824617813988156}]
[null,"UNMETERED SCATTERED LOAD SERVICE CLASSIFICATION","$/kWh",47800570,7.3273974199539208E-3,49502270.292000011,{"$f":"'8. 2028 RTSR Rates to Forecast'!G62","v":348637.83894359291},{"$f":"G44/$G48","v":1.7121511230310099E-3},22140.700671044884,49502270.292000011,{"$f":"IFERROR(I44/D44,0)","v":4.6318905132396713E-4}]
[null,"SENTINEL LIGHTING SERVICE CLASSIFICATION","$/kW",1558.7999999999997,3.0096537009709405,1558.7999999999997,{"$f":"'8. 2028 RTSR Rates to Forecast'!G63","v":4509.2735383498848},{"$f":"G45/$G48","v":2.2144922008849708E-5},286.3672972474493,1558.7999999999997,{"$f":"IFERROR(I45/J45,0)","v":0.18371009574509195}]
[null,"STREET LIGHTING SERVICE CLASSIFICATION","$/kW",264120,2.3502888462260221,264120,{"$f":"'8. 2028 RTSR Rates to Forecast'!G64","v":596653.48913406709},{"$f":"G46/$G48","v":2.9301493623775719E-3},37891.258009401688,264120,{"$f":"IFERROR(I46/J46,0)","v":0.14346228233152236}]
[]
[null,"TOTAL",null,null,null,null,{"$f":"SUM(G39:G46)","v":203625622.91020295},{"$f":"SUM(H39:H46)","v":1},{"$f":"J20+J25","v":12931510.760480855}]

{"sheet":"9. 2029 LV Rates","index":20,"n_rows":48,"n_cols":13,"rows_kept":48,"cut":false,"hidden":false,"merged":[[12,0,12,10],[26,1,26,10],[27,1,27,10],[33,1,33,8],[34,1,34,8]]}
[]
[]
[]
[]
[]
[]
[]
[]
[]
[]
[]
[]
["The purpose of this sheet is to calculate Low Voltage service rates based on a forecasted host distribution expense."]
[]
[null,"Low Voltage Charges",null,"Bridge Year","Forecast"]
[]
[null,"Host I:"]
[null,null,null,{"$f":"TestYear-5","v":2022},{"$f":"D18+1","v":2023},2024,2025,{"$f":"G18+1&\" \" &E15","v":"2026 Forecast"},{"$f":"G18+2&\" Forecast\"","v":"2027 Forecast"},{"$f":"$G18+3&\" Forecast\"","v":"2028 Forecast"},{"$f":"$G18+4&\" Forecast\"","v":"2029 Forecast"},{"$f":"$G18+5&\" Forecast\"","v":"2030 Forecast"},{"$f":"$G18+6&\" Forecast\"","v":"2031 Forecast"}]
[null,"Host Volume",null,null,null,null,null,null,6699565.1800115751,6830822.3989982828,6957637.7003224837,7118182.3170136865,7270964.8155851159]
[null,"Host Charges",null,null,null,null,null,null,12434339.377580041,12931510.760480855,13435018.035089085,14019926.038651383,14607262.372937433]
[]
[null,"Host II:"]
[null,null,null,{"$f":"D18","v":2022},2023,2024,2025,"2026 Forecast","2027 Forecast","2028 Forecast","2029 Forecast","2030 Forecast","2031 Forecast"]
[null,"Host Volume"]
[null,"Host Charges"]
[]
[null,"Instructions: The methodology of the test year forecast for host charges is at the distributor's discretion. Please ensure that the value for Host Charges in the test year is completed. All other entries are optional, and may be used to support the derivation."]
[null,"                  Regardless of methodology chosen, please provide a brief descrioptor of the methdology used, and a complated description with rationale in the filed evidence."]
[]
[null,"Low Voltage Rates"]
[]
[null,"Proposed Loss Factor",1.0356000000000003]
[]
[null,"Instructions: Please enter the rate class volumes consistent with the proposed load forecast, and proposed loss factor."]
[null,"                  If Low Voltage charges are applied based on volumes uplifted for losses, please select Loss Adjusted Volume in cell J37"]
[null,null,null,null,null,null,null,null,null,"Select Loss adjusted or Delivered"]
[null,"Rate Class","Unit",{"$f":"2029&\" Forecasted Volume\"","v":"2029 Forecasted Volume"},"RTSR Connection Rate","Loss Adjusted Volume","RTSR Connection Revenue","Allocation","Allocated Low Voltage Charges","Loss Adjusted Volume","Low Voltage Rates"]
[]
[null,"RESIDENTIAL SERVICE CLASSIFICATION","$/kWh",9367473815.9792862,7.3518389421695397E-3,{"$f":"IF(C39=\"$/kWh\",D39*C$32,D39)","v":9700955883.8281517},{"$f":"+'8. 2029 RTSR Rates to Forecast'!G56","v":67206301.918594584},{"$f":"G39/$G48","v":0.33004835520248821},{"$f":"H39*($K$20+$K$25)","v":4434205.6045969175},{"$f":"IF(J$37=\"Loss Adjusted Volume\",F39,D39)","v":9700955883.8281517},{"$f":"IFERROR(I39/D39,0)","v":4.7336194279325676E-4}]
[null,"GENERAL SERVICE LESS THAN 50 KW SERVICE CLASSIFICATION","$/kWh",3048644735.3870969,6.8068122106121048E-3,3157176487.9668784,{"$f":"+'8. 2029 RTSR Rates to Forecast'!G57","v":20250796.705626361},{"$f":"G40/$G48","v":9.9451122192793867E-2},{"$f":"H40*($K$20+$K$25)","v":1336127.6202700338},3157176487.9668784,{"$f":"IFERROR(I40/D40,0)","v":4.382693741782875E-4}]
[null,"GENERAL SERVICE 50 to 4,999 kW SERVICE CLASSIFICATION","$/kW",34740790.521527767,2.9456939240936864,34740790.521527767,{"$f":"+'8. 2029 RTSR Rates to Forecast'!G58+'8. 2029 RTSR Rates to Forecast'!G59","v":96059866.236236498},{"$f":"G41/$G48","v":0.47174743955773202},6337935.3584652273,34740790.521527767,{"$f":"IFERROR(I41/J41,0)","v":0.1824349781142087}]
[null,"LARGE USE SERVICE CLASSIFICATION","$/kW",4234072.3643019665,3.2324390763724331,4234072.3643019665,{"$f":"'8. 2029 RTSR Rates to Forecast'!G60","v":12896982.460758666},{"$f":"G42/$G48","v":6.3336736685864523E-2},850930.19965827838,4234072.3643019665,{"$f":"IFERROR(I42/J42,0)","v":0.2009720492338736}]
[null,"LARGE USE WITH DEDICATED ASSETS SERVICE CLASSIFICATION","$/kW",1605512.0256666667,4.1389611071389076,1605512.0256666667,{"$f":"'8. 2029 RTSR Rates to Forecast'!G61","v":6261874.9873708589},{"$f":"G43/$G48","v":3.0751900953704087E-2},413152.34392628761,1605512.0256666667,{"$f":"IFERROR(I43/J43,0)","v":0.25733369624231361}]
[null,"UNMETERED SCATTERED LOAD SERVICE CLASSIFICATION","$/kWh",48165810,7.4172706481243304E-3,49880512.836000018,{"$f":"'8. 2029 RTSR Rates to Forecast'!G62","v":348637.83894359291},{"$f":"G44/$G48","v":1.7121511230310099E-3},23002.78121671965,49880512.836000018,{"$f":"IFERROR(I44/D44,0)","v":4.7757488593505744E-4}]
[null,"SENTINEL LIGHTING SERVICE CLASSIFICATION","$/kW",1488.8999999999996,3.2139681327523495,1488.8999999999996,{"$f":"'8. 2029 RTSR Rates to Forecast'!G63","v":4509.2735383498848},{"$f":"G45/$G48","v":2.2144922008849708E-5},297.51742657453701,1488.8999999999996,{"$f":"IFERROR(I45/J45,0)","v":0.19982364603031572}]
[null,"STREET LIGHTING SERVICE CLASSIFICATION","$/kW",265150,2.3879821077372099,265150,{"$f":"'8. 2029 RTSR Rates to Forecast'!G64","v":596653.48913406709},{"$f":"G46/$G48","v":2.9301493623775719E-3},39366.609529047462,265150,{"$f":"IFERROR(I46/J46,0)","v":0.14846920433357519}]
[]
[null,"TOTAL",null,null,null,null,{"$f":"SUM(G39:G46)","v":203625622.91020295},{"$f":"SUM(H39:H46)","v":1},{"$f":"K20+K25","v":13435018.035089085}]

{"sheet":"9. 2030 LV Rates","index":21,"n_rows":48,"n_cols":13,"rows_kept":48,"cut":false,"hidden":false,"merged":[[12,0,12,10],[26,1,26,10],[27,1,27,10],[33,1,33,8],[34,1,34,8]]}
[]
[]
[]
[]
[]
[]
[]
[]
[]
[]
[]
[]
["The purpose of this sheet is to calculate Low Voltage service rates based on a forecasted host distribution expense."]
[]
[null,"Low Voltage Charges",null,"Bridge Year","Forecast"]
[]
[null,"Host I:"]
[null,null,null,{"$f":"TestYear-5","v":2022},{"$f":"D18+1","v":2023},2024,2025,{"$f":"G18+1&\" \" &E15","v":"2026 Forecast"},{"$f":"G18+2&\" Forecast\"","v":"2027 Forecast"},{"$f":"$G18+3&\" Forecast\"","v":"2028 Forecast"},{"$f":"$G18+4&\" Forecast\"","v":"2029 Forecast"},{"$f":"$G18+5&\" Forecast\"","v":"2030 Forecast"},{"$f":"$G18+6&\" Forecast\"","v":"2031 Forecast"}]
[null,"Host Volume",null,null,null,null,null,null,6699565.1800115751,6830822.3989982828,6957637.7003224837,7118182.3170136865,7270964.8155851159]
[null,"Host Charges",null,null,null,null,null,null,12434339.377580041,12931510.760480855,13435018.035089085,14019926.038651383,14607262.372937433]
[]
[null,"Host II:"]
[null,null,null,{"$f":"D18","v":2022},2023,2024,2025,"2026 Forecast","2027 Forecast","2028 Forecast","2029 Forecast","2030 Forecast","2031 Forecast"]
[null,"Host Volume"]
[null,"Host Charges"]
[]
[null,"Instructions: The methodology of the test year forecast for host charges is at the distributor's discretion. Please ensure that the value for Host Charges in the test year is completed. All other entries are optional, and may be used to support the derivation."]
[null,"                  Regardless of methodology chosen, please provide a brief descrioptor of the methdology used, and a complated description with rationale in the filed evidence."]
[]
[null,"Low Voltage Rates"]
[]
[null,"Proposed Loss Factor",1.0356000000000003]
[]
[null,"Instructions: Please enter the rate class volumes consistent with the proposed load forecast, and proposed loss factor."]
[null,"                  If Low Voltage charges are applied based on volumes uplifted for losses, please select Loss Adjusted Volume in cell J37"]
[null,null,null,null,null,null,null,null,null,"Select Loss adjusted or Delivered"]
[null,"Rate Class","Unit",{"$f":"2030&\" Forecasted Volume\"","v":"2030 Forecasted Volume"},"RTSR Connection Rate","Loss Adjusted Volume","RTSR Connection Revenue","Allocation","Allocated Low Voltage Charges","Loss Adjusted Volume","Low Voltage Rates"]
[]
[null,"RESIDENTIAL SERVICE CLASSIFICATION","$/kWh",9787463478.6343575,7.1770916049101584E-3,{"$f":"IF(C39=\"$/kWh\",D39*C$32,D39)","v":10135897178.473743},{"$f":"+'8. 2030 RTSR Rates to Forecast'!G56","v":67206301.918594584},{"$f":"G39/$G48","v":0.33004835520248821},{"$f":"H39*($L$20+$L$25)","v":4627253.529117425},{"$f":"IF(J$37=\"Loss Adjusted Volume\",F39,D39)","v":10135897178.473743},{"$f":"IFERROR(I39/D39,0)","v":4.7277351677669447E-4}]
[null,"GENERAL SERVICE LESS THAN 50 KW SERVICE CLASSIFICATION","$/kWh",3156460492.6276774,6.7057969850411615E-3,3268830486.1652236,{"$f":"+'8. 2030 RTSR Rates to Forecast'!G57","v":20250796.705626361},{"$f":"G40/$G48","v":9.9451122192793867E-2},{"$f":"H40*($L$20+$L$25)","v":1394297.377603851},3268830486.1652236,{"$f":"IFERROR(I40/D40,0)","v":4.4172812581067092E-4}]
[null,"GENERAL SERVICE 50 to 4,999 kW SERVICE CLASSIFICATION","$/kW",34851353.536955878,2.9952860578200942,34851353.536955878,{"$f":"+'8. 2030 RTSR Rates to Forecast'!G58+'8. 2030 RTSR Rates to Forecast'!G59","v":96059866.236236498},{"$f":"G41/$G48","v":0.47174743955773202},6613864.2115225662,34851353.536955878,{"$f":"IFERROR(I41/J41,0)","v":0.18977352499406713}]
[null,"LARGE USE SERVICE CLASSIFICATION","$/kW",4611469.4404429914,3.0272581792211568,4611469.4404429914,{"$f":"'8. 2030 RTSR Rates to Forecast'!G60","v":12896982.460758666},{"$f":"G42/$G48","v":6.3336736685864523E-2},887976.36386535829,4611469.4404429914,{"$f":"IFERROR(I42/J42,0)","v":0.19255822364943539}]
[null,"LARGE USE WITH DEDICATED ASSETS SERVICE CLASSIFICATION","$/kW",1605512.0256666667,4.221740329281686,1605512.0256666667,{"$f":"'8. 2030 RTSR Rates to Forecast'!G61","v":6261874.9873708589},{"$f":"G43/$G48","v":3.0751900953704087E-2},431139.3769188642,1605512.0256666667,{"$f":"IFERROR(I43/J43,0)","v":0.26853699631420669}]
[null,"UNMETERED SCATTERED LOAD SERVICE CLASSIFICATION","$/kWh",48531370,7.5086284547758687E-3,50259086.772000015,{"$f":"'8. 2030 RTSR Rates to Forecast'!G62","v":348637.83894359291},{"$f":"G44/$G48","v":1.7121511230310099E-3},24004.232111888665,50259086.772000015,{"$f":"IFERROR(I44/D44,0)","v":4.9461270332753159E-4}]
[null,"SENTINEL LIGHTING SERVICE CLASSIFICATION","$/kW",1448.8999999999996,3.3687505665760731,1448.8999999999996,{"$f":"'8. 2030 RTSR Rates to Forecast'!G63","v":4509.2735383498848},{"$f":"G45/$G48","v":2.2144922008849708E-5},310.47016869577612,1448.8999999999996,{"$f":"IFERROR(I45/J45,0)","v":0.21427991489804418}]
[null,"STREET LIGHTING SERVICE CLASSIFICATION","$/kW",265240,2.4349152653591153,265240,{"$f":"'8. 2030 RTSR Rates to Forecast'!G64","v":596653.48913406709},{"$f":"G46/$G48","v":2.9301493623775719E-3},41080.477342735066,265240,{"$f":"IFERROR(I46/J46,0)","v":0.15488040017619917}]
[]
[null,"TOTAL",null,null,null,null,{"$f":"SUM(G39:G46)","v":203625622.91020295},{"$f":"SUM(H39:H46)","v":1},{"$f":"L20+L25","v":14019926.038651383}]

{"sheet":"9. 2031 LV Rates","index":22,"n_rows":48,"n_cols":13,"rows_kept":48,"cut":false,"hidden":false,"merged":[[12,0,12,10],[26,1,26,10],[27,1,27,10],[33,1,33,8],[34,1,34,8]]}
[]
[]
[]
[]
[]
[]
[]
[]
[]
[]
[]
[]
["The purpose of this sheet is to calculate Low Voltage service rates based on a forecasted host distribution expense."]
[]
[null,"Low Voltage Charges",null,"Bridge Year","Forecast"]
[]
[null,"Host I:"]
[null,null,null,{"$f":"TestYear-5","v":2022},{"$f":"D18+1","v":2023},2024,2025,{"$f":"G18+1&\" \" &E15","v":"2026 Forecast"},{"$f":"G18+2&\" Forecast\"","v":"2027 Forecast"},{"$f":"$G18+3&\" Forecast\"","v":"2028 Forecast"},{"$f":"$G18+4&\" Forecast\"","v":"2029 Forecast"},{"$f":"$G18+5&\" Forecast\"","v":"2030 Forecast"},{"$f":"$G18+6&\" Forecast\"","v":"2031 Forecast"}]
[null,"Host Volume",null,null,null,null,null,null,6699565.1800115751,6830822.3989982828,6957637.7003224837,7118182.3170136865,7270964.8155851159]
[null,"Host Charges",null,null,null,null,null,null,12434339.377580041,12931510.760480855,13435018.035089085,14019926.038651383,14607262.372937433]
[]
[null,"Host II:"]
[null,null,null,{"$f":"D18","v":2022},2023,2024,2025,"2026 Forecast","2027 Forecast","2028 Forecast","2029 Forecast","2030 Forecast","2031 Forecast"]
[null,"Host Volume"]
[null,"Host Charges"]
[]
[null,"Instructions: The methodology of the test year forecast for host charges is at the distributor's discretion. Please ensure that the value for Host Charges in the test year is completed. All other entries are optional, and may be used to support the derivation."]
[null,"                  Regardless of methodology chosen, please provide a brief descrioptor of the methdology used, and a complated description with rationale in the filed evidence."]
[]
[null,"Low Voltage Rates"]
[]
[null,"Proposed Loss Factor",1.0356000000000003]
[]
[null,"Instructions: Please enter the rate class volumes consistent with the proposed load forecast, and proposed loss factor."]
[null,"                  If Low Voltage charges are applied based on volumes uplifted for losses, please select Loss Adjusted Volume in cell J37"]
[null,null,null,null,null,null,null,null,null,"Select Loss adjusted or Delivered"]
[null,"Rate Class","Unit",{"$f":"2031&\" Forecasted Volume\"","v":"2031 Forecasted Volume"},"RTSR Connection Rate","Loss Adjusted Volume","RTSR Connection Revenue","Allocation","Allocated Low Voltage Charges","Loss Adjusted Volume","Low Voltage Rates"]
[]
[null,"RESIDENTIAL SERVICE CLASSIFICATION","$/kWh",10180627801.494804,7.037918859450743E-3,{"$f":"IF(C39=\"$/kWh\",D39*C$32,D39)","v":10543058151.228022},{"$f":"+'8. 2031 RTSR Rates to Forecast'!G56","v":67206301.918594584},{"$f":"G39/$G48","v":0.33004835520248821},{"$f":"H39*($M$20+$M$25)","v":4821102.9201991949},{"$f":"IF(J$37=\"Loss Adjusted Volume\",F39,D39)","v":10543058151.228022},{"$f":"IFERROR(I39/D39,0)","v":4.735565442723798E-4}]
[null,"GENERAL SERVICE LESS THAN 50 KW SERVICE CLASSIFICATION","$/kWh",3259485792.2176251,6.6237180636006332E-3,3375523486.4205737,{"$f":"+'8. 2031 RTSR Rates to Forecast'!G57","v":20250796.705626361},{"$f":"G40/$G48","v":9.9451122192793867E-2},{"$f":"H40*($M$20+$M$25)","v":1452708.6351532007},3375523486.4205737,{"$f":"IFERROR(I40/D40,0)","v":4.4568644496677961E-4}]
[null,"GENERAL SERVICE 50 to 4,999 kW SERVICE CLASSIFICATION","$/kW",34981171.859480217,3.0440900103963919,34981171.859480217,{"$f":"+'8. 2031 RTSR Rates to Forecast'!G58+'8. 2031 RTSR Rates to Forecast'!G59","v":96059866.236236498},{"$f":"G41/$G48","v":0.47174743955773202},6890938.6233812347,34981171.859480217,{"$f":"IFERROR(I41/J41,0)","v":0.1969899307851154}]
[null,"LARGE USE SERVICE CLASSIFICATION","$/kW",4855310.4262892585,2.9327292187841114,4855310.4262892585,{"$f":"'8. 2031 RTSR Rates to Forecast'!G60","v":12896982.460758666},{"$f":"G42/$G48","v":6.3336736685864523E-2},925176.33061607485,4855310.4262892585,{"$f":"IFERROR(I42/J42,0)","v":0.19054936747332843}]
[null,"LARGE USE WITH DEDICATED ASSETS SERVICE CLASSIFICATION","$/kW",1605512.0256666667,4.3061751358673197,1605512.0256666667,{"$f":"'8. 2031 RTSR Rates to Forecast'!G61","v":6261874.9873708589},{"$f":"G43/$G48","v":3.0751900953704087E-2},449201.08569734049,1605512.0256666667,{"$f":"IFERROR(I43/J43,0)","v":0.27978680851724919}]
[null,"UNMETERED SCATTERED LOAD SERVICE CLASSIFICATION","$/kWh",48896950,7.6015396920642523E-3,50637681.420000017,{"$f":"'8. 2031 RTSR Rates to Forecast'!G62","v":348637.83894359291},{"$f":"G44/$G48","v":1.7121511230310099E-3},25009.840676233442,50637681.420000017,{"$f":"IFERROR(I44/D44,0)","v":5.1148058674893712E-4}]
[null,"SENTINEL LIGHTING SERVICE CLASSIFICATION","$/kW",1418.8999999999996,3.5087760587992913,1418.8999999999996,{"$f":"'8. 2031 RTSR Rates to Forecast'!G63","v":4509.2735383498848},{"$f":"G45/$G48","v":2.2144922008849708E-5},323.4766860115044,1418.8999999999996,{"$f":"IFERROR(I45/J45,0)","v":0.22797708507400413}]
[null,"STREET LIGHTING SERVICE CLASSIFICATION","$/kW",265260,2.4834263118582856,265260,{"$f":"'8. 2031 RTSR Rates to Forecast'!G64","v":596653.48913406709},{"$f":"G46/$G48","v":2.9301493623775719E-3},42801.460528144518,265260,{"$f":"IFERROR(I46/J46,0)","v":0.16135663322078156}]
[]
[null,"TOTAL",null,null,null,null,{"$f":"SUM(G39:G46)","v":203625622.91020295},{"$f":"SUM(H39:H46)","v":1},{"$f":"M20+M25","v":14607262.372937433}]

{"sheet":"RateClasses","index":23,"n_rows":75,"n_cols":28,"rows_kept":75,"cut":false,"hidden":true,"merged":[]}
[1,2,3,4,5,6,7,8,9,10,11]
["Alectra Utilities Corporation-Brampton Rate Zone","RESIDENTIAL SERVICE CLASSIFICATION~Retail Transmission Rate - Network Service Rate","RESIDENTIAL SERVICE CLASSIFICATION~Retail Transmission Rate - Line and Transformation Connection Service Rate","GENERAL SERVICE LESS THAN 50 KW SERVICE CLASSIFICATION~Retail Transmission Rate - Network Service Rate","GENERAL SERVICE LESS THAN 50 KW SERVICE CLASSIFICATION~Retail Transmission Rate - Line and Transformation Connection Service Rate","GENERAL SERVICE 50 TO 699 KW SERVICE CLASSIFICATION~Retail Transmission Rate - Network Service Rate","GENERAL SERVICE 50 TO 699 KW SERVICE CLASSIFICATION~Retail Transmission Rate - Line and Transformation Connection Service Rate","GENERAL SERVICE 50 TO 699 KW SERVICE CLASSIFICATION~Retail Transmission Rate - Network Service Rate - EV CHARGING","GENERAL SERVICE 50 TO 699 KW SERVICE CLASSIFICATION~Retail Transmission Rate - Line and Transformation Connection Service Rate - EV CHARGING","GENERAL SERVICE 700 TO 4,999 KW SERVICE CLASSIFICATION~Retail Transmission Rate - Network Service Rate","GENERAL SERVICE 700 TO 4,999 KW SERVICE CLASSIFICATION~Retail Transmission Rate - Line and Transformation Connection Service Rate","GENERAL SERVICE 700 TO 4,999 KW SERVICE CLASSIFICATION~Retail Transmission Rate - Network Service Rate - EV CHARGING","GENERAL SERVICE 700 TO 4,999 KW SERVICE CLASSIFICATION~Retail Transmission Rate - Line and Transformation Connection Service Rate - EV CHARGING","LARGE USE SERVICE CLASSIFICATION~Retail Transmission Rate - Network Service Rate","LARGE USE SERVICE CLASSIFICATION~Retail Transmission Rate - Line and Transformation Connection Service Rate","UNMETERED SCATTERED LOAD SERVICE CLASSIFICATION~Retail Transmission Rate - Network Service Rate","UNMETERED SCATTERED LOAD SERVICE CLASSIFICATION~Retail Transmission Rate - Line and Transformation Connection Service Rate","STREET LIGHTING SERVICE CLASSIFICATION~Retail Transmission Rate - Network Service Rate","STREET LIGHTING SERVICE CLASSIFICATION~Retail Transmission Rate - Line and Transformation Connection Service Rate","EMBEDDED DISTRIBUTOR SERVICE CLASSIFICATION~Retail Transmission Rate - Network Service Rate","EMBEDDED DISTRIBUTOR SERVICE CLASSIFICATION~Retail Transmission Rate - Line and Transformation Connection Service Rate","DISTRIBUTED GENERATION [DGEN] SERVICE CLASSIFICATION~Retail Transmission Rate - Network Service Rate","DISTRIBUTED GENERATION [DGEN] SERVICE CLASSIFICATION~Retail Transmission Rate - Line and Transformation Connection Service Rate"]
["Alectra Utilities Corporation-Enersource Rate Zone","RESIDENTIAL SERVICE CLASSIFICATION~Retail Transmission Rate - Network Service Rate","RESIDENTIAL SERVICE CLASSIFICATION~Retail Transmission Rate - Line and Transformation Connection Service Rate","GENERAL SERVICE LESS THAN 50 KW SERVICE CLASSIFICATION~Retail Transmission Rate - Network Service Rate","GENERAL SERVICE LESS THAN 50 KW SERVICE CLASSIFICATION~Retail Transmission Rate - Line and Transformation Connection Service Rate","GENERAL SERVICE 50 TO 499 KW SERVICE CLASSIFICATION~Retail Transmission Rate - Network Service Rate","GENERAL SERVICE 50 TO 499 KW SERVICE CLASSIFICATION~Retail Transmission Rate - Line and Transformation Connection Service Rate","GENERAL SERVICE 50 TO 499 KW SERVICE CLASSIFICATION~Retail Transmission Rate - Network Service Rate -EV CHARGING","GENERAL SERVICE 50 TO 499 KW SERVICE CLASSIFICATION~Retail Transmission Rate - Line and Transformation Connection Service Rate - EV CHARGING","GENERAL SERVICE 500 TO 4,999 KW SERVICE CLASSIFICATION~Retail Transmission Rate - Network Service Rate ","GENERAL SERVICE 500 TO 4,999 KW SERVICE CLASSIFICATION~Retail Transmission Rate - Line and Transformation Connection Service Rate ","GENERAL SERVICE 500 TO 4,999 KW SERVICE CLASSIFICATION~Retail Transmission Rate - Network Service Rate - EV CHARGING","GENERAL SERVICE 500 TO 4,999 KW SERVICE CLASSIFICATION~Retail Transmission Rate - Line and Transformation Connection Service Rate - EV CHARGING","LARGE USE SERVICE CLASSIFICATION~Retail Transmission Rate - Network Service Rate – Interval Metered","LARGE USE SERVICE CLASSIFICATION~Retail Transmission Rate - Line and Transformation Connection Service Rate – Interval Metered ","UNMETERED SCATTERED LOAD SERVICE CLASSIFICATION~Retail Transmission Rate - Network Service Rate","UNMETERED SCATTERED LOAD SERVICE CLASSIFICATION~Retail Transmission Rate - Line and Transformation Connection Service Rate","STREET LIGHTING SERVICE CLASSIFICATION~Retail Transmission Rate - Network Service Rate","STREET LIGHTING SERVICE CLASSIFICATION~Retail Transmission Rate - Line and Transformation Connection Service Rate"]
["Alectra Utilities Corporation-Horizon Utilities Rate Zone","RESIDENTIAL SERVICE CLASSIFICATION~Retail Transmission Rate - Network Service Rate","RESIDENTIAL SERVICE CLASSIFICATION~Retail Transmission Rate - Line and Transformation Connection Service Rate","GENERAL SERVICE LESS THAN 50 KW SERVICE CLASSIFICATION~Retail Transmission Rate - Network Service Rate","GENERAL SERVICE LESS THAN 50 KW SERVICE CLASSIFICATION~Retail Transmission Rate - Line and Transformation Connection Service Rate","GENERAL SERVICE 50 to 4,999 kW SERVICE CLASSIFICATION~Retail Transmission Rate - Network Service Rate","GENERAL SERVICE 50 to 4,999 kW SERVICE CLASSIFICATION~Retail Transmission Rate - Line and Transformation Connection Service Rate","GENERAL SERVICE 50 to 4,999 kW SERVICE CLASSIFICATION~Retail Transmission Rate - Network Service Rate - EV CHARGING","GENERAL SERVICE 50 to 4,999 kW SERVICE CLASSIFICATION~Retail Transmission Rate - Line and Transformation Connection Service Rate - EV CHARGING","LARGE USE SERVICE CLASSIFICATION~Retail Transmission Rate - Network Service Rate","LARGE USE SERVICE CLASSIFICATION~Retail Transmission Rate - Line and Transformation Connection Service Rate","LARGE USE WITH DEDICATED ASSETS SERVICE CLASSIFICATION~Retail Transmission Rate - Network Service Rate","LARGE USE WITH DEDICATED ASSETS SERVICE CLASSIFICATION~Retail Transmission Rate - Line and Transformation Connection Service Rate","UNMETERED SCATTERED LOAD SERVICE CLASSIFICATION~Retail Transmission Rate - Network Service Rate","UNMETERED SCATTERED LOAD SERVICE CLASSIFICATION~Retail Transmission Rate - Line and Transformation Connection Service Rate","SENTINEL LIGHTING SERVICE CLASSIFICATION~Retail Transmission Rate - Network Service Rate","SENTINEL LIGHTING SERVICE CLASSIFICATION~Retail Transmission Rate - Line and Transformation Connection Service Rate","STREET LIGHTING SERVICE CLASSIFICATION~Retail Transmission Rate - Network Service Rate","STREET LIGHTING SERVICE CLASSIFICATION~Retail Transmission Rate - Line and Transformation Connection Service Rate"]
["Alectra Utilities Corporation-PowerStream Rate Zone","RESIDENTIAL SERVICE CLASSIFICATION~Retail Transmission Rate - Network Service Rate","RESIDENTIAL SERVICE CLASSIFICATION~Retail Transmission Rate - Line and Transformation Connection Service Rate","GENERAL SERVICE LESS THAN 50 KW SERVICE CLASSIFICATION~Retail Transmission Rate - Network Service Rate","GENERAL SERVICE LESS THAN 50 KW SERVICE CLASSIFICATION~Retail Transmission Rate - Line and Transformation Connection Service Rate","GENERAL SERVICE 50 to 4,999 kW SERVICE CLASSIFICATION~Retail Transmission Rate - Network Service Rate","GENERAL SERVICE 50 to 4,999 kW SERVICE CLASSIFICATION~Retail Transmission Rate - Line and Transformation Connection Service Rate","GENERAL SERVICE 50 to 4,999 kW SERVICE CLASSIFICATION~Retail Transmission Rate - Network Service Rate - EV CHARGING","GENERAL SERVICE 50 to 4,999 kW SERVICE CLASSIFICATION~Retail Transmission Rate - Line and Transformation Connection Service Rate - EV CHARGING","GENERAL SERVICE 50 to 4,999 kW SERVICE CLASSIFICATION~Retail Transmission Rate - Network Service Rate – Interval Metered","GENERAL SERVICE 50 to 4,999 kW SERVICE CLASSIFICATION~Retail Transmission Rate - Line and Transformation Connection Service Rate – Interval Metered","LARGE USE SERVICE CLASSIFICATION~Retail Transmission Rate - Network Service Rate","LARGE USE SERVICE CLASSIFICATION~Retail Transmission Rate - Line and Transformation Connection Service Rate","UNMETERED SCATTERED LOAD SERVICE CLASSIFICATION~Retail Transmission Rate - Network Service Rate","UNMETERED SCATTERED LOAD SERVICE CLASSIFICATION~Retail Transmission Rate - Line and Transformation Connection Service Rate","SENTINEL LIGHTING SERVICE CLASSIFICATION~Retail Transmission Rate - Network Service Rate","SENTINEL LIGHTING SERVICE CLASSIFICATION~Retail Transmission Rate - Line and Transformation Connection Service Rate","STREET LIGHTING SERVICE CLASSIFICATION~Retail Transmission Rate - Network Service Rate","STREET LIGHTING SERVICE CLASSIFICATION~Retail Transmission Rate - Line and Transformation Connection Service Rate"]
["Algoma Power Inc.","RESIDENTIAL R1 SERVICE CLASSIFICATION~Retail Transmission Rate - Network Service Rate","RESIDENTIAL R1 SERVICE CLASSIFICATION~Retail Transmission Rate - Line and Transformation Connection Service Rate","RESIDENTIAL R2 SERVICE CLASSIFICATION~Retail Transmission Rate - Network Service Rate","RESIDENTIAL R2 SERVICE CLASSIFICATION~Retail Transmission Rate - Line and Transformation Connection Service Rate","SEASONAL CUSTOMERS SERVICE CLASSIFICATION~Retail Transmission Rate - Network Service Rate","SEASONAL CUSTOMERS SERVICE CLASSIFICATION~Retail Transmission Rate - Line and Transformation Connection Service Rate","STREET LIGHTING SERVICE CLASSIFICATION~Retail Transmission Rate - Network Service Rate","STREET LIGHTING SERVICE CLASSIFICATION~Retail Transmission Rate - Line and Transformation Connection Service Rate"]
["Centre Wellington Hydro Ltd.","RESIDENTIAL SERVICE CLASSIFICATION~Retail Transmission Rate - Network Service Rate","RESIDENTIAL SERVICE CLASSIFICATION~Retail Transmission Rate - Line and Transformation Connection Service Rate","GENERAL SERVICE LESS THAN 50 KW SERVICE CLASSIFICATION~Retail Transmission Rate - Network Service Rate","GENERAL SERVICE LESS THAN 50 KW SERVICE CLASSIFICATION~Retail Transmission Rate - Line and Transformation Connection Service Rate","GENERAL SERVICE 50 TO 2,999 KW SERVICE CLASSIFICATION~Retail Transmission Rate - Network Service Rate","GENERAL SERVICE 50 TO 2,999 KW SERVICE CLASSIFICATION~Retail Transmission Rate - Line and Transformation Connection Service Rate","GENERAL SERVICE 50 TO 2,999 KW SERVICE CLASSIFICATION~Retail Transmission Rate - Network Service Rate - EV CHARGING","GENERAL SERVICE 50 TO 2,999 KW SERVICE CLASSIFICATION~Retail Transmission Rate - Line and Transformation Connection Service Rate - EV CHARGING","GENERAL SERVICE 3,000 TO 4,999 KW SERVICE CLASSIFICATION~Retail Transmission Rate - Network Service Rate","GENERAL SERVICE 3,000 TO 4,999 KW SERVICE CLASSIFICATION~Retail Transmission Rate - Line and Transformation Connection Service Rate","GENERAL SERVICE 3,000 TO 4,999 KW SERVICE CLASSIFICATION~Retail Transmission Rate - Network Service Rate - EV CHARGING","GENERAL SERVICE 3,000 TO 4,999 KW SERVICE CLASSIFICATION~Retail Transmission Rate - Line and Transformation Connection Service Rate - EV CHARGING","UNMETERED SCATTERED LOAD SERVICE CLASSIFICATION~Retail Transmission Rate - Network Service Rate","UNMETERED SCATTERED LOAD SERVICE CLASSIFICATION~Retail Transmission Rate - Line and Transformation Connection Service Rate","SENTINEL LIGHTING SERVICE CLASSIFICATION~Retail Transmission Rate - Network Service Rate","SENTINEL LIGHTING SERVICE CLASSIFICATION~Retail Transmission Rate - Line and Transformation Connection Service Rate","STREET LIGHTING SERVICE CLASSIFICATION~Retail Transmission Rate - Network Service Rate","STREET LIGHTING SERVICE CLASSIFICATION~Retail Transmission Rate - Line and Transformation Connection Service Rate"]
["Canadian Niagara Power Inc.","RESIDENTIAL SERVICE CLASSIFICATION~Retail Transmission Rate - Network Service Rate","RESIDENTIAL SERVICE CLASSIFICATION~Retail Transmission Rate - Line and Transformation Connection Service Rate","GENERAL SERVICE LESS THAN 50 KW SERVICE CLASSIFICATION~Retail Transmission Rate - Network Service Rate","GENERAL SERVICE LESS THAN 50 KW SERVICE CLASSIFICATION~Retail Transmission Rate - Line and Transformation Connection Service Rate","GENERAL SERVICE 50 to 4,999 kW SERVICE CLASSIFICATION~Retail Transmission Rate - Network Service Rate","GENERAL SERVICE 50 to 4,999 kW SERVICE CLASSIFICATION~Retail Transmission Rate - Line and Transformation Connection Service Rate","GENERAL SERVICE 50 to 4,999 kW SERVICE CLASSIFICATION~Retail Transmission Rate - Network Service Rate - EV CHARGING","GENERAL SERVICE 50 to 4,999 kW SERVICE CLASSIFICATION~Retail Transmission Rate - Line and Transformation Connection Service Rate - EV CHARGING","EMBEDDED DISTRIBUTOR SERVICE CLASSIFICATION~Retail Transmission Rate - Network Service Rate","EMBEDDED DISTRIBUTOR SERVICE CLASSIFICATION~Retail Transmission Rate - Line and Transformation Connection Service Rate","UNMETERED SCATTERED LOAD SERVICE CLASSIFICATION~Retail Transmission Rate - Network Service Rate","UNMETERED SCATTERED LOAD SERVICE CLASSIFICATION~Retail Transmission Rate - Line and Transformation Connection Service Rate","SENTINEL LIGHTING SERVICE CLASSIFICATION~Retail Transmission Rate - Network Service Rate","SENTINEL LIGHTING SERVICE CLASSIFICATION~Retail Transmission Rate - Line and Transformation Connection Service Rate","STREET LIGHTING SERVICE CLASSIFICATION~Retail Transmission Rate - Network Service Rate","STREET LIGHTING SERVICE CLASSIFICATION~Retail Transmission Rate - Line and Transformation Connection Service Rate"]
["Entegrus Powerlines Inc.","RESIDENTIAL SERVICE CLASSIFICATION~Retail Transmission Rate - Network Service Rate","RESIDENTIAL SERVICE CLASSIFICATION~Retail Transmission Rate - Line and Transformation Connection Service Rate","GENERAL SERVICE LESS THAN 50 KW SERVICE CLASSIFICATION~Retail Transmission Rate - Network Service Rate","GENERAL SERVICE LESS THAN 50 KW SERVICE CLASSIFICATION~Retail Transmission Rate - Line and Transformation Connection Service Rate","GENERAL SERVICE 50 to 4,999 kW SERVICE CLASSIFICATION~Retail Transmission Rate - Network Service Rate","GENERAL SERVICE 50 to 4,999 kW SERVICE CLASSIFICATION~Retail Transmission Rate - Line and Transformation Connection Service Rate (see Note 1)","GENERAL SERVICE 50 to 4,999 kW SERVICE CLASSIFICATION~Retail Transmission Rate - Network Service Rate - EV CHARGING","GENERAL SERVICE 50 to 4,999 kW SERVICE CLASSIFICATION~Retail Transmission Rate - Line and Transformation Connection Service Rate (see Note 1) - EV CHARGING","LARGE USE SERVICE CLASSIFICATION~Retail Transmission Rate - Network Service Rate","LARGE USE SERVICE CLASSIFICATION~Retail Transmission Rate - Line and Transformation Connection Service Rate (see Note 1)","UNMETERED SCATTERED LOAD SERVICE CLASSIFICATION~Retail Transmission Rate - Network Service Rate","UNMETERED SCATTERED LOAD SERVICE CLASSIFICATION~Retail Transmission Rate - Line and Transformation Connection Service Rate","SENTINEL LIGHTING SERVICE CLASSIFICATION~Retail Transmission Rate - Network Service Rate","SENTINEL LIGHTING SERVICE CLASSIFICATION~Retail Transmission Rate - Line and Transformation Connection Service Rate","STREET LIGHTING SERVICE CLASSIFICATION~Retail Transmission Rate - Network Service Rate","STREET LIGHTING SERVICE CLASSIFICATION~Retail Transmission Rate - Line and Transformation Connection Service Rate","EMBEDDED DISTRIBUTOR SERVICE CLASSIFICATION~Retail Transmission Rate - Network Service Rate","EMBEDDED DISTRIBUTOR SERVICE CLASSIFICATION~Retail Transmission Rate - Line and Transformation Connection Service Rate"]
["Entegrus Powerlines Inc.-For Former St. Thomas Energy Rate Zone","RESIDENTIAL SERVICE CLASSIFICATION~Retail Transmission Rate - Network Service Rate","RESIDENTIAL SERVICE CLASSIFICATION~Retail Transmission Rate - Line and Transformation Connection Service Rate","GENERAL SERVICE LESS THAN 50 KW SERVICE CLASSIFICATION~Retail Transmission Rate - Network Service Rate","GENERAL SERVICE LESS THAN 50 KW SERVICE CLASSIFICATION~Retail Transmission Rate - Line and Transformation Connection Service Rate","GENERAL SERVICE 50 to 4,999 kW SERVICE CLASSIFICATION~Retail Transmission Rate - Network Service Rate","GENERAL SERVICE 50 to 4,999 kW SERVICE CLASSIFICATION~Retail Transmission Rate - Line and Transformation Connection Service Rate","GENERAL SERVICE 50 to 4,999 kW SERVICE CLASSIFICATION~Retail Transmission Rate - Network Service Rate - EV CHARGING","GENERAL SERVICE 50 to 4,999 kW SERVICE CLASSIFICATION~Retail Transmission Rate - Line and Transformation Connection Service Rate - EV CHARGING","SENTINEL LIGHTING SERVICE CLASSIFICATION~Retail Transmission Rate - Network Service Rate","SENTINEL LIGHTING SERVICE CLASSIFICATION~Retail Transmission Rate - Line and Transformation Connection Service Rate","STREET LIGHTING SERVICE CLASSIFICATION~Retail Transmission Rate - Network Service Rate","STREET LIGHTING SERVICE CLASSIFICATION~Retail Transmission Rate - Line and Transformation Connection Service Rate"]
["Festival Hydro Inc.","RESIDENTIAL SERVICE CLASSIFICATION~Retail Transmission Rate - Network Service Rate","RESIDENTIAL SERVICE CLASSIFICATION~Retail Transmission Rate - Line and Transformation Connection Service Rate","GENERAL SERVICE LESS THAN 50 KW SERVICE CLASSIFICATION~Retail Transmission Rate - Network Service Rate","GENERAL SERVICE LESS THAN 50 KW SERVICE CLASSIFICATION~Retail Transmission Rate - Line and Transformation Connection Service Rate","GENERAL SERVICE 50 to 4,999 kW SERVICE CLASSIFICATION~Retail Transmission Rate - Network Service Rate","GENERAL SERVICE 50 to 4,999 kW SERVICE CLASSIFICATION~Retail Transmission Rate - Line and Transformation Connection Service Rate","GENERAL SERVICE 50 to 4,999 kW SERVICE CLASSIFICATION~Retail Transmission Rate - Network Service Rate - EV CHARGING","GENERAL SERVICE 50 to 4,999 kW SERVICE CLASSIFICATION~Retail Transmission Rate - Line and Transformation Connection Service Rate - EV CHARGING","GENERAL SERVICE 50 to 4,999 kW SERVICE CLASSIFICATION~Retail Transmission Rate - Network Service Rate - Interval Metered","GENERAL SERVICE 50 to 4,999 kW SERVICE CLASSIFICATION~Retail Transmission Rate - Line and Transformation Connection Service Rate - Interval Metered","LARGE USE SERVICE CLASSIFICATION~Retail Transmission Rate - Network Service Rate - Interval Metered","LARGE USE SERVICE CLASSIFICATION~Retail Transmission Rate - Line and Transformation Connection Service Rate - Interval Metered","UNMETERED SCATTERED LOAD SERVICE CLASSIFICATION~Retail Transmission Rate - Network Service Rate","UNMETERED SCATTERED LOAD SERVICE CLASSIFICATION~Retail Transmission Rate - Line and Transformation Connection Service Rate","SENTINEL LIGHTING SERVICE CLASSIFICATION~Retail Transmission Rate - Network Service Rate","SENTINEL LIGHTING SERVICE CLASSIFICATION~Retail Transmission Rate - Line and Transformation Connection Service Rate","STREET LIGHTING SERVICE CLASSIFICATION~Retail Transmission Rate - Network Service Rate","STREET LIGHTING SERVICE CLASSIFICATION~Retail Transmission Rate - Line and Transformation Connection Service Rate"]
["Grimsby Power Incorporated","RESIDENTIAL SERVICE CLASSIFICATION~Retail Transmission Rate - Network Service Rate","RESIDENTIAL SERVICE CLASSIFICATION~Retail Transmission Rate - Line and Transformation Connection Service Rate","GENERAL SERVICE LESS THAN 50 KW SERVICE CLASSIFICATION~Retail Transmission Rate - Network Service Rate","GENERAL SERVICE LESS THAN 50 KW SERVICE CLASSIFICATION~Retail Transmission Rate - Line and Transformation Connection Service Rate","GENERAL SERVICE 50 to 4,999 kW SERVICE CLASSIFICATION~Retail Transmission Rate - Network Service Rate","GENERAL SERVICE 50 to 4,999 kW SERVICE CLASSIFICATION~Retail Transmission Rate - Line and Transformation Connection Service Rate","GENERAL SERVICE 50 to 4,999 kW SERVICE CLASSIFICATION~Retail Transmission Rate - Network Service Rate - EV CHARGING","GENERAL SERVICE 50 to 4,999 kW SERVICE CLASSIFICATION~Retail Transmission Rate - Line and Transformation Connection Service Rate - EV CHARGING","GENERAL SERVICE 50 to 4,999 kW SERVICE CLASSIFICATION~Retail Transmission Rate - Network Service Rate - Interval Metered","GENERAL SERVICE 50 to 4,999 kW SERVICE CLASSIFICATION~Retail Transmission Rate - Line and Transformation Connection Service Rate - Interval Metered","UNMETERED SCATTERED LOAD SERVICE CLASSIFICATION~Retail Transmission Rate - Network Service Rate","UNMETERED SCATTERED LOAD SERVICE CLASSIFICATION~Retail Transmission Rate - Line and Transformation Connection Service Rate","STREET LIGHTING SERVICE CLASSIFICATION~Retail Transmission Rate - Network Service Rate","STREET LIGHTING SERVICE CLASSIFICATION~Retail Transmission Rate - Line and Transformation Connection Service Rate","EMBEDDED DISTRIBUTOR SERVICE CLASSIFICATION~Retail Transmission Rate - Network Service Rate","EMBEDDED DISTRIBUTOR SERVICE CLASSIFICATION~Retail Transmission Rate - Line and Transformation Connection Service Rate"]
["Alectra Utilities Corporation-Guelph Rate Zone","RESIDENTIAL SERVICE CLASSIFICATION~Retail Transmission Rate - Network Service Rate","RESIDENTIAL SERVICE CLASSIFICATION~Retail Transmission Rate - Line and Transformation Connection Service Rate","GENERAL SERVICE LESS THAN 50 KW SERVICE CLASSIFICATION~Retail Transmission Rate - Network Service Rate","GENERAL SERVICE LESS THAN 50 KW SERVICE CLASSIFICATION~Retail Transmission Rate - Line and Transformation Connection Service Rate","GENERAL SERVICE 50 TO 999 KW SERVICE CLASSIFICATION~Retail Transmission Rate - Network Service Rate","GENERAL SERVICE 50 TO 999 KW SERVICE CLASSIFICATION~Retail Transmission Rate - Network Service Rate - Interval Metered","GENERAL SERVICE 50 TO 999 KW SERVICE CLASSIFICATION~Retail Transmission Rate - Line and Transformation Connection Service Rate","GENERAL SERVICE 50 TO 999 KW SERVICE CLASSIFICATION~Retail Transmission Rate - Network Service Rate - EV CHARGING","GENERAL SERVICE 50 TO 999 KW SERVICE CLASSIFICATION~Retail Transmission Rate - Line and Transformation Connection Service Rate - EV CHARGING","GENERAL SERVICE 50 TO 999 KW SERVICE CLASSIFICATION~Retail Transmission Rate - Line and Transformation Connection Service Rate - Interval Metered","GENERAL SERVICE 1,000 TO 4,999 KW SERVICE CLASSIFICATION~Retail Transmission Rate - Network Service Rate - Interval Metered","GENERAL SERVICE 1,000 TO 4,999 KW SERVICE CLASSIFICATION~Retail Transmission Rate - Line and Transformation Connection Service Rate - Interval Metered","GENERAL SERVICE 1,000 TO 4,999 KW SERVICE CLASSIFICATION~Retail Transmission Rate - Network Service Rate - EV CHARGING","GENERAL SERVICE 1,000 TO 4,999 KW SERVICE CLASSIFICATION~Retail Transmission Rate - Line and Transformation Connection Service Rate - EV CHARGING","LARGE USE SERVICE CLASSIFICATION~Retail Transmission Rate - Network Service Rate - Interval Metered","LARGE USE SERVICE CLASSIFICATION~Retail Transmission Rate - Line and Transformation Connection Service Rate - Interval Metered","UNMETERED SCATTERED LOAD SERVICE CLASSIFICATION~Retail Transmission Rate - Network Service Rate","UNMETERED SCATTERED LOAD SERVICE CLASSIFICATION~Retail Transmission Rate - Line and Transformation Connection Service Rate","SENTINEL LIGHTING SERVICE CLASSIFICATION~Retail Transmission Rate - Network Service Rate","SENTINEL LIGHTING SERVICE CLASSIFICATION~Retail Transmission Rate - Line and Transformation Connection Service Rate","STREET LIGHTING SERVICE CLASSIFICATION~Retail Transmission Rate - Network Service Rate","STREET LIGHTING SERVICE CLASSIFICATION~Retail Transmission Rate - Line and Transformation Connection Service Rate"]
["Hydro Hawkesbury Inc.","RESIDENTIAL SERVICE CLASSIFICATION~Retail Transmission Rate - Network Service Rate","RESIDENTIAL SERVICE CLASSIFICATION~Retail Transmission Rate - Line and Transformation Connection Service Rate","GENERAL SERVICE LESS THAN 50 KW SERVICE CLASSIFICATION~Retail Transmission Rate - Network Service Rate","GENERAL SERVICE LESS THAN 50 KW SERVICE CLASSIFICATION~Retail Transmission Rate - Line and Transformation Connection Service Rate","GENERAL SERVICE 50 to 4,999 kW SERVICE CLASSIFICATION~Retail Transmission Rate - Network Service Rate","GENERAL SERVICE 50 to 4,999 kW SERVICE CLASSIFICATION~Retail Transmission Rate - Line and Transformation Connection Service Rate","GENERAL SERVICE 50 to 4,999 kW SERVICE CLASSIFICATION~Retail Transmission Rate - Network Service Rate - EV CHARGING","GENERAL SERVICE 50 to 4,999 kW SERVICE CLASSIFICATION~Retail Transmission Rate - Line and Transformation Connection Service Rate - EV CHARGING","UNMETERED SCATTERED LOAD SERVICE CLASSIFICATION~Retail Transmission Rate - Network Service Rate","UNMETERED SCATTERED LOAD SERVICE CLASSIFICATION~Retail Transmission Rate - Line and Transformation Connection Service Rate","SENTINEL LIGHTING SERVICE CLASSIFICATION~Retail Transmission Rate - Network Service Rate","SENTINEL LIGHTING SERVICE CLASSIFICATION~Retail Transmission Rate - Line and Transformation Connection Service Rate","STREET LIGHTING SERVICE CLASSIFICATION~Retail Transmission Rate - Network Service Rate","STREET LIGHTING SERVICE CLASSIFICATION~Retail Transmission Rate - Line and Transformation Connection Service Rate"]
["Hydro Ottawa Limited","RESIDENTIAL SERVICE CLASSIFICATION~Retail Transmission Rate - Network Service Rate","RESIDENTIAL SERVICE CLASSIFICATION~Retail Transmission Rate - Line and Transformation Connection Service Rate","GENERAL SERVICE LESS THAN 50 KW SERVICE CLASSIFICATION~Retail Transmission Rate - Network Service Rate","GENERAL SERVICE LESS THAN 50 KW SERVICE CLASSIFICATION~Retail Transmission Rate - Line and Transformation Connection Service Rate","GENERAL SERVICE 50 TO 1,499 KW SERVICE CLASSIFICATION~Retail Transmission Rate - Network Service Rate","GENERAL SERVICE 50 TO 1,499 KW SERVICE CLASSIFICATION~Retail Transmission Rate - Line and Transformation Connection Service Rate","GENERAL SERVICE 50 TO 1,499 KW SERVICE CLASSIFICATION~Retail Transmission Rate - Network Service Rate - EV CHARGING","GENERAL SERVICE 50 TO 1,499 KW SERVICE CLASSIFICATION~Retail Transmission Rate - Line and Transformation Connection Service Rate - EV CHARGING","GENERAL SERVICE 1,500 TO 4,999 KW SERVICE CLASSIFICATION~Retail Transmission Rate - Network Service Rate","GENERAL SERVICE 1,500 TO 4,999 KW SERVICE CLASSIFICATION~Retail Transmission Rate - Line and Transformation Connection Service Rate","GENERAL SERVICE 1,500 TO 4,999 KW SERVICE CLASSIFICATION~Retail Transmission Rate - Network Service Rate - EV CHARGING","GENERAL SERVICE 1,500 TO 4,999 KW SERVICE CLASSIFICATION~Retail Transmission Rate - Line and Transformation Connection Service Rate - EV CHARGING","LARGE USE SERVICE CLASSIFICATION~Retail Transmission Rate - Network Service Rate","LARGE USE SERVICE CLASSIFICATION~Retail Transmission Rate - Line and Transformation Connection Service Rate","UNMETERED SCATTERED LOAD SERVICE CLASSIFICATION~Retail Transmission Rate - Network Service Rate","UNMETERED SCATTERED LOAD SERVICE CLASSIFICATION~Retail Transmission Rate - Line and Transformation Connection Service Rate","SENTINEL LIGHTING SERVICE CLASSIFICATION~Retail Transmission Rate - Network Service Rate","SENTINEL LIGHTING SERVICE CLASSIFICATION~Retail Transmission Rate - Line and Transformation Connection Service Rate","STREET LIGHTING SERVICE CLASSIFICATION~Retail Transmission Rate - Network Service Rate","STREET LIGHTING SERVICE CLASSIFICATION~Retail Transmission Rate - Line and Transformation Connection Service Rate"]
["InnPower Corporation","RESIDENTIAL SERVICE CLASSIFICATION~Retail Transmission Rate - Network Service Rate","RESIDENTIAL SERVICE CLASSIFICATION~Retail Transmission Rate - Line and Transformation Connection Service Rate","GENERAL SERVICE LESS THAN 50 KW SERVICE CLASSIFICATION~Retail Transmission Rate - Network Service Rate","GENERAL SERVICE LESS THAN 50 KW SERVICE CLASSIFICATION~Retail Transmission Rate - Line and Transformation Connection Service Rate","GENERAL SERVICE 50 to 4,999 kW SERVICE CLASSIFICATION~Retail Transmission Rate - Network Service Rate","GENERAL SERVICE 50 to 4,999 kW SERVICE CLASSIFICATION~Retail Transmission Rate - Line and Transformation Connection Service Rate ","GENERAL SERVICE 50 to 4,999 kW SERVICE CLASSIFICATION~Retail Transmission Rate - Network Service Rate - EV CHARGING","GENERAL SERVICE 50 to 4,999 kW SERVICE CLASSIFICATION~Retail Transmission Rate - Line and Transformation Connection Service Rate - EV CHARGING","GENERAL SERVICE 50 to 4,999 kW SERVICE CLASSIFICATION~Retail Transmission Rate - Network Service Rate - Interval Metered","GENERAL SERVICE 50 to 4,999 kW SERVICE CLASSIFICATION~Retail Transmission Rate - Line and Transformation Connection Service Rate - Interval Metered ","UNMETERED SCATTERED LOAD SERVICE CLASSIFICATION~Retail Transmission Rate - Network Service Rate","UNMETERED SCATTERED LOAD SERVICE CLASSIFICATION~Retail Transmission Rate - Line and Transformation Connection Service Rate","SENTINEL LIGHTING SERVICE CLASSIFICATION~Retail Transmission Rate - Network Service Rate","SENTINEL LIGHTING SERVICE CLASSIFICATION~Retail Transmission Rate - Line and Transformation Connection Service Rate","STREET LIGHTING SERVICE CLASSIFICATION~Retail Transmission Rate - Network Service Rate","STREET LIGHTING SERVICE CLASSIFICATION~Retail Transmission Rate - Line and Transformation Connection Service Rate"]
["Kingston Hydro Corporation","RESIDENTIAL SERVICE CLASSIFICATION~Retail Transmission Rate - Network Service Rate","RESIDENTIAL SERVICE CLASSIFICATION~Retail Transmission Rate - Line and Transformation Connection Service Rate","GENERAL SERVICE LESS THAN 50 KW SERVICE CLASSIFICATION~Retail Transmission Rate - Network Service Rate","GENERAL SERVICE LESS THAN 50 KW SERVICE CLASSIFICATION~Retail Transmission Rate - Line and Transformation Connection Service Rate","GENERAL SERVICE 50 to 4,999 kW SERVICE CLASSIFICATION~Retail Transmission Rate - Network Service Rate","GENERAL SERVICE 50 to 4,999 kW SERVICE CLASSIFICATION~Retail Transmission Rate - Line and Transformation Connection Service Rate","GENERAL SERVICE 50 to 4,999 kW SERVICE CLASSIFICATION~Retail Transmission Rate - Network Service Rate - EV CHARGING","GENERAL SERVICE 50 to 4,999 kW SERVICE CLASSIFICATION~Retail Transmission Rate - Line and Transformation Connection Service Rate - EV CHARGING","LARGE USE SERVICE CLASSIFICATION~Retail Transmission Rate - Network Service Rate","LARGE USE SERVICE CLASSIFICATION~Retail Transmission Rate - Line and Transformation Connection Service Rate","UNMETERED SCATTERED LOAD SERVICE CLASSIFICATION~Retail Transmission Rate - Network Service Rate","UNMETERED SCATTERED LOAD SERVICE CLASSIFICATION~Retail Transmission Rate - Line and Transformation Connection Service Rate","STREET LIGHTING SERVICE CLASSIFICATION~Retail Transmission Rate - Network Service Rate","STREET LIGHTING SERVICE CLASSIFICATION~Retail Transmission Rate - Line and Transformation Connection Service Rate"]
["Renfrew Hydro Inc.","RESIDENTIAL SERVICE CLASSIFICATION~Retail Transmission Rate - Network Service Rate","RESIDENTIAL SERVICE CLASSIFICATION~Retail Transmission Rate - Line and Transformation Connection Service Rate","GENERAL SERVICE LESS THAN 50 KW SERVICE CLASSIFICATION~Retail Transmission Rate - Network Service Rate","GENERAL SERVICE LESS THAN 50 KW SERVICE CLASSIFICATION~Retail Transmission Rate - Line and Transformation Connection Service Rate","GENERAL SERVICE 50 to 4,999 kW SERVICE CLASSIFICATION~Retail Transmission Rate - Network Service Rate","GENERAL SERVICE 50 to 4,999 kW SERVICE CLASSIFICATION~Retail Transmission Rate - Line and Transformation Connection Service Rate","GENERAL SERVICE 50 to 4,999 kW SERVICE CLASSIFICATION~Retail Transmission Rate - Network Service Rate - EV CHARGING","GENERAL SERVICE 50 to 4,999 kW SERVICE CLASSIFICATION~Retail Transmission Rate - Line and Transformation Connection Service Rate - EV CHARGING","UNMETERED SCATTERED LOAD SERVICE CLASSIFICATION~Retail Transmission Rate - Network Service Rate","UNMETERED SCATTERED LOAD SERVICE CLASSIFICATION~Retail Transmission Rate - Line and Transformation Connection Service Rate","STREET LIGHTING SERVICE CLASSIFICATION~Retail Transmission Rate - Network Service Rate","STREET LIGHTING SERVICE CLASSIFICATION~Retail Transmission Rate - Line and Transformation Connection Service Rate"]
["Cooperative Hydro Embrun Inc.","RESIDENTIAL SERVICE CLASSIFICATION~Retail Transmission Rate - Network Service Rate","RESIDENTIAL SERVICE CLASSIFICATION~Retail Transmission Rate - Line and Transformation Connection Service Rate","GENERAL SERVICE LESS THAN 50 KW SERVICE CLASSIFICATION~Retail Transmission Rate - Network Service Rate","GENERAL SERVICE LESS THAN 50 KW SERVICE CLASSIFICATION~Retail Transmission Rate - Line and Transformation Connection Service Rate","GENERAL SERVICE 50 to 4,999 kW SERVICE CLASSIFICATION~Retail Transmission Rate - Network Service Rate","GENERAL SERVICE 50 to 4,999 kW SERVICE CLASSIFICATION~Retail Transmission Rate - Line and Transformation Connection Service Rate","GENERAL SERVICE 50 to 4,999 kW SERVICE CLASSIFICATION~Retail Transmission Rate - Network Service Rate - EV CHARGING","GENERAL SERVICE 50 to 4,999 kW SERVICE CLASSIFICATION~Retail Transmission Rate - Line and Transformation Connection Service Rate - EV CHARGING","UNMETERED SCATTERED LOAD SERVICE CLASSIFICATION~Retail Transmission Rate - Network Service Rate","UNMETERED SCATTERED LOAD SERVICE CLASSIFICATION~Retail Transmission Rate - Line and Transformation Connection Service Rate","STREET LIGHTING SERVICE CLASSIFICATION~Retail Transmission Rate - Network Service Rate","STREET LIGHTING SERVICE CLASSIFICATION~Retail Transmission Rate - Line and Transformation Connection Service Rate"]
["Lakefront Utilities Inc.","RESIDENTIAL SERVICE CLASSIFICATION~Retail Transmission Rate - Network Service Rate","RESIDENTIAL SERVICE CLASSIFICATION~Retail Transmission Rate - Line and Transformation Connection Service Rate","GENERAL SERVICE LESS THAN 50 KW SERVICE CLASSIFICATION~Retail Transmission Rate - Network Service Rate","GENERAL SERVICE LESS THAN 50 KW SERVICE CLASSIFICATION~Retail Transmission Rate - Line and Transformation Connection Service Rate","GENERAL SERVICE 50 TO 2,999 KW SERVICE CLASSIFICATION~Retail Transmission Rate - Network Service Rate","GENERAL SERVICE 50 TO 2,999 KW SERVICE CLASSIFICATION~Retail Transmission Rate - Line and Transformation Connection Service Rate","GENERAL SERVICE 50 TO 2,999 KW SERVICE CLASSIFICATION~Retail Transmission Rate - Network Service Rate - EV CHARGING","GENERAL SERVICE 50 TO 2,999 KW SERVICE CLASSIFICATION~Retail Transmission Rate - Line and Transformation Connection Service Rate - EV CHARGING","GENERAL SERVICE 3,000 TO 4,999 KW SERVICE CLASSIFICATION~Retail Transmission Rate - Network Service Rate","GENERAL SERVICE 3,000 TO 4,999 KW SERVICE CLASSIFICATION~Retail Transmission Rate - Line and Transformation Connection Service Rate","GENERAL SERVICE 3,000 TO 4,999 KW SERVICE CLASSIFICATION~Retail Transmission Rate - Network Service Rate - EV CHARGING","GENERAL SERVICE 3,000 TO 4,999 KW SERVICE CLASSIFICATION~Retail Transmission Rate - Line and Transformation Connection Service Rate - EV CHARGING","UNMETERED SCATTERED LOAD SERVICE CLASSIFICATION~Retail Transmission Rate - Network Service Rate","UNMETERED SCATTERED LOAD SERVICE CLASSIFICATION~Retail Transmission Rate - Line and Transformation Connection Service Rate","SENTINEL LIGHTING SERVICE CLASSIFICATION~Retail Transmission Rate - Network Service Rate","SENTINEL LIGHTING SERVICE CLASSIFICATION~Retail Transmission Rate - Line and Transformation Connection Service Rate","STREET LIGHTING SERVICE CLASSIFICATION~Retail Transmission Rate - Network Service Rate","STREET LIGHTING SERVICE CLASSIFICATION~Retail Transmission Rate - Line and Transformation Connection Service Rate"]
["Toronto Hydro-Electric System Limited","RESIDENTIAL SERVICE CLASSIFICATION~Retail Transmission Rate - Network Service Rate","RESIDENTIAL SERVICE CLASSIFICATION~Retail Transmission Rate - Line and Transformation Connection Service Rate","COMPETITIVE SECTOR MULTI-UNIT RESIDENTIAL SERVICE CLASSIFICATION~Retail Transmission Rate - Network Service Rate","COMPETITIVE SECTOR MULTI-UNIT RESIDENTIAL SERVICE CLASSIFICATION~Retail Transmission Rate - Line and Transformation Connection Service Rate","GENERAL SERVICE LESS THAN 50 KW SERVICE CLASSIFICATION~Retail Transmission Rate - Network Service Rate","GENERAL SERVICE LESS THAN 50 KW SERVICE CLASSIFICATION~Retail Transmission Rate - Line and Transformation Connection Service Rate","GENERAL SERVICE 50 TO 999 KW SERVICE CLASSIFICATION~Retail Transmission Rate - Network Service Rate","GENERAL SERVICE LESS THAN 50 KW SERVICE CLASSIFICATION~Retail Transmission Rate - Line and Transformation Connection Service Rate - EV CHARGING","GENERAL SERVICE 50 TO 999 KW SERVICE CLASSIFICATION~Retail Transmission Rate - Network Service Rate - EV CHARGING","GENERAL SERVICE 50 TO 999 KW SERVICE CLASSIFICATION~Retail Transmission Rate - Line and Transformation Connection Service Rate","GENERAL SERVICE 1,000 TO 4,999 KW SERVICE CLASSIFICATION~Retail Transmission Rate - Network Service Rate","GENERAL SERVICE 1,000 TO 4,999 KW SERVICE CLASSIFICATION~Retail Transmission Rate - Line and Transformation Connection Service Rate","GENERAL SERVICE 1,000 TO 4,999 KW SERVICE CLASSIFICATION~Retail Transmission Rate - Network Service Rate - EV CHARGING","GENERAL SERVICE 1,000 TO 4,999 KW SERVICE CLASSIFICATION~Retail Transmission Rate - Line and Transformation Connection Service Rate - EV CHARGING","LARGE USE SERVICE CLASSIFICATION~Retail Transmission Rate - Network Service Rate","LARGE USE SERVICE CLASSIFICATION~Retail Transmission Rate - Line and Transformation Connection Service Rate","UNMETERED SCATTERED LOAD SERVICE CLASSIFICATION~Retail Transmission Rate - Network Service Rate","UNMETERED SCATTERED LOAD SERVICE CLASSIFICATION~Retail Transmission Rate - Line and Transformation Connection Service Rate","STREET LIGHTING SERVICE CLASSIFICATION~Retail Transmission Rate - Network Service Rate","STREET LIGHTING SERVICE CLASSIFICATION~Retail Transmission Rate - Line and Transformation Connection Service Rate"]
["Westario Power Inc.","RESIDENTIAL SERVICE CLASSIFICATION~Retail Transmission Rate - Network Service Rate","RESIDENTIAL SERVICE CLASSIFICATION~Retail Transmission Rate - Line and Transformation Connection Service Rate","GENERAL SERVICE LESS THAN 50 KW SERVICE CLASSIFICATION~Retail Transmission Rate - Network Service Rate","GENERAL SERVICE LESS THAN 50 KW SERVICE CLASSIFICATION~Retail Transmission Rate - Line and Transformation Connection Service Rate","GENERAL SERVICE 50 to 4,999 kW SERVICE CLASSIFICATION~Retail Transmission Rate - Network Service Rate","GENERAL SERVICE 50 to 4,999 kW SERVICE CLASSIFICATION~Retail Transmission Rate - Line and Transformation Connection Service Rate","GENERAL SERVICE 50 to 4,999 kW SERVICE CLASSIFICATION~Retail Transmission Rate - Network Service Rate - EV CHARGING","GENERAL SERVICE 50 to 4,999 kW SERVICE CLASSIFICATION~Retail Transmission Rate - Line and Transformation Connection Service Rate - EV CHARGING","UNMETERED SCATTERED LOAD SERVICE CLASSIFICATION~Retail Transmission Rate - Network Service Rate","UNMETERED SCATTERED LOAD SERVICE CLASSIFICATION~Retail Transmission Rate - Line and Transformation Connection Service Rate","SENTINEL LIGHTING SERVICE CLASSIFICATION~Retail Transmission Rate - Network Service Rate","SENTINEL LIGHTING SERVICE CLASSIFICATION~Retail Transmission Rate - Line and Transformation Connection Service Rate","STREET LIGHTING SERVICE CLASSIFICATION~Retail Transmission Rate - Network Service Rate","STREET LIGHTING SERVICE CLASSIFICATION~Retail Transmission Rate - Line and Transformation Connection Service Rate"]
["Elexicon Energy Inc.-Whitby Rate Zone","RESIDENTIAL SERVICE CLASSIFICATION~Retail Transmission Rate - Network Service Rate","RESIDENTIAL SERVICE CLASSIFICATION~Retail Transmission Rate - Line and Transformation Connection Service Rate","GENERAL SERVICE LESS THAN 50 KW SERVICE CLASSIFICATION~Retail Transmission Rate - Network Service Rate","GENERAL SERVICE LESS THAN 50 KW SERVICE CLASSIFICATION~Retail Transmission Rate - Line and Transformation Connection Service Rate","GENERAL SERVICE 50 to 4,999 kW SERVICE CLASSIFICATION~Retail Transmission Rate - Network Service Rate","GENERAL SERVICE 50 to 4,999 kW SERVICE CLASSIFICATION~Retail Transmission Rate - Line and Transformation Connection Service Rate","GENERAL SERVICE 50 to 4,999 kW SERVICE CLASSIFICATION~Retail Transmission Rate - Network Service Rate - EV CHARGING","GENERAL SERVICE 50 to 4,999 kW SERVICE CLASSIFICATION~Retail Transmission Rate - Line and Transformation Connection Service Rate - EV CHARGING","UNMETERED SCATTERED LOAD SERVICE CLASSIFICATION~Retail Transmission Rate - Network Service Rate","UNMETERED SCATTERED LOAD SERVICE CLASSIFICATION~Retail Transmission Rate - Line and Transformation Connection Service Rate","SENTINEL LIGHTING SERVICE CLASSIFICATION~Retail Transmission Rate - Network Service Rate","SENTINEL LIGHTING SERVICE CLASSIFICATION~Retail Transmission Rate - Line and Transformation Connection Service Rate","STREET LIGHTING SERVICE CLASSIFICATION~Retail Transmission Rate - Network Service Rate","STREET LIGHTING SERVICE CLASSIFICATION~Retail Transmission Rate - Line and Transformation Connection Service Rate"]
["Erie Thames Powerlines Corporation","RESIDENTIAL SERVICE CLASSIFICATION~Retail Transmission Rate - Network Service Rate","RESIDENTIAL SERVICE CLASSIFICATION~Retail Transmission Rate - Line and Transformation Connection Service Rate","GENERAL SERVICE LESS THAN 50 KW SERVICE CLASSIFICATION~Retail Transmission Rate - Network Service Rate","GENERAL SERVICE LESS THAN 50 KW SERVICE CLASSIFICATION~Retail Transmission Rate - Line and Transformation Connection Service Rate","GENERAL SERVICE 50 TO 999 KW SERVICE CLASSIFICATION~Retail Transmission Rate - Network Service Rate","GENERAL SERVICE 50 TO 999 KW SERVICE CLASSIFICATION~Retail Transmission Rate - Line and Transformation Connection Service Rate","GENERAL SERVICE 50 TO 999 KW SERVICE CLASSIFICATION~Retail Transmission Rate - Network Service Rate - EV CHARGING","GENERAL SERVICE 50 TO 999 KW SERVICE CLASSIFICATION~Retail Transmission Rate - Line and Transformation Connection Service Rate - EV CHARGING","GENERAL SERVICE 1,000 TO 4,999 KW SERVICE CLASSIFICATION~Retail Transmission Rate - Network Service Rate","GENERAL SERVICE 1,000 TO 4,999 KW SERVICE CLASSIFICATION~Retail Transmission Rate - Line and Transformation Connection Service Rate","GENERAL SERVICE 1,000 TO 4,999 KW SERVICE CLASSIFICATION~Retail Transmission Rate - Network Service Rate - EV CHARGING","GENERAL SERVICE 1,000 TO 4,999 KW SERVICE CLASSIFICATION~Retail Transmission Rate - Line and Transformation Connection Service Rate - EV CHARGING","LARGE USE SERVICE CLASSIFICATION~Retail Transmission Rate - Network Service Rate","LARGE USE SERVICE CLASSIFICATION~Retail Transmission Rate - Line and Transformation Connection Service Rate","UNMETERED SCATTERED LOAD SERVICE CLASSIFICATION~Retail Transmission Rate - Network Service Rate","UNMETERED SCATTERED LOAD SERVICE CLASSIFICATION~Retail Transmission Rate - Line and Transformation Connection Service Rate","SENTINEL LIGHTING SERVICE CLASSIFICATION~Retail Transmission Rate - Network Service Rate","SENTINEL LIGHTING SERVICE CLASSIFICATION~Retail Transmission Rate - Line and Transformation Connection Service Rate","STREET LIGHTING SERVICE CLASSIFICATION~Retail Transmission Rate - Network Service Rate","STREET LIGHTING SERVICE CLASSIFICATION~Retail Transmission Rate - Line and Transformation Connection Service Rate","EMBEDDED DISTRIBUTOR SERVICE CLASSIFICATION~Retail Transmission Rate - Network Service Rate","EMBEDDED DISTRIBUTOR SERVICE CLASSIFICATION~Retail Transmission Rate - Line and Transformation Connection Service Rate"]
["Entegrus Powerlines Inc.-For Entegrus-Main Rate Zone","RESIDENTIAL SERVICE CLASSIFICATION~Retail Transmission Rate - Network Service Rate","RESIDENTIAL SERVICE CLASSIFICATION~Retail Transmission Rate - Line and Transformation Connection Service Rate","GENERAL SERVICE LESS THAN 50 KW SERVICE CLASSIFICATION~Retail Transmission Rate - Network Service Rate","GENERAL SERVICE LESS THAN 50 KW SERVICE CLASSIFICATION~Retail Transmission Rate - Line and Transformation Connection Service Rate","GENERAL SERVICE 50 to 4,999 kW SERVICE CLASSIFICATION~Retail Transmission Rate - Network Service Rate","GENERAL SERVICE 50 to 4,999 kW SERVICE CLASSIFICATION~Retail Transmission Rate - Line and Transformation Connection Service Rate (see Note 1)","GENERAL SERVICE 50 to 4,999 kW SERVICE CLASSIFICATION~Retail Transmission Rate - Network Service Rate - EV CHARGING","GENERAL SERVICE 50 to 4,999 kW SERVICE CLASSIFICATION~Retail Transmission Rate - Line and Transformation Connection Service Rate (see Note 1) - EV CHARGING","LARGE USE SERVICE CLASSIFICATION~Retail Transmission Rate - Network Service Rate","LARGE USE SERVICE CLASSIFICATION~Retail Transmission Rate - Line and Transformation Connection Service Rate (see Note 1)","UNMETERED SCATTERED LOAD SERVICE CLASSIFICATION~Retail Transmission Rate - Network Service Rate","UNMETERED SCATTERED LOAD SERVICE CLASSIFICATION~Retail Transmission Rate - Line and Transformation Connection Service Rate","SENTINEL LIGHTING SERVICE CLASSIFICATION~Retail Transmission Rate - Network Service Rate","SENTINEL LIGHTING SERVICE CLASSIFICATION~Retail Transmission Rate - Line and Transformation Connection Service Rate","STREET LIGHTING SERVICE CLASSIFICATION~Retail Transmission Rate - Network Service Rate","STREET LIGHTING SERVICE CLASSIFICATION~Retail Transmission Rate - Line and Transformation Connection Service Rate","EMBEDDED DISTRIBUTOR SERVICE CLASSIFICATION~Retail Transmission Rate - Network Service Rate","EMBEDDED DISTRIBUTOR SERVICE CLASSIFICATION~Retail Transmission Rate - Line and Transformation Connection Service Rate"]
["Lakeland Power Distribution Ltd.","RESIDENTIAL SERVICE CLASSIFICATION~Retail Transmission Rate - Network Service Rate","RESIDENTIAL SERVICE CLASSIFICATION~Retail Transmission Rate - Line and Transformation Connection Service Rate","GENERAL SERVICE LESS THAN 50 KW SERVICE CLASSIFICATION~Retail Transmission Rate - Network Service Rate","GENERAL SERVICE LESS THAN 50 KW SERVICE CLASSIFICATION~Retail Transmission Rate - Line and Transformation Connection Service Rate","GENERAL SERVICE 50 to 4,999 kW SERVICE CLASSIFICATION~Retail Transmission Rate - Network Service Rate","GENERAL SERVICE 50 to 4,999 kW SERVICE CLASSIFICATION~Retail Transmission Rate - Line and Transformation Connection Service Rate","GENERAL SERVICE 50 to 4,999 kW SERVICE CLASSIFICATION~Retail Transmission Rate - Network Service Rate - EV CHARGING","GENERAL SERVICE 50 to 4,999 kW SERVICE CLASSIFICATION~Retail Transmission Rate - Line and Transformation Connection Service Rate - EV CHARGING","UNMETERED SCATTERED LOAD SERVICE CLASSIFICATION~Retail Transmission Rate - Network Service Rate","UNMETERED SCATTERED LOAD SERVICE CLASSIFICATION~Retail Transmission Rate - Line and Transformation Connection Service Rate","SENTINEL LIGHTING SERVICE CLASSIFICATION~Retail Transmission Rate - Network Service Rate","SENTINEL LIGHTING SERVICE CLASSIFICATION~Retail Transmission Rate - Line and Transformation Connection Service Rate","STREET LIGHTING SERVICE CLASSIFICATION~Retail Transmission Rate - Network Service Rate","STREET LIGHTING SERVICE CLASSIFICATION~Retail Transmission Rate - Line and Transformation Connection Service Rate"]
["Newmarket-Tay Power Distribution Ltd.-For Former Midland Power Utility Rate Zone","RESIDENTIAL SERVICE CLASSIFICATION~Retail Transmission Rate - Network Service Rate","RESIDENTIAL SERVICE CLASSIFICATION~Retail Transmission Rate - Line and Transformation Connection Service Rate","GENERAL SERVICE LESS THAN 50 KW SERVICE CLASSIFICATION~Retail Transmission Rate - Network Service Rate","GENERAL SERVICE LESS THAN 50 KW SERVICE CLASSIFICATION~Retail Transmission Rate - Line and Transformation Connection Service Rate","GENERAL SERVICE 50 to 4,999 kW SERVICE CLASSIFICATION~Retail Transmission Rate - Network Service Rate","GENERAL SERVICE 50 to 4,999 kW SERVICE CLASSIFICATION~Retail Transmission Rate - Line and Transformation Connection Service Rate ","GENERAL SERVICE 50 to 4,999 kW SERVICE CLASSIFICATION~Retail Transmission Rate - Network Service Rate - EV CHARGING","GENERAL SERVICE 50 to 4,999 kW SERVICE CLASSIFICATION~Retail Transmission Rate - Line and Transformation Connection Service Rate - EV CHARGING","UNMETERED SCATTERED LOAD SERVICE CLASSIFICATION~Retail Transmission Rate - Network Service Rate","UNMETERED SCATTERED LOAD SERVICE CLASSIFICATION~Retail Transmission Rate - Line and Transformation Connection Service Rate","STREET LIGHTING SERVICE CLASSIFICATION~Retail Transmission Rate - Network Service Rate","STREET LIGHTING SERVICE CLASSIFICATION~Retail Transmission Rate - Line and Transformation Connection Service Rate"]
["Newmarket-Tay Power Distribution Ltd.-For Newmarket-Tay Power Main Rate Zone","RESIDENTIAL SERVICE CLASSIFICATION~Retail Transmission Rate - Network Service Rate","RESIDENTIAL SERVICE CLASSIFICATION~Retail Transmission Rate - Line and Transformation Connection Service Rate","GENERAL SERVICE LESS THAN 50 KW SERVICE CLASSIFICATION~Retail Transmission Rate - Network Service Rate","GENERAL SERVICE LESS THAN 50 KW SERVICE CLASSIFICATION~Retail Transmission Rate - Line and Transformation Connection Service Rate","GENERAL SERVICE 50 to 4,999 kW SERVICE CLASSIFICATION~Retail Transmission Rate - Network Service Rate","GENERAL SERVICE 50 to 4,999 kW SERVICE CLASSIFICATION~Retail Transmission Rate - Line and Transformation Connection Service Rate","GENERAL SERVICE 50 to 4,999 kW SERVICE CLASSIFICATION~Retail Transmission Rate - Network Service Rate - EV CHARGING","GENERAL SERVICE 50 to 4,999 kW SERVICE CLASSIFICATION~Retail Transmission Rate - Line and Transformation Connection Service Rate - EV CHARGING","UNMETERED SCATTERED LOAD SERVICE CLASSIFICATION~Retail Transmission Rate - Network Service Rate","UNMETERED SCATTERED LOAD SERVICE CLASSIFICATION~Retail Transmission Rate - Line and Transformation Connection Service Rate","SENTINEL LIGHTING SERVICE CLASSIFICATION~Retail Transmission Rate - Network Service Rate","SENTINEL LIGHTING SERVICE CLASSIFICATION~Retail Transmission Rate - Line and Transformation Connection Service Rate","STREET LIGHTING SERVICE CLASSIFICATION~Retail Transmission Rate - Network Service Rate","STREET LIGHTING SERVICE CLASSIFICATION~Retail Transmission Rate - Line and Transformation Connection Service Rate"]
["Bluewater Power Distribution Corporation","RESIDENTIAL SERVICE CLASSIFICATION~Retail Transmission Rate - Network Service Rate","RESIDENTIAL SERVICE CLASSIFICATION~Retail Transmission Rate - Line and Transformation Connection Service Rate","GENERAL SERVICE LESS THAN 50 KW SERVICE CLASSIFICATION~Retail Transmission Rate - Network Service Rate","GENERAL SERVICE LESS THAN 50 KW SERVICE CLASSIFICATION~Retail Transmission Rate - Line and Transformation Connection Service Rate","GENERAL SERVICE 50 TO 999 KW SERVICE CLASSIFICATION~Retail Transmission Rate - Network Service Rate","GENERAL SERVICE 50 TO 999 KW SERVICE CLASSIFICATION~Retail Transmission Rate - Line and Transformation Connection Service Rate","GENERAL SERVICE 50 TO 999 KW SERVICE CLASSIFICATION~Retail Transmission Rate - Network Service Rate - EV CHARGING","GENERAL SERVICE 50 TO 999 KW SERVICE CLASSIFICATION~Retail Transmission Rate - Line and Transformation Connection Service Rate - EV CHARGING","GENERAL SERVICE 1,000 TO 4,999 KW SERVICE CLASSIFICATION~Retail Transmission Rate - Network Service Rate","GENERAL SERVICE 1,000 TO 4,999 KW SERVICE CLASSIFICATION~Retail Transmission Rate - Line and Transformation Connection Service Rate","GENERAL SERVICE 1,000 TO 4,999 KW SERVICE CLASSIFICATION~Retail Transmission Rate - Network Service Rate - EV CHARGING","GENERAL SERVICE 1,000 TO 4,999 KW SERVICE CLASSIFICATION~Retail Transmission Rate - Line and Transformation Connection Service Rate - EV CHARGING","LARGE USE SERVICE CLASSIFICATION~Retail Transmission Rate - Network Service Rate - Interval Metered","LARGE USE SERVICE CLASSIFICATION~Retail Transmission Rate - Line and Transformation Connection Service Rate - Interval Metered","UNMETERED SCATTERED LOAD SERVICE CLASSIFICATION~Retail Transmission Rate - Network Service Rate","UNMETERED SCATTERED LOAD SERVICE CLASSIFICATION~Retail Transmission Rate - Line and Transformation Connection Service Rate","SENTINEL LIGHTING SERVICE CLASSIFICATION~Retail Transmission Rate - Network Service Rate","SENTINEL LIGHTING SERVICE CLASSIFICATION~Retail Transmission Rate - Line and Transformation Connection Service Rate","STREET LIGHTING SERVICE CLASSIFICATION~Retail Transmission Rate - Network Service Rate","STREET LIGHTING SERVICE CLASSIFICATION~Retail Transmission Rate - Line and Transformation Connection Service Rate"]
["Atikokan Hydro Inc.","RESIDENTIAL SERVICE CLASSIFICATION~Retail Transmission Rate - Network Service Rate","RESIDENTIAL SERVICE CLASSIFICATION~Retail Transmission Rate - Transformation Connection Service Rate","GENERAL SERVICE LESS THAN 50 KW SERVICE CLASSIFICATION~Retail Transmission Rate - Network Service Rate","GENERAL SERVICE LESS THAN 50 KW SERVICE CLASSIFICATION~Retail Transmission Rate - Transformation Connection Service Rate","GENERAL SERVICE 50 to 4,999 kW SERVICE CLASSIFICATION~Retail Transmission Rate - Network Service Rate","GENERAL SERVICE 50 to 4,999 kW SERVICE CLASSIFICATION~Retail Transmission Rate - Line and Transformation Connection Service Rate","GENERAL SERVICE 50 to 4,999 kW SERVICE CLASSIFICATION~Retail Transmission Rate - Network Service Rate - EV CHARGING","GENERAL SERVICE 50 to 4,999 kW SERVICE CLASSIFICATION~Retail Transmission Rate - Line and Transformation Connection Service Rate - EV CHARGING","GENERAL SERVICE 50 to 4,999 kW SERVICE CLASSIFICATION~Retail Transmission Rate - Network Service Rate - Interval Metered","GENERAL SERVICE 50 to 4,999 kW SERVICE CLASSIFICATION~Retail Transmission Rate - Line and Transformation Connection Service Rate - Interval Metered","STREET LIGHTING SERVICE CLASSIFICATION~Retail Transmission Rate - Network Service Rate","STREET LIGHTING SERVICE CLASSIFICATION~Retail Transmission Rate - Line and Transformation Connection Service Rate"]
["Burlington Hydro Inc.","RESIDENTIAL SERVICE CLASSIFICATION~Retail Transmission Rate - Network Service Rate","RESIDENTIAL SERVICE CLASSIFICATION~Retail Transmission Rate - Line and Transformation Connection Service Rate","GENERAL SERVICE LESS THAN 50 KW SERVICE CLASSIFICATION~Retail Transmission Rate - Network Service Rate","GENERAL SERVICE LESS THAN 50 KW SERVICE CLASSIFICATION~Retail Transmission Rate - Line and Transformation Connection Service Rate","GENERAL SERVICE 50 to 4,999 kW SERVICE CLASSIFICATION~Retail Transmission Rate - Network Service Rate - Interval Metered","GENERAL SERVICE 50 to 4,999 kW SERVICE CLASSIFICATION~Retail Transmission Rate - Line and Transformation Connection Service Rate - Interval Metered ","GENERAL SERVICE 50 to 4,999 kW SERVICE CLASSIFICATION~Retail Transmission Rate - Network Service Rate - EV CHARGING","GENERAL SERVICE 50 to 4,999 kW SERVICE CLASSIFICATION~Retail Transmission Rate - Line and Transformation Connection Service Rate - EV CHARGING","UNMETERED SCATTERED LOAD SERVICE CLASSIFICATION~Retail Transmission Rate - Network Service Rate","UNMETERED SCATTERED LOAD SERVICE CLASSIFICATION~Retail Transmission Rate - Line and Transformation Connection Service Rate","STREET LIGHTING SERVICE CLASSIFICATION~Retail Transmission Rate - Network Service Rate","STREET LIGHTING SERVICE CLASSIFICATION~Retail Transmission Rate - Line Connection Service Rate"]
["E.L.K. Energy Inc.","RESIDENTIAL SERVICE CLASSIFICATION~Retail Transmission Rate - Network Service Rate","RESIDENTIAL SERVICE CLASSIFICATION~Retail Transmission Rate - Line and Transformation Connection Service Rate","GENERAL SERVICE LESS THAN 50 KW SERVICE CLASSIFICATION~Retail Transmission Rate - Network Service Rate","GENERAL SERVICE LESS THAN 50 KW SERVICE CLASSIFICATION~Retail Transmission Rate - Line and Transformation Connection Service Rate","GENERAL SERVICE 50 to 4,999 kW SERVICE CLASSIFICATION~Retail Transmission Rate - Network Service Rate","GENERAL SERVICE 50 to 4,999 kW SERVICE CLASSIFICATION~Retail Transmission Rate - Line and Transformation Connection Service Rate ","GENERAL SERVICE 50 to 4,999 kW SERVICE CLASSIFICATION~Retail Transmission Rate - Network Service Rate - EV CHARGING","GENERAL SERVICE 50 to 4,999 kW SERVICE CLASSIFICATION~Retail Transmission Rate - Line and Transformation Connection Service Rate - EV CHARGING","UNMETERED SCATTERED LOAD SERVICE CLASSIFICATION~Retail Transmission Rate - Network Service Rate","UNMETERED SCATTERED LOAD SERVICE CLASSIFICATION~Retail Transmission Rate - Line and Transformation Connection Service Rate","SENTINEL LIGHTING SERVICE CLASSIFICATION~Retail Transmission Rate - Network Service Rate","SENTINEL LIGHTING SERVICE CLASSIFICATION~Retail Transmission Rate - Line and Transformation Connection Service Rate","STREET LIGHTING SERVICE CLASSIFICATION~Retail Transmission Rate - Network Service Rate","STREET LIGHTING SERVICE CLASSIFICATION~Retail Transmission Rate - Line and Transformation Connection Service Rate","EMBEDDED DISTRIBUTOR SERVICE CLASSIFICATION~Retail Transmission Rate - Network Service Rate","EMBEDDED DISTRIBUTOR SERVICE CLASSIFICATION~Retail Transmission Rate - Line and Transformation Connection Service Rate"]
["EPCOR Electricity Distribution Ontario Inc.","RESIDENTIAL SERVICE CLASSIFICATION~Retail Transmission Rate - Network Service Rate","RESIDENTIAL SERVICE CLASSIFICATION~Retail Transmission Rate - Line and Transformation Connection Service Rate","GENERAL SERVICE LESS THAN 50 KW SERVICE CLASSIFICATION~Retail Transmission Rate - Network Service Rate","GENERAL SERVICE LESS THAN 50 KW SERVICE CLASSIFICATION~Retail Transmission Rate - Line and Transformation Connection Service Rate","GENERAL SERVICE 50 to 4,999 kW SERVICE CLASSIFICATION~Retail Transmission Rate - Network Service Rate","GENERAL SERVICE 50 to 4,999 kW SERVICE CLASSIFICATION~Retail Transmission Rate - Line and Transformation Connection Service Rate ","GENERAL SERVICE 50 to 4,999 kW SERVICE CLASSIFICATION~Retail Transmission Rate - Network Service Rate - EV CHARGING","GENERAL SERVICE 50 to 4,999 kW SERVICE CLASSIFICATION~Retail Transmission Rate - Line and Transformation Connection Service Rate - EV CHARGING","UNMETERED SCATTERED LOAD SERVICE CLASSIFICATION~Retail Transmission Rate - Network Service Rate","UNMETERED SCATTERED LOAD SERVICE CLASSIFICATION~Retail Transmission Rate - Line and Transformation Connection Service Rate","STREET LIGHTING SERVICE CLASSIFICATION~Retail Transmission Rate - Network Service Rate","STREET LIGHTING SERVICE CLASSIFICATION~Retail Transmission Rate - Line and Transformation Connection Service Rate"]
["Essex Powerlines Corporation","RESIDENTIAL SERVICE CLASSIFICATION~Retail Transmission Rate - Network Service Rate","RESIDENTIAL SERVICE CLASSIFICATION~Retail Transmission Rate - Line and Transformation Connection Service Rate","GENERAL SERVICE LESS THAN 50 KW SERVICE CLASSIFICATION~Retail Transmission Rate - Network Service Rate","GENERAL SERVICE LESS THAN 50 KW SERVICE CLASSIFICATION~Retail Transmission Rate - Line and Transformation Connection Service Rate","GENERAL SERVICE 50 to 4,999 kW SERVICE CLASSIFICATION~Retail Transmission Rate - Network Service Rate","GENERAL SERVICE 50 to 4,999 kW SERVICE CLASSIFICATION~Retail Transmission Rate - Line and Transformation Connection Service Rate","GENERAL SERVICE 50 to 4,999 kW SERVICE CLASSIFICATION~Retail Transmission Rate - Network Service Rate - EV CHARGING","GENERAL SERVICE 50 to 4,999 kW SERVICE CLASSIFICATION~Retail Transmission Rate - Line and Transformation Connection Service Rate - EV CHARGING","GENERAL SERVICE 50 to 4,999 kW SERVICE CLASSIFICATION~Retail Transmission Rate - Network Service Rate - Interval Metered","GENERAL SERVICE 50 to 4,999 kW SERVICE CLASSIFICATION~Retail Transmission Rate - Line and Transformation Connection Service Rate - Interval Metered","UNMETERED SCATTERED LOAD SERVICE CLASSIFICATION~Retail Transmission Rate - Network Service Rate","UNMETERED SCATTERED LOAD SERVICE CLASSIFICATION~Retail Transmission Rate - Line and Transformation Connection Service Rate","SENTINEL LIGHTING SERVICE CLASSIFICATION~Retail Transmission Rate - Network Service Rate","SENTINEL LIGHTING SERVICE CLASSIFICATION~Retail Transmission Rate - Line and Transformation Connection Service Rate","STREET LIGHTING SERVICE CLASSIFICATION~Retail Transmission Rate - Network Service Rate","STREET LIGHTING SERVICE CLASSIFICATION~Retail Transmission Rate - Line and Transformation Connection Service Rate"]
["Fort Frances Power Corporation","RESIDENTIAL SERVICE CLASSIFICATION~Retail Transmission Rate - Network Service Rate","RESIDENTIAL SERVICE CLASSIFICATION~Retail Transmission Rate - Line and Transformation Connection Service Rate","GENERAL SERVICE LESS THAN 50 KW SERVICE CLASSIFICATION~Retail Transmission Rate - Network Service Rate","GENERAL SERVICE LESS THAN 50 KW SERVICE CLASSIFICATION~Retail Transmission Rate - Line and Transformation Connection Service Rate","GENERAL SERVICE 50 to 4,999 kW SERVICE CLASSIFICATION~Retail Transmission Rate - Network Service Rate","GENERAL SERVICE 50 to 4,999 kW SERVICE CLASSIFICATION~Retail Transmission Rate - Line and Transformation Connection Service Rate","GENERAL SERVICE 50 to 4,999 kW SERVICE CLASSIFICATION~Retail Transmission Rate - Network Service Rate - EV CHARGING","GENERAL SERVICE 50 to 4,999 kW SERVICE CLASSIFICATION~Retail Transmission Rate - Line and Transformation Connection Service Rate - EV CHARGING","UNMETERED SCATTERED LOAD SERVICE CLASSIFICATION~Retail Transmission Rate - Network Service Rate","UNMETERED SCATTERED LOAD SERVICE CLASSIFICATION~Retail Transmission Rate - Line and Transformation Connection Service Rate","STREET LIGHTING SERVICE CLASSIFICATION~Retail Transmission Rate - Network Service Rate","STREET LIGHTING SERVICE CLASSIFICATION~Retail Transmission Rate - Line and Transformation Connection Service Rate"]
["Greater Sudbury Hydro Inc.","RESIDENTIAL SERVICE CLASSIFICATION~Retail Transmission Rate - Network Service Rate","RESIDENTIAL SERVICE CLASSIFICATION~Retail Transmission Rate - Line and Transformation Connection Service Rate","GENERAL SERVICE LESS THAN 50 KW SERVICE CLASSIFICATION~Retail Transmission Rate - Network Service Rate","GENERAL SERVICE LESS THAN 50 KW SERVICE CLASSIFICATION~Retail Transmission Rate - Line and Transformation Connection Service Rate","GENERAL SERVICE 50 to 4,999 kW SERVICE CLASSIFICATION~Retail Transmission Rate - Network Service Rate","GENERAL SERVICE 50 to 4,999 kW SERVICE CLASSIFICATION~Retail Transmission Rate - Line and Transformation Connection Service Rate","GENERAL SERVICE 50 to 4,999 kW SERVICE CLASSIFICATION~Retail Transmission Rate - Network Service Rate - EV CHARGING","GENERAL SERVICE 50 to 4,999 kW SERVICE CLASSIFICATION~Retail Transmission Rate - Line and Transformation Connection Service Rate - EV CHARGING","UNMETERED SCATTERED LOAD SERVICE CLASSIFICATION~Retail Transmission Rate - Network Service Rate","UNMETERED SCATTERED LOAD SERVICE CLASSIFICATION~Retail Transmission Rate - Line and Transformation Connection Service Rate","SENTINEL LIGHTING SERVICE CLASSIFICATION~Retail Transmission Rate - Network Service Rate","SENTINEL LIGHTING SERVICE CLASSIFICATION~Retail Transmission Rate - Line and Transformation Connection Service Rate","STREET LIGHTING SERVICE CLASSIFICATION~Retail Transmission Rate - Network Service Rate","STREET LIGHTING SERVICE CLASSIFICATION~Retail Transmission Rate - Line and Transformation Connection Service Rate"]
["Halton Hills Hydro Inc.","RESIDENTIAL SERVICE CLASSIFICATION~Retail Transmission Rate - Network Service Rate","RESIDENTIAL SERVICE CLASSIFICATION~Retail Transmission Rate - Line and Transformation Connection Service Rate","GENERAL SERVICE LESS THAN 50 KW SERVICE CLASSIFICATION~Retail Transmission Rate - Network Service Rate","GENERAL SERVICE LESS THAN 50 KW SERVICE CLASSIFICATION~Retail Transmission Rate - Line and Transformation Connection Service Rate","GENERAL SERVICE 50 TO 999 KW SERVICE CLASSIFICATION~Retail Transmission Rate - Network Service Rate","GENERAL SERVICE 50 TO 999 KW SERVICE CLASSIFICATION~Retail Transmission Rate - Line and Transformation Connection Service Rate","GENERAL SERVICE 50 TO 999 KW SERVICE CLASSIFICATION~Retail Transmission Rate - Network Service Rate - EV CHARGING","GENERAL SERVICE 50 TO 999 KW SERVICE CLASSIFICATION~Retail Transmission Rate - Line and Transformation Connection Service Rate - EV CHARGING","GENERAL SERVICE 1,000 TO 4,999 KW SERVICE CLASSIFICATION~Retail Transmission Rate - Network Service Rate","GENERAL SERVICE 1,000 TO 4,999 KW SERVICE CLASSIFICATION~Retail Transmission Rate - Line and Transformation Connection Service Rate","GENERAL SERVICE 1,000 TO 4,999 KW SERVICE CLASSIFICATION~Retail Transmission Rate - Network Service Rate - EV CHARGING","GENERAL SERVICE 1,000 TO 4,999 KW SERVICE CLASSIFICATION~Retail Transmission Rate - Line and Transformation Connection Service Rate - EV CHARGING","UNMETERED SCATTERED LOAD SERVICE CLASSIFICATION~Retail Transmission Rate - Network Service Rate","UNMETERED SCATTERED LOAD SERVICE CLASSIFICATION~Retail Transmission Rate - Line and Transformation Connection Service Rate","SENTINEL LIGHTING SERVICE CLASSIFICATION~Retail Transmission Rate - Network Service Rate","SENTINEL LIGHTING SERVICE CLASSIFICATION~Retail Transmission Rate - Line and Transformation Connection Service Rate","STREET LIGHTING SERVICE CLASSIFICATION~Retail Transmission Rate - Network Service Rate","STREET LIGHTING SERVICE CLASSIFICATION~Retail Transmission Rate - Line and Transformation Connection Service Rate"]
["Hydro One Networks Inc.-Former Haldimand County Hydro Inc. Service Area","RESIDENTIAL SERVICE CLASSIFICATION~Retail Transmission Rate - Network Service Rate","RESIDENTIAL SERVICE CLASSIFICATION~Retail Transmission Rate - Line and Transformation Connection Service Rate","GENERAL SERVICE LESS THAN 50 KW SERVICE CLASSIFICATION~Retail Transmission Rate - Network Service Rate","GENERAL SERVICE LESS THAN 50 KW SERVICE CLASSIFICATION~Retail Transmission Rate - Line and Transformation Connection Service Rate","GENERAL SERVICE 50 TO 999 KW SERVICE CLASSIFICATION~Retail Transmission Rate - Network Service Rate","GENERAL SERVICE 50 TO 999 KW SERVICE CLASSIFICATION~Retail Transmission Rate - Line and Transformation Connection Service Rate","GENERAL SERVICE 50 TO 999 KW SERVICE CLASSIFICATION~Retail Transmission Rate - Network Service Rate - EV CHARGING","GENERAL SERVICE 50 TO 999 KW SERVICE CLASSIFICATION~Retail Transmission Rate - Line and Transformation Connection Service Rate - EV CHARGING","GENERAL SERVICE GREATER THAN 1,000 KW SERVICE CLASSIFICATION~Retail Transmission Rate - Network Service Rate","GENERAL SERVICE GREATER THAN 1,000 KW SERVICE CLASSIFICATION~Retail Transmission Rate - Line and Transformation Connection Service Rate","GENERAL SERVICE GREATER THAN 1,000 KW SERVICE CLASSIFICATION~Retail Transmission Rate - Network Service Rate - EV CHARGING","GENERAL SERVICE GREATER THAN 1,000 KW SERVICE CLASSIFICATION~Retail Transmission Rate - Line and Transformation Connection Service Rate - EV CHARGING","UNMETERED SCATTERED LOAD SERVICE CLASSIFICATION~Retail Transmission Rate - Network Service Rate","UNMETERED SCATTERED LOAD SERVICE CLASSIFICATION~Retail Transmission Rate - Line and Transformation Connection Service Rate","STREET LIGHTING SERVICE CLASSIFICATION~Retail Transmission Rate - Network Service Rate","STREET LIGHTING SERVICE CLASSIFICATION~Retail Transmission Rate - Line and Transformation Connection Service Rate"]
["Hydro One Networks Inc.-Former Norfolk Power Distribution Inc. Service Area","RESIDENTIAL SERVICE CLASSIFICATION~Retail Transmission Rate - Network Service Rate","RESIDENTIAL SERVICE CLASSIFICATION~Retail Transmission Rate - Line and Transformation Connection Service Rate","GENERAL SERVICE LESS THAN 50 KW SERVICE CLASSIFICATION~Retail Transmission Rate - Network Service Rate","GENERAL SERVICE LESS THAN 50 KW SERVICE CLASSIFICATION~Retail Transmission Rate - Line and Transformation Connection Service Rate","GENERAL SERVICE 50 TO 999 KW SERVICE CLASSIFICATION~Retail Transmission Rate - Network Service Rate","GENERAL SERVICE 50 TO 999 KW SERVICE CLASSIFICATION~Retail Transmission Rate - Line and Transformation Connection Service Rate","GENERAL SERVICE 50 TO 999 KW SERVICE CLASSIFICATION~Retail Transmission Rate - Network Service Rate - EV CHARGING","GENERAL SERVICE 50 TO 999 KW SERVICE CLASSIFICATION~Retail Transmission Rate - Line and Transformation Connection Service Rate - EV CHARGING","GENERAL SERVICE GREATER THAN 1,000 KW SERVICE CLASSIFICATION~Retail Transmission Rate - Network Service Rate","GENERAL SERVICE GREATER THAN 1,000 KW SERVICE CLASSIFICATION~Retail Transmission Rate - Line and Transformation Connection Service Rate","GENERAL SERVICE GREATER THAN 1,000 KW SERVICE CLASSIFICATION~Retail Transmission Rate - Network Service Rate - EV CHARGING","GENERAL SERVICE GREATER THAN 1,000 KW SERVICE CLASSIFICATION~Retail Transmission Rate - Line and Transformation Connection Service Rate - EV CHARGING","UNMETERED SCATTERED LOAD SERVICE CLASSIFICATION~Retail Transmission Rate - Network Service Rate","UNMETERED SCATTERED LOAD SERVICE CLASSIFICATION~Retail Transmission Rate - Line and Transformation Connection Service Rate","STREET LIGHTING SERVICE CLASSIFICATION~Retail Transmission Rate - Network Service Rate","STREET LIGHTING SERVICE CLASSIFICATION~Retail Transmission Rate - Line and Transformation Connection Service Rate"]
["Hydro One Networks Inc.-Former Woodstock Hydro Services Inc. Service Area","RESIDENTIAL SERVICE CLASSIFICATION~Retail Transmission Rate - Network Service Rate","RESIDENTIAL SERVICE CLASSIFICATION~Retail Transmission Rate - Line and Transformation Connection Service Rate","GENERAL SERVICE LESS THAN 50 KW SERVICE CLASSIFICATION~Retail Transmission Rate - Network Service Rate","GENERAL SERVICE LESS THAN 50 KW SERVICE CLASSIFICATION~Retail Transmission Rate - Line and Transformation Connection Service Rate","GENERAL SERVICE 50 TO 999 KW SERVICE CLASSIFICATION~Retail Transmission Rate - Network Service Rate","GENERAL SERVICE 50 TO 999 KW SERVICE CLASSIFICATION~Retail Transmission Rate - Line and Transformation Connection Service Rate","GENERAL SERVICE 50 TO 999 KW SERVICE CLASSIFICATION~Retail Transmission Rate - Network Service Rate - EV CHARGING","GENERAL SERVICE 50 TO 999 KW SERVICE CLASSIFICATION~Retail Transmission Rate - Line and Transformation Connection Service Rate - EV CHARGING","GENERAL SERVICE GREATER THAN 1,000 KW SERVICE CLASSIFICATION~Retail Transmission Rate - Network Service Rate","GENERAL SERVICE GREATER THAN 1,000 KW SERVICE CLASSIFICATION~Retail Transmission Rate - Line and Transformation Connection Service Rate","GENERAL SERVICE GREATER THAN 1,000 KW SERVICE CLASSIFICATION~Retail Transmission Rate - Network Service Rate - EV CHARGING","GENERAL SERVICE GREATER THAN 1,000 KW SERVICE CLASSIFICATION~Retail Transmission Rate - Line and Transformation Connection Service Rate - EV CHARGING","UNMETERED SCATTERED LOAD SERVICE CLASSIFICATION~Retail Transmission Rate - Network Service Rate","UNMETERED SCATTERED LOAD SERVICE CLASSIFICATION~Retail Transmission Rate - Line and Transformation Connection Service Rate","STREET LIGHTING SERVICE CLASSIFICATION~Retail Transmission Rate - Network Service Rate","STREET LIGHTING SERVICE CLASSIFICATION~Retail Transmission Rate - Line and Transformation Connection Service Rate"]
["Synergy North Corporation-Kenora Rate Zone","RESIDENTIAL SERVICE CLASSIFICATION~Retail Transmission Rate - Network Service Rate","RESIDENTIAL SERVICE CLASSIFICATION~Retail Transmission Rate - Line and Transformation Connection Service Rate","GENERAL SERVICE LESS THAN 50 KW SERVICE CLASSIFICATION~Retail Transmission Rate - Network Service Rate","GENERAL SERVICE LESS THAN 50 KW SERVICE CLASSIFICATION~Retail Transmission Rate - Line and Transformation Connection Service Rate","GENERAL SERVICE 50 to 4,999 kW SERVICE CLASSIFICATION~Retail Transmission Rate - Network Service Rate","GENERAL SERVICE 50 to 4,999 kW SERVICE CLASSIFICATION~Retail Transmission Rate - Line and Transformation Connection Service Rate","GENERAL SERVICE 50 to 4,999 kW SERVICE CLASSIFICATION~Retail Transmission Rate - Network Service Rate - EV CHARGING","GENERAL SERVICE 50 to 4,999 kW SERVICE CLASSIFICATION~Retail Transmission Rate - Line and Transformation Connection Service Rate - EV CHARGING","UNMETERED SCATTERED LOAD SERVICE CLASSIFICATION~Retail Transmission Rate - Network Service Rate","UNMETERED SCATTERED LOAD SERVICE CLASSIFICATION~Retail Transmission Rate - Line and Transformation Connection Service Rate","STREET LIGHTING SERVICE CLASSIFICATION~Retail Transmission Rate - Network Service Rate","STREET LIGHTING SERVICE CLASSIFICATION~Retail Transmission Rate - Line and Transformation Connection Service Rate"]
["London Hydro Inc.","RESIDENTIAL SERVICE CLASSIFICATION~Retail Transmission Rate - Network Service Rate","RESIDENTIAL SERVICE CLASSIFICATION~Retail Transmission Rate - Line and Transformation Connection Service Rate","GENERAL SERVICE LESS THAN 50 KW SERVICE CLASSIFICATION~Retail Transmission Rate - Network Service Rate","GENERAL SERVICE LESS THAN 50 KW SERVICE CLASSIFICATION~Retail Transmission Rate - Line and Transformation Connection Service Rate ","GENERAL SERVICE 50 to 4,999 kW SERVICE CLASSIFICATION~Retail Transmission Rate - Network Service Rate","GENERAL SERVICE 50 to 4,999 kW SERVICE CLASSIFICATION~Retail Transmission Rate - Line and Transformation Connection Service Rate ","GENERAL SERVICE 50 to 4,999 kW SERVICE CLASSIFICATION~Retail Transmission Rate - Network Service Rate - EV CHARGING","GENERAL SERVICE 50 to 4,999 kW SERVICE CLASSIFICATION~Retail Transmission Rate - Line and Transformation Connection Service Rate - EV CHARGING","GENERAL SERVICE 50 to 4,999 kW SERVICE CLASSIFICATION~Retail Transmission Rate - Network Service Rate - Interval Metered","GENERAL SERVICE 50 to 4,999 kW SERVICE CLASSIFICATION~Retail Transmission Rate - Line and Transformation Connection Service Rate - Interval Metered ","GENERAL SERVICE 1,000 TO 4,999 KW (CO-GENERATION) SERVICE CLASSIFICATION~Retail Transmission Rate - Network Service Rate","GENERAL SERVICE 1,000 TO 4,999 KW (CO-GENERATION) SERVICE CLASSIFICATION~Retail Transmission Rate - Line and Transformation Connection Service Rate ","LARGE USE SERVICE CLASSIFICATION~Retail Transmission Rate - Network Service Rate - Interval Metered","LARGE USE SERVICE CLASSIFICATION~Retail Transmission Rate - Line and Transformation Connection Service Rate - Interval Metered ","STREET LIGHTING SERVICE CLASSIFICATION~Retail Transmission Rate - Network Service Rate","STREET LIGHTING SERVICE CLASSIFICATION~Retail Transmission Rate - Line and Transformation Connection Service Rate ","SENTINEL LIGHTING SERVICE CLASSIFICATION~Retail Transmission Rate - Network Service Rate","SENTINEL LIGHTING SERVICE CLASSIFICATION~Retail Transmission Rate - Line and Transformation Connection Service Rate","UNMETERED SCATTERED LOAD SERVICE CLASSIFICATION~Retail Transmission Rate - Network Service Rate","UNMETERED SCATTERED LOAD SERVICE CLASSIFICATION~Retail Transmission Rate - Line and Transformation Connection Service Rate"]
["Milton Hydro Distribution Inc.","RESIDENTIAL SERVICE CLASSIFICATION~Retail Transmission Rate - Network Service Rate","RESIDENTIAL SERVICE CLASSIFICATION~Retail Transmission Rate - Line and Transformation Connection Service Rate","GENERAL SERVICE LESS THAN 50 KW SERVICE CLASSIFICATION~Retail Transmission Rate - Network Service Rate","GENERAL SERVICE LESS THAN 50 KW SERVICE CLASSIFICATION~Retail Transmission Rate - Line and Transformation Connection Service Rate","GENERAL SERVICE 50 TO 999 KW SERVICE CLASSIFICATION~Retail Transmission Rate - Network Service Rate","GENERAL SERVICE 50 TO 999 KW SERVICE CLASSIFICATION~Retail Transmission Rate - Line and Transformation Connection Service Rate","GENERAL SERVICE 50 TO 999 KW SERVICE CLASSIFICATION~Retail Transmission Rate - Network Service Rate - EV CHARGING","GENERAL SERVICE 50 TO 999 KW SERVICE CLASSIFICATION~Retail Transmission Rate - Line and Transformation Connection Service Rate - EV CHARGING","GENERAL SERVICE 1,000 TO 4,999 KW SERVICE CLASSIFICATION~Retail Transmission Rate - Network Service Rate","GENERAL SERVICE 1,000 TO 4,999 KW SERVICE CLASSIFICATION~Retail Transmission Rate - Line and Transformation Connection Service Rate","GENERAL SERVICE 1,000 TO 4,999 KW SERVICE CLASSIFICATION~Retail Transmission Rate - Network Service Rate - EV CHARGING","GENERAL SERVICE 1,000 TO 4,999 KW SERVICE CLASSIFICATION~Retail Transmission Rate - Line and Transformation Connection Service Rate - EV CHARGING","LARGE USE SERVICE CLASSIFICATION~Retail Transmission Rate - Network Service Rate - Interval Metered","LARGE USE SERVICE CLASSIFICATION~Retail Transmission Rate - Line and Transformation Connection Service Rate - Interval Metered","UNMETERED SCATTERED LOAD SERVICE CLASSIFICATION~Retail Transmission Rate - Network Service Rate","UNMETERED SCATTERED LOAD SERVICE CLASSIFICATION~Retail Transmission Rate - Line and Transformation Connection Service Rate","SENTINEL LIGHTING SERVICE CLASSIFICATION~Retail Transmission Rate - Network Service Rate","SENTINEL LIGHTING SERVICE CLASSIFICATION~Retail Transmission Rate - Line and Transformation Connection Service Rate","STREET LIGHTING SERVICE CLASSIFICATION~Retail Transmission Rate - Network Service Rate","STREET LIGHTING SERVICE CLASSIFICATION~Retail Transmission Rate - Line and Transformation Connection Service Rate"]
["North Bay Hydro Distribution Limited","RESIDENTIAL SERVICE CLASSIFICATION~Retail Transmission Rate - Network Service Rate","RESIDENTIAL SERVICE CLASSIFICATION~Retail Transmission Rate - Line and Transformation Connection Service Rate","GENERAL SERVICE LESS THAN 50 KW SERVICE CLASSIFICATION~Retail Transmission Rate - Network Service Rate","GENERAL SERVICE LESS THAN 50 KW SERVICE CLASSIFICATION~Retail Transmission Rate - Line and Transformation Connection Service Rate","GENERAL SERVICE 50 TO 2,999 KW SERVICE CLASSIFICATION~Retail Transmission Rate - Network Service Rate","GENERAL SERVICE 50 TO 2,999 KW SERVICE CLASSIFICATION~Retail Transmission Rate - Line and Transformation Connection Service Rate","GENERAL SERVICE 50 TO 2,999 KW SERVICE CLASSIFICATION~Retail Transmission Rate - Network Service Rate - EV CHARGING","GENERAL SERVICE 50 TO 2,999 KW SERVICE CLASSIFICATION~Retail Transmission Rate - Line and Transformation Connection Service Rate - EV CHARGING","GENERAL SERVICE 3,000 TO 4,999 KW SERVICE CLASSIFICATION~Retail Transmission Rate - Network Service Rate - Interval Metered","GENERAL SERVICE 3,000 TO 4,999 KW SERVICE CLASSIFICATION~Retail Transmission Rate - Line and Transformation Connection Service Rate - Interval Metered","UNMETERED SCATTERED LOAD SERVICE CLASSIFICATION~Retail Transmission Rate - Network Service Rate","UNMETERED SCATTERED LOAD SERVICE CLASSIFICATION~Retail Transmission Rate - Line and Transformation Connection Service Rate","SENTINEL LIGHTING SERVICE CLASSIFICATION~Retail Transmission Rate - Network Service Rate","SENTINEL LIGHTING SERVICE CLASSIFICATION~Retail Transmission Rate - Line and Transformation Connection Service Rate","STREET LIGHTING SERVICE CLASSIFICATION~Retail Transmission Rate - Network Service Rate","STREET LIGHTING SERVICE CLASSIFICATION~Retail Transmission Rate - Line and Transformation Connection Service Rate"]
["Northern Ontario Wires Inc.","RESIDENTIAL SERVICE CLASSIFICATION~Retail Transmission Rate - Network Service Rate","RESIDENTIAL SERVICE CLASSIFICATION~Retail Transmission Rate - Line and Transformation Connection Service Rate","GENERAL SERVICE LESS THAN 50 KW SERVICE CLASSIFICATION~Retail Transmission Rate - Network Service Rate","GENERAL SERVICE LESS THAN 50 KW SERVICE CLASSIFICATION~Retail Transmission Rate - Line and Transformation Connection Service Rate","GENERAL SERVICE 50 to 4,999 kW SERVICE CLASSIFICATION~Retail Transmission Rate - Network Service Rate","GENERAL SERVICE 50 to 4,999 kW SERVICE CLASSIFICATION~Retail Transmission Rate - Line and Transformation Connection Service Rate ","GENERAL SERVICE 50 to 4,999 kW SERVICE CLASSIFICATION~Retail Transmission Rate - Network Service Rate - EV CHARGING","GENERAL SERVICE 50 to 4,999 kW SERVICE CLASSIFICATION~Retail Transmission Rate - Line and Transformation Connection Service Rate - EV CHARGING","UNMETERED SCATTERED LOAD SERVICE CLASSIFICATION~Retail Transmission Rate - Network Service Rate","UNMETERED SCATTERED LOAD SERVICE CLASSIFICATION~Retail Transmission Rate - Line and Transformation Connection Service Rate","STREET LIGHTING SERVICE CLASSIFICATION~Retail Transmission Rate - Network Service Rate","STREET LIGHTING SERVICE CLASSIFICATION~Retail Transmission Rate - Line and Transformation Connection Service Rate"]
["Niagara Peninsula Energy Inc.","RESIDENTIAL SERVICE CLASSIFICATION~Retail Transmission Rate - Network Service Rate","RESIDENTIAL SERVICE CLASSIFICATION~Retail Transmission Rate - Line and Transformation Connection Service Rate","GENERAL SERVICE LESS THAN 50 KW SERVICE CLASSIFICATION~Retail Transmission Rate - Network Service Rate","GENERAL SERVICE LESS THAN 50 KW SERVICE CLASSIFICATION~Retail Transmission Rate - Line and Transformation Connection Service Rate","GENERAL SERVICE 50 to 4,999 kW SERVICE CLASSIFICATION~Retail Transmission Rate - Network Service Rate","GENERAL SERVICE 50 to 4,999 kW SERVICE CLASSIFICATION~Retail Transmission Rate - Line and Transformation Connection Service Rate ","GENERAL SERVICE 50 to 4,999 kW SERVICE CLASSIFICATION~Retail Transmission Rate - Network Service Rate - EV CHARGING","GENERAL SERVICE 50 to 4,999 kW SERVICE CLASSIFICATION~Retail Transmission Rate - Line and Transformation Connection Service Rate - EV CHARGING","UNMETERED SCATTERED LOAD SERVICE CLASSIFICATION~Retail Transmission Rate - Network Service Rate","UNMETERED SCATTERED LOAD SERVICE CLASSIFICATION~Retail Transmission Rate - Line and Transformation Connection Service Rate","SENTINEL LIGHTING SERVICE CLASSIFICATION~Retail Transmission Rate - Network Service Rate","SENTINEL LIGHTING SERVICE CLASSIFICATION~Retail Transmission Rate - Line and Transformation Connection Service Rate","STREET LIGHTING SERVICE CLASSIFICATION~Retail Transmission Rate - Network Service Rate","STREET LIGHTING SERVICE CLASSIFICATION~Retail Transmission Rate - Line and Transformation Connection Service Rate"]
["Orangeville Hydro Limited","RESIDENTIAL SERVICE CLASSIFICATION~Retail Transmission Rate - Network Service Rate","RESIDENTIAL SERVICE CLASSIFICATION~Retail Transmission Rate - Line and Transformation Connection Service Rate","GENERAL SERVICE LESS THAN 50 KW SERVICE CLASSIFICATION~Retail Transmission Rate - Network Service Rate","GENERAL SERVICE LESS THAN 50 KW SERVICE CLASSIFICATION~Retail Transmission Rate - Line and Transformation Connection Service Rate","GENERAL SERVICE 50 to 4,999 kW SERVICE CLASSIFICATION~Retail Transmission Rate - Network Service Rate","GENERAL SERVICE 50 to 4,999 kW SERVICE CLASSIFICATION~Retail Transmission Rate - Line and Transformation Connection Service Rate","GENERAL SERVICE 50 to 4,999 kW SERVICE CLASSIFICATION~Retail Transmission Rate - Network Service Rate - EV CHARGING","GENERAL SERVICE 50 to 4,999 kW SERVICE CLASSIFICATION~Retail Transmission Rate - Line and Transformation Connection Service Rate - EV CHARGING","SENTINEL LIGHTING SERVICE CLASSIFICATION~Retail Transmission Rate - Network Service Rate","SENTINEL LIGHTING SERVICE CLASSIFICATION~Retail Transmission Rate - Line and Transformation Connection Service Rate","STREET LIGHTING SERVICE CLASSIFICATION~Retail Transmission Rate - Network Service Rate","STREET LIGHTING SERVICE CLASSIFICATION~Retail Transmission Rate - Line and Transformation Connection Service Rate","UNMETERED SCATTERED LOAD SERVICE CLASSIFICATION~Retail Transmission Rate - Network Service Rate","UNMETERED SCATTERED LOAD SERVICE CLASSIFICATION~Retail Transmission Rate - Line and Transformation Connection Service Rate"]
["Ottawa River Power Corporation","RESIDENTIAL SERVICE CLASSIFICATION~Retail Transmission Rate - Network Service Rate","RESIDENTIAL SERVICE CLASSIFICATION~Retail Transmission Rate - Line and Transformation Connection Service Rate","GENERAL SERVICE LESS THAN 50 KW SERVICE CLASSIFICATION~Retail Transmission Rate - Network Service Rate","GENERAL SERVICE LESS THAN 50 KW SERVICE CLASSIFICATION~Retail Transmission Rate - Line and Transformation Connection Service Rate","GENERAL SERVICE 50 to 4,999 kW SERVICE CLASSIFICATION~Retail Transmission Rate - Network Service Rate","GENERAL SERVICE 50 to 4,999 kW SERVICE CLASSIFICATION~Retail Transmission Rate - Line and Transformation Connection Service Rate","GENERAL SERVICE 50 to 4,999 kW SERVICE CLASSIFICATION~Retail Transmission Rate - Network Service Rate - EV CHARGING","GENERAL SERVICE 50 to 4,999 kW SERVICE CLASSIFICATION~Retail Transmission Rate - Line and Transformation Connection Service Rate - EV CHARGING","SENTINEL LIGHTING SERVICE CLASSIFICATION~Retail Transmission Rate - Network Service Rate","SENTINEL LIGHTING SERVICE CLASSIFICATION~Retail Transmission Rate - Line and Transformation Connection Service Rate","STREET LIGHTING SERVICE CLASSIFICATION~Retail Transmission Rate - Network Service Rate","STREET LIGHTING SERVICE CLASSIFICATION~Retail Transmission Rate - Line and Transformation Connection Service Rate","UNMETERED SCATTERED LOAD SERVICE CLASSIFICATION~Retail Transmission Rate - Network Service Rate","UNMETERED SCATTERED LOAD SERVICE CLASSIFICATION~Retail Transmission Rate - Line and Transformation Connection Service Rate"]
["Rideau St. Lawrence Distribution Inc.","RESIDENTIAL SERVICE CLASSIFICATION~Retail Transmission Rate - Network Service Rate ","RESIDENTIAL SERVICE CLASSIFICATION~Retail Transmission Rate - Line and Transformation Connection Service Rate ","GENERAL SERVICE LESS THAN 50 KW SERVICE CLASSIFICATION~Retail Transmission Rate - Network Service Rate ","GENERAL SERVICE LESS THAN 50 KW SERVICE CLASSIFICATION~Retail Transmission Rate - Line and Transformation Connection Service Rate ","GENERAL SERVICE 50 to 4,999 kW SERVICE CLASSIFICATION~Retail Transmission Rate - Network Service Rate ","GENERAL SERVICE 50 to 4,999 kW SERVICE CLASSIFICATION~Retail Transmission Rate - Line and Transformation Connection Service Rate","GENERAL SERVICE 50 to 4,999 kW SERVICE CLASSIFICATION~Retail Transmission Rate - Network Service Rate - EV CHARGING","GENERAL SERVICE 50 to 4,999 kW SERVICE CLASSIFICATION~Retail Transmission Rate - Line and Transformation Connection Service Rate - EV CHARGING","GENERAL SERVICE 50 to 4,999 kW SERVICE CLASSIFICATION~Retail Transmission Rate - Network Service Rate - Interval Metered ","GENERAL SERVICE 50 to 4,999 kW SERVICE CLASSIFICATION~Retail Transmission Rate - Line and Transformation Connection Service Rate - Interval Metered","UNMETERED SCATTERED LOAD SERVICE CLASSIFICATION~Retail Transmission Rate - Network Service Rate ","UNMETERED SCATTERED LOAD SERVICE CLASSIFICATION~Retail Transmission Rate - Line and Transformation Connection Service Rate ","SENTINEL LIGHTING SERVICE CLASSIFICATION~Retail Transmission Rate - Network Service Rate","SENTINEL LIGHTING SERVICE CLASSIFICATION~Retail Transmission Rate - Line and Transformation Connection Service Rate ","STREET LIGHTING SERVICE CLASSIFICATION~Retail Transmission Rate - Network Service Rate ","STREET LIGHTING SERVICE CLASSIFICATION~Retail Transmission Rate - Line and Transformation Connection Service Rate "]
["Sioux Lookout Hydro Inc.","RESIDENTIAL SERVICE CLASSIFICATION~Retail Transmission Rate - Network Service Rate","RESIDENTIAL SERVICE CLASSIFICATION~Retail Transmission Rate - Line and Transformation Connection Service Rate","GENERAL SERVICE LESS THAN 50 KW SERVICE CLASSIFICATION~Retail Transmission Rate - Network Service Rate","GENERAL SERVICE LESS THAN 50 KW SERVICE CLASSIFICATION~Retail Transmission Rate - Line and Transformation Connection Service Rate","GENERAL SERVICE 50 to 4,999 kW SERVICE CLASSIFICATION~Retail Transmission Rate - Network Service Rate","GENERAL SERVICE 50 to 4,999 kW SERVICE CLASSIFICATION~Retail Transmission Rate - Line and Transformation Connection Service Rate","GENERAL SERVICE 50 to 4,999 kW SERVICE CLASSIFICATION~Retail Transmission Rate - Network Service Rate - EV CHARGING","GENERAL SERVICE 50 to 4,999 kW SERVICE CLASSIFICATION~Retail Transmission Rate - Line and Transformation Connection Service Rate - EV CHARGING","GENERAL SERVICE 50 to 4,999 kW SERVICE CLASSIFICATION~Retail Transmission Rate - Network Service Rate - Interval Metered > 1,000 kW","GENERAL SERVICE 50 to 4,999 kW SERVICE CLASSIFICATION~Retail Transmission Rate - Line and Transformation Connection Service Rate - Interval Metered > 1,000 kW","STREET LIGHTING SERVICE CLASSIFICATION~Retail Transmission Rate - Network Service Rate","STREET LIGHTING SERVICE CLASSIFICATION~Retail Transmission Rate - Line and Transformation Connection Service Rate"]
["Synergy North Corporation-Thunder Bay Rate Zone","RESIDENTIAL SERVICE CLASSIFICATION~Retail Transmission Rate - Network Service Rate","RESIDENTIAL SERVICE CLASSIFICATION~Retail Transmission Rate - Line and Transformation Connection Service Rate","GENERAL SERVICE LESS THAN 50 KW SERVICE CLASSIFICATION~Retail Transmission Rate - Network Service Rate","GENERAL SERVICE LESS THAN 50 KW SERVICE CLASSIFICATION~Retail Transmission Rate - Line and Transformation Connection Service Rate","GENERAL SERVICE 50 TO 999 KW SERVICE CLASSIFICATION~Retail Transmission Rate - Network Service Rate","GENERAL SERVICE 50 TO 999 KW SERVICE CLASSIFICATION~Retail Transmission Rate - Line and Transformation Connection Service Rate ","GENERAL SERVICE 50 TO 999 KW SERVICE CLASSIFICATION~Retail Transmission Rate - Network Service Rate - EV CHARGING","GENERAL SERVICE 50 TO 999 KW SERVICE CLASSIFICATION~Retail Transmission Rate - Line and Transformation Connection Service Rate - EV CHARGING","GENERAL SERVICE 50 TO 999 KW SERVICE CLASSIFICATION~Retail Transmission Rate - Network Service Rate - Interval Metered","GENERAL SERVICE 50 TO 999 KW SERVICE CLASSIFICATION~Retail Transmission Rate - Line and Transformation Connection Service Rate - Interval Metered ","GENERAL SERVICE 1,000 KW OR GREATER SERVICE CLASSIFICATION~Retail Transmission Rate - Network Service Rate","GENERAL SERVICE 1,000 KW OR GREATER SERVICE CLASSIFICATION~Retail Transmission Rate - Line and Transformation Connection Service Rate ","GENERAL SERVICE 1,000 KW OR GREATER SERVICE CLASSIFICATION~Retail Transmission Rate - Network Service Rate - EV CHARGING","GENERAL SERVICE 1,000 KW OR GREATER SERVICE CLASSIFICATION~Retail Transmission Rate - Line and Transformation Connection Service Rate - EV CHARGING","UNMETERED SCATTERED LOAD SERVICE CLASSIFICATION~Retail Transmission Rate - Network Service Rate","UNMETERED SCATTERED LOAD SERVICE CLASSIFICATION~Retail Transmission Rate - Line and Transformation Connection Service Rate ","SENTINEL LIGHTING SERVICE CLASSIFICATION~Retail Transmission Rate - Network Service Rate","SENTINEL LIGHTING SERVICE CLASSIFICATION~Retail Transmission Rate - Line and Transformation Connection Service Rate ","STREET LIGHTING SERVICE CLASSIFICATION~Retail Transmission Rate - Network Service Rate","STREET LIGHTING SERVICE CLASSIFICATION~Retail Transmission Rate - Line and Transformation Connection Service Rate"]
["ENWIN Utilities Ltd.","RESIDENTIAL SERVICE CLASSIFICATION~Retail Transmission Rate - Network Service Rate","RESIDENTIAL SERVICE CLASSIFICATION~Retail Transmission Rate - Line and Transformation Connection Service Rate","GENERAL SERVICE LESS THAN 50 KW SERVICE CLASSIFICATION~Retail Transmission Rate - Network Service Rate","GENERAL SERVICE LESS THAN 50 KW SERVICE CLASSIFICATION~Retail Transmission Rate - Line and Transformation Connection Service Rate","GENERAL SERVICE 50 to 4,999 kW SERVICE CLASSIFICATION~Retail Transmission Rate - Network Service Rate","GENERAL SERVICE 50 to 4,999 kW SERVICE CLASSIFICATION~Retail Transmission Rate - Line and Transformation Connection Service Rate","GENERAL SERVICE 50 to 4,999 kW SERVICE CLASSIFICATION~Retail Transmission Rate - Network Service Rate - EV CHARGING","GENERAL SERVICE 50 to 4,999 kW SERVICE CLASSIFICATION~Retail Transmission Rate - Line and Transformation Connection Service Rate - EV CHARGING","GENERAL SERVICE 3,000 TO 4,999 KW - INTERMEDIATE USE SERVICE CLASSIFICATION~Retail Transmission Rate - Network Service Rate","GENERAL SERVICE 3,000 TO 4,999 KW - INTERMEDIATE USE SERVICE CLASSIFICATION~Retail Transmission Rate - Line and Transformation Connection Service Rate","LARGE USE - REGULAR SERVICE CLASSIFICATION~Retail Transmission Rate - Network Service Rate","LARGE USE - REGULAR SERVICE CLASSIFICATION~Retail Transmission Rate - Line Connection Service Rate","LARGE USE - REGULAR SERVICE CLASSIFICATION~Retail Transmission Rate - Transformation Connection Service Rate","LARGE USE - 3TS SERVICE CLASSIFICATION~Retail Transmission Rate - Network Service Rate","LARGE USE - 3TS SERVICE CLASSIFICATION~Retail Transmission Rate - Line Connection Service Rate","LARGE USE - FORD ANNEX SERVICE CLASSIFICATION~Retail Transmission Rate - Network Service Rate","LARGE USE - FORD ANNEX SERVICE CLASSIFICATION~Retail Transmission Rate - Line Connection Service Rate ","UNMETERED SCATTERED LOAD SERVICE CLASSIFICATION~Retail Transmission Rate - Network Service Rate","UNMETERED SCATTERED LOAD SERVICE CLASSIFICATION~Retail Transmission Rate - Line and Transformation Connection Service Rate","SENTINEL LIGHTING SERVICE CLASSIFICATION~Retail Transmission Rate - Network Service Rate","SENTINEL LIGHTING SERVICE CLASSIFICATION~Retail Transmission Rate - Line and Transformation Connection Service Rate","STREET LIGHTING SERVICE CLASSIFICATION~Retail Transmission Rate - Network Service Rate","STREET LIGHTING SERVICE CLASSIFICATION~Retail Transmission Rate - Line and Transformation Connection Service Rate"]
["Hearst Power Distribution Co. Ltd.","RESIDENTIAL SERVICE CLASSIFICATION~Retail Transmission Rate - Network Service Rate","RESIDENTIAL SERVICE CLASSIFICATION~Retail Transmission Rate - Line and Transformation Connection Service Rate","GENERAL SERVICE LESS THAN 50 KW SERVICE CLASSIFICATION~Retail Transmission Rate - Network Service Rate","GENERAL SERVICE LESS THAN 50 KW SERVICE CLASSIFICATION~Retail Transmission Rate - Line and Transformation Connection Service Rate","GENERAL SERVICE 50 TO 1,499 KW SERVICE CLASSIFICATION~Retail Transmission Rate - Network Service Rate","GENERAL SERVICE 50 TO 1,499 KW SERVICE CLASSIFICATION~Retail Transmission Rate - Line and Transformation Connection Service Rate ","GENERAL SERVICE 50 TO 1,499 KW SERVICE CLASSIFICATION~Retail Transmission Rate - Network Service Rate - EV CHARGING","GENERAL SERVICE 50 TO 1,499 KW SERVICE CLASSIFICATION~Retail Transmission Rate - Line and Transformation Connection Service Rate - EV CHARGING","INTERMEDIATE USER SERVICE CLASSIFICATION~Retail Transmission Rate - Network Service Rate","INTERMEDIATE USER SERVICE CLASSIFICATION~Retail Transmission Rate - Line and Transformation Connection Service Rate","SENTINEL LIGHTING SERVICE CLASSIFICATION~Retail Transmission Rate - Network Service Rate","SENTINEL LIGHTING SERVICE CLASSIFICATION~Retail Transmission Rate - Line and Transformation Connection Service Rate","STREET LIGHTING SERVICE CLASSIFICATION~Retail Transmission Rate - Network Service Rate","STREET LIGHTING SERVICE CLASSIFICATION~Retail Transmission Rate - Line and Transformation Connection Service Rate"]
["ERTH Power Corporation-ERTH Power Main Rate Zone","RESIDENTIAL SERVICE CLASSIFICATION~Retail Transmission Rate - Network Service Rate","RESIDENTIAL SERVICE CLASSIFICATION~Retail Transmission Rate - Line and Transformation Connection Service Rate","GENERAL SERVICE LESS THAN 50 KW SERVICE CLASSIFICATION~Retail Transmission Rate - Network Service Rate","GENERAL SERVICE LESS THAN 50 KW SERVICE CLASSIFICATION~Retail Transmission Rate - Line and Transformation Connection Service Rate","GENERAL SERVICE 50 TO 999 KW SERVICE CLASSIFICATION~Retail Transmission Rate - Network Service Rate","GENERAL SERVICE 50 TO 999 KW SERVICE CLASSIFICATION~Retail Transmission Rate - Line and Transformation Connection Service Rate","GENERAL SERVICE 50 TO 999 KW SERVICE CLASSIFICATION~Retail Transmission Rate - Network Service Rate - EV CHARGING","GENERAL SERVICE 50 TO 999 KW SERVICE CLASSIFICATION~Retail Transmission Rate - Line and Transformation Connection Service Rate - EV CHARGING","GENERAL SERVICE 1,000 TO 4,999 KW SERVICE CLASSIFICATION~Retail Transmission Rate - Network Service Rate","GENERAL SERVICE 1,000 TO 4,999 KW SERVICE CLASSIFICATION~Retail Transmission Rate - Line and Transformation Connection Service Rate","GENERAL SERVICE 1,000 TO 4,999 KW SERVICE CLASSIFICATION~Retail Transmission Rate - Network Service Rate - EV CHARGING","GENERAL SERVICE 1,000 TO 4,999 KW SERVICE CLASSIFICATION~Retail Transmission Rate - Line and Transformation Connection Service Rate - EV CHARGING","LARGE USE SERVICE CLASSIFICATION~Retail Transmission Rate - Network Service Rate","LARGE USE SERVICE CLASSIFICATION~Retail Transmission Rate - Line and Transformation Connection Service Rate","UNMETERED SCATTERED LOAD SERVICE CLASSIFICATION~Retail Transmission Rate - Network Service Rate","UNMETERED SCATTERED LOAD SERVICE CLASSIFICATION~Retail Transmission Rate - Line and Transformation Connection Service Rate","SENTINEL LIGHTING SERVICE CLASSIFICATION~Retail Transmission Rate - Network Service Rate","SENTINEL LIGHTING SERVICE CLASSIFICATION~Retail Transmission Rate - Line and Transformation Connection Service Rate","STREET LIGHTING SERVICE CLASSIFICATION~Retail Transmission Rate - Network Service Rate","STREET LIGHTING SERVICE CLASSIFICATION~Retail Transmission Rate - Line and Transformation Connection Service Rate","EMBEDDED DISTRIBUTOR SERVICE CLASSIFICATION~Retail Transmission Rate - Network Service Rate","EMBEDDED DISTRIBUTOR SERVICE CLASSIFICATION~Retail Transmission Rate - Line and Transformation Connection Service Rate"]
["Welland Hydro-Electric System Corp.","RESIDENTIAL SERVICE CLASSIFICATION~Retail Transmission Rate - Network Service Rate","RESIDENTIAL SERVICE CLASSIFICATION~Retail Transmission Rate - Line and Transformation Connection Service Rate","GENERAL SERVICE LESS THAN 50 KW SERVICE CLASSIFICATION~Retail Transmission Rate - Network Service Rate","GENERAL SERVICE LESS THAN 50 KW SERVICE CLASSIFICATION~Retail Transmission Rate - Line and Transformation Connection Service Rate","GENERAL SERVICE 50 to 4,999 kW SERVICE CLASSIFICATION~Retail Transmission Rate - Network Service Rate","GENERAL SERVICE 50 to 4,999 kW SERVICE CLASSIFICATION~Retail Transmission Rate - Line and Transformation Connection Service Rate ","GENERAL SERVICE 50 to 4,999 kW SERVICE CLASSIFICATION~Retail Transmission Rate - Network Service Rate - EV CHARGING","GENERAL SERVICE 50 to 4,999 kW SERVICE CLASSIFICATION~Retail Transmission Rate - Line and Transformation Connection Service Rate - EV CHARGING","UNMETERED SCATTERED LOAD SERVICE CLASSIFICATION~Retail Transmission Rate - Network Service Rate","UNMETERED SCATTERED LOAD SERVICE CLASSIFICATION~Retail Transmission Rate - Line and Transformation Connection Service Rate","SENTINEL LIGHTING SERVICE CLASSIFICATION~Retail Transmission Rate - Network Service Rate","SENTINEL LIGHTING SERVICE CLASSIFICATION~Retail Transmission Rate - Line and Transformation Connection Service Rate","STREET LIGHTING SERVICE CLASSIFICATION~Retail Transmission Rate - Network Service Rate","STREET LIGHTING SERVICE CLASSIFICATION~Retail Transmission Rate - Line and Transformation Connection Service Rate"]
["Wellington North Power Inc.","RESIDENTIAL SERVICE CLASSIFICATION~Retail Transmission Rate - Network Service Rate","RESIDENTIAL SERVICE CLASSIFICATION~Retail Transmission Rate - Line and Transformation Connection Service Rate","GENERAL SERVICE LESS THAN 50 KW SERVICE CLASSIFICATION~Retail Transmission Rate - Network Service Rate","GENERAL SERVICE LESS THAN 50 KW SERVICE CLASSIFICATION~Retail Transmission Rate - Line and Transformation Connection Service Rate","GENERAL SERVICE 50 TO 999 KW SERVICE CLASSIFICATION~Retail Transmission Rate - Network Service Rate","GENERAL SERVICE 50 TO 999 KW SERVICE CLASSIFICATION~Retail Transmission Rate - Line and Transformation Connection Service Rate","GENERAL SERVICE 50 TO 999 KW SERVICE CLASSIFICATION~Retail Transmission Rate - Network Service Rate - EV CHARGING","GENERAL SERVICE 50 TO 999 KW SERVICE CLASSIFICATION~Retail Transmission Rate - Line and Transformation Connection Service Rate - EV CHARGING","GENERAL SERVICE 1,000 TO 4,999 KW SERVICE CLASSIFICATION~Retail Transmission Rate - Network Service Rate","GENERAL SERVICE 1,000 TO 4,999 KW SERVICE CLASSIFICATION~Retail Transmission Rate - Line and Transformation Connection Service Rate","GENERAL SERVICE 1,000 TO 4,999 KW SERVICE CLASSIFICATION~Retail Transmission Rate - Network Service Rate - EV CHARGING","GENERAL SERVICE 1,000 TO 4,999 KW SERVICE CLASSIFICATION~Retail Transmission Rate - Line and Transformation Connection Service Rate - EV CHARGING","UNMETERED SCATTERED LOAD SERVICE CLASSIFICATION~Retail Transmission Rate - Network Service Rate","UNMETERED SCATTERED LOAD SERVICE CLASSIFICATION~Retail Transmission Rate - Line and Transformation Connection Service Rate","SENTINEL LIGHTING SERVICE CLASSIFICATION~Retail Transmission Rate - Network Service Rate","SENTINEL LIGHTING SERVICE CLASSIFICATION~Retail Transmission Rate - Line and Transformation Connection Service Rate","STREET LIGHTING SERVICE CLASSIFICATION~Retail Transmission Rate - Network Service Rate","STREET LIGHTING SERVICE CLASSIFICATION~Retail Transmission Rate - Line and Transformation Connection Service Rate"]
["Tillsonburg Hydro Inc.","RESIDENTIAL SERVICE CLASSIFICATION~Retail Transmission Rate - Network Service Rate","RESIDENTIAL SERVICE CLASSIFICATION~Retail Transmission Rate - Line and Transformation Connection Service Rate","GENERAL SERVICE LESS THAN 50 KW SERVICE CLASSIFICATION~Retail Transmission Rate - Network Service Rate","GENERAL SERVICE LESS THAN 50 KW SERVICE CLASSIFICATION~Retail Transmission Rate - Line and Transformation Connection Service Rate","GENERAL SERVICE 50 TO 499 KW SERVICE CLASSIFICATION~Retail Transmission Rate - Network Service Rate","GENERAL SERVICE 50 TO 499 KW SERVICE CLASSIFICATION~Retail Transmission Rate - Line and Transformation Connection Service Rate","GENERAL SERVICE 50 TO 499 KW SERVICE CLASSIFICATION~Retail Transmission Rate - Network Service Rate - EV CHARGING","GENERAL SERVICE 50 TO 499 KW SERVICE CLASSIFICATION~Retail Transmission Rate - Line and Transformation Connection Service Rate - EV CHARGING","GENERAL SERVICE 500 TO 1,499 KW SERVICE CLASSIFICATION~Retail Transmission Rate - Network Service Rate - Interval Metered","GENERAL SERVICE 500 TO 1,499 KW SERVICE CLASSIFICATION~Retail Transmission Rate - Line and Transformation Connection Service Rate - Interval Metered","GENERAL SERVICE 500 TO 1,499 KW SERVICE CLASSIFICATION~Retail Transmission Rate - Network Service Rate - EV CHARGING","GENERAL SERVICE 500 TO 1,499 KW SERVICE CLASSIFICATION~Retail Transmission Rate - Line and Transformation Connection Service Rate - EV CHARGING","GENERAL SERVICE EQUAL TO OR GREATER THAN 1,500 KW SERVICE CLASSIFICATION~Retail Transmission Rate - Network Service Rate - Interval Metered","GENERAL SERVICE EQUAL TO OR GREATER THAN 1,500 KW SERVICE CLASSIFICATION~Retail Transmission Rate - Line and Transformation Connection Service Rate - Interval Metered","GENERAL SERVICE EQUAL TO OR GREATER THAN 1,500 KW SERVICE CLASSIFICATION~Retail Transmission Rate - Network Service Rate - EV CHARGING","GENERAL SERVICE EQUAL TO OR GREATER THAN 1,500 KW SERVICE CLASSIFICATION~Retail Transmission Rate - Line and Transformation Connection Service Rate - EV CHARGING","UNMETERED SCATTERED LOAD SERVICE CLASSIFICATION~Retail Transmission Rate - Network Service Rate","UNMETERED SCATTERED LOAD SERVICE CLASSIFICATION~Retail Transmission Rate - Line and Transformation Connection Service Rate","SENTINEL LIGHTING SERVICE CLASSIFICATION~Retail Transmission Rate - Network Service Rate","SENTINEL LIGHTING SERVICE CLASSIFICATION~Retail Transmission Rate - Line and Transformation Connection Service Rate","STREET LIGHTING SERVICE CLASSIFICATION~Retail Transmission Rate - Network Service Rate","STREET LIGHTING SERVICE CLASSIFICATION~Retail Transmission Rate - Line and Transformation Connection Service Rate"]
["Elexicon Energy Inc.-Veridian Rate Zone","RESIDENTIAL SERVICE CLASSIFICATION~Retail Transmission Rate - Network Service Rate","RESIDENTIAL SERVICE CLASSIFICATION~Retail Transmission Rate - Line and Transformation Connection Service Rate","SEASONAL RESIDENTIAL SERVICE CLASSIFICATION~Retail Transmission Rate - Network Service Rate","SEASONAL RESIDENTIAL SERVICE CLASSIFICATION~Retail Transmission Rate - Line and Transformation Connection Service Rate","GENERAL SERVICE LESS THAN 50 KW SERVICE CLASSIFICATION~Retail Transmission Rate - Network Service Rate","GENERAL SERVICE LESS THAN 50 KW SERVICE CLASSIFICATION~Retail Transmission Rate - Line and Transformation Connection Service Rate","GENERAL SERVICE 50 TO 2,999 KW SERVICE CLASSIFICATION~Retail Transmission Rate - Network Service Rate","GENERAL SERVICE 50 TO 2,999 KW SERVICE CLASSIFICATION~Retail Transmission Rate - Line and Transformation Connection Service Rate","GENERAL SERVICE 50 TO 2,999 KW SERVICE CLASSIFICATION~Retail Transmission Rate - Network Service Rate - EV CHARGING","GENERAL SERVICE 50 TO 2,999 KW SERVICE CLASSIFICATION~Retail Transmission Rate - Line and Transformation Connection Service Rate - EV CHARGING","GENERAL SERVICE 3,000 TO 4,999 KW SERVICE CLASSIFICATION~Retail Transmission Rate - Network Service Rate","GENERAL SERVICE 3,000 TO 4,999 KW SERVICE CLASSIFICATION~Retail Transmission Rate - Line and Transformation Connection Service Rate ","GENERAL SERVICE 3,000 TO 4,999 KW SERVICE CLASSIFICATION~Retail Transmission Rate - Network Service Rate - EV CHARGING","GENERAL SERVICE 3,000 TO 4,999 KW SERVICE CLASSIFICATION~Retail Transmission Rate - Line and Transformation Connection Service Rate - EV CHARGING","LARGE USE SERVICE CLASSIFICATION~Retail Transmission Rate - Network Service Rate","LARGE USE SERVICE CLASSIFICATION~Retail Transmission Rate - Line and Transformation Connection Service Rate ","UNMETERED SCATTERED LOAD SERVICE CLASSIFICATION~Retail Transmission Rate - Network Service Rate","UNMETERED SCATTERED LOAD SERVICE CLASSIFICATION~Retail Transmission Rate - Line and Transformation Connection Service Rate","SENTINEL LIGHTING SERVICE CLASSIFICATION~Retail Transmission Rate - Network Service Rate","SENTINEL LIGHTING SERVICE CLASSIFICATION~Retail Transmission Rate - Line and Transformation Connection Service Rate","STREET LIGHTING SERVICE CLASSIFICATION~Retail Transmission Rate - Network Service Rate","STREET LIGHTING SERVICE CLASSIFICATION~Retail Transmission Rate - Line and Transformation Connection Service Rate"]
["Wasaga Distribution Inc.","RESIDENTIAL SERVICE CLASSIFICATION~Retail Transmission Rate - Network Service Rate","RESIDENTIAL SERVICE CLASSIFICATION~Retail Transmission Rate - Line and Transformation Connection Service Rate","GENERAL SERVICE LESS THAN 50 KW SERVICE CLASSIFICATION~Retail Transmission Rate - Network Service Rate","GENERAL SERVICE LESS THAN 50 KW SERVICE CLASSIFICATION~Retail Transmission Rate - Line and Transformation Connection Service Rate","GENERAL SERVICE 50 to 4,999 kW SERVICE CLASSIFICATION~Retail Transmission Rate - Network Service Rate","GENERAL SERVICE 50 to 4,999 kW SERVICE CLASSIFICATION~Retail Transmission Rate - Line and Transformation Connection Service Rate","GENERAL SERVICE 50 to 4,999 kW SERVICE CLASSIFICATION~Retail Transmission Rate - Network Service Rate - EV CHARGING","GENERAL SERVICE 50 to 4,999 kW SERVICE CLASSIFICATION~Retail Transmission Rate - Line and Transformation Connection Service Rate - EV CHARGING","UNMETERED SCATTERED LOAD SERVICE CLASSIFICATION~Retail Transmission Rate - Network Service Rate","UNMETERED SCATTERED LOAD SERVICE CLASSIFICATION~Retail Transmission Rate - Line and Transformation Connection Service Rate","STREET LIGHTING SERVICE CLASSIFICATION~Retail Transmission Rate - Network Service Rate","STREET LIGHTING SERVICE CLASSIFICATION~Retail Transmission Rate - Line and Transformation Connection Service Rate"]
["ERTH Power Corporation – Goderich Rate Zone","RESIDENTIAL SERVICE CLASSIFICATION~Retail Transmission Rate - Network Service Rate","RESIDENTIAL SERVICE CLASSIFICATION~Retail Transmission Rate - Line and Transformation Connection Service Rate","GENERAL SERVICE LESS THAN 50 KW SERVICE CLASSIFICATION~Retail Transmission Rate - Network Service Rate","GENERAL SERVICE LESS THAN 50 KW SERVICE CLASSIFICATION~Retail Transmission Rate - Line and Transformation Connection Service Rate","GENERAL SERVICE 50 TO 499 KW SERVICE CLASSIFICATION~Retail Transmission Rate - Network Service Rate","GENERAL SERVICE 50 TO 499 KW SERVICE CLASSIFICATION~Retail Transmission Rate - Line and Transformation Connection Service Rate","GENERAL SERVICE 50 TO 499 KW SERVICE CLASSIFICATION~Retail Transmission Rate - Network Service Rate - EV CHARGING","GENERAL SERVICE 50 TO 499 KW SERVICE CLASSIFICATION~Retail Transmission Rate - Line and Transformation Connection Service Rate - EV CHARGING","GENERAL SERVICE 500 TO 4,999 KW SERVICE CLASSIFICATION~Retail Transmission Rate - Network Service Rate","GENERAL SERVICE 500 TO 4,999 KW SERVICE CLASSIFICATION~Retail Transmission Rate - Line and Transformation Connection Service Rate","GENERAL SERVICE 500 TO 4,999 KW SERVICE CLASSIFICATION~Retail Transmission Rate - Network Service Rate - EV CHARGING","GENERAL SERVICE 500 TO 4,999 KW SERVICE CLASSIFICATION~Retail Transmission Rate - Line and Transformation Connection Service Rate - EV CHARGING","LARGE USE SERVICE CLASSIFICATION~Retail Transmission Rate - Network Service Rate","LARGE USE SERVICE CLASSIFICATION~Retail Transmission Rate - Line and Transformation Connection Service Rate","UNMETERED SCATTERED LOAD SERVICE CLASSIFICATION~Retail Transmission Rate - Network Service Rate","UNMETERED SCATTERED LOAD SERVICE CLASSIFICATION~Retail Transmission Rate - Line and Transformation Connection Service Rate","SENTINEL LIGHTING SERVICE CLASSIFICATION~Retail Transmission Rate - Network Service Rate","SENTINEL LIGHTING SERVICE CLASSIFICATION~Retail Transmission Rate - Line and Transformation Connection Service Rate","STREET LIGHTING SERVICE CLASSIFICATION~Retail Transmission Rate - Network Service Rate","STREET LIGHTING SERVICE CLASSIFICATION~Retail Transmission Rate - Line and Transformation Connection Service Rate"]
["Oshawa PUC Networks Inc.","RESIDENTIAL SERVICE CLASSIFICATION~Retail Transmission Rate - Network Service Rate","RESIDENTIAL SERVICE CLASSIFICATION~Retail Transmission Rate - Line and Transformation Connection Service Rate","GENERAL SERVICE LESS THAN 50 KW SERVICE CLASSIFICATION~Retail Transmission Rate - Network Service Rate","GENERAL SERVICE LESS THAN 50 KW SERVICE CLASSIFICATION~Retail Transmission Rate - Line and Transformation Connection Service Rate","GENERAL SERVICE 50 TO 999 KW SERVICE CLASSIFICATION~Retail Transmission Rate - Network Service Rate","GENERAL SERVICE 50 TO 999 KW SERVICE CLASSIFICATION~Retail Transmission Rate - Line and Transformation Connection Service Rate","GENERAL SERVICE 50 TO 999 KW SERVICE CLASSIFICATION~Retail Transmission Rate - Network Service Rate - EV CHARGING","GENERAL SERVICE 50 TO 999 KW SERVICE CLASSIFICATION~Retail Transmission Rate - Line and Transformation Connection Service Rate - EV CHARGING","GENERAL SERVICE 50 TO 999 KW SERVICE CLASSIFICATION~Retail Transmission Rate - Network Service Rate - Interval Metered","GENERAL SERVICE 50 TO 999 KW SERVICE CLASSIFICATION~Retail Transmission Rate - Line and Transformation Connection Service Rate - Interval Metered","GENERAL SERVICE 1,000 TO 4,999 KW SERVICE CLASSIFICATION~Retail Transmission Rate - Network Service Rate - Interval Metered","GENERAL SERVICE 1,000 TO 4,999 KW SERVICE CLASSIFICATION~Retail Transmission Rate - Network Service Rate - EV CHARGING","GENERAL SERVICE 1,000 TO 4,999 KW SERVICE CLASSIFICATION~Retail Transmission Rate - Line and Transformation Connection Service Rate - Interval Metered","LARGE USE SERVICE CLASSIFICATION~Retail Transmission Rate - Network Service Rate - Interval Metered","LARGE USE SERVICE CLASSIFICATION~Retail Transmission Rate - Line and Transformation Connection Service Rate - Interval Metered","UNMETERED SCATTERED LOAD SERVICE CLASSIFICATION~Retail Transmission Rate - Network Service Rate","UNMETERED SCATTERED LOAD SERVICE CLASSIFICATION~Retail Transmission Rate - Line and Transformation Connection Service Rate","SENTINEL LIGHTING SERVICE CLASSIFICATION~Retail Transmission Rate - Network Service Rate","SENTINEL LIGHTING SERVICE CLASSIFICATION~Retail Transmission Rate - Line and Transformation Connection Service Rate","STREET LIGHTING SERVICE CLASSIFICATION~Retail Transmission Rate - Network Service Rate","STREET LIGHTING SERVICE CLASSIFICATION~Retail Transmission Rate - Line and Transformation Connection Service Rate"]
["Brantford Power Inc.","RESIDENTIAL SERVICE CLASSIFICATION~Retail Transmission Rate - Network Service Rate","RESIDENTIAL SERVICE CLASSIFICATION~Retail Transmission Rate - Line and Transformation Connection Service Rate","GENERAL SERVICE LESS THAN 50 KW SERVICE CLASSIFICATION~Retail Transmission Rate - Network Service Rate","GENERAL SERVICE LESS THAN 50 KW SERVICE CLASSIFICATION~Retail Transmission Rate - Line and Transformation Connection Service Rate","GENERAL SERVICE 50 to 4,999 kW SERVICE CLASSIFICATION~Retail Transmission Rate - Network Service Rate","GENERAL SERVICE 50 to 4,999 kW SERVICE CLASSIFICATION~Retail Transmission Rate - Line and Transformation Connection Service Rate","GENERAL SERVICE 50 to 4,999 kW SERVICE CLASSIFICATION~Retail Transmission Rate - Network Service Rate - EV CHARGING","GENERAL SERVICE 50 to 4,999 kW SERVICE CLASSIFICATION~Retail Transmission Rate - Line and Transformation Connection Service Rate - EV CHARGING","EMBEDDED DISTRIBUTOR SERVICE CLASSIFICATION~Retail Transmission Rate - Network Service Rate","EMBEDDED DISTRIBUTOR SERVICE CLASSIFICATION~Retail Transmission Rate - Line and Transformation Connection Service Rate","SENTINEL LIGHTING SERVICE CLASSIFICATION~Retail Transmission Rate - Network Service Rate","SENTINEL LIGHTING SERVICE CLASSIFICATION~Retail Transmission Rate - Line and Transformation Connection Service Rate","STREET LIGHTING SERVICE CLASSIFICATION~Retail Transmission Rate - Network Service Rate","STREET LIGHTING SERVICE CLASSIFICATION~Retail Transmission Rate - Line and Transformation Connection Service Rate","UNMETERED SCATTERED LOAD SERVICE CLASSIFICATION~Retail Transmission Rate - Network Service Rate","UNMETERED SCATTERED LOAD SERVICE CLASSIFICATION~Retail Transmission Rate - Line and Transformation Connection Service Rate"]
["Oakville Hydro Electricity Distribution Inc.","RESIDENTIAL SERVICE CLASSIFICATION~Retail Transmission Rate - Network Service Rate","RESIDENTIAL SERVICE CLASSIFICATION~Retail Transmission Rate - Line and Transformation Connection Service Rate","GENERAL SERVICE LESS THAN 50 KW SERVICE CLASSIFICATION~Retail Transmission Rate - Network Service Rate","GENERAL SERVICE LESS THAN 50 KW SERVICE CLASSIFICATION~Retail Transmission Rate - Line and Transformation Connection Service Rate","GENERAL SERVICE 50 TO 999 KW SERVICE CLASSIFICATION~Retail Transmission Rate - Network Service Rate","GENERAL SERVICE 50 TO 999 KW SERVICE CLASSIFICATION~Retail Transmission Rate - Network Service Rate - Interval Metered","GENERAL SERVICE 50 TO 999 KW SERVICE CLASSIFICATION~Retail Transmission Rate - Network Service Rate - EV CHARGING","GENERAL SERVICE 50 TO 999 KW SERVICE CLASSIFICATION~Retail Transmission Rate - Line and Transformation Connection Service Rate - EV CHARGING","GENERAL SERVICE 50 TO 999 KW SERVICE CLASSIFICATION~Retail Transmission Rate - Line and Transformation Connection Service Rate","GENERAL SERVICE 50 TO 999 KW SERVICE CLASSIFICATION~Retail Transmission Rate - Line and Transformation Connection Service Rate - Interval Metered","GENERAL SERVICE 1,000 KW AND GREATER SERVICE CLASSIFICATION~Retail Transmission Rate - Network Service Rate - Interval Metered","GENERAL SERVICE 1,000 KW AND GREATER SERVICE CLASSIFICATION~Retail Transmission Rate - Line and Transformation Connection Service Rate - Interval Metered","GENERAL SERVICE 1,000 KW AND GREATER SERVICE CLASSIFICATION~Retail Transmission Rate - Network Service Rate - EV CHARGING","GENERAL SERVICE 1,000 KW AND GREATER SERVICE CLASSIFICATION~Retail Transmission Rate - Line and Transformation Connection Service Rate - EV CHARGING","UNMETERED SCATTERED LOAD SERVICE CLASSIFICATION~Retail Transmission Rate - Network Service Rate","UNMETERED SCATTERED LOAD SERVICE CLASSIFICATION~Retail Transmission Rate - Line and Transformation Connection Service Rate","SENTINEL LIGHTING SERVICE CLASSIFICATION~Retail Transmission Rate - Network Service Rate","SENTINEL LIGHTING SERVICE CLASSIFICATION~Retail Transmission Rate - Line and Transformation Connection Service Rate","STREET LIGHTING SERVICE CLASSIFICATION~Retail Transmission Rate - Network Service Rate","STREET LIGHTING SERVICE CLASSIFICATION~Retail Transmission Rate - Line and Transformation Connection Service Rate","EMBEDDED DISTRIBUTOR SERVICE CLASSIFICATION~Retail Transmission Rate - Network Service Rate","EMBEDDED DISTRIBUTOR SERVICE CLASSIFICATION~Retail Transmission Rate - Line and Transformation Connection Service Rate"]
["Chapleau Public Utilities Corporation","RESIDENTIAL SERVICE CLASSIFICATION~Retail Transmission Rate - Network Service Rate","RESIDENTIAL SERVICE CLASSIFICATION~Retail Transmission Rate - Line and Transformation Connection Service Rate","GENERAL SERVICE LESS THAN 50 kW SERVICE CLASSIFICATION~Retail Transmission Rate - Network Service Rate","GENERAL SERVICE LESS THAN 50 kW SERVICE CLASSIFICATION~Retail Transmission Rate - Line and Transformation Connection Service Rate","GENERAL SERVICE 50 TO 4,999 KW SERVICE CLASSIFICATION~Retail Transmission Rate - Network Service Rate","GENERAL SERVICE 50 TO 4,999 KW SERVICE CLASSIFICATION~Retail Transmission Rate - Line and Transformation Connection Service Rate","GENERAL SERVICE 50 to 4,999 kW SERVICE CLASSIFICATION~Retail Transmission Rate - Network Service Rate - EV CHARGING","GENERAL SERVICE 50 to 4,999 kW SERVICE CLASSIFICATION~Retail Transmission Rate - Line and Transformation Connection Service Rate - EV CHARGING","UNMETERED SCATTERED LOAD SERVICE CLASSIFICATION~Retail Transmission Rate - Network Service Rate","UNMETERED SCATTERED LOAD SERVICE CLASSIFICATION~Retail Transmission Rate - Line and Transformation Connection Service Rate","SENTINEL LIGHTING SERVICE CLASSIFICATION~Retail Transmission Rate - Network Service Rate","SENTINEL LIGHTING SERVICE CLASSIFICATION~Retail Transmission Rate - Line and Transformation Connection Service Rate","STREET LIGHTING SERVICE CLASSIFICATION~Retail Transmission Rate - Network Service Rate","STREET LIGHTING SERVICE CLASSIFICATION~Retail Transmission Rate - Line and Transformation Connection Service Rate"]
["Espanola Regional Hydro Distribution Corporation","RESIDENTIAL SERVICE CLASSIFICATION~Retail Transmission Rate - Network Service Rate","RESIDENTIAL SERVICE CLASSIFICATION~Retail Transmission Rate - Line and Transformation Connection Service Rate","GENERAL SERVICE LESS THAN 50 kW SERVICE CLASSIFICATION~Retail Transmission Rate - Network Service Rate","GENERAL SERVICE LESS THAN 50 kW SERVICE CLASSIFICATION~Retail Transmission Rate - Line and Transformation Connection Service Rate","GENERAL SERVICE 50 TO 4,999 KW SERVICE CLASSIFICATION~Retail Transmission Rate - Network Service Rate","GENERAL SERVICE 50 TO 4,999 KW SERVICE CLASSIFICATION~Retail Transmission Rate - Line and Transformation Connection Service Rate","GENERAL SERVICE 50 to 4,999 kW SERVICE CLASSIFICATION~Retail Transmission Rate - Network Service Rate - EV CHARGING","GENERAL SERVICE 50 to 4,999 kW SERVICE CLASSIFICATION~Retail Transmission Rate - Line and Transformation Connection Service Rate - EV CHARGING","GENERAL SERVICE 50 TO 4,999 KW SERVICE CLASSIFICATION~Retail Transmission Rate - Network Service Rate - Interval Metered","GENERAL SERVICE 50 TO 4,999 KW SERVICE CLASSIFICATION~Retail Transmission Rate - Line and Transformation Connection Service Rate - Interval Metered","UNMETERED SCATTERED LOAD SERVICE CLASSIFICATION~Retail Transmission Rate - Network Service Rate","UNMETERED SCATTERED LOAD SERVICE CLASSIFICATION~Retail Transmission Rate - Line and Transformation Connection Service Rate","SENTINEL LIGHTING SERVICE CLASSIFICATION~Retail Transmission Rate - Network Service Rate","SENTINEL LIGHTING SERVICE CLASSIFICATION~Retail Transmission Rate - Line and Transformation Connection Service Rate","STREET LIGHTING SERVICE CLASSIFICATION~Retail Transmission Rate - Network Service Rate","STREET LIGHTING SERVICE CLASSIFICATION~Retail Transmission Rate - Line and Transformation Connection Service Rate"]
["Hydro 2000 Inc.","RESIDENTIAL SERVICE CLASSIFICATION~Retail Transmission Rate - Network Service Rate","RESIDENTIAL SERVICE CLASSIFICATION~Retail Transmission Rate - Line and Transformation Connection Service Rate","GENERAL SERVICE LESS THAN 50 kW SERVICE CLASSIFICATION~Retail Transmission Rate - Network Service Rate","GENERAL SERVICE LESS THAN 50 kW SERVICE CLASSIFICATION~Retail Transmission Rate - Line and Transformation Connection Service Rate","GENERAL SERVICE 50 TO 4,999 KW SERVICE CLASSIFICATION~Retail Transmission Rate - Network Service Rate","GENERAL SERVICE 50 TO 4,999 KW SERVICE CLASSIFICATION~Retail Transmission Rate - Line and Transformation Connection Service Rate","GENERAL SERVICE 50 to 4,999 kW SERVICE CLASSIFICATION~Retail Transmission Rate - Network Service Rate - EV CHARGING","GENERAL SERVICE 50 to 4,999 kW SERVICE CLASSIFICATION~Retail Transmission Rate - Line and Transformation Connection Service Rate - EV CHARGING","STREET LIGHTING SERVICE CLASSIFICATION~Retail Transmission Rate - Network Service Rate","STREET LIGHTING SERVICE CLASSIFICATION~Retail Transmission Rate - Line and Transformation Connection Service Rate","UNMETERED SCATTERED LOAD SERVICE CLASSIFICATION~Retail Transmission Rate - Network Service Rate","UNMETERED SCATTERED LOAD SERVICE CLASSIFICATION~Retail Transmission Rate - Line and Transformation Connection Service Rate"]
["Niagara-on-the-Lake Hydro Inc.","RESIDENTIAL SERVICE CLASSIFICATION~Retail Transmission Rate - Network Service Rate","RESIDENTIAL SERVICE CLASSIFICATION~Retail Transmission Rate - Line and Transformation Connection Service Rate","GENERAL SERVICE LESS THAN 50 KW SERVICE CLASSIFICATION~Retail Transmission Rate - Network Service Rate","GENERAL SERVICE LESS THAN 50 KW SERVICE CLASSIFICATION~Retail Transmission Rate - Line and Transformation Connection Service Rate","GENERAL SERVICE 50 to 4,999 kW SERVICE CLASSIFICATION~Retail Transmission Rate - Network Service Rate","GENERAL SERVICE 50 to 4,999 kW SERVICE CLASSIFICATION~Retail Transmission Rate - Line and Transformation Connection Service Rate","GENERAL SERVICE 50 to 4,999 kW SERVICE CLASSIFICATION~Retail Transmission Rate - Network Service Rate - EV CHARGING","GENERAL SERVICE 50 to 4,999 kW SERVICE CLASSIFICATION~Retail Transmission Rate - Line and Transformation Connection Service Rate - EV CHARGING","LARGE USE SERVICE CLASSIFICATION~Retail Transmission Rate - Network Service Rate - Interval Metered","LARGE USE SERVICE CLASSIFICATION~Retail Transmission Rate - Line and Transformation Connection Service Rate - Interval Metered","UNMETERED SCATTERED LOAD SERVICE CLASSIFICATION~Retail Transmission Rate - Network Service Rate","UNMETERED SCATTERED LOAD SERVICE CLASSIFICATION~Retail Transmission Rate - Line and Transformation Connection Service Rate","STREET LIGHTING SERVICE CLASSIFICATION~Retail Transmission Rate - Network Service Rate","STREET LIGHTING SERVICE CLASSIFICATION~Retail Transmission Rate - Line and Transformation Connection Service Rate"]
["PUC Distribution Inc.","RESIDENTIAL SERVICE CLASSIFICATION~Retail Transmission Rate - Network Service Rate","GENERAL SERVICE LESS THAN 50 KW SERVICE CLASSIFICATION~Retail Transmission Rate - Network Service Rate","GENERAL SERVICE 50 to 4,999 kW SERVICE CLASSIFICATION~Retail Transmission Rate - Network Service Rate","GENERAL SERVICE 50 to 4,999 kW SERVICE CLASSIFICATION~Retail Transmission Rate - Network Service Rate - Interval Metered","GENERAL SERVICE 50 to 4,999 kW SERVICE CLASSIFICATION~Retail Transmission Rate - Network Service Rate - EV CHARGING","UNMETERED SCATTERED LOAD SERVICE CLASSIFICATION~Retail Transmission Rate - Network Service Rate","SENTINEL LIGHTING SERVICE CLASSIFICATION~Retail Transmission Rate - Network Service Rate","STREET LIGHTING SERVICE CLASSIFICATION~Retail Transmission Rate - Network Service Rate"]
["Hydro One Networks Inc.","YEAR-ROUND URBAN DENSITY - UR SERVICE CLASSIFICATION~Retail Transmission Rate - Network Service Rate","YEAR-ROUND URBAN DENSITY - UR SERVICE CLASSIFICATION~Retail Transmission Rate - Line and Transformation Connection Service Rate","YEAR-ROUND MEDIUM DENSITY - R1 SERVICE CLASSIFICATION~Retail Transmission Rate - Network Service Rate","YEAR-ROUND MEDIUM DENSITY - R1 SERVICE CLASSIFICATION~Retail Transmission Rate - Line and Transformation Connection Service Rate","YEAR-ROUND LOW DENSITY - R2 SERVICE CLASSIFICATION~Retail Transmission Rate - Network Service Rate","YEAR-ROUND LOW DENSITY - R2 SERVICE CLASSIFICATION~Retail Transmission Rate - Line and Transformation Connection Service Rate","SEASONAL SERVICE CLASSIFICATION~Retail Transmission Rate - Network Service Rate","SEASONAL SERVICE CLASSIFICATION~Retail Transmission Rate - Line and Transformation Connection Service Rate","URBAN GENERAL SERVICE ENERGY BILLED - UGe SERVICE CLASSIFICATION~Retail Transmission Rate - Network Service Rate","URBAN GENERAL SERVICE ENERGY BILLED - UGe SERVICE CLASSIFICATION~Retail Transmission Rate - Line and Transformation Connection Service Rate","GENERAL SERVICE ENERGY BILLED - GSe SERVICE CLASSIFICATION~Retail Transmission Rate - Network Service Rate","GENERAL SERVICE ENERGY BILLED - GSe SERVICE CLASSIFICATION~Retail Transmission Rate - Line and Transformation Connection Service Rate","URBAN GENERAL SERVICE DEMAND BILLED - UGd SERVICE CLASSIFICATION~Retail Transmission Rate - Network Service Rate","URBAN GENERAL SERVICE DEMAND BILLED - UGd SERVICE CLASSIFICATION~Retail Transmission Rate - Line and Transformation Connection Service Rate","GENERAL SERVICE DEMAND BILLED - GSd SERVICE CLASSIFICATION~Retail Transmission Rate - Network Service Rate","GENERAL SERVICE DEMAND BILLED - GSd SERVICE CLASSIFICATION~Retail Transmission Rate - Line and Transformation Connection Service Rate","DISTRIBUTED GENERATION - DGen SERVICE CLASSIFICATION~Retail Transmission Rate - Network Service Rate","DISTRIBUTED GENERATION - DGen SERVICE CLASSIFICATION~Retail Transmission Rate - Line and Transformation Connection Service Rate","SUB TRANSMISSION - ST SERVICE CLASSIFICATION~Retail Transmission Rate - Network Service Rate","SUB TRANSMISSION - ST SERVICE CLASSIFICATION~Retail Transmission Rate - Line Connection Service Rate","SUB TRANSMISSION - ST SERVICE CLASSIFICATION~Retail Transmission Rate - Transformation Connection Service Rate","UNMETERED SCATTERED LOAD SERVICE CLASSIFICATION~Retail Transmission Rate - Network Service Rate","UNMETERED SCATTERED LOAD SERVICE CLASSIFICATION~Retail Transmission Rate - Line and Transformation Connection Service Rate","SENTINEL LIGHTING SERVICE CLASSIFICATION~Retail Transmission Rate - Network Service Rate","SENTINEL LIGHTING SERVICE CLASSIFICATION~Retail Transmission Rate - Line and Transformation Connection Service Rate","STREET LIGHTING SERVICE CLASSIFICATION~Retail Transmission Rate - Network Service Rate","STREET LIGHTING SERVICE CLASSIFICATION~Retail Transmission Rate - Line and Transformation Connection Service Rate"]
["Enova Power Corp.-Kitchener-Wilmot Hydro Rate Zone","RESIDENTIAL SERVICE CLASSIFICATION~Retail Transmission Rate - Network Service Rate","RESIDENTIAL SERVICE CLASSIFICATION~Retail Transmission Rate - Line and Transformation Connection Service Rate","GENERAL SERVICE LESS THAN 50 KW SERVICE CLASSIFICATION~Retail Transmission Rate - Network Service Rate","GENERAL SERVICE LESS THAN 50 KW SERVICE CLASSIFICATION~Retail Transmission Rate - Line and Transformation Connection Service Rate","GENERAL SERVICE 50 to 4,999 kW SERVICE CLASSIFICATION~Retail Transmission Rate - Network Service Rate","GENERAL SERVICE 50 to 4,999 kW SERVICE CLASSIFICATION~Retail Transmission Rate - Line and Transformation Connection Service Rate","GENERAL SERVICE 50 to 4,999 kW SERVICE CLASSIFICATION~Retail Transmission Rate - Network Service Rate - EV CHARGING","GENERAL SERVICE 50 to 4,999 kW SERVICE CLASSIFICATION~Retail Transmission Rate - Line and Transformation Connection Service Rate - EV CHARGING","LARGE USE SERVICE CLASSIFICATION~Retail Transmission Rate - Network Service Rate - Interval Metered","LARGE USE SERVICE CLASSIFICATION~Retail Transmission Rate - Line and Transformation Connection Service Rate - Interval Metered","UNMETERED SCATTERED LOAD SERVICE CLASSIFICATION~Retail Transmission Rate - Network Service Rate","UNMETERED SCATTERED LOAD SERVICE CLASSIFICATION~Retail Transmission Rate - Line and Transformation Connection Service Rate","STREET LIGHTING SERVICE CLASSIFICATION~Retail Transmission Rate - Network Service Rate","STREET LIGHTING SERVICE CLASSIFICATION~Retail Transmission Rate - Line and Transformation Connection Service Rate","EMBEDDED DISTRIBUTOR SERVICE CLASSIFICATION~Retail Transmission Rate - Network Service Rate","EMBEDDED DISTRIBUTOR SERVICE CLASSIFICATION~Retail Transmission Rate - Line and Transformation Connection Service Rate"]
["Enova Power Corp.-Waterloo North Rate Zone","RESIDENTIAL SERVICE CLASSIFICATION~Retail Transmission Rate - Network Service Rate","RESIDENTIAL SERVICE CLASSIFICATION~Retail Transmission Rate - Line and Transformation Connection Service Rate","GENERAL SERVICE LESS THAN 50 KW SERVICE CLASSIFICATION~Retail Transmission Rate - Network Service Rate","GENERAL SERVICE LESS THAN 50 KW SERVICE CLASSIFICATION~Retail Transmission Rate - Line and Transformation Connection Service Rate","GENERAL SERVICE 50 to 4,999 kW SERVICE CLASSIFICATION~Retail Transmission Rate - Network Service Rate","GENERAL SERVICE 50 to 4,999 kW SERVICE CLASSIFICATION~Retail Transmission Rate - Line and Transformation Connection Service Rate","GENERAL SERVICE 50 to 4,999 kW SERVICE CLASSIFICATION~Retail Transmission Rate - Network Service Rate - EV CHARGING","GENERAL SERVICE 50 to 4,999 kW SERVICE CLASSIFICATION~Retail Transmission Rate - Line and Transformation Connection Service Rate - EV CHARGING","LARGE USE SERVICE CLASSIFICATION~Retail Transmission Rate - Network Service Rate - Interval Metered","LARGE USE SERVICE CLASSIFICATION~Retail Transmission Rate - Line and Transformation Connection Service Rate - Interval Metered","UNMETERED SCATTERED LOAD SERVICE CLASSIFICATION~Retail Transmission Rate - Network Service Rate","UNMETERED SCATTERED LOAD SERVICE CLASSIFICATION~Retail Transmission Rate - Line and Transformation Connection Service Rate","STREET LIGHTING SERVICE CLASSIFICATION~Retail Transmission Rate - Network Service Rate","STREET LIGHTING SERVICE CLASSIFICATION~Retail Transmission Rate - Line and Transformation Connection Service Rate","EMBEDDED DISTRIBUTOR SERVICE CLASSIFICATION~Retail Transmission Rate - Network Service Rate","EMBEDDED DISTRIBUTOR SERVICE CLASSIFICATION~Retail Transmission Rate - Line and Transformation Connection Service Rate"]
["GrandBridge Energy Inc.-Brantford Power Rate Zone ","RESIDENTIAL SERVICE CLASSIFICATION~Retail Transmission Rate - Network Service Rate","RESIDENTIAL SERVICE CLASSIFICATION~Retail Transmission Rate - Line and Transformation Connection Service Rate","GENERAL SERVICE LESS THAN 50 KW SERVICE CLASSIFICATION~Retail Transmission Rate - Network Service Rate","GENERAL SERVICE LESS THAN 50 KW SERVICE CLASSIFICATION~Retail Transmission Rate - Line and Transformation Connection Service Rate","EMBEDDED DISTRIBUTOR SERVICE CLASSIFICATION~Retail Transmission Rate - Network Service Rate","EMBEDDED DISTRIBUTOR SERVICE CLASSIFICATION~Retail Transmission Rate - Line and Transformation Connection Service Rate","UNMETERED SCATTERED LOAD SERVICE CLASSIFICATION~Retail Transmission Rate - Network Service Rate","UNMETERED SCATTERED LOAD SERVICE CLASSIFICATION~Retail Transmission Rate - Line and Transformation Connection Service Rate","SENTINEL LIGHTING SERVICE CLASSIFICATION~Retail Transmission Rate - Network Service Rate","SENTINEL LIGHTING SERVICE CLASSIFICATION~Retail Transmission Rate - Line and Transformation Connection Service Rate","STREET LIGHTING SERVICE CLASSIFICATION~Retail Transmission Rate - Network Service Rate","STREET LIGHTING SERVICE CLASSIFICATION~Retail Transmission Rate - Line and Transformation Connection Service Rate"]
["GrandBridge Energy Inc.-Energy+ Rate Zone ","RESIDENTIAL SERVICE CLASSIFICATION~Retail Transmission Rate - Network Service Rate","RESIDENTIAL SERVICE CLASSIFICATION~Retail Transmission Rate - Line and Transformation Connection Service Rate","GENERAL SERVICE LESS THAN 50 KW SERVICE CLASSIFICATION~Retail Transmission Rate - Network Service Rate","GENERAL SERVICE LESS THAN 50 KW SERVICE CLASSIFICATION~Retail Transmission Rate - Line and Transformation Connection Service Rate","GENERAL SERVICE 50 to 999 kW SERVICE CLASSIFICATION~Retail Transmission Rate - Network Service Rate","GENERAL SERVICE 50 to 999 kW SERVICE CLASSIFICATION~Retail Transmission Rate - Line and Transformation Connection Service Rate","GENERAL SERVICE 50 TO 999 KW SERVICE CLASSIFICATION~Retail Transmission Rate - Network Service Rate - EV CHARGING","GENERAL SERVICE 50 TO 999 KW SERVICE CLASSIFICATION~Retail Transmission Rate - Line and Transformation Connection Service Rate - EV CHARGING","GENERAL SERVICE 1000 to 4,999 kW SERVICE CLASSIFICATION~Retail Transmission Rate - Network Service Rate","GENERAL SERVICE 1000 to 4,999 kW SERVICE CLASSIFICATION~Retail Transmission Rate - Line and Transformation Connection Service Rate","GENERAL SERVICE 1000 to 4,999 kW SERVICE CLASSIFICATION~Retail Transmission Rate - Network Service Rate - EV CHARGING","GENERAL SERVICE 1000 to 4,999 kW SERVICE CLASSIFICATION~Retail Transmission Rate - Line and Transformation Connection Service Rate - EV CHARGING","LARGE USE SERVICE CLASSIFICATION~Retail Transmission Rate - Network Service Rate - Interval Metered","LARGE USE SERVICE CLASSIFICATION~Retail Transmission Rate - Line and Transformation Connection Service Rate - Interval Metered","UNMETERED SCATTERED LOAD SERVICE CLASSIFICATION~Retail Transmission Rate - Network Service Rate","UNMETERED SCATTERED LOAD SERVICE CLASSIFICATION~Retail Transmission Rate - Line and Transformation Connection Service Rate","STREET LIGHTING SERVICE CLASSIFICATION~Retail Transmission Rate - Network Service Rate","STREET LIGHTING SERVICE CLASSIFICATION~Retail Transmission Rate - Line and Transformation Connection Service Rate","SENTINEL LIGHTING SERVICE CLASSIFICATION~Retail Transmission Rate - Network Service Rate","SENTINEL LIGHTING SERVICE CLASSIFICATION~Retail Transmission Rate - Line and Transformation Connection Service Rate"]
["Hydro One Networks Inc.-Former Orillia Power Distribution Corporation Service Area","RESIDENTIAL SERVICE CLASSIFICATION~Retail Transmission Rate - Network Service Rate","RESIDENTIAL SERVICE CLASSIFICATION~Retail Transmission Rate - Line and Transformation Connection Service Rate","GENERAL SERVICE LESS THAN 50 KW SERVICE CLASSIFICATION~Retail Transmission Rate - Network Service Rate","GENERAL SERVICE LESS THAN 50 KW SERVICE CLASSIFICATION~Retail Transmission Rate - Line and Transformation Connection Service Rate","GENERAL SERVICE 50 to 4,999 kW SERVICE CLASSIFICATION~Retail Transmission Rate - Network Service Rate","GENERAL SERVICE 50 to 4,999 kW SERVICE CLASSIFICATION~Retail Transmission Rate - Line and Transformation Connection Service Rate","GENERAL SERVICE 50 to 4,999 kW SERVICE CLASSIFICATION~Retail Transmission Rate - Network Service Rate - EV CHARGING","GENERAL SERVICE 50 to 4,999 kW SERVICE CLASSIFICATION~Retail Transmission Rate - Line and Transformation Connection Service Rate - EV CHARGING","UNMETERED SCATTERED LOAD SERVICE CLASSIFICATION~Retail Transmission Rate - Network Service Rate","UNMETERED SCATTERED LOAD SERVICE CLASSIFICATION~Retail Transmission Rate - Line and Transformation Connection Service Rate","SENTINEL LIGHTING SERVICE CLASSIFICATION~Retail Transmission Rate - Network Service Rate","SENTINEL LIGHTING SERVICE CLASSIFICATION~Retail Transmission Rate - Line and Transformation Connection Service Rate","STREET LIGHTING SERVICE CLASSIFICATION~Retail Transmission Rate - Network Service Rate","STREET LIGHTING SERVICE CLASSIFICATION~Retail Transmission Rate - Line and Transformation Connection Service Rate"]
["Hydro One Networks Inc.-Former Peterborough Distribution Inc. Service Area","RESIDENTIAL SERVICE CLASSIFICATION~Retail Transmission Rate - Network Service Rate","RESIDENTIAL SERVICE CLASSIFICATION~Retail Transmission Rate - Line and Transformation Connection Service Rate","GENERAL SERVICE LESS THAN 50 KW SERVICE CLASSIFICATION~Retail Transmission Rate - Network Service Rate","GENERAL SERVICE LESS THAN 50 KW SERVICE CLASSIFICATION~Retail Transmission Rate - Line and Transformation Connection Service Rate","GENERAL SERVICE 50 to 4,999 kW SERVICE CLASSIFICATION~Retail Transmission Rate - Network Service Rate","GENERAL SERVICE 50 to 4,999 kW SERVICE CLASSIFICATION~Retail Transmission Rate - Line and Transformation Connection Service Rate","GENERAL SERVICE 50 to 4,999 kW SERVICE CLASSIFICATION~Retail Transmission Rate - Network Service Rate - EV CHARGING","GENERAL SERVICE 50 to 4,999 kW SERVICE CLASSIFICATION~Retail Transmission Rate - Line and Transformation Connection Service Rate - EV CHARGING","LARGE USE SERVICE CLASSIFICATION~Retail Transmission Rate - Network Service Rate - Interval Metered","LARGE USE SERVICE CLASSIFICATION~Retail Transmission Rate - Line and Transformation Connection Service Rate - Interval Metered","UNMETERED SCATTERED LOAD SERVICE CLASSIFICATION~Retail Transmission Rate - Network Service Rate","UNMETERED SCATTERED LOAD SERVICE CLASSIFICATION~Retail Transmission Rate - Line and Transformation Connection Service Rate","SENTINEL LIGHTING SERVICE CLASSIFICATION~Retail Transmission Rate - Network Service Rate","SENTINEL LIGHTING SERVICE CLASSIFICATION~Retail Transmission Rate - Line and Transformation Connection Service Rate","STREET LIGHTING SERVICE CLASSIFICATION~Retail Transmission Rate - Network Service Rate","STREET LIGHTING SERVICE CLASSIFICATION~Retail Transmission Rate - Line and Transformation Connection Service Rate"]

{"sheet":"DELETE 3. Rate Classes","index":24,"n_rows":100,"n_cols":23,"rows_kept":100,"cut":false,"hidden":true,"merged":[[12,2,12,8]]}
[]
[]
[]
[]
[]
[]
[]
[]
[]
[]
[]
[]
[null,null,"1.  Select the appropriate rate classes that appear on your most recent OEB-Approved Tariff of Rates and Charges.\n2.  Enter the RTSR Network and Connection Rate as it appears on the Tariff of Rates and Charges"]
[]
[null,null,"Rate Class",null,"Unit",null,"RTSR-Network",null,"RTSR-Connection"]
[]
[null,null,null,null,null,null,null,null,null,null,null,{"$f":"IF(OR(ISBLANK(C17), ISERROR(FIND(\"Choose\", C17))=FALSE), 0, 1)","v":0},{"$f":"\"C\" & ROW(C17)","v":"C17"},{"$f":"IF(OR(C17=\"General Service Intermediate Rate Class 1,000 To 4,999 kW (formerly General Service > 50 kW Customers)\", C17=\"General Service Intermediate Rate Class 1,000 To 4,999 kW (formerly Large Use Customers)\"), \"x\", \"\")","v":""},null,null,null,null,null,null,null,null,"Choose Rate Class"]
[null,null,null,null,null,null,null,null,null,null,null,0,"C18",{"$f":"IF(OR(C18=\"General Service Intermediate Rate Class 1,000 To 4,999 kW (formerly General Service > 50 kW Customers)\", C18=\"General Service Intermediate Rate Class 1,000 To 4,999 kW (formerly Large Use Customers)\"), \"x\", \"\")","v":""},null,null,null,null,null,null,null,null,"Residential"]
[null,null,null,null,null,null,null,null,null,null,null,0,"C19","",null,null,null,null,null,null,null,null,"Residential Regular"]
[null,null,null,null,null,null,null,null,null,null,null,0,"C20","",null,null,null,null,null,null,null,null,"Residential Urban"]
[null,null,null,null,null,null,null,null,null,null,null,0,"C21","",null,null,null,null,null,null,null,null,"Residential Urban Year-Round"]
[null,null,null,null,null,null,null,null,null,null,null,{"$f":"IF(OR(ISBLANK(C22), ISERROR(FIND(\"Choose\", C22))=FALSE), 0, 1)","v":0},"C22","",null,null,null,null,null,null,null,null,"Residential Suburban"]
[null,null,null,null,null,null,null,null,null,null,null,0,"C23","",null,null,null,null,null,null,null,null,"Residential Suburban Seasonal"]
[null,null,null,null,null,null,null,null,null,null,null,0,"C24","",null,null,null,null,null,null,null,null,"Residential Suburban Year Round"]
[null,null,null,null,null,null,null,null,null,null,null,0,"C25","",null,null,null,null,null,null,null,null,"Residential - Time of Use"]
[null,null,null,null,null,null,null,null,null,null,null,0,"C26","",null,null,null,null,null,null,null,null,"Residential - Hensall"]
[null,null,null,null,null,null,null,null,null,null,null,0,"C27","",null,null,null,null,null,null,null,null,"Residential – High Density [R1]"]
[null,null,null,null,null,null,null,null,null,null,null,0,"C28","",null,null,null,null,null,null,null,null,"Residential – Normal Density [R2]"]
[null,null,null,null,null,null,null,null,null,null,null,0,"C29","",null,null,null,null,null,null,null,null,"Seasonal Residential – High Density [R3]"]
[null,null,null,null,null,null,null,null,null,null,null,0,"C30","",null,null,null,null,null,null,null,null,"Seasonal Residential – Normal Density [R4]"]
[null,null,null,null,null,null,null,null,null,null,null,0,"C31","",null,null,null,null,null,null,null,null,"Residential – Urban [UR]"]
[null,null,null,null,null,null,null,null,null,null,null,0,"C32","",null,null,null,null,null,null,null,null,"General Service Less Than 50 kW"]
[null,null,null,null,null,null,null,null,null,null,null,0,"C33","",null,null,null,null,null,null,null,null,"General Service Less Than 50 kW – Single Phase energy-billed [G1]"]
[null,null,null,null,null,null,null,null,null,null,null,0,"C34","",null,null,null,null,null,null,null,null,"General Service Less Than 50 kW – Three Phase energy-billed [G3]"]
[null,null,null,null,null,null,null,null,null,null,null,0,"C35","",null,null,null,null,null,null,null,null,"General Service Less Than 50 kW – Transmission Class energy-billed [T]"]
[null,null,null,null,null,null,null,null,null,null,null,0,"C36","",null,null,null,null,null,null,null,null,"General Service Less Than 50 kW – Urban energy-billed [UG]"]
[null,null,null,null,null,null,null,null,null,null,null,0,"C37","",null,null,null,null,null,null,null,null,"Westport Sewage Treatment Plant"]
[null,null,null,null,null,null,null,null,null,null,null,0,"C38","",null,null,null,null,null,null,null,null,"Small Commercial and USL - per meter"]
[null,null,null,null,null,null,null,null,null,null,null,null,null,{"$f":"COUNTIF(N17:N38, \"x\")","v":0},null,null,null,null,null,null,null,null,"Small Commercial and USL - per connection"]
[null,null,null,null,null,null,null,null,null,null,null,null,null,null,null,null,null,null,null,null,null,null,"Farms – Single Phase energy-billed [F1]"]
[null,null,null,null,null,null,null,null,null,null,null,null,null,null,null,null,null,null,null,null,null,null,"General Service 50 to 499 kW"]
[null,null,null,null,null,null,null,null,null,null,null,null,null,null,null,null,null,null,null,null,null,null,"General Service 50 to 699 kW"]
[null,null,null,null,null,null,null,null,null,null,null,null,null,null,null,null,null,null,null,null,null,null,"General Service 50 to 999 kW"]
[null,null,null,null,null,null,null,null,null,null,null,null,null,null,null,null,null,null,null,null,null,null,"General Service 50 to 999 kW - Interval Metered"]
[null,null,null,null,null,null,null,null,null,null,null,null,null,null,null,null,null,null,null,null,null,null,"General Service 50 to 1,000 kW"]
[null,null,null,null,null,null,null,null,null,null,null,null,null,null,null,null,null,null,null,null,null,null,"General Service 50 to 1,000 kW - Interval Meters"]
[null,null,null,null,null,null,null,null,null,null,null,null,null,null,null,null,null,null,null,null,null,null,"General Service 50 to 1,000 kW - Non Interval Meters"]
[null,null,null,null,null,null,null,null,null,null,null,null,null,null,null,null,null,null,null,null,null,null,"General Service 50 to 1,499 kW"]
[null,null,null,null,null,null,null,null,null,null,null,null,null,null,null,null,null,null,null,null,null,null,"General Service 50 to 1,499 kW - Interval Metered"]
[null,null,null,null,null,null,null,null,null,null,null,null,null,null,null,null,null,null,null,null,null,null,"General Service  50 to 2,499 kW"]
[null,null,null,null,null,null,null,null,null,null,null,null,null,null,null,null,null,null,null,null,null,null,"General Service 50 to 2,999 kW"]
[null,null,null,null,null,null,null,null,null,null,null,null,null,null,null,null,null,null,null,null,null,null,"General Service 50 to 2,999 kW - Time of Use"]
[null,null,null,null,null,null,null,null,null,null,null,null,null,null,null,null,null,null,null,null,null,null,"General Service 50 to 4,999 kW"]
[null,null,null,null,null,null,null,null,null,null,null,null,null,null,null,null,null,null,null,null,null,null,"General Service 50 to 4,999 kW – Interval Metered"]
[null,null,null,null,null,null,null,null,null,null,null,null,null,null,null,null,null,null,null,null,null,null,"General Service 50 to 4,999 kW - Time of Use"]
[null,null,null,null,null,null,null,null,null,null,null,null,null,null,null,null,null,null,null,null,null,null,"General Service 50 to 4,999 kW (CoGeneration)"]
[null,null,null,null,null,null,null,null,null,null,null,null,null,null,null,null,null,null,null,null,null,null,"General Service 50 to 4,999 kW (formerly Time of Use)"]
[null,null,null,null,null,null,null,null,null,null,null,null,null,null,null,null,null,null,null,null,null,null,"General Service 500 to 4,999 kW"]
[null,null,null,null,null,null,null,null,null,null,null,null,null,null,null,null,null,null,null,null,null,null,"General Service 700 to 4,999 kW"]
[null,null,null,null,null,null,null,null,null,null,null,null,null,null,null,null,null,null,null,null,null,null,"General Service 1,000 to 2,999 kW"]
[null,null,null,null,null,null,null,null,null,null,null,null,null,null,null,null,null,null,null,null,null,null,"General Service 1,000 to 4,999 kW"]
[null,null,null,null,null,null,null,null,null,null,null,null,null,null,null,null,null,null,null,null,null,null,"General Service 1,000 to 4,999 kW - Interval Meters"]
[null,null,null,null,null,null,null,null,null,null,null,null,null,null,null,null,null,null,null,null,null,null,"General Service 1,000 To 4,999 kW (co-generation)"]
[null,null,null,null,null,null,null,null,null,null,null,null,null,null,null,null,null,null,null,null,null,null,"General Service Greater Than 1,000 kW"]
[null,null,null,null,null,null,null,null,null,null,null,null,null,null,null,null,null,null,null,null,null,null,"General Service Intermediate Rate Class 1,000 To 4,999 kW (formerly Large Use Customers)"]
[null,null,null,null,null,null,null,null,null,null,null,null,null,null,null,null,null,null,null,null,null,null,"General Service Intermediate Rate Class 1,000 To 4,999 kW (formerly General Service > 50 kW Customers)"]
[null,null,null,null,null,null,null,null,null,null,null,null,null,null,null,null,null,null,null,null,null,null,"General Service 1,500 to 4,999 kW"]
[null,null,null,null,null,null,null,null,null,null,null,null,null,null,null,null,null,null,null,null,null,null,"General Service Equal To Or Greater Than 1,500 kW"]
[null,null,null,null,null,null,null,null,null,null,null,null,null,null,null,null,null,null,null,null,null,null,"General Service Equal To Or Greater Than 1,500 kW - Interval Metered"]
[null,null,null,null,null,null,null,null,null,null,null,null,null,null,null,null,null,null,null,null,null,null,"General Service Intermediate 1,000 To 4,999 kW"]
[null,null,null,null,null,null,null,null,null,null,null,null,null,null,null,null,null,null,null,null,null,null,"General Service 2,500 to 4,999 kW"]
[null,null,null,null,null,null,null,null,null,null,null,null,null,null,null,null,null,null,null,null,null,null,"General Service 3,000 to 4,999 kW"]
[null,null,null,null,null,null,null,null,null,null,null,null,null,null,null,null,null,null,null,null,null,null,"General Service 3,000 to 4,999 kW - Interval Metered"]
[null,null,null,null,null,null,null,null,null,null,null,null,null,null,null,null,null,null,null,null,null,null,"General Service 3,000 to 4,999 kW - Intermediate Use"]
[null,null,null,null,null,null,null,null,null,null,null,null,null,null,null,null,null,null,null,null,null,null,"General Service 3,000 to 4,999 kW - Time of Use"]
[null,null,null,null,null,null,null,null,null,null,null,null,null,null,null,null,null,null,null,null,null,null,"Intermediate With Self Generation"]
[null,null,null,null,null,null,null,null,null,null,null,null,null,null,null,null,null,null,null,null,null,null,"General Service - Commercial"]
[null,null,null,null,null,null,null,null,null,null,null,null,null,null,null,null,null,null,null,null,null,null,"General Service - Institutional"]
[null,null,null,null,null,null,null,null,null,null,null,null,null,null,null,null,null,null,null,null,null,null,"Farms – Three Phase energy-billed [F3]"]
[null,null,null,null,null,null,null,null,null,null,null,null,null,null,null,null,null,null,null,null,null,null,"Large Use"]
[null,null,null,null,null,null,null,null,null,null,null,null,null,null,null,null,null,null,null,null,null,null,"Large Use - Regular"]
[null,null,null,null,null,null,null,null,null,null,null,null,null,null,null,null,null,null,null,null,null,null,"Large Use > 5000 kW"]
[null,null,null,null,null,null,null,null,null,null,null,null,null,null,null,null,null,null,null,null,null,null,"Large Use - 3TS"]
[null,null,null,null,null,null,null,null,null,null,null,null,null,null,null,null,null,null,null,null,null,null,"Large Use - Ford Annex"]
[null,null,null,null,null,null,null,null,null,null,null,null,null,null,null,null,null,null,null,null,null,null,"Unmetered Scattered Load"]
[null,null,null,null,null,null,null,null,null,null,null,null,null,null,null,null,null,null,null,null,null,null,"Sentinel Lighting"]
[null,null,null,null,null,null,null,null,null,null,null,null,null,null,null,null,null,null,null,null,null,null,"Street Lighting"]
[null,null,null,null,null,null,null,null,null,null,null,null,null,null,null,null,null,null,null,null,null,null,"Embedded Distributor"]
[null,null,null,null,null,null,null,null,null,null,null,null,null,null,null,null,null,null,null,null,null,null,"Low Voltage Wheeling Charge Rate"]
[null,null,null,null,null,null,null,null,null,null,null,null,null,null,null,null,null,null,null,null,null,null,"Stand-By"]
[null,null,null,null,null,null,null,null,null,null,null,null,null,null,null,null,null,null,null,null,null,null,"Standby Power"]
[null,null,null,null,null,null,null,null,null,null,null,null,null,null,null,null,null,null,null,null,null,null,"Standby Power – INTERIM APPROVAL"]
[null,null,null,null,null,null,null,null,null,null,null,null,null,null,null,null,null,null,null,null,null,null,"Standby Power - APPROVED ON AN INTERIM BASIS"]
[null,null,null,null,null,null,null,null,null,null,null,null,null,null,null,null,null,null,null,null,null,null,"Standby - General Service 50 - 1,000 kW"]
[null,null,null,null,null,null,null,null,null,null,null,null,null,null,null,null,null,null,null,null,null,null,"Standby Power General Service 50 to 1,499 kW"]
[null,null,null,null,null,null,null,null,null,null,null,null,null,null,null,null,null,null,null,null,null,null,"Standby - General Service 1,000 - 5,000 kW"]
[null,null,null,null,null,null,null,null,null,null,null,null,null,null,null,null,null,null,null,null,null,null,"Standby Power General Service 1,500 to 4,999 kW"]
[null,null,null,null,null,null,null,null,null,null,null,null,null,null,null,null,null,null,null,null,null,null,"Standby - Large Use"]
[null,null,null,null,null,null,null,null,null,null,null,null,null,null,null,null,null,null,null,null,null,null,"Standby Power General Service Large Use"]
[null,null,null,null,null,null,null,null,null,null,null,null,null,null,null,null,null,null,null,null,null,null,"Standby Distribution Service"]

{"sheet":"2 1 5 TotalConsumptionData_Dist","index":25,"n_rows":490,"n_cols":19,"rows_kept":490,"cut":false,"hidden":true,"merged":[[0,0,0,3],[1,0,1,3]]}
["2.1.5 TotalConsumptionData_Dist_Ret_Total_Combined_2021_v2"]
[]
[""]
[null,null,null,null,null,null,null,null,null,null,null,null,null,null,null,null,null,"F+P","Q+G"]
["Filing Year","Company Name","Rate Class","Rate Class Detail","Company Detail Class","Ret_Metered_consumption_in_kWhs","Ret_Metered_consumption_in_kWs","RPPMeterCustkWh","Metered Consumption on RPP - Kw","Metered Consumption on Non-RPP - Kwh","Metered Consumption on Non-RPP - Kw","Billed by IESO For Commodity - Kwh","Billed by IESO For Commodity - Kw","Class_A_Consumption_kWhs","Class_A_Consumption_kWs","Total Consumption - Kwh","Total Consumption - Kw","Calculated_TOTAL_KWH","Calculated_TOTAL_KW"]
[2025,"Alectra Utilities Corporation","Embedded Distributor(s)","Embedded Distributor - Hydro One Brampton","Alectra Utilities Corporation_ Hydro One Brampton_Embedded Distributor Service Classification",0,0,0,0,2951233.1239999998,0,0,0,null,null,2951233.1239999998,0,2951233.1239999998,0]
[2025,"Alectra Utilities Corporation","General Service < 50 kW","Distributed Generation - Dgen - Hydro One Brampton","Alectra Utilities Corporation_ Dgen - Hydro One Brampton_Distributed Generation Service Classification",0,0,0,0,285159.69089999999,0,0,0,null,null,285159.69089999999,0,285159.69089999999,0]
[2025,"Alectra Utilities Corporation","General Service < 50 kW","General Service Less Than 50 kW - Enersource","Alectra Utilities Corporation_ Enersource_General Service Less Than 50 kW Service Classification",81007846.049999997,0,624478732.02999997,0,739501.96680000005,0,0,0,null,null,625218233.99679995,0,706226080.0467999,0]
[2025,"Alectra Utilities Corporation","General Service < 50 kW","General Service Less Than 50 kW - Guelph Hydro","Alectra Utilities Corporation_ Guelph Hydro_General Service Less Than 50 kW Service Classification",26353524.329999998,0,115763719.13,0,0,0,0,0,null,null,115763719.13,0,142117243.45999998,0]
[2025,"Alectra Utilities Corporation","General Service < 50 kW","General Service Less Than 50 kW - Horizon","Alectra Utilities Corporation_ Horizon_General Service Less Than 50 kW Service Classification",79302507.709999993,0,495261816.52999997,0,2227414.3280000002,0,0,0,null,null,497489230.85799998,0,576791738.56799996,0]
[2025,"Alectra Utilities Corporation","General Service < 50 kW","General Service Less Than 50 kW - Hydro One Brampton","Alectra Utilities Corporation_ Hydro One Brampton_General Service Less Than 50 kW Service Classification",50846067.409999996,0,294033844.86000001,0,190884.46789999999,0,0,0,null,null,294224729.32789999,0,345070796.73790002,0]
[2025,"Alectra Utilities Corporation","General Service < 50 kW","General Service Less Than 50 kW - PowerStream","Alectra Utilities Corporation_ PowerStream_General Service Less Than 50 kW Service Classification",117999926.91,0,904416753.66999996,0,5500886.2060000002,0,0,0,null,null,909917639.87600005,0,1027917566.786,0]
[2025,"Alectra Utilities Corporation","General Service >= 50 kW","Energy From Waste - Hydro One Brampton","Alectra Utilities Corporation_ Hydro One Brampton_Energy From Waste Service Classification",0,0,0,0,0,0,0,0,null,null,0,0,0,0]
[2025,"Alectra Utilities Corporation","General Service >= 50 kW","General Service 1,000 to 4,999 kW - Guelph Hydro","Alectra Utilities Corporation_ Guelph Hydro_General Service 1,000 to 4,999 kW Service Classification",40540208.82,87300.160000000003,0,0,448681535.47000003,961337.87,0,0,null,null,448681535.47000003,961337.87,489221744.29000002,1048638.03]
[2025,"Alectra Utilities Corporation","General Service >= 50 kW","General Service 50 to 4,999 kW - Horizon","Alectra Utilities Corporation_ Guelph Hydro_General Service 50 To 999 kW Service Classification",218460100.53,605683.70539999998,58448823.299999997,171192.9,249302878.5,710925.4,5766324.0099999998,11306.3,null,null,313518025.81,893424.6,531978126.34000003,1499108.3054]
[2025,"Alectra Utilities Corporation","General Service >= 50 kW","General Service 50 to 4,999 kW - PowerStream","Alectra Utilities Corporation_ Horizon_General Service 50 to 4,999 kW Service Classification",475455178.94999999,1331393.851,205150337.49000001,552659.09259999997,1322450896.4300001,3563491.6460000002,8605363.0830000006,16182.647209999999,null,null,1536206597.003,4132333.3858099999,2011661775.9530001,5463727.2368099997]
[2025,"Alectra Utilities Corporation","General Service >= 50 kW","General Service 50 to 499 kW - Enersource","Alectra Utilities Corporation_ PowerStream_General Service 50 to 4,999 kW Service Classification",284153714.35000002,779948.40969999996,471566861.51999998,1193757.5149999999,3838240447.4200001,9716391.7819999997,24955018.109999999,58718.574379999998,null,null,4334762327.0500002,10968867.871379999,4618916041.4000006,11748816.28108]
[2025,"Alectra Utilities Corporation","General Service >= 50 kW","General Service 50 to 699 kW - Hydro One Brampton","Alectra Utilities Corporation_ Enersource_General Service 50 to 499 kW Service Classification",168165053.59999999,454232.71,355169497.83999997,974873.35560000001,1425726485.95,3913026.5010000002,0,0,null,null,1780895983.79,4887899.8565999996,1949061037.3899999,5342132.5665999996]
[2025,"Alectra Utilities Corporation","General Service >= 50 kW","General Service 50 To 999 kW - Guelph Hydro","Alectra Utilities Corporation_ Hydro One Brampton_General Service 50 to 699 kW Service Classification",70784360.329999998,205059.28,120950125.31999999,337133.89990000002,788917648,2199012.88,3879476.2560000001,22748.76179,null,null,913747249.57599998,2558895.5416899999,984531609.90600002,2763954.8216899997]
[2025,"Alectra Utilities Corporation","General Service >= 50 kW","General Service 500 to 4,999 kW - Enersource","Alectra Utilities Corporation_ Enersource_General Service 500 to 4,999 kW Service Classification",360130760.82999998,835633.19389999995,123352611.84,286402.29210000002,1156474105.0999999,2683436.838,34253879.259999998,69061.699760000003,null,null,1314080596.2,3038900.8298599999,1674211357.03,3874534.0237599998]
[2025,"Alectra Utilities Corporation","General Service >= 50 kW","General Service 700 to 4,999 kW - Hydro One Brampton","Alectra Utilities Corporation_ Hydro One Brampton_General Service 700 to 4,999 kW Service Classification",143083991.41,350643.00380000001,0,0,667286619.85000002,1600233.63,68427291.260000005,114749.73330000001,null,null,735713911.11000001,1714983.3633000001,878797902.51999998,2065626.3671000001]
[2025,"Alectra Utilities Corporation","Large User","Large Use - Enersource","Alectra Utilities Corporation_ Enersource_Large Use Service Classification",134759150.09999999,229222.1888,0,0,893275772.62,1516593.784,0,0,null,null,893275772.62,1516593.784,1028034922.72,1745815.9728000001]
[2025,"Alectra Utilities Corporation","Large User","Large Use - Guelph Hydro","Alectra Utilities Corporation_ Guelph Hydro_Large Use Service Classification",0,0,0,0,195177786.88,404119.03999999998,0,0,null,null,195177786.88,404119.03999999998,195177786.88,404119.03999999998]
[2025,"Alectra Utilities Corporation","Large User","Large Use - Horizon","Alectra Utilities Corporation_ Horizon_Large Use Service Classification",0,0,0,0,232027455.84,535719.30149999994,0,0,null,null,232027455.84,535719.30149999994,232027455.84,535719.30149999994]
[2025,"Alectra Utilities Corporation","Large User","Large Use - Hydro One Brampton","Alectra Utilities Corporation_ Hydro One Brampton_Large Use Service Classification",0,0,0,0,248545492.68000001,455969.81069999997,0,0,null,null,248545492.68000001,455969.81069999997,248545492.68000001,455969.81069999997]
[2025,"Alectra Utilities Corporation","Large User","Large Use - PowerStream","Alectra Utilities Corporation_ PowerStream_Large Use Service Classification",0,0,0,0,234289032.19,434330.57319999998,0,0,null,null,234289032.19,434330.57319999998,234289032.19,434330.57319999998]
[2025,"Alectra Utilities Corporation","Large User","Large Use with Dedicated Assets - Horizon","Alectra Utilities Corporation_ Horizon_Large Use with Dedicated Assets Service Classification",0,0,0,0,233446637.49000001,586656.22730000003,631667714.12,1014849.1139999999,null,null,865114351.61000001,1601505.3413,865114351.61000001,1601505.3413]
[2025,"Alectra Utilities Corporation","Residential","Residential - Enersource","Alectra Utilities Corporation_ Enersource_Residential Service Classification",14731176.84,0,1492543475.73,0,-1121.3097170000001,0,0,0,null,null,1492542354.42028,0,1507273531.2602799,0]
[2025,"Alectra Utilities Corporation","Residential","Residential - Guelph Hydro","Alectra Utilities Corporation_ Guelph Hydro_Residential Service Classification",4711541.88,0,420478852.85000002,0,0,0,0,0,null,null,420478852.85000002,0,425190394.73000002,0]
[2025,"Alectra Utilities Corporation","Residential","Residential - Horizon","Alectra Utilities Corporation_ Horizon_Residential Service Classification",21248908.719999999,0,1717401948.3800001,0,-631.55432129999997,0,0,0,null,null,1717401316.82568,0,1738650225.54568,0]
[2025,"Alectra Utilities Corporation","Residential","Residential - Hydro One Brampton","Alectra Utilities Corporation_ Hydro One Brampton_Residential Service Classification",15974475.35,0,1579386277.47,0,24.663629019999998,0,0,0,null,null,1579386302.13363,0,1595360777.4836299,0]
[2025,"Alectra Utilities Corporation","Residential","Residential - PowerStream","Alectra Utilities Corporation_ PowerStream_Residential Service Classification",21296387.280000001,0,3003836341.8000002,0,-242.8238163,0,0,0,null,null,3003836098.9761801,0,3025132486.2561803,0]
[2025,"Alectra Utilities Corporation","Sentinel Lighting Connections","Sentinel Lighting - Guelph Hydro","Alectra Utilities Corporation_ Guelph Hydro_Sentinel Lighting Service Classification",0,0,10392,28.94,0,0,0,0,null,null,10392,28.94,10392,28.94]
[2025,"Alectra Utilities Corporation","Sentinel Lighting Connections","Sentinel Lighting - Horizon","Alectra Utilities Corporation_ Horizon_Sentinel Lighting Service Classification",6840.7628839999998,32.63762792,230549.84839999999,1100.6128859999999,41804.266499999998,199.56774960000001,0,0,null,null,272354.11489999999,1300.1806356,279194.87778400001,1332.8182635200001]
[2025,"Alectra Utilities Corporation","Sentinel Lighting Connections","Sentinel Lighting - PowerStream","Alectra Utilities Corporation_ PowerStream_Sentinel Lighting Service Classification",0,0,167307.88740000001,454.38767899999999,63186.85656,171.6077439,0,0,null,null,230494.74395999999,625.99542289999999,230494.74395999999,625.99542289999999]
[2025,"Alectra Utilities Corporation","Street Lighting Connections","Street Lighting - Enersource","Alectra Utilities Corporation_ Enersource_Street Lighting Service Classification",0,0,0,0,13498921.300000001,36292.496229999997,0,0,null,null,13498921.300000001,36292.496229999997,13498921.300000001,36292.496229999997]
[2025,"Alectra Utilities Corporation","Street Lighting Connections","Street Lighting - Guelph Hydro","Alectra Utilities Corporation_ Guelph Hydro_Street Lighting Service Classification",136327.54,390.09,0,0,3285335.86,9151.0400000000009,0,0,null,null,3285335.86,9151.0400000000009,3421663.4,9541.130000000001]
[2025,"Alectra Utilities Corporation","Street Lighting Connections","Street Lighting - Horizon","Alectra Utilities Corporation_ Horizon_Street Lighting Service Classification",0,0,226291.5912,680.53278269999998,16610758.75,49953.981110000001,0,0,null,null,16837050.341200002,50634.513892700001,16837050.341200002,50634.513892700001]
[2025,"Alectra Utilities Corporation","Street Lighting Connections","Street Lighting - Hydro One Brampton","Alectra Utilities Corporation_ Hydro One Brampton_Street Lighting Service Classification",0,0,0,0,19136672.760000002,53847.374170000003,0,0,null,null,19136672.760000002,53847.374170000003,19136672.760000002,53847.374170000003]
[2025,"Alectra Utilities Corporation","Street Lighting Connections","Street Lighting - PowerStream","Alectra Utilities Corporation_ PowerStream_Street Lighting Service Classification",298697.40340000001,839.29088390000004,595607.29249999998,1671.4133059999999,38910859.740000002,109192.9691,0,0,null,null,39506467.032499999,110864.382406,39805164.435899995,111703.67328990001]
[2025,"Alectra Utilities Corporation","Unmetered Scattered Load Connections","Unmetered Scattered Load - Enersource","Alectra Utilities Corporation_ Enersource_Unmetered Scattered Load Service Classification",494511.94079999998,0,11555429.050000001,0,0,0,0,0,null,null,11555429.050000001,0,12049940.990800001,0]
[2025,"Alectra Utilities Corporation","Unmetered Scattered Load Connections","Unmetered Scattered Load - Guelph Hydro","Alectra Utilities Corporation_ Guelph Hydro_Unmetered Scattered Load Service Classification",373863.538,0,1574135.46,0,0,0,0,0,null,null,1574135.46,0,1947998.9979999999,0]
[2025,"Alectra Utilities Corporation","Unmetered Scattered Load Connections","Unmetered Scattered Load - Horizon","Alectra Utilities Corporation_ Horizon_Unmetered Scattered Load Service Classification",1411151.247,0,9716664.534,0,0,0,0,0,null,null,9716664.534,0,11127815.780999999,0]
[2025,"Alectra Utilities Corporation","Unmetered Scattered Load Connections","Unmetered Scattered Load - Hydro One Brampton","Alectra Utilities Corporation_ Hydro One Brampton_Unmetered Scattered Load Service Classification",474161.0515,0,5689579.0470000003,0,0,0,0,0,null,null,5689579.0470000003,0,6163740.0985000003,0]
[2025,"Alectra Utilities Corporation","Unmetered Scattered Load Connections","Unmetered Scattered Load - PowerStream","Alectra Utilities Corporation_ PowerStream_Unmetered Scattered Load Service Classification",83565.007639999996,0,15124169.59,0,0,0,0,0,null,null,15124169.59,0,15207734.59764,0]
[2025,"Algoma Power Inc.","General Service < 50 kW","Residential - R1ii)","Algoma Power Inc._ R1ii)_Residential Service Classification",3888390.97,null,24612943.199999999,null,null,null,null,null,null,null,24612943.199999999,0,28501334.169999998,0]
[2025,"Algoma Power Inc.","General Service >= 50 kW","Residential - R2","Algoma Power Inc._ R2_Residential Service Classification",3290567.59,9370.2800000000007,4626836.3099999996,15455.04,131626218.34999999,273476.53999999998,null,null,null,null,136253054.66,288931.58,139543622.25,298301.86000000004]
[2025,"Algoma Power Inc.","Residential","Residential - R1i)","Algoma Power Inc._ R1i)_Residential Service Classification",539141,null,96294453.420000002,null,null,null,null,null,null,null,96294453.420000002,0,96833594.420000002,0]
[2025,"Algoma Power Inc.","Residential","Residential - Seasonal","Algoma Power Inc._ Seasonal_Residential Service Classification",39662.959999999999,null,6186616.2400000002,null,null,null,null,null,null,null,6186616.2400000002,0,6226279.2000000002,0]
[2025,"Algoma Power Inc.","Street Lighting Connections","Street Lighting","Algoma Power Inc._Street Lighting Service Classification",112565.4,null,0,null,386467.7,1422,null,null,null,null,386467.7,1422,499033.1,1422]
[2025,"Atikokan Hydro Inc.","General Service < 50 kW","General Service Less Than 50 kW","Atikokan Hydro Inc._General Service Less Than 50 kW Service Classification",94697.919999999998,null,4520517.97,null,null,null,null,null,null,null,4520517.97,0,4615215.8899999997,0]
[2025,"Atikokan Hydro Inc.","General Service >= 50 kW","General Service 50 to 4,999 kW","Atikokan Hydro Inc._General Service 50 to 4,999 kW Service Classification",1014403.6,2078.5700000000002,0,null,14113282.279999999,46684.86,null,null,null,null,14113282.279999999,46684.86,15127685.879999999,48763.43]
[2025,"Atikokan Hydro Inc.","Residential","Residential","Atikokan Hydro Inc._Residential Service Classification",88496,null,8691360.7200000007,null,null,null,null,null,null,null,8691360.7200000007,0,8779856.7200000007,0]
[2025,"Atikokan Hydro Inc.","Street Lighting Connections","Street Lighting","Atikokan Hydro Inc._Street Lighting Service Classification",null,null,0,null,355072.89,1057.68,null,null,null,null,355072.89,1057.68,355072.89,1057.68]
[2025,"Bluewater Power Distribution Corporation","General Service < 50 kW","General Service Less Than 50 kW","Bluewater Power Distribution Corporation_General Service Less Than 50 kW Service Classification",18459382,null,86150360,null,38455,null,null,null,null,null,86188815,0,104648197,0]
[2025,"Bluewater Power Distribution Corporation","General Service >= 50 kW","General Service 1,000 to 4,999 kW","Bluewater Power Distribution Corporation_General Service 1,000 to 4,999 kW Service Classification",null,null,0,null,97588738,183948,null,null,null,null,97588738,183948,97588738,183948]
[2025,"Bluewater Power Distribution Corporation","General Service >= 50 kW","General Service 50 to 999 kW","Bluewater Power Distribution Corporation_General Service 50 to 999 kW Service Classification",57477609,172041,31044832,104255,116652972,297837,3594914,6661,null,null,151292718,408753,208770327,580794]
[2025,"Bluewater Power Distribution Corporation","Large User","Large Use","Bluewater Power Distribution Corporation_Large Use Service Classification",0,null,0,null,159328855,284151,115013489,186406,null,null,274342344,470557,274342344,470557]
[2025,"Bluewater Power Distribution Corporation","Residential","Residential","Bluewater Power Distribution Corporation_Residential Service Classification",4153748,null,264358732,null,null,null,null,null,null,null,264358732,0,268512480,0]
[2025,"Bluewater Power Distribution Corporation","Sentinel Lighting Connections","Sentinel Lighting","Bluewater Power Distribution Corporation_Sentinel Lighting Service Classification",37145,102,0,null,3039838,8471,null,null,null,null,3039838,8471,3076983,8573]
[2025,"Bluewater Power Distribution Corporation","Street Lighting Connections","Street Lighting","Bluewater Power Distribution Corporation_Street Lighting Service Classification",0,null,367029,1002,null,null,null,null,null,null,367029,1002,367029,1002]
[2025,"Bluewater Power Distribution Corporation","Unmetered Scattered Load Connections","Unmetered Scattered Load","Bluewater Power Distribution Corporation_Unmetered Scattered Load Service Classification",333951,null,1860408,null,null,null,null,null,null,null,1860408,0,2194359,0]
[2025,"Burlington Hydro Inc.","General Service < 50 kW","General Service Less Than 50 kW","Burlington Hydro Inc._General Service Less Than 50 kW Service Classification",17527528,null,151418281,null,null,null,null,null,null,null,151418281,0,168945809,0]
[2025,"Burlington Hydro Inc.","General Service >= 50 kW","General Service 50 to 4,999 kW","Burlington Hydro Inc._General Service 50 to 4,999 kW Service Classification",122331832,345905,88092309,282756,585220207,1533105,null,null,null,null,673312516,1815861,795644348,2161766]
[2025,"Burlington Hydro Inc.","Residential","Residential","Burlington Hydro Inc._Residential Service Classification",3443840,null,534678385,null,null,null,null,null,null,null,534678385,0,538122225,0]
[2025,"Burlington Hydro Inc.","Street Lighting Connections","Street Lighting","Burlington Hydro Inc._Street Lighting Service Classification",null,null,47121,131,5548488,15432,null,null,null,null,5595609,15563,5595609,15563]
[2025,"Burlington Hydro Inc.","Unmetered Scattered Load Connections","Unmetered Scattered Load","Burlington Hydro Inc._Unmetered Scattered Load Service Classification",null,null,3279899,null,null,null,null,null,null,null,3279899,0,3279899,0]
[2025,"Canadian Niagara Power Inc.","Embedded Distributor(s)","Embedded Distributor","Canadian Niagara Power Inc._Embedded Distributor Service Classification",null,null,0,null,5640447.3899999997,15142.87,null,null,null,null,5640447.3899999997,15142.87,5640447.3899999997,15142.87]
[2025,"Canadian Niagara Power Inc.","General Service < 50 kW","General Service Less Than 50 kW","Canadian Niagara Power Inc._General Service Less Than 50 kW Service Classification",12523600.1,null,54778663.219999999,null,null,null,null,null,null,null,54778663.219999999,0,67302263.319999993,0]
[2025,"Canadian Niagara Power Inc.","General Service >= 50 kW","General Service 50 To 4,999 kW","Canadian Niagara Power Inc._General Service 50 To 4,999 kW Service Classification",21763282.109999999,64855.31,16960551.600000001,53229.42,145529032.38,459827.4,null,null,null,null,162489583.97999999,513056.82,184252866.08999997,577912.13]
[2025,"Canadian Niagara Power Inc.","Residential","Residential","Canadian Niagara Power Inc._Residential Service Classification",2466645.0299999998,null,226157222.19,null,null,null,null,null,null,null,226157222.19,0,228623867.22,0]
[2025,"Canadian Niagara Power Inc.","Sentinel Lighting Connections","Sentinel Lighting","Canadian Niagara Power Inc._Sentinel Lighting Service Classification",null,null,450678.16,1477.68,null,null,null,null,null,null,450678.16,1477.68,450678.16,1477.68]
[2025,"Canadian Niagara Power Inc.","Street Lighting Connections","Street Lighting","Canadian Niagara Power Inc._Street Lighting Service Classification",null,null,78813.25,259.22000000000003,1378183.12,4182.92,null,null,null,null,1456996.37,4442.1400000000003,1456996.37,4442.1400000000003]
[2025,"Canadian Niagara Power Inc.","Unmetered Scattered Load Connections","Unmetered Scattered Load","Canadian Niagara Power Inc._Unmetered Scattered Load Service Classification",891636.18,null,400454.87,null,null,null,null,null,null,null,400454.87,0,1292091.05,0]
[2025,"Centre Wellington Hydro Ltd.","General Service < 50 kW","General Service Less Than 50 kW","Centre Wellington Hydro Ltd._General Service Less Than 50 kW Service Classification",4228908,null,19555593.800000001,null,null,null,null,null,null,null,19555593.800000001,0,23784501.800000001,0]
[2025,"Centre Wellington Hydro Ltd.","General Service >= 50 kW","General Service 50 to 4,999 kW","Centre Wellington Hydro Ltd._General Service 50 to 4,999 kW Service Classification",39847438.159999996,102989.1,3990824,14543.32,28194201.32,81891.37,2369735.88,4620.6000000000004,null,null,34554761.200000003,101055.29,74402199.359999999,204044.39]
[2025,"Centre Wellington Hydro Ltd.","Residential","Residential","Centre Wellington Hydro Ltd._Residential Service Classification",462510,null,50342961,null,null,null,null,null,null,null,50342961,0,50805471,0]
[2025,"Centre Wellington Hydro Ltd.","Sentinel Lighting Connections","Sentinel Lighting","Centre Wellington Hydro Ltd._Sentinel Lighting Service Classification",496,1.38,22574.48,62.7,null,null,null,null,null,null,22574.48,62.7,23070.48,64.08]
[2025,"Centre Wellington Hydro Ltd.","Street Lighting Connections","Street Lighting","Centre Wellington Hydro Ltd._Street Lighting Service Classification",null,null,0,null,548320.88,1507.31,null,null,null,null,548320.88,1507.31,548320.88,1507.31]
[2025,"Centre Wellington Hydro Ltd.","Unmetered Scattered Load Connections","Unmetered Scattered Load","Centre Wellington Hydro Ltd._Unmetered Scattered Load Service Classification",126624,null,516406.21,null,null,null,null,null,null,null,516406.21,0,643030.21,0]
[2025,"Cooperative Hydro Embrun Inc.","General Service < 50 kW","General Service Less Than 50 kW","Cooperative Hydro Embrun Inc._General Service Less Than 50 kW Service Classification",937168,0,3636797,0,0,0,0,0,null,null,3636797,0,4573965,0]
[2025,"Cooperative Hydro Embrun Inc.","General Service >= 50 kW","General Service 50 to 4,999 kW","Cooperative Hydro Embrun Inc._General Service 50 to 4,999 kW Service Classification",209011,0,367800,0,3811423,10248,0,0,null,null,4179223,10248,4388234,10248]
[2025,"Cooperative Hydro Embrun Inc.","Residential","Residential","Cooperative Hydro Embrun Inc._Residential Service Classification",56604,0,22438449,0,0,0,0,0,null,null,22438449,0,22495053,0]
[2025,"Cooperative Hydro Embrun Inc.","Street Lighting Connections","Street Lighting","Cooperative Hydro Embrun Inc._Street Lighting Service Classification",0,0,0,0,218679,608.4,0,0,null,null,218679,608.4,218679,608.4]
[2025,"Cooperative Hydro Embrun Inc.","Unmetered Scattered Load Connections","Unmetered Scattered Load","Cooperative Hydro Embrun Inc._Unmetered Scattered Load Service Classification",0,0,93084,0,0,0,0,0,null,null,93084,0,93084,0]
[2025,"E.L.K. Energy Inc.","Embedded Distributor(s)","Embedded Distributor","E.L.K. Energy Inc._Embedded Distributor Service Classification",null,null,0,null,54571051,125912,null,null,null,null,54571051,125912,54571051,125912]
[2025,"E.L.K. Energy Inc.","General Service < 50 kW","General Service Less Than 50 kW","E.L.K. Energy Inc._General Service Less Than 50 kW Service Classification",5723904,null,21933542,null,3277426,null,null,null,null,null,25210968,0,30934872,0]
[2025,"E.L.K. Energy Inc.","General Service >= 50 kW","General Service 50 to 4,999 kW","E.L.K. Energy Inc._General Service 50 to 4,999 kW Service Classification",12613501,null,19792364,67630,19627753,135075,2406636,4103.6899999999996,null,null,41826753,206808.69,54440254,206808.69]
[2025,"E.L.K. Energy Inc.","Residential","Residential","E.L.K. Energy Inc._Residential Service Classification",1260602,null,102812385,null,2098212,null,null,null,null,null,104910597,0,106171199,0]
[2025,"E.L.K. Energy Inc.","Sentinel Lighting Connections","Sentinel Lighting","E.L.K. Energy Inc._Sentinel Lighting Service Classification",4617,352,88045,null,43365,null,null,null,null,null,131410,0,136027,352]
[2025,"E.L.K. Energy Inc.","Street Lighting Connections","Street Lighting","E.L.K. Energy Inc._Street Lighting Service Classification",1241060,3339,0,null,null,null,null,null,null,null,0,0,1241060,3339]
[2025,"E.L.K. Energy Inc.","Unmetered Scattered Load Connections","Unmetered Scattered Load","E.L.K. Energy Inc._Unmetered Scattered Load Service Classification",null,null,148009,null,102854,null,null,null,null,null,250863,0,250863,0]
[2025,"Elexicon Energy Inc.","General Service < 50 kW","General Service < 50 kW - Veridian","ENWIN Utilities Ltd._General Service Less Than 50 kW Service Classification",46500332,null,226333056.00999999,null,null,null,null,null,null,null,226333056.00999999,0,272833388.00999999,0]
[2025,"Elexicon Energy Inc.","General Service < 50 kW","General Service < 50 kW - Whitby","ENWIN Utilities Ltd._General Service 50 to 4,999 kW Service Classification",11659732,null,115969810.68000001,289830.78000000003,625104994.29999995,1583215.73,8996004.3300000001,17378.61,null,null,750070809.30999994,1890425.12,761730541.30999994,1890425.12]
[2025,"Elexicon Energy Inc.","General Service >= 50 kW","General Service 3,000 to 4,999 kW - Veridian","ENWIN Utilities Ltd._Dedicated TS Service Classification",815352,2786,0,null,133900065,246225.15,81205726,135381.81,null,null,215105791,381606.96,215921143,384392.96000000002]
[2025,"Elexicon Energy Inc.","General Service >= 50 kW","General Service 50 to 2,999 kW - Veridian","ENWIN Utilities Ltd._ Regular_Large Use Service Classification",108338780,279295,0,null,96788764.5,190648.69,100756683,180360.73,null,null,197545447.5,371009.42,305884227.5,650304.41999999993]
[2025,"Elexicon Energy Inc.","General Service >= 50 kW","General Service 50 to 4,999 kW - Whitby","ENWIN Utilities Ltd._Residential Service Classification",83641059,198943,643203920.63999999,null,null,null,null,null,null,null,643203920.63999999,0,726844979.63999999,198943]
[2025,"Elexicon Energy Inc.","Large User","Large Use - Veridian","ENWIN Utilities Ltd._Sentinel Lighting Service Classification",null,null,635974.06000000006,1770.53,null,null,null,null,null,null,635974.06000000006,1770.53,635974.06000000006,1770.53]
[2025,"Elexicon Energy Inc.","Residential","Residential - Veridian","ENWIN Utilities Ltd._Street Lighting Service Classification",13556791,null,18527.03,53.04,6680226.4400000004,19103.080000000002,null,null,null,null,6698753.4699999997,19156.12,20255544.469999999,19156.12]
[2025,"Elexicon Energy Inc.","Residential","Residential - Whitby","ENWIN Utilities Ltd._Unmetered Scattered Load Service Classification",2744552,null,134063.72,null,2172201.75,null,null,null,null,null,2306265.4700000002,0,5050817.4700000007,0]
[2025,"Elexicon Energy Inc.","Residential","Residential Seasonal - Veridian","EPCOR Electricity Distribution Ontario Inc._General Service Less Than 50 kW Service Classification",23434,null,40293979.25,null,256634.03,null,null,null,null,null,40550613.280000001,0,40574047.280000001,0]
[2025,"Elexicon Energy Inc.","Sentinel Lighting Connections","Sentinel Lighting - Veridian","EPCOR Electricity Distribution Ontario Inc._General Service 50 to 4,999 kW Service Classification",66254,null,14508397.380000001,48488.58,87247856.519999996,211358.06,2093776.2,4296.57,null,null,103850030.09999999,264143.21000000002,103916284.09999999,264143.21000000002]
[2025,"Elexicon Energy Inc.","Sentinel Lighting Connections","Sentinel Lighting - Whitby","EPCOR Electricity Distribution Ontario Inc._Residential Service Classification",3076,null,135818260.94999999,null,null,null,null,null,null,null,135818260.94999999,0,135821336.94999999,0]
[2025,"Elexicon Energy Inc.","Street Lighting Connections","Street Lighting - Veridian","EPCOR Electricity Distribution Ontario Inc._Street Lighting Service Classification",2861152,7973,0,null,1158718.02,3239.46,null,null,null,null,1158718.02,3239.46,4019870.02,11212.46]
[2025,"Elexicon Energy Inc.","Street Lighting Connections","Street Lighting - Whitby","EPCOR Electricity Distribution Ontario Inc._Unmetered Scattered Load Service Classification",null,null,372950.41,null,null,null,null,null,null,null,372950.41,0,372950.41,0]
[2025,"Elexicon Energy Inc.","Unmetered Scattered Load Connections","Unmetered Scattered Load - Veridian","ERTH Power Corporation_ Main_Embedded Distributor Service Classification",226032,null,0,null,21147363.48,44346.89,null,null,null,null,21147363.48,44346.89,21373395.48,44346.89]
[2025,"Elexicon Energy Inc.","Unmetered Scattered Load Connections","Unmetered Scattered Load - Whitby","ERTH Power Corporation_ Goderich_General Service Less Than 50 kW Service Classification",null,null,11258482.710000001,null,0,0,null,null,null,null,11258482.710000001,0,11258482.710000001,0]
[2025,"Enova Power Corp.","Embedded Distributor(s)","Embedded Distributor-Kitchener-Wilmot","ERTH Power Corporation_ Main_General Service Less Than 50 kW Service Classification",null,null,43897895.229999997,null,0,0,null,null,null,null,43897895.229999997,0,43897895.229999997,0]
[2025,"Enova Power Corp.","Embedded Distributor(s)","Embedded Distributor-Waterloo North","ERTH Power Corporation_ Main_General Service 1,000 to 4,999 kW Service Classification",null,null,0,null,77807489.129999995,169918.27,null,null,null,null,77807489.129999995,169918.27,77807489.129999995,169918.27]
[2025,"Enova Power Corp.","General Service < 50 kW","General Service Less Than 50 kW-Kitchener-Wilmot","ERTH Power Corporation_ Goderich_General Service 50 to 499 kW Service Classification",27327820.300000001,0,1854009.04,5385.33,11411205.449999999,32463.45,null,null,null,null,13265214.49,37848.78,40593034.789999999,37848.78]
[2025,"Enova Power Corp.","General Service < 50 kW","General Service Less Than 50 kW-Waterloo North","ERTH Power Corporation_ Main_General Service 50 to 999 kW Service Classification",33568154.890000001,0,7587839.3899999997,30216.95,46275587.130000003,130003.274,null,null,null,null,53863426.520000003,160220.22399999999,87431581.409999996,160220.22399999999]
[2025,"Enova Power Corp.","General Service >= 50 kW","General Service 50 to 4,999 kW-Kitchener-Wilmot","ERTH Power Corporation_ Goderich_General Service 500 to 4,999 kW Service Classification",107362935.8,304091.54869999998,0,null,15969388.42,41282.699999999997,1484844.52,15767.66,null,null,17454232.940000001,57050.36,124817168.73999999,361141.90869999997]
[2025,"Enova Power Corp.","General Service >= 50 kW","General Service 50 to 4,999 kW-Waterloo North","ERTH Power Corporation_ Goderich_Large Use Service Classification",89574158.810000002,265938.58750000002,0,null,0,0,57159245.450000003,176922.99,null,null,57159245.450000003,176922.99,146733404.25999999,442861.57750000001]
[2025,"Enova Power Corp.","Large User","Large Use-Kitchener-Wilmot","ERTH Power Corporation_ Main_Large Use Service Classification",null,null,0,null,95953405.469999999,184856.17,null,null,null,null,95953405.469999999,184856.17,95953405.469999999,184856.17]
[2025,"Enova Power Corp.","Large User","Large Use-Waterloo North","ERTH Power Corporation_ Goderich_Residential Service Classification",null,null,26594003.890000001,null,0,0,null,null,null,null,26594003.890000001,0,26594003.890000001,0]
[2025,"Enova Power Corp.","Residential","Residential-Kitchener-Wilmot","ERTH Power Corporation_ Main_Residential Service Classification",5379379.6109999996,0,156155420.30000001,null,0,0,null,null,null,null,156155420.30000001,0,161534799.91100001,0]
[2025,"Enova Power Corp.","Residential","Residential-Waterloo North","ERTH Power Corporation_ Goderich_Sentinel Lighting Service Classification",3723077.0830000001,0,1900.8,5.28,0,0,null,null,null,null,1900.8,5.28,3724977.8829999999,5.28]
[2025,"Enova Power Corp.","Street Lighting Connections","Street Lighting-Kitchener-Wilmot","ERTH Power Corporation_ Main_Sentinel Lighting Service Classification",null,null,189231.18,null,0,0,null,null,null,null,189231.18,0,189231.18,0]
[2025,"Enova Power Corp.","Street Lighting Connections","Street Lighting-Waterloo North","ERTH Power Corporation_ Goderich_Street Lighting Service Classification",null,null,70251.38,7.8,0,0,null,null,null,null,70251.38,7.8,70251.38,7.8]
[2025,"Enova Power Corp.","Unmetered Scattered Load Connections","Unmetered Scattered Load-Kitchener-Wilmot","ERTH Power Corporation_ Main_Street Lighting Service Classification",null,null,745465.31,2024.02,879429.16,2375.9299999999998,null,null,null,null,1624894.47,4399.95,1624894.47,4399.95]
[2025,"Enova Power Corp.","Unmetered Scattered Load Connections","Unmetered Scattered Load-Waterloo North","ERTH Power Corporation_ Goderich_Unmetered Scattered Load Service Classification",null,null,83100,null,0,0,null,null,null,null,83100,0,83100,0]
[2025,"Entegrus Powerlines Inc.","Embedded Distributor(s)","Embedded Distributor - Main","ERTH Power Corporation_ Main_Unmetered Scattered Load Service Classification",null,null,325195.24,null,0,0,null,null,null,null,325195.24,0,325195.24,0]
[2025,"Entegrus Powerlines Inc.","General Service < 50 kW","General Service Less Than 50 kW - Main","Elexicon Energy Inc._ Veridian_General Service < 50 kW Service Classification",19570515,null,247383972,null,319819,null,null,null,null,null,247703791,0,267274306,0]
[2025,"Entegrus Powerlines Inc.","General Service < 50 kW","General Service Less Than 50 kW - St. Thomas Energy","Elexicon Energy Inc._ Whitby_General Service < 50 kW Service Classification",5109030,null,80281021,null,null,null,null,null,null,null,80281021,0,85390051,0]
[2025,"Entegrus Powerlines Inc.","General Service >= 50 kW","General Service 50 to 4,999 kW - Main","Elexicon Energy Inc._ Veridian_General Service 3,000 to 4,999 kW Service Classification",107155879,286774,0,null,90680973,207935,null,null,null,null,90680973,207935,197836852,494709]
[2025,"Entegrus Powerlines Inc.","General Service >= 50 kW","General Service 50 to 4,999 kW - St. Thomas Energy","Elexicon Energy Inc._ Veridian_General Service 50 to 2,999 kW Service Classification",17273649,40377,93100440,228564,714086769,1624320,32284456,64299,null,null,839471665,1917183,856745314,1957560]
[2025,"Entegrus Powerlines Inc.","Large User","Large Use - Main","Elexicon Energy Inc._ Whitby_General Service 50 to 4,999 kW Service Classification",null,null,41832034,101322,275650179,626813,3621558,6633,null,null,321103771,734768,321103771,734768]
[2025,"Entegrus Powerlines Inc.","Residential","Residential - Main","Elexicon Energy Inc._ Veridian_Large Use Service Classification",5014203,null,0,null,178943959,313135,131031148,217483,null,null,309975107,530618,314989310,530618]
[2025,"Entegrus Powerlines Inc.","Residential","Residential - St. Thomas Energy","Elexicon Energy Inc._ Veridian_Residential Service Classification",4323075,null,1017689339,null,null,null,null,null,null,null,1017689339,0,1022012414,0]
[2025,"Entegrus Powerlines Inc.","Sentinel Lighting Connections","Sentinel Lighting - Main","Elexicon Energy Inc._ Whitby_Residential Service Classification",39360,113,407733565,null,null,null,null,null,null,null,407733565,0,407772925,113]
[2025,"Entegrus Powerlines Inc.","Sentinel Lighting Connections","Sentinel Lighting - St. Thomas Energy","Elexicon Energy Inc._ Veridian_Residential Seasonal Service Classification",2074,6,12230714,null,null,null,null,null,null,null,12230714,0,12232788,6]
[2025,"Entegrus Powerlines Inc.","Street Lighting Connections","Street Lighting - Main","Elexicon Energy Inc._ Veridian_Sentinel Lighting Service Classification",38781,118,150471,602,null,null,null,null,null,null,150471,602,189252,720]
[2025,"Entegrus Powerlines Inc.","Street Lighting Connections","Street Lighting - St. Thomas Energy","Elexicon Energy Inc._ Whitby_Sentinel Lighting Service Classification",null,null,0,null,29866,83,null,null,null,null,29866,83,29866,83]
[2025,"Entegrus Powerlines Inc.","Unmetered Scattered Load Connections","Unmetered Scattered Load - Main","Elexicon Energy Inc._ Veridian_Street Lighting Service Classification",709857,null,0,null,8721396,24196,null,null,null,null,8721396,24196,9431253,24196]
[2025,"ENWIN Utilities Ltd.","General Service < 50 kW","General Service Less Than 50 kW","Elexicon Energy Inc._ Whitby_Street Lighting Service Classification",35315760.409999996,null,0,null,3476466,9823,null,null,null,null,3476466,9823,38792226.409999996,9823]
[2025,"ENWIN Utilities Ltd.","General Service >= 50 kW","General Service 50 to 4,999 kW","Elexicon Energy Inc._ Veridian_Unmetered Scattered Load Service Classification",88305834.799999997,223404.13,4316057,null,null,null,null,null,null,null,4316057,0,92621891.799999997,223404.13]
[2025,"ENWIN Utilities Ltd.","Large User","Dedicated TS","Elexicon Energy Inc._ Whitby_Unmetered Scattered Load Service Classification",null,null,1872670,null,null,null,null,null,null,null,1872670,0,1872670,0]
[2025,"ENWIN Utilities Ltd.","Large User","Large Use - Regular","Enova Power Corp._Kitchener-Wilmot_Embedded Distributor Service Classification",null,null,0,0,0,0,22360256.489999998,51810.370999999999,null,null,22360256.489999998,51810.370999999999,22360256.489999998,51810.370999999999]
[2025,"ENWIN Utilities Ltd.","Residential","Residential","Enova Power Corp._Waterloo North_Embedded Distributor Service Classification",6930819.6900000004,null,0,0,48071937.200000003,99096.782399999996,0,0,null,null,48071937.200000003,99096.782399999996,55002756.890000001,99096.782399999996]
[2025,"ENWIN Utilities Ltd.","Sentinel Lighting Connections","Sentinel Lighting","Enova Power Corp._Kitchener-Wilmot_General Service Less Than 50 kW Service Classification",42009.94,118.58,204970399.5,0,0,0,0,0,null,null,204970399.5,0,205012409.44,118.58]
[2025,"ENWIN Utilities Ltd.","Street Lighting Connections","Street Lighting","Enova Power Corp._Waterloo North_General Service Less Than 50 kW Service Classification",null,null,184210685.40000001,0,536743.01859999995,0,0,0,null,null,184747428.41859999,0,184747428.41859999,0]
[2025,"ENWIN Utilities Ltd.","Unmetered Scattered Load Connections","Unmetered Scattered Load","Enova Power Corp._Kitchener-Wilmot_General Service 50 to 4,999 kW Service Classification",38880,null,131542840.8,343915.62079999998,607896366.89999998,1548037.3119999999,13201626.439999999,26248.423299999999,null,null,752640834.13999999,1918201.3561,752679714.13999999,1918201.3561]
[2025,"EPCOR Electricity Distribution Ontario Inc.","General Service < 50 kW","General Service Less Than 50 kW","Enova Power Corp._Waterloo North_General Service 50 to 4,999 kW Service Classification",7461087.1200000001,null,84162888.950000003,211250.97150000001,482499136.69999999,1244021.3019999999,7672727.4900000002,17063.684000000001,null,null,574334753.13999999,1472335.9575,581795840.25999999,1472335.9575]
[2025,"EPCOR Electricity Distribution Ontario Inc.","General Service >= 50 kW","General Service 50 to 4,999 kW","Enova Power Corp._Kitchener-Wilmot_Large Use Service Classification",25496827.149999999,59283.1,0,0,0,0,0,0,null,null,0,0,25496827.149999999,59283.1]
[2025,"EPCOR Electricity Distribution Ontario Inc.","Residential","Residential","Enova Power Corp._Waterloo North_Large Use Service Classification",1375173.75,null,0,0,94627237.680000007,167512.91039999999,0,0,null,null,94627237.680000007,167512.91039999999,96002411.430000007,167512.91039999999]
[2025,"EPCOR Electricity Distribution Ontario Inc.","Street Lighting Connections","Street Lighting","Enova Power Corp._Kitchener-Wilmot_Residential Service Classification",71514.490000000005,207.9,730914202.5,0,0,0,0,0,null,null,730914202.5,0,730985716.99000001,207.9]
[2025,"EPCOR Electricity Distribution Ontario Inc.","Unmetered Scattered Load Connections","Unmetered Scattered Load","Enova Power Corp._Waterloo North_Residential Service Classification",18948.07,null,438128325.30000001,0,0,0,0,0,null,null,438128325.30000001,0,438147273.37,0]
[2025,"ERTH Power Corporation","Embedded Distributor(s)","Embedded Distributor - Main","Enova Power Corp._Kitchener-Wilmot_Street Lighting Service Classification",0,0,488881.76799999998,1355.796,6774303.1880000001,18783.403999999999,0,0,null,null,7263184.9560000002,20139.2,7263184.9560000002,20139.2]
[2025,"ERTH Power Corporation","General Service < 50 kW","General Service Less Than 50 kW - Goderich","Enova Power Corp._Waterloo North_Street Lighting Service Classification",2275949.54,0,0,0,3553407.93,9947.33,0,0,null,null,3553407.93,9947.33,5829357.4700000007,9947.33]
[2025,"ERTH Power Corporation","General Service < 50 kW","General Service Less Than 50 kW - Main","Enova Power Corp._Kitchener-Wilmot_Unmetered Scattered Load Service Classification",9074309.1300000008,0,3984876.24,0,0,0,0,0,null,null,3984876.24,0,13059185.370000001,0]
[2025,"ERTH Power Corporation","General Service >= 50 kW","General Service 1,000 to 4,999 kW - Main","Enova Power Corp._Waterloo North_Unmetered Scattered Load Service Classification",7186290.25,16702.71,3527315.8620000002,0,0,0,0,0,null,null,3527315.8620000002,0,10713606.112,16702.71]
[2025,"ERTH Power Corporation","General Service >= 50 kW","General Service 50 to 499 kW - Goderich","Entegrus Powerlines Inc._ Main_Embedded Distributor Service Classification",4383896.0999999996,10565.47,0,null,0.01,0.01,null,null,null,null,0.01,0.01,4383896.1099999994,10565.48]
[2025,"ERTH Power Corporation","General Service >= 50 kW","General Service 50 to 999 kW - Main","Entegrus Powerlines Inc._ Main_General Service Less Than 50 kW Service Classification",19832747.82,62264.56,100171609,null,null,null,null,null,null,null,100171609,0,120004356.81999999,62264.56]
[2025,"ERTH Power Corporation","General Service >= 50 kW","General Service 500 to 4,999 kW - Goderich","Entegrus Powerlines Inc._ St. Thomas Energy_General Service Less Than 50 kW Service Classification",8701441.8399999999,16429.32,40801900,null,null,null,null,null,null,null,40801900,0,49503341.840000004,16429.32]
[2025,"ERTH Power Corporation","Large User","Large Use - Goderich","Entegrus Powerlines Inc._ Main_General Service 50 to 4,999 kW Service Classification",0,0,24649154,124543,279626949,694299,3059041,6057,null,null,307335144,824899,307335144,824899]
[2025,"ERTH Power Corporation","Large User","Large Use- Main","Entegrus Powerlines Inc._ St. Thomas Energy_General Service 50 to 4,999 kW Service Classification",0,0,8283295,27167,82682634,233463,3031128,5876,null,null,93997057,266506,93997057,266506]
[2025,"ERTH Power Corporation","Residential","Residential - Goderich","Entegrus Powerlines Inc._ Main_Large Use Service Classification",339999.1,0,0,null,108051127,256332,null,null,null,null,108051127,256332,108391126.09999999,256332]
[2025,"ERTH Power Corporation","Residential","Residential - Main","Entegrus Powerlines Inc._ Main_Residential Service Classification",2734707.26,0,309808957,null,null,null,null,null,null,null,309808957,0,312543664.25999999,0]
[2025,"ERTH Power Corporation","Sentinel Lighting Connections","Sentinel Lighting - Goderich","Entegrus Powerlines Inc._ St. Thomas Energy_Residential Service Classification",0,0,133689274,null,null,null,null,null,null,null,133689274,0,133689274,0]
[2025,"ERTH Power Corporation","Sentinel Lighting Connections","Sentinel Lighting - Main","Entegrus Powerlines Inc._ Main_Sentinel Lighting Service Classification",8982.7099999999991,0,210087,584,55163,153,null,null,null,null,265250,737,274232.71000000002,737]
[2025,"ERTH Power Corporation","Street Lighting Connections","Street Lighting - Goderich","Entegrus Powerlines Inc._ St. Thomas Energy_Sentinel Lighting Service Classification",344412.46,873.38,51481,null,null,null,null,null,null,null,51481,0,395893.46,873.38]
[2025,"ERTH Power Corporation","Street Lighting Connections","Street Lighting - Main","Entegrus Powerlines Inc._ Main_Street Lighting Service Classification",422376.39,1148.07,0,null,3549837,10469,null,null,null,null,3549837,10469,3972213.39,11617.07]
[2025,"ERTH Power Corporation","Unmetered Scattered Load Connections","Unmetered Scattered Load - Goderich","Entegrus Powerlines Inc._ St. Thomas Energy_Street Lighting Service Classification",0,0,0,null,1772655,4945,null,null,null,null,1772655,4945,1772655,4945]
[2025,"ERTH Power Corporation","Unmetered Scattered Load Connections","Unmetered Scattered Load - Main","Entegrus Powerlines Inc._ Main_Unmetered Scattered Load Service Classification",44574.85,0,528666,null,null,null,null,null,null,null,528666,0,573240.85,0]
[2025,"Essex Powerlines Corporation","Embedded Distributor(s)","Embedded Distributor","Essex Powerlines Corporation_Embedded Distributor Service Classification",0,0,0,null,34024723,99163,null,null,null,null,34024723,99163,34024723,99163]
[2025,"Essex Powerlines Corporation","General Service < 50 kW","General Service Less Than 50 kW","Essex Powerlines Corporation_General Service Less Than 50 kW Service Classification",12352113.359999999,39623.81,53383039,null,705286,null,null,null,null,null,54088325,0,66440438.359999999,39623.81]
[2025,"Essex Powerlines Corporation","General Service >= 50 kW","General Service 50 to 4,999 kW","Essex Powerlines Corporation_General Service 50 to 4,999 kW Service Classification",35879215.57,64983.24,27267553,83662,119251204,431930,8850919,15933,null,null,155369676,531525,191248891.56999999,596508.24]
[2025,"Essex Powerlines Corporation","Residential","Residential","Essex Powerlines Corporation_Residential Service Classification",2755095.84,0,271022618,null,77314,null,null,null,null,null,271099932,0,273855027.83999997,0]
[2025,"Essex Powerlines Corporation","Sentinel Lighting Connections","Sentinel Lighting","Essex Powerlines Corporation_Sentinel Lighting Service Classification",26081.55,0,239873,721,null,null,null,null,null,null,239873,721,265954.55,721]
[2025,"Essex Powerlines Corporation","Street Lighting Connections","Street Lighting","Essex Powerlines Corporation_Street Lighting Service Classification",1530111.18,4624.17,0,null,912863,2767,null,null,null,null,912863,2767,2442974.1799999997,7391.17]
[2025,"Essex Powerlines Corporation","Unmetered Scattered Load Connections","Unmetered Scattered Load","Essex Powerlines Corporation_Unmetered Scattered Load Service Classification",758940.38,0,940116,null,49968,null,null,null,null,null,990084,0,1749024.38,0]
[2025,"Festival Hydro Inc.","General Service < 50 kW","General Service Less Than 50 kW","Festival Hydro Inc._General Service Less Than 50 kW Service Classification",12723820.48,null,47616248.350000001,null,null,null,0,null,null,null,47616248.350000001,0,60340068.829999998,0]
[2025,"Festival Hydro Inc.","General Service >= 50 kW","General Service 50 to 4,999 kW","Festival Hydro Inc._General Service 50 to 4,999 kW Service Classification",57447790.210000001,163835.47,10302672.699999999,28129.3,288427207.01999998,689235.61,2968539,5931.61,null,null,301698418.72000003,723296.52,359146208.93000001,887131.99]
[2025,"Festival Hydro Inc.","Large User","Large Use","Festival Hydro Inc._Large Use Service Classification",null,null,0,null,30078208.260000002,46146.48,null,null,null,null,30078208.260000002,46146.48,30078208.260000002,46146.48]
[2025,"Festival Hydro Inc.","Residential","Residential","Festival Hydro Inc._Residential Service Classification",2437707.2599999998,null,151396826.00999999,null,null,null,null,null,null,null,151396826.00999999,0,153834533.26999998,0]
[2025,"Festival Hydro Inc.","Sentinel Lighting Connections","Sentinel Lighting","Festival Hydro Inc._Sentinel Lighting Service Classification",1477.07,4.0999999999999996,93180.37,260.22000000000003,null,null,null,null,null,null,93180.37,260.22000000000003,94657.44,264.32000000000005]
[2025,"Festival Hydro Inc.","Street Lighting Connections","Street Lighting","Festival Hydro Inc._Street Lighting Service Classification",2274729.12,6264.66,539.14,null,22357.07,null,null,null,null,null,22896.21,0,2297625.33,6264.66]
[2025,"Festival Hydro Inc.","Unmetered Scattered Load Connections","Unmetered Scattered Load","Festival Hydro Inc._Unmetered Scattered Load Service Classification",60727.27,null,214221.55,null,498155.08,null,null,null,null,null,712376.63,0,773103.9,0]
[2025,"Fort Frances Power Corporation","General Service < 50 kW","General Service Less Than 50 kW","Fort Frances Power Corporation_General Service Less Than 50 kW Service Classification",71973.33,null,14053698,null,null,null,null,null,null,null,14053698,0,14125671.33,0]
[2025,"Fort Frances Power Corporation","General Service >= 50 kW","General Service 50 to 4,999 kW","Fort Frances Power Corporation_General Service 50 to 4,999 kW Service Classification",null,null,3919260,null,15679942,47221,null,null,null,null,19599202,47221,19599202,47221]
[2025,"Fort Frances Power Corporation","Residential","Residential","Fort Frances Power Corporation_Residential Service Classification",19473.099999999999,null,35093945,null,null,null,null,null,null,null,35093945,0,35113418.100000001,0]
[2025,"Fort Frances Power Corporation","Street Lighting Connections","Street Lighting","Fort Frances Power Corporation_Street Lighting Service Classification",null,null,0,null,412975,1153,null,null,null,null,412975,1153,412975,1153]
[2025,"Fort Frances Power Corporation","Unmetered Scattered Load Connections","Unmetered Scattered Load","Fort Frances Power Corporation_Unmetered Scattered Load Service Classification",null,null,62628,null,null,null,null,null,null,null,62628,0,62628,0]
[2025,"GrandBridge Energy Inc.","Embedded Distributor(s)","Embedded Distributor - Brantford-Energy+","GrandBridge Energy Inc._ Brantford-Energy+_Embedded Distributor Service Classification",0,0,0,0,358800.09,1189.49,0,0,null,null,358800.09,1189.49,358800.09,1189.49]
[2025,"GrandBridge Energy Inc.","Embedded Distributor(s)","Embedded Distributor - Hydro One #1-Energy+","GrandBridge Energy Inc._ Hydro One #1-Energy+_Embedded Distributor Service Classification",0,0,0,0,9726052.9800000004,20298.8,0,0,null,null,9726052.9800000004,20298.8,9726052.9800000004,20298.8]
[2025,"GrandBridge Energy Inc.","Embedded Distributor(s)","Embedded Distributor - Hydro One #2-Energy+","GrandBridge Energy Inc._ Hydro One #2-Energy+_Embedded Distributor Service Classification",0,0,0,0,69913317.739999995,169835.46,0,0,null,null,69913317.739999995,169835.46,69913317.739999995,169835.46]
[2025,"GrandBridge Energy Inc.","Embedded Distributor(s)","Embedded Distributor - Hydro One CND-Energy+","GrandBridge Energy Inc._ Hydro One CND-Energy+_Embedded Distributor Service Classification",0,0,0,0,13702265.220000001,28597.62,0,0,null,null,13702265.220000001,28597.62,13702265.220000001,28597.62]
[2025,"GrandBridge Energy Inc.","Embedded Distributor(s)","Embedded Distributor - Waterloo North Hydro-Energy+","GrandBridge Energy Inc._ Waterloo North Hydro-Energy+_Embedded Distributor Service Classification",0,0,0,0,0,0,74715097.890000001,140797.1,null,null,74715097.890000001,140797.1,74715097.890000001,140797.1]
[2025,"GrandBridge Energy Inc.","Embedded Distributor(s)","Embedded Distributor-Brantford","GrandBridge Energy Inc._Brantford_Embedded Distributor Service Classification",0,0,0,0,0,0,12763715.43,38105.089999999997,null,null,12763715.43,38105.089999999997,12763715.43,38105.089999999997]
[2025,"GrandBridge Energy Inc.","General Service < 50 kW","General Service Less Than 50 kW-Brantford","GrandBridge Energy Inc._Brantford_General Service Less Than 50 kW Service Classification",15511947.119999999,0,88411265.75,27372.29,61554.35,6713.8,0,0,null,null,88472820.099999994,34086.089999999997,103984767.22,34086.089999999997]
[2025,"GrandBridge Energy Inc.","General Service < 50 kW","General Service Less Than 50 kW-Energy+","GrandBridge Energy Inc._Energy+_General Service Less Than 50 kW Service Classification",27721272.829999998,0,191106421.80000001,0,0,3759.09,0,0,null,null,191106421.80000001,3759.09,218827694.63,3759.09]
[2025,"GrandBridge Energy Inc.","General Service >= 50 kW","General Service 1000 to 4,999 kW-Energy+","GrandBridge Energy Inc._Energy+_General Service 1000 to 4,999 kW Service Classification",82562156.790000007,178074.01,0,0,161898143.40000001,412709.26,25361568.629999999,43811.38,null,null,187259712.03,456520.64,269821868.81999999,634594.65]
[2025,"GrandBridge Energy Inc.","General Service >= 50 kW","General Service 50 to 4,999 kW-Brantford","GrandBridge Energy Inc._Brantford_General Service 50 to 4,999 kW Service Classification",110357358,283807.71999999997,22910151.449999999,53103.22,469410006.19999999,1176297.6200000001,13992628.119999999,29838.1,null,null,506312785.76999998,1259238.94,616670143.76999998,1543046.66]
[2025,"GrandBridge Energy Inc.","General Service >= 50 kW","General Service 50 to 999 kW-Energy+","GrandBridge Energy Inc._Energy+_General Service 50 to 999 kW Service Classification",95981950.780000001,328698.53000000003,45345760.460000001,152402.87,331067890.30000001,1016596.98,7937842.8200000003,15724.72,null,null,384351493.57999998,1184724.57,480333444.36000001,1513423.1]
[2025,"GrandBridge Energy Inc.","Large User","Large Use-Energy+","GrandBridge Energy Inc._Energy+_Large Use Service Classification",0,0,0,0,159015613.40000001,328260.69,0,0,null,null,159015613.40000001,328260.69,159015613.40000001,328260.69]
[2025,"GrandBridge Energy Inc.","Residential","Residential-Brantford","GrandBridge Energy Inc._Brantford_Residential Service Classification",4185578,0,318674915.39999998,0,0,0,0,0,null,null,318674915.39999998,0,322860493.39999998,0]
[2025,"GrandBridge Energy Inc.","Residential","Residential-Energy+","GrandBridge Energy Inc._Energy+_Residential Service Classification",4681450.3600000003,0,538028036.70000005,0,0,0,0,0,null,null,538028036.70000005,0,542709487.06000006,0]
[2025,"GrandBridge Energy Inc.","Sentinel Lighting Connections","Sentinel Lighting-Brantford","GrandBridge Energy Inc._Brantford_Sentinel Lighting Service Classification",6246,0,180786.7,0,0,537.83000000000004,0,0,null,null,180786.7,537.83000000000004,187032.7,537.83000000000004]
[2025,"GrandBridge Energy Inc.","Sentinel Lighting Connections","Sentinel Lighting-Energy+","GrandBridge Energy Inc._Energy+_Sentinel Lighting Service Classification",8916.7999999999993,0,57565.31,263.04000000000002,0,191.79,0,0,null,null,57565.31,454.83,66482.11,454.83]
[2025,"GrandBridge Energy Inc.","Street Lighting Connections","Street Lighting-Energy+","GrandBridge Energy Inc._Energy+_Street Lighting Service Classification",777997,2166.4499999999998,457858.07,1275.1199999999999,4824437.45,13436.28,0,0,null,null,5282295.5199999996,14711.4,6060292.5199999996,16877.849999999999]
[2025,"GrandBridge Energy Inc.","Street Lighting Connections","Street Lighting-Kitchener-Brantford","GrandBridge Energy Inc._Kitchener-Brantford_Street Lighting Service Classification",0,0,0,0,3994511.59,11140.31,0,0,null,null,3994511.59,11140.31,3994511.59,11140.31]
[2025,"GrandBridge Energy Inc.","Unmetered Scattered Load Connections","Unmetered Scattered Load-Brantford","GrandBridge Energy Inc._Brantford_Unmetered Scattered Load Service Classification",0,0,1541197,0,0,0,0,0,null,null,1541197,0,1541197,0]
[2025,"GrandBridge Energy Inc.","Unmetered Scattered Load Connections","Unmetered Scattered Load-Energy+","GrandBridge Energy Inc._Energy+_Unmetered Scattered Load Service Classification",209748,0,1954924.56,0,0,0,0,0,null,null,1954924.56,0,2164672.56,0]
[2025,"Greater Sudbury Hydro Inc.","General Service < 50 kW","General Service Less Than 50 kW","Greater Sudbury Hydro Inc._General Service Less Than 50 kW Service Classification",25040668.199999999,null,114123839.81,null,740403.41,null,null,null,null,null,114864243.22,0,139904911.41999999,0]
[2025,"Greater Sudbury Hydro Inc.","General Service >= 50 kW","General Service 50 to 4,999 kW","Greater Sudbury Hydro Inc._General Service 50 to 4,999 kW Service Classification",60247294.200000003,144194.35999999999,47920344.359999999,140221.69,214338022.75,494932.47,2995323.52,5601.93,null,null,265253690.63,640756.09,325500984.82999998,784950.45]
[2025,"Greater Sudbury Hydro Inc.","Residential","Residential","Greater Sudbury Hydro Inc._Residential Service Classification",5218048.16,null,368000813.27999997,null,null,null,null,null,null,null,368000813.27999997,0,373218861.44,0]
[2025,"Greater Sudbury Hydro Inc.","Sentinel Lighting Connections","Sentinel Lighting","Greater Sudbury Hydro Inc._Sentinel Lighting Service Classification",22069.8,60.48,300860.58,827.68,null,null,null,null,null,null,300860.58,827.68,322930.38,888.16]
[2025,"Greater Sudbury Hydro Inc.","Street Lighting Connections","Street Lighting","Greater Sudbury Hydro Inc._Street Lighting Service Classification",null,null,0,null,3658923.64,10190.799999999999,null,null,null,null,3658923.64,10190.799999999999,3658923.64,10190.799999999999]
[2025,"Greater Sudbury Hydro Inc.","Unmetered Scattered Load Connections","Unmetered Scattered Load","Greater Sudbury Hydro Inc._Unmetered Scattered Load Service Classification",3947,null,900337.59,null,null,null,null,null,null,null,900337.59,0,904284.59,0]
[2025,"Grimsby Power Incorporated","Embedded Distributor(s)","Embedded Distributor","Grimsby Power Incorporated_Embedded Distributor Service Classification",null,null,0,null,70393832.170000002,184947.34529999999,null,null,null,null,70393832.170000002,184947.34529999999,70393832.170000002,184947.34529999999]
[2025,"Grimsby Power Incorporated","General Service < 50 kW","General Service Less Than 50 kW","Grimsby Power Incorporated_General Service Less Than 50 kW Service Classification",2938787.59,null,16056518.550000001,null,null,null,null,null,null,null,16056518.550000001,0,18995306.140000001,0]
[2025,"Grimsby Power Incorporated","General Service >= 50 kW","General Service 50 to 4,999 kW","Grimsby Power Incorporated_General Service 50 to 4,999 kW Service Classification",14583001.18,38904.85,4236749.7,14396.617,47797761.109999999,130098.5269,3133971.38,6199.7049999999999,null,null,55168482.189999998,150694.84890000001,69751483.370000005,189599.69890000002]
[2025,"Grimsby Power Incorporated","Residential","Residential","Grimsby Power Incorporated_Residential Service Classification",772468.94,null,99998795.989999995,null,null,null,null,null,null,null,99998795.989999995,0,100771264.92999999,0]
[2025,"Grimsby Power Incorporated","Street Lighting Connections","Street Lighting","Grimsby Power Incorporated_Street Lighting Service Classification",735992.4,2043.51,0,null,5356.193499,14.88,null,null,null,null,5356.193499,14.88,741348.59349900007,2058.39]
[2025,"Grimsby Power Incorporated","Unmetered Scattered Load Connections","Unmetered Scattered Load","Grimsby Power Incorporated_Unmetered Scattered Load Service Classification",1159.5,null,328325.56670000002,null,null,null,null,null,null,null,328325.56670000002,0,329485.06670000002,0]
[2025,"Halton Hills Hydro Inc.","General Service < 50 kW","General Service Less Than 50 kW","Halton Hills Hydro Inc._General Service Less Than 50 kW Service Classification",5539697,0,43477091,0,0,0,0,0,null,null,43477091,0,49016788,0]
[2025,"Halton Hills Hydro Inc.","General Service >= 50 kW","General Service 1,000 to 4,999 kW","Halton Hills Hydro Inc._General Service 1,000 to 4,999 kW Service Classification",15166342,27642,0,0,74996436,199215,0,0,null,null,74996436,199215,90162778,226857]
[2025,"Halton Hills Hydro Inc.","General Service >= 50 kW","General Service 50 to 999 kW","Halton Hills Hydro Inc._General Service 50 to 999 kW Service Classification",17266943,54440,10224911,30800,119136100,345709,3254743,6889,null,null,132615754,383398,149882697,437838]
[2025,"Halton Hills Hydro Inc.","Residential","Residential","Halton Hills Hydro Inc._Residential Service Classification",1578200,0,214870463,0,0,0,0,0,null,null,214870463,0,216448663,0]
[2025,"Halton Hills Hydro Inc.","Sentinel Lighting Connections","Sentinel Lighting","Halton Hills Hydro Inc._Sentinel Lighting Service Classification",25265,70,214952,582,0,0,0,0,null,null,214952,582,240217,652]
[2025,"Halton Hills Hydro Inc.","Street Lighting Connections","Street Lighting","Halton Hills Hydro Inc._Street Lighting Service Classification",0,0,0,0,1180901,3285,0,0,null,null,1180901,3285,1180901,3285]
[2025,"Halton Hills Hydro Inc.","Unmetered Scattered Load Connections","Unmetered Scattered Load","Halton Hills Hydro Inc._Unmetered Scattered Load Service Classification",0,0,950324,0,0,0,0,0,null,null,950324,0,950324,0]
[2025,"Hearst Power Distribution Company Limited","General Service < 50 kW","General Service Less Than 50 kW","Hearst Power Distribution Company Limited_General Service Less Than 50 kW Service Classification",566887.57999999996,null,9436865,0,39,0,0,0,null,null,9436904,0,10003791.58,0]
[2025,"Hearst Power Distribution Company Limited","General Service >= 50 kW","General Service 50 to 1,499 kW","Hearst Power Distribution Company Limited_General Service 50 to 1,499 kW Service Classification",1886095.71,7271.84,2230830,8256,17993178,47025,0,0,null,null,20224008,55281,22110103.710000001,62552.84]
[2025,"Hearst Power Distribution Company Limited","General Service >= 50 kW","Intermediate User","Hearst Power Distribution Company Limited_Intermediate User Service Classification",null,null,0,0,19716698,59883,0,0,null,null,19716698,59883,19716698,59883]
[2025,"Hearst Power Distribution Company Limited","Residential","Residential","Hearst Power Distribution Company Limited_Residential Service Classification",null,null,21478402,0,0,0,0,0,null,null,21478402,0,21478402,0]
[2025,"Hearst Power Distribution Company Limited","Sentinel Lighting Connections","Sentinel Lighting","Hearst Power Distribution Company Limited_Sentinel Lighting Service Classification",null,null,9452,35,0,0,0,0,null,null,9452,35,9452,35]
[2025,"Hearst Power Distribution Company Limited","Street Lighting Connections","Street Lighting","Hearst Power Distribution Company Limited_Street Lighting Service Classification",436071.45,1340.02,0,0,14612,20,0,0,null,null,14612,20,450683.45,1360.02]
[2025,"Hydro 2000 Inc.","General Service < 50 kW","General Service Less Than 50 kW","Hydro 2000 Inc._General Service Less Than 50 kW Service Classification",622547,null,2837946,null,null,null,null,null,null,null,2837946,0,3460493,0]
[2025,"Hydro 2000 Inc.","General Service >= 50 kW","General Service 50 to 4,999 kW","Hydro 2000 Inc._General Service 50 to 4,999 kW Service Classification",519213,null,0,null,2760859,8507,null,null,null,null,2760859,8507,3280072,8507]
[2025,"Hydro 2000 Inc.","Residential","Residential","Hydro 2000 Inc._Residential Service Classification",60877,null,12214884,null,null,null,null,null,null,null,12214884,0,12275761,0]
[2025,"Hydro 2000 Inc.","Street Lighting Connections","Street Lighting","Hydro 2000 Inc._Street Lighting Service Classification",null,null,0,null,152559,424.8,null,null,null,null,152559,424.8,152559,424.8]
[2025,"Hydro 2000 Inc.","Unmetered Scattered Load Connections","Unmetered Scattered Load","Hydro 2000 Inc._Unmetered Scattered Load Service Classification",null,null,9316,null,null,null,null,null,null,null,9316,0,9316,0]
[2025,"Hydro Hawkesbury Inc.","General Service < 50 kW","General Service Less Than 50 kW","Hydro Hawkesbury Inc._General Service Less Than 50 kW Service Classification",3517384,0,12220538,0,0,0,0,0,null,null,12220538,0,15737922,0]
[2025,"Hydro Hawkesbury Inc.","General Service >= 50 kW","General Service 50 to 4,999 kW","Hydro Hawkesbury Inc._General Service 50 to 4,999 kW Service Classification",18152891.710000001,39786.959999999999,0,0,56561066.780000001,149391.89000000001,0,0,null,null,56561066.780000001,149391.89000000001,74713958.49000001,189178.85]
[2025,"Hydro Hawkesbury Inc.","Residential","Residential","Hydro Hawkesbury Inc._Residential Service Classification",303535,0,48417396,0,0,0,0,0,null,null,48417396,0,48720931,0]
[2025,"Hydro Hawkesbury Inc.","Sentinel Lighting Connections","Sentinel Lighting","Hydro Hawkesbury Inc._Sentinel Lighting Service Classification",7574.76,0,28942.2,106.6,0,0,0,0,null,null,28942.2,106.6,36516.959999999999,106.6]
[2025,"Hydro Hawkesbury Inc.","Street Lighting Connections","Street Lighting","Hydro Hawkesbury Inc._Street Lighting Service Classification",496652.75,1382.86,0,0,0,0,0,0,null,null,0,0,496652.75,1382.86]
[2025,"Hydro Hawkesbury Inc.","Unmetered Scattered Load Connections","Unmetered Scattered Load","Hydro Hawkesbury Inc._Unmetered Scattered Load Service Classification",199824,0,131568,0,0,0,0,0,null,null,131568,0,331392,0]
[2025,"Hydro One Networks Inc.","Embedded Distributor(s)","Embedded Distributor (Haldimand County) - Hydro One","Hydro One Networks Inc._ Hydro One_Embedded Distributor (Haldimand County) Service Classification",null,null,0,0,0,0,0,0,null,null,0,0,0,0]
[2025,"Hydro One Networks Inc.","Embedded Distributor(s)","Embedded Distributor - Norfolk Power","Hydro One Networks Inc._ Norfolk Power_Embedded Distributor Service Classification",null,null,0,0,0,0,0,0,null,null,0,0,0,0]
[2025,"Hydro One Networks Inc.","Embedded Distributor(s)","Sub Transmission - Embedded Distributor - Hydro One Networks","Hydro One Networks Inc._ Embedded Distributor - Hydro One Networks_Sub Transmission Service Classification",null,null,0,0,1322738249.9000001,4294854.6399999997,8504666884.1700001,15906889.279999999,null,null,9827405134.0699997,20201743.920000002,9827405134.0699997,20201743.920000002]
[2025,"Hydro One Networks Inc.","General Service < 50 kW","General Service Energy Billed (less than 50 kW) - GSe metered - Hydro One Networks","Hydro One Networks Inc._ GSe metered - Hydro One Networks_General Service Energy Billed (less than 50 kW) Service Classification",472363773.89999998,0,1991305293,0,47716065.880000003,0,0,0,null,null,2039021358.8800001,0,2511385132.7800002,0]
[2025,"Hydro One Networks Inc.","General Service < 50 kW","General Service Less Than 50 kW - Haldimand County","Hydro One Networks Inc._ Haldimand County_General Service Less Than 50 kW Service Classification",13614975.949999999,0,47068942.789999999,0,452775.51260000002,0,0,0,null,null,47521718.302599996,0,61136694.252599999,0]
[2025,"Hydro One Networks Inc.","General Service < 50 kW","General Service Less Than 50 kW - Norfolk Power","Hydro One Networks Inc._ Norfolk Power_General Service Less Than 50 kW Service Classification",13946837.619999999,0,41448796.469999999,0,573966.71369999996,0,0,0,null,null,42022763.183700003,0,55969600.8037,0]
[2025,"Hydro One Networks Inc.","General Service < 50 kW","General Service Less Than 50 kW - Orillia","Hydro One Networks Inc._ Orillia_General Service Less Than 50 kW Service Classification",9511340.1050000004,0,39017621.869999997,0,515958.17700000003,0,0,0,null,null,39533580.046999998,0,49044920.151999995,0]
[2025,"Hydro One Networks Inc.","General Service < 50 kW","General Service Less Than 50 kW - Peterborough","Hydro One Networks Inc._ Peterborough_General Service Less Than 50 kW Service Classification",16210673.779999999,0,95318033.430000007,0,641499.21270000003,0,0,0,null,null,95959532.642700002,0,112170206.4227,0]
[2025,"Hydro One Networks Inc.","General Service < 50 kW","General Service Less Than 50 kW - Woodstock Hydro","Hydro One Networks Inc._ Woodstock Hydro_General Service Less Than 50 kW Service Classification",8074823.3909999998,0,38885149.240000002,0,3775515.392,0,0,0,null,null,42660664.631999999,0,50735488.023000002,0]
[2025,"Hydro One Networks Inc.","General Service < 50 kW","General Service Less Than 50 kW -chapleau","Hydro One Networks Inc._chapleau_General Service Less Than 50 kW Service Classification",215487.49350000001,0,1302101.5430000001,0,51457.527000000002,0,0,0,null,null,1353559.07,0,1569046.5635000002,0]
[2025,"Hydro One Networks Inc.","General Service < 50 kW","Urban General Service Energy Billed (less than 50 kW) - UGe - Hydro One Networks","Hydro One Networks Inc._ UGe - Hydro One Networks_Urban General Service Energy Billed (less than 50 kW) Service Classification",126137628,0,526332731.89999998,0,15199165.199999999,0,0,0,null,null,541531897.10000002,0,667669525.10000002,0]
[2025,"Hydro One Networks Inc.","General Service >= 50 kW","General Service 50 to 4,999 kW - Haldimand County","Hydro One Networks Inc._ Haldimand County_General Service 50 to 4,999 kW Service Classification",27189102.710000001,76966.466,5642609.3169999998,14410.123,42823271.189999998,108980.72500000001,2399908.2239999999,4968.1869999999999,null,null,50865788.730999999,128359.035,78054891.441,205325.50099999999]
[2025,"Hydro One Networks Inc.","General Service >= 50 kW","General Service 50 to 4,999 kW - Norfolk Power","Hydro One Networks Inc._ Norfolk Power_General Service 50 to 4,999 kW Service Classification",18015511.629999999,48672.938000000002,1714747.4210000001,4851.3050000000003,40625789.119999997,107161.016,0,0,null,null,42340536.541000001,112012.321,60356048.171000004,160685.25899999999]
[2025,"Hydro One Networks Inc.","General Service >= 50 kW","General Service 50 to 4,999 kW - Orillia","Hydro One Networks Inc._ Orillia_General Service 50 to 4,999 kW Service Classification",24880786.050000001,53615.665000000001,10967224.6,28396.803,118268682.59999999,259118.573,5221181.0250000004,4917.7529999999997,null,null,134457088.22499999,292433.12900000002,159337874.27500001,346048.79399999999]
[2025,"Hydro One Networks Inc.","General Service >= 50 kW","General Service 50 to 4,999 kW - Peterborough","Hydro One Networks Inc._ Peterborough_General Service 50 to 4,999 kW Service Classification",94207738.150000006,192559.174,43538947.289999999,100146.36599999999,215256796.40000001,490267.853,3007958.02,5762.0720000000001,null,null,261803701.71000001,596176.29099999997,356011439.86000001,788735.46499999997]
[2025,"Hydro One Networks Inc.","General Service >= 50 kW","General Service 50 to 4,999 kW -chapleau","Hydro One Networks Inc._chapleau_General Service 50 to 4,999 kW Service Classification",214648.2801,735.26199999999994,0,0,1179824.7239999999,3164.11,0,0,null,null,1179824.7239999999,3164.11,1394473.0041,3899.3720000000003]
[2025,"Hydro One Networks Inc.","General Service >= 50 kW","General Service 50 to 999 kW - Woodstock Hydro","Hydro One Networks Inc._ Woodstock Hydro_General Service 50 to 999 kW Service Classification",25728576.640000001,63517.36,12395903.16,29209.065999999999,63664417.5,182735.022,2606977.7560000001,4796.2579999999998,null,null,78667298.415999994,216740.34599999999,104395875.05599999,280257.70600000001]
[2025,"Hydro One Networks Inc.","General Service >= 50 kW","General Service Demand Billed (50 kW and above) - GSd - Hydro One Networks","Hydro One Networks Inc._ GSd - Hydro One Networks_General Service Demand Billed (50 kW and above) Service Classification",559526422.5,1709405.2579999999,135686620.09999999,511053.52299999999,1657729633,4748055.1279999996,7570248.841,20050.155999999999,null,null,1800986501.941,5279158.807,2360512924.441,6988564.0649999995]
[2025,"Hydro One Networks Inc.","General Service >= 50 kW","General Service Greater than 1,000 kW - Woodstock Hydro","Hydro One Networks Inc._ Woodstock Hydro_General Service Greater than 1,000 kW Service Classification",0,0,0,null,null,null,null,null,null,null,0,0,0,0]
[2025,"Hydro One Networks Inc.","General Service >= 50 kW","Urban General Service Demand Billed (50 kW and above) - UGd - Hydro One Networks","Hydro One Networks Inc._ UGd - Hydro One Networks_Urban General Service Demand Billed (50 kW and above) Service Classification",173033395.5,440575.57799999998,108943811.2,267751.21600000001,675642788.70000005,1698844.156,3077363.01,5509.31,null,null,787663962.90999997,1972104.682,960697358.40999997,2412680.2599999998]
[2025,"Hydro One Networks Inc.","Large User","Large Use - Peterborough","Hydro One Networks Inc._ Peterborough_Large Use Service Classification",0,0,0,0,0,0,0,0,null,null,0,0,0,0]
[2025,"Hydro One Networks Inc.","Residential","Residential - Haldimand County","Hydro One Networks Inc._ Haldimand County_Residential Service Classification",5657802.6399999997,0,201121121.30000001,0,0,0,0,0,null,null,201121121.30000001,0,206778923.94,0]
[2025,"Hydro One Networks Inc.","Residential","Residential - Low Density (R2) - Hydro One Networks","Hydro One Networks Inc._ Low Density (R2) - Hydro One Networks_Residential Service Classification",221076478.25999999,0,5429146845,0,1588295.453,0,0,0,null,null,5430735140.4530001,0,5651811618.7130003,0]
[2025,"Hydro One Networks Inc.","Residential","Residential - Medium Density (R1) - Hydro One Networks","Hydro One Networks Inc._ Medium Density (R1) - Hydro One Networks_Residential Service Classification",67840296.159999996,0,5698550835,0,859972.78659999999,0,0,0,null,null,5699410807.7866001,0,5767251103.9466,0]
[2025,"Hydro One Networks Inc.","Residential","Residential - Norfolk Power","Hydro One Networks Inc._ Norfolk Power_Residential Service Classification",3464200.78,0,158768354.40000001,0,0,0,0,0,null,null,158768354.40000001,0,162232555.18000001,0]
[2025,"Hydro One Networks Inc.","Residential","Residential - Orillia","Hydro One Networks Inc._ Orillia_Residential Service Classification",1022836.4,0,111533103.90000001,0,0,0,0,0,null,null,111533103.90000001,0,112555940.30000001,0]
[2025,"Hydro One Networks Inc.","Residential","Residential - Peterborough","Hydro One Networks Inc._ Peterborough_Residential Service Classification",2023921.94,0,294612963.19999999,0,0,0,0,0,null,null,294612963.19999999,0,296636885.13999999,0]
[2025,"Hydro One Networks Inc.","Residential","Residential - Seasonal - Hydro One Networks","Hydro One Networks Inc._ Seasonal - Hydro One Networks_Residential Service Classification",0,0,0,null,null,null,null,null,null,null,0,0,0,0]
[2025,"Hydro One Networks Inc.","Residential","Residential - Urban (UR) - Hydro One Networks","Hydro One Networks Inc._ Urban (UR) - Hydro One Networks_Residential Service Classification",29769371.550000001,0,2175653366,0,24875.07444,0,0,0,null,null,2175678241.07444,0,2205447612.6244402,0]
[2025,"Hydro One Networks Inc.","Residential","Residential - Woodstock Hydro","Hydro One Networks Inc._ Woodstock Hydro_Residential Service Classification",1837528.76,0,123018212.7,0,0,0,0,0,null,null,123018212.7,0,124855741.46000001,0]
[2025,"Hydro One Networks Inc.","Residential","Residential -chapleau","Hydro One Networks Inc._chapleau_Residential Service Classification",16723.52,0,5034433.01,0,0,0,0,0,null,null,5034433.01,0,5051156.5299999993,0]
[2025,"Hydro One Networks Inc.","Sentinel Lighting Connections","Sentinel Lighting - chapleau","Hydro One Networks Inc._ Haldimand County_Sentinel Lighting Service Classification",1652.4779410000001,0,106756.3214,0,0,0,0,0,null,null,106756.3214,0,108408.79934100001,0]
[2025,"Hydro One Networks Inc.","Sentinel Lighting Connections","Sentinel Lighting - Haldimand County","Hydro One Networks Inc._ Hydro One Networks_Sentinel Lighting Service Classification",26094.29895,0,9122262.9110000003,0,248831.4958,0,0,0,null,null,9371094.4068,0,9397188.7057499997,0]
[2025,"Hydro One Networks Inc.","Sentinel Lighting Connections","Sentinel Lighting - Hydro One Networks","Hydro One Networks Inc._ Norfolk Power_Sentinel Lighting Service Classification",533938.24,0,115625.8538,0,0,0,0,0,null,null,115625.8538,0,649564.09380000003,0]
[2025,"Hydro One Networks Inc.","Sentinel Lighting Connections","Sentinel Lighting - Norfolk Power","Hydro One Networks Inc._ Orillia_Sentinel Lighting Service Classification",2318.9613639999998,0,0,0,0,0,0,0,null,null,0,0,2318.9613639999998,0]
[2025,"Hydro One Networks Inc.","Sentinel Lighting Connections","Sentinel Lighting - Orillia","Hydro One Networks Inc._ Peterborough_Sentinel Lighting Service Classification",0,0,267024.70189999999,772.22,0,0,0,0,null,null,267024.70189999999,772.22,267024.70189999999,772.22]
[2025,"Hydro One Networks Inc.","Sentinel Lighting Connections","Sentinel Lighting - Peterborough","Hydro One Networks Inc._ chapleau_Sentinel Lighting Service Classification",124212.97530000001,348.113,6058.5349260000003,0,0,0,0,0,null,null,6058.5349260000003,0,130271.51022600001,348.113]
[2025,"Hydro One Networks Inc.","Street Lighting Connections","Street Lighting - chapleau","Hydro One Networks Inc._ Haldimand County_Street Lighting Service Classification",0,0,3213.8017239999999,0,101695.8882,0,0,0,null,null,104909.68992400001,0,104909.68992400001,0]
[2025,"Hydro One Networks Inc.","Street Lighting Connections","Street Lighting - Haldimand County","Hydro One Networks Inc._ Hydro One Networks_Street Lighting Service Classification",1475760,0,38842236.759999998,0,13669430.09,0,0,0,null,null,52511666.850000001,0,53987426.850000001,0]
[2025,"Hydro One Networks Inc.","Street Lighting Connections","Street Lighting - Hydro One Networks","Hydro One Networks Inc._ Norfolk Power_Street Lighting Service Classification",21437931.920000002,0,32008.34706,0,1773178.7720000001,0,0,0,null,null,1805187.1190599999,0,23243119.03906,0]
[2025,"Hydro One Networks Inc.","Street Lighting Connections","Street Lighting - Norfolk Power","Hydro One Networks Inc._ Orillia_Street Lighting Service Classification",0,0,4804.9715910000004,13.08,17070.734530000002,59,0,0,null,null,21875.706120999999,72.08,21875.706120999999,72.08]
[2025,"Hydro One Networks Inc.","Street Lighting Connections","Street Lighting - Orillia","Hydro One Networks Inc._ Peterborough_Street Lighting Service Classification",345673.69,2881.4639999999999,0,0,182014.08530000001,594.58399999999995,0,0,null,null,182014.08530000001,594.58399999999995,527687.77529999998,3476.0479999999998]
[2025,"Hydro One Networks Inc.","Street Lighting Connections","Street Lighting - Peterborough","Hydro One Networks Inc._ Woodstock Hydro_Street Lighting Service Classification",2906695.6800000002,8622.1679999999997,54983.021269999997,0,2770681.1069999998,0,0,0,null,null,2825664.1282700002,0,5732359.8082699999,8622.1679999999997]
[2025,"Hydro One Networks Inc.","Street Lighting Connections","Street Lighting - Woodstock Hydro","Hydro One Networks Inc._ chapleau_Street Lighting Service Classification",10065.1,0,37927.80515,0,0,0,0,0,null,null,37927.80515,0,47992.905149999999,0]
[2025,"Hydro One Networks Inc.","Sub Transmission Customers","Sub Transmission - End Use Customer - Hydro One Networks","Hydro One Networks Inc._ End Use Customer - Hydro One Networks_Sub Transmission Service Classification",564781939.82000005,1369848.56,63095173.079999998,101135.71,5162954904.3999996,12225904.789999999,605850484.79999995,1578628.7,null,null,5831900562.2799997,13905669.199999999,6396682502.0999994,15275517.76]
[2025,"Hydro One Networks Inc.","Unmetered Scattered Load Connections","General Service Energy Billed (less than 50 kW) - GSe unmetered - Hydro One Networks","Hydro One Networks Inc._ GSe unmetered - Hydro One Networks_General Service Energy Billed (less than 50 kW) Service Classification",2230069.7609999999,0,30314869.420000002,0,47265.887390000004,0,0,0,null,null,30362135.307390001,0,32592205.068390001,0]
[2025,"Hydro One Networks Inc.","Unmetered Scattered Load Connections","Unmetered Scattered Load - chapleau","Hydro One Networks Inc._ Haldimand County_Unmetered Scattered Load Service Classification",0,0,273977.97979999997,0,0,0,0,0,null,null,273977.97979999997,0,273977.97979999997,0]
[2025,"Hydro One Networks Inc.","Unmetered Scattered Load Connections","Unmetered Scattered Load - Haldimand County","Hydro One Networks Inc._ Norfolk Power_Unmetered Scattered Load Service Classification",56349.214419999997,0,368838.03950000001,0,0,0,0,0,null,null,368838.03950000001,0,425187.25391999999,0]
[2025,"Hydro One Networks Inc.","Unmetered Scattered Load Connections","Unmetered Scattered Load - Norfolk Power","Hydro One Networks Inc._ Orillia_Unmetered Scattered Load Service Classification",99045.643060000002,0,637693.31039999996,0,0,0,0,0,null,null,637693.31039999996,0,736738.95345999999,0]
[2025,"Hydro One Networks Inc.","Unmetered Scattered Load Connections","Unmetered Scattered Load - Orillia","Hydro One Networks Inc._ Peterborough_Unmetered Scattered Load Service Classification",8970.867424,0,79352.166500000007,0,0,0,0,0,null,null,79352.166500000007,0,88323.033924000003,0]
[2025,"Hydro One Networks Inc.","Unmetered Scattered Load Connections","Unmetered Scattered Load - Peterborough","Hydro One Networks Inc._ Woodstock Hydro_Unmetered Scattered Load Service Classification",1435345.906,0,583554.64950000006,0,0,0,0,0,null,null,583554.64950000006,0,2018900.5555,0]
[2025,"Hydro One Networks Inc.","Unmetered Scattered Load Connections","Unmetered Scattered Load - Woodstock Hydro","Hydro One Networks Inc._ chapleau_Unmetered Scattered Load Service Classification",0,0,1204.238971,0,0,0,0,0,null,null,1204.238971,0,1204.238971,0]
[2025,"Hydro Ottawa Limited","General Service < 50 kW","General Service Less Than 50 kW","Hydro Ottawa Limited_General Service Less Than 50 kW Service Classification",103096326,null,640333393,null,null,null,null,null,null,null,640333393,0,743429719,0]
[2025,"Hydro Ottawa Limited","General Service >= 50 kW","General Service 1,500 to 4,999 kW","Hydro Ottawa Limited_General Service 1,500 to 4,999 kW Service Classification",50757258,90474,0,null,672347915,1453978,null,null,null,null,672347915,1453978,723105173,1544452]
[2025,"Hydro Ottawa Limited","General Service >= 50 kW","General Service 50 to 1,499 kW","Hydro Ottawa Limited_General Service 50 to 1,499 kW Service Classification",278488100,681764,290467997,660301,2203927144,5334447,29143258,59829,null,null,2523538399,6054577,2802026499,6736341]
[2025,"Hydro Ottawa Limited","Large User","Large Use","Hydro Ottawa Limited_Large Use Service Classification",95154188,159102,0,null,427077921,802252,null,null,null,null,427077921,802252,522232109,961354]
[2025,"Hydro Ottawa Limited","Residential","Residential","Hydro Ottawa Limited_Residential Service Classification",20071164,null,2487203870,null,null,null,null,null,null,null,2487203870,0,2507275034,0]
[2025,"Hydro Ottawa Limited","Sentinel Lighting Connections","Sentinel Lighting","Hydro Ottawa Limited_Sentinel Lighting Service Classification",null,null,42468,120,null,null,null,null,null,null,42468,120,42468,120]
[2025,"Hydro Ottawa Limited","Street Lighting Connections","Street Lighting","Hydro Ottawa Limited_Street Lighting Service Classification",53256,148,0,null,21668470,60341,null,null,null,null,21668470,60341,21721726,60489]
[2025,"Hydro Ottawa Limited","Unmetered Scattered Load Connections","Unmetered Scattered Load","Hydro Ottawa Limited_Unmetered Scattered Load Service Classification",null,null,14249647,null,null,null,null,null,null,null,14249647,0,14249647,0]
[2025,"InnPower Corporation","Embedded Distributor(s)","Embedded Distributor","InnPower Corporation_Embedded Distributor Service Classification",null,null,0,null,949807.8,2328,null,null,null,null,949807.8,2328,949807.8,2328]
[2025,"InnPower Corporation","General Service < 50 kW","General Service Less Than 50 kW","InnPower Corporation_General Service Less Than 50 kW Service Classification",4376858.45,null,47391545.789999999,null,null,null,null,null,null,null,47391545.789999999,0,51768404.240000002,0]
[2025,"InnPower Corporation","General Service >= 50 kW","General Service 50 to 4,999 kW","InnPower Corporation_General Service 50 to 4,999 kW Service Classification",4145331.07,16662.02,2972352.41,22408.14,48955745.18,121436.77,null,null,null,null,51928097.590000004,143844.91,56073428.660000004,160506.93]
[2025,"InnPower Corporation","Residential","Residential","InnPower Corporation_Residential Service Classification",1702737.79,null,196513706.06999999,null,null,null,null,null,null,null,196513706.06999999,0,198216443.85999998,0]
[2025,"InnPower Corporation","Sentinel Lighting Connections","Sentinel Lighting","InnPower Corporation_Sentinel Lighting Service Classification",null,null,87522.48,243.12,null,null,null,null,null,null,87522.48,243.12,87522.48,243.12]
[2025,"InnPower Corporation","Street Lighting Connections","Street Lighting","InnPower Corporation_Street Lighting Service Classification",3974,12,0,null,936034.81,2837.68,null,null,null,null,936034.81,2837.68,940008.81,2849.68]
[2025,"InnPower Corporation","Unmetered Scattered Load Connections","Unmetered Scattered Load","InnPower Corporation_Unmetered Scattered Load Service Classification",null,null,402486,null,null,null,null,null,null,null,402486,0,402486,0]
[2025,"Kingston Hydro Corporation","General Service < 50 kW","General Service Less Than 50 kW","Kingston Hydro Corporation_General Service Less Than 50 kW Service Classification",13673344.880000001,null,68699138.180000007,null,435324.59,null,null,null,null,null,69134462.769999996,0,82807807.649999991,0]
[2025,"Kingston Hydro Corporation","General Service >= 50 kW","General Service 50 to 4,999 kW","Kingston Hydro Corporation_General Service 50 to 4,999 kW Service Classification",44183625.990000002,101448.33,38718518.469999999,86293.39,157679222.59999999,414466.49,3431728.5,6656.74,null,null,199829469.56999999,507416.62,244013095.56,608864.94999999995]
[2025,"Kingston Hydro Corporation","Large User","Large Use","Kingston Hydro Corporation_Large Use Service Classification",52428784.850000001,95211.21,0,null,99675115.090000004,185293.71,null,null,null,null,99675115.090000004,185293.71,152103899.94,280504.92]
[2025,"Kingston Hydro Corporation","Residential","Residential","Kingston Hydro Corporation_Residential Service Classification",1625737.19,null,183790596.84999999,null,null,null,null,null,null,null,183790596.84999999,0,185416334.03999999,0]
[2025,"Kingston Hydro Corporation","Street Lighting Connections","Street Lighting","Kingston Hydro Corporation_Street Lighting Service Classification",null,null,0,null,2031925.98,5664,null,null,null,null,2031925.98,5664,2031925.98,5664]
[2025,"Kingston Hydro Corporation","Unmetered Scattered Load Connections","Unmetered Scattered Load","Kingston Hydro Corporation_Unmetered Scattered Load Service Classification",null,null,0,null,1212576.93,null,null,null,null,null,1212576.93,0,1212576.93,0]
[2025,"Lakefront Utilities Inc.","General Service < 50 kW","General Service Less Than 50 kW","Lakefront Utilities Inc._General Service Less Than 50 kW Service Classification",5262214.71,null,29953831.579999998,null,null,null,null,null,null,null,29953831.579999998,0,35216046.289999999,0]
[2025,"Lakefront Utilities Inc.","General Service >= 50 kW","General Service 3,000 to 4,999 kW","Lakefront Utilities Inc._General Service 3,000 to 4,999 kW Service Classification",null,null,0,null,10837551,30853.5,null,null,null,null,10837551,30853.5,10837551,30853.5]
[2025,"Lakefront Utilities Inc.","General Service >= 50 kW","General Service 50 to 2,999 kW","Lakefront Utilities Inc._General Service 50 to 2,999 kW Service Classification",34075084.640000001,87176.85,5043656.5599999996,11108.5,67809976.689999998,186814.94,null,null,null,null,72853633.25,197923.44,106928717.89,285100.29000000004]
[2025,"Lakefront Utilities Inc.","Residential","Residential","Lakefront Utilities Inc._Residential Service Classification",961694.63,null,79033711.700000003,null,null,null,null,null,null,null,79033711.700000003,0,79995406.329999998,0]
[2025,"Lakefront Utilities Inc.","Sentinel Lighting Connections","Sentinel Lighting","Lakefront Utilities Inc._Sentinel Lighting Service Classification",4816.8,13.38,38833.620000000003,107.87,null,null,null,null,null,null,38833.620000000003,107.87,43650.420000000006,121.25]
[2025,"Lakefront Utilities Inc.","Street Lighting Connections","Street Lighting","Lakefront Utilities Inc._Street Lighting Service Classification",116337.36,314.76,0,null,967506.96,2617.6799999999998,null,null,null,null,967506.96,2617.6799999999998,1083844.32,2932.4399999999996]
[2025,"Lakefront Utilities Inc.","Unmetered Scattered Load Connections","Unmetered Scattered Load","Lakefront Utilities Inc._Unmetered Scattered Load Service Classification",38676,null,583846,null,null,null,null,null,null,null,583846,0,622522,0]
[2025,"Lakeland Power Distribution Ltd.","General Service < 50 kW","General Service Less Than 50 kW","Lakeland Power Distribution Ltd._General Service Less Than 50 kW Service Classification",8763330.7699999996,null,50906882.350000001,null,null,null,null,null,null,null,50906882.350000001,0,59670213.120000005,0]
[2025,"Lakeland Power Distribution Ltd.","General Service < 50 kW","General Service Less Than 50 kW - Parry Sound","Lakeland Power Distribution Ltd._ Parry Sound_General Service Less Than 50 kW Service Classification",null,null,0,null,null,null,null,null,null,null,0,0,0,0]
[2025,"Lakeland Power Distribution Ltd.","General Service >= 50 kW","General Service 50 to 4,999 kW","Lakeland Power Distribution Ltd._General Service 50 to 4,999 kW Service Classification",18811994.780000001,45832.05,4538466.13,12787.59,97316336.329999998,254552.77,null,null,null,null,101854802.45999999,267340.36,120666797.23999999,313172.40999999997]
[2025,"Lakeland Power Distribution Ltd.","General Service >= 50 kW","General Service 50 to 4,999 kW - Parry Sound","Lakeland Power Distribution Ltd._ Parry Sound_General Service 50 to 4,999 kW Service Classification",null,null,0,null,null,null,null,null,null,null,0,0,0,0]
[2025,"Lakeland Power Distribution Ltd.","Residential","Residential","Lakeland Power Distribution Ltd._Residential Service Classification",851158.73,null,113830564.18000001,null,null,null,null,null,null,null,113830564.18000001,0,114681722.91000001,0]
[2025,"Lakeland Power Distribution Ltd.","Residential","Residential - Parry Sound","Lakeland Power Distribution Ltd._ Parry Sound_Residential Service Classification",null,null,0,null,null,null,null,null,null,null,0,0,0,0]
[2025,"Lakeland Power Distribution Ltd.","Sentinel Lighting Connections","Sentinel Lighting","Lakeland Power Distribution Ltd._Sentinel Lighting Service Classification",null,null,30873.24,85.76,null,null,null,null,null,null,30873.24,85.76,30873.24,85.76]
[2025,"Lakeland Power Distribution Ltd.","Sentinel Lighting Connections","Sentinel Lighting - Parry Sound","Lakeland Power Distribution Ltd._ Parry Sound_Sentinel Lighting Service Classification",null,null,0,null,null,null,null,null,null,null,0,0,0,0]
[2025,"Lakeland Power Distribution Ltd.","Street Lighting Connections","Street Lighting","Lakeland Power Distribution Ltd._Street Lighting Service Classification",137967.5,373.2,103298.85,258.87,820611.01,2450.25,null,null,null,null,923909.86,2709.12,1061877.3599999999,3082.3199999999997]
[2025,"Lakeland Power Distribution Ltd.","Street Lighting Connections","Street Lighting - Parry Sound","Lakeland Power Distribution Ltd._ Parry Sound_Street Lighting Service Classification",null,null,0,null,null,null,null,null,null,null,0,0,0,0]
[2025,"Lakeland Power Distribution Ltd.","Unmetered Scattered Load Connections","Unmetered Scattered Load","Lakeland Power Distribution Ltd._Unmetered Scattered Load Service Classification",600.05999999999995,null,169056.94,null,null,null,null,null,null,null,169056.94,0,169657,0]
[2025,"Lakeland Power Distribution Ltd.","Unmetered Scattered Load Connections","Unmetered Scattered Load - Parry Sound","Lakeland Power Distribution Ltd._ Parry Sound_Unmetered Scattered Load Service Classification",null,null,0,null,null,null,null,null,null,null,0,0,0,0]
[2025,"London Hydro Inc.","General Service < 50 kW","General Service Less Than 50 kW","London Hydro Inc._General Service Less Than 50 kW Service Classification",54138485.229999997,null,346072185.55000001,null,6337134.3470000001,null,null,null,null,null,352409319.89700001,0,406547805.12700003,0]
[2025,"London Hydro Inc.","General Service >= 50 kW","General Service 50 to 4,999 kW","London Hydro Inc._General Service 50 to 4,999 kW Service Classification",161016089.75,440326.36,171080593,326274.05680000002,1100765764.53,2868632.4160000002,13200055.84,24847.764940000001,null,null,1285046413.3699999,3219754.2377399998,1446062503.1199999,3660080.5977399996]
[2025,"London Hydro Inc.","General Service >= 50 kW","General Service 1,000 to 4,999 kW (co-generation)","London Hydro Inc._generation)_General Service 1,000 to 4,999 kW (co Service Classification",null,null,0,null,33199295.27,236914.12390000001,1706091.398,28921.8655,null,null,34905386.667999998,265835.98940000002,34905386.667999998,265835.98940000002]
[2025,"London Hydro Inc.","Large User","Large Use","London Hydro Inc._Large Use Service Classification",null,null,0,null,162789932.5,311835.53999999998,null,null,null,null,162789932.5,311835.53999999998,162789932.5,311835.53999999998]
[2025,"London Hydro Inc.","Residential","Residential","London Hydro Inc._Residential Service Classification",15005856.869999999,null,1166266416.1600001,null,106999.7484,null,null,null,null,null,1166373415.9084001,0,1181379272.7783999,0]
[2025,"London Hydro Inc.","Sentinel Lighting Connections","Sentinel Lighting","London Hydro Inc._Sentinel Lighting Service Classification",4446.71,12.13,512544.1102,1384.6805859999999,null,null,null,null,null,null,512544.1102,1384.6805859999999,516990.82020000002,1396.8105860000001]
[2025,"London Hydro Inc.","Street Lighting Connections","Street Lighting","London Hydro Inc._Street Lighting Service Classification",null,null,0,null,17401184.109999999,48655.009910000001,null,null,null,null,17401184.109999999,48655.009910000001,17401184.109999999,48655.009910000001]
[2025,"London Hydro Inc.","Unmetered Scattered Load Connections","Unmetered Scattered Load","London Hydro Inc._Unmetered Scattered Load Service Classification",null,null,5424455.301,null,null,null,null,null,null,null,5424455.301,0,5424455.301,0]
[2025,"Milton Hydro Distribution Inc.","General Service < 50 kW","General Service Less Than 50 kW","Milton Hydro Distribution Inc._General Service Less Than 50 kW Service Classification",13191588.49,null,81280130.950000003,null,252965.2,null,null,null,null,null,81533096.150000006,0,94724684.640000001,0]
[2025,"Milton Hydro Distribution Inc.","General Service >= 50 kW","General Service 1,000 to 4,999 kW","Milton Hydro Distribution Inc._General Service 1,000 to 4,999 kW Service Classification",19651025.079999998,40816.65,0,null,102121525.63,246488.45,null,null,null,null,102121525.63,246488.45,121772550.70999999,287305.10000000003]
[2025,"Milton Hydro Distribution Inc.","General Service >= 50 kW","General Service 50 to 999 kW","Milton Hydro Distribution Inc._General Service 50 to 999 kW Service Classification",26657994.91,76996.95,30821399.399999999,49410.73,186002140.11000001,602664.59,3991539.7,8121.87,null,null,220815079.21000001,660197.18999999994,247473074.12,737194.1399999999]
[2025,"Milton Hydro Distribution Inc.","Large User","Large Use","Milton Hydro Distribution Inc._Large Use Service Classification",null,null,0,null,128375726.5,272582.58,null,null,null,null,128375726.5,272582.58,128375726.5,272582.58]
[2025,"Milton Hydro Distribution Inc.","Residential","Residential","Milton Hydro Distribution Inc._Residential Service Classification",3015118.81,null,374064366.52999997,null,16009.21,null,null,null,null,null,374080375.74000001,0,377095494.55000001,0]
[2025,"Milton Hydro Distribution Inc.","Sentinel Lighting Connections","Sentinel Lighting","Milton Hydro Distribution Inc._Sentinel Lighting Service Classification",null,null,141642.92000000001,393.45,0,null,null,null,null,null,141642.92000000001,393.45,141642.92000000001,393.45]
[2025,"Milton Hydro Distribution Inc.","Street Lighting Connections","Street Lighting","Milton Hydro Distribution Inc._Street Lighting Service Classification",null,null,0,null,4770164.71,13451.84,null,null,null,null,4770164.71,13451.84,4770164.71,13451.84]
[2025,"Milton Hydro Distribution Inc.","Unmetered Scattered Load Connections","Unmetered Scattered Load","Milton Hydro Distribution Inc._Unmetered Scattered Load Service Classification",137466.95000000001,null,877632.08,null,0,null,null,null,null,null,877632.08,0,1015099.03,0]
[2025,"Newmarket-Tay Power Distribution Ltd.","General Service < 50 kW","General Service Less Than 50 kW - Midland Power","Newmarket-Tay Power Distribution Ltd._ Midland Power_General Service Less Than 50 kW Service Classification",4927113.42,null,19345448.52,null,null,null,null,null,null,null,19345448.52,0,24272561.939999998,0]
[2025,"Newmarket-Tay Power Distribution Ltd.","General Service < 50 kW","General Service Less Than 50 kW - Newmarket-Tay Power","Newmarket-Tay Power Distribution Ltd._ Newmarket-Tay Power_General Service Less Than 50 kW Service Classification",13919636.76,null,86849241.829999998,null,1982,null,null,null,null,null,86851223.829999998,0,100770860.59,0]
[2025,"Newmarket-Tay Power Distribution Ltd.","General Service >= 50 kW","General Service 50 to 4,999 kW - Midland","Newmarket-Tay Power Distribution Ltd._ Midland_General Service 50 to 4,999 kW Service Classification",27676863.050000001,65406.21,7581234.7400000002,18547.439999999999,64559977.890000001,151176.07999999999,3383556.82,5231.07,null,null,75524769.450000003,174954.59,103201632.5,240360.8]
[2025,"Newmarket-Tay Power Distribution Ltd.","General Service >= 50 kW","General Service 50 to 4,999 kW - Newmarket-Tay Power","Newmarket-Tay Power Distribution Ltd._ Newmarket-Tay Power_General Service 50 to 4,999 kW Service Classification",15579358.439999999,39544.300000000003,24832687.469999999,60202.57,215869267.37,504066.46,6654122.7400000002,33275.26,null,null,247356077.58000001,597544.29,262935436.02000001,637088.59000000008]
[2025,"Newmarket-Tay Power Distribution Ltd.","Residential","Residential - Midland Power","Newmarket-Tay Power Distribution Ltd._ Midland Power_Residential Service Classification",1288304.55,null,50572433.719999999,null,null,null,null,null,null,null,50572433.719999999,0,51860738.269999996,0]
[2025,"Newmarket-Tay Power Distribution Ltd.","Residential","Residential - Newmarket-Tay Power","Newmarket-Tay Power Distribution Ltd._ Newmarket-Tay Power_Residential Service Classification",2533087.9700000002,null,283542917.39999998,null,null,null,null,null,null,null,283542917.39999998,0,286076005.37,0]
[2025,"Newmarket-Tay Power Distribution Ltd.","Sentinel Lighting Connections","Sentinel Lighting - Newmarket-Tay Power","Newmarket-Tay Power Distribution Ltd._ Newmarket-Tay Power_Sentinel Lighting Service Classification",null,null,154671.04000000001,413.79,null,null,null,null,null,null,154671.04000000001,413.79,154671.04000000001,413.79]
[2025,"Newmarket-Tay Power Distribution Ltd.","Street Lighting Connections","Street Lighting - Midland Power","Newmarket-Tay Power Distribution Ltd._ Midland Power_Street Lighting Service Classification",478393.5,1324.56,0,null,33459.21,92.64,null,null,null,null,33459.21,92.64,511852.71,1417.2]
[2025,"Newmarket-Tay Power Distribution Ltd.","Street Lighting Connections","Street Lighting - Newmarket-Tay Power","Newmarket-Tay Power Distribution Ltd._ Newmarket-Tay Power_Street Lighting Service Classification",null,null,75318.070000000007,214.61,2467486.63,6836.76,null,null,null,null,2542804.7000000002,7051.37,2542804.7000000002,7051.37]
[2025,"Newmarket-Tay Power Distribution Ltd.","Unmetered Scattered Load Connections","Unmetered Scattered Load - Newmarket-Tay Power","Newmarket-Tay Power Distribution Ltd._ Newmarket-Tay Power_ Unmetered Scattered Load Service Classification",null,null,263820,null,null,null,null,null,null,null,263820,0,263820,0]
[2025,"Newmarket-Tay Power Distribution Ltd.","Unmetered Scattered Load Connections","Unmetered Scattered Load - Midland Power","Newmarket-Tay Power Distribution Ltd._ Midland Power_Unmetered Scattered Load Service Classification",94368,null,327060,null,null,null,null,null,null,null,327060,0,421428,0]
[2025,"Niagara Peninsula Energy Inc.","Embedded Distributor(s)","Embedded Distributor","Niagara Peninsula Energy Inc._Embedded Distributor Service Classification",null,null,0,null,5862044.1399999997,6746.56,null,null,null,null,5862044.1399999997,6746.56,5862044.1399999997,6746.56]
[2025,"Niagara Peninsula Energy Inc.","General Service < 50 kW","General Service Less Than 50 kW","Niagara Peninsula Energy Inc._General Service Less Than 50 kW Service Classification",17063313.73,null,94446259.439999998,null,31080387.73,null,null,null,null,null,125526647.17,0,142589960.90000001,0]
[2025,"Niagara Peninsula Energy Inc.","General Service >= 50 kW","General Service 50 to 4,999 kW","Niagara Peninsula Energy Inc._General Service 50 to 4,999 kW Service Classification",74310602.209999993,226102.45,0,null,586009063.45000005,1491420.75,2868007.25,5619.32,null,null,588877070.70000005,1497040.07,663187672.91000009,1723142.52]
[2025,"Niagara Peninsula Energy Inc.","Residential","Residential","Niagara Peninsula Energy Inc._Residential Service Classification",6508627.7999999998,null,472592065.88,null,12845.02,null,null,null,null,null,472604910.89999998,0,479113538.69999999,0]
[2025,"Niagara Peninsula Energy Inc.","Sentinel Lighting Connections","Sentinel Lighting","Niagara Peninsula Energy Inc._Sentinel Lighting Service Classification",null,null,280394.75,535.62,null,null,null,null,null,null,280394.75,535.62,280394.75,535.62]
[2025,"Niagara Peninsula Energy Inc.","Street Lighting Connections","Street Lighting","Niagara Peninsula Energy Inc._Street Lighting Service Classification",null,null,0,null,4332908.8,12057.92,null,null,null,null,4332908.8,12057.92,4332908.8,12057.92]
[2025,"Niagara Peninsula Energy Inc.","Unmetered Scattered Load Connections","Unmetered Scattered Load","Niagara Peninsula Energy Inc._Unmetered Scattered Load Service Classification",null,null,1504441.15,null,null,null,null,null,null,null,1504441.15,0,1504441.15,0]
[2025,"Niagara-on-the-Lake Hydro Inc.","General Service < 50 kW","General Service Less Than 50 kW","Niagara-on-the-Lake Hydro Inc._General Service Less Than 50 kW Service Classification",4691942.25,0,40593696.670000002,0,0,0,null,null,null,null,40593696.670000002,0,45285638.920000002,0]
[2025,"Niagara-on-the-Lake Hydro Inc.","General Service >= 50 kW","General Service 50 to 4,999 kW","Niagara-on-the-Lake Hydro Inc._General Service 50 to 4,999 kW Service Classification",17277341.170000002,48643.37,4165479.66,99519.2,68354443.859999999,92480.93,null,null,null,null,72519923.519999996,192000.13,89797264.689999998,240643.5]
[2025,"Niagara-on-the-Lake Hydro Inc.","Large User","Large Use","Niagara-on-the-Lake Hydro Inc._Large Use Service Classification",0,0,0,0,74365314.379999995,117801.60000000001,null,null,null,null,74365314.379999995,117801.60000000001,74365314.379999995,117801.60000000001]
[2025,"Niagara-on-the-Lake Hydro Inc.","Residential","Residential","Niagara-on-the-Lake Hydro Inc._Residential Service Classification",626611.99,0,77745054.790000007,0,0,0,null,null,null,null,77745054.790000007,0,78371666.780000001,0]
[2025,"Niagara-on-the-Lake Hydro Inc.","Street Lighting Connections","Street Lighting","Niagara-on-the-Lake Hydro Inc._Street Lighting Service Classification",0,0,71098.53,198,503550.76,1401.6,null,null,null,null,574649.29,1599.6,574649.29,1599.6]
[2025,"Niagara-on-the-Lake Hydro Inc.","Unmetered Scattered Load Connections","Unmetered Scattered Load","Niagara-on-the-Lake Hydro Inc._Unmetered Scattered Load Service Classification",150193,0,200002.94,0,0,0,null,null,null,null,200002.94,0,350195.94,0]
[2025,"North Bay Hydro Distribution Limited","General Service < 50 kW","General Service Less Than 50 kW-Espanola","North Bay Hydro Distribution Limited_Espanola_General Service Less Than 50 kW Service Classification",1274319.81,null,8218895.4199999999,null,null,null,null,null,null,null,8218895.4199999999,0,9493215.2300000004,0]
[2025,"North Bay Hydro Distribution Limited","General Service < 50 kW","General Service Less Than 50 kW-North Bay","North Bay Hydro Distribution Limited_North Bay_General Service Less Than 50 kW Service Classification",11253348.68,null,64080969.07,null,308750.24,null,null,null,null,null,64389719.310000002,0,75643067.99000001,0]
[2025,"North Bay Hydro Distribution Limited","General Service >= 50 kW","General Service 3,000 to 4,999 kW-North Bay","North Bay Hydro Distribution Limited_North Bay_General Service 3,000 to 4,999 kW Service Classification",null,null,0,null,14856827.9,30086.99,null,null,null,null,14856827.9,30086.99,14856827.9,30086.99]
[2025,"North Bay Hydro Distribution Limited","General Service >= 50 kW","General Service 50 to 2,999 kW-North Bay","North Bay Hydro Distribution Limited_North Bay_General Service 50 to 2,999 kW Service Classification",28880207.57,88278.6,17120154.530000001,64214.36,143728762.09,363868.36,null,null,null,null,160848916.62,428082.72,189729124.19,516361.31999999995]
[2025,"North Bay Hydro Distribution Limited","General Service >= 50 kW","General Service 50 to 4,999 kW-Espanola","North Bay Hydro Distribution Limited_Espanola_General Service 50 to 4,999 kW Service Classification",4934670.5,11396.48,1306059.0900000001,3900.87,7610015.71,19131.5,null,null,null,null,8916074.8000000007,23032.37,13850745.300000001,34428.85]
[2025,"North Bay Hydro Distribution Limited","Residential","Residential-Espanola","North Bay Hydro Distribution Limited_Espanola_Residential Service Classification",281434.95,null,30253743.899999999,null,null,null,null,null,null,null,30253743.899999999,0,30535178.849999998,0]
[2025,"North Bay Hydro Distribution Limited","Residential","Residential-North Bay","North Bay Hydro Distribution Limited_North Bay_Residential Service Classification",2851555.98,null,197326132.44999999,null,null,null,null,null,null,null,197326132.44999999,0,200177688.42999998,0]
[2025,"North Bay Hydro Distribution Limited","Sentinel Lighting Connections","Sentinel Lighting-Espanola","North Bay Hydro Distribution Limited_Espanola_Sentinel Lighting Service Classification",968.16,2.52,23338.639999999999,63.24,null,null,null,null,null,null,23338.639999999999,63.24,24306.799999999999,65.760000000000005]
[2025,"North Bay Hydro Distribution Limited","Sentinel Lighting Connections","Sentinel Lighting-North Bay","North Bay Hydro Distribution Limited_North Bay_Sentinel Lighting Service Classification",9027.9699999999993,23.97,111851.88,282.95999999999998,null,null,null,null,null,null,111851.88,282.95999999999998,120879.85,306.92999999999995]
[2025,"North Bay Hydro Distribution Limited","Street Lighting Connections","Street Lighting-Espanola","North Bay Hydro Distribution Limited_Espanola_Street Lighting Service Classification",160707.44,501.96,54304.800000000003,158.32,null,null,null,null,null,null,54304.800000000003,158.32,215012.24,660.28]
[2025,"North Bay Hydro Distribution Limited","Street Lighting Connections","Street Lighting-North Bay","North Bay Hydro Distribution Limited_North Bay_Street Lighting Service Classification",null,null,0,null,2042501.58,5690.28,null,null,null,null,2042501.58,5690.28,2042501.58,5690.28]
[2025,"North Bay Hydro Distribution Limited","Unmetered Scattered Load Connections","Unmetered Scattered Load-Espanola","North Bay Hydro Distribution Limited_Espanola_Unmetered Scattered Load Service Classification",10763.76,null,106080.49,null,null,null,null,null,null,null,106080.49,0,116844.25,0]
[2025,"North Bay Hydro Distribution Limited","Unmetered Scattered Load Connections","Unmetered Scattered Load-North Bay","North Bay Hydro Distribution Limited_North Bay_Unmetered Scattered Load Service Classification",null,null,39477.800000000003,null,null,null,null,null,null,null,39477.800000000003,0,39477.800000000003,0]
[2025,"Northern Ontario Wires Inc.","General Service < 50 kW","General Service Less Than 50 kW","Northern Ontario Wires Inc._General Service Less Than 50 kW Service Classification",3107520.1,null,13806531.699999999,null,null,null,null,null,null,null,13806531.699999999,0,16914051.800000001,0]
[2025,"Northern Ontario Wires Inc.","General Service >= 50 kW","General Service 50 to 4,999 kW","Northern Ontario Wires Inc._General Service 50 to 4,999 kW Service Classification",18971640.940000001,47559.74,0,null,37529122.149999999,95667.85,null,null,null,null,37529122.149999999,95667.85,56500763.090000004,143227.59]
[2025,"Northern Ontario Wires Inc.","Residential","Residential","Northern Ontario Wires Inc._Residential Service Classification",355156.16,null,39070300.170000002,null,null,null,null,null,null,null,39070300.170000002,0,39425456.329999998,0]
[2025,"Northern Ontario Wires Inc.","Street Lighting Connections","Street Lighting","Northern Ontario Wires Inc._Street Lighting Service Classification",492320.93,1424.76,0,null,null,null,null,null,null,null,0,0,492320.93,1424.76]
[2025,"Northern Ontario Wires Inc.","Unmetered Scattered Load Connections","Unmetered Scattered Load","Northern Ontario Wires Inc._Unmetered Scattered Load Service Classification",19637.18,null,145151.07,null,null,null,null,null,null,null,145151.07,0,164788.25,0]
[2025,"Oakville Hydro Electricity Distribution Inc.","Embedded Distributor(s)","Embedded Distributor","Oakville Hydro Electricity Distribution Inc._Embedded Distributor Service Classification",null,null,0,0,101039732.40000001,258159.8,null,null,null,null,101039732.40000001,258159.8,101039732.40000001,258159.8]
[2025,"Oakville Hydro Electricity Distribution Inc.","General Service < 50 kW","General Service Less Than 50 kW","Oakville Hydro Electricity Distribution Inc._General Service Less Than 50 kW Service Classification",24499252.43,0,164415030.61000001,0,0,0,null,null,null,null,164415030.61000001,0,188914283.04000002,0]
[2025,"Oakville Hydro Electricity Distribution Inc.","General Service >= 50 kW","General Service 1,000 kW and Greater","Oakville Hydro Electricity Distribution Inc._General Service 1,000 kW and Greater Service Classification",45034929,99020,0,0,149057228.30000001,330070.5,null,null,null,null,149057228.30000001,330070.5,194092157.30000001,429090.5]
[2025,"Oakville Hydro Electricity Distribution Inc.","General Service >= 50 kW","General Service 50 to 999 kW","Oakville Hydro Electricity Distribution Inc._General Service 50 to 999 kW Service Classification",101833747.48999999,281659.8,57287088.32,258196.92,399695976.23000002,995053.01,3913701.92,7250.41,null,null,460896766.47000003,1260500.3400000001,562730513.96000004,1542160.1400000001]
[2025,"Oakville Hydro Electricity Distribution Inc.","Residential","Residential","Oakville Hydro Electricity Distribution Inc._Residential Service Classification",2605932,0,633655979.78999996,0,0,0,null,null,null,null,633655979.78999996,0,636261911.78999996,0]
[2025,"Oakville Hydro Electricity Distribution Inc.","Sentinel Lighting Connections","Sentinel Lighting","Oakville Hydro Electricity Distribution Inc._Sentinel Lighting Service Classification",null,null,0,0,90494.91,251.37475000000001,null,null,null,null,90494.91,251.37475000000001,90494.91,251.37475000000001]
[2025,"Oakville Hydro Electricity Distribution Inc.","Street Lighting Connections","Street Lighting","Oakville Hydro Electricity Distribution Inc._Street Lighting Service Classification",null,null,282033.68,405.12,5714173.2699999996,16330.86,null,null,null,null,5996206.9500000002,16735.98,5996206.9500000002,16735.98]
[2025,"Oakville Hydro Electricity Distribution Inc.","Unmetered Scattered Load Connections","Unmetered Scattered Load","Oakville Hydro Electricity Distribution Inc._Unmetered Scattered Load Service Classification",null,null,5267630.45,0,0,0,null,null,null,null,5267630.45,0,5267630.45,0]
[2025,"Orangeville Hydro Limited","General Service < 50 kW","General Service Less Than 50 kW","Orangeville Hydro Limited_General Service Less Than 50 kW Service Classification",4493536.18,null,30452816.199999999,null,null,null,null,null,null,null,30452816.199999999,0,34946352.379999995,0]
[2025,"Orangeville Hydro Limited","General Service >= 50 kW","General Service 50 to 4,999 kW","Orangeville Hydro Limited_General Service 50 to 4,999 kW Service Classification",15671859.220000001,44970.8,9776954.7300000004,14028.29,105273768.15000001,252616.15,2565319.37,5404.5,null,null,117616042.25,272048.94,133287901.47,317019.74]
[2025,"Orangeville Hydro Limited","Residential","Residential","Orangeville Hydro Limited_Residential Service Classification",822934.69,null,94646427.040000007,null,null,null,null,null,null,null,94646427.040000007,0,95469361.730000004,0]
[2025,"Orangeville Hydro Limited","Sentinel Lighting Connections","Sentinel Lighting","Orangeville Hydro Limited_Sentinel Lighting Service Classification",820.82,null,98306.43,276.02,null,null,null,null,null,null,98306.43,276.02,99127.25,276.02]
[2025,"Orangeville Hydro Limited","Street Lighting Connections","Street Lighting","Orangeville Hydro Limited_Street Lighting Service Classification",null,null,160136.67000000001,440.16,702903.75,1954.32,null,null,null,null,863040.42,2394.48,863040.42,2394.48]
[2025,"Orangeville Hydro Limited","Unmetered Scattered Load Connections","Unmetered Scattered Load","Orangeville Hydro Limited_Unmetered Scattered Load Service Classification",null,null,369347.09,null,null,null,null,null,null,null,369347.09,0,369347.09,0]
[2025,"Oshawa PUC Networks Inc.","General Service < 50 kW","General Service Less Than 50 kW","Oshawa PUC Networks Inc._General Service Less Than 50 kW Service Classification",17814792,0,113533883.7,0,0,0,null,null,null,null,113533883.7,0,131348675.7,0]
[2025,"Oshawa PUC Networks Inc.","General Service >= 50 kW","General Service 1,000 to 4,999 kW","Oshawa PUC Networks Inc._General Service 1,000 to 4,999 kW Service Classification",0,0,0,0,81507756.930000007,189689.79569999999,null,null,null,null,81507756.930000007,189689.79569999999,81507756.930000007,189689.79569999999]
[2025,"Oshawa PUC Networks Inc.","General Service >= 50 kW","General Service 50 to 999 kW","Oshawa PUC Networks Inc._General Service 50 to 999 kW Service Classification",37416081,105984,111146545.7,301740.6972,168099265.69999999,449757.3971,6210989.5599999996,11717.31,null,null,285456800.95999998,763215.40430000005,322872881.95999998,869199.40430000005]
[2025,"Oshawa PUC Networks Inc.","Large User","Large Use","Oshawa PUC Networks Inc._Large Use Service Classification",0,0,0,0,39718184.520000003,82733.279999999999,null,null,null,null,39718184.520000003,82733.279999999999,39718184.520000003,82733.279999999999]
[2025,"Oshawa PUC Networks Inc.","Residential","Residential","Oshawa PUC Networks Inc._Residential Service Classification",5022336,0,516963231.80000001,0,0,0,null,null,null,null,516963231.80000001,0,521985567.80000001,0]
[2025,"Oshawa PUC Networks Inc.","Sentinel Lighting Connections","Sentinel Lighting","Oshawa PUC Networks Inc._Sentinel Lighting Service Classification",0,0,22593,75,0,0,null,null,null,null,22593,75,22593,75]
[2025,"Oshawa PUC Networks Inc.","Street Lighting Connections","Street Lighting","Oshawa PUC Networks Inc._Street Lighting Service Classification",0,0,0,0,4498709.7699999996,12749.94,null,null,null,null,4498709.7699999996,12749.94,4498709.7699999996,12749.94]
[2025,"Oshawa PUC Networks Inc.","Unmetered Scattered Load Connections","Unmetered Scattered Load","Oshawa PUC Networks Inc._Unmetered Scattered Load Service Classification",0,0,2859026,0,0,0,null,null,null,null,2859026,0,2859026,0]
[2025,"Ottawa River Power Corporation","General Service < 50 kW","General Service Less Than 50 kW","Ottawa River Power Corporation_General Service Less Than 50 kW Service Classification",5614876,null,23741821,null,null,null,null,null,null,null,23741821,0,29356697,0]
[2025,"Ottawa River Power Corporation","General Service >= 50 kW","General Service 50 to 4,999 kW","Ottawa River Power Corporation_General Service 50 to 4,999 kW Service Classification",17762850,33685.29,7244080,18348.82,39208762,137932.89000000001,null,null,null,null,46452842,156281.71,64215692,189967]
[2025,"Ottawa River Power Corporation","Residential","Residential","Ottawa River Power Corporation_Residential Service Classification",853163,null,85899365,null,null,null,null,null,null,null,85899365,0,86752528,0]
[2025,"Ottawa River Power Corporation","Sentinel Lighting Connections","Sentinel Lighting","Ottawa River Power Corporation_Sentinel Lighting Service Classification",21507,51.96,143238,429.04,null,null,null,null,null,null,143238,429.04,164745,481]
[2025,"Ottawa River Power Corporation","Street Lighting Connections","Street Lighting","Ottawa River Power Corporation_Street Lighting Service Classification",200861,527.73,57833,147.11000000000001,738151,2099.16,null,null,null,null,795984,2246.27,996845,2774]
[2025,"Ottawa River Power Corporation","Unmetered Scattered Load Connections","Unmetered Scattered Load","Ottawa River Power Corporation_Unmetered Scattered Load Service Classification",408810,null,182819,null,null,null,null,null,null,null,182819,0,591629,0]
[2025,"PUC Distribution Inc.","General Service < 50 kW","General Service Less Than 50 kW","PUC Distribution Inc._General Service Less Than 50 kW Service Classification",16194119.99,0,79864887.890000001,0,1585493.09,0,null,null,null,null,81450380.980000004,0,97644500.969999999,0]
[2025,"PUC Distribution Inc.","General Service >= 50 kW","General Service 50 to 4,999 kW","PUC Distribution Inc._General Service 50 to 4,999 kW Service Classification",36033193.869999997,74687.22,36987427.990000002,105870.38,140461034.03,331789.19,null,null,null,null,177448462.02000001,437659.57,213481655.89000002,512346.79000000004]
[2025,"PUC Distribution Inc.","Residential","Residential","PUC Distribution Inc._Residential Service Classification",2551573.1,0,277711716.23000002,0,5191652.47,0,null,null,null,null,282903368.69999999,0,285454941.80000001,0]
[2025,"PUC Distribution Inc.","Sentinel Lighting Connections","Sentinel Lighting","PUC Distribution Inc._Sentinel Lighting Service Classification",0,0,202156.09,591.51,0,0,null,null,null,null,202156.09,591.51,202156.09,591.51]
[2025,"PUC Distribution Inc.","Street Lighting Connections","Street Lighting","PUC Distribution Inc._Street Lighting Service Classification",0,0,135646.28,378.67,2492840.65,6958.36,null,null,null,null,2628486.9300000002,7337.03,2628486.9300000002,7337.03]
[2025,"PUC Distribution Inc.","Unmetered Scattered Load Connections","Unmetered Scattered Load","PUC Distribution Inc._Unmetered Scattered Load Service Classification",0,0,903348.48,0,0,0,null,null,null,null,903348.48,0,903348.48,0]
[2025,"Renfrew Hydro Inc.","General Service < 50 kW","General Service Less Than 50 kW","Renfrew Hydro Inc._General Service Less Than 50 kW Service Classification",2168465,null,9165600,null,null,null,null,null,null,null,9165600,0,11334065,0]
[2025,"Renfrew Hydro Inc.","General Service >= 50 kW","General Service 50 to 4,999 kW","Renfrew Hydro Inc._General Service 50 to 4,999 kW Service Classification",5647880,13563.25,5211323,null,33758011,93561,null,null,null,null,38969334,93561,44617214,107124.25]
[2025,"Renfrew Hydro Inc.","Residential","Residential","Renfrew Hydro Inc._Residential Service Classification",235238,null,30570351,null,null,null,null,null,null,null,30570351,0,30805589,0]
[2025,"Renfrew Hydro Inc.","Street Lighting Connections","Street Lighting","Renfrew Hydro Inc._Street Lighting Service Classification",null,null,0,null,389921,1078,null,null,null,null,389921,1078,389921,1078]
[2025,"Renfrew Hydro Inc.","Unmetered Scattered Load Connections","Unmetered Scattered Load","Renfrew Hydro Inc._Unmetered Scattered Load Service Classification",null,null,0,null,271724,null,null,null,null,null,271724,0,271724,0]
[2025,"Rideau St. Lawrence Distribution Inc.","General Service < 50 kW","General Service Less Than 50 kW","Rideau St. Lawrence Distribution Inc._General Service Less Than 50 kW Service Classification",3156543,null,17020078.210000001,null,null,null,null,null,null,null,17020078.210000001,0,20176621.210000001,0]
[2025,"Rideau St. Lawrence Distribution Inc.","General Service >= 50 kW","General Service 50 to 4,999 kW","Rideau St. Lawrence Distribution Inc._General Service 50 to 4,999 kW Service Classification",5552686,24150.23,2293200,6107,30642207.609999999,88963.27,null,null,null,null,32935407.609999999,95070.27,38488093.609999999,119220.5]
[2025,"Rideau St. Lawrence Distribution Inc.","Residential","Residential","Rideau St. Lawrence Distribution Inc._Residential Service Classification",269073,null,43421677.939999998,null,null,null,null,null,null,null,43421677.939999998,0,43690750.939999998,0]
[2025,"Rideau St. Lawrence Distribution Inc.","Sentinel Lighting Connections","Sentinel Lighting","Rideau St. Lawrence Distribution Inc._Sentinel Lighting Service Classification",0,0,86381.41,240.54,null,null,null,null,null,null,86381.41,240.54,86381.41,240.54]
[2025,"Rideau St. Lawrence Distribution Inc.","Street Lighting Connections","Street Lighting","Rideau St. Lawrence Distribution Inc._Street Lighting Service Classification",71232,160.6,81872,253.6,492090.72,1331.4,null,null,null,null,573962.72,1585,645194.72,1745.6]
[2025,"Rideau St. Lawrence Distribution Inc.","Unmetered Scattered Load Connections","Unmetered Scattered Load","Rideau St. Lawrence Distribution Inc._Unmetered Scattered Load Service Classification",51612,null,521087.71,null,null,null,null,null,null,null,521087.71,0,572699.71,0]
[2025,"Sioux Lookout Hydro Inc.","General Service < 50 kW","General Service Less Than 50 kW","Sioux Lookout Hydro Inc._General Service Less Than 50 kW Service Classification",710190.41,null,14745744.82,null,null,null,null,null,null,null,14745744.82,0,15455935.23,0]
[2025,"Sioux Lookout Hydro Inc.","General Service >= 50 kW","General Service 50 to 4,999 kW","Sioux Lookout Hydro Inc._General Service 50 to 4,999 kW Service Classification",719548.4,1812.59,1537190.46,5550.94,23168935.800000001,53440.2,null,null,null,null,24706126.260000002,58991.14,25425674.66,60803.729999999996]
[2025,"Sioux Lookout Hydro Inc.","Residential","Residential","Sioux Lookout Hydro Inc._Residential Service Classification",323677.93,null,38846105.109999999,null,null,null,null,null,null,null,38846105.109999999,0,39169783.039999999,0]
[2025,"Sioux Lookout Hydro Inc.","Street Lighting Connections","Street Lighting","Sioux Lookout Hydro Inc._Street Lighting Service Classification",null,null,9186.1299999999992,25.8,142648.62,398.28,null,null,null,null,151834.75,424.08,151834.75,424.08]
[2025,"Synergy North Corporation","General Service < 50 kW","General Service < 50 kW - Kenora","Synergy North Corporation_ Kenora_General Service < 50 kW Service Classification",4469990,null,17164608,null,null,null,null,null,null,null,17164608,0,21634598,0]
[2025,"Synergy North Corporation","General Service < 50 kW","General Service Less Than 50 kW - Thunder Bay","Synergy North Corporation_ Thunder Bay_General Service Less Than 50 kW Service Classification",17520878,null,119250461,null,null,null,null,null,null,null,119250461,0,136771339,0]
[2025,"Synergy North Corporation","General Service >= 50 kW","General Service >= 50 kW - Kenora","Synergy North Corporation_ Thunder Bay_General Service 1,000 or Greater Service Classification",12986807,31682,0,null,136607280,436797,null,null,null,null,136607280,436797,149594087,468479]
[2025,"Synergy North Corporation","General Service >= 50 kW","General Service 1,000 or Greater - Thunder Bay","Synergy North Corporation_ Thunder Bay_General Service 50 to 999 kW Service Classification",9942359.3200000003,23259,29027416,74866,194561202,481098,null,null,null,null,223588618,555964,233530977.31999999,579223]
[2025,"Synergy North Corporation","General Service >= 50 kW","General Service 50 to 999 kW - Thunder Bay","Synergy North Corporation_ Kenora_General Service >= 50 kW Service Classification",11465997.68,30784,4017556,9949,17557427,43416,null,null,null,null,21574983,53365,33040980.68,84149]
[2025,"Synergy North Corporation","Residential","Residential - Kenora","Synergy North Corporation_ Kenora_Residential Service Classification",107949,null,36654132,null,null,null,null,null,null,null,36654132,0,36762081,0]
[2025,"Synergy North Corporation","Residential","Residential - Thunder Bay","Synergy North Corporation_ Thunder Bay_Residential Service Classification",1072361,null,324826597,null,null,null,null,null,null,null,324826597,0,325898958,0]
[2025,"Synergy North Corporation","Sentinel Lighting Connections","Sentinel Lighting - Thunder Bay","Synergy North Corporation_ Thunder Bay_Sentinel Lighting Service Classification",null,null,50681,139,null,null,null,null,null,null,50681,139,50681,139]
[2025,"Synergy North Corporation","Street Lighting Connections","Street Lighting - Thunder Bay","Synergy North Corporation_ Thunder Bay_Street Lighting Service Classification",null,null,69470,194,5152069,14381,null,null,null,null,5221539,14575,5221539,14575]
[2025,"Synergy North Corporation","Street Lighting Connections","Street Lighting Connections - Kenora","Synergy North Corporation_ Kenora_Street Lighting Connections Service Classification",408417,1140,0,null,null,null,null,null,null,null,0,0,408417,1140]
[2025,"Synergy North Corporation","Unmetered Scattered Load Connections","Unmetered Scattered Load - Thunder Bay","Synergy North Corporation_ Thunder Bay_Unmetered Scattered Load Service Classification",null,null,1905997,null,null,null,null,null,null,null,1905997,0,1905997,0]
[2025,"Synergy North Corporation","Unmetered Scattered Load Connections","Unmetered Scattered Load Connections - Kenora","Synergy North Corporation_ Kenora_Unmetered Scattered Load Connections Service Classification",18286,null,147569,null,null,null,null,null,null,null,147569,0,165855,0]
[2025,"Tillsonburg Hydro Inc.","General Service < 50 kW","General Service Less Than 50 kW","Tillsonburg Hydro Inc._General Service Less Than 50 kW Service Classification",4764867,4396,18345674,7088,759484,0,null,null,null,null,19105158,7088,23870025,11484]
[2025,"Tillsonburg Hydro Inc.","General Service >= 50 kW","General Service 50 to 499 kW","Tillsonburg Hydro Inc._General Service 50 to 499 kW Service Classification",14014859,38978,6533608,18716,32765960,91889,null,null,null,null,39299568,110605,53314427,149583]
[2025,"Tillsonburg Hydro Inc.","General Service >= 50 kW","General Service 500 to 1,499 kW","Tillsonburg Hydro Inc._General Service 500 to 1,499 kW Service Classification",3434209,30482,0,null,20004077,51463,null,null,null,null,20004077,51463,23438286,81945]
[2025,"Tillsonburg Hydro Inc.","General Service >= 50 kW","General Service Equal to or Greater Than 1,500 kW","Tillsonburg Hydro Inc._General Service Equal to or Greater Than 1,500 kW Service Classification",null,null,0,null,15550262,37146,null,null,null,null,15550262,37146,15550262,37146]
[2025,"Tillsonburg Hydro Inc.","Residential","Residential","Tillsonburg Hydro Inc._Residential Service Classification",493740,null,62572010,null,163209,null,null,null,null,null,62735219,0,63228959,0]
[2025,"Tillsonburg Hydro Inc.","Sentinel Lighting Connections","Sentinel Lighting","Tillsonburg Hydro Inc._Sentinel Lighting Service Classification",null,null,24636,null,null,null,null,null,null,null,24636,0,24636,0]
[2025,"Tillsonburg Hydro Inc.","Street Lighting Connections","Street Lighting","Tillsonburg Hydro Inc._Street Lighting Service Classification",null,null,0,null,671249,1612,null,null,null,null,671249,1612,671249,1612]
[2025,"Tillsonburg Hydro Inc.","Unmetered Scattered Load Connections","Unmetered Scattered Load","Tillsonburg Hydro Inc._Unmetered Scattered Load Service Classification",9264,null,324696,null,null,null,null,null,null,null,324696,0,333960,0]
[2025,"Toronto Hydro-Electric System Limited","General Service < 50 kW","General Service Less Than 50 kW","Toronto Hydro-Electric System Limited_General Service Less Than 50 kW Service Classification",272602756.01999998,null,2035130647.9100001,0,21377575.829999998,0,0,0,null,null,2056508223.74,0,2329110979.7600002,0]
[2025,"Toronto Hydro-Electric System Limited","General Service >= 50 kW","General Service 1,000 to 4,999 kW","Toronto Hydro-Electric System Limited_General Service 1,000 to 4,999 kW Service Classification",361351943.38,759428.07,143903999.31,287312.78000000003,3781461283.9400001,8372699.4199999999,0,0,null,null,3925365283.25,8660012.1999999993,4286717226.6300001,9419440.2699999996]
[2025,"Toronto Hydro-Electric System Limited","General Service >= 50 kW","General Service 50 to 999 kW","Toronto Hydro-Electric System Limited_General Service 50 to 999 kW Service Classification",984445674.69000006,2737249.91,3039168658.1300001,7160464.5099999998,5681403681.3500004,14597586.220000001,48996951.649999999,98146.09,null,null,8769569291.1299992,21856196.82,9754014965.8199997,24593446.73]
[2025,"Toronto Hydro-Electric System Limited","Large User","Large Use","Toronto Hydro-Electric System Limited_Large Use Service Classification",277596532.30000001,543860.96,0,0,1631670755.6600001,3644263.61,233921038.31,451495.91,null,null,1865591793.97,4095759.52,2143188326.27,4639620.4800000004]
[2025,"Toronto Hydro-Electric System Limited","Residential","Residential","Toronto Hydro-Electric System Limited_Residential Service Classification",37969802.100000001,null,4848992984.1700001,0,18630.73,0,0,0,null,null,4849011614.8999996,0,4886981417,0]
[2025,"Toronto Hydro-Electric System Limited","Residential","Residential - Competitive Sector Multi-Unit","Toronto Hydro-Electric System Limited_ Competitive Sector Multi-Unit_Residential Service Classification",146336.54999999999,null,328587134.97000003,0,0,0,0,0,null,null,328587134.97000003,0,328733471.52000004,0]
[2025,"Toronto Hydro-Electric System Limited","Street Lighting Connections","Street Lighting","Toronto Hydro-Electric System Limited_Street Lighting Service Classification",null,null,0,0,114759446.08,330988,0,0,null,null,114759446.08,330988,114759446.08,330988]
[2025,"Toronto Hydro-Electric System Limited","Unmetered Scattered Load Connections","Unmetered Scattered Load","Toronto Hydro-Electric System Limited_Unmetered Scattered Load Service Classification",49232.77,null,41541158.420000002,0,0,0,0,0,null,null,41541158.420000002,0,41590391.190000005,0]
[2025,"Wasaga Distribution Inc.","General Service < 50 kW","General Service Less Than 50 kW","Wasaga Distribution Inc._General Service Less Than 50 kW Service Classification",1238579,null,17960575,null,null,null,null,null,null,null,17960575,0,19199154,0]
[2025,"Wasaga Distribution Inc.","General Service >= 50 kW","General Service 50 to 4,999 kW","Wasaga Distribution Inc._General Service 50 to 4,999 kW Service Classification",1564770,null,967561,2034.7,18544707,49715.6,2651755,5253.5,null,null,22164023,57003.8,23728793,57003.8]
[2025,"Wasaga Distribution Inc.","Residential","Residential","Wasaga Distribution Inc._Residential Service Classification",446601,null,107315796,null,null,null,null,null,null,null,107315796,0,107762397,0]
[2025,"Wasaga Distribution Inc.","Street Lighting Connections","Street Lighting","Wasaga Distribution Inc._Street Lighting Service Classification",null,null,0,null,833939,2504.5,null,null,null,null,833939,2504.5,833939,2504.5]
[2025,"Wasaga Distribution Inc.","Unmetered Scattered Load Connections","Unmetered Scattered Load","Wasaga Distribution Inc._Unmetered Scattered Load Service Classification",null,null,200057,null,null,null,null,null,null,null,200057,0,200057,0]
[2025,"Welland Hydro-Electric System Corp.","General Service < 50 kW","General Service Less Than 50 kW","Welland Hydro-Electric System Corp._General Service Less Than 50 kW Service Classification",9246936,null,46897419,null,null,null,null,null,null,null,46897419,0,56144355,0]
[2025,"Welland Hydro-Electric System Corp.","General Service >= 50 kW","General Service 50 to 4,999 kW","Welland Hydro-Electric System Corp._General Service 50 to 4,999 kW Service Classification",21153372,51165,1568078,3369,115125904,307892,2621407,4665,null,null,119315389,315926,140468761,367091]
[2025,"Welland Hydro-Electric System Corp.","Residential","Residential","Welland Hydro-Electric System Corp._Residential Service Classification",1761880,null,186561749,null,null,null,null,null,null,null,186561749,0,188323629,0]
[2025,"Welland Hydro-Electric System Corp.","Sentinel Lighting Connections","Sentinel Lighting","Welland Hydro-Electric System Corp._Sentinel Lighting Service Classification",55600,151,351933,966,null,null,null,null,null,null,351933,966,407533,1117]
[2025,"Welland Hydro-Electric System Corp.","Street Lighting Connections","Street Lighting","Welland Hydro-Electric System Corp._Street Lighting Service Classification",null,null,0,null,1442356,4009,null,null,null,null,1442356,4009,1442356,4009]
[2025,"Welland Hydro-Electric System Corp.","Unmetered Scattered Load Connections","Unmetered Scattered Load","Welland Hydro-Electric System Corp._Unmetered Scattered Load Service Classification",5537,null,767860,null,76415,null,null,null,null,null,844275,0,849812,0]
[2025,"Wellington North Power Inc.","General Service < 50 kW","General Service Less Than 50 kW","Wellington North Power Inc._General Service Less Than 50 kW Service Classification",1609966.94,null,9218860.0999999996,null,null,null,null,null,null,null,9218860.0999999996,0,10828827.039999999,0]
[2025,"Wellington North Power Inc.","General Service >= 50 kW","General Service 1,000 to 4,999 kW","Wellington North Power Inc._General Service 1,000 to 4,999 kW Service Classification",28708834.800000001,57777.42,0,null,21249074.41,54594.98,null,null,null,null,21249074.41,54594.98,49957909.210000001,112372.4]
[2025,"Wellington North Power Inc.","General Service >= 50 kW","General Service 50 to 999 kW","Wellington North Power Inc._General Service 50 to 999 kW Service Classification",3003980.07,9522.39,0,null,19494749.68,64018.91,null,null,null,null,19494749.68,64018.91,22498729.75,73541.3]
[2025,"Wellington North Power Inc.","Residential","Residential","Wellington North Power Inc._Residential Service Classification",402238.62,null,28344355.84,null,null,null,null,null,null,null,28344355.84,0,28746594.460000001,0]
[2025,"Wellington North Power Inc.","Sentinel Lighting Connections","Sentinel Lighting","Wellington North Power Inc._Sentinel Lighting Service Classification",0,0,12902.97,35.840000000000003,null,null,null,null,null,null,12902.97,35.840000000000003,12902.97,35.840000000000003]
[2025,"Wellington North Power Inc.","Street Lighting Connections","Street Lighting","Wellington North Power Inc._Street Lighting Service Classification",11630.04,31.92,0,null,214670.65,589.48,null,null,null,null,214670.65,589.48,226300.69,621.4]
[2025,"Wellington North Power Inc.","Unmetered Scattered Load Connections","Unmetered Scattered Load","Wellington North Power Inc._Unmetered Scattered Load Service Classification",1067.99,null,6501.01,null,null,null,null,null,null,null,6501.01,0,7569,0]
[2025,"Westario Power Inc.","General Service < 50 kW","General Service Less Than 50 kW","Westario Power Inc._General Service Less Than 50 kW Service Classification",20491232.350000001,0,53981603.850000001,0,0,0,null,null,null,null,53981603.850000001,0,74472836.200000003,0]
[2025,"Westario Power Inc.","General Service >= 50 kW","General Service 50 to 4,999 kW","Westario Power Inc._General Service 50 to 4,999 kW Service Classification",48350905.100000001,114442.8,5348962.3,14740.66,113179529.91,298297,4328.8999999999996,30.72,null,null,118532821.11,313068.38,166883726.21000001,427511.18]
[2025,"Westario Power Inc.","Residential","Residential","Westario Power Inc._Residential Service Classification",2334786.27,0,191612402.47,0,0,0,null,null,null,null,191612402.47,0,193947188.74000001,0]
[2025,"Westario Power Inc.","Sentinel Lighting Connections","Sentinel Lighting","Westario Power Inc._Sentinel Lighting Service Classification",0,0,19037.66,49.75,0,0,null,null,null,null,19037.66,49.75,19037.66,49.75]
[2025,"Westario Power Inc.","Street Lighting Connections","Street Lighting","Westario Power Inc._Street Lighting Service Classification",1732021.3,4648.32,0,0,591710.28,1593.38,null,null,null,null,591710.28,1593.38,2323731.58,6241.7]
[2025,"Westario Power Inc.","Unmetered Scattered Load Connections","Unmetered Scattered Load","Westario Power Inc._Unmetered Scattered Load Service Classification",34221.269999999997,0,185884.13,0,0,0,null,null,null,null,185884.13,0,220105.4,0]

{"sheet":"hidden1","index":26,"n_rows":22,"n_cols":2,"rows_kept":22,"cut":false,"hidden":true,"merged":[]}
[{"$f":"IF('DELETE 3. Rate Classes'!L17=1, 'DELETE 3. Rate Classes'!#REF!, \"\")","v":""},1]
[{"$f":"IF('DELETE 3. Rate Classes'!L18=1, 'DELETE 3. Rate Classes'!#REF!, \"\")","v":""},2]
[{"$f":"IF('DELETE 3. Rate Classes'!L19=1, 'DELETE 3. Rate Classes'!#REF!, \"\")","v":""},3]
[{"$f":"IF('DELETE 3. Rate Classes'!L20=1, 'DELETE 3. Rate Classes'!#REF!, \"\")","v":""},4]
[{"$f":"IF('DELETE 3. Rate Classes'!L21=1, 'DELETE 3. Rate Classes'!#REF!, \"\")","v":""},5]
[{"$f":"IF('DELETE 3. Rate Classes'!L22=1, 'DELETE 3. Rate Classes'!#REF!, \"\")","v":""},6]
[{"$f":"IF('DELETE 3. Rate Classes'!L23=1, 'DELETE 3. Rate Classes'!#REF!, \"\")","v":""},7]
[{"$f":"IF('DELETE 3. Rate Classes'!L24=1, 'DELETE 3. Rate Classes'!#REF!, \"\")","v":""},8]
[{"$f":"IF('DELETE 3. Rate Classes'!L25=1, 'DELETE 3. Rate Classes'!#REF!, \"\")","v":""},9]
[{"$f":"IF('DELETE 3. Rate Classes'!L26=1, 'DELETE 3. Rate Classes'!#REF!, \"\")","v":""},10]
[{"$f":"IF('DELETE 3. Rate Classes'!L27=1, 'DELETE 3. Rate Classes'!#REF!, \"\")","v":""},11]
[{"$f":"IF('DELETE 3. Rate Classes'!L28=1, 'DELETE 3. Rate Classes'!#REF!, \"\")","v":""},12]
[{"$f":"IF('DELETE 3. Rate Classes'!L29=1, 'DELETE 3. Rate Classes'!#REF!, \"\")","v":""},13]
[{"$f":"IF('DELETE 3. Rate Classes'!L30=1, 'DELETE 3. Rate Classes'!#REF!, \"\")","v":""},14]
[{"$f":"IF('DELETE 3. Rate Classes'!L31=1, 'DELETE 3. Rate Classes'!#REF!, \"\")","v":""},15]
[{"$f":"IF('DELETE 3. Rate Classes'!L32=1, 'DELETE 3. Rate Classes'!#REF!, \"\")","v":""},16]
[{"$f":"IF('DELETE 3. Rate Classes'!L33=1, 'DELETE 3. Rate Classes'!#REF!, \"\")","v":""},17]
[{"$f":"IF('DELETE 3. Rate Classes'!L34=1, 'DELETE 3. Rate Classes'!#REF!, \"\")","v":""},18]
[{"$f":"IF('DELETE 3. Rate Classes'!L35=1, 'DELETE 3. Rate Classes'!#REF!, \"\")","v":""},19]
[{"$f":"IF('DELETE 3. Rate Classes'!L36=1, 'DELETE 3. Rate Classes'!#REF!, \"\")","v":""},20]
[{"$f":"IF('DELETE 3. Rate Classes'!L37=1, 'DELETE 3. Rate Classes'!#REF!, \"\")","v":""},21]
[{"$f":"IF('DELETE 3. Rate Classes'!L38=1, 'DELETE 3. Rate Classes'!#REF!, \"\")","v":""},22]